20240403@074606.2912 5k36suctal7nfql63v460n6lg7 INICIO DE FICHEIRO DE LOG :: /var/www/webservices/logs/website.sql.log
20240403@074606.2912 5k36suctal7nfql63v460n6lg7 Query : select 1 valor from information_schema.tables where table_type='base table' and table_name='wsfi2039fields'
20240403@074606.2930 5k36suctal7nfql63v460n6lg7 Query : select fieldkey,fieldname,fieldtype,calcformula from wsfi2039fields
20240403@074606.2935 5k36suctal7nfql63v460n6lg7 Query : insert into wsfi2039data (fi2stamp,ftstamp ,ousrdata, ousrhora, usrdata,usrhora,ousrinis,usrinis) values ('aut660cf15043660cfb2e3e','aut660cf94539660cfb2dc7' ,getdate(),convert(char(8),convert (time,getdate())),getdate(),convert(char(8),convert (time,getdate())),'wsv','wsv')
20240403@074606.2940 5k36suctal7nfql63v460n6lg7 Query : use flama_phc
20240403@074606.2944 5k36suctal7nfql63v460n6lg7 Query : select st.usalote valor from st where st.ref = '324.988.00.01'
20240403@074606.2956 5k36suctal7nfql63v460n6lg7 Query : select top 1 st.tabiva ,st.ivaincl ,st.stns ,st.uni2 ,st.familia ,isnull(tx.taxa, 0) txiva ,unidade ,usalote ,epcpond ,noserie from st left join taxasiva tx on st.tabiva = tx.codigo where st.ref = '324.988.00.01'
20240403@074606.2968 5k36suctal7nfql63v460n6lg7 Query : select 1 valor from information_schema.tables where table_type='base table' and table_name='wsfi039fields'
20240403@074606.2983 5k36suctal7nfql63v460n6lg7 Query : select fieldkey,fieldname,fieldtype,mandatory from wsfi039fields
20240403@074606.3009 5k36suctal7nfql63v460n6lg7 Query : select 1 valor from information_schema.tables where table_type='base table' and table_name='wsfi2039fields'
20240403@074606.3024 5k36suctal7nfql63v460n6lg7 Query : select fieldkey,fieldname,fieldtype,mandatory from wsfi2039fields
20240403@074606.3028 5k36suctal7nfql63v460n6lg7 Query : select sestamp valor from se where ref ='324.988.00.01' and lote = 'r2301090200a'
20240403@074606.3038 5k36suctal7nfql63v460n6lg7 Query : select top 1 convert(numeric(6,2),t.taxa) valor from taxasiva t where t.codigo='2'
20240403@074606.3048 5k36suctal7nfql63v460n6lg7 Query : select 1 valor from information_schema.tables where table_type='base table' and table_name='wsfi039fields'
20240403@074606.3062 5k36suctal7nfql63v460n6lg7 Query : select fieldkey,fieldname,fieldtype,calcformula from wsfi039fields
20240403@074606.3362 5k36suctal7nfql63v460n6lg7 Query : insert into wsfi039data (fistamp,ousrdata, ousrhora, usrdata,usrhora,ousrinis,usrinis ,qtt ,ftstamp ,epv,pvmoeda ,tabiva,iva,lordem ,ref, design ,lote,armazem,bistamp ) values ('aut660cf83132660cfb2e4a',getdate(),convert(char(8),convert (time,getdate())),getdate(),convert(char(8),convert (time,getdate())),'wsv','wsv',42.000 ,'aut660cf94539660cfb2dc7' ,0,0 ,2,23.00,60000,?,?,?,?,?)
20240403@074606.3661 5k36suctal7nfql63v460n6lg7 Query : select 1 valor from information_schema.tables where table_type='base table' and table_name='wsfi2039fields'
20240403@074606.3676 5k36suctal7nfql63v460n6lg7 Query : select fieldkey,fieldname,fieldtype,calcformula from wsfi2039fields
20240403@074606.3681 5k36suctal7nfql63v460n6lg7 Query : insert into wsfi2039data (fi2stamp,ftstamp ,ousrdata, ousrhora, usrdata,usrhora,ousrinis,usrinis) values ('aut660cf83132660cfb2e4a','aut660cf94539660cfb2dc7' ,getdate(),convert(char(8),convert (time,getdate())),getdate(),convert(char(8),convert (time,getdate())),'wsv','wsv')
20240403@074606.3685 5k36suctal7nfql63v460n6lg7 Query : use flama_phc
20240403@074606.3688 5k36suctal7nfql63v460n6lg7 Query : select st.usalote valor from st where st.ref = '324.988.00.01'
20240403@074606.3699 5k36suctal7nfql63v460n6lg7 Query : select top 1 st.tabiva ,st.ivaincl ,st.stns ,st.uni2 ,st.familia ,isnull(tx.taxa, 0) txiva ,unidade ,usalote ,epcpond ,noserie from st left join taxasiva tx on st.tabiva = tx.codigo where st.ref = '324.988.00.01'
20240403@074606.3710 5k36suctal7nfql63v460n6lg7 Query : select 1 valor from information_schema.tables where table_type='base table' and table_name='wsfi039fields'
20240403@074606.3724 5k36suctal7nfql63v460n6lg7 Query : select fieldkey,fieldname,fieldtype,mandatory from wsfi039fields
20240403@074606.3748 5k36suctal7nfql63v460n6lg7 Query : select 1 valor from information_schema.tables where table_type='base table' and table_name='wsfi2039fields'
20240403@074606.3760 5k36suctal7nfql63v460n6lg7 Query : select fieldkey,fieldname,fieldtype,mandatory from wsfi2039fields
20240403@074606.3764 5k36suctal7nfql63v460n6lg7 Query : select sestamp valor from se where ref ='324.988.00.01' and lote = 'r2301090200a'
20240403@074606.3774 5k36suctal7nfql63v460n6lg7 Query : select top 1 convert(numeric(6,2),t.taxa) valor from taxasiva t where t.codigo='2'
20240403@074606.3784 5k36suctal7nfql63v460n6lg7 Query : select 1 valor from information_schema.tables where table_type='base table' and table_name='wsfi039fields'
20240403@074606.3797 5k36suctal7nfql63v460n6lg7 Query : select fieldkey,fieldname,fieldtype,calcformula from wsfi039fields
20240403@074606.3822 5k36suctal7nfql63v460n6lg7 Query : insert into wsfi039data (fistamp,ousrdata, ousrhora, usrdata,usrhora,ousrinis,usrinis ,qtt ,ftstamp ,epv,pvmoeda ,tabiva,iva,lordem ,ref, design ,lote,armazem,bistamp ) values ('aut660cf14995660cfb2e5c',getdate(),convert(char(8),convert (time,getdate())),getdate(),convert(char(8),convert (time,getdate())),'wsv','wsv',42.000 ,'aut660cf94539660cfb2dc7' ,0,0 ,2,23.00,70000,?,?,?,?,?)
20240403@074606.4074 5k36suctal7nfql63v460n6lg7 Query : select 1 valor from information_schema.tables where table_type='base table' and table_name='wsfi2039fields'
20240403@074606.4089 5k36suctal7nfql63v460n6lg7 Query : select fieldkey,fieldname,fieldtype,calcformula from wsfi2039fields
20240403@074606.4093 5k36suctal7nfql63v460n6lg7 Query : insert into wsfi2039data (fi2stamp,ftstamp ,ousrdata, ousrhora, usrdata,usrhora,ousrinis,usrinis) values ('aut660cf14995660cfb2e5c','aut660cf94539660cfb2dc7' ,getdate(),convert(char(8),convert (time,getdate())),getdate(),convert(char(8),convert (time,getdate())),'wsv','wsv')
20240403@074606.4098 5k36suctal7nfql63v460n6lg7 Query : use flama_phc
20240403@074606.4101 5k36suctal7nfql63v460n6lg7 Query : select st.usalote valor from st where st.ref = '324.988.00.01'
20240403@074606.4111 5k36suctal7nfql63v460n6lg7 Query : select top 1 st.tabiva ,st.ivaincl ,st.stns ,st.uni2 ,st.familia ,isnull(tx.taxa, 0) txiva ,unidade ,usalote ,epcpond ,noserie from st left join taxasiva tx on st.tabiva = tx.codigo where st.ref = '324.988.00.01'
20240403@074606.4124 5k36suctal7nfql63v460n6lg7 Query : select 1 valor from information_schema.tables where table_type='base table' and table_name='wsfi039fields'
20240403@074606.4138 5k36suctal7nfql63v460n6lg7 Query : select fieldkey,fieldname,fieldtype,mandatory from wsfi039fields
20240403@074606.4160 5k36suctal7nfql63v460n6lg7 Query : select 1 valor from information_schema.tables where table_type='base table' and table_name='wsfi2039fields'
20240403@074606.4173 5k36suctal7nfql63v460n6lg7 Query : select fieldkey,fieldname,fieldtype,mandatory from wsfi2039fields
20240403@074606.4177 5k36suctal7nfql63v460n6lg7 Query : select sestamp valor from se where ref ='324.988.00.01' and lote = 'r2301090200a'
20240403@074606.4187 5k36suctal7nfql63v460n6lg7 Query : select top 1 convert(numeric(6,2),t.taxa) valor from taxasiva t where t.codigo='2'
20240403@074606.4196 5k36suctal7nfql63v460n6lg7 Query : select 1 valor from information_schema.tables where table_type='base table' and table_name='wsfi039fields'
20240403@074606.4209 5k36suctal7nfql63v460n6lg7 Query : select fieldkey,fieldname,fieldtype,calcformula from wsfi039fields
20240403@074606.4233 5k36suctal7nfql63v460n6lg7 Query : insert into wsfi039data (fistamp,ousrdata, ousrhora, usrdata,usrhora,ousrinis,usrinis ,qtt ,ftstamp ,epv,pvmoeda ,tabiva,iva,lordem ,ref, design ,lote,armazem,bistamp ) values ('aut660cf33482660cfb2e66',getdate(),convert(char(8),convert (time,getdate())),getdate(),convert(char(8),convert (time,getdate())),'wsv','wsv',42.000 ,'aut660cf94539660cfb2dc7' ,0,0 ,2,23.00,80000,?,?,?,?,?)
20240403@074606.4490 5k36suctal7nfql63v460n6lg7 Query : select 1 valor from information_schema.tables where table_type='base table' and table_name='wsfi2039fields'
20240403@074606.4505 5k36suctal7nfql63v460n6lg7 Query : select fieldkey,fieldname,fieldtype,calcformula from wsfi2039fields
20240403@074606.4509 5k36suctal7nfql63v460n6lg7 Query : insert into wsfi2039data (fi2stamp,ftstamp ,ousrdata, ousrhora, usrdata,usrhora,ousrinis,usrinis) values ('aut660cf33482660cfb2e66','aut660cf94539660cfb2dc7' ,getdate(),convert(char(8),convert (time,getdate())),getdate(),convert(char(8),convert (time,getdate())),'wsv','wsv')
20240403@074606.4514 5k36suctal7nfql63v460n6lg7 Query : use flama_phc
20240403@074606.4517 5k36suctal7nfql63v460n6lg7 Query : select st.usalote valor from st where st.ref = '324.988.00.01'
20240403@074606.4527 5k36suctal7nfql63v460n6lg7 Query : select top 1 st.tabiva ,st.ivaincl ,st.stns ,st.uni2 ,st.familia ,isnull(tx.taxa, 0) txiva ,unidade ,usalote ,epcpond ,noserie from st left join taxasiva tx on st.tabiva = tx.codigo where st.ref = '324.988.00.01'
20240403@074606.4538 5k36suctal7nfql63v460n6lg7 Query : select 1 valor from information_schema.tables where table_type='base table' and table_name='wsfi039fields'
20240403@074606.4550 5k36suctal7nfql63v460n6lg7 Query : select fieldkey,fieldname,fieldtype,mandatory from wsfi039fields
20240403@074606.4573 5k36suctal7nfql63v460n6lg7 Query : select 1 valor from information_schema.tables where table_type='base table' and table_name='wsfi2039fields'
20240403@074606.4587 5k36suctal7nfql63v460n6lg7 Query : select fieldkey,fieldname,fieldtype,mandatory from wsfi2039fields
20240403@074606.4591 5k36suctal7nfql63v460n6lg7 Query : select sestamp valor from se where ref ='324.988.00.01' and lote = 'r2301090200a'
20240403@074606.4600 5k36suctal7nfql63v460n6lg7 Query : select top 1 convert(numeric(6,2),t.taxa) valor from taxasiva t where t.codigo='2'
20240403@074606.4609 5k36suctal7nfql63v460n6lg7 Query : select 1 valor from information_schema.tables where table_type='base table' and table_name='wsfi039fields'
20240403@074606.4624 5k36suctal7nfql63v460n6lg7 Query : select fieldkey,fieldname,fieldtype,calcformula from wsfi039fields
20240403@074606.4647 5k36suctal7nfql63v460n6lg7 Query : insert into wsfi039data (fistamp,ousrdata, ousrhora, usrdata,usrhora,ousrinis,usrinis ,qtt ,ftstamp ,epv,pvmoeda ,tabiva,iva,lordem ,ref, design ,lote,armazem,bistamp ) values ('aut660cf32053660cfb2e70',getdate(),convert(char(8),convert (time,getdate())),getdate(),convert(char(8),convert (time,getdate())),'wsv','wsv',42.000 ,'aut660cf94539660cfb2dc7' ,0,0 ,2,23.00,90000,?,?,?,?,?)
20240403@074606.4921 5k36suctal7nfql63v460n6lg7 Query : select 1 valor from information_schema.tables where table_type='base table' and table_name='wsfi2039fields'
20240403@074606.4938 5k36suctal7nfql63v460n6lg7 Query : select fieldkey,fieldname,fieldtype,calcformula from wsfi2039fields
20240403@074606.4942 5k36suctal7nfql63v460n6lg7 Query : insert into wsfi2039data (fi2stamp,ftstamp ,ousrdata, ousrhora, usrdata,usrhora,ousrinis,usrinis) values ('aut660cf32053660cfb2e70','aut660cf94539660cfb2dc7' ,getdate(),convert(char(8),convert (time,getdate())),getdate(),convert(char(8),convert (time,getdate())),'wsv','wsv')
20240403@074606.4946 5k36suctal7nfql63v460n6lg7 Query : insert into wsftcreationlog (initialftstamp,externalid,creationstatus,documenttypeid,idustamp) values ('aut660cf94539660cfb2dc7','2402468','wait',39,'ari17112337378,753000005')
20240403@074606.4961 5k36suctal7nfql63v460n6lg7 Query : use flama_phc
20240403@074606.4964 5k36suctal7nfql63v460n6lg7 Query : update u_wsusers set rqsttoken =? where userid ='userls001'
20240403@074606.4975 5k36suctal7nfql63v460n6lg7 Query : select concat(rtrim(relative_path),ltrim(name_new)) as valor from uploadfiles where uploadfile_id='915';
20240403@074606.5000 5k36suctal7nfql63v460n6lg7 Query : update uploadfiles set whenupdated=current_timestamp where uploadfile_id='915';
20240403@074606.5014 5k36suctal7nfql63v460n6lg7 Query : select concat(rtrim(relative_path),ltrim(name_new)) as valor from uploadfiles where uploadfile_id='915';
20240403@074606.5027 5k36suctal7nfql63v460n6lg7 Query : update uploadfiles set whenupdated=current_timestamp where uploadfile_id='915';
20240403@074606.5394 upvlre2l6gs1i2msqr9jet0g8t Query : insert into uploadfiles ( name_original, name_new, option_type, relative_path, whencreated ) values ( ?, ?, ?, ?, getdate() )
20240403@074606.5412 upvlre2l6gs1i2msqr9jet0g8t Query : select uploadfile_id valor from uploadfiles where name_new = ? and option_type = ? 
20240403@074606.5431 upvlre2l6gs1i2msqr9jet0g8t Query : select concat(rtrim(relative_path),ltrim(name_new)) as valor from uploadfiles where uploadfile_id='916';
20240403@074606.5470 upvlre2l6gs1i2msqr9jet0g8t Query : update uploadfiles set whenupdated=current_timestamp where uploadfile_id='916';
20240403@074606.5486 upvlre2l6gs1i2msqr9jet0g8t Query : select concat(rtrim(relative_path),ltrim(name_new)) as valor from uploadfiles where uploadfile_id='916';
20240403@074606.5498 upvlre2l6gs1i2msqr9jet0g8t Query : update uploadfiles set whenupdated=current_timestamp where uploadfile_id='916';
20240403@074606.5511 upvlre2l6gs1i2msqr9jet0g8t Query : use flama_phc
20240403@074606.5515 upvlre2l6gs1i2msqr9jet0g8t Query : select top 1 secretkey valor from u_wsusers u where u.userid = ? and u.inactivo=0
20240403@074606.5527 upvlre2l6gs1i2msqr9jet0g8t Query : use flama_phc
20240403@074606.5530 upvlre2l6gs1i2msqr9jet0g8t Query : select no, estab,szadrsdesc from szadrs where u_coddest=4785
20240403@074606.5567 upvlre2l6gs1i2msqr9jet0g8t Query : select top 1 isnull(design,'') valor from st (nolock) left join stobs (nolock) on st.ref = stobs.ref where st.ref = '304.4320.00.1'
20240403@074606.5576 upvlre2l6gs1i2msqr9jet0g8t Query : select top 1 bistamp valor from bi inner join bo on bo.bostamp=bi.bostamp where bo.ndos =240 and bo.boano =2024 and bo.obrano = 2402469 and bi.ref ='304.4320.00.1' and bi.lordem =1
20240403@074606.5991 upvlre2l6gs1i2msqr9jet0g8t Query : select top 1 isnull(design,'') valor from st (nolock) left join stobs (nolock) on st.ref = stobs.ref where st.ref = '324.4970.00.1'
20240403@074606.6019 upvlre2l6gs1i2msqr9jet0g8t Query : select top 1 bistamp valor from bi inner join bo on bo.bostamp=bi.bostamp where bo.ndos =240 and bo.boano =2024 and bo.obrano = 2402469 and bi.ref ='324.4970.00.1' and bi.lordem =2
20240403@074606.6361 upvlre2l6gs1i2msqr9jet0g8t Query : use flama_phc
20240403@074606.6365 upvlre2l6gs1i2msqr9jet0g8t Query : select top 1 convert(date,fdata) valor from ft where ndoc = 39 and anulado= 0 and fno>0 order by fdata desc
20240403@074606.6377 upvlre2l6gs1i2msqr9jet0g8t Query : use flama_phc
20240403@074606.6380 upvlre2l6gs1i2msqr9jet0g8t Query : select top 1 1 valor from td where td.ndoc = 39
20240403@074606.6392 upvlre2l6gs1i2msqr9jet0g8t Query : use flama_phc
20240403@074606.6395 upvlre2l6gs1i2msqr9jet0g8t Query : select descricao ,case when valor='s' then 1 else 0 end usalotes from para1 where descricao in ('st_lote')
20240403@074606.6421 upvlre2l6gs1i2msqr9jet0g8t Query : select top 1 assinadoc issigned ,td.lancasl stocks ,'cl' origin ,case when (cmsl between 1 and 50 ) then 1 else 0 end entrada ,case when (cmsl>50 ) then 1 else 0 end saida ,~lotestock validatestock ,tiposaft from td inner join td2 on td.tdstamp=td2.td2stamp where td.ndoc =39
20240403@074606.6434 upvlre2l6gs1i2msqr9jet0g8t Query : use flama_phc
20240403@074606.6437 upvlre2l6gs1i2msqr9jet0g8t Query : select top 1 ~inactivo valor from cl where no = '102199' and estab = 0 order by inactivo desc
20240403@074606.6446 upvlre2l6gs1i2msqr9jet0g8t Query : use flama_phc
20240403@074606.6449 upvlre2l6gs1i2msqr9jet0g8t Query : select top 1 tipodoc,regrd from td where ndoc = 39
20240403@074606.6476 upvlre2l6gs1i2msqr9jet0g8t Query : use flama_phc
20240403@074606.6480 upvlre2l6gs1i2msqr9jet0g8t Query : select szadrsstamp valor from szadrs where szadrsdesc='espaÇotrans,lda'
20240403@074606.6490 upvlre2l6gs1i2msqr9jet0g8t Query : use flama_phc
20240403@074606.6493 upvlre2l6gs1i2msqr9jet0g8t Query : select szadrsstamp valor from szadrs where szadrsdesc='102199 - media markt setÚbal, lda.'
20240403@074606.6503 upvlre2l6gs1i2msqr9jet0g8t Query : use flama_phc
20240403@074606.6506 upvlre2l6gs1i2msqr9jet0g8t Query : select 1 valor from td where ndoc = 39
20240403@074606.6523 upvlre2l6gs1i2msqr9jet0g8t Query : select top 1 manternumero, tiposaft, nmdos,td.assinadoc from td where td.ndoc = 39
20240403@074606.6534 upvlre2l6gs1i2msqr9jet0g8t Query : select 1 valor from information_schema.tables where table_type='base table' and table_name='wsft039fields'
20240403@074606.6546 upvlre2l6gs1i2msqr9jet0g8t Query : select fieldkey,fieldname,fieldtype,mandatory from wsft039fields
20240403@074606.6561 upvlre2l6gs1i2msqr9jet0g8t Query : select 1 valor from information_schema.tables where table_type='base table' and table_name='wsft2039fields'
20240403@074606.6574 upvlre2l6gs1i2msqr9jet0g8t Query : select fieldkey,fieldname,fieldtype,mandatory from wsft2039fields
20240403@074606.6788 upvlre2l6gs1i2msqr9jet0g8t Query : select 1 valor from information_schema.tables where table_type='base table' and table_name='wsft3039fields'
20240403@074606.6803 upvlre2l6gs1i2msqr9jet0g8t Query : select fieldkey,fieldname,fieldtype,mandatory from wsft3039fields
20240403@074606.6815 upvlre2l6gs1i2msqr9jet0g8t Query : select top 1 ft.fno valor from ft ft where ft.ndoc = 39 and ftano=2024 order by fno desc
20240403@074606.6912 upvlre2l6gs1i2msqr9jet0g8t Query : select top 1 ft.fno valor from wsft039data ft where ft.ndoc = 39 and ftano=2024 order by fno desc
20240403@074606.6924 upvlre2l6gs1i2msqr9jet0g8t Query : select 1 valor from information_schema.tables where table_type='base table' and table_name='wsft3039fields'
20240403@074606.6938 upvlre2l6gs1i2msqr9jet0g8t Query : select fieldkey,fieldname,fieldtype,calcformula from wsft3039fields
20240403@074606.6949 upvlre2l6gs1i2msqr9jet0g8t Query : insert into wsft3039data (ft3stamp, ousrdata, ousrhora, usrdata,usrhora,ousrinis,usrinis,taxpointdt ) values ('aut660cf28190660cfb2ea6' ,getdate(),convert(char(8),convert (time,getdate())),getdate(),convert(char(8),convert (time,getdate())),'wsv','wsv',?)
20240403@074606.7117 upvlre2l6gs1i2msqr9jet0g8t Query : select 1 valor from information_schema.tables where table_type='base table' and table_name='wsft2039fields'
20240403@074606.7132 upvlre2l6gs1i2msqr9jet0g8t Query : select fieldkey,fieldname,fieldtype,calcformula from wsft2039fields
20240403@074606.7162 upvlre2l6gs1i2msqr9jet0g8t Query : select top 1 bo.u_nomeenv valor from bo where bo.bostamp=''
20240403@074606.7167 upvlre2l6gs1i2msqr9jet0g8t Query : select top 1 bo.u_moradaen valor from bo where bo.bostamp=''
20240403@074606.7172 upvlre2l6gs1i2msqr9jet0g8t Query : select top 1 bo.u_codposen valor from bo where bo.bostamp=''
20240403@074606.7178 upvlre2l6gs1i2msqr9jet0g8t Query : select top 1 bo.u_localenv valor from bo where bo.bostamp=''
20240403@074606.7183 upvlre2l6gs1i2msqr9jet0g8t Query : select top 1 bo.trab5 valor from bo where bo.bostamp=''
20240403@074606.7188 upvlre2l6gs1i2msqr9jet0g8t Query : select top 1 bo.serie valor from bo where bo.bostamp=''
20240403@074606.7311 upvlre2l6gs1i2msqr9jet0g8t Query : insert into wsft2039data (ft2stamp, ousrdata,ousrhora, usrdata,usrhora,ousrinis,usrinis,u_nomeenv ,u_moradaen ,u_codposen ,u_localenv ,u_coddest ,u_codby ) values ('aut660cf28190660cfb2ea6',getdate(),convert(char(8),convert (time,getdate())),getdate(),convert(char(8),convert (time,getdate())),'wsv','wsv',?,?,?,?,?,?)
20240403@074606.7598 upvlre2l6gs1i2msqr9jet0g8t Query : select top 1 fno valor from wsft039data order by fno desc
20240403@074606.7616 upvlre2l6gs1i2msqr9jet0g8t Query : select 1 valor from information_schema.tables where table_type='base table' and table_name='wsft039fields'
20240403@074606.7662 upvlre2l6gs1i2msqr9jet0g8t Query : select fieldkey,fieldname,fieldtype,calcformula from wsft039fields
20240403@074606.7680 upvlre2l6gs1i2msqr9jet0g8t Query : insert into wsft039data (ftstamp, ousrdata,ousrhora, usrdata,usrhora,ousrinis,usrinis,fno,no,estab,fdata,ndoc,moeda,cambio,cambiofixo,ftano,cdata,chora,carga,descar,site ,classe ) values ('aut660cf28190660cfb2ea6',getdate(),convert(char(8),convert (time,getdate())),getdate(),convert(char(8),convert (time,getdate())),'wsv','wsv',699,102199,0,'2024-04-03',39,'euro',0,0,2024 ,'20240403','0816',?,?,?,?)
20240403@074606.8095 upvlre2l6gs1i2msqr9jet0g8t Query : use flama_phc
20240403@074606.8099 upvlre2l6gs1i2msqr9jet0g8t Query : select st.usalote valor from st where st.ref = '304.4320.00.1'
20240403@074606.8110 upvlre2l6gs1i2msqr9jet0g8t Query : select top 1 st.tabiva ,st.ivaincl ,st.stns ,st.uni2 ,st.familia ,isnull(tx.taxa, 0) txiva ,unidade ,usalote ,epcpond ,noserie from st left join taxasiva tx on st.tabiva = tx.codigo where st.ref = '304.4320.00.1'
20240403@074606.8127 upvlre2l6gs1i2msqr9jet0g8t Query : select 1 valor from information_schema.tables where table_type='base table' and table_name='wsfi039fields'
20240403@074606.8141 upvlre2l6gs1i2msqr9jet0g8t Query : select fieldkey,fieldname,fieldtype,mandatory from wsfi039fields
20240403@074606.8167 upvlre2l6gs1i2msqr9jet0g8t Query : select 1 valor from information_schema.tables where table_type='base table' and table_name='wsfi2039fields'
20240403@074606.8180 upvlre2l6gs1i2msqr9jet0g8t Query : select fieldkey,fieldname,fieldtype,mandatory from wsfi2039fields
20240403@074606.8185 upvlre2l6gs1i2msqr9jet0g8t Query : select sestamp valor from se where ref ='304.4320.00.1' and lote = '240350'
20240403@074606.8195 upvlre2l6gs1i2msqr9jet0g8t Query : select top 1 convert(numeric(6,2),t.taxa) valor from taxasiva t where t.codigo='2'
20240403@074606.8204 upvlre2l6gs1i2msqr9jet0g8t Query : select 1 valor from information_schema.tables where table_type='base table' and table_name='wsfi039fields'
20240403@074606.8219 upvlre2l6gs1i2msqr9jet0g8t Query : select fieldkey,fieldname,fieldtype,calcformula from wsfi039fields
20240403@074606.8243 upvlre2l6gs1i2msqr9jet0g8t Query : insert into wsfi039data (fistamp,ousrdata, ousrhora, usrdata,usrhora,ousrinis,usrinis ,qtt ,ftstamp ,epv,pvmoeda ,tabiva,iva,lordem ,ref, design ,lote,armazem,bistamp ) values ('aut660cf76596660cfb2ec8',getdate(),convert(char(8),convert (time,getdate())),getdate(),convert(char(8),convert (time,getdate())),'wsv','wsv',4.000 ,'aut660cf28190660cfb2ea6' ,0,0 ,2,23.00,10000,?,?,?,?,?)
20240403@074606.8516 upvlre2l6gs1i2msqr9jet0g8t Query : select 1 valor from information_schema.tables where table_type='base table' and table_name='wsfi2039fields'
20240403@074606.8531 upvlre2l6gs1i2msqr9jet0g8t Query : select fieldkey,fieldname,fieldtype,calcformula from wsfi2039fields
20240403@074606.8536 upvlre2l6gs1i2msqr9jet0g8t Query : insert into wsfi2039data (fi2stamp,ftstamp ,ousrdata, ousrhora, usrdata,usrhora,ousrinis,usrinis) values ('aut660cf76596660cfb2ec8','aut660cf28190660cfb2ea6' ,getdate(),convert(char(8),convert (time,getdate())),getdate(),convert(char(8),convert (time,getdate())),'wsv','wsv')
20240403@074606.8540 upvlre2l6gs1i2msqr9jet0g8t Query : use flama_phc
20240403@074606.8543 upvlre2l6gs1i2msqr9jet0g8t Query : select st.usalote valor from st where st.ref = '324.4970.00.1'
20240403@074606.8553 upvlre2l6gs1i2msqr9jet0g8t Query : select top 1 st.tabiva ,st.ivaincl ,st.stns ,st.uni2 ,st.familia ,isnull(tx.taxa, 0) txiva ,unidade ,usalote ,epcpond ,noserie from st left join taxasiva tx on st.tabiva = tx.codigo where st.ref = '324.4970.00.1'
20240403@074606.8564 upvlre2l6gs1i2msqr9jet0g8t Query : select 1 valor from information_schema.tables where table_type='base table' and table_name='wsfi039fields'
20240403@074606.8576 upvlre2l6gs1i2msqr9jet0g8t Query : select fieldkey,fieldname,fieldtype,mandatory from wsfi039fields
20240403@074606.8598 upvlre2l6gs1i2msqr9jet0g8t Query : select 1 valor from information_schema.tables where table_type='base table' and table_name='wsfi2039fields'
20240403@074606.8610 upvlre2l6gs1i2msqr9jet0g8t Query : select fieldkey,fieldname,fieldtype,mandatory from wsfi2039fields
20240403@074606.8615 upvlre2l6gs1i2msqr9jet0g8t Query : select sestamp valor from se where ref ='324.4970.00.1' and lote = 'r2301074200a'
20240403@074606.8625 upvlre2l6gs1i2msqr9jet0g8t Query : select top 1 convert(numeric(6,2),t.taxa) valor from taxasiva t where t.codigo='2'
20240403@074606.8635 upvlre2l6gs1i2msqr9jet0g8t Query : select 1 valor from information_schema.tables where table_type='base table' and table_name='wsfi039fields'
20240403@074606.8650 upvlre2l6gs1i2msqr9jet0g8t Query : select fieldkey,fieldname,fieldtype,calcformula from wsfi039fields
20240403@074606.8672 upvlre2l6gs1i2msqr9jet0g8t Query : insert into wsfi039data (fistamp,ousrdata, ousrhora, usrdata,usrhora,ousrinis,usrinis ,qtt ,ftstamp ,epv,pvmoeda ,tabiva,iva,lordem ,ref, design ,lote,armazem,bistamp ) values ('aut660cf66249660cfb2ed2',getdate(),convert(char(8),convert (time,getdate())),getdate(),convert(char(8),convert (time,getdate())),'wsv','wsv',4.000 ,'aut660cf28190660cfb2ea6' ,0,0 ,2,23.00,20000,?,?,?,?,?)
20240403@074606.8917 upvlre2l6gs1i2msqr9jet0g8t Query : select 1 valor from information_schema.tables where table_type='base table' and table_name='wsfi2039fields'
20240403@074606.8933 upvlre2l6gs1i2msqr9jet0g8t Query : select fieldkey,fieldname,fieldtype,calcformula from wsfi2039fields
20240403@074606.8937 upvlre2l6gs1i2msqr9jet0g8t Query : insert into wsfi2039data (fi2stamp,ftstamp ,ousrdata, ousrhora, usrdata,usrhora,ousrinis,usrinis) values ('aut660cf66249660cfb2ed2','aut660cf28190660cfb2ea6' ,getdate(),convert(char(8),convert (time,getdate())),getdate(),convert(char(8),convert (time,getdate())),'wsv','wsv')
20240403@074606.8942 upvlre2l6gs1i2msqr9jet0g8t Query : insert into wsftcreationlog (initialftstamp,externalid,creationstatus,documenttypeid,idustamp) values ('aut660cf28190660cfb2ea6','2402469','wait',39,'ari17112337378,753000005')
20240403@074606.8958 upvlre2l6gs1i2msqr9jet0g8t Query : use flama_phc
20240403@074606.8962 upvlre2l6gs1i2msqr9jet0g8t Query : update u_wsusers set rqsttoken =? where userid ='userls001'
20240403@074606.8973 upvlre2l6gs1i2msqr9jet0g8t Query : select concat(rtrim(relative_path),ltrim(name_new)) as valor from uploadfiles where uploadfile_id='916';
20240403@074606.8989 upvlre2l6gs1i2msqr9jet0g8t Query : update uploadfiles set whenupdated=current_timestamp where uploadfile_id='916';
20240403@074606.9004 upvlre2l6gs1i2msqr9jet0g8t Query : select concat(rtrim(relative_path),ltrim(name_new)) as valor from uploadfiles where uploadfile_id='916';
20240403@074606.9017 upvlre2l6gs1i2msqr9jet0g8t Query : update uploadfiles set whenupdated=current_timestamp where uploadfile_id='916';
20240403@074606.9451 g76fep7a7bvui2a464925287ou Query : insert into uploadfiles ( name_original, name_new, option_type, relative_path, whencreated ) values ( ?, ?, ?, ?, getdate() )
20240403@074606.9465 g76fep7a7bvui2a464925287ou Query : select uploadfile_id valor from uploadfiles where name_new = ? and option_type = ? 
20240403@074606.9484 g76fep7a7bvui2a464925287ou Query : select concat(rtrim(relative_path),ltrim(name_new)) as valor from uploadfiles where uploadfile_id='917';
20240403@074606.9524 g76fep7a7bvui2a464925287ou Query : update uploadfiles set whenupdated=current_timestamp where uploadfile_id='917';
20240403@074606.9539 g76fep7a7bvui2a464925287ou Query : select concat(rtrim(relative_path),ltrim(name_new)) as valor from uploadfiles where uploadfile_id='917';
20240403@074606.9551 g76fep7a7bvui2a464925287ou Query : update uploadfiles set whenupdated=current_timestamp where uploadfile_id='917';
20240403@074606.9564 g76fep7a7bvui2a464925287ou Query : use flama_phc
20240403@074606.9568 g76fep7a7bvui2a464925287ou Query : select top 1 secretkey valor from u_wsusers u where u.userid = ? and u.inactivo=0
20240403@074606.9580 g76fep7a7bvui2a464925287ou Query : use flama_phc
20240403@074606.9583 g76fep7a7bvui2a464925287ou Query : select no, estab,szadrsdesc from szadrs where u_coddest=4787
20240403@074606.9622 g76fep7a7bvui2a464925287ou Query : select top 1 isnull(design,'') valor from st (nolock) left join stobs (nolock) on st.ref = stobs.ref where st.ref = '304.4320.00.1'
20240403@074606.9632 g76fep7a7bvui2a464925287ou Query : select top 1 bistamp valor from bi inner join bo on bo.bostamp=bi.bostamp where bo.ndos =240 and bo.boano =2024 and bo.obrano = 2402470 and bi.ref ='304.4320.00.1' and bi.lordem =1
20240403@074606.9956 g76fep7a7bvui2a464925287ou Query : select top 1 isnull(design,'') valor from st (nolock) left join stobs (nolock) on st.ref = stobs.ref where st.ref = '324.4990.00.1'
20240403@074606.9968 g76fep7a7bvui2a464925287ou Query : select top 1 bistamp valor from bi inner join bo on bo.bostamp=bi.bostamp where bo.ndos =240 and bo.boano =2024 and bo.obrano = 2402470 and bi.ref ='324.4990.00.1' and bi.lordem =2
20240403@074607.3810 g76fep7a7bvui2a464925287ou Query : select top 1 isnull(design,'') valor from st (nolock) left join stobs (nolock) on st.ref = stobs.ref where st.ref = '324.4421.00.1'
20240403@074607.5710 g76fep7a7bvui2a464925287ou Query : select top 1 bistamp valor from bi inner join bo on bo.bostamp=bi.bostamp where bo.ndos =240 and bo.boano =2024 and bo.obrano = 2402470 and bi.ref ='324.4421.00.1' and bi.lordem =3
20240403@074607.1406 g76fep7a7bvui2a464925287ou Query : use flama_phc
20240403@074607.1630 g76fep7a7bvui2a464925287ou Query : select top 1 convert(date,fdata) valor from ft where ndoc = 39 and anulado= 0 and fno>0 order by fdata desc
20240403@074607.1644 g76fep7a7bvui2a464925287ou Query : use flama_phc
20240403@074607.1647 g76fep7a7bvui2a464925287ou Query : select top 1 1 valor from td where td.ndoc = 39
20240403@074607.1658 g76fep7a7bvui2a464925287ou Query : use flama_phc
20240403@074607.1661 g76fep7a7bvui2a464925287ou Query : select descricao ,case when valor='s' then 1 else 0 end usalotes from para1 where descricao in ('st_lote')
20240403@074607.1671 g76fep7a7bvui2a464925287ou Query : select top 1 assinadoc issigned ,td.lancasl stocks ,'cl' origin ,case when (cmsl between 1 and 50 ) then 1 else 0 end entrada ,case when (cmsl>50 ) then 1 else 0 end saida ,~lotestock validatestock ,tiposaft from td inner join td2 on td.tdstamp=td2.td2stamp where td.ndoc =39
20240403@074607.1685 g76fep7a7bvui2a464925287ou Query : use flama_phc
20240403@074607.1688 g76fep7a7bvui2a464925287ou Query : select top 1 ~inactivo valor from cl where no = '101846' and estab = 0 order by inactivo desc
20240403@074607.1698 g76fep7a7bvui2a464925287ou Query : use flama_phc
20240403@074607.1701 g76fep7a7bvui2a464925287ou Query : select top 1 tipodoc,regrd from td where ndoc = 39
20240403@074607.1710 g76fep7a7bvui2a464925287ou Query : use flama_phc
20240403@074607.1713 g76fep7a7bvui2a464925287ou Query : select szadrsstamp valor from szadrs where szadrsdesc='espaÇotrans,lda'
20240403@074607.1723 g76fep7a7bvui2a464925287ou Query : use flama_phc
20240403@074607.1726 g76fep7a7bvui2a464925287ou Query : select szadrsstamp valor from szadrs where szadrsdesc='101846 - media markt sintra-prod.inf.e elect. lda'
20240403@074607.1738 g76fep7a7bvui2a464925287ou Query : use flama_phc
20240403@074607.1740 g76fep7a7bvui2a464925287ou Query : select 1 valor from td where ndoc = 39
20240403@074607.1750 g76fep7a7bvui2a464925287ou Query : select top 1 manternumero, tiposaft, nmdos,td.assinadoc from td where td.ndoc = 39
20240403@074607.1763 g76fep7a7bvui2a464925287ou Query : select 1 valor from information_schema.tables where table_type='base table' and table_name='wsft039fields'
20240403@074607.1777 g76fep7a7bvui2a464925287ou Query : select fieldkey,fieldname,fieldtype,mandatory from wsft039fields
20240403@074607.1794 g76fep7a7bvui2a464925287ou Query : select 1 valor from information_schema.tables where table_type='base table' and table_name='wsft2039fields'
20240403@074607.1818 g76fep7a7bvui2a464925287ou Query : select fieldkey,fieldname,fieldtype,mandatory from wsft2039fields
20240403@074607.1845 g76fep7a7bvui2a464925287ou Query : select 1 valor from information_schema.tables where table_type='base table' and table_name='wsft3039fields'
20240403@074607.1858 g76fep7a7bvui2a464925287ou Query : select fieldkey,fieldname,fieldtype,mandatory from wsft3039fields
20240403@074607.1872 g76fep7a7bvui2a464925287ou Query : select top 1 ft.fno valor from ft ft where ft.ndoc = 39 and ftano=2024 order by fno desc
20240403@074607.1968 g76fep7a7bvui2a464925287ou Query : select top 1 ft.fno valor from wsft039data ft where ft.ndoc = 39 and ftano=2024 order by fno desc
20240403@074607.1978 g76fep7a7bvui2a464925287ou Query : select 1 valor from information_schema.tables where table_type='base table' and table_name='wsft3039fields'
20240403@074607.1993 g76fep7a7bvui2a464925287ou Query : select fieldkey,fieldname,fieldtype,calcformula from wsft3039fields
20240403@074607.2003 g76fep7a7bvui2a464925287ou Query : insert into wsft3039data (ft3stamp, ousrdata, ousrhora, usrdata,usrhora,ousrinis,usrinis,taxpointdt ) values ('aut660cf26285660cfb2f2d' ,getdate(),convert(char(8),convert (time,getdate())),getdate(),convert(char(8),convert (time,getdate())),'wsv','wsv',?)
20240403@074607.2164 g76fep7a7bvui2a464925287ou Query : select 1 valor from information_schema.tables where table_type='base table' and table_name='wsft2039fields'
20240403@074607.2179 g76fep7a7bvui2a464925287ou Query : select fieldkey,fieldname,fieldtype,calcformula from wsft2039fields
20240403@074607.2208 g76fep7a7bvui2a464925287ou Query : select top 1 bo.u_nomeenv valor from bo where bo.bostamp=''
20240403@074607.2213 g76fep7a7bvui2a464925287ou Query : select top 1 bo.u_moradaen valor from bo where bo.bostamp=''
20240403@074607.2218 g76fep7a7bvui2a464925287ou Query : select top 1 bo.u_codposen valor from bo where bo.bostamp=''
20240403@074607.2224 g76fep7a7bvui2a464925287ou Query : select top 1 bo.u_localenv valor from bo where bo.bostamp=''
20240403@074607.2229 g76fep7a7bvui2a464925287ou Query : select top 1 bo.trab5 valor from bo where bo.bostamp=''
20240403@074607.2234 g76fep7a7bvui2a464925287ou Query : select top 1 bo.serie valor from bo where bo.bostamp=''
20240403@074607.2238 g76fep7a7bvui2a464925287ou Query : insert into wsft2039data (ft2stamp, ousrdata,ousrhora, usrdata,usrhora,ousrinis,usrinis,u_nomeenv ,u_moradaen ,u_codposen ,u_localenv ,u_coddest ,u_codby ) values ('aut660cf26285660cfb2f2d',getdate(),convert(char(8),convert (time,getdate())),getdate(),convert(char(8),convert (time,getdate())),'wsv','wsv',?,?,?,?,?,?)
20240403@074607.2639 g76fep7a7bvui2a464925287ou Query : select top 1 fno valor from wsft039data order by fno desc
20240403@074607.2791 g76fep7a7bvui2a464925287ou Query : select 1 valor from information_schema.tables where table_type='base table' and table_name='wsft039fields'
20240403@074607.2805 g76fep7a7bvui2a464925287ou Query : select fieldkey,fieldname,fieldtype,calcformula from wsft039fields
20240403@074607.2822 g76fep7a7bvui2a464925287ou Query : insert into wsft039data (ftstamp, ousrdata,ousrhora, usrdata,usrhora,ousrinis,usrinis,fno,no,estab,fdata,ndoc,moeda,cambio,cambiofixo,ftano,cdata,chora,carga,descar,site ,classe ) values ('aut660cf26285660cfb2f2d',getdate(),convert(char(8),convert (time,getdate())),getdate(),convert(char(8),convert (time,getdate())),'wsv','wsv',700,101846,0,'2024-04-03',39,'euro',0,0,2024 ,'20240403','0816',?,?,?,?)
20240403@074607.3108 g76fep7a7bvui2a464925287ou Query : use flama_phc
20240403@074607.3113 g76fep7a7bvui2a464925287ou Query : select st.usalote valor from st where st.ref = '304.4320.00.1'
20240403@074607.3124 g76fep7a7bvui2a464925287ou Query : select top 1 st.tabiva ,st.ivaincl ,st.stns ,st.uni2 ,st.familia ,isnull(tx.taxa, 0) txiva ,unidade ,usalote ,epcpond ,noserie from st left join taxasiva tx on st.tabiva = tx.codigo where st.ref = '304.4320.00.1'
20240403@074607.3135 g76fep7a7bvui2a464925287ou Query : select 1 valor from information_schema.tables where table_type='base table' and table_name='wsfi039fields'
20240403@074607.3149 g76fep7a7bvui2a464925287ou Query : select fieldkey,fieldname,fieldtype,mandatory from wsfi039fields
20240403@074607.3172 g76fep7a7bvui2a464925287ou Query : select 1 valor from information_schema.tables where table_type='base table' and table_name='wsfi2039fields'
20240403@074607.3184 g76fep7a7bvui2a464925287ou Query : select fieldkey,fieldname,fieldtype,mandatory from wsfi2039fields
20240403@074607.3188 g76fep7a7bvui2a464925287ou Query : select sestamp valor from se where ref ='304.4320.00.1' and lote = '240350'
20240403@074607.3199 g76fep7a7bvui2a464925287ou Query : select top 1 convert(numeric(6,2),t.taxa) valor from taxasiva t where t.codigo='2'
20240403@074607.3209 g76fep7a7bvui2a464925287ou Query : select 1 valor from information_schema.tables where table_type='base table' and table_name='wsfi039fields'
20240403@074607.3223 g76fep7a7bvui2a464925287ou Query : select fieldkey,fieldname,fieldtype,calcformula from wsfi039fields
20240403@074607.3247 g76fep7a7bvui2a464925287ou Query : insert into wsfi039data (fistamp,ousrdata, ousrhora, usrdata,usrhora,ousrinis,usrinis ,qtt ,ftstamp ,epv,pvmoeda ,tabiva,iva,lordem ,ref, design ,lote,armazem,bistamp ) values ('aut660cf81759660cfb2f4e',getdate(),convert(char(8),convert (time,getdate())),getdate(),convert(char(8),convert (time,getdate())),'wsv','wsv',4.000 ,'aut660cf26285660cfb2f2d' ,0,0 ,2,23.00,10000,?,?,?,?,?)
20240403@074607.3489 g76fep7a7bvui2a464925287ou Query : select 1 valor from information_schema.tables where table_type='base table' and table_name='wsfi2039fields'
20240403@074607.3503 g76fep7a7bvui2a464925287ou Query : select fieldkey,fieldname,fieldtype,calcformula from wsfi2039fields
20240403@074607.3508 g76fep7a7bvui2a464925287ou Query : insert into wsfi2039data (fi2stamp,ftstamp ,ousrdata, ousrhora, usrdata,usrhora,ousrinis,usrinis) values ('aut660cf81759660cfb2f4e','aut660cf26285660cfb2f2d' ,getdate(),convert(char(8),convert (time,getdate())),getdate(),convert(char(8),convert (time,getdate())),'wsv','wsv')
20240403@074607.3513 g76fep7a7bvui2a464925287ou Query : use flama_phc
20240403@074607.3517 g76fep7a7bvui2a464925287ou Query : select st.usalote valor from st where st.ref = '324.4990.00.1'
20240403@074607.3527 g76fep7a7bvui2a464925287ou Query : select top 1 st.tabiva ,st.ivaincl ,st.stns ,st.uni2 ,st.familia ,isnull(tx.taxa, 0) txiva ,unidade ,usalote ,epcpond ,noserie from st left join taxasiva tx on st.tabiva = tx.codigo where st.ref = '324.4990.00.1'
20240403@074607.3539 g76fep7a7bvui2a464925287ou Query : select 1 valor from information_schema.tables where table_type='base table' and table_name='wsfi039fields'
20240403@074607.3552 g76fep7a7bvui2a464925287ou Query : select fieldkey,fieldname,fieldtype,mandatory from wsfi039fields
20240403@074607.3576 g76fep7a7bvui2a464925287ou Query : select 1 valor from information_schema.tables where table_type='base table' and table_name='wsfi2039fields'
20240403@074607.3588 g76fep7a7bvui2a464925287ou Query : select fieldkey,fieldname,fieldtype,mandatory from wsfi2039fields
20240403@074607.3592 g76fep7a7bvui2a464925287ou Query : select sestamp valor from se where ref ='324.4990.00.1' and lote = 'r2100189200a'
20240403@074607.3603 g76fep7a7bvui2a464925287ou Query : select top 1 convert(numeric(6,2),t.taxa) valor from taxasiva t where t.codigo='2'
20240403@074607.3612 g76fep7a7bvui2a464925287ou Query : select 1 valor from information_schema.tables where table_type='base table' and table_name='wsfi039fields'
20240403@074607.3624 g76fep7a7bvui2a464925287ou Query : select fieldkey,fieldname,fieldtype,calcformula from wsfi039fields
20240403@074607.3648 g76fep7a7bvui2a464925287ou Query : insert into wsfi039data (fistamp,ousrdata, ousrhora, usrdata,usrhora,ousrinis,usrinis ,qtt ,ftstamp ,epv,pvmoeda ,tabiva,iva,lordem ,ref, design ,lote,armazem,bistamp ) values ('aut660cf79552660cfb2f58',getdate(),convert(char(8),convert (time,getdate())),getdate(),convert(char(8),convert (time,getdate())),'wsv','wsv',2.000 ,'aut660cf26285660cfb2f2d' ,0,0 ,2,23.00,20000,?,?,?,?,?)
20240403@074607.3917 g76fep7a7bvui2a464925287ou Query : select 1 valor from information_schema.tables where table_type='base table' and table_name='wsfi2039fields'
20240403@074607.3932 g76fep7a7bvui2a464925287ou Query : select fieldkey,fieldname,fieldtype,calcformula from wsfi2039fields
20240403@074607.3937 g76fep7a7bvui2a464925287ou Query : insert into wsfi2039data (fi2stamp,ftstamp ,ousrdata, ousrhora, usrdata,usrhora,ousrinis,usrinis) values ('aut660cf79552660cfb2f58','aut660cf26285660cfb2f2d' ,getdate(),convert(char(8),convert (time,getdate())),getdate(),convert(char(8),convert (time,getdate())),'wsv','wsv')
20240403@074607.3942 g76fep7a7bvui2a464925287ou Query : use flama_phc
20240403@074607.3945 g76fep7a7bvui2a464925287ou Query : select st.usalote valor from st where st.ref = '324.4421.00.1'
20240403@074607.3957 g76fep7a7bvui2a464925287ou Query : select top 1 st.tabiva ,st.ivaincl ,st.stns ,st.uni2 ,st.familia ,isnull(tx.taxa, 0) txiva ,unidade ,usalote ,epcpond ,noserie from st left join taxasiva tx on st.tabiva = tx.codigo where st.ref = '324.4421.00.1'
20240403@074607.3969 g76fep7a7bvui2a464925287ou Query : select 1 valor from information_schema.tables where table_type='base table' and table_name='wsfi039fields'
20240403@074607.3982 g76fep7a7bvui2a464925287ou Query : select fieldkey,fieldname,fieldtype,mandatory from wsfi039fields
20240403@074607.4008 g76fep7a7bvui2a464925287ou Query : select 1 valor from information_schema.tables where table_type='base table' and table_name='wsfi2039fields'
20240403@074607.4022 g76fep7a7bvui2a464925287ou Query : select fieldkey,fieldname,fieldtype,mandatory from wsfi2039fields
20240403@074607.4027 g76fep7a7bvui2a464925287ou Query : select sestamp valor from se where ref ='324.4421.00.1' and lote = 'r2200226300a'
20240403@074607.4037 g76fep7a7bvui2a464925287ou Query : select top 1 convert(numeric(6,2),t.taxa) valor from taxasiva t where t.codigo='2'
20240403@074607.4047 g76fep7a7bvui2a464925287ou Query : select 1 valor from information_schema.tables where table_type='base table' and table_name='wsfi039fields'
20240403@074607.4060 g76fep7a7bvui2a464925287ou Query : select fieldkey,fieldname,fieldtype,calcformula from wsfi039fields
20240403@074607.4094 g76fep7a7bvui2a464925287ou Query : insert into wsfi039data (fistamp,ousrdata, ousrhora, usrdata,usrhora,ousrinis,usrinis ,qtt ,ftstamp ,epv,pvmoeda ,tabiva,iva,lordem ,ref, design ,lote,armazem,bistamp ) values ('aut660cf76899660cfb2f62',getdate(),convert(char(8),convert (time,getdate())),getdate(),convert(char(8),convert (time,getdate())),'wsv','wsv',3.000 ,'aut660cf26285660cfb2f2d' ,0,0 ,2,23.00,30000,?,?,?,?,?)
20240403@074607.4370 g76fep7a7bvui2a464925287ou Query : select 1 valor from information_schema.tables where table_type='base table' and table_name='wsfi2039fields'
20240403@074607.4387 g76fep7a7bvui2a464925287ou Query : select fieldkey,fieldname,fieldtype,calcformula from wsfi2039fields
20240403@074607.4393 g76fep7a7bvui2a464925287ou Query : insert into wsfi2039data (fi2stamp,ftstamp ,ousrdata, ousrhora, usrdata,usrhora,ousrinis,usrinis) values ('aut660cf76899660cfb2f62','aut660cf26285660cfb2f2d' ,getdate(),convert(char(8),convert (time,getdate())),getdate(),convert(char(8),convert (time,getdate())),'wsv','wsv')
20240403@074607.4398 g76fep7a7bvui2a464925287ou Query : insert into wsftcreationlog (initialftstamp,externalid,creationstatus,documenttypeid,idustamp) values ('aut660cf26285660cfb2f2d','2402470','wait',39,'ari17112337378,753000005')
20240403@074607.4415 g76fep7a7bvui2a464925287ou Query : use flama_phc
20240403@074607.4418 g76fep7a7bvui2a464925287ou Query : update u_wsusers set rqsttoken =? where userid ='userls001'
20240403@074607.4429 g76fep7a7bvui2a464925287ou Query : select concat(rtrim(relative_path),ltrim(name_new)) as valor from uploadfiles where uploadfile_id='917';
20240403@074607.4445 g76fep7a7bvui2a464925287ou Query : update uploadfiles set whenupdated=current_timestamp where uploadfile_id='917';
20240403@074607.4459 g76fep7a7bvui2a464925287ou Query : select concat(rtrim(relative_path),ltrim(name_new)) as valor from uploadfiles where uploadfile_id='917';
20240403@074607.4472 g76fep7a7bvui2a464925287ou Query : update uploadfiles set whenupdated=current_timestamp where uploadfile_id='917';
20240403@074607.4816 rp8fta44inlvh566qncb9tsliv Query : insert into uploadfiles ( name_original, name_new, option_type, relative_path, whencreated ) values ( ?, ?, ?, ?, getdate() )
20240403@074607.4830 rp8fta44inlvh566qncb9tsliv Query : select uploadfile_id valor from uploadfiles where name_new = ? and option_type = ? 
20240403@074607.4849 rp8fta44inlvh566qncb9tsliv Query : select concat(rtrim(relative_path),ltrim(name_new)) as valor from uploadfiles where uploadfile_id='918';
20240403@074607.4891 rp8fta44inlvh566qncb9tsliv Query : update uploadfiles set whenupdated=current_timestamp where uploadfile_id='918';
20240403@074607.4906 rp8fta44inlvh566qncb9tsliv Query : select concat(rtrim(relative_path),ltrim(name_new)) as valor from uploadfiles where uploadfile_id='918';
20240403@074607.4921 rp8fta44inlvh566qncb9tsliv Query : update uploadfiles set whenupdated=current_timestamp where uploadfile_id='918';
20240403@074607.4934 rp8fta44inlvh566qncb9tsliv Query : use flama_phc
20240403@074607.4937 rp8fta44inlvh566qncb9tsliv Query : select top 1 secretkey valor from u_wsusers u where u.userid = ? and u.inactivo=0
20240403@074607.4950 rp8fta44inlvh566qncb9tsliv Query : use flama_phc
20240403@074607.4953 rp8fta44inlvh566qncb9tsliv Query : select no, estab,szadrsdesc from szadrs where u_coddest=6737
20240403@074607.5031 rp8fta44inlvh566qncb9tsliv Query : select top 1 isnull(design,'') valor from st (nolock) left join stobs (nolock) on st.ref = stobs.ref where st.ref = '328.9006.00.1'
20240403@074607.5172 rp8fta44inlvh566qncb9tsliv Query : select top 1 bistamp valor from bi inner join bo on bo.bostamp=bi.bostamp where bo.ndos =240 and bo.boano =2024 and bo.obrano = 2402472 and bi.ref ='328.9006.00.1' and bi.lordem =1
20240403@074607.5503 rp8fta44inlvh566qncb9tsliv Query : use flama_phc
20240403@074607.5508 rp8fta44inlvh566qncb9tsliv Query : select top 1 convert(date,fdata) valor from ft where ndoc = 39 and anulado= 0 and fno>0 order by fdata desc
20240403@074607.5522 rp8fta44inlvh566qncb9tsliv Query : use flama_phc
20240403@074607.5525 rp8fta44inlvh566qncb9tsliv Query : select top 1 1 valor from td where td.ndoc = 39
20240403@074607.5536 rp8fta44inlvh566qncb9tsliv Query : use flama_phc
20240403@074607.5539 rp8fta44inlvh566qncb9tsliv Query : select descricao ,case when valor='s' then 1 else 0 end usalotes from para1 where descricao in ('st_lote')
20240403@074607.5551 rp8fta44inlvh566qncb9tsliv Query : select top 1 assinadoc issigned ,td.lancasl stocks ,'cl' origin ,case when (cmsl between 1 and 50 ) then 1 else 0 end entrada ,case when (cmsl>50 ) then 1 else 0 end saida ,~lotestock validatestock ,tiposaft from td inner join td2 on td.tdstamp=td2.td2stamp where td.ndoc =39
20240403@074607.5572 rp8fta44inlvh566qncb9tsliv Query : use flama_phc
20240403@074607.5580 rp8fta44inlvh566qncb9tsliv Query : select top 1 ~inactivo valor from cl where no = '100810' and estab = 0 order by inactivo desc
20240403@074607.5592 rp8fta44inlvh566qncb9tsliv Query : use flama_phc
20240403@074607.5595 rp8fta44inlvh566qncb9tsliv Query : select top 1 tipodoc,regrd from td where ndoc = 39
20240403@074607.5607 rp8fta44inlvh566qncb9tsliv Query : use flama_phc
20240403@074607.5610 rp8fta44inlvh566qncb9tsliv Query : select szadrsstamp valor from szadrs where szadrsdesc='espaÇotrans,lda'
20240403@074607.5621 rp8fta44inlvh566qncb9tsliv Query : use flama_phc
20240403@074607.5625 rp8fta44inlvh566qncb9tsliv Query : select szadrsstamp valor from szadrs where szadrsdesc='100810 - worten-plaza large formats rainha'
20240403@074607.5640 rp8fta44inlvh566qncb9tsliv Query : use flama_phc
20240403@074607.5643 rp8fta44inlvh566qncb9tsliv Query : select 1 valor from td where ndoc = 39
20240403@074607.5653 rp8fta44inlvh566qncb9tsliv Query : select top 1 manternumero, tiposaft, nmdos,td.assinadoc from td where td.ndoc = 39
20240403@074607.5667 rp8fta44inlvh566qncb9tsliv Query : select 1 valor from information_schema.tables where table_type='base table' and table_name='wsft039fields'
20240403@074607.5681 rp8fta44inlvh566qncb9tsliv Query : select fieldkey,fieldname,fieldtype,mandatory from wsft039fields
20240403@074607.5699 rp8fta44inlvh566qncb9tsliv Query : select 1 valor from information_schema.tables where table_type='base table' and table_name='wsft2039fields'
20240403@074607.5713 rp8fta44inlvh566qncb9tsliv Query : select fieldkey,fieldname,fieldtype,mandatory from wsft2039fields
20240403@074607.5743 rp8fta44inlvh566qncb9tsliv Query : select 1 valor from information_schema.tables where table_type='base table' and table_name='wsft3039fields'
20240403@074607.5756 rp8fta44inlvh566qncb9tsliv Query : select fieldkey,fieldname,fieldtype,mandatory from wsft3039fields
20240403@074607.5768 rp8fta44inlvh566qncb9tsliv Query : select top 1 ft.fno valor from ft ft where ft.ndoc = 39 and ftano=2024 order by fno desc
20240403@074607.5861 rp8fta44inlvh566qncb9tsliv Query : select top 1 ft.fno valor from wsft039data ft where ft.ndoc = 39 and ftano=2024 order by fno desc
20240403@074607.5872 rp8fta44inlvh566qncb9tsliv Query : select 1 valor from information_schema.tables where table_type='base table' and table_name='wsft3039fields'
20240403@074607.5887 rp8fta44inlvh566qncb9tsliv Query : select fieldkey,fieldname,fieldtype,calcformula from wsft3039fields
20240403@074607.5897 rp8fta44inlvh566qncb9tsliv Query : insert into wsft3039data (ft3stamp, ousrdata, ousrhora, usrdata,usrhora,ousrinis,usrinis,taxpointdt ) values ('aut660cf09269660cfb2f8c' ,getdate(),convert(char(8),convert (time,getdate())),getdate(),convert(char(8),convert (time,getdate())),'wsv','wsv',?)
20240403@074607.6063 rp8fta44inlvh566qncb9tsliv Query : select 1 valor from information_schema.tables where table_type='base table' and table_name='wsft2039fields'
20240403@074607.6080 rp8fta44inlvh566qncb9tsliv Query : select fieldkey,fieldname,fieldtype,calcformula from wsft2039fields
20240403@074607.6114 rp8fta44inlvh566qncb9tsliv Query : select top 1 bo.u_nomeenv valor from bo where bo.bostamp=''
20240403@074607.6120 rp8fta44inlvh566qncb9tsliv Query : select top 1 bo.u_moradaen valor from bo where bo.bostamp=''
20240403@074607.6124 rp8fta44inlvh566qncb9tsliv Query : select top 1 bo.u_codposen valor from bo where bo.bostamp=''
20240403@074607.6130 rp8fta44inlvh566qncb9tsliv Query : select top 1 bo.u_localenv valor from bo where bo.bostamp=''
20240403@074607.6136 rp8fta44inlvh566qncb9tsliv Query : select top 1 bo.trab5 valor from bo where bo.bostamp=''
20240403@074607.6141 rp8fta44inlvh566qncb9tsliv Query : select top 1 bo.serie valor from bo where bo.bostamp=''
20240403@074607.6146 rp8fta44inlvh566qncb9tsliv Query : insert into wsft2039data (ft2stamp, ousrdata,ousrhora, usrdata,usrhora,ousrinis,usrinis,u_nomeenv ,u_moradaen ,u_codposen ,u_localenv ,u_coddest ,u_codby ) values ('aut660cf09269660cfb2f8c',getdate(),convert(char(8),convert (time,getdate())),getdate(),convert(char(8),convert (time,getdate())),'wsv','wsv',?,?,?,?,?,?)
20240403@074607.6426 rp8fta44inlvh566qncb9tsliv Query : select top 1 fno valor from wsft039data order by fno desc
20240403@074607.6443 rp8fta44inlvh566qncb9tsliv Query : select 1 valor from information_schema.tables where table_type='base table' and table_name='wsft039fields'
20240403@074607.6457 rp8fta44inlvh566qncb9tsliv Query : select fieldkey,fieldname,fieldtype,calcformula from wsft039fields
20240403@074607.6484 rp8fta44inlvh566qncb9tsliv Query : insert into wsft039data (ftstamp, ousrdata,ousrhora, usrdata,usrhora,ousrinis,usrinis,fno,no,estab,fdata,ndoc,moeda,cambio,cambiofixo,ftano,cdata,chora,carga,descar,site ,classe ) values ('aut660cf09269660cfb2f8c',getdate(),convert(char(8),convert (time,getdate())),getdate(),convert(char(8),convert (time,getdate())),'wsv','wsv',701,100810,0,'2024-04-03',39,'euro',0,0,2024 ,'20240403','0816',?,?,?,?)
20240403@074607.6763 rp8fta44inlvh566qncb9tsliv Query : use flama_phc
20240403@074607.6767 rp8fta44inlvh566qncb9tsliv Query : select st.usalote valor from st where st.ref = '328.9006.00.1'
20240403@074607.6779 rp8fta44inlvh566qncb9tsliv Query : select top 1 st.tabiva ,st.ivaincl ,st.stns ,st.uni2 ,st.familia ,isnull(tx.taxa, 0) txiva ,unidade ,usalote ,epcpond ,noserie from st left join taxasiva tx on st.tabiva = tx.codigo where st.ref = '328.9006.00.1'
20240403@074607.6934 rp8fta44inlvh566qncb9tsliv Query : select 1 valor from information_schema.tables where table_type='base table' and table_name='wsfi039fields'
20240403@074607.6948 rp8fta44inlvh566qncb9tsliv Query : select fieldkey,fieldname,fieldtype,mandatory from wsfi039fields
20240403@074607.6973 rp8fta44inlvh566qncb9tsliv Query : select 1 valor from information_schema.tables where table_type='base table' and table_name='wsfi2039fields'
20240403@074607.6987 rp8fta44inlvh566qncb9tsliv Query : select fieldkey,fieldname,fieldtype,mandatory from wsfi2039fields
20240403@074607.6992 rp8fta44inlvh566qncb9tsliv Query : select sestamp valor from se where ref ='328.9006.00.1' and lote = 'r2300691200a'
20240403@074607.7009 rp8fta44inlvh566qncb9tsliv Query : select top 1 convert(numeric(6,2),t.taxa) valor from taxasiva t where t.codigo='2'
20240403@074607.7019 rp8fta44inlvh566qncb9tsliv Query : select 1 valor from information_schema.tables where table_type='base table' and table_name='wsfi039fields'
20240403@074607.7032 rp8fta44inlvh566qncb9tsliv Query : select fieldkey,fieldname,fieldtype,calcformula from wsfi039fields
20240403@074607.7055 rp8fta44inlvh566qncb9tsliv Query : insert into wsfi039data (fistamp,ousrdata, ousrhora, usrdata,usrhora,ousrinis,usrinis ,qtt ,ftstamp ,epv,pvmoeda ,tabiva,iva,lordem ,ref, design ,lote,armazem,bistamp ) values ('aut660cf41117660cfb2fab',getdate(),convert(char(8),convert (time,getdate())),getdate(),convert(char(8),convert (time,getdate())),'wsv','wsv',1.000 ,'aut660cf09269660cfb2f8c' ,0,0 ,2,23.00,10000,?,?,?,?,?)
20240403@074607.7324 rp8fta44inlvh566qncb9tsliv Query : select 1 valor from information_schema.tables where table_type='base table' and table_name='wsfi2039fields'
20240403@074607.7340 rp8fta44inlvh566qncb9tsliv Query : select fieldkey,fieldname,fieldtype,calcformula from wsfi2039fields
20240403@074607.7344 rp8fta44inlvh566qncb9tsliv Query : insert into wsfi2039data (fi2stamp,ftstamp ,ousrdata, ousrhora, usrdata,usrhora,ousrinis,usrinis) values ('aut660cf41117660cfb2fab','aut660cf09269660cfb2f8c' ,getdate(),convert(char(8),convert (time,getdate())),getdate(),convert(char(8),convert (time,getdate())),'wsv','wsv')
20240403@074607.7350 rp8fta44inlvh566qncb9tsliv Query : select 1 valor from information_schema.tables where table_type='base table' and table_name='wsfi039fields'
20240403@074607.7364 rp8fta44inlvh566qncb9tsliv Query : select fieldkey,fieldname,fieldtype,mandatory from wsfi039fields
20240403@074607.7388 rp8fta44inlvh566qncb9tsliv Query : select 1 valor from information_schema.tables where table_type='base table' and table_name='wsfi2039fields'
20240403@074607.7400 rp8fta44inlvh566qncb9tsliv Query : select fieldkey,fieldname,fieldtype,mandatory from wsfi2039fields
20240403@074607.7404 rp8fta44inlvh566qncb9tsliv Query : select top 1 convert(numeric(6,2),t.taxa) valor from taxasiva t where t.codigo='2'
20240403@074607.7414 rp8fta44inlvh566qncb9tsliv Query : select 1 valor from information_schema.tables where table_type='base table' and table_name='wsfi039fields'
20240403@074607.7426 rp8fta44inlvh566qncb9tsliv Query : select fieldkey,fieldname,fieldtype,calcformula from wsfi039fields
20240403@074607.7448 rp8fta44inlvh566qncb9tsliv Query : insert into wsfi039data (fistamp,ousrdata, ousrhora, usrdata,usrhora,ousrinis,usrinis ,qtt ,ftstamp ,epv,pvmoeda ,tabiva,iva,lordem ,ref, design ,armazem) values ('aut660cf39355660cfb2fb5',getdate(),convert(char(8),convert (time,getdate())),getdate(),convert(char(8),convert (time,getdate())),'wsv','wsv',0 ,'aut660cf09269660cfb2f8c' ,0,0 ,2,23.00,20000,?,?,?)
20240403@074607.7742 rp8fta44inlvh566qncb9tsliv Query : select 1 valor from information_schema.tables where table_type='base table' and table_name='wsfi2039fields'
20240403@074607.7757 rp8fta44inlvh566qncb9tsliv Query : select fieldkey,fieldname,fieldtype,calcformula from wsfi2039fields
20240403@074607.7761 rp8fta44inlvh566qncb9tsliv Query : insert into wsfi2039data (fi2stamp,ftstamp ,ousrdata, ousrhora, usrdata,usrhora,ousrinis,usrinis) values ('aut660cf39355660cfb2fb5','aut660cf09269660cfb2f8c' ,getdate(),convert(char(8),convert (time,getdate())),getdate(),convert(char(8),convert (time,getdate())),'wsv','wsv')
20240403@074607.7766 rp8fta44inlvh566qncb9tsliv Query : insert into wsftcreationlog (initialftstamp,externalid,creationstatus,documenttypeid,idustamp) values ('aut660cf09269660cfb2f8c','2402472','wait',39,'ari17112337378,753000005')
20240403@074607.7782 rp8fta44inlvh566qncb9tsliv Query : use flama_phc
20240403@074607.7786 rp8fta44inlvh566qncb9tsliv Query : update u_wsusers set rqsttoken =? where userid ='userls001'
20240403@074607.7797 rp8fta44inlvh566qncb9tsliv Query : select concat(rtrim(relative_path),ltrim(name_new)) as valor from uploadfiles where uploadfile_id='918';
20240403@074607.7814 rp8fta44inlvh566qncb9tsliv Query : update uploadfiles set whenupdated=current_timestamp where uploadfile_id='918';
20240403@074607.7828 rp8fta44inlvh566qncb9tsliv Query : select concat(rtrim(relative_path),ltrim(name_new)) as valor from uploadfiles where uploadfile_id='918';
20240403@074607.7842 rp8fta44inlvh566qncb9tsliv Query : update uploadfiles set whenupdated=current_timestamp where uploadfile_id='918';
20240403@074607.8398 q95kuvpf3hr85rd5hci0inllg7 Query : insert into uploadfiles ( name_original, name_new, option_type, relative_path, whencreated ) values ( ?, ?, ?, ?, getdate() )
20240403@074607.8411 q95kuvpf3hr85rd5hci0inllg7 Query : select uploadfile_id valor from uploadfiles where name_new = ? and option_type = ? 
20240403@074607.8431 q95kuvpf3hr85rd5hci0inllg7 Query : select concat(rtrim(relative_path),ltrim(name_new)) as valor from uploadfiles where uploadfile_id='919';
20240403@074607.8473 q95kuvpf3hr85rd5hci0inllg7 Query : update uploadfiles set whenupdated=current_timestamp where uploadfile_id='919';
20240403@074607.8490 q95kuvpf3hr85rd5hci0inllg7 Query : select concat(rtrim(relative_path),ltrim(name_new)) as valor from uploadfiles where uploadfile_id='919';
20240403@074607.8506 q95kuvpf3hr85rd5hci0inllg7 Query : update uploadfiles set whenupdated=current_timestamp where uploadfile_id='919';
20240403@074607.8520 q95kuvpf3hr85rd5hci0inllg7 Query : use flama_phc
20240403@074607.8524 q95kuvpf3hr85rd5hci0inllg7 Query : select top 1 secretkey valor from u_wsusers u where u.userid = ? and u.inactivo=0
20240403@074607.8538 q95kuvpf3hr85rd5hci0inllg7 Query : use flama_phc
20240403@074607.8542 q95kuvpf3hr85rd5hci0inllg7 Query : select no, estab,szadrsdesc from szadrs where u_coddest=4740
20240403@074607.8583 q95kuvpf3hr85rd5hci0inllg7 Query : select top 1 isnull(design,'') valor from st (nolock) left join stobs (nolock) on st.ref = stobs.ref where st.ref = '325.16901.001'
20240403@074607.8752 q95kuvpf3hr85rd5hci0inllg7 Query : select top 1 bistamp valor from bi inner join bo on bo.bostamp=bi.bostamp where bo.ndos =240 and bo.boano =2024 and bo.obrano = 2402473 and bi.ref ='325.16901.001' and bi.lordem =1
20240403@074607.9179 q95kuvpf3hr85rd5hci0inllg7 Query : select top 1 isnull(design,'') valor from st (nolock) left join stobs (nolock) on st.ref = stobs.ref where st.ref = '324.1684.00.1'
20240403@074608.5900 q95kuvpf3hr85rd5hci0inllg7 Query : select top 1 bistamp valor from bi inner join bo on bo.bostamp=bi.bostamp where bo.ndos =240 and bo.boano =2024 and bo.obrano = 2402473 and bi.ref ='324.1684.00.1' and bi.lordem =2
20240403@074608.9560 q95kuvpf3hr85rd5hci0inllg7 Query : use flama_phc
20240403@074608.1040 q95kuvpf3hr85rd5hci0inllg7 Query : select top 1 convert(date,fdata) valor from ft where ndoc = 39 and anulado= 0 and fno>0 order by fdata desc
20240403@074608.1256 q95kuvpf3hr85rd5hci0inllg7 Query : use flama_phc
20240403@074608.1260 q95kuvpf3hr85rd5hci0inllg7 Query : select top 1 1 valor from td where td.ndoc = 39
20240403@074608.1271 q95kuvpf3hr85rd5hci0inllg7 Query : use flama_phc
20240403@074608.1274 q95kuvpf3hr85rd5hci0inllg7 Query : select descricao ,case when valor='s' then 1 else 0 end usalotes from para1 where descricao in ('st_lote')
20240403@074608.1285 q95kuvpf3hr85rd5hci0inllg7 Query : select top 1 assinadoc issigned ,td.lancasl stocks ,'cl' origin ,case when (cmsl between 1 and 50 ) then 1 else 0 end entrada ,case when (cmsl>50 ) then 1 else 0 end saida ,~lotestock validatestock ,tiposaft from td inner join td2 on td.tdstamp=td2.td2stamp where td.ndoc =39
20240403@074608.1299 q95kuvpf3hr85rd5hci0inllg7 Query : use flama_phc
20240403@074608.1304 q95kuvpf3hr85rd5hci0inllg7 Query : select top 1 ~inactivo valor from cl where no = '100810' and estab = 0 order by inactivo desc
20240403@074608.1315 q95kuvpf3hr85rd5hci0inllg7 Query : use flama_phc
20240403@074608.1317 q95kuvpf3hr85rd5hci0inllg7 Query : select top 1 tipodoc,regrd from td where ndoc = 39
20240403@074608.1328 q95kuvpf3hr85rd5hci0inllg7 Query : use flama_phc
20240403@074608.1331 q95kuvpf3hr85rd5hci0inllg7 Query : select szadrsstamp valor from szadrs where szadrsdesc='espaÇotrans,lda'
20240403@074608.1341 q95kuvpf3hr85rd5hci0inllg7 Query : use flama_phc
20240403@074608.1344 q95kuvpf3hr85rd5hci0inllg7 Query : select szadrsstamp valor from szadrs where szadrsdesc='100810 - worten-equipamentos para o lar,sa.'
20240403@074608.1355 q95kuvpf3hr85rd5hci0inllg7 Query : use flama_phc
20240403@074608.1357 q95kuvpf3hr85rd5hci0inllg7 Query : select 1 valor from td where ndoc = 39
20240403@074608.1367 q95kuvpf3hr85rd5hci0inllg7 Query : select top 1 manternumero, tiposaft, nmdos,td.assinadoc from td where td.ndoc = 39
20240403@074608.1379 q95kuvpf3hr85rd5hci0inllg7 Query : select 1 valor from information_schema.tables where table_type='base table' and table_name='wsft039fields'
20240403@074608.1392 q95kuvpf3hr85rd5hci0inllg7 Query : select fieldkey,fieldname,fieldtype,mandatory from wsft039fields
20240403@074608.1409 q95kuvpf3hr85rd5hci0inllg7 Query : select 1 valor from information_schema.tables where table_type='base table' and table_name='wsft2039fields'
20240403@074608.1423 q95kuvpf3hr85rd5hci0inllg7 Query : select fieldkey,fieldname,fieldtype,mandatory from wsft2039fields
20240403@074608.1449 q95kuvpf3hr85rd5hci0inllg7 Query : select 1 valor from information_schema.tables where table_type='base table' and table_name='wsft3039fields'
20240403@074608.1462 q95kuvpf3hr85rd5hci0inllg7 Query : select fieldkey,fieldname,fieldtype,mandatory from wsft3039fields
20240403@074608.1472 q95kuvpf3hr85rd5hci0inllg7 Query : select top 1 ft.fno valor from ft ft where ft.ndoc = 39 and ftano=2024 order by fno desc
20240403@074608.1568 q95kuvpf3hr85rd5hci0inllg7 Query : select top 1 ft.fno valor from wsft039data ft where ft.ndoc = 39 and ftano=2024 order by fno desc
20240403@074608.1579 q95kuvpf3hr85rd5hci0inllg7 Query : select 1 valor from information_schema.tables where table_type='base table' and table_name='wsft3039fields'
20240403@074608.1593 q95kuvpf3hr85rd5hci0inllg7 Query : select fieldkey,fieldname,fieldtype,calcformula from wsft3039fields
20240403@074608.1603 q95kuvpf3hr85rd5hci0inllg7 Query : insert into wsft3039data (ft3stamp, ousrdata, ousrhora, usrdata,usrhora,ousrinis,usrinis,taxpointdt ) values ('aut660cf68096660cfb3023' ,getdate(),convert(char(8),convert (time,getdate())),getdate(),convert(char(8),convert (time,getdate())),'wsv','wsv',?)
20240403@074608.1771 q95kuvpf3hr85rd5hci0inllg7 Query : select 1 valor from information_schema.tables where table_type='base table' and table_name='wsft2039fields'
20240403@074608.1786 q95kuvpf3hr85rd5hci0inllg7 Query : select fieldkey,fieldname,fieldtype,calcformula from wsft2039fields
20240403@074608.1813 q95kuvpf3hr85rd5hci0inllg7 Query : select top 1 bo.u_nomeenv valor from bo where bo.bostamp=''
20240403@074608.1818 q95kuvpf3hr85rd5hci0inllg7 Query : select top 1 bo.u_moradaen valor from bo where bo.bostamp=''
20240403@074608.1822 q95kuvpf3hr85rd5hci0inllg7 Query : select top 1 bo.u_codposen valor from bo where bo.bostamp=''
20240403@074608.1827 q95kuvpf3hr85rd5hci0inllg7 Query : select top 1 bo.u_localenv valor from bo where bo.bostamp=''
20240403@074608.1832 q95kuvpf3hr85rd5hci0inllg7 Query : select top 1 bo.trab5 valor from bo where bo.bostamp=''
20240403@074608.1837 q95kuvpf3hr85rd5hci0inllg7 Query : select top 1 bo.serie valor from bo where bo.bostamp=''
20240403@074608.1842 q95kuvpf3hr85rd5hci0inllg7 Query : insert into wsft2039data (ft2stamp, ousrdata,ousrhora, usrdata,usrhora,ousrinis,usrinis,u_nomeenv ,u_moradaen ,u_codposen ,u_localenv ,u_coddest ,u_codby ) values ('aut660cf68096660cfb3023',getdate(),convert(char(8),convert (time,getdate())),getdate(),convert(char(8),convert (time,getdate())),'wsv','wsv',?,?,?,?,?,?)
20240403@074608.2089 q95kuvpf3hr85rd5hci0inllg7 Query : select top 1 fno valor from wsft039data order by fno desc
20240403@074608.2106 q95kuvpf3hr85rd5hci0inllg7 Query : select 1 valor from information_schema.tables where table_type='base table' and table_name='wsft039fields'
20240403@074608.2120 q95kuvpf3hr85rd5hci0inllg7 Query : select fieldkey,fieldname,fieldtype,calcformula from wsft039fields
20240403@074608.2137 q95kuvpf3hr85rd5hci0inllg7 Query : insert into wsft039data (ftstamp, ousrdata,ousrhora, usrdata,usrhora,ousrinis,usrinis,fno,no,estab,fdata,ndoc,moeda,cambio,cambiofixo,ftano,cdata,chora,carga,descar,site ,classe ) values ('aut660cf68096660cfb3023',getdate(),convert(char(8),convert (time,getdate())),getdate(),convert(char(8),convert (time,getdate())),'wsv','wsv',702,100810,0,'2024-04-03',39,'euro',0,0,2024 ,'20240403','0816',?,?,?,?)
20240403@074608.2413 q95kuvpf3hr85rd5hci0inllg7 Query : use flama_phc
20240403@074608.2417 q95kuvpf3hr85rd5hci0inllg7 Query : select st.usalote valor from st where st.ref = '325.16901.001'
20240403@074608.2430 q95kuvpf3hr85rd5hci0inllg7 Query : select top 1 st.tabiva ,st.ivaincl ,st.stns ,st.uni2 ,st.familia ,isnull(tx.taxa, 0) txiva ,unidade ,usalote ,epcpond ,noserie from st left join taxasiva tx on st.tabiva = tx.codigo where st.ref = '325.16901.001'
20240403@074608.2771 q95kuvpf3hr85rd5hci0inllg7 Query : select 1 valor from information_schema.tables where table_type='base table' and table_name='wsfi039fields'
20240403@074608.2794 q95kuvpf3hr85rd5hci0inllg7 Query : select fieldkey,fieldname,fieldtype,mandatory from wsfi039fields
20240403@074608.2819 q95kuvpf3hr85rd5hci0inllg7 Query : select 1 valor from information_schema.tables where table_type='base table' and table_name='wsfi2039fields'
20240403@074608.2832 q95kuvpf3hr85rd5hci0inllg7 Query : select fieldkey,fieldname,fieldtype,mandatory from wsfi2039fields
20240403@074608.2836 q95kuvpf3hr85rd5hci0inllg7 Query : select sestamp valor from se where ref ='325.16901.001' and lote = '25/11'
20240403@074608.2861 q95kuvpf3hr85rd5hci0inllg7 Query : select top 1 convert(numeric(6,2),t.taxa) valor from taxasiva t where t.codigo='2'
20240403@074608.2899 q95kuvpf3hr85rd5hci0inllg7 Query : select 1 valor from information_schema.tables where table_type='base table' and table_name='wsfi039fields'
20240403@074608.2912 q95kuvpf3hr85rd5hci0inllg7 Query : select fieldkey,fieldname,fieldtype,calcformula from wsfi039fields
20240403@074608.2936 q95kuvpf3hr85rd5hci0inllg7 Query : insert into wsfi039data (fistamp,ousrdata, ousrhora, usrdata,usrhora,ousrinis,usrinis ,qtt ,ftstamp ,epv,pvmoeda ,tabiva,iva,lordem ,ref, design ,lote,armazem,bistamp ) values ('aut660cf47599660cfb3046',getdate(),convert(char(8),convert (time,getdate())),getdate(),convert(char(8),convert (time,getdate())),'wsv','wsv',4.000 ,'aut660cf68096660cfb3023' ,0,0 ,2,23.00,10000,?,?,?,?,?)
20240403@074608.3203 q95kuvpf3hr85rd5hci0inllg7 Query : select 1 valor from information_schema.tables where table_type='base table' and table_name='wsfi2039fields'
20240403@074608.3221 q95kuvpf3hr85rd5hci0inllg7 Query : select fieldkey,fieldname,fieldtype,calcformula from wsfi2039fields
20240403@074608.3227 q95kuvpf3hr85rd5hci0inllg7 Query : insert into wsfi2039data (fi2stamp,ftstamp ,ousrdata, ousrhora, usrdata,usrhora,ousrinis,usrinis) values ('aut660cf47599660cfb3046','aut660cf68096660cfb3023' ,getdate(),convert(char(8),convert (time,getdate())),getdate(),convert(char(8),convert (time,getdate())),'wsv','wsv')
20240403@074608.3232 q95kuvpf3hr85rd5hci0inllg7 Query : use flama_phc
20240403@074608.3235 q95kuvpf3hr85rd5hci0inllg7 Query : select st.usalote valor from st where st.ref = '324.1684.00.1'
20240403@074608.3248 q95kuvpf3hr85rd5hci0inllg7 Query : select top 1 st.tabiva ,st.ivaincl ,st.stns ,st.uni2 ,st.familia ,isnull(tx.taxa, 0) txiva ,unidade ,usalote ,epcpond ,noserie from st left join taxasiva tx on st.tabiva = tx.codigo where st.ref = '324.1684.00.1'
20240403@074608.3394 q95kuvpf3hr85rd5hci0inllg7 Query : select 1 valor from information_schema.tables where table_type='base table' and table_name='wsfi039fields'
20240403@074608.3409 q95kuvpf3hr85rd5hci0inllg7 Query : select fieldkey,fieldname,fieldtype,mandatory from wsfi039fields
20240403@074608.3600 q95kuvpf3hr85rd5hci0inllg7 Query : select 1 valor from information_schema.tables where table_type='base table' and table_name='wsfi2039fields'
20240403@074608.3653 q95kuvpf3hr85rd5hci0inllg7 Query : select fieldkey,fieldname,fieldtype,mandatory from wsfi2039fields
20240403@074608.3658 q95kuvpf3hr85rd5hci0inllg7 Query : select sestamp valor from se where ref ='324.1684.00.1' and lote = 'r2301217200a'
20240403@074608.3670 q95kuvpf3hr85rd5hci0inllg7 Query : select top 1 convert(numeric(6,2),t.taxa) valor from taxasiva t where t.codigo='2'
20240403@074608.3680 q95kuvpf3hr85rd5hci0inllg7 Query : select 1 valor from information_schema.tables where table_type='base table' and table_name='wsfi039fields'
20240403@074608.3695 q95kuvpf3hr85rd5hci0inllg7 Query : select fieldkey,fieldname,fieldtype,calcformula from wsfi039fields
20240403@074608.3721 q95kuvpf3hr85rd5hci0inllg7 Query : insert into wsfi039data (fistamp,ousrdata, ousrhora, usrdata,usrhora,ousrinis,usrinis ,qtt ,ftstamp ,epv,pvmoeda ,tabiva,iva,lordem ,ref, design ,lote,armazem,bistamp ) values ('aut660cf79388660cfb3059',getdate(),convert(char(8),convert (time,getdate())),getdate(),convert(char(8),convert (time,getdate())),'wsv','wsv',1.000 ,'aut660cf68096660cfb3023' ,0,0 ,2,23.00,20000,?,?,?,?,?)
20240403@074608.3992 q95kuvpf3hr85rd5hci0inllg7 Query : select 1 valor from information_schema.tables where table_type='base table' and table_name='wsfi2039fields'
20240403@074608.5069 q95kuvpf3hr85rd5hci0inllg7 Query : select fieldkey,fieldname,fieldtype,calcformula from wsfi2039fields
20240403@074608.5277 q95kuvpf3hr85rd5hci0inllg7 Query : insert into wsfi2039data (fi2stamp,ftstamp ,ousrdata, ousrhora, usrdata,usrhora,ousrinis,usrinis) values ('aut660cf79388660cfb3059','aut660cf68096660cfb3023' ,getdate(),convert(char(8),convert (time,getdate())),getdate(),convert(char(8),convert (time,getdate())),'wsv','wsv')
20240403@074608.5287 q95kuvpf3hr85rd5hci0inllg7 Query : insert into wsftcreationlog (initialftstamp,externalid,creationstatus,documenttypeid,idustamp) values ('aut660cf68096660cfb3023','2402473','wait',39,'ari17112337378,753000005')
20240403@074608.5306 q95kuvpf3hr85rd5hci0inllg7 Query : use flama_phc
20240403@074608.5318 q95kuvpf3hr85rd5hci0inllg7 Query : update u_wsusers set rqsttoken =? where userid ='userls001'
20240403@074608.5329 q95kuvpf3hr85rd5hci0inllg7 Query : select concat(rtrim(relative_path),ltrim(name_new)) as valor from uploadfiles where uploadfile_id='919';
20240403@074608.5349 q95kuvpf3hr85rd5hci0inllg7 Query : update uploadfiles set whenupdated=current_timestamp where uploadfile_id='919';
20240403@074608.5368 q95kuvpf3hr85rd5hci0inllg7 Query : select concat(rtrim(relative_path),ltrim(name_new)) as valor from uploadfiles where uploadfile_id='919';
20240403@074608.5382 q95kuvpf3hr85rd5hci0inllg7 Query : update uploadfiles set whenupdated=current_timestamp where uploadfile_id='919';
20240403@074608.5755 as67fmoibfof12uutlbj1c2312 Query : insert into uploadfiles ( name_original, name_new, option_type, relative_path, whencreated ) values ( ?, ?, ?, ?, getdate() )
20240403@074608.5768 as67fmoibfof12uutlbj1c2312 Query : select uploadfile_id valor from uploadfiles where name_new = ? and option_type = ? 
20240403@074608.5787 as67fmoibfof12uutlbj1c2312 Query : select concat(rtrim(relative_path),ltrim(name_new)) as valor from uploadfiles where uploadfile_id='920';
20240403@074608.5829 as67fmoibfof12uutlbj1c2312 Query : update uploadfiles set whenupdated=current_timestamp where uploadfile_id='920';
20240403@074608.5845 as67fmoibfof12uutlbj1c2312 Query : select concat(rtrim(relative_path),ltrim(name_new)) as valor from uploadfiles where uploadfile_id='920';
20240403@074608.5858 as67fmoibfof12uutlbj1c2312 Query : update uploadfiles set whenupdated=current_timestamp where uploadfile_id='920';
20240403@074608.5871 as67fmoibfof12uutlbj1c2312 Query : use flama_phc
20240403@074608.5875 as67fmoibfof12uutlbj1c2312 Query : select top 1 secretkey valor from u_wsusers u where u.userid = ? and u.inactivo=0
20240403@074608.5887 as67fmoibfof12uutlbj1c2312 Query : use flama_phc
20240403@074608.5890 as67fmoibfof12uutlbj1c2312 Query : select no, estab,szadrsdesc from szadrs where u_coddest=4740
20240403@074608.5928 as67fmoibfof12uutlbj1c2312 Query : select top 1 isnull(design,'') valor from st (nolock) left join stobs (nolock) on st.ref = stobs.ref where st.ref = '324.1470.00.1'
20240403@074608.5938 as67fmoibfof12uutlbj1c2312 Query : select top 1 bistamp valor from bi inner join bo on bo.bostamp=bi.bostamp where bo.ndos =240 and bo.boano =2024 and bo.obrano = 2402474 and bi.ref ='324.1470.00.1' and bi.lordem =1
20240403@074608.6426 as67fmoibfof12uutlbj1c2312 Query : use flama_phc
20240403@074608.6469 as67fmoibfof12uutlbj1c2312 Query : select top 1 convert(date,fdata) valor from ft where ndoc = 39 and anulado= 0 and fno>0 order by fdata desc
20240403@074608.6558 as67fmoibfof12uutlbj1c2312 Query : use flama_phc
20240403@074608.6562 as67fmoibfof12uutlbj1c2312 Query : select top 1 1 valor from td where td.ndoc = 39
20240403@074608.6572 as67fmoibfof12uutlbj1c2312 Query : use flama_phc
20240403@074608.6575 as67fmoibfof12uutlbj1c2312 Query : select descricao ,case when valor='s' then 1 else 0 end usalotes from para1 where descricao in ('st_lote')
20240403@074608.6585 as67fmoibfof12uutlbj1c2312 Query : select top 1 assinadoc issigned ,td.lancasl stocks ,'cl' origin ,case when (cmsl between 1 and 50 ) then 1 else 0 end entrada ,case when (cmsl>50 ) then 1 else 0 end saida ,~lotestock validatestock ,tiposaft from td inner join td2 on td.tdstamp=td2.td2stamp where td.ndoc =39
20240403@074608.6599 as67fmoibfof12uutlbj1c2312 Query : use flama_phc
20240403@074608.6602 as67fmoibfof12uutlbj1c2312 Query : select top 1 ~inactivo valor from cl where no = '100810' and estab = 0 order by inactivo desc
20240403@074608.6614 as67fmoibfof12uutlbj1c2312 Query : use flama_phc
20240403@074608.6618 as67fmoibfof12uutlbj1c2312 Query : select top 1 tipodoc,regrd from td where ndoc = 39
20240403@074608.6628 as67fmoibfof12uutlbj1c2312 Query : use flama_phc
20240403@074608.6631 as67fmoibfof12uutlbj1c2312 Query : select szadrsstamp valor from szadrs where szadrsdesc='espaÇotrans,lda'
20240403@074608.6641 as67fmoibfof12uutlbj1c2312 Query : use flama_phc
20240403@074608.6644 as67fmoibfof12uutlbj1c2312 Query : select szadrsstamp valor from szadrs where szadrsdesc='100810 - worten-equipamentos para o lar,sa.'
20240403@074608.6655 as67fmoibfof12uutlbj1c2312 Query : use flama_phc
20240403@074608.6658 as67fmoibfof12uutlbj1c2312 Query : select 1 valor from td where ndoc = 39
20240403@074608.6667 as67fmoibfof12uutlbj1c2312 Query : select top 1 manternumero, tiposaft, nmdos,td.assinadoc from td where td.ndoc = 39
20240403@074608.6678 as67fmoibfof12uutlbj1c2312 Query : select 1 valor from information_schema.tables where table_type='base table' and table_name='wsft039fields'
20240403@074608.6691 as67fmoibfof12uutlbj1c2312 Query : select fieldkey,fieldname,fieldtype,mandatory from wsft039fields
20240403@074608.6707 as67fmoibfof12uutlbj1c2312 Query : select 1 valor from information_schema.tables where table_type='base table' and table_name='wsft2039fields'
20240403@074608.6719 as67fmoibfof12uutlbj1c2312 Query : select fieldkey,fieldname,fieldtype,mandatory from wsft2039fields
20240403@074608.6747 as67fmoibfof12uutlbj1c2312 Query : select 1 valor from information_schema.tables where table_type='base table' and table_name='wsft3039fields'
20240403@074608.6764 as67fmoibfof12uutlbj1c2312 Query : select fieldkey,fieldname,fieldtype,mandatory from wsft3039fields
20240403@074608.6774 as67fmoibfof12uutlbj1c2312 Query : select top 1 ft.fno valor from ft ft where ft.ndoc = 39 and ftano=2024 order by fno desc
20240403@074608.6890 as67fmoibfof12uutlbj1c2312 Query : select top 1 ft.fno valor from wsft039data ft where ft.ndoc = 39 and ftano=2024 order by fno desc
20240403@074608.6900 as67fmoibfof12uutlbj1c2312 Query : select 1 valor from information_schema.tables where table_type='base table' and table_name='wsft3039fields'
20240403@074608.6914 as67fmoibfof12uutlbj1c2312 Query : select fieldkey,fieldname,fieldtype,calcformula from wsft3039fields
20240403@074608.6925 as67fmoibfof12uutlbj1c2312 Query : insert into wsft3039data (ft3stamp, ousrdata, ousrhora, usrdata,usrhora,ousrinis,usrinis,taxpointdt ) values ('aut660cf10715660cfb30a5' ,getdate(),convert(char(8),convert (time,getdate())),getdate(),convert(char(8),convert (time,getdate())),'wsv','wsv',?)
20240403@074608.7102 as67fmoibfof12uutlbj1c2312 Query : select 1 valor from information_schema.tables where table_type='base table' and table_name='wsft2039fields'
20240403@074608.7118 as67fmoibfof12uutlbj1c2312 Query : select fieldkey,fieldname,fieldtype,calcformula from wsft2039fields
20240403@074608.7150 as67fmoibfof12uutlbj1c2312 Query : select top 1 bo.u_nomeenv valor from bo where bo.bostamp=''
20240403@074608.7155 as67fmoibfof12uutlbj1c2312 Query : select top 1 bo.u_moradaen valor from bo where bo.bostamp=''
20240403@074608.7160 as67fmoibfof12uutlbj1c2312 Query : select top 1 bo.u_codposen valor from bo where bo.bostamp=''
20240403@074608.7167 as67fmoibfof12uutlbj1c2312 Query : select top 1 bo.u_localenv valor from bo where bo.bostamp=''
20240403@074608.7172 as67fmoibfof12uutlbj1c2312 Query : select top 1 bo.trab5 valor from bo where bo.bostamp=''
20240403@074608.7178 as67fmoibfof12uutlbj1c2312 Query : select top 1 bo.serie valor from bo where bo.bostamp=''
20240403@074608.7182 as67fmoibfof12uutlbj1c2312 Query : insert into wsft2039data (ft2stamp, ousrdata,ousrhora, usrdata,usrhora,ousrinis,usrinis,u_nomeenv ,u_moradaen ,u_codposen ,u_localenv ,u_coddest ,u_codby ) values ('aut660cf10715660cfb30a5',getdate(),convert(char(8),convert (time,getdate())),getdate(),convert(char(8),convert (time,getdate())),'wsv','wsv',?,?,?,?,?,?)
20240403@074608.7437 as67fmoibfof12uutlbj1c2312 Query : select top 1 fno valor from wsft039data order by fno desc
20240403@074608.7457 as67fmoibfof12uutlbj1c2312 Query : select 1 valor from information_schema.tables where table_type='base table' and table_name='wsft039fields'
20240403@074608.7471 as67fmoibfof12uutlbj1c2312 Query : select fieldkey,fieldname,fieldtype,calcformula from wsft039fields
20240403@074608.7488 as67fmoibfof12uutlbj1c2312 Query : insert into wsft039data (ftstamp, ousrdata,ousrhora, usrdata,usrhora,ousrinis,usrinis,fno,no,estab,fdata,ndoc,moeda,cambio,cambiofixo,ftano,cdata,chora,carga,descar,site ,classe ) values ('aut660cf10715660cfb30a5',getdate(),convert(char(8),convert (time,getdate())),getdate(),convert(char(8),convert (time,getdate())),'wsv','wsv',703,100810,0,'2024-04-03',39,'euro',0,0,2024 ,'20240403','0816',?,?,?,?)
20240403@074608.7781 as67fmoibfof12uutlbj1c2312 Query : use flama_phc
20240403@074608.7784 as67fmoibfof12uutlbj1c2312 Query : select st.usalote valor from st where st.ref = '324.1470.00.1'
20240403@074608.7797 as67fmoibfof12uutlbj1c2312 Query : select top 1 st.tabiva ,st.ivaincl ,st.stns ,st.uni2 ,st.familia ,isnull(tx.taxa, 0) txiva ,unidade ,usalote ,epcpond ,noserie from st left join taxasiva tx on st.tabiva = tx.codigo where st.ref = '324.1470.00.1'
20240403@074608.7807 as67fmoibfof12uutlbj1c2312 Query : select 1 valor from information_schema.tables where table_type='base table' and table_name='wsfi039fields'
20240403@074608.7820 as67fmoibfof12uutlbj1c2312 Query : select fieldkey,fieldname,fieldtype,mandatory from wsfi039fields
20240403@074608.7842 as67fmoibfof12uutlbj1c2312 Query : select 1 valor from information_schema.tables where table_type='base table' and table_name='wsfi2039fields'
20240403@074608.7867 as67fmoibfof12uutlbj1c2312 Query : select fieldkey,fieldname,fieldtype,mandatory from wsfi2039fields
20240403@074608.7871 as67fmoibfof12uutlbj1c2312 Query : select sestamp valor from se where ref ='324.1470.00.1' and lote = 'r2100312200a'
20240403@074608.7880 as67fmoibfof12uutlbj1c2312 Query : select top 1 convert(numeric(6,2),t.taxa) valor from taxasiva t where t.codigo='2'
20240403@074608.7889 as67fmoibfof12uutlbj1c2312 Query : select 1 valor from information_schema.tables where table_type='base table' and table_name='wsfi039fields'
20240403@074608.7901 as67fmoibfof12uutlbj1c2312 Query : select fieldkey,fieldname,fieldtype,calcformula from wsfi039fields
20240403@074608.7924 as67fmoibfof12uutlbj1c2312 Query : insert into wsfi039data (fistamp,ousrdata, ousrhora, usrdata,usrhora,ousrinis,usrinis ,qtt ,ftstamp ,epv,pvmoeda ,tabiva,iva,lordem ,ref, design ,lote,armazem,bistamp ) values ('aut660cf90189660cfb30c0',getdate(),convert(char(8),convert (time,getdate())),getdate(),convert(char(8),convert (time,getdate())),'wsv','wsv',30.000 ,'aut660cf10715660cfb30a5' ,0,0 ,2,23.00,10000,?,?,?,?,?)
20240403@074608.8252 as67fmoibfof12uutlbj1c2312 Query : select 1 valor from information_schema.tables where table_type='base table' and table_name='wsfi2039fields'
20240403@074608.8267 as67fmoibfof12uutlbj1c2312 Query : select fieldkey,fieldname,fieldtype,calcformula from wsfi2039fields
20240403@074608.8271 as67fmoibfof12uutlbj1c2312 Query : insert into wsfi2039data (fi2stamp,ftstamp ,ousrdata, ousrhora, usrdata,usrhora,ousrinis,usrinis) values ('aut660cf90189660cfb30c0','aut660cf10715660cfb30a5' ,getdate(),convert(char(8),convert (time,getdate())),getdate(),convert(char(8),convert (time,getdate())),'wsv','wsv')
20240403@074608.8275 as67fmoibfof12uutlbj1c2312 Query : insert into wsftcreationlog (initialftstamp,externalid,creationstatus,documenttypeid,idustamp) values ('aut660cf10715660cfb30a5','2402474','wait',39,'ari17112337378,753000005')
20240403@074608.8290 as67fmoibfof12uutlbj1c2312 Query : use flama_phc
20240403@074608.8293 as67fmoibfof12uutlbj1c2312 Query : update u_wsusers set rqsttoken =? where userid ='userls001'
20240403@074608.8304 as67fmoibfof12uutlbj1c2312 Query : select concat(rtrim(relative_path),ltrim(name_new)) as valor from uploadfiles where uploadfile_id='920';
20240403@074608.8322 as67fmoibfof12uutlbj1c2312 Query : update uploadfiles set whenupdated=current_timestamp where uploadfile_id='920';
20240403@074608.8336 as67fmoibfof12uutlbj1c2312 Query : select concat(rtrim(relative_path),ltrim(name_new)) as valor from uploadfiles where uploadfile_id='920';
20240403@074608.8350 as67fmoibfof12uutlbj1c2312 Query : update uploadfiles set whenupdated=current_timestamp where uploadfile_id='920';
20240403@074608.8720 7evg7ravneg88lpvd68jjmvrg5 Query : insert into uploadfiles ( name_original, name_new, option_type, relative_path, whencreated ) values ( ?, ?, ?, ?, getdate() )
20240403@074608.8733 7evg7ravneg88lpvd68jjmvrg5 Query : select uploadfile_id valor from uploadfiles where name_new = ? and option_type = ? 
20240403@074608.8751 7evg7ravneg88lpvd68jjmvrg5 Query : select concat(rtrim(relative_path),ltrim(name_new)) as valor from uploadfiles where uploadfile_id='921';
20240403@074608.8794 7evg7ravneg88lpvd68jjmvrg5 Query : update uploadfiles set whenupdated=current_timestamp where uploadfile_id='921';
20240403@074608.8810 7evg7ravneg88lpvd68jjmvrg5 Query : select concat(rtrim(relative_path),ltrim(name_new)) as valor from uploadfiles where uploadfile_id='921';
20240403@074608.8824 7evg7ravneg88lpvd68jjmvrg5 Query : update uploadfiles set whenupdated=current_timestamp where uploadfile_id='921';
20240403@074608.8837 7evg7ravneg88lpvd68jjmvrg5 Query : use flama_phc
20240403@074608.8841 7evg7ravneg88lpvd68jjmvrg5 Query : select top 1 secretkey valor from u_wsusers u where u.userid = ? and u.inactivo=0
20240403@074608.8853 7evg7ravneg88lpvd68jjmvrg5 Query : use flama_phc
20240403@074608.8856 7evg7ravneg88lpvd68jjmvrg5 Query : select no, estab,szadrsdesc from szadrs where u_coddest=4743
20240403@074608.8935 7evg7ravneg88lpvd68jjmvrg5 Query : select top 1 isnull(design,'') valor from st (nolock) left join stobs (nolock) on st.ref = stobs.ref where st.ref = '324.958.00.01'
20240403@074608.8946 7evg7ravneg88lpvd68jjmvrg5 Query : select top 1 bistamp valor from bi inner join bo on bo.bostamp=bi.bostamp where bo.ndos =240 and bo.boano =2024 and bo.obrano = 2402475 and bi.ref ='324.958.00.01' and bi.lordem =1
20240403@074608.9277 7evg7ravneg88lpvd68jjmvrg5 Query : select top 1 isnull(design,'') valor from st (nolock) left join stobs (nolock) on st.ref = stobs.ref where st.ref = '324.958.00.01'
20240403@074608.9288 7evg7ravneg88lpvd68jjmvrg5 Query : select top 1 bistamp valor from bi inner join bo on bo.bostamp=bi.bostamp where bo.ndos =240 and bo.boano =2024 and bo.obrano = 2402475 and bi.ref ='324.958.00.01' and bi.lordem =1
20240403@074608.9293 7evg7ravneg88lpvd68jjmvrg5 Query : select top 1 isnull(design,'') valor from st (nolock) left join stobs (nolock) on st.ref = stobs.ref where st.ref = '324.958.00.01'
20240403@074608.9302 7evg7ravneg88lpvd68jjmvrg5 Query : select top 1 bistamp valor from bi inner join bo on bo.bostamp=bi.bostamp where bo.ndos =240 and bo.boano =2024 and bo.obrano = 2402475 and bi.ref ='324.958.00.01' and bi.lordem =1
20240403@074608.9307 7evg7ravneg88lpvd68jjmvrg5 Query : select top 1 isnull(design,'') valor from st (nolock) left join stobs (nolock) on st.ref = stobs.ref where st.ref = '304.421.00.04'
20240403@074608.9448 7evg7ravneg88lpvd68jjmvrg5 Query : select top 1 bistamp valor from bi inner join bo on bo.bostamp=bi.bostamp where bo.ndos =240 and bo.boano =2024 and bo.obrano = 2402475 and bi.ref ='304.421.00.04' and bi.lordem =2
20240403@074608.9775 7evg7ravneg88lpvd68jjmvrg5 Query : select top 1 isnull(design,'') valor from st (nolock) left join stobs (nolock) on st.ref = stobs.ref where st.ref = '304.421.00.04'
20240403@074608.9788 7evg7ravneg88lpvd68jjmvrg5 Query : select top 1 bistamp valor from bi inner join bo on bo.bostamp=bi.bostamp where bo.ndos =240 and bo.boano =2024 and bo.obrano = 2402475 and bi.ref ='304.421.00.04' and bi.lordem =2
20240403@074608.9795 7evg7ravneg88lpvd68jjmvrg5 Query : select top 1 isnull(design,'') valor from st (nolock) left join stobs (nolock) on st.ref = stobs.ref where st.ref = '304.421.00.04'
20240403@074608.9805 7evg7ravneg88lpvd68jjmvrg5 Query : select top 1 bistamp valor from bi inner join bo on bo.bostamp=bi.bostamp where bo.ndos =240 and bo.boano =2024 and bo.obrano = 2402475 and bi.ref ='304.421.00.04' and bi.lordem =2
20240403@074608.9811 7evg7ravneg88lpvd68jjmvrg5 Query : select top 1 isnull(design,'') valor from st (nolock) left join stobs (nolock) on st.ref = stobs.ref where st.ref = '304.422.00.07'
20240403@074608.9821 7evg7ravneg88lpvd68jjmvrg5 Query : select top 1 bistamp valor from bi inner join bo on bo.bostamp=bi.bostamp where bo.ndos =240 and bo.boano =2024 and bo.obrano = 2402475 and bi.ref ='304.422.00.07' and bi.lordem =3
20240403@074609.1650 7evg7ravneg88lpvd68jjmvrg5 Query : select top 1 isnull(design,'') valor from st (nolock) left join stobs (nolock) on st.ref = stobs.ref where st.ref = '304.422.00.07'
20240403@074609.1760 7evg7ravneg88lpvd68jjmvrg5 Query : select top 1 bistamp valor from bi inner join bo on bo.bostamp=bi.bostamp where bo.ndos =240 and bo.boano =2024 and bo.obrano = 2402475 and bi.ref ='304.422.00.07' and bi.lordem =3
20240403@074609.1820 7evg7ravneg88lpvd68jjmvrg5 Query : select top 1 isnull(design,'') valor from st (nolock) left join stobs (nolock) on st.ref = stobs.ref where st.ref = '304.422.00.07'
20240403@074609.1930 7evg7ravneg88lpvd68jjmvrg5 Query : select top 1 bistamp valor from bi inner join bo on bo.bostamp=bi.bostamp where bo.ndos =240 and bo.boano =2024 and bo.obrano = 2402475 and bi.ref ='304.422.00.07' and bi.lordem =4
20240403@074609.6670 7evg7ravneg88lpvd68jjmvrg5 Query : select top 1 isnull(design,'') valor from st (nolock) left join stobs (nolock) on st.ref = stobs.ref where st.ref = '324.681.00.01'
20240403@074609.8070 7evg7ravneg88lpvd68jjmvrg5 Query : select top 1 bistamp valor from bi inner join bo on bo.bostamp=bi.bostamp where bo.ndos =240 and bo.boano =2024 and bo.obrano = 2402475 and bi.ref ='324.681.00.01' and bi.lordem =5
20240403@074609.1140 7evg7ravneg88lpvd68jjmvrg5 Query : select top 1 isnull(design,'') valor from st (nolock) left join stobs (nolock) on st.ref = stobs.ref where st.ref = '324.681.00.01'
20240403@074609.1151 7evg7ravneg88lpvd68jjmvrg5 Query : select top 1 bistamp valor from bi inner join bo on bo.bostamp=bi.bostamp where bo.ndos =240 and bo.boano =2024 and bo.obrano = 2402475 and bi.ref ='324.681.00.01' and bi.lordem =5
20240403@074609.1156 7evg7ravneg88lpvd68jjmvrg5 Query : select top 1 isnull(design,'') valor from st (nolock) left join stobs (nolock) on st.ref = stobs.ref where st.ref = '324.681.00.01'
20240403@074609.1166 7evg7ravneg88lpvd68jjmvrg5 Query : select top 1 bistamp valor from bi inner join bo on bo.bostamp=bi.bostamp where bo.ndos =240 and bo.boano =2024 and bo.obrano = 2402475 and bi.ref ='324.681.00.01' and bi.lordem =5
20240403@074609.1171 7evg7ravneg88lpvd68jjmvrg5 Query : select top 1 isnull(design,'') valor from st (nolock) left join stobs (nolock) on st.ref = stobs.ref where st.ref = '324.4970.00.1'
20240403@074609.1181 7evg7ravneg88lpvd68jjmvrg5 Query : select top 1 bistamp valor from bi inner join bo on bo.bostamp=bi.bostamp where bo.ndos =240 and bo.boano =2024 and bo.obrano = 2402475 and bi.ref ='324.4970.00.1' and bi.lordem =6
20240403@074609.1510 7evg7ravneg88lpvd68jjmvrg5 Query : use flama_phc
20240403@074609.1514 7evg7ravneg88lpvd68jjmvrg5 Query : select top 1 convert(date,fdata) valor from ft where ndoc = 39 and anulado= 0 and fno>0 order by fdata desc
20240403@074609.1527 7evg7ravneg88lpvd68jjmvrg5 Query : use flama_phc
20240403@074609.1529 7evg7ravneg88lpvd68jjmvrg5 Query : select top 1 1 valor from td where td.ndoc = 39
20240403@074609.1539 7evg7ravneg88lpvd68jjmvrg5 Query : use flama_phc
20240403@074609.1542 7evg7ravneg88lpvd68jjmvrg5 Query : select descricao ,case when valor='s' then 1 else 0 end usalotes from para1 where descricao in ('st_lote')
20240403@074609.1552 7evg7ravneg88lpvd68jjmvrg5 Query : select top 1 assinadoc issigned ,td.lancasl stocks ,'cl' origin ,case when (cmsl between 1 and 50 ) then 1 else 0 end entrada ,case when (cmsl>50 ) then 1 else 0 end saida ,~lotestock validatestock ,tiposaft from td inner join td2 on td.tdstamp=td2.td2stamp where td.ndoc =39
20240403@074609.1565 7evg7ravneg88lpvd68jjmvrg5 Query : use flama_phc
20240403@074609.1568 7evg7ravneg88lpvd68jjmvrg5 Query : select top 1 ~inactivo valor from cl where no = '101597' and estab = 0 order by inactivo desc
20240403@074609.1680 7evg7ravneg88lpvd68jjmvrg5 Query : use flama_phc
20240403@074609.1683 7evg7ravneg88lpvd68jjmvrg5 Query : select top 1 tipodoc,regrd from td where ndoc = 39
20240403@074609.1693 7evg7ravneg88lpvd68jjmvrg5 Query : use flama_phc
20240403@074609.1696 7evg7ravneg88lpvd68jjmvrg5 Query : select szadrsstamp valor from szadrs where szadrsdesc='espaÇotrans,lda'
20240403@074609.1706 7evg7ravneg88lpvd68jjmvrg5 Query : use flama_phc
20240403@074609.1709 7evg7ravneg88lpvd68jjmvrg5 Query : select szadrsstamp valor from szadrs where szadrsdesc='101597 - auchan retail portugal , sa'
20240403@074609.1723 7evg7ravneg88lpvd68jjmvrg5 Query : use flama_phc
20240403@074609.1726 7evg7ravneg88lpvd68jjmvrg5 Query : select 1 valor from td where ndoc = 39
20240403@074609.1736 7evg7ravneg88lpvd68jjmvrg5 Query : select top 1 manternumero, tiposaft, nmdos,td.assinadoc from td where td.ndoc = 39
20240403@074609.1746 7evg7ravneg88lpvd68jjmvrg5 Query : select 1 valor from information_schema.tables where table_type='base table' and table_name='wsft039fields'
20240403@074609.1762 7evg7ravneg88lpvd68jjmvrg5 Query : select fieldkey,fieldname,fieldtype,mandatory from wsft039fields
20240403@074609.1791 7evg7ravneg88lpvd68jjmvrg5 Query : select 1 valor from information_schema.tables where table_type='base table' and table_name='wsft2039fields'
20240403@074609.1804 7evg7ravneg88lpvd68jjmvrg5 Query : select fieldkey,fieldname,fieldtype,mandatory from wsft2039fields
20240403@074609.1832 7evg7ravneg88lpvd68jjmvrg5 Query : select 1 valor from information_schema.tables where table_type='base table' and table_name='wsft3039fields'
20240403@074609.1845 7evg7ravneg88lpvd68jjmvrg5 Query : select fieldkey,fieldname,fieldtype,mandatory from wsft3039fields
20240403@074609.1854 7evg7ravneg88lpvd68jjmvrg5 Query : select top 1 ft.fno valor from ft ft where ft.ndoc = 39 and ftano=2024 order by fno desc
20240403@074609.1952 7evg7ravneg88lpvd68jjmvrg5 Query : select top 1 ft.fno valor from wsft039data ft where ft.ndoc = 39 and ftano=2024 order by fno desc
20240403@074609.1969 7evg7ravneg88lpvd68jjmvrg5 Query : select 1 valor from information_schema.tables where table_type='base table' and table_name='wsft3039fields'
20240403@074609.1984 7evg7ravneg88lpvd68jjmvrg5 Query : select fieldkey,fieldname,fieldtype,calcformula from wsft3039fields
20240403@074609.1995 7evg7ravneg88lpvd68jjmvrg5 Query : insert into wsft3039data (ft3stamp, ousrdata, ousrhora, usrdata,usrhora,ousrinis,usrinis,taxpointdt ) values ('aut660cf18940660cfb312d' ,getdate(),convert(char(8),convert (time,getdate())),getdate(),convert(char(8),convert (time,getdate())),'wsv','wsv',?)
20240403@074609.2170 7evg7ravneg88lpvd68jjmvrg5 Query : select 1 valor from information_schema.tables where table_type='base table' and table_name='wsft2039fields'
20240403@074609.2186 7evg7ravneg88lpvd68jjmvrg5 Query : select fieldkey,fieldname,fieldtype,calcformula from wsft2039fields
20240403@074609.2218 7evg7ravneg88lpvd68jjmvrg5 Query : select top 1 bo.u_nomeenv valor from bo where bo.bostamp=''
20240403@074609.2224 7evg7ravneg88lpvd68jjmvrg5 Query : select top 1 bo.u_moradaen valor from bo where bo.bostamp=''
20240403@074609.2229 7evg7ravneg88lpvd68jjmvrg5 Query : select top 1 bo.u_codposen valor from bo where bo.bostamp=''
20240403@074609.2234 7evg7ravneg88lpvd68jjmvrg5 Query : select top 1 bo.u_localenv valor from bo where bo.bostamp=''
20240403@074609.2239 7evg7ravneg88lpvd68jjmvrg5 Query : select top 1 bo.trab5 valor from bo where bo.bostamp=''
20240403@074609.2244 7evg7ravneg88lpvd68jjmvrg5 Query : select top 1 bo.serie valor from bo where bo.bostamp=''
20240403@074609.2259 7evg7ravneg88lpvd68jjmvrg5 Query : insert into wsft2039data (ft2stamp, ousrdata,ousrhora, usrdata,usrhora,ousrinis,usrinis,u_nomeenv ,u_moradaen ,u_codposen ,u_localenv ,u_coddest ,u_codby ) values ('aut660cf18940660cfb312d',getdate(),convert(char(8),convert (time,getdate())),getdate(),convert(char(8),convert (time,getdate())),'wsv','wsv',?,?,?,?,?,?)
20240403@074609.2500 7evg7ravneg88lpvd68jjmvrg5 Query : select top 1 fno valor from wsft039data order by fno desc
20240403@074609.2518 7evg7ravneg88lpvd68jjmvrg5 Query : select 1 valor from information_schema.tables where table_type='base table' and table_name='wsft039fields'
20240403@074609.2531 7evg7ravneg88lpvd68jjmvrg5 Query : select fieldkey,fieldname,fieldtype,calcformula from wsft039fields
20240403@074609.2555 7evg7ravneg88lpvd68jjmvrg5 Query : insert into wsft039data (ftstamp, ousrdata,ousrhora, usrdata,usrhora,ousrinis,usrinis,fno,no,estab,fdata,ndoc,moeda,cambio,cambiofixo,ftano,cdata,chora,carga,descar,site ,classe ) values ('aut660cf18940660cfb312d',getdate(),convert(char(8),convert (time,getdate())),getdate(),convert(char(8),convert (time,getdate())),'wsv','wsv',704,101597,0,'2024-04-03',39,'euro',0,0,2024 ,'20240403','0816',?,?,?,?)
20240403@074609.2849 7evg7ravneg88lpvd68jjmvrg5 Query : use flama_phc
20240403@074609.2853 7evg7ravneg88lpvd68jjmvrg5 Query : select st.usalote valor from st where st.ref = '324.958.00.01'
20240403@074609.2866 7evg7ravneg88lpvd68jjmvrg5 Query : select top 1 st.tabiva ,st.ivaincl ,st.stns ,st.uni2 ,st.familia ,isnull(tx.taxa, 0) txiva ,unidade ,usalote ,epcpond ,noserie from st left join taxasiva tx on st.tabiva = tx.codigo where st.ref = '324.958.00.01'
20240403@074609.2877 7evg7ravneg88lpvd68jjmvrg5 Query : select 1 valor from information_schema.tables where table_type='base table' and table_name='wsfi039fields'
20240403@074609.2911 7evg7ravneg88lpvd68jjmvrg5 Query : select fieldkey,fieldname,fieldtype,mandatory from wsfi039fields
20240403@074609.2936 7evg7ravneg88lpvd68jjmvrg5 Query : select 1 valor from information_schema.tables where table_type='base table' and table_name='wsfi2039fields'
20240403@074609.2949 7evg7ravneg88lpvd68jjmvrg5 Query : select fieldkey,fieldname,fieldtype,mandatory from wsfi2039fields
20240403@074609.2953 7evg7ravneg88lpvd68jjmvrg5 Query : select sestamp valor from se where ref ='324.958.00.01' and lote = 'r2301081100a'
20240403@074609.2961 7evg7ravneg88lpvd68jjmvrg5 Query : select top 1 convert(numeric(6,2),t.taxa) valor from taxasiva t where t.codigo='2'
20240403@074609.2995 7evg7ravneg88lpvd68jjmvrg5 Query : select 1 valor from information_schema.tables where table_type='base table' and table_name='wsfi039fields'
20240403@074609.3009 7evg7ravneg88lpvd68jjmvrg5 Query : select fieldkey,fieldname,fieldtype,calcformula from wsfi039fields
20240403@074609.3034 7evg7ravneg88lpvd68jjmvrg5 Query : insert into wsfi039data (fistamp,ousrdata, ousrhora, usrdata,usrhora,ousrinis,usrinis ,qtt ,ftstamp ,epv,pvmoeda ,tabiva,iva,lordem ,ref, design ,lote,armazem,bistamp ) values ('aut660cf60513660cfb3149',getdate(),convert(char(8),convert (time,getdate())),getdate(),convert(char(8),convert (time,getdate())),'wsv','wsv',28.000 ,'aut660cf18940660cfb312d' ,0,0 ,2,23.00,10000,?,?,?,?,?)
20240403@074609.3295 7evg7ravneg88lpvd68jjmvrg5 Query : select 1 valor from information_schema.tables where table_type='base table' and table_name='wsfi2039fields'
20240403@074609.3309 7evg7ravneg88lpvd68jjmvrg5 Query : select fieldkey,fieldname,fieldtype,calcformula from wsfi2039fields
20240403@074609.3313 7evg7ravneg88lpvd68jjmvrg5 Query : insert into wsfi2039data (fi2stamp,ftstamp ,ousrdata, ousrhora, usrdata,usrhora,ousrinis,usrinis) values ('aut660cf60513660cfb3149','aut660cf18940660cfb312d' ,getdate(),convert(char(8),convert (time,getdate())),getdate(),convert(char(8),convert (time,getdate())),'wsv','wsv')
20240403@074609.3318 7evg7ravneg88lpvd68jjmvrg5 Query : use flama_phc
20240403@074609.3322 7evg7ravneg88lpvd68jjmvrg5 Query : select st.usalote valor from st where st.ref = '324.958.00.01'
20240403@074609.3332 7evg7ravneg88lpvd68jjmvrg5 Query : select top 1 st.tabiva ,st.ivaincl ,st.stns ,st.uni2 ,st.familia ,isnull(tx.taxa, 0) txiva ,unidade ,usalote ,epcpond ,noserie from st left join taxasiva tx on st.tabiva = tx.codigo where st.ref = '324.958.00.01'
20240403@074609.3343 7evg7ravneg88lpvd68jjmvrg5 Query : select 1 valor from information_schema.tables where table_type='base table' and table_name='wsfi039fields'
20240403@074609.3356 7evg7ravneg88lpvd68jjmvrg5 Query : select fieldkey,fieldname,fieldtype,mandatory from wsfi039fields
20240403@074609.3379 7evg7ravneg88lpvd68jjmvrg5 Query : select 1 valor from information_schema.tables where table_type='base table' and table_name='wsfi2039fields'
20240403@074609.3391 7evg7ravneg88lpvd68jjmvrg5 Query : select fieldkey,fieldname,fieldtype,mandatory from wsfi2039fields
20240403@074609.3395 7evg7ravneg88lpvd68jjmvrg5 Query : select sestamp valor from se where ref ='324.958.00.01' and lote = 'r2301081100a'
20240403@074609.3404 7evg7ravneg88lpvd68jjmvrg5 Query : select top 1 convert(numeric(6,2),t.taxa) valor from taxasiva t where t.codigo='2'
20240403@074609.3412 7evg7ravneg88lpvd68jjmvrg5 Query : select 1 valor from information_schema.tables where table_type='base table' and table_name='wsfi039fields'
20240403@074609.3424 7evg7ravneg88lpvd68jjmvrg5 Query : select fieldkey,fieldname,fieldtype,calcformula from wsfi039fields
20240403@074609.3446 7evg7ravneg88lpvd68jjmvrg5 Query : insert into wsfi039data (fistamp,ousrdata, ousrhora, usrdata,usrhora,ousrinis,usrinis ,qtt ,ftstamp ,epv,pvmoeda ,tabiva,iva,lordem ,ref, design ,lote,armazem,bistamp ) values ('aut660cf18082660cfb3153',getdate(),convert(char(8),convert (time,getdate())),getdate(),convert(char(8),convert (time,getdate())),'wsv','wsv',20.000 ,'aut660cf18940660cfb312d' ,0,0 ,2,23.00,20000,?,?,?,?,?)
20240403@074609.3694 7evg7ravneg88lpvd68jjmvrg5 Query : select 1 valor from information_schema.tables where table_type='base table' and table_name='wsfi2039fields'
20240403@074609.3709 7evg7ravneg88lpvd68jjmvrg5 Query : select fieldkey,fieldname,fieldtype,calcformula from wsfi2039fields
20240403@074609.3713 7evg7ravneg88lpvd68jjmvrg5 Query : insert into wsfi2039data (fi2stamp,ftstamp ,ousrdata, ousrhora, usrdata,usrhora,ousrinis,usrinis) values ('aut660cf18082660cfb3153','aut660cf18940660cfb312d' ,getdate(),convert(char(8),convert (time,getdate())),getdate(),convert(char(8),convert (time,getdate())),'wsv','wsv')
20240403@074609.3717 7evg7ravneg88lpvd68jjmvrg5 Query : use flama_phc
20240403@074609.3720 7evg7ravneg88lpvd68jjmvrg5 Query : select st.usalote valor from st where st.ref = '324.958.00.01'
20240403@074609.3729 7evg7ravneg88lpvd68jjmvrg5 Query : select top 1 st.tabiva ,st.ivaincl ,st.stns ,st.uni2 ,st.familia ,isnull(tx.taxa, 0) txiva ,unidade ,usalote ,epcpond ,noserie from st left join taxasiva tx on st.tabiva = tx.codigo where st.ref = '324.958.00.01'
20240403@074609.3739 7evg7ravneg88lpvd68jjmvrg5 Query : select 1 valor from information_schema.tables where table_type='base table' and table_name='wsfi039fields'
20240403@074609.3751 7evg7ravneg88lpvd68jjmvrg5 Query : select fieldkey,fieldname,fieldtype,mandatory from wsfi039fields
20240403@074609.3772 7evg7ravneg88lpvd68jjmvrg5 Query : select 1 valor from information_schema.tables where table_type='base table' and table_name='wsfi2039fields'
20240403@074609.3785 7evg7ravneg88lpvd68jjmvrg5 Query : select fieldkey,fieldname,fieldtype,mandatory from wsfi2039fields
20240403@074609.3789 7evg7ravneg88lpvd68jjmvrg5 Query : select sestamp valor from se where ref ='324.958.00.01' and lote = 'r2301081100a'
20240403@074609.3798 7evg7ravneg88lpvd68jjmvrg5 Query : select top 1 convert(numeric(6,2),t.taxa) valor from taxasiva t where t.codigo='2'
20240403@074609.3808 7evg7ravneg88lpvd68jjmvrg5 Query : select 1 valor from information_schema.tables where table_type='base table' and table_name='wsfi039fields'
20240403@074609.3820 7evg7ravneg88lpvd68jjmvrg5 Query : select fieldkey,fieldname,fieldtype,calcformula from wsfi039fields
20240403@074609.3842 7evg7ravneg88lpvd68jjmvrg5 Query : insert into wsfi039data (fistamp,ousrdata, ousrhora, usrdata,usrhora,ousrinis,usrinis ,qtt ,ftstamp ,epv,pvmoeda ,tabiva,iva,lordem ,ref, design ,lote,armazem,bistamp ) values ('aut660cf98498660cfb315c',getdate(),convert(char(8),convert (time,getdate())),getdate(),convert(char(8),convert (time,getdate())),'wsv','wsv',72.000 ,'aut660cf18940660cfb312d' ,0,0 ,2,23.00,30000,?,?,?,?,?)
20240403@074609.4097 7evg7ravneg88lpvd68jjmvrg5 Query : select 1 valor from information_schema.tables where table_type='base table' and table_name='wsfi2039fields'
20240403@074609.4114 7evg7ravneg88lpvd68jjmvrg5 Query : select fieldkey,fieldname,fieldtype,calcformula from wsfi2039fields
20240403@074609.4119 7evg7ravneg88lpvd68jjmvrg5 Query : insert into wsfi2039data (fi2stamp,ftstamp ,ousrdata, ousrhora, usrdata,usrhora,ousrinis,usrinis) values ('aut660cf98498660cfb315c','aut660cf18940660cfb312d' ,getdate(),convert(char(8),convert (time,getdate())),getdate(),convert(char(8),convert (time,getdate())),'wsv','wsv')
20240403@074609.4123 7evg7ravneg88lpvd68jjmvrg5 Query : use flama_phc
20240403@074609.4127 7evg7ravneg88lpvd68jjmvrg5 Query : select st.usalote valor from st where st.ref = '304.421.00.04'
20240403@074609.4138 7evg7ravneg88lpvd68jjmvrg5 Query : select top 1 st.tabiva ,st.ivaincl ,st.stns ,st.uni2 ,st.familia ,isnull(tx.taxa, 0) txiva ,unidade ,usalote ,epcpond ,noserie from st left join taxasiva tx on st.tabiva = tx.codigo where st.ref = '304.421.00.04'
20240403@074609.4283 7evg7ravneg88lpvd68jjmvrg5 Query : select 1 valor from information_schema.tables where table_type='base table' and table_name='wsfi039fields'
20240403@074609.4296 7evg7ravneg88lpvd68jjmvrg5 Query : select fieldkey,fieldname,fieldtype,mandatory from wsfi039fields
20240403@074609.4322 7evg7ravneg88lpvd68jjmvrg5 Query : select 1 valor from information_schema.tables where table_type='base table' and table_name='wsfi2039fields'
20240403@074609.4335 7evg7ravneg88lpvd68jjmvrg5 Query : select fieldkey,fieldname,fieldtype,mandatory from wsfi2039fields
20240403@074609.4340 7evg7ravneg88lpvd68jjmvrg5 Query : select sestamp valor from se where ref ='304.421.00.04' and lote = '240073'
20240403@074609.4357 7evg7ravneg88lpvd68jjmvrg5 Query : select top 1 convert(numeric(6,2),t.taxa) valor from taxasiva t where t.codigo='2'
20240403@074609.4368 7evg7ravneg88lpvd68jjmvrg5 Query : select 1 valor from information_schema.tables where table_type='base table' and table_name='wsfi039fields'
20240403@074609.4381 7evg7ravneg88lpvd68jjmvrg5 Query : select fieldkey,fieldname,fieldtype,calcformula from wsfi039fields
20240403@074609.4405 7evg7ravneg88lpvd68jjmvrg5 Query : insert into wsfi039data (fistamp,ousrdata, ousrhora, usrdata,usrhora,ousrinis,usrinis ,qtt ,ftstamp ,epv,pvmoeda ,tabiva,iva,lordem ,ref, design ,lote,armazem,bistamp ) values ('aut660cf14454660cfb316a',getdate(),convert(char(8),convert (time,getdate())),getdate(),convert(char(8),convert (time,getdate())),'wsv','wsv',8.000 ,'aut660cf18940660cfb312d' ,0,0 ,2,23.00,40000,?,?,?,?,?)
20240403@074609.4737 7evg7ravneg88lpvd68jjmvrg5 Query : select 1 valor from information_schema.tables where table_type='base table' and table_name='wsfi2039fields'
20240403@074609.5775 7evg7ravneg88lpvd68jjmvrg5 Query : select fieldkey,fieldname,fieldtype,calcformula from wsfi2039fields
20240403@074609.5780 7evg7ravneg88lpvd68jjmvrg5 Query : insert into wsfi2039data (fi2stamp,ftstamp ,ousrdata, ousrhora, usrdata,usrhora,ousrinis,usrinis) values ('aut660cf14454660cfb316a','aut660cf18940660cfb312d' ,getdate(),convert(char(8),convert (time,getdate())),getdate(),convert(char(8),convert (time,getdate())),'wsv','wsv')
20240403@074609.5785 7evg7ravneg88lpvd68jjmvrg5 Query : select 1 valor from information_schema.tables where table_type='base table' and table_name='wsfi039fields'
20240403@074609.5800 7evg7ravneg88lpvd68jjmvrg5 Query : select fieldkey,fieldname,fieldtype,mandatory from wsfi039fields
20240403@074609.5822 7evg7ravneg88lpvd68jjmvrg5 Query : select 1 valor from information_schema.tables where table_type='base table' and table_name='wsfi2039fields'
20240403@074609.5834 7evg7ravneg88lpvd68jjmvrg5 Query : select fieldkey,fieldname,fieldtype,mandatory from wsfi2039fields
20240403@074609.5837 7evg7ravneg88lpvd68jjmvrg5 Query : select top 1 convert(numeric(6,2),t.taxa) valor from taxasiva t where t.codigo='2'
20240403@074609.5846 7evg7ravneg88lpvd68jjmvrg5 Query : select 1 valor from information_schema.tables where table_type='base table' and table_name='wsfi039fields'
20240403@074609.5858 7evg7ravneg88lpvd68jjmvrg5 Query : select fieldkey,fieldname,fieldtype,calcformula from wsfi039fields
20240403@074609.5879 7evg7ravneg88lpvd68jjmvrg5 Query : insert into wsfi039data (fistamp,ousrdata, ousrhora, usrdata,usrhora,ousrinis,usrinis ,qtt ,ftstamp ,epv,pvmoeda ,tabiva,iva,lordem ,ref, design ,armazem) values ('aut660cf04749660cfb318e',getdate(),convert(char(8),convert (time,getdate())),getdate(),convert(char(8),convert (time,getdate())),'wsv','wsv',0 ,'aut660cf18940660cfb312d' ,0,0 ,2,23.00,50000,?,?,?)
20240403@074609.6133 7evg7ravneg88lpvd68jjmvrg5 Query : select 1 valor from information_schema.tables where table_type='base table' and table_name='wsfi2039fields'
20240403@074609.6148 7evg7ravneg88lpvd68jjmvrg5 Query : select fieldkey,fieldname,fieldtype,calcformula from wsfi2039fields
20240403@074609.6152 7evg7ravneg88lpvd68jjmvrg5 Query : insert into wsfi2039data (fi2stamp,ftstamp ,ousrdata, ousrhora, usrdata,usrhora,ousrinis,usrinis) values ('aut660cf04749660cfb318e','aut660cf18940660cfb312d' ,getdate(),convert(char(8),convert (time,getdate())),getdate(),convert(char(8),convert (time,getdate())),'wsv','wsv')
20240403@074609.6156 7evg7ravneg88lpvd68jjmvrg5 Query : use flama_phc
20240403@074609.6159 7evg7ravneg88lpvd68jjmvrg5 Query : select st.usalote valor from st where st.ref = '304.421.00.04'
20240403@074609.6170 7evg7ravneg88lpvd68jjmvrg5 Query : select top 1 st.tabiva ,st.ivaincl ,st.stns ,st.uni2 ,st.familia ,isnull(tx.taxa, 0) txiva ,unidade ,usalote ,epcpond ,noserie from st left join taxasiva tx on st.tabiva = tx.codigo where st.ref = '304.421.00.04'
20240403@074609.6181 7evg7ravneg88lpvd68jjmvrg5 Query : select 1 valor from information_schema.tables where table_type='base table' and table_name='wsfi039fields'
20240403@074609.6194 7evg7ravneg88lpvd68jjmvrg5 Query : select fieldkey,fieldname,fieldtype,mandatory from wsfi039fields
20240403@074609.6218 7evg7ravneg88lpvd68jjmvrg5 Query : select 1 valor from information_schema.tables where table_type='base table' and table_name='wsfi2039fields'
20240403@074609.6231 7evg7ravneg88lpvd68jjmvrg5 Query : select fieldkey,fieldname,fieldtype,mandatory from wsfi2039fields
20240403@074609.6235 7evg7ravneg88lpvd68jjmvrg5 Query : select sestamp valor from se where ref ='304.421.00.04' and lote = '240073'
20240403@074609.6244 7evg7ravneg88lpvd68jjmvrg5 Query : select top 1 convert(numeric(6,2),t.taxa) valor from taxasiva t where t.codigo='2'
20240403@074609.6253 7evg7ravneg88lpvd68jjmvrg5 Query : select 1 valor from information_schema.tables where table_type='base table' and table_name='wsfi039fields'
20240403@074609.6349 7evg7ravneg88lpvd68jjmvrg5 Query : select fieldkey,fieldname,fieldtype,calcformula from wsfi039fields
20240403@074609.6371 7evg7ravneg88lpvd68jjmvrg5 Query : insert into wsfi039data (fistamp,ousrdata, ousrhora, usrdata,usrhora,ousrinis,usrinis ,qtt ,ftstamp ,epv,pvmoeda ,tabiva,iva,lordem ,ref, design ,lote,armazem,bistamp ) values ('aut660cf44454660cfb3198',getdate(),convert(char(8),convert (time,getdate())),getdate(),convert(char(8),convert (time,getdate())),'wsv','wsv',32.000 ,'aut660cf18940660cfb312d' ,0,0 ,2,23.00,70000,?,?,?,?,?)
20240403@074609.6717 7evg7ravneg88lpvd68jjmvrg5 Query : select 1 valor from information_schema.tables where table_type='base table' and table_name='wsfi2039fields'
20240403@074609.6737 7evg7ravneg88lpvd68jjmvrg5 Query : select fieldkey,fieldname,fieldtype,calcformula from wsfi2039fields
20240403@074609.6741 7evg7ravneg88lpvd68jjmvrg5 Query : insert into wsfi2039data (fi2stamp,ftstamp ,ousrdata, ousrhora, usrdata,usrhora,ousrinis,usrinis) values ('aut660cf44454660cfb3198','aut660cf18940660cfb312d' ,getdate(),convert(char(8),convert (time,getdate())),getdate(),convert(char(8),convert (time,getdate())),'wsv','wsv')
20240403@074609.6746 7evg7ravneg88lpvd68jjmvrg5 Query : select 1 valor from information_schema.tables where table_type='base table' and table_name='wsfi039fields'
20240403@074609.6759 7evg7ravneg88lpvd68jjmvrg5 Query : select fieldkey,fieldname,fieldtype,mandatory from wsfi039fields
20240403@074609.6787 7evg7ravneg88lpvd68jjmvrg5 Query : select 1 valor from information_schema.tables where table_type='base table' and table_name='wsfi2039fields'
20240403@074609.6799 7evg7ravneg88lpvd68jjmvrg5 Query : select fieldkey,fieldname,fieldtype,mandatory from wsfi2039fields
20240403@074609.6803 7evg7ravneg88lpvd68jjmvrg5 Query : select top 1 convert(numeric(6,2),t.taxa) valor from taxasiva t where t.codigo='2'
20240403@074609.6854 7evg7ravneg88lpvd68jjmvrg5 Query : select 1 valor from information_schema.tables where table_type='base table' and table_name='wsfi039fields'
20240403@074609.6886 7evg7ravneg88lpvd68jjmvrg5 Query : select fieldkey,fieldname,fieldtype,calcformula from wsfi039fields
20240403@074609.6917 7evg7ravneg88lpvd68jjmvrg5 Query : insert into wsfi039data (fistamp,ousrdata, ousrhora, usrdata,usrhora,ousrinis,usrinis ,qtt ,ftstamp ,epv,pvmoeda ,tabiva,iva,lordem ,ref, design ,armazem) values ('aut660cf70250660cfb31a7',getdate(),convert(char(8),convert (time,getdate())),getdate(),convert(char(8),convert (time,getdate())),'wsv','wsv',0 ,'aut660cf18940660cfb312d' ,0,0 ,2,23.00,80000,?,?,?)
20240403@074609.7255 7evg7ravneg88lpvd68jjmvrg5 Query : select 1 valor from information_schema.tables where table_type='base table' and table_name='wsfi2039fields'
20240403@074609.7272 7evg7ravneg88lpvd68jjmvrg5 Query : select fieldkey,fieldname,fieldtype,calcformula from wsfi2039fields
20240403@074609.7276 7evg7ravneg88lpvd68jjmvrg5 Query : insert into wsfi2039data (fi2stamp,ftstamp ,ousrdata, ousrhora, usrdata,usrhora,ousrinis,usrinis) values ('aut660cf70250660cfb31a7','aut660cf18940660cfb312d' ,getdate(),convert(char(8),convert (time,getdate())),getdate(),convert(char(8),convert (time,getdate())),'wsv','wsv')
20240403@074609.7281 7evg7ravneg88lpvd68jjmvrg5 Query : use flama_phc
20240403@074609.7284 7evg7ravneg88lpvd68jjmvrg5 Query : select st.usalote valor from st where st.ref = '304.421.00.04'
20240403@074609.7293 7evg7ravneg88lpvd68jjmvrg5 Query : select top 1 st.tabiva ,st.ivaincl ,st.stns ,st.uni2 ,st.familia ,isnull(tx.taxa, 0) txiva ,unidade ,usalote ,epcpond ,noserie from st left join taxasiva tx on st.tabiva = tx.codigo where st.ref = '304.421.00.04'
20240403@074609.7304 7evg7ravneg88lpvd68jjmvrg5 Query : select 1 valor from information_schema.tables where table_type='base table' and table_name='wsfi039fields'
20240403@074609.7316 7evg7ravneg88lpvd68jjmvrg5 Query : select fieldkey,fieldname,fieldtype,mandatory from wsfi039fields
20240403@074609.7338 7evg7ravneg88lpvd68jjmvrg5 Query : select 1 valor from information_schema.tables where table_type='base table' and table_name='wsfi2039fields'
20240403@074609.7366 7evg7ravneg88lpvd68jjmvrg5 Query : select fieldkey,fieldname,fieldtype,mandatory from wsfi2039fields
20240403@074609.7370 7evg7ravneg88lpvd68jjmvrg5 Query : select sestamp valor from se where ref ='304.421.00.04' and lote = '240073'
20240403@074609.7380 7evg7ravneg88lpvd68jjmvrg5 Query : select top 1 convert(numeric(6,2),t.taxa) valor from taxasiva t where t.codigo='2'
20240403@074609.7390 7evg7ravneg88lpvd68jjmvrg5 Query : select 1 valor from information_schema.tables where table_type='base table' and table_name='wsfi039fields'
20240403@074609.7402 7evg7ravneg88lpvd68jjmvrg5 Query : select fieldkey,fieldname,fieldtype,calcformula from wsfi039fields
20240403@074609.7424 7evg7ravneg88lpvd68jjmvrg5 Query : insert into wsfi039data (fistamp,ousrdata, ousrhora, usrdata,usrhora,ousrinis,usrinis ,qtt ,ftstamp ,epv,pvmoeda ,tabiva,iva,lordem ,ref, design ,lote,armazem,bistamp ) values ('aut660cf69048660cfb31b4',getdate(),convert(char(8),convert (time,getdate())),getdate(),convert(char(8),convert (time,getdate())),'wsv','wsv',80.000 ,'aut660cf18940660cfb312d' ,0,0 ,2,23.00,100000,?,?,?,?,?)
20240403@074609.7676 7evg7ravneg88lpvd68jjmvrg5 Query : select 1 valor from information_schema.tables where table_type='base table' and table_name='wsfi2039fields'
20240403@074609.7691 7evg7ravneg88lpvd68jjmvrg5 Query : select fieldkey,fieldname,fieldtype,calcformula from wsfi2039fields
20240403@074609.7696 7evg7ravneg88lpvd68jjmvrg5 Query : insert into wsfi2039data (fi2stamp,ftstamp ,ousrdata, ousrhora, usrdata,usrhora,ousrinis,usrinis) values ('aut660cf69048660cfb31b4','aut660cf18940660cfb312d' ,getdate(),convert(char(8),convert (time,getdate())),getdate(),convert(char(8),convert (time,getdate())),'wsv','wsv')
20240403@074609.7701 7evg7ravneg88lpvd68jjmvrg5 Query : select 1 valor from information_schema.tables where table_type='base table' and table_name='wsfi039fields'
20240403@074609.7901 7evg7ravneg88lpvd68jjmvrg5 Query : select fieldkey,fieldname,fieldtype,mandatory from wsfi039fields
20240403@074609.7924 7evg7ravneg88lpvd68jjmvrg5 Query : select 1 valor from information_schema.tables where table_type='base table' and table_name='wsfi2039fields'
20240403@074609.7937 7evg7ravneg88lpvd68jjmvrg5 Query : select fieldkey,fieldname,fieldtype,mandatory from wsfi2039fields
20240403@074609.7982 7evg7ravneg88lpvd68jjmvrg5 Query : select top 1 convert(numeric(6,2),t.taxa) valor from taxasiva t where t.codigo='2'
20240403@074609.7991 7evg7ravneg88lpvd68jjmvrg5 Query : select 1 valor from information_schema.tables where table_type='base table' and table_name='wsfi039fields'
20240403@074609.8004 7evg7ravneg88lpvd68jjmvrg5 Query : select fieldkey,fieldname,fieldtype,calcformula from wsfi039fields
20240403@074609.8055 7evg7ravneg88lpvd68jjmvrg5 Query : insert into wsfi039data (fistamp,ousrdata, ousrhora, usrdata,usrhora,ousrinis,usrinis ,qtt ,ftstamp ,epv,pvmoeda ,tabiva,iva,lordem ,ref, design ,armazem) values ('aut660cf37926660cfb31c3',getdate(),convert(char(8),convert (time,getdate())),getdate(),convert(char(8),convert (time,getdate())),'wsv','wsv',0 ,'aut660cf18940660cfb312d' ,0,0 ,2,23.00,110000,?,?,?)
20240403@074609.8375 7evg7ravneg88lpvd68jjmvrg5 Query : select 1 valor from information_schema.tables where table_type='base table' and table_name='wsfi2039fields'
20240403@074609.8589 7evg7ravneg88lpvd68jjmvrg5 Query : select fieldkey,fieldname,fieldtype,calcformula from wsfi2039fields
20240403@074609.8671 7evg7ravneg88lpvd68jjmvrg5 Query : insert into wsfi2039data (fi2stamp,ftstamp ,ousrdata, ousrhora, usrdata,usrhora,ousrinis,usrinis) values ('aut660cf37926660cfb31c3','aut660cf18940660cfb312d' ,getdate(),convert(char(8),convert (time,getdate())),getdate(),convert(char(8),convert (time,getdate())),'wsv','wsv')
20240403@074609.8679 7evg7ravneg88lpvd68jjmvrg5 Query : use flama_phc
20240403@074609.8682 7evg7ravneg88lpvd68jjmvrg5 Query : select st.usalote valor from st where st.ref = '304.422.00.07'
20240403@074609.8692 7evg7ravneg88lpvd68jjmvrg5 Query : select top 1 st.tabiva ,st.ivaincl ,st.stns ,st.uni2 ,st.familia ,isnull(tx.taxa, 0) txiva ,unidade ,usalote ,epcpond ,noserie from st left join taxasiva tx on st.tabiva = tx.codigo where st.ref = '304.422.00.07'
20240403@074609.8703 7evg7ravneg88lpvd68jjmvrg5 Query : select 1 valor from information_schema.tables where table_type='base table' and table_name='wsfi039fields'
20240403@074609.8717 7evg7ravneg88lpvd68jjmvrg5 Query : select fieldkey,fieldname,fieldtype,mandatory from wsfi039fields
20240403@074609.8749 7evg7ravneg88lpvd68jjmvrg5 Query : select 1 valor from information_schema.tables where table_type='base table' and table_name='wsfi2039fields'
20240403@074609.8763 7evg7ravneg88lpvd68jjmvrg5 Query : select fieldkey,fieldname,fieldtype,mandatory from wsfi2039fields
20240403@074609.8767 7evg7ravneg88lpvd68jjmvrg5 Query : select sestamp valor from se where ref ='304.422.00.07' and lote = '240338'
20240403@074609.8777 7evg7ravneg88lpvd68jjmvrg5 Query : select top 1 convert(numeric(6,2),t.taxa) valor from taxasiva t where t.codigo='2'
20240403@074609.8787 7evg7ravneg88lpvd68jjmvrg5 Query : select 1 valor from information_schema.tables where table_type='base table' and table_name='wsfi039fields'
20240403@074609.8799 7evg7ravneg88lpvd68jjmvrg5 Query : select fieldkey,fieldname,fieldtype,calcformula from wsfi039fields
20240403@074609.8822 7evg7ravneg88lpvd68jjmvrg5 Query : insert into wsfi039data (fistamp,ousrdata, ousrhora, usrdata,usrhora,ousrinis,usrinis ,qtt ,ftstamp ,epv,pvmoeda ,tabiva,iva,lordem ,ref, design ,lote,armazem,bistamp ) values ('aut660cf70386660cfb31d6',getdate(),convert(char(8),convert (time,getdate())),getdate(),convert(char(8),convert (time,getdate())),'wsv','wsv',16.000 ,'aut660cf18940660cfb312d' ,0,0 ,2,23.00,130000,?,?,?,?,?)
20240403@074609.9071 7evg7ravneg88lpvd68jjmvrg5 Query : select 1 valor from information_schema.tables where table_type='base table' and table_name='wsfi2039fields'
20240403@074609.9086 7evg7ravneg88lpvd68jjmvrg5 Query : select fieldkey,fieldname,fieldtype,calcformula from wsfi2039fields
20240403@074609.9091 7evg7ravneg88lpvd68jjmvrg5 Query : insert into wsfi2039data (fi2stamp,ftstamp ,ousrdata, ousrhora, usrdata,usrhora,ousrinis,usrinis) values ('aut660cf70386660cfb31d6','aut660cf18940660cfb312d' ,getdate(),convert(char(8),convert (time,getdate())),getdate(),convert(char(8),convert (time,getdate())),'wsv','wsv')
20240403@074609.9096 7evg7ravneg88lpvd68jjmvrg5 Query : use flama_phc
20240403@074609.9099 7evg7ravneg88lpvd68jjmvrg5 Query : select st.usalote valor from st where st.ref = '304.422.00.07'
20240403@074609.9109 7evg7ravneg88lpvd68jjmvrg5 Query : select top 1 st.tabiva ,st.ivaincl ,st.stns ,st.uni2 ,st.familia ,isnull(tx.taxa, 0) txiva ,unidade ,usalote ,epcpond ,noserie from st left join taxasiva tx on st.tabiva = tx.codigo where st.ref = '304.422.00.07'
20240403@074609.9122 7evg7ravneg88lpvd68jjmvrg5 Query : select 1 valor from information_schema.tables where table_type='base table' and table_name='wsfi039fields'
20240403@074609.9134 7evg7ravneg88lpvd68jjmvrg5 Query : select fieldkey,fieldname,fieldtype,mandatory from wsfi039fields
20240403@074609.9156 7evg7ravneg88lpvd68jjmvrg5 Query : select 1 valor from information_schema.tables where table_type='base table' and table_name='wsfi2039fields'
20240403@074609.9169 7evg7ravneg88lpvd68jjmvrg5 Query : select fieldkey,fieldname,fieldtype,mandatory from wsfi2039fields
20240403@074609.9173 7evg7ravneg88lpvd68jjmvrg5 Query : select sestamp valor from se where ref ='304.422.00.07' and lote = '240338'
20240403@074609.9183 7evg7ravneg88lpvd68jjmvrg5 Query : select top 1 convert(numeric(6,2),t.taxa) valor from taxasiva t where t.codigo='2'
20240403@074609.9192 7evg7ravneg88lpvd68jjmvrg5 Query : select 1 valor from information_schema.tables where table_type='base table' and table_name='wsfi039fields'
20240403@074609.9204 7evg7ravneg88lpvd68jjmvrg5 Query : select fieldkey,fieldname,fieldtype,calcformula from wsfi039fields
20240403@074609.9234 7evg7ravneg88lpvd68jjmvrg5 Query : insert into wsfi039data (fistamp,ousrdata, ousrhora, usrdata,usrhora,ousrinis,usrinis ,qtt ,ftstamp ,epv,pvmoeda ,tabiva,iva,lordem ,ref, design ,lote,armazem,bistamp ) values ('aut660cf38546660cfb31e0',getdate(),convert(char(8),convert (time,getdate())),getdate(),convert(char(8),convert (time,getdate())),'wsv','wsv',76.000 ,'aut660cf18940660cfb312d' ,0,0 ,2,23.00,140000,?,?,?,?,?)
20240403@074609.9488 7evg7ravneg88lpvd68jjmvrg5 Query : select 1 valor from information_schema.tables where table_type='base table' and table_name='wsfi2039fields'
20240403@074609.9502 7evg7ravneg88lpvd68jjmvrg5 Query : select fieldkey,fieldname,fieldtype,calcformula from wsfi2039fields
20240403@074609.9506 7evg7ravneg88lpvd68jjmvrg5 Query : insert into wsfi2039data (fi2stamp,ftstamp ,ousrdata, ousrhora, usrdata,usrhora,ousrinis,usrinis) values ('aut660cf38546660cfb31e0','aut660cf18940660cfb312d' ,getdate(),convert(char(8),convert (time,getdate())),getdate(),convert(char(8),convert (time,getdate())),'wsv','wsv')
20240403@074609.9511 7evg7ravneg88lpvd68jjmvrg5 Query : use flama_phc
20240403@074609.9515 7evg7ravneg88lpvd68jjmvrg5 Query : select st.usalote valor from st where st.ref = '304.422.00.07'
20240403@074609.9525 7evg7ravneg88lpvd68jjmvrg5 Query : select top 1 st.tabiva ,st.ivaincl ,st.stns ,st.uni2 ,st.familia ,isnull(tx.taxa, 0) txiva ,unidade ,usalote ,epcpond ,noserie from st left join taxasiva tx on st.tabiva = tx.codigo where st.ref = '304.422.00.07'
20240403@074609.9535 7evg7ravneg88lpvd68jjmvrg5 Query : select 1 valor from information_schema.tables where table_type='base table' and table_name='wsfi039fields'
20240403@074609.9549 7evg7ravneg88lpvd68jjmvrg5 Query : select fieldkey,fieldname,fieldtype,mandatory from wsfi039fields
20240403@074609.9571 7evg7ravneg88lpvd68jjmvrg5 Query : select 1 valor from information_schema.tables where table_type='base table' and table_name='wsfi2039fields'
20240403@074609.9583 7evg7ravneg88lpvd68jjmvrg5 Query : select fieldkey,fieldname,fieldtype,mandatory from wsfi2039fields
20240403@074609.9587 7evg7ravneg88lpvd68jjmvrg5 Query : select sestamp valor from se where ref ='304.422.00.07' and lote = '240338'
20240403@074609.9596 7evg7ravneg88lpvd68jjmvrg5 Query : select top 1 convert(numeric(6,2),t.taxa) valor from taxasiva t where t.codigo='2'
20240403@074609.9605 7evg7ravneg88lpvd68jjmvrg5 Query : select 1 valor from information_schema.tables where table_type='base table' and table_name='wsfi039fields'
20240403@074610.4820 7evg7ravneg88lpvd68jjmvrg5 Query : select fieldkey,fieldname,fieldtype,calcformula from wsfi039fields
20240403@074610.5060 7evg7ravneg88lpvd68jjmvrg5 Query : insert into wsfi039data (fistamp,ousrdata, ousrhora, usrdata,usrhora,ousrinis,usrinis ,qtt ,ftstamp ,epv,pvmoeda ,tabiva,iva,lordem ,ref, design ,lote,armazem,bistamp ) values ('aut660cf05341660cfb31ea',getdate(),convert(char(8),convert (time,getdate())),getdate(),convert(char(8),convert (time,getdate())),'wsv','wsv',28.000 ,'aut660cf18940660cfb312d' ,0,0 ,2,23.00,150000,?,?,?,?,?)
20240403@074610.8560 7evg7ravneg88lpvd68jjmvrg5 Query : select 1 valor from information_schema.tables where table_type='base table' and table_name='wsfi2039fields'
20240403@074610.8860 7evg7ravneg88lpvd68jjmvrg5 Query : select fieldkey,fieldname,fieldtype,calcformula from wsfi2039fields
20240403@074610.8910 7evg7ravneg88lpvd68jjmvrg5 Query : insert into wsfi2039data (fi2stamp,ftstamp ,ousrdata, ousrhora, usrdata,usrhora,ousrinis,usrinis) values ('aut660cf05341660cfb31ea','aut660cf18940660cfb312d' ,getdate(),convert(char(8),convert (time,getdate())),getdate(),convert(char(8),convert (time,getdate())),'wsv','wsv')
20240403@074610.8960 7evg7ravneg88lpvd68jjmvrg5 Query : use flama_phc
20240403@074610.8990 7evg7ravneg88lpvd68jjmvrg5 Query : select st.usalote valor from st where st.ref = '324.681.00.01'
20240403@074610.9120 7evg7ravneg88lpvd68jjmvrg5 Query : select top 1 st.tabiva ,st.ivaincl ,st.stns ,st.uni2 ,st.familia ,isnull(tx.taxa, 0) txiva ,unidade ,usalote ,epcpond ,noserie from st left join taxasiva tx on st.tabiva = tx.codigo where st.ref = '324.681.00.01'
20240403@074610.1071 7evg7ravneg88lpvd68jjmvrg5 Query : select 1 valor from information_schema.tables where table_type='base table' and table_name='wsfi039fields'
20240403@074610.1090 7evg7ravneg88lpvd68jjmvrg5 Query : select fieldkey,fieldname,fieldtype,mandatory from wsfi039fields
20240403@074610.1115 7evg7ravneg88lpvd68jjmvrg5 Query : select 1 valor from information_schema.tables where table_type='base table' and table_name='wsfi2039fields'
20240403@074610.1129 7evg7ravneg88lpvd68jjmvrg5 Query : select fieldkey,fieldname,fieldtype,mandatory from wsfi2039fields
20240403@074610.1134 7evg7ravneg88lpvd68jjmvrg5 Query : select sestamp valor from se where ref ='324.681.00.01' and lote = 'r2301180300a'
20240403@074610.1160 7evg7ravneg88lpvd68jjmvrg5 Query : select top 1 convert(numeric(6,2),t.taxa) valor from taxasiva t where t.codigo='2'
20240403@074610.1175 7evg7ravneg88lpvd68jjmvrg5 Query : select 1 valor from information_schema.tables where table_type='base table' and table_name='wsfi039fields'
20240403@074610.1190 7evg7ravneg88lpvd68jjmvrg5 Query : select fieldkey,fieldname,fieldtype,calcformula from wsfi039fields
20240403@074610.1217 7evg7ravneg88lpvd68jjmvrg5 Query : insert into wsfi039data (fistamp,ousrdata, ousrhora, usrdata,usrhora,ousrinis,usrinis ,qtt ,ftstamp ,epv,pvmoeda ,tabiva,iva,lordem ,ref, design ,lote,armazem,bistamp ) values ('aut660cf67035660cfb321c',getdate(),convert(char(8),convert (time,getdate())),getdate(),convert(char(8),convert (time,getdate())),'wsv','wsv',24.000 ,'aut660cf18940660cfb312d' ,0,0 ,2,23.00,160000,?,?,?,?,?)
20240403@074610.1481 7evg7ravneg88lpvd68jjmvrg5 Query : select 1 valor from information_schema.tables where table_type='base table' and table_name='wsfi2039fields'
20240403@074610.1497 7evg7ravneg88lpvd68jjmvrg5 Query : select fieldkey,fieldname,fieldtype,calcformula from wsfi2039fields
20240403@074610.1504 7evg7ravneg88lpvd68jjmvrg5 Query : insert into wsfi2039data (fi2stamp,ftstamp ,ousrdata, ousrhora, usrdata,usrhora,ousrinis,usrinis) values ('aut660cf67035660cfb321c','aut660cf18940660cfb312d' ,getdate(),convert(char(8),convert (time,getdate())),getdate(),convert(char(8),convert (time,getdate())),'wsv','wsv')
20240403@074610.1510 7evg7ravneg88lpvd68jjmvrg5 Query : select 1 valor from information_schema.tables where table_type='base table' and table_name='wsfi039fields'
20240403@074610.1525 7evg7ravneg88lpvd68jjmvrg5 Query : select fieldkey,fieldname,fieldtype,mandatory from wsfi039fields
20240403@074610.1553 7evg7ravneg88lpvd68jjmvrg5 Query : select 1 valor from information_schema.tables where table_type='base table' and table_name='wsfi2039fields'
20240403@074610.1569 7evg7ravneg88lpvd68jjmvrg5 Query : select fieldkey,fieldname,fieldtype,mandatory from wsfi2039fields
20240403@074610.1575 7evg7ravneg88lpvd68jjmvrg5 Query : select top 1 convert(numeric(6,2),t.taxa) valor from taxasiva t where t.codigo='2'
20240403@074610.1587 7evg7ravneg88lpvd68jjmvrg5 Query : select 1 valor from information_schema.tables where table_type='base table' and table_name='wsfi039fields'
20240403@074610.1603 7evg7ravneg88lpvd68jjmvrg5 Query : select fieldkey,fieldname,fieldtype,calcformula from wsfi039fields
20240403@074610.1633 7evg7ravneg88lpvd68jjmvrg5 Query : insert into wsfi039data (fistamp,ousrdata, ousrhora, usrdata,usrhora,ousrinis,usrinis ,qtt ,ftstamp ,epv,pvmoeda ,tabiva,iva,lordem ,ref, design ,armazem) values ('aut660cf97552660cfb3226',getdate(),convert(char(8),convert (time,getdate())),getdate(),convert(char(8),convert (time,getdate())),'wsv','wsv',0 ,'aut660cf18940660cfb312d' ,0,0 ,2,23.00,170000,?,?,?)
20240403@074610.1891 7evg7ravneg88lpvd68jjmvrg5 Query : select 1 valor from information_schema.tables where table_type='base table' and table_name='wsfi2039fields'
20240403@074610.1907 7evg7ravneg88lpvd68jjmvrg5 Query : select fieldkey,fieldname,fieldtype,calcformula from wsfi2039fields
20240403@074610.1912 7evg7ravneg88lpvd68jjmvrg5 Query : insert into wsfi2039data (fi2stamp,ftstamp ,ousrdata, ousrhora, usrdata,usrhora,ousrinis,usrinis) values ('aut660cf97552660cfb3226','aut660cf18940660cfb312d' ,getdate(),convert(char(8),convert (time,getdate())),getdate(),convert(char(8),convert (time,getdate())),'wsv','wsv')
20240403@074610.1917 7evg7ravneg88lpvd68jjmvrg5 Query : use flama_phc
20240403@074610.1921 7evg7ravneg88lpvd68jjmvrg5 Query : select st.usalote valor from st where st.ref = '324.681.00.01'
20240403@074610.1932 7evg7ravneg88lpvd68jjmvrg5 Query : select top 1 st.tabiva ,st.ivaincl ,st.stns ,st.uni2 ,st.familia ,isnull(tx.taxa, 0) txiva ,unidade ,usalote ,epcpond ,noserie from st left join taxasiva tx on st.tabiva = tx.codigo where st.ref = '324.681.00.01'
20240403@074610.1944 7evg7ravneg88lpvd68jjmvrg5 Query : select 1 valor from information_schema.tables where table_type='base table' and table_name='wsfi039fields'
20240403@074610.1957 7evg7ravneg88lpvd68jjmvrg5 Query : select fieldkey,fieldname,fieldtype,mandatory from wsfi039fields
20240403@074610.1983 7evg7ravneg88lpvd68jjmvrg5 Query : select 1 valor from information_schema.tables where table_type='base table' and table_name='wsfi2039fields'
20240403@074610.2011 7evg7ravneg88lpvd68jjmvrg5 Query : select fieldkey,fieldname,fieldtype,mandatory from wsfi2039fields
20240403@074610.2017 7evg7ravneg88lpvd68jjmvrg5 Query : select sestamp valor from se where ref ='324.681.00.01' and lote = 'r2301180300a'
20240403@074610.2028 7evg7ravneg88lpvd68jjmvrg5 Query : select top 1 convert(numeric(6,2),t.taxa) valor from taxasiva t where t.codigo='2'
20240403@074610.2039 7evg7ravneg88lpvd68jjmvrg5 Query : select 1 valor from information_schema.tables where table_type='base table' and table_name='wsfi039fields'
20240403@074610.2052 7evg7ravneg88lpvd68jjmvrg5 Query : select fieldkey,fieldname,fieldtype,calcformula from wsfi039fields
20240403@074610.2079 7evg7ravneg88lpvd68jjmvrg5 Query : insert into wsfi039data (fistamp,ousrdata, ousrhora, usrdata,usrhora,ousrinis,usrinis ,qtt ,ftstamp ,epv,pvmoeda ,tabiva,iva,lordem ,ref, design ,lote,armazem,bistamp ) values ('aut660cf57187660cfb3231',getdate(),convert(char(8),convert (time,getdate())),getdate(),convert(char(8),convert (time,getdate())),'wsv','wsv',24.000 ,'aut660cf18940660cfb312d' ,0,0 ,2,23.00,190000,?,?,?,?,?)
20240403@074610.2329 7evg7ravneg88lpvd68jjmvrg5 Query : select 1 valor from information_schema.tables where table_type='base table' and table_name='wsfi2039fields'
20240403@074610.2345 7evg7ravneg88lpvd68jjmvrg5 Query : select fieldkey,fieldname,fieldtype,calcformula from wsfi2039fields
20240403@074610.2351 7evg7ravneg88lpvd68jjmvrg5 Query : insert into wsfi2039data (fi2stamp,ftstamp ,ousrdata, ousrhora, usrdata,usrhora,ousrinis,usrinis) values ('aut660cf57187660cfb3231','aut660cf18940660cfb312d' ,getdate(),convert(char(8),convert (time,getdate())),getdate(),convert(char(8),convert (time,getdate())),'wsv','wsv')
20240403@074610.2356 7evg7ravneg88lpvd68jjmvrg5 Query : select 1 valor from information_schema.tables where table_type='base table' and table_name='wsfi039fields'
20240403@074610.2372 7evg7ravneg88lpvd68jjmvrg5 Query : select fieldkey,fieldname,fieldtype,mandatory from wsfi039fields
20240403@074610.2407 7evg7ravneg88lpvd68jjmvrg5 Query : select 1 valor from information_schema.tables where table_type='base table' and table_name='wsfi2039fields'
20240403@074610.2421 7evg7ravneg88lpvd68jjmvrg5 Query : select fieldkey,fieldname,fieldtype,mandatory from wsfi2039fields
20240403@074610.2425 7evg7ravneg88lpvd68jjmvrg5 Query : select top 1 convert(numeric(6,2),t.taxa) valor from taxasiva t where t.codigo='2'
20240403@074610.2436 7evg7ravneg88lpvd68jjmvrg5 Query : select 1 valor from information_schema.tables where table_type='base table' and table_name='wsfi039fields'
20240403@074610.2449 7evg7ravneg88lpvd68jjmvrg5 Query : select fieldkey,fieldname,fieldtype,calcformula from wsfi039fields
20240403@074610.2477 7evg7ravneg88lpvd68jjmvrg5 Query : insert into wsfi039data (fistamp,ousrdata, ousrhora, usrdata,usrhora,ousrinis,usrinis ,qtt ,ftstamp ,epv,pvmoeda ,tabiva,iva,lordem ,ref, design ,armazem) values ('aut660cf03794660cfb323b',getdate(),convert(char(8),convert (time,getdate())),getdate(),convert(char(8),convert (time,getdate())),'wsv','wsv',0 ,'aut660cf18940660cfb312d' ,0,0 ,2,23.00,200000,?,?,?)
20240403@074610.2727 7evg7ravneg88lpvd68jjmvrg5 Query : select 1 valor from information_schema.tables where table_type='base table' and table_name='wsfi2039fields'
20240403@074610.2742 7evg7ravneg88lpvd68jjmvrg5 Query : select fieldkey,fieldname,fieldtype,calcformula from wsfi2039fields
20240403@074610.2747 7evg7ravneg88lpvd68jjmvrg5 Query : insert into wsfi2039data (fi2stamp,ftstamp ,ousrdata, ousrhora, usrdata,usrhora,ousrinis,usrinis) values ('aut660cf03794660cfb323b','aut660cf18940660cfb312d' ,getdate(),convert(char(8),convert (time,getdate())),getdate(),convert(char(8),convert (time,getdate())),'wsv','wsv')
20240403@074610.2751 7evg7ravneg88lpvd68jjmvrg5 Query : use flama_phc
20240403@074610.2755 7evg7ravneg88lpvd68jjmvrg5 Query : select st.usalote valor from st where st.ref = '324.681.00.01'
20240403@074610.2767 7evg7ravneg88lpvd68jjmvrg5 Query : select top 1 st.tabiva ,st.ivaincl ,st.stns ,st.uni2 ,st.familia ,isnull(tx.taxa, 0) txiva ,unidade ,usalote ,epcpond ,noserie from st left join taxasiva tx on st.tabiva = tx.codigo where st.ref = '324.681.00.01'
20240403@074610.2779 7evg7ravneg88lpvd68jjmvrg5 Query : select 1 valor from information_schema.tables where table_type='base table' and table_name='wsfi039fields'
20240403@074610.2794 7evg7ravneg88lpvd68jjmvrg5 Query : select fieldkey,fieldname,fieldtype,mandatory from wsfi039fields
20240403@074610.2834 7evg7ravneg88lpvd68jjmvrg5 Query : select 1 valor from information_schema.tables where table_type='base table' and table_name='wsfi2039fields'
20240403@074610.2849 7evg7ravneg88lpvd68jjmvrg5 Query : select fieldkey,fieldname,fieldtype,mandatory from wsfi2039fields
20240403@074610.2854 7evg7ravneg88lpvd68jjmvrg5 Query : select sestamp valor from se where ref ='324.681.00.01' and lote = 'r2301180300a'
20240403@074610.2867 7evg7ravneg88lpvd68jjmvrg5 Query : select top 1 convert(numeric(6,2),t.taxa) valor from taxasiva t where t.codigo='2'
20240403@074610.2877 7evg7ravneg88lpvd68jjmvrg5 Query : select 1 valor from information_schema.tables where table_type='base table' and table_name='wsfi039fields'
20240403@074610.2917 7evg7ravneg88lpvd68jjmvrg5 Query : select fieldkey,fieldname,fieldtype,calcformula from wsfi039fields
20240403@074610.2945 7evg7ravneg88lpvd68jjmvrg5 Query : insert into wsfi039data (fistamp,ousrdata, ousrhora, usrdata,usrhora,ousrinis,usrinis ,qtt ,ftstamp ,epv,pvmoeda ,tabiva,iva,lordem ,ref, design ,lote,armazem,bistamp ) values ('aut660cf02953660cfb3246',getdate(),convert(char(8),convert (time,getdate())),getdate(),convert(char(8),convert (time,getdate())),'wsv','wsv',24.000 ,'aut660cf18940660cfb312d' ,0,0 ,2,23.00,220000,?,?,?,?,?)
20240403@074610.3197 7evg7ravneg88lpvd68jjmvrg5 Query : select 1 valor from information_schema.tables where table_type='base table' and table_name='wsfi2039fields'
20240403@074610.3213 7evg7ravneg88lpvd68jjmvrg5 Query : select fieldkey,fieldname,fieldtype,calcformula from wsfi2039fields
20240403@074610.3218 7evg7ravneg88lpvd68jjmvrg5 Query : insert into wsfi2039data (fi2stamp,ftstamp ,ousrdata, ousrhora, usrdata,usrhora,ousrinis,usrinis) values ('aut660cf02953660cfb3246','aut660cf18940660cfb312d' ,getdate(),convert(char(8),convert (time,getdate())),getdate(),convert(char(8),convert (time,getdate())),'wsv','wsv')
20240403@074610.3224 7evg7ravneg88lpvd68jjmvrg5 Query : select 1 valor from information_schema.tables where table_type='base table' and table_name='wsfi039fields'
20240403@074610.3237 7evg7ravneg88lpvd68jjmvrg5 Query : select fieldkey,fieldname,fieldtype,mandatory from wsfi039fields
20240403@074610.3262 7evg7ravneg88lpvd68jjmvrg5 Query : select 1 valor from information_schema.tables where table_type='base table' and table_name='wsfi2039fields'
20240403@074610.3283 7evg7ravneg88lpvd68jjmvrg5 Query : select fieldkey,fieldname,fieldtype,mandatory from wsfi2039fields
20240403@074610.3410 7evg7ravneg88lpvd68jjmvrg5 Query : select top 1 convert(numeric(6,2),t.taxa) valor from taxasiva t where t.codigo='2'
20240403@074610.3479 7evg7ravneg88lpvd68jjmvrg5 Query : select 1 valor from information_schema.tables where table_type='base table' and table_name='wsfi039fields'
20240403@074610.3494 7evg7ravneg88lpvd68jjmvrg5 Query : select fieldkey,fieldname,fieldtype,calcformula from wsfi039fields
20240403@074610.3603 7evg7ravneg88lpvd68jjmvrg5 Query : insert into wsfi039data (fistamp,ousrdata, ousrhora, usrdata,usrhora,ousrinis,usrinis ,qtt ,ftstamp ,epv,pvmoeda ,tabiva,iva,lordem ,ref, design ,armazem) values ('aut660cf79992660cfb3254',getdate(),convert(char(8),convert (time,getdate())),getdate(),convert(char(8),convert (time,getdate())),'wsv','wsv',0 ,'aut660cf18940660cfb312d' ,0,0 ,2,23.00,230000,?,?,?)
20240403@074610.3905 7evg7ravneg88lpvd68jjmvrg5 Query : select 1 valor from information_schema.tables where table_type='base table' and table_name='wsfi2039fields'
20240403@074610.3921 7evg7ravneg88lpvd68jjmvrg5 Query : select fieldkey,fieldname,fieldtype,calcformula from wsfi2039fields
20240403@074610.3925 7evg7ravneg88lpvd68jjmvrg5 Query : insert into wsfi2039data (fi2stamp,ftstamp ,ousrdata, ousrhora, usrdata,usrhora,ousrinis,usrinis) values ('aut660cf79992660cfb3254','aut660cf18940660cfb312d' ,getdate(),convert(char(8),convert (time,getdate())),getdate(),convert(char(8),convert (time,getdate())),'wsv','wsv')
20240403@074610.3930 7evg7ravneg88lpvd68jjmvrg5 Query : use flama_phc
20240403@074610.3933 7evg7ravneg88lpvd68jjmvrg5 Query : select st.usalote valor from st where st.ref = '324.4970.00.1'
20240403@074610.3944 7evg7ravneg88lpvd68jjmvrg5 Query : select top 1 st.tabiva ,st.ivaincl ,st.stns ,st.uni2 ,st.familia ,isnull(tx.taxa, 0) txiva ,unidade ,usalote ,epcpond ,noserie from st left join taxasiva tx on st.tabiva = tx.codigo where st.ref = '324.4970.00.1'
20240403@074610.3955 7evg7ravneg88lpvd68jjmvrg5 Query : select 1 valor from information_schema.tables where table_type='base table' and table_name='wsfi039fields'
20240403@074610.3969 7evg7ravneg88lpvd68jjmvrg5 Query : select fieldkey,fieldname,fieldtype,mandatory from wsfi039fields
20240403@074610.3994 7evg7ravneg88lpvd68jjmvrg5 Query : select 1 valor from information_schema.tables where table_type='base table' and table_name='wsfi2039fields'
20240403@074610.4007 7evg7ravneg88lpvd68jjmvrg5 Query : select fieldkey,fieldname,fieldtype,mandatory from wsfi2039fields
20240403@074610.4011 7evg7ravneg88lpvd68jjmvrg5 Query : select sestamp valor from se where ref ='324.4970.00.1' and lote = 'r2301074200a'
20240403@074610.4265 7evg7ravneg88lpvd68jjmvrg5 Query : select top 1 convert(numeric(6,2),t.taxa) valor from taxasiva t where t.codigo='2'
20240403@074610.4277 7evg7ravneg88lpvd68jjmvrg5 Query : select 1 valor from information_schema.tables where table_type='base table' and table_name='wsfi039fields'
20240403@074610.4291 7evg7ravneg88lpvd68jjmvrg5 Query : select fieldkey,fieldname,fieldtype,calcformula from wsfi039fields
20240403@074610.4318 7evg7ravneg88lpvd68jjmvrg5 Query : insert into wsfi039data (fistamp,ousrdata, ousrhora, usrdata,usrhora,ousrinis,usrinis ,qtt ,ftstamp ,epv,pvmoeda ,tabiva,iva,lordem ,ref, design ,lote,armazem,bistamp ) values ('aut660cf14459660cfb3268',getdate(),convert(char(8),convert (time,getdate())),getdate(),convert(char(8),convert (time,getdate())),'wsv','wsv',96.000 ,'aut660cf18940660cfb312d' ,0,0 ,2,23.00,250000,?,?,?,?,?)
20240403@074610.4569 7evg7ravneg88lpvd68jjmvrg5 Query : select 1 valor from information_schema.tables where table_type='base table' and table_name='wsfi2039fields'
20240403@074610.4586 7evg7ravneg88lpvd68jjmvrg5 Query : select fieldkey,fieldname,fieldtype,calcformula from wsfi2039fields
20240403@074610.4591 7evg7ravneg88lpvd68jjmvrg5 Query : insert into wsfi2039data (fi2stamp,ftstamp ,ousrdata, ousrhora, usrdata,usrhora,ousrinis,usrinis) values ('aut660cf14459660cfb3268','aut660cf18940660cfb312d' ,getdate(),convert(char(8),convert (time,getdate())),getdate(),convert(char(8),convert (time,getdate())),'wsv','wsv')
20240403@074610.4597 7evg7ravneg88lpvd68jjmvrg5 Query : insert into wsftcreationlog (initialftstamp,externalid,creationstatus,documenttypeid,idustamp) values ('aut660cf18940660cfb312d','2402475','wait',39,'ari17112337378,753000005')
20240403@074610.4616 7evg7ravneg88lpvd68jjmvrg5 Query : use flama_phc
20240403@074610.4619 7evg7ravneg88lpvd68jjmvrg5 Query : update u_wsusers set rqsttoken =? where userid ='userls001'
20240403@074610.4631 7evg7ravneg88lpvd68jjmvrg5 Query : select concat(rtrim(relative_path),ltrim(name_new)) as valor from uploadfiles where uploadfile_id='921';
20240403@074610.4651 7evg7ravneg88lpvd68jjmvrg5 Query : update uploadfiles set whenupdated=current_timestamp where uploadfile_id='921';
20240403@074610.4665 7evg7ravneg88lpvd68jjmvrg5 Query : select concat(rtrim(relative_path),ltrim(name_new)) as valor from uploadfiles where uploadfile_id='921';
20240403@074610.4679 7evg7ravneg88lpvd68jjmvrg5 Query : update uploadfiles set whenupdated=current_timestamp where uploadfile_id='921';
20240403@074610.5066 2qk71gdn7vu7rske91gsmt1ssd Query : insert into uploadfiles ( name_original, name_new, option_type, relative_path, whencreated ) values ( ?, ?, ?, ?, getdate() )
20240403@074610.5080 2qk71gdn7vu7rske91gsmt1ssd Query : select uploadfile_id valor from uploadfiles where name_new = ? and option_type = ? 
20240403@074610.5100 2qk71gdn7vu7rske91gsmt1ssd Query : select concat(rtrim(relative_path),ltrim(name_new)) as valor from uploadfiles where uploadfile_id='922';
20240403@074610.5141 2qk71gdn7vu7rske91gsmt1ssd Query : update uploadfiles set whenupdated=current_timestamp where uploadfile_id='922';
20240403@074610.5156 2qk71gdn7vu7rske91gsmt1ssd Query : select concat(rtrim(relative_path),ltrim(name_new)) as valor from uploadfiles where uploadfile_id='922';
20240403@074610.5170 2qk71gdn7vu7rske91gsmt1ssd Query : update uploadfiles set whenupdated=current_timestamp where uploadfile_id='922';
20240403@074610.5184 2qk71gdn7vu7rske91gsmt1ssd Query : use flama_phc
20240403@074610.5187 2qk71gdn7vu7rske91gsmt1ssd Query : select top 1 secretkey valor from u_wsusers u where u.userid = ? and u.inactivo=0
20240403@074610.5201 2qk71gdn7vu7rske91gsmt1ssd Query : use flama_phc
20240403@074610.5204 2qk71gdn7vu7rske91gsmt1ssd Query : select no, estab,szadrsdesc from szadrs where u_coddest=4743
20240403@074610.5246 2qk71gdn7vu7rske91gsmt1ssd Query : select top 1 isnull(design,'') valor from st (nolock) left join stobs (nolock) on st.ref = stobs.ref where st.ref = '324.4723.00.2'
20240403@074610.5611 2qk71gdn7vu7rske91gsmt1ssd Query : select top 1 bistamp valor from bi inner join bo on bo.bostamp=bi.bostamp where bo.ndos =240 and bo.boano =2024 and bo.obrano = 2402476 and bi.ref ='324.4723.00.2' and bi.lordem =1
20240403@074610.5963 2qk71gdn7vu7rske91gsmt1ssd Query : use flama_phc
20240403@074610.5967 2qk71gdn7vu7rske91gsmt1ssd Query : select top 1 convert(date,fdata) valor from ft where ndoc = 39 and anulado= 0 and fno>0 order by fdata desc
20240403@074610.5982 2qk71gdn7vu7rske91gsmt1ssd Query : use flama_phc
20240403@074610.5985 2qk71gdn7vu7rske91gsmt1ssd Query : select top 1 1 valor from td where td.ndoc = 39
20240403@074610.5996 2qk71gdn7vu7rske91gsmt1ssd Query : use flama_phc
20240403@074610.6000 2qk71gdn7vu7rske91gsmt1ssd Query : select descricao ,case when valor='s' then 1 else 0 end usalotes from para1 where descricao in ('st_lote')
20240403@074610.6011 2qk71gdn7vu7rske91gsmt1ssd Query : select top 1 assinadoc issigned ,td.lancasl stocks ,'cl' origin ,case when (cmsl between 1 and 50 ) then 1 else 0 end entrada ,case when (cmsl>50 ) then 1 else 0 end saida ,~lotestock validatestock ,tiposaft from td inner join td2 on td.tdstamp=td2.td2stamp where td.ndoc =39
20240403@074610.6027 2qk71gdn7vu7rske91gsmt1ssd Query : use flama_phc
20240403@074610.6030 2qk71gdn7vu7rske91gsmt1ssd Query : select top 1 ~inactivo valor from cl where no = '101597' and estab = 0 order by inactivo desc
20240403@074610.6041 2qk71gdn7vu7rske91gsmt1ssd Query : use flama_phc
20240403@074610.6044 2qk71gdn7vu7rske91gsmt1ssd Query : select top 1 tipodoc,regrd from td where ndoc = 39
20240403@074610.6056 2qk71gdn7vu7rske91gsmt1ssd Query : use flama_phc
20240403@074610.6058 2qk71gdn7vu7rske91gsmt1ssd Query : select szadrsstamp valor from szadrs where szadrsdesc='espaÇotrans,lda'
20240403@074610.6069 2qk71gdn7vu7rske91gsmt1ssd Query : use flama_phc
20240403@074610.6072 2qk71gdn7vu7rske91gsmt1ssd Query : select szadrsstamp valor from szadrs where szadrsdesc='101597 - auchan retail portugal , sa'
20240403@074610.6083 2qk71gdn7vu7rske91gsmt1ssd Query : use flama_phc
20240403@074610.6086 2qk71gdn7vu7rske91gsmt1ssd Query : select 1 valor from td where ndoc = 39
20240403@074610.6097 2qk71gdn7vu7rske91gsmt1ssd Query : select top 1 manternumero, tiposaft, nmdos,td.assinadoc from td where td.ndoc = 39
20240403@074610.6108 2qk71gdn7vu7rske91gsmt1ssd Query : select 1 valor from information_schema.tables where table_type='base table' and table_name='wsft039fields'
20240403@074610.6121 2qk71gdn7vu7rske91gsmt1ssd Query : select fieldkey,fieldname,fieldtype,mandatory from wsft039fields
20240403@074610.6139 2qk71gdn7vu7rske91gsmt1ssd Query : select 1 valor from information_schema.tables where table_type='base table' and table_name='wsft2039fields'
20240403@074610.6153 2qk71gdn7vu7rske91gsmt1ssd Query : select fieldkey,fieldname,fieldtype,mandatory from wsft2039fields
20240403@074610.6279 2qk71gdn7vu7rske91gsmt1ssd Query : select 1 valor from information_schema.tables where table_type='base table' and table_name='wsft3039fields'
20240403@074610.6294 2qk71gdn7vu7rske91gsmt1ssd Query : select fieldkey,fieldname,fieldtype,mandatory from wsft3039fields
20240403@074610.6305 2qk71gdn7vu7rske91gsmt1ssd Query : select top 1 ft.fno valor from ft ft where ft.ndoc = 39 and ftano=2024 order by fno desc
20240403@074610.6400 2qk71gdn7vu7rske91gsmt1ssd Query : select top 1 ft.fno valor from wsft039data ft where ft.ndoc = 39 and ftano=2024 order by fno desc
20240403@074610.6410 2qk71gdn7vu7rske91gsmt1ssd Query : select 1 valor from information_schema.tables where table_type='base table' and table_name='wsft3039fields'
20240403@074610.6424 2qk71gdn7vu7rske91gsmt1ssd Query : select fieldkey,fieldname,fieldtype,calcformula from wsft3039fields
20240403@074610.6434 2qk71gdn7vu7rske91gsmt1ssd Query : insert into wsft3039data (ft3stamp, ousrdata, ousrhora, usrdata,usrhora,ousrinis,usrinis,taxpointdt ) values ('aut660cf32382660cfb3299' ,getdate(),convert(char(8),convert (time,getdate())),getdate(),convert(char(8),convert (time,getdate())),'wsv','wsv',?)
20240403@074610.6609 2qk71gdn7vu7rske91gsmt1ssd Query : select 1 valor from information_schema.tables where table_type='base table' and table_name='wsft2039fields'
20240403@074610.6645 2qk71gdn7vu7rske91gsmt1ssd Query : select fieldkey,fieldname,fieldtype,calcformula from wsft2039fields
20240403@074610.6674 2qk71gdn7vu7rske91gsmt1ssd Query : select top 1 bo.u_nomeenv valor from bo where bo.bostamp=''
20240403@074610.6679 2qk71gdn7vu7rske91gsmt1ssd Query : select top 1 bo.u_moradaen valor from bo where bo.bostamp=''
20240403@074610.6684 2qk71gdn7vu7rske91gsmt1ssd Query : select top 1 bo.u_codposen valor from bo where bo.bostamp=''
20240403@074610.6698 2qk71gdn7vu7rske91gsmt1ssd Query : select top 1 bo.u_localenv valor from bo where bo.bostamp=''
20240403@074610.6703 2qk71gdn7vu7rske91gsmt1ssd Query : select top 1 bo.trab5 valor from bo where bo.bostamp=''
20240403@074610.6707 2qk71gdn7vu7rske91gsmt1ssd Query : select top 1 bo.serie valor from bo where bo.bostamp=''
20240403@074610.6712 2qk71gdn7vu7rske91gsmt1ssd Query : insert into wsft2039data (ft2stamp, ousrdata,ousrhora, usrdata,usrhora,ousrinis,usrinis,u_nomeenv ,u_moradaen ,u_codposen ,u_localenv ,u_coddest ,u_codby ) values ('aut660cf32382660cfb3299',getdate(),convert(char(8),convert (time,getdate())),getdate(),convert(char(8),convert (time,getdate())),'wsv','wsv',?,?,?,?,?,?)
20240403@074610.6960 2qk71gdn7vu7rske91gsmt1ssd Query : select top 1 fno valor from wsft039data order by fno desc
20240403@074610.6979 2qk71gdn7vu7rske91gsmt1ssd Query : select 1 valor from information_schema.tables where table_type='base table' and table_name='wsft039fields'
20240403@074610.6994 2qk71gdn7vu7rske91gsmt1ssd Query : select fieldkey,fieldname,fieldtype,calcformula from wsft039fields
20240403@074610.7011 2qk71gdn7vu7rske91gsmt1ssd Query : insert into wsft039data (ftstamp, ousrdata,ousrhora, usrdata,usrhora,ousrinis,usrinis,fno,no,estab,fdata,ndoc,moeda,cambio,cambiofixo,ftano,cdata,chora,carga,descar,site ,classe ) values ('aut660cf32382660cfb3299',getdate(),convert(char(8),convert (time,getdate())),getdate(),convert(char(8),convert (time,getdate())),'wsv','wsv',705,101597,0,'2024-04-03',39,'euro',0,0,2024 ,'20240403','0816',?,?,?,?)
20240403@074610.7339 2qk71gdn7vu7rske91gsmt1ssd Query : use flama_phc
20240403@074610.7365 2qk71gdn7vu7rske91gsmt1ssd Query : select st.usalote valor from st where st.ref = '324.4723.00.2'
20240403@074610.7378 2qk71gdn7vu7rske91gsmt1ssd Query : select top 1 st.tabiva ,st.ivaincl ,st.stns ,st.uni2 ,st.familia ,isnull(tx.taxa, 0) txiva ,unidade ,usalote ,epcpond ,noserie from st left join taxasiva tx on st.tabiva = tx.codigo where st.ref = '324.4723.00.2'
20240403@074610.7521 2qk71gdn7vu7rske91gsmt1ssd Query : select 1 valor from information_schema.tables where table_type='base table' and table_name='wsfi039fields'
20240403@074610.7536 2qk71gdn7vu7rske91gsmt1ssd Query : select fieldkey,fieldname,fieldtype,mandatory from wsfi039fields
20240403@074610.7559 2qk71gdn7vu7rske91gsmt1ssd Query : select 1 valor from information_schema.tables where table_type='base table' and table_name='wsfi2039fields'
20240403@074610.7572 2qk71gdn7vu7rske91gsmt1ssd Query : select fieldkey,fieldname,fieldtype,mandatory from wsfi2039fields
20240403@074610.7577 2qk71gdn7vu7rske91gsmt1ssd Query : select sestamp valor from se where ref ='324.4723.00.2' and lote = 'r2200682200a'
20240403@074610.7594 2qk71gdn7vu7rske91gsmt1ssd Query : select top 1 convert(numeric(6,2),t.taxa) valor from taxasiva t where t.codigo='2'
20240403@074610.7604 2qk71gdn7vu7rske91gsmt1ssd Query : select 1 valor from information_schema.tables where table_type='base table' and table_name='wsfi039fields'
20240403@074610.7617 2qk71gdn7vu7rske91gsmt1ssd Query : select fieldkey,fieldname,fieldtype,calcformula from wsfi039fields
20240403@074610.7642 2qk71gdn7vu7rske91gsmt1ssd Query : insert into wsfi039data (fistamp,ousrdata, ousrhora, usrdata,usrhora,ousrinis,usrinis ,qtt ,ftstamp ,epv,pvmoeda ,tabiva,iva,lordem ,ref, design ,lote,armazem,bistamp ) values ('aut660cf37349660cfb32b9',getdate(),convert(char(8),convert (time,getdate())),getdate(),convert(char(8),convert (time,getdate())),'wsv','wsv',3.000 ,'aut660cf32382660cfb3299' ,0,0 ,2,23.00,10000,?,?,?,?,?)
20240403@074610.7912 2qk71gdn7vu7rske91gsmt1ssd Query : select 1 valor from information_schema.tables where table_type='base table' and table_name='wsfi2039fields'
20240403@074610.7927 2qk71gdn7vu7rske91gsmt1ssd Query : select fieldkey,fieldname,fieldtype,calcformula from wsfi2039fields
20240403@074610.7932 2qk71gdn7vu7rske91gsmt1ssd Query : insert into wsfi2039data (fi2stamp,ftstamp ,ousrdata, ousrhora, usrdata,usrhora,ousrinis,usrinis) values ('aut660cf37349660cfb32b9','aut660cf32382660cfb3299' ,getdate(),convert(char(8),convert (time,getdate())),getdate(),convert(char(8),convert (time,getdate())),'wsv','wsv')
20240403@074610.7937 2qk71gdn7vu7rske91gsmt1ssd Query : insert into wsftcreationlog (initialftstamp,externalid,creationstatus,documenttypeid,idustamp) values ('aut660cf32382660cfb3299','2402476','wait',39,'ari17112337378,753000005')
20240403@074610.7951 2qk71gdn7vu7rske91gsmt1ssd Query : use flama_phc
20240403@074610.7954 2qk71gdn7vu7rske91gsmt1ssd Query : update u_wsusers set rqsttoken =? where userid ='userls001'
20240403@074610.7965 2qk71gdn7vu7rske91gsmt1ssd Query : select concat(rtrim(relative_path),ltrim(name_new)) as valor from uploadfiles where uploadfile_id='922';
20240403@074610.7981 2qk71gdn7vu7rske91gsmt1ssd Query : update uploadfiles set whenupdated=current_timestamp where uploadfile_id='922';
20240403@074610.7995 2qk71gdn7vu7rske91gsmt1ssd Query : select concat(rtrim(relative_path),ltrim(name_new)) as valor from uploadfiles where uploadfile_id='922';
20240403@074610.8007 2qk71gdn7vu7rske91gsmt1ssd Query : update uploadfiles set whenupdated=current_timestamp where uploadfile_id='922';
20240403@074610.8375 tg51a50kq5ct507fgfaqk1nvf4 Query : insert into uploadfiles ( name_original, name_new, option_type, relative_path, whencreated ) values ( ?, ?, ?, ?, getdate() )
20240403@074610.8389 tg51a50kq5ct507fgfaqk1nvf4 Query : select uploadfile_id valor from uploadfiles where name_new = ? and option_type = ? 
20240403@074610.8407 tg51a50kq5ct507fgfaqk1nvf4 Query : select concat(rtrim(relative_path),ltrim(name_new)) as valor from uploadfiles where uploadfile_id='923';
20240403@074610.8448 tg51a50kq5ct507fgfaqk1nvf4 Query : update uploadfiles set whenupdated=current_timestamp where uploadfile_id='923';
20240403@074610.8463 tg51a50kq5ct507fgfaqk1nvf4 Query : select concat(rtrim(relative_path),ltrim(name_new)) as valor from uploadfiles where uploadfile_id='923';
20240403@074610.8479 tg51a50kq5ct507fgfaqk1nvf4 Query : update uploadfiles set whenupdated=current_timestamp where uploadfile_id='923';
20240403@074610.8492 tg51a50kq5ct507fgfaqk1nvf4 Query : use flama_phc
20240403@074610.8496 tg51a50kq5ct507fgfaqk1nvf4 Query : select top 1 secretkey valor from u_wsusers u where u.userid = ? and u.inactivo=0
20240403@074610.8529 tg51a50kq5ct507fgfaqk1nvf4 Query : use flama_phc
20240403@074610.8532 tg51a50kq5ct507fgfaqk1nvf4 Query : select no, estab,szadrsdesc from szadrs where u_coddest=4743
20240403@074610.8572 tg51a50kq5ct507fgfaqk1nvf4 Query : select top 1 isnull(design,'') valor from st (nolock) left join stobs (nolock) on st.ref = stobs.ref where st.ref = '324.698.00.01'
20240403@074610.8716 tg51a50kq5ct507fgfaqk1nvf4 Query : select top 1 bistamp valor from bi inner join bo on bo.bostamp=bi.bostamp where bo.ndos =240 and bo.boano =2024 and bo.obrano = 2402477 and bi.ref ='324.698.00.01' and bi.lordem =1
20240403@074610.9058 tg51a50kq5ct507fgfaqk1nvf4 Query : select top 1 isnull(design,'') valor from st (nolock) left join stobs (nolock) on st.ref = stobs.ref where st.ref = '324.698.00.01'
20240403@074610.9070 tg51a50kq5ct507fgfaqk1nvf4 Query : select top 1 bistamp valor from bi inner join bo on bo.bostamp=bi.bostamp where bo.ndos =240 and bo.boano =2024 and bo.obrano = 2402477 and bi.ref ='324.698.00.01' and bi.lordem =1
20240403@074610.9115 tg51a50kq5ct507fgfaqk1nvf4 Query : select top 1 isnull(design,'') valor from st (nolock) left join stobs (nolock) on st.ref = stobs.ref where st.ref = '324.698.00.01'
20240403@074610.9134 tg51a50kq5ct507fgfaqk1nvf4 Query : select top 1 bistamp valor from bi inner join bo on bo.bostamp=bi.bostamp where bo.ndos =240 and bo.boano =2024 and bo.obrano = 2402477 and bi.ref ='324.698.00.01' and bi.lordem =1
20240403@074610.9141 tg51a50kq5ct507fgfaqk1nvf4 Query : select top 1 isnull(design,'') valor from st (nolock) left join stobs (nolock) on st.ref = stobs.ref where st.ref = '324.698.00.01'
20240403@074610.9150 tg51a50kq5ct507fgfaqk1nvf4 Query : select top 1 bistamp valor from bi inner join bo on bo.bostamp=bi.bostamp where bo.ndos =240 and bo.boano =2024 and bo.obrano = 2402477 and bi.ref ='324.698.00.01' and bi.lordem =1
20240403@074610.9155 tg51a50kq5ct507fgfaqk1nvf4 Query : select top 1 isnull(design,'') valor from st (nolock) left join stobs (nolock) on st.ref = stobs.ref where st.ref = '324.698.00.01'
20240403@074610.9175 tg51a50kq5ct507fgfaqk1nvf4 Query : select top 1 bistamp valor from bi inner join bo on bo.bostamp=bi.bostamp where bo.ndos =240 and bo.boano =2024 and bo.obrano = 2402477 and bi.ref ='324.698.00.01' and bi.lordem =1
20240403@074610.9180 tg51a50kq5ct507fgfaqk1nvf4 Query : select top 1 isnull(design,'') valor from st (nolock) left join stobs (nolock) on st.ref = stobs.ref where st.ref = '324.698.00.01'
20240403@074610.9189 tg51a50kq5ct507fgfaqk1nvf4 Query : select top 1 bistamp valor from bi inner join bo on bo.bostamp=bi.bostamp where bo.ndos =240 and bo.boano =2024 and bo.obrano = 2402477 and bi.ref ='324.698.00.01' and bi.lordem =1
20240403@074610.9195 tg51a50kq5ct507fgfaqk1nvf4 Query : select top 1 isnull(design,'') valor from st (nolock) left join stobs (nolock) on st.ref = stobs.ref where st.ref = '324.698.00.01'
20240403@074610.9231 tg51a50kq5ct507fgfaqk1nvf4 Query : select top 1 bistamp valor from bi inner join bo on bo.bostamp=bi.bostamp where bo.ndos =240 and bo.boano =2024 and bo.obrano = 2402477 and bi.ref ='324.698.00.01' and bi.lordem =1
20240403@074610.9276 tg51a50kq5ct507fgfaqk1nvf4 Query : select top 1 isnull(design,'') valor from st (nolock) left join stobs (nolock) on st.ref = stobs.ref where st.ref = '324.698.00.01'
20240403@074610.9287 tg51a50kq5ct507fgfaqk1nvf4 Query : select top 1 bistamp valor from bi inner join bo on bo.bostamp=bi.bostamp where bo.ndos =240 and bo.boano =2024 and bo.obrano = 2402477 and bi.ref ='324.698.00.01' and bi.lordem =1
20240403@074610.9292 tg51a50kq5ct507fgfaqk1nvf4 Query : select top 1 isnull(design,'') valor from st (nolock) left join stobs (nolock) on st.ref = stobs.ref where st.ref = '324.698.00.01'
20240403@074610.9301 tg51a50kq5ct507fgfaqk1nvf4 Query : select top 1 bistamp valor from bi inner join bo on bo.bostamp=bi.bostamp where bo.ndos =240 and bo.boano =2024 and bo.obrano = 2402477 and bi.ref ='324.698.00.01' and bi.lordem =1
20240403@074610.9306 tg51a50kq5ct507fgfaqk1nvf4 Query : select top 1 isnull(design,'') valor from st (nolock) left join stobs (nolock) on st.ref = stobs.ref where st.ref = '324.698.00.01'
20240403@074610.9315 tg51a50kq5ct507fgfaqk1nvf4 Query : select top 1 bistamp valor from bi inner join bo on bo.bostamp=bi.bostamp where bo.ndos =240 and bo.boano =2024 and bo.obrano = 2402477 and bi.ref ='324.698.00.01' and bi.lordem =1
20240403@074610.9320 tg51a50kq5ct507fgfaqk1nvf4 Query : select top 1 isnull(design,'') valor from st (nolock) left join stobs (nolock) on st.ref = stobs.ref where st.ref = '324.698.00.01'
20240403@074610.9328 tg51a50kq5ct507fgfaqk1nvf4 Query : select top 1 bistamp valor from bi inner join bo on bo.bostamp=bi.bostamp where bo.ndos =240 and bo.boano =2024 and bo.obrano = 2402477 and bi.ref ='324.698.00.01' and bi.lordem =1
20240403@074610.9333 tg51a50kq5ct507fgfaqk1nvf4 Query : select top 1 isnull(design,'') valor from st (nolock) left join stobs (nolock) on st.ref = stobs.ref where st.ref = '324.698.00.01'
20240403@074610.9342 tg51a50kq5ct507fgfaqk1nvf4 Query : select top 1 bistamp valor from bi inner join bo on bo.bostamp=bi.bostamp where bo.ndos =240 and bo.boano =2024 and bo.obrano = 2402477 and bi.ref ='324.698.00.01' and bi.lordem =1
20240403@074610.9347 tg51a50kq5ct507fgfaqk1nvf4 Query : select top 1 isnull(design,'') valor from st (nolock) left join stobs (nolock) on st.ref = stobs.ref where st.ref = '324.698.00.01'
20240403@074610.9379 tg51a50kq5ct507fgfaqk1nvf4 Query : select top 1 bistamp valor from bi inner join bo on bo.bostamp=bi.bostamp where bo.ndos =240 and bo.boano =2024 and bo.obrano = 2402477 and bi.ref ='324.698.00.01' and bi.lordem =1
20240403@074610.9385 tg51a50kq5ct507fgfaqk1nvf4 Query : select top 1 isnull(design,'') valor from st (nolock) left join stobs (nolock) on st.ref = stobs.ref where st.ref = '324.698.00.01'
20240403@074610.9394 tg51a50kq5ct507fgfaqk1nvf4 Query : select top 1 bistamp valor from bi inner join bo on bo.bostamp=bi.bostamp where bo.ndos =240 and bo.boano =2024 and bo.obrano = 2402477 and bi.ref ='324.698.00.01' and bi.lordem =1
20240403@074610.9399 tg51a50kq5ct507fgfaqk1nvf4 Query : select top 1 isnull(design,'') valor from st (nolock) left join stobs (nolock) on st.ref = stobs.ref where st.ref = '324.698.00.01'
20240403@074610.9408 tg51a50kq5ct507fgfaqk1nvf4 Query : select top 1 bistamp valor from bi inner join bo on bo.bostamp=bi.bostamp where bo.ndos =240 and bo.boano =2024 and bo.obrano = 2402477 and bi.ref ='324.698.00.01' and bi.lordem =1
20240403@074610.9441 tg51a50kq5ct507fgfaqk1nvf4 Query : select top 1 isnull(design,'') valor from st (nolock) left join stobs (nolock) on st.ref = stobs.ref where st.ref = '324.698.00.01'
20240403@074610.9452 tg51a50kq5ct507fgfaqk1nvf4 Query : select top 1 bistamp valor from bi inner join bo on bo.bostamp=bi.bostamp where bo.ndos =240 and bo.boano =2024 and bo.obrano = 2402477 and bi.ref ='324.698.00.01' and bi.lordem =1
20240403@074610.9458 tg51a50kq5ct507fgfaqk1nvf4 Query : select top 1 isnull(design,'') valor from st (nolock) left join stobs (nolock) on st.ref = stobs.ref where st.ref = '324.698.00.01'
20240403@074610.9468 tg51a50kq5ct507fgfaqk1nvf4 Query : select top 1 bistamp valor from bi inner join bo on bo.bostamp=bi.bostamp where bo.ndos =240 and bo.boano =2024 and bo.obrano = 2402477 and bi.ref ='324.698.00.01' and bi.lordem =1
20240403@074610.9473 tg51a50kq5ct507fgfaqk1nvf4 Query : select top 1 isnull(design,'') valor from st (nolock) left join stobs (nolock) on st.ref = stobs.ref where st.ref = '324.698.00.01'
20240403@074610.9483 tg51a50kq5ct507fgfaqk1nvf4 Query : select top 1 bistamp valor from bi inner join bo on bo.bostamp=bi.bostamp where bo.ndos =240 and bo.boano =2024 and bo.obrano = 2402477 and bi.ref ='324.698.00.01' and bi.lordem =1
20240403@074610.9488 tg51a50kq5ct507fgfaqk1nvf4 Query : select top 1 isnull(design,'') valor from st (nolock) left join stobs (nolock) on st.ref = stobs.ref where st.ref = '324.698.00.01'
20240403@074610.9497 tg51a50kq5ct507fgfaqk1nvf4 Query : select top 1 bistamp valor from bi inner join bo on bo.bostamp=bi.bostamp where bo.ndos =240 and bo.boano =2024 and bo.obrano = 2402477 and bi.ref ='324.698.00.01' and bi.lordem =1
20240403@074610.9502 tg51a50kq5ct507fgfaqk1nvf4 Query : select top 1 isnull(design,'') valor from st (nolock) left join stobs (nolock) on st.ref = stobs.ref where st.ref = '324.698.00.01'
20240403@074610.9511 tg51a50kq5ct507fgfaqk1nvf4 Query : select top 1 bistamp valor from bi inner join bo on bo.bostamp=bi.bostamp where bo.ndos =240 and bo.boano =2024 and bo.obrano = 2402477 and bi.ref ='324.698.00.01' and bi.lordem =1
20240403@074610.9516 tg51a50kq5ct507fgfaqk1nvf4 Query : use flama_phc
20240403@074610.9520 tg51a50kq5ct507fgfaqk1nvf4 Query : select top 1 convert(date,fdata) valor from ft where ndoc = 39 and anulado= 0 and fno>0 order by fdata desc
20240403@074610.9531 tg51a50kq5ct507fgfaqk1nvf4 Query : use flama_phc
20240403@074610.9534 tg51a50kq5ct507fgfaqk1nvf4 Query : select top 1 1 valor from td where td.ndoc = 39
20240403@074610.9545 tg51a50kq5ct507fgfaqk1nvf4 Query : use flama_phc
20240403@074610.9548 tg51a50kq5ct507fgfaqk1nvf4 Query : select descricao ,case when valor='s' then 1 else 0 end usalotes from para1 where descricao in ('st_lote')
20240403@074610.9558 tg51a50kq5ct507fgfaqk1nvf4 Query : select top 1 assinadoc issigned ,td.lancasl stocks ,'cl' origin ,case when (cmsl between 1 and 50 ) then 1 else 0 end entrada ,case when (cmsl>50 ) then 1 else 0 end saida ,~lotestock validatestock ,tiposaft from td inner join td2 on td.tdstamp=td2.td2stamp where td.ndoc =39
20240403@074610.9572 tg51a50kq5ct507fgfaqk1nvf4 Query : use flama_phc
20240403@074610.9575 tg51a50kq5ct507fgfaqk1nvf4 Query : select top 1 ~inactivo valor from cl where no = '101597' and estab = 0 order by inactivo desc
20240403@074610.9585 tg51a50kq5ct507fgfaqk1nvf4 Query : use flama_phc
20240403@074610.9588 tg51a50kq5ct507fgfaqk1nvf4 Query : select top 1 tipodoc,regrd from td where ndoc = 39
20240403@074610.9597 tg51a50kq5ct507fgfaqk1nvf4 Query : use flama_phc
20240403@074610.9600 tg51a50kq5ct507fgfaqk1nvf4 Query : select szadrsstamp valor from szadrs where szadrsdesc='espaÇotrans,lda'
20240403@074610.9610 tg51a50kq5ct507fgfaqk1nvf4 Query : use flama_phc
20240403@074610.9615 tg51a50kq5ct507fgfaqk1nvf4 Query : select szadrsstamp valor from szadrs where szadrsdesc='101597 - auchan retail portugal , sa'
20240403@074610.9864 tg51a50kq5ct507fgfaqk1nvf4 Query : use flama_phc
20240403@074610.9907 tg51a50kq5ct507fgfaqk1nvf4 Query : select 1 valor from td where ndoc = 39
20240403@074610.9921 tg51a50kq5ct507fgfaqk1nvf4 Query : select top 1 manternumero, tiposaft, nmdos,td.assinadoc from td where td.ndoc = 39
20240403@074610.9934 tg51a50kq5ct507fgfaqk1nvf4 Query : select 1 valor from information_schema.tables where table_type='base table' and table_name='wsft039fields'
20240403@074610.9950 tg51a50kq5ct507fgfaqk1nvf4 Query : select fieldkey,fieldname,fieldtype,mandatory from wsft039fields
20240403@074610.9968 tg51a50kq5ct507fgfaqk1nvf4 Query : select 1 valor from information_schema.tables where table_type='base table' and table_name='wsft2039fields'
20240403@074610.9981 tg51a50kq5ct507fgfaqk1nvf4 Query : select fieldkey,fieldname,fieldtype,mandatory from wsft2039fields
20240403@074611.9000 tg51a50kq5ct507fgfaqk1nvf4 Query : select 1 valor from information_schema.tables where table_type='base table' and table_name='wsft3039fields'
20240403@074611.2300 tg51a50kq5ct507fgfaqk1nvf4 Query : select fieldkey,fieldname,fieldtype,mandatory from wsft3039fields
20240403@074611.3400 tg51a50kq5ct507fgfaqk1nvf4 Query : select top 1 ft.fno valor from ft ft where ft.ndoc = 39 and ftano=2024 order by fno desc
20240403@074611.1270 tg51a50kq5ct507fgfaqk1nvf4 Query : select top 1 ft.fno valor from wsft039data ft where ft.ndoc = 39 and ftano=2024 order by fno desc
20240403@074611.1380 tg51a50kq5ct507fgfaqk1nvf4 Query : select 1 valor from information_schema.tables where table_type='base table' and table_name='wsft3039fields'
20240403@074611.1520 tg51a50kq5ct507fgfaqk1nvf4 Query : select fieldkey,fieldname,fieldtype,calcformula from wsft3039fields
20240403@074611.1630 tg51a50kq5ct507fgfaqk1nvf4 Query : insert into wsft3039data (ft3stamp, ousrdata, ousrhora, usrdata,usrhora,ousrinis,usrinis,taxpointdt ) values ('aut660cf76572660cfb3300' ,getdate(),convert(char(8),convert (time,getdate())),getdate(),convert(char(8),convert (time,getdate())),'wsv','wsv',?)
20240403@074611.3310 tg51a50kq5ct507fgfaqk1nvf4 Query : select 1 valor from information_schema.tables where table_type='base table' and table_name='wsft2039fields'
20240403@074611.3480 tg51a50kq5ct507fgfaqk1nvf4 Query : select fieldkey,fieldname,fieldtype,calcformula from wsft2039fields
20240403@074611.3790 tg51a50kq5ct507fgfaqk1nvf4 Query : select top 1 bo.u_nomeenv valor from bo where bo.bostamp=''
20240403@074611.3840 tg51a50kq5ct507fgfaqk1nvf4 Query : select top 1 bo.u_moradaen valor from bo where bo.bostamp=''
20240403@074611.3880 tg51a50kq5ct507fgfaqk1nvf4 Query : select top 1 bo.u_codposen valor from bo where bo.bostamp=''
20240403@074611.3930 tg51a50kq5ct507fgfaqk1nvf4 Query : select top 1 bo.u_localenv valor from bo where bo.bostamp=''
20240403@074611.3970 tg51a50kq5ct507fgfaqk1nvf4 Query : select top 1 bo.trab5 valor from bo where bo.bostamp=''
20240403@074611.4010 tg51a50kq5ct507fgfaqk1nvf4 Query : select top 1 bo.serie valor from bo where bo.bostamp=''
20240403@074611.4050 tg51a50kq5ct507fgfaqk1nvf4 Query : insert into wsft2039data (ft2stamp, ousrdata,ousrhora, usrdata,usrhora,ousrinis,usrinis,u_nomeenv ,u_moradaen ,u_codposen ,u_localenv ,u_coddest ,u_codby ) values ('aut660cf76572660cfb3300',getdate(),convert(char(8),convert (time,getdate())),getdate(),convert(char(8),convert (time,getdate())),'wsv','wsv',?,?,?,?,?,?)
20240403@074611.7170 tg51a50kq5ct507fgfaqk1nvf4 Query : select top 1 fno valor from wsft039data order by fno desc
20240403@074611.7350 tg51a50kq5ct507fgfaqk1nvf4 Query : select 1 valor from information_schema.tables where table_type='base table' and table_name='wsft039fields'
20240403@074611.7490 tg51a50kq5ct507fgfaqk1nvf4 Query : select fieldkey,fieldname,fieldtype,calcformula from wsft039fields
20240403@074611.7670 tg51a50kq5ct507fgfaqk1nvf4 Query : insert into wsft039data (ftstamp, ousrdata,ousrhora, usrdata,usrhora,ousrinis,usrinis,fno,no,estab,fdata,ndoc,moeda,cambio,cambiofixo,ftano,cdata,chora,carga,descar,site ,classe ) values ('aut660cf76572660cfb3300',getdate(),convert(char(8),convert (time,getdate())),getdate(),convert(char(8),convert (time,getdate())),'wsv','wsv',706,101597,0,'2024-04-03',39,'euro',0,0,2024 ,'20240403','0816',?,?,?,?)
20240403@074611.1062 tg51a50kq5ct507fgfaqk1nvf4 Query : use flama_phc
20240403@074611.1066 tg51a50kq5ct507fgfaqk1nvf4 Query : select st.usalote valor from st where st.ref = '324.698.00.01'
20240403@074611.1080 tg51a50kq5ct507fgfaqk1nvf4 Query : select top 1 st.tabiva ,st.ivaincl ,st.stns ,st.uni2 ,st.familia ,isnull(tx.taxa, 0) txiva ,unidade ,usalote ,epcpond ,noserie from st left join taxasiva tx on st.tabiva = tx.codigo where st.ref = '324.698.00.01'
20240403@074611.1229 tg51a50kq5ct507fgfaqk1nvf4 Query : select 1 valor from information_schema.tables where table_type='base table' and table_name='wsfi039fields'
20240403@074611.1245 tg51a50kq5ct507fgfaqk1nvf4 Query : select fieldkey,fieldname,fieldtype,mandatory from wsfi039fields
20240403@074611.1277 tg51a50kq5ct507fgfaqk1nvf4 Query : select 1 valor from information_schema.tables where table_type='base table' and table_name='wsfi2039fields'
20240403@074611.1293 tg51a50kq5ct507fgfaqk1nvf4 Query : select fieldkey,fieldname,fieldtype,mandatory from wsfi2039fields
20240403@074611.1299 tg51a50kq5ct507fgfaqk1nvf4 Query : select sestamp valor from se where ref ='324.698.00.01' and lote = 'r2301182200a'
20240403@074611.1335 tg51a50kq5ct507fgfaqk1nvf4 Query : select top 1 convert(numeric(6,2),t.taxa) valor from taxasiva t where t.codigo='2'
20240403@074611.1348 tg51a50kq5ct507fgfaqk1nvf4 Query : select 1 valor from information_schema.tables where table_type='base table' and table_name='wsfi039fields'
20240403@074611.1365 tg51a50kq5ct507fgfaqk1nvf4 Query : select fieldkey,fieldname,fieldtype,calcformula from wsfi039fields
20240403@074611.1396 tg51a50kq5ct507fgfaqk1nvf4 Query : insert into wsfi039data (fistamp,ousrdata, ousrhora, usrdata,usrhora,ousrinis,usrinis ,qtt ,ftstamp ,epv,pvmoeda ,tabiva,iva,lordem ,ref, design ,lote,armazem,bistamp ) values ('aut660cf86723660cfb3320',getdate(),convert(char(8),convert (time,getdate())),getdate(),convert(char(8),convert (time,getdate())),'wsv','wsv',8.000 ,'aut660cf76572660cfb3300' ,0,0 ,2,23.00,10000,?,?,?,?,?)
20240403@074611.1652 tg51a50kq5ct507fgfaqk1nvf4 Query : select 1 valor from information_schema.tables where table_type='base table' and table_name='wsfi2039fields'
20240403@074611.1689 tg51a50kq5ct507fgfaqk1nvf4 Query : select fieldkey,fieldname,fieldtype,calcformula from wsfi2039fields
20240403@074611.1694 tg51a50kq5ct507fgfaqk1nvf4 Query : insert into wsfi2039data (fi2stamp,ftstamp ,ousrdata, ousrhora, usrdata,usrhora,ousrinis,usrinis) values ('aut660cf86723660cfb3320','aut660cf76572660cfb3300' ,getdate(),convert(char(8),convert (time,getdate())),getdate(),convert(char(8),convert (time,getdate())),'wsv','wsv')
20240403@074611.1700 tg51a50kq5ct507fgfaqk1nvf4 Query : select 1 valor from information_schema.tables where table_type='base table' and table_name='wsfi039fields'
20240403@074611.1715 tg51a50kq5ct507fgfaqk1nvf4 Query : select fieldkey,fieldname,fieldtype,mandatory from wsfi039fields
20240403@074611.1742 tg51a50kq5ct507fgfaqk1nvf4 Query : select 1 valor from information_schema.tables where table_type='base table' and table_name='wsfi2039fields'
20240403@074611.1757 tg51a50kq5ct507fgfaqk1nvf4 Query : select fieldkey,fieldname,fieldtype,mandatory from wsfi2039fields
20240403@074611.1762 tg51a50kq5ct507fgfaqk1nvf4 Query : select top 1 convert(numeric(6,2),t.taxa) valor from taxasiva t where t.codigo='2'
20240403@074611.1773 tg51a50kq5ct507fgfaqk1nvf4 Query : select 1 valor from information_schema.tables where table_type='base table' and table_name='wsfi039fields'
20240403@074611.1787 tg51a50kq5ct507fgfaqk1nvf4 Query : select fieldkey,fieldname,fieldtype,calcformula from wsfi039fields
20240403@074611.1818 tg51a50kq5ct507fgfaqk1nvf4 Query : insert into wsfi039data (fistamp,ousrdata, ousrhora, usrdata,usrhora,ousrinis,usrinis ,qtt ,ftstamp ,epv,pvmoeda ,tabiva,iva,lordem ,ref, design ,armazem) values ('aut660cf64470660cfb332b',getdate(),convert(char(8),convert (time,getdate())),getdate(),convert(char(8),convert (time,getdate())),'wsv','wsv',0 ,'aut660cf76572660cfb3300' ,0,0 ,2,23.00,20000,?,?,?)
20240403@074611.2065 tg51a50kq5ct507fgfaqk1nvf4 Query : select 1 valor from information_schema.tables where table_type='base table' and table_name='wsfi2039fields'
20240403@074611.2082 tg51a50kq5ct507fgfaqk1nvf4 Query : select fieldkey,fieldname,fieldtype,calcformula from wsfi2039fields
20240403@074611.2089 tg51a50kq5ct507fgfaqk1nvf4 Query : insert into wsfi2039data (fi2stamp,ftstamp ,ousrdata, ousrhora, usrdata,usrhora,ousrinis,usrinis) values ('aut660cf64470660cfb332b','aut660cf76572660cfb3300' ,getdate(),convert(char(8),convert (time,getdate())),getdate(),convert(char(8),convert (time,getdate())),'wsv','wsv')
20240403@074611.2094 tg51a50kq5ct507fgfaqk1nvf4 Query : use flama_phc
20240403@074611.2097 tg51a50kq5ct507fgfaqk1nvf4 Query : select st.usalote valor from st where st.ref = '324.698.00.01'
20240403@074611.2109 tg51a50kq5ct507fgfaqk1nvf4 Query : select top 1 st.tabiva ,st.ivaincl ,st.stns ,st.uni2 ,st.familia ,isnull(tx.taxa, 0) txiva ,unidade ,usalote ,epcpond ,noserie from st left join taxasiva tx on st.tabiva = tx.codigo where st.ref = '324.698.00.01'
20240403@074611.2123 tg51a50kq5ct507fgfaqk1nvf4 Query : select 1 valor from information_schema.tables where table_type='base table' and table_name='wsfi039fields'
20240403@074611.2137 tg51a50kq5ct507fgfaqk1nvf4 Query : select fieldkey,fieldname,fieldtype,mandatory from wsfi039fields
20240403@074611.2164 tg51a50kq5ct507fgfaqk1nvf4 Query : select 1 valor from information_schema.tables where table_type='base table' and table_name='wsfi2039fields'
20240403@074611.2179 tg51a50kq5ct507fgfaqk1nvf4 Query : select fieldkey,fieldname,fieldtype,mandatory from wsfi2039fields
20240403@074611.2184 tg51a50kq5ct507fgfaqk1nvf4 Query : select sestamp valor from se where ref ='324.698.00.01' and lote = 'r2301182200a'
20240403@074611.2195 tg51a50kq5ct507fgfaqk1nvf4 Query : select top 1 convert(numeric(6,2),t.taxa) valor from taxasiva t where t.codigo='2'
20240403@074611.2206 tg51a50kq5ct507fgfaqk1nvf4 Query : select 1 valor from information_schema.tables where table_type='base table' and table_name='wsfi039fields'
20240403@074611.2220 tg51a50kq5ct507fgfaqk1nvf4 Query : select fieldkey,fieldname,fieldtype,calcformula from wsfi039fields
20240403@074611.2245 tg51a50kq5ct507fgfaqk1nvf4 Query : insert into wsfi039data (fistamp,ousrdata, ousrhora, usrdata,usrhora,ousrinis,usrinis ,qtt ,ftstamp ,epv,pvmoeda ,tabiva,iva,lordem ,ref, design ,lote,armazem,bistamp ) values ('aut660cf18276660cfb3335',getdate(),convert(char(8),convert (time,getdate())),getdate(),convert(char(8),convert (time,getdate())),'wsv','wsv',8.000 ,'aut660cf76572660cfb3300' ,0,0 ,2,23.00,40000,?,?,?,?,?)
20240403@074611.2490 tg51a50kq5ct507fgfaqk1nvf4 Query : select 1 valor from information_schema.tables where table_type='base table' and table_name='wsfi2039fields'
20240403@074611.2507 tg51a50kq5ct507fgfaqk1nvf4 Query : select fieldkey,fieldname,fieldtype,calcformula from wsfi2039fields
20240403@074611.2513 tg51a50kq5ct507fgfaqk1nvf4 Query : insert into wsfi2039data (fi2stamp,ftstamp ,ousrdata, ousrhora, usrdata,usrhora,ousrinis,usrinis) values ('aut660cf18276660cfb3335','aut660cf76572660cfb3300' ,getdate(),convert(char(8),convert (time,getdate())),getdate(),convert(char(8),convert (time,getdate())),'wsv','wsv')
20240403@074611.2519 tg51a50kq5ct507fgfaqk1nvf4 Query : select 1 valor from information_schema.tables where table_type='base table' and table_name='wsfi039fields'
20240403@074611.2534 tg51a50kq5ct507fgfaqk1nvf4 Query : select fieldkey,fieldname,fieldtype,mandatory from wsfi039fields
20240403@074611.2559 tg51a50kq5ct507fgfaqk1nvf4 Query : select 1 valor from information_schema.tables where table_type='base table' and table_name='wsfi2039fields'
20240403@074611.2573 tg51a50kq5ct507fgfaqk1nvf4 Query : select fieldkey,fieldname,fieldtype,mandatory from wsfi2039fields
20240403@074611.2577 tg51a50kq5ct507fgfaqk1nvf4 Query : select top 1 convert(numeric(6,2),t.taxa) valor from taxasiva t where t.codigo='2'
20240403@074611.2588 tg51a50kq5ct507fgfaqk1nvf4 Query : select 1 valor from information_schema.tables where table_type='base table' and table_name='wsfi039fields'
20240403@074611.2601 tg51a50kq5ct507fgfaqk1nvf4 Query : select fieldkey,fieldname,fieldtype,calcformula from wsfi039fields
20240403@074611.2627 tg51a50kq5ct507fgfaqk1nvf4 Query : insert into wsfi039data (fistamp,ousrdata, ousrhora, usrdata,usrhora,ousrinis,usrinis ,qtt ,ftstamp ,epv,pvmoeda ,tabiva,iva,lordem ,ref, design ,armazem) values ('aut660cf37459660cfb333f',getdate(),convert(char(8),convert (time,getdate())),getdate(),convert(char(8),convert (time,getdate())),'wsv','wsv',0 ,'aut660cf76572660cfb3300' ,0,0 ,2,23.00,50000,?,?,?)
20240403@074611.3122 tg51a50kq5ct507fgfaqk1nvf4 Query : select 1 valor from information_schema.tables where table_type='base table' and table_name='wsfi2039fields'
20240403@074611.3140 tg51a50kq5ct507fgfaqk1nvf4 Query : select fieldkey,fieldname,fieldtype,calcformula from wsfi2039fields
20240403@074611.3145 tg51a50kq5ct507fgfaqk1nvf4 Query : insert into wsfi2039data (fi2stamp,ftstamp ,ousrdata, ousrhora, usrdata,usrhora,ousrinis,usrinis) values ('aut660cf37459660cfb333f','aut660cf76572660cfb3300' ,getdate(),convert(char(8),convert (time,getdate())),getdate(),convert(char(8),convert (time,getdate())),'wsv','wsv')
20240403@074611.3149 tg51a50kq5ct507fgfaqk1nvf4 Query : use flama_phc
20240403@074611.3153 tg51a50kq5ct507fgfaqk1nvf4 Query : select st.usalote valor from st where st.ref = '324.698.00.01'
20240403@074611.3165 tg51a50kq5ct507fgfaqk1nvf4 Query : select top 1 st.tabiva ,st.ivaincl ,st.stns ,st.uni2 ,st.familia ,isnull(tx.taxa, 0) txiva ,unidade ,usalote ,epcpond ,noserie from st left join taxasiva tx on st.tabiva = tx.codigo where st.ref = '324.698.00.01'
20240403@074611.3177 tg51a50kq5ct507fgfaqk1nvf4 Query : select 1 valor from information_schema.tables where table_type='base table' and table_name='wsfi039fields'
20240403@074611.3191 tg51a50kq5ct507fgfaqk1nvf4 Query : select fieldkey,fieldname,fieldtype,mandatory from wsfi039fields
20240403@074611.3218 tg51a50kq5ct507fgfaqk1nvf4 Query : select 1 valor from information_schema.tables where table_type='base table' and table_name='wsfi2039fields'
20240403@074611.3232 tg51a50kq5ct507fgfaqk1nvf4 Query : select fieldkey,fieldname,fieldtype,mandatory from wsfi2039fields
20240403@074611.3237 tg51a50kq5ct507fgfaqk1nvf4 Query : select sestamp valor from se where ref ='324.698.00.01' and lote = 'r2301182200a'
20240403@074611.3249 tg51a50kq5ct507fgfaqk1nvf4 Query : select top 1 convert(numeric(6,2),t.taxa) valor from taxasiva t where t.codigo='2'
20240403@074611.3259 tg51a50kq5ct507fgfaqk1nvf4 Query : select 1 valor from information_schema.tables where table_type='base table' and table_name='wsfi039fields'
20240403@074611.3275 tg51a50kq5ct507fgfaqk1nvf4 Query : select fieldkey,fieldname,fieldtype,calcformula from wsfi039fields
20240403@074611.3300 tg51a50kq5ct507fgfaqk1nvf4 Query : insert into wsfi039data (fistamp,ousrdata, ousrhora, usrdata,usrhora,ousrinis,usrinis ,qtt ,ftstamp ,epv,pvmoeda ,tabiva,iva,lordem ,ref, design ,lote,armazem,bistamp ) values ('aut660cf51986660cfb334f',getdate(),convert(char(8),convert (time,getdate())),getdate(),convert(char(8),convert (time,getdate())),'wsv','wsv',8.000 ,'aut660cf76572660cfb3300' ,0,0 ,2,23.00,70000,?,?,?,?,?)
20240403@074611.3542 tg51a50kq5ct507fgfaqk1nvf4 Query : select 1 valor from information_schema.tables where table_type='base table' and table_name='wsfi2039fields'
20240403@074611.3557 tg51a50kq5ct507fgfaqk1nvf4 Query : select fieldkey,fieldname,fieldtype,calcformula from wsfi2039fields
20240403@074611.3563 tg51a50kq5ct507fgfaqk1nvf4 Query : insert into wsfi2039data (fi2stamp,ftstamp ,ousrdata, ousrhora, usrdata,usrhora,ousrinis,usrinis) values ('aut660cf51986660cfb334f','aut660cf76572660cfb3300' ,getdate(),convert(char(8),convert (time,getdate())),getdate(),convert(char(8),convert (time,getdate())),'wsv','wsv')
20240403@074611.3568 tg51a50kq5ct507fgfaqk1nvf4 Query : select 1 valor from information_schema.tables where table_type='base table' and table_name='wsfi039fields'
20240403@074611.3581 tg51a50kq5ct507fgfaqk1nvf4 Query : select fieldkey,fieldname,fieldtype,mandatory from wsfi039fields
20240403@074611.3604 tg51a50kq5ct507fgfaqk1nvf4 Query : select 1 valor from information_schema.tables where table_type='base table' and table_name='wsfi2039fields'
20240403@074611.3619 tg51a50kq5ct507fgfaqk1nvf4 Query : select fieldkey,fieldname,fieldtype,mandatory from wsfi2039fields
20240403@074611.3623 tg51a50kq5ct507fgfaqk1nvf4 Query : select top 1 convert(numeric(6,2),t.taxa) valor from taxasiva t where t.codigo='2'
20240403@074611.3636 tg51a50kq5ct507fgfaqk1nvf4 Query : select 1 valor from information_schema.tables where table_type='base table' and table_name='wsfi039fields'
20240403@074611.3649 tg51a50kq5ct507fgfaqk1nvf4 Query : select fieldkey,fieldname,fieldtype,calcformula from wsfi039fields
20240403@074611.3673 tg51a50kq5ct507fgfaqk1nvf4 Query : insert into wsfi039data (fistamp,ousrdata, ousrhora, usrdata,usrhora,ousrinis,usrinis ,qtt ,ftstamp ,epv,pvmoeda ,tabiva,iva,lordem ,ref, design ,armazem) values ('aut660cf54868660cfb3358',getdate(),convert(char(8),convert (time,getdate())),getdate(),convert(char(8),convert (time,getdate())),'wsv','wsv',0 ,'aut660cf76572660cfb3300' ,0,0 ,2,23.00,80000,?,?,?)
20240403@074611.3917 tg51a50kq5ct507fgfaqk1nvf4 Query : select 1 valor from information_schema.tables where table_type='base table' and table_name='wsfi2039fields'
20240403@074611.3931 tg51a50kq5ct507fgfaqk1nvf4 Query : select fieldkey,fieldname,fieldtype,calcformula from wsfi2039fields
20240403@074611.3936 tg51a50kq5ct507fgfaqk1nvf4 Query : insert into wsfi2039data (fi2stamp,ftstamp ,ousrdata, ousrhora, usrdata,usrhora,ousrinis,usrinis) values ('aut660cf54868660cfb3358','aut660cf76572660cfb3300' ,getdate(),convert(char(8),convert (time,getdate())),getdate(),convert(char(8),convert (time,getdate())),'wsv','wsv')
20240403@074611.3940 tg51a50kq5ct507fgfaqk1nvf4 Query : use flama_phc
20240403@074611.3944 tg51a50kq5ct507fgfaqk1nvf4 Query : select st.usalote valor from st where st.ref = '324.698.00.01'
20240403@074611.3954 tg51a50kq5ct507fgfaqk1nvf4 Query : select top 1 st.tabiva ,st.ivaincl ,st.stns ,st.uni2 ,st.familia ,isnull(tx.taxa, 0) txiva ,unidade ,usalote ,epcpond ,noserie from st left join taxasiva tx on st.tabiva = tx.codigo where st.ref = '324.698.00.01'
20240403@074611.3966 tg51a50kq5ct507fgfaqk1nvf4 Query : select 1 valor from information_schema.tables where table_type='base table' and table_name='wsfi039fields'
20240403@074611.3978 tg51a50kq5ct507fgfaqk1nvf4 Query : select fieldkey,fieldname,fieldtype,mandatory from wsfi039fields
20240403@074611.4000 tg51a50kq5ct507fgfaqk1nvf4 Query : select 1 valor from information_schema.tables where table_type='base table' and table_name='wsfi2039fields'
20240403@074611.4013 tg51a50kq5ct507fgfaqk1nvf4 Query : select fieldkey,fieldname,fieldtype,mandatory from wsfi2039fields
20240403@074611.4017 tg51a50kq5ct507fgfaqk1nvf4 Query : select sestamp valor from se where ref ='324.698.00.01' and lote = 'r2301182200a'
20240403@074611.4026 tg51a50kq5ct507fgfaqk1nvf4 Query : select top 1 convert(numeric(6,2),t.taxa) valor from taxasiva t where t.codigo='2'
20240403@074611.4035 tg51a50kq5ct507fgfaqk1nvf4 Query : select 1 valor from information_schema.tables where table_type='base table' and table_name='wsfi039fields'
20240403@074611.4048 tg51a50kq5ct507fgfaqk1nvf4 Query : select fieldkey,fieldname,fieldtype,calcformula from wsfi039fields
20240403@074611.4334 tg51a50kq5ct507fgfaqk1nvf4 Query : insert into wsfi039data (fistamp,ousrdata, ousrhora, usrdata,usrhora,ousrinis,usrinis ,qtt ,ftstamp ,epv,pvmoeda ,tabiva,iva,lordem ,ref, design ,lote,armazem,bistamp ) values ('aut660cf55106660cfb3362',getdate(),convert(char(8),convert (time,getdate())),getdate(),convert(char(8),convert (time,getdate())),'wsv','wsv',8.000 ,'aut660cf76572660cfb3300' ,0,0 ,2,23.00,100000,?,?,?,?,?)
20240403@074611.4823 tg51a50kq5ct507fgfaqk1nvf4 Query : select 1 valor from information_schema.tables where table_type='base table' and table_name='wsfi2039fields'
20240403@074611.5419 tg51a50kq5ct507fgfaqk1nvf4 Query : select fieldkey,fieldname,fieldtype,calcformula from wsfi2039fields
20240403@074611.5425 tg51a50kq5ct507fgfaqk1nvf4 Query : insert into wsfi2039data (fi2stamp,ftstamp ,ousrdata, ousrhora, usrdata,usrhora,ousrinis,usrinis) values ('aut660cf55106660cfb3362','aut660cf76572660cfb3300' ,getdate(),convert(char(8),convert (time,getdate())),getdate(),convert(char(8),convert (time,getdate())),'wsv','wsv')
20240403@074611.5431 tg51a50kq5ct507fgfaqk1nvf4 Query : select 1 valor from information_schema.tables where table_type='base table' and table_name='wsfi039fields'
20240403@074611.5445 tg51a50kq5ct507fgfaqk1nvf4 Query : select fieldkey,fieldname,fieldtype,mandatory from wsfi039fields
20240403@074611.5471 tg51a50kq5ct507fgfaqk1nvf4 Query : select 1 valor from information_schema.tables where table_type='base table' and table_name='wsfi2039fields'
20240403@074611.5484 tg51a50kq5ct507fgfaqk1nvf4 Query : select fieldkey,fieldname,fieldtype,mandatory from wsfi2039fields
20240403@074611.5489 tg51a50kq5ct507fgfaqk1nvf4 Query : select top 1 convert(numeric(6,2),t.taxa) valor from taxasiva t where t.codigo='2'
20240403@074611.5508 tg51a50kq5ct507fgfaqk1nvf4 Query : select 1 valor from information_schema.tables where table_type='base table' and table_name='wsfi039fields'
20240403@074611.5522 tg51a50kq5ct507fgfaqk1nvf4 Query : select fieldkey,fieldname,fieldtype,calcformula from wsfi039fields
20240403@074611.5547 tg51a50kq5ct507fgfaqk1nvf4 Query : insert into wsfi039data (fistamp,ousrdata, ousrhora, usrdata,usrhora,ousrinis,usrinis ,qtt ,ftstamp ,epv,pvmoeda ,tabiva,iva,lordem ,ref, design ,armazem) values ('aut660cf69174660cfb3386',getdate(),convert(char(8),convert (time,getdate())),getdate(),convert(char(8),convert (time,getdate())),'wsv','wsv',0 ,'aut660cf76572660cfb3300' ,0,0 ,2,23.00,110000,?,?,?)
20240403@074611.5790 tg51a50kq5ct507fgfaqk1nvf4 Query : select 1 valor from information_schema.tables where table_type='base table' and table_name='wsfi2039fields'
20240403@074611.5806 tg51a50kq5ct507fgfaqk1nvf4 Query : select fieldkey,fieldname,fieldtype,calcformula from wsfi2039fields
20240403@074611.5813 tg51a50kq5ct507fgfaqk1nvf4 Query : insert into wsfi2039data (fi2stamp,ftstamp ,ousrdata, ousrhora, usrdata,usrhora,ousrinis,usrinis) values ('aut660cf69174660cfb3386','aut660cf76572660cfb3300' ,getdate(),convert(char(8),convert (time,getdate())),getdate(),convert(char(8),convert (time,getdate())),'wsv','wsv')
20240403@074611.5817 tg51a50kq5ct507fgfaqk1nvf4 Query : use flama_phc
20240403@074611.5820 tg51a50kq5ct507fgfaqk1nvf4 Query : select st.usalote valor from st where st.ref = '324.698.00.01'
20240403@074611.5831 tg51a50kq5ct507fgfaqk1nvf4 Query : select top 1 st.tabiva ,st.ivaincl ,st.stns ,st.uni2 ,st.familia ,isnull(tx.taxa, 0) txiva ,unidade ,usalote ,epcpond ,noserie from st left join taxasiva tx on st.tabiva = tx.codigo where st.ref = '324.698.00.01'
20240403@074611.5843 tg51a50kq5ct507fgfaqk1nvf4 Query : select 1 valor from information_schema.tables where table_type='base table' and table_name='wsfi039fields'
20240403@074611.5856 tg51a50kq5ct507fgfaqk1nvf4 Query : select fieldkey,fieldname,fieldtype,mandatory from wsfi039fields
20240403@074611.5881 tg51a50kq5ct507fgfaqk1nvf4 Query : select 1 valor from information_schema.tables where table_type='base table' and table_name='wsfi2039fields'
20240403@074611.5894 tg51a50kq5ct507fgfaqk1nvf4 Query : select fieldkey,fieldname,fieldtype,mandatory from wsfi2039fields
20240403@074611.5898 tg51a50kq5ct507fgfaqk1nvf4 Query : select sestamp valor from se where ref ='324.698.00.01' and lote = 'r2301182200a'
20240403@074611.5909 tg51a50kq5ct507fgfaqk1nvf4 Query : select top 1 convert(numeric(6,2),t.taxa) valor from taxasiva t where t.codigo='2'
20240403@074611.5921 tg51a50kq5ct507fgfaqk1nvf4 Query : select 1 valor from information_schema.tables where table_type='base table' and table_name='wsfi039fields'
20240403@074611.5934 tg51a50kq5ct507fgfaqk1nvf4 Query : select fieldkey,fieldname,fieldtype,calcformula from wsfi039fields
20240403@074611.5958 tg51a50kq5ct507fgfaqk1nvf4 Query : insert into wsfi039data (fistamp,ousrdata, ousrhora, usrdata,usrhora,ousrinis,usrinis ,qtt ,ftstamp ,epv,pvmoeda ,tabiva,iva,lordem ,ref, design ,lote,armazem,bistamp ) values ('aut660cf64976660cfb3390',getdate(),convert(char(8),convert (time,getdate())),getdate(),convert(char(8),convert (time,getdate())),'wsv','wsv',8.000 ,'aut660cf76572660cfb3300' ,0,0 ,2,23.00,130000,?,?,?,?,?)
20240403@074611.6206 tg51a50kq5ct507fgfaqk1nvf4 Query : select 1 valor from information_schema.tables where table_type='base table' and table_name='wsfi2039fields'
20240403@074611.6223 tg51a50kq5ct507fgfaqk1nvf4 Query : select fieldkey,fieldname,fieldtype,calcformula from wsfi2039fields
20240403@074611.6228 tg51a50kq5ct507fgfaqk1nvf4 Query : insert into wsfi2039data (fi2stamp,ftstamp ,ousrdata, ousrhora, usrdata,usrhora,ousrinis,usrinis) values ('aut660cf64976660cfb3390','aut660cf76572660cfb3300' ,getdate(),convert(char(8),convert (time,getdate())),getdate(),convert(char(8),convert (time,getdate())),'wsv','wsv')
20240403@074611.6234 tg51a50kq5ct507fgfaqk1nvf4 Query : select 1 valor from information_schema.tables where table_type='base table' and table_name='wsfi039fields'
20240403@074611.6290 tg51a50kq5ct507fgfaqk1nvf4 Query : select fieldkey,fieldname,fieldtype,mandatory from wsfi039fields
20240403@074611.6318 tg51a50kq5ct507fgfaqk1nvf4 Query : select 1 valor from information_schema.tables where table_type='base table' and table_name='wsfi2039fields'
20240403@074611.6333 tg51a50kq5ct507fgfaqk1nvf4 Query : select fieldkey,fieldname,fieldtype,mandatory from wsfi2039fields
20240403@074611.6337 tg51a50kq5ct507fgfaqk1nvf4 Query : select top 1 convert(numeric(6,2),t.taxa) valor from taxasiva t where t.codigo='2'
20240403@074611.6347 tg51a50kq5ct507fgfaqk1nvf4 Query : select 1 valor from information_schema.tables where table_type='base table' and table_name='wsfi039fields'
20240403@074611.6360 tg51a50kq5ct507fgfaqk1nvf4 Query : select fieldkey,fieldname,fieldtype,calcformula from wsfi039fields
20240403@074611.6382 tg51a50kq5ct507fgfaqk1nvf4 Query : insert into wsfi039data (fistamp,ousrdata, ousrhora, usrdata,usrhora,ousrinis,usrinis ,qtt ,ftstamp ,epv,pvmoeda ,tabiva,iva,lordem ,ref, design ,armazem) values ('aut660cf61879660cfb339a',getdate(),convert(char(8),convert (time,getdate())),getdate(),convert(char(8),convert (time,getdate())),'wsv','wsv',0 ,'aut660cf76572660cfb3300' ,0,0 ,2,23.00,140000,?,?,?)
20240403@074611.6762 tg51a50kq5ct507fgfaqk1nvf4 Query : select 1 valor from information_schema.tables where table_type='base table' and table_name='wsfi2039fields'
20240403@074611.6778 tg51a50kq5ct507fgfaqk1nvf4 Query : select fieldkey,fieldname,fieldtype,calcformula from wsfi2039fields
20240403@074611.6782 tg51a50kq5ct507fgfaqk1nvf4 Query : insert into wsfi2039data (fi2stamp,ftstamp ,ousrdata, ousrhora, usrdata,usrhora,ousrinis,usrinis) values ('aut660cf61879660cfb339a','aut660cf76572660cfb3300' ,getdate(),convert(char(8),convert (time,getdate())),getdate(),convert(char(8),convert (time,getdate())),'wsv','wsv')
20240403@074611.6786 tg51a50kq5ct507fgfaqk1nvf4 Query : use flama_phc
20240403@074611.6789 tg51a50kq5ct507fgfaqk1nvf4 Query : select st.usalote valor from st where st.ref = '324.698.00.01'
20240403@074611.6800 tg51a50kq5ct507fgfaqk1nvf4 Query : select top 1 st.tabiva ,st.ivaincl ,st.stns ,st.uni2 ,st.familia ,isnull(tx.taxa, 0) txiva ,unidade ,usalote ,epcpond ,noserie from st left join taxasiva tx on st.tabiva = tx.codigo where st.ref = '324.698.00.01'
20240403@074611.6810 tg51a50kq5ct507fgfaqk1nvf4 Query : select 1 valor from information_schema.tables where table_type='base table' and table_name='wsfi039fields'
20240403@074611.6824 tg51a50kq5ct507fgfaqk1nvf4 Query : select fieldkey,fieldname,fieldtype,mandatory from wsfi039fields
20240403@074611.6846 tg51a50kq5ct507fgfaqk1nvf4 Query : select 1 valor from information_schema.tables where table_type='base table' and table_name='wsfi2039fields'
20240403@074611.6859 tg51a50kq5ct507fgfaqk1nvf4 Query : select fieldkey,fieldname,fieldtype,mandatory from wsfi2039fields
20240403@074611.6864 tg51a50kq5ct507fgfaqk1nvf4 Query : select sestamp valor from se where ref ='324.698.00.01' and lote = 'r2301182200a'
20240403@074611.6873 tg51a50kq5ct507fgfaqk1nvf4 Query : select top 1 convert(numeric(6,2),t.taxa) valor from taxasiva t where t.codigo='2'
20240403@074611.6882 tg51a50kq5ct507fgfaqk1nvf4 Query : select 1 valor from information_schema.tables where table_type='base table' and table_name='wsfi039fields'
20240403@074611.6894 tg51a50kq5ct507fgfaqk1nvf4 Query : select fieldkey,fieldname,fieldtype,calcformula from wsfi039fields
20240403@074611.6918 tg51a50kq5ct507fgfaqk1nvf4 Query : insert into wsfi039data (fistamp,ousrdata, ousrhora, usrdata,usrhora,ousrinis,usrinis ,qtt ,ftstamp ,epv,pvmoeda ,tabiva,iva,lordem ,ref, design ,lote,armazem,bistamp ) values ('aut660cf96979660cfb33a8',getdate(),convert(char(8),convert (time,getdate())),getdate(),convert(char(8),convert (time,getdate())),'wsv','wsv',8.000 ,'aut660cf76572660cfb3300' ,0,0 ,2,23.00,160000,?,?,?,?,?)
20240403@074611.7155 tg51a50kq5ct507fgfaqk1nvf4 Query : select 1 valor from information_schema.tables where table_type='base table' and table_name='wsfi2039fields'
20240403@074611.7226 tg51a50kq5ct507fgfaqk1nvf4 Query : select fieldkey,fieldname,fieldtype,calcformula from wsfi2039fields
20240403@074611.7230 tg51a50kq5ct507fgfaqk1nvf4 Query : insert into wsfi2039data (fi2stamp,ftstamp ,ousrdata, ousrhora, usrdata,usrhora,ousrinis,usrinis) values ('aut660cf96979660cfb33a8','aut660cf76572660cfb3300' ,getdate(),convert(char(8),convert (time,getdate())),getdate(),convert(char(8),convert (time,getdate())),'wsv','wsv')
20240403@074611.7236 tg51a50kq5ct507fgfaqk1nvf4 Query : select 1 valor from information_schema.tables where table_type='base table' and table_name='wsfi039fields'
20240403@074611.7249 tg51a50kq5ct507fgfaqk1nvf4 Query : select fieldkey,fieldname,fieldtype,mandatory from wsfi039fields
20240403@074611.7272 tg51a50kq5ct507fgfaqk1nvf4 Query : select 1 valor from information_schema.tables where table_type='base table' and table_name='wsfi2039fields'
20240403@074611.7285 tg51a50kq5ct507fgfaqk1nvf4 Query : select fieldkey,fieldname,fieldtype,mandatory from wsfi2039fields
20240403@074611.7289 tg51a50kq5ct507fgfaqk1nvf4 Query : select top 1 convert(numeric(6,2),t.taxa) valor from taxasiva t where t.codigo='2'
20240403@074611.7307 tg51a50kq5ct507fgfaqk1nvf4 Query : select 1 valor from information_schema.tables where table_type='base table' and table_name='wsfi039fields'
20240403@074611.7320 tg51a50kq5ct507fgfaqk1nvf4 Query : select fieldkey,fieldname,fieldtype,calcformula from wsfi039fields
20240403@074611.7343 tg51a50kq5ct507fgfaqk1nvf4 Query : insert into wsfi039data (fistamp,ousrdata, ousrhora, usrdata,usrhora,ousrinis,usrinis ,qtt ,ftstamp ,epv,pvmoeda ,tabiva,iva,lordem ,ref, design ,armazem) values ('aut660cf17505660cfb33b2',getdate(),convert(char(8),convert (time,getdate())),getdate(),convert(char(8),convert (time,getdate())),'wsv','wsv',0 ,'aut660cf76572660cfb3300' ,0,0 ,2,23.00,170000,?,?,?)
20240403@074611.7594 tg51a50kq5ct507fgfaqk1nvf4 Query : select 1 valor from information_schema.tables where table_type='base table' and table_name='wsfi2039fields'
20240403@074611.7609 tg51a50kq5ct507fgfaqk1nvf4 Query : select fieldkey,fieldname,fieldtype,calcformula from wsfi2039fields
20240403@074611.7613 tg51a50kq5ct507fgfaqk1nvf4 Query : insert into wsfi2039data (fi2stamp,ftstamp ,ousrdata, ousrhora, usrdata,usrhora,ousrinis,usrinis) values ('aut660cf17505660cfb33b2','aut660cf76572660cfb3300' ,getdate(),convert(char(8),convert (time,getdate())),getdate(),convert(char(8),convert (time,getdate())),'wsv','wsv')
20240403@074611.7618 tg51a50kq5ct507fgfaqk1nvf4 Query : use flama_phc
20240403@074611.7622 tg51a50kq5ct507fgfaqk1nvf4 Query : select st.usalote valor from st where st.ref = '324.698.00.01'
20240403@074611.7632 tg51a50kq5ct507fgfaqk1nvf4 Query : select top 1 st.tabiva ,st.ivaincl ,st.stns ,st.uni2 ,st.familia ,isnull(tx.taxa, 0) txiva ,unidade ,usalote ,epcpond ,noserie from st left join taxasiva tx on st.tabiva = tx.codigo where st.ref = '324.698.00.01'
20240403@074611.7643 tg51a50kq5ct507fgfaqk1nvf4 Query : select 1 valor from information_schema.tables where table_type='base table' and table_name='wsfi039fields'
20240403@074611.7666 tg51a50kq5ct507fgfaqk1nvf4 Query : select fieldkey,fieldname,fieldtype,mandatory from wsfi039fields
20240403@074611.7691 tg51a50kq5ct507fgfaqk1nvf4 Query : select 1 valor from information_schema.tables where table_type='base table' and table_name='wsfi2039fields'
20240403@074611.7704 tg51a50kq5ct507fgfaqk1nvf4 Query : select fieldkey,fieldname,fieldtype,mandatory from wsfi2039fields
20240403@074611.7708 tg51a50kq5ct507fgfaqk1nvf4 Query : select sestamp valor from se where ref ='324.698.00.01' and lote = 'r2301182200a'
20240403@074611.7718 tg51a50kq5ct507fgfaqk1nvf4 Query : select top 1 convert(numeric(6,2),t.taxa) valor from taxasiva t where t.codigo='2'
20240403@074611.7728 tg51a50kq5ct507fgfaqk1nvf4 Query : select 1 valor from information_schema.tables where table_type='base table' and table_name='wsfi039fields'
20240403@074611.7740 tg51a50kq5ct507fgfaqk1nvf4 Query : select fieldkey,fieldname,fieldtype,calcformula from wsfi039fields
20240403@074611.7764 tg51a50kq5ct507fgfaqk1nvf4 Query : insert into wsfi039data (fistamp,ousrdata, ousrhora, usrdata,usrhora,ousrinis,usrinis ,qtt ,ftstamp ,epv,pvmoeda ,tabiva,iva,lordem ,ref, design ,lote,armazem,bistamp ) values ('aut660cf37668660cfb33bc',getdate(),convert(char(8),convert (time,getdate())),getdate(),convert(char(8),convert (time,getdate())),'wsv','wsv',8.000 ,'aut660cf76572660cfb3300' ,0,0 ,2,23.00,190000,?,?,?,?,?)
20240403@074611.8012 tg51a50kq5ct507fgfaqk1nvf4 Query : select 1 valor from information_schema.tables where table_type='base table' and table_name='wsfi2039fields'
20240403@074611.8027 tg51a50kq5ct507fgfaqk1nvf4 Query : select fieldkey,fieldname,fieldtype,calcformula from wsfi2039fields
20240403@074611.8031 tg51a50kq5ct507fgfaqk1nvf4 Query : insert into wsfi2039data (fi2stamp,ftstamp ,ousrdata, ousrhora, usrdata,usrhora,ousrinis,usrinis) values ('aut660cf37668660cfb33bc','aut660cf76572660cfb3300' ,getdate(),convert(char(8),convert (time,getdate())),getdate(),convert(char(8),convert (time,getdate())),'wsv','wsv')
20240403@074611.8036 tg51a50kq5ct507fgfaqk1nvf4 Query : select 1 valor from information_schema.tables where table_type='base table' and table_name='wsfi039fields'
20240403@074611.8049 tg51a50kq5ct507fgfaqk1nvf4 Query : select fieldkey,fieldname,fieldtype,mandatory from wsfi039fields
20240403@074611.8072 tg51a50kq5ct507fgfaqk1nvf4 Query : select 1 valor from information_schema.tables where table_type='base table' and table_name='wsfi2039fields'
20240403@074611.8085 tg51a50kq5ct507fgfaqk1nvf4 Query : select fieldkey,fieldname,fieldtype,mandatory from wsfi2039fields
20240403@074611.8089 tg51a50kq5ct507fgfaqk1nvf4 Query : select top 1 convert(numeric(6,2),t.taxa) valor from taxasiva t where t.codigo='2'
20240403@074611.8098 tg51a50kq5ct507fgfaqk1nvf4 Query : select 1 valor from information_schema.tables where table_type='base table' and table_name='wsfi039fields'
20240403@074611.8111 tg51a50kq5ct507fgfaqk1nvf4 Query : select fieldkey,fieldname,fieldtype,calcformula from wsfi039fields
20240403@074611.8134 tg51a50kq5ct507fgfaqk1nvf4 Query : insert into wsfi039data (fistamp,ousrdata, ousrhora, usrdata,usrhora,ousrinis,usrinis ,qtt ,ftstamp ,epv,pvmoeda ,tabiva,iva,lordem ,ref, design ,armazem) values ('aut660cf50429660cfb33c5',getdate(),convert(char(8),convert (time,getdate())),getdate(),convert(char(8),convert (time,getdate())),'wsv','wsv',0 ,'aut660cf76572660cfb3300' ,0,0 ,2,23.00,200000,?,?,?)
20240403@074611.8374 tg51a50kq5ct507fgfaqk1nvf4 Query : select 1 valor from information_schema.tables where table_type='base table' and table_name='wsfi2039fields'
20240403@074611.8389 tg51a50kq5ct507fgfaqk1nvf4 Query : select fieldkey,fieldname,fieldtype,calcformula from wsfi2039fields
20240403@074611.8393 tg51a50kq5ct507fgfaqk1nvf4 Query : insert into wsfi2039data (fi2stamp,ftstamp ,ousrdata, ousrhora, usrdata,usrhora,ousrinis,usrinis) values ('aut660cf50429660cfb33c5','aut660cf76572660cfb3300' ,getdate(),convert(char(8),convert (time,getdate())),getdate(),convert(char(8),convert (time,getdate())),'wsv','wsv')
20240403@074611.8398 tg51a50kq5ct507fgfaqk1nvf4 Query : use flama_phc
20240403@074611.8401 tg51a50kq5ct507fgfaqk1nvf4 Query : select st.usalote valor from st where st.ref = '324.698.00.01'
20240403@074611.8411 tg51a50kq5ct507fgfaqk1nvf4 Query : select top 1 st.tabiva ,st.ivaincl ,st.stns ,st.uni2 ,st.familia ,isnull(tx.taxa, 0) txiva ,unidade ,usalote ,epcpond ,noserie from st left join taxasiva tx on st.tabiva = tx.codigo where st.ref = '324.698.00.01'
20240403@074611.8422 tg51a50kq5ct507fgfaqk1nvf4 Query : select 1 valor from information_schema.tables where table_type='base table' and table_name='wsfi039fields'
20240403@074611.8435 tg51a50kq5ct507fgfaqk1nvf4 Query : select fieldkey,fieldname,fieldtype,mandatory from wsfi039fields
20240403@074611.8458 tg51a50kq5ct507fgfaqk1nvf4 Query : select 1 valor from information_schema.tables where table_type='base table' and table_name='wsfi2039fields'
20240403@074611.8471 tg51a50kq5ct507fgfaqk1nvf4 Query : select fieldkey,fieldname,fieldtype,mandatory from wsfi2039fields
20240403@074611.8476 tg51a50kq5ct507fgfaqk1nvf4 Query : select sestamp valor from se where ref ='324.698.00.01' and lote = 'r2301182200a'
20240403@074611.8486 tg51a50kq5ct507fgfaqk1nvf4 Query : select top 1 convert(numeric(6,2),t.taxa) valor from taxasiva t where t.codigo='2'
20240403@074611.8496 tg51a50kq5ct507fgfaqk1nvf4 Query : select 1 valor from information_schema.tables where table_type='base table' and table_name='wsfi039fields'
20240403@074611.8509 tg51a50kq5ct507fgfaqk1nvf4 Query : select fieldkey,fieldname,fieldtype,calcformula from wsfi039fields
20240403@074611.8531 tg51a50kq5ct507fgfaqk1nvf4 Query : insert into wsfi039data (fistamp,ousrdata, ousrhora, usrdata,usrhora,ousrinis,usrinis ,qtt ,ftstamp ,epv,pvmoeda ,tabiva,iva,lordem ,ref, design ,lote,armazem,bistamp ) values ('aut660cf84785660cfb33cf',getdate(),convert(char(8),convert (time,getdate())),getdate(),convert(char(8),convert (time,getdate())),'wsv','wsv',8.000 ,'aut660cf76572660cfb3300' ,0,0 ,2,23.00,220000,?,?,?,?,?)
20240403@074611.8788 tg51a50kq5ct507fgfaqk1nvf4 Query : select 1 valor from information_schema.tables where table_type='base table' and table_name='wsfi2039fields'
20240403@074611.8803 tg51a50kq5ct507fgfaqk1nvf4 Query : select fieldkey,fieldname,fieldtype,calcformula from wsfi2039fields
20240403@074611.8807 tg51a50kq5ct507fgfaqk1nvf4 Query : insert into wsfi2039data (fi2stamp,ftstamp ,ousrdata, ousrhora, usrdata,usrhora,ousrinis,usrinis) values ('aut660cf84785660cfb33cf','aut660cf76572660cfb3300' ,getdate(),convert(char(8),convert (time,getdate())),getdate(),convert(char(8),convert (time,getdate())),'wsv','wsv')
20240403@074611.8812 tg51a50kq5ct507fgfaqk1nvf4 Query : select 1 valor from information_schema.tables where table_type='base table' and table_name='wsfi039fields'
20240403@074611.8825 tg51a50kq5ct507fgfaqk1nvf4 Query : select fieldkey,fieldname,fieldtype,mandatory from wsfi039fields
20240403@074611.8847 tg51a50kq5ct507fgfaqk1nvf4 Query : select 1 valor from information_schema.tables where table_type='base table' and table_name='wsfi2039fields'
20240403@074611.8860 tg51a50kq5ct507fgfaqk1nvf4 Query : select fieldkey,fieldname,fieldtype,mandatory from wsfi2039fields
20240403@074611.8865 tg51a50kq5ct507fgfaqk1nvf4 Query : select top 1 convert(numeric(6,2),t.taxa) valor from taxasiva t where t.codigo='2'
20240403@074611.8876 tg51a50kq5ct507fgfaqk1nvf4 Query : select 1 valor from information_schema.tables where table_type='base table' and table_name='wsfi039fields'
20240403@074611.8889 tg51a50kq5ct507fgfaqk1nvf4 Query : select fieldkey,fieldname,fieldtype,calcformula from wsfi039fields
20240403@074611.8912 tg51a50kq5ct507fgfaqk1nvf4 Query : insert into wsfi039data (fistamp,ousrdata, ousrhora, usrdata,usrhora,ousrinis,usrinis ,qtt ,ftstamp ,epv,pvmoeda ,tabiva,iva,lordem ,ref, design ,armazem) values ('aut660cf39126660cfb33d8',getdate(),convert(char(8),convert (time,getdate())),getdate(),convert(char(8),convert (time,getdate())),'wsv','wsv',0 ,'aut660cf76572660cfb3300' ,0,0 ,2,23.00,230000,?,?,?)
20240403@074611.9190 tg51a50kq5ct507fgfaqk1nvf4 Query : select 1 valor from information_schema.tables where table_type='base table' and table_name='wsfi2039fields'
20240403@074611.9205 tg51a50kq5ct507fgfaqk1nvf4 Query : select fieldkey,fieldname,fieldtype,calcformula from wsfi2039fields
20240403@074611.9209 tg51a50kq5ct507fgfaqk1nvf4 Query : insert into wsfi2039data (fi2stamp,ftstamp ,ousrdata, ousrhora, usrdata,usrhora,ousrinis,usrinis) values ('aut660cf39126660cfb33d8','aut660cf76572660cfb3300' ,getdate(),convert(char(8),convert (time,getdate())),getdate(),convert(char(8),convert (time,getdate())),'wsv','wsv')
20240403@074611.9214 tg51a50kq5ct507fgfaqk1nvf4 Query : use flama_phc
20240403@074611.9227 tg51a50kq5ct507fgfaqk1nvf4 Query : select st.usalote valor from st where st.ref = '324.698.00.01'
20240403@074611.9237 tg51a50kq5ct507fgfaqk1nvf4 Query : select top 1 st.tabiva ,st.ivaincl ,st.stns ,st.uni2 ,st.familia ,isnull(tx.taxa, 0) txiva ,unidade ,usalote ,epcpond ,noserie from st left join taxasiva tx on st.tabiva = tx.codigo where st.ref = '324.698.00.01'
20240403@074611.9249 tg51a50kq5ct507fgfaqk1nvf4 Query : select 1 valor from information_schema.tables where table_type='base table' and table_name='wsfi039fields'
20240403@074611.9263 tg51a50kq5ct507fgfaqk1nvf4 Query : select fieldkey,fieldname,fieldtype,mandatory from wsfi039fields
20240403@074611.9286 tg51a50kq5ct507fgfaqk1nvf4 Query : select 1 valor from information_schema.tables where table_type='base table' and table_name='wsfi2039fields'
20240403@074611.9302 tg51a50kq5ct507fgfaqk1nvf4 Query : select fieldkey,fieldname,fieldtype,mandatory from wsfi2039fields
20240403@074611.9307 tg51a50kq5ct507fgfaqk1nvf4 Query : select sestamp valor from se where ref ='324.698.00.01' and lote = 'r2301182200a'
20240403@074611.9318 tg51a50kq5ct507fgfaqk1nvf4 Query : select top 1 convert(numeric(6,2),t.taxa) valor from taxasiva t where t.codigo='2'
20240403@074611.9328 tg51a50kq5ct507fgfaqk1nvf4 Query : select 1 valor from information_schema.tables where table_type='base table' and table_name='wsfi039fields'
20240403@074611.9342 tg51a50kq5ct507fgfaqk1nvf4 Query : select fieldkey,fieldname,fieldtype,calcformula from wsfi039fields
20240403@074611.9365 tg51a50kq5ct507fgfaqk1nvf4 Query : insert into wsfi039data (fistamp,ousrdata, ousrhora, usrdata,usrhora,ousrinis,usrinis ,qtt ,ftstamp ,epv,pvmoeda ,tabiva,iva,lordem ,ref, design ,lote,armazem,bistamp ) values ('aut660cf48981660cfb33e3',getdate(),convert(char(8),convert (time,getdate())),getdate(),convert(char(8),convert (time,getdate())),'wsv','wsv',8.000 ,'aut660cf76572660cfb3300' ,0,0 ,2,23.00,250000,?,?,?,?,?)
20240403@074611.9602 tg51a50kq5ct507fgfaqk1nvf4 Query : select 1 valor from information_schema.tables where table_type='base table' and table_name='wsfi2039fields'
20240403@074611.9618 tg51a50kq5ct507fgfaqk1nvf4 Query : select fieldkey,fieldname,fieldtype,calcformula from wsfi2039fields
20240403@074611.9622 tg51a50kq5ct507fgfaqk1nvf4 Query : insert into wsfi2039data (fi2stamp,ftstamp ,ousrdata, ousrhora, usrdata,usrhora,ousrinis,usrinis) values ('aut660cf48981660cfb33e3','aut660cf76572660cfb3300' ,getdate(),convert(char(8),convert (time,getdate())),getdate(),convert(char(8),convert (time,getdate())),'wsv','wsv')
20240403@074611.9627 tg51a50kq5ct507fgfaqk1nvf4 Query : select 1 valor from information_schema.tables where table_type='base table' and table_name='wsfi039fields'
20240403@074611.9640 tg51a50kq5ct507fgfaqk1nvf4 Query : select fieldkey,fieldname,fieldtype,mandatory from wsfi039fields
20240403@074611.9663 tg51a50kq5ct507fgfaqk1nvf4 Query : select 1 valor from information_schema.tables where table_type='base table' and table_name='wsfi2039fields'
20240403@074611.9675 tg51a50kq5ct507fgfaqk1nvf4 Query : select fieldkey,fieldname,fieldtype,mandatory from wsfi2039fields
20240403@074611.9680 tg51a50kq5ct507fgfaqk1nvf4 Query : select top 1 convert(numeric(6,2),t.taxa) valor from taxasiva t where t.codigo='2'
20240403@074611.9689 tg51a50kq5ct507fgfaqk1nvf4 Query : select 1 valor from information_schema.tables where table_type='base table' and table_name='wsfi039fields'
20240403@074611.9702 tg51a50kq5ct507fgfaqk1nvf4 Query : select fieldkey,fieldname,fieldtype,calcformula from wsfi039fields
20240403@074611.9728 tg51a50kq5ct507fgfaqk1nvf4 Query : insert into wsfi039data (fistamp,ousrdata, ousrhora, usrdata,usrhora,ousrinis,usrinis ,qtt ,ftstamp ,epv,pvmoeda ,tabiva,iva,lordem ,ref, design ,armazem) values ('aut660cf87622660cfb33ec',getdate(),convert(char(8),convert (time,getdate())),getdate(),convert(char(8),convert (time,getdate())),'wsv','wsv',0 ,'aut660cf76572660cfb3300' ,0,0 ,2,23.00,260000,?,?,?)
20240403@074611.9977 tg51a50kq5ct507fgfaqk1nvf4 Query : select 1 valor from information_schema.tables where table_type='base table' and table_name='wsfi2039fields'
20240403@074611.9993 tg51a50kq5ct507fgfaqk1nvf4 Query : select fieldkey,fieldname,fieldtype,calcformula from wsfi2039fields
20240403@074611.9997 tg51a50kq5ct507fgfaqk1nvf4 Query : insert into wsfi2039data (fi2stamp,ftstamp ,ousrdata, ousrhora, usrdata,usrhora,ousrinis,usrinis) values ('aut660cf87622660cfb33ec','aut660cf76572660cfb3300' ,getdate(),convert(char(8),convert (time,getdate())),getdate(),convert(char(8),convert (time,getdate())),'wsv','wsv')
20240403@074612.2000 tg51a50kq5ct507fgfaqk1nvf4 Query : use flama_phc
20240403@074612.5000 tg51a50kq5ct507fgfaqk1nvf4 Query : select st.usalote valor from st where st.ref = '324.698.00.01'
20240403@074612.1600 tg51a50kq5ct507fgfaqk1nvf4 Query : select top 1 st.tabiva ,st.ivaincl ,st.stns ,st.uni2 ,st.familia ,isnull(tx.taxa, 0) txiva ,unidade ,usalote ,epcpond ,noserie from st left join taxasiva tx on st.tabiva = tx.codigo where st.ref = '324.698.00.01'
20240403@074612.2700 tg51a50kq5ct507fgfaqk1nvf4 Query : select 1 valor from information_schema.tables where table_type='base table' and table_name='wsfi039fields'
20240403@074612.4000 tg51a50kq5ct507fgfaqk1nvf4 Query : select fieldkey,fieldname,fieldtype,mandatory from wsfi039fields
20240403@074612.6300 tg51a50kq5ct507fgfaqk1nvf4 Query : select 1 valor from information_schema.tables where table_type='base table' and table_name='wsfi2039fields'
20240403@074612.7600 tg51a50kq5ct507fgfaqk1nvf4 Query : select fieldkey,fieldname,fieldtype,mandatory from wsfi2039fields
20240403@074612.8000 tg51a50kq5ct507fgfaqk1nvf4 Query : select sestamp valor from se where ref ='324.698.00.01' and lote = 'r2301182200a'
20240403@074612.8900 tg51a50kq5ct507fgfaqk1nvf4 Query : select top 1 convert(numeric(6,2),t.taxa) valor from taxasiva t where t.codigo='2'
20240403@074612.9900 tg51a50kq5ct507fgfaqk1nvf4 Query : select 1 valor from information_schema.tables where table_type='base table' and table_name='wsfi039fields'
20240403@074612.1110 tg51a50kq5ct507fgfaqk1nvf4 Query : select fieldkey,fieldname,fieldtype,calcformula from wsfi039fields
20240403@074612.1340 tg51a50kq5ct507fgfaqk1nvf4 Query : insert into wsfi039data (fistamp,ousrdata, ousrhora, usrdata,usrhora,ousrinis,usrinis ,qtt ,ftstamp ,epv,pvmoeda ,tabiva,iva,lordem ,ref, design ,lote,armazem,bistamp ) values ('aut660cf41158660cfb3402',getdate(),convert(char(8),convert (time,getdate())),getdate(),convert(char(8),convert (time,getdate())),'wsv','wsv',8.000 ,'aut660cf76572660cfb3300' ,0,0 ,2,23.00,280000,?,?,?,?,?)
20240403@074612.3840 tg51a50kq5ct507fgfaqk1nvf4 Query : select 1 valor from information_schema.tables where table_type='base table' and table_name='wsfi2039fields'
20240403@074612.3990 tg51a50kq5ct507fgfaqk1nvf4 Query : select fieldkey,fieldname,fieldtype,calcformula from wsfi2039fields
20240403@074612.4030 tg51a50kq5ct507fgfaqk1nvf4 Query : insert into wsfi2039data (fi2stamp,ftstamp ,ousrdata, ousrhora, usrdata,usrhora,ousrinis,usrinis) values ('aut660cf41158660cfb3402','aut660cf76572660cfb3300' ,getdate(),convert(char(8),convert (time,getdate())),getdate(),convert(char(8),convert (time,getdate())),'wsv','wsv')
20240403@074612.4080 tg51a50kq5ct507fgfaqk1nvf4 Query : select 1 valor from information_schema.tables where table_type='base table' and table_name='wsfi039fields'
20240403@074612.4210 tg51a50kq5ct507fgfaqk1nvf4 Query : select fieldkey,fieldname,fieldtype,mandatory from wsfi039fields
20240403@074612.4430 tg51a50kq5ct507fgfaqk1nvf4 Query : select 1 valor from information_schema.tables where table_type='base table' and table_name='wsfi2039fields'
20240403@074612.4580 tg51a50kq5ct507fgfaqk1nvf4 Query : select fieldkey,fieldname,fieldtype,mandatory from wsfi2039fields
20240403@074612.4620 tg51a50kq5ct507fgfaqk1nvf4 Query : select top 1 convert(numeric(6,2),t.taxa) valor from taxasiva t where t.codigo='2'
20240403@074612.4720 tg51a50kq5ct507fgfaqk1nvf4 Query : select 1 valor from information_schema.tables where table_type='base table' and table_name='wsfi039fields'
20240403@074612.4840 tg51a50kq5ct507fgfaqk1nvf4 Query : select fieldkey,fieldname,fieldtype,calcformula from wsfi039fields
20240403@074612.5170 tg51a50kq5ct507fgfaqk1nvf4 Query : insert into wsfi039data (fistamp,ousrdata, ousrhora, usrdata,usrhora,ousrinis,usrinis ,qtt ,ftstamp ,epv,pvmoeda ,tabiva,iva,lordem ,ref, design ,armazem) values ('aut660cf66911660cfb340b',getdate(),convert(char(8),convert (time,getdate())),getdate(),convert(char(8),convert (time,getdate())),'wsv','wsv',0 ,'aut660cf76572660cfb3300' ,0,0 ,2,23.00,290000,?,?,?)
20240403@074612.7620 tg51a50kq5ct507fgfaqk1nvf4 Query : select 1 valor from information_schema.tables where table_type='base table' and table_name='wsfi2039fields'
20240403@074612.7780 tg51a50kq5ct507fgfaqk1nvf4 Query : select fieldkey,fieldname,fieldtype,calcformula from wsfi2039fields
20240403@074612.7820 tg51a50kq5ct507fgfaqk1nvf4 Query : insert into wsfi2039data (fi2stamp,ftstamp ,ousrdata, ousrhora, usrdata,usrhora,ousrinis,usrinis) values ('aut660cf66911660cfb340b','aut660cf76572660cfb3300' ,getdate(),convert(char(8),convert (time,getdate())),getdate(),convert(char(8),convert (time,getdate())),'wsv','wsv')
20240403@074612.7860 tg51a50kq5ct507fgfaqk1nvf4 Query : use flama_phc
20240403@074612.7890 tg51a50kq5ct507fgfaqk1nvf4 Query : select st.usalote valor from st where st.ref = '324.698.00.01'
20240403@074612.8000 tg51a50kq5ct507fgfaqk1nvf4 Query : select top 1 st.tabiva ,st.ivaincl ,st.stns ,st.uni2 ,st.familia ,isnull(tx.taxa, 0) txiva ,unidade ,usalote ,epcpond ,noserie from st left join taxasiva tx on st.tabiva = tx.codigo where st.ref = '324.698.00.01'
20240403@074612.8450 tg51a50kq5ct507fgfaqk1nvf4 Query : select 1 valor from information_schema.tables where table_type='base table' and table_name='wsfi039fields'
20240403@074612.8590 tg51a50kq5ct507fgfaqk1nvf4 Query : select fieldkey,fieldname,fieldtype,mandatory from wsfi039fields
20240403@074612.8810 tg51a50kq5ct507fgfaqk1nvf4 Query : select 1 valor from information_schema.tables where table_type='base table' and table_name='wsfi2039fields'
20240403@074612.8940 tg51a50kq5ct507fgfaqk1nvf4 Query : select fieldkey,fieldname,fieldtype,mandatory from wsfi2039fields
20240403@074612.8980 tg51a50kq5ct507fgfaqk1nvf4 Query : select sestamp valor from se where ref ='324.698.00.01' and lote = 'r2301182200a'
20240403@074612.9080 tg51a50kq5ct507fgfaqk1nvf4 Query : select top 1 convert(numeric(6,2),t.taxa) valor from taxasiva t where t.codigo='2'
20240403@074612.9180 tg51a50kq5ct507fgfaqk1nvf4 Query : select 1 valor from information_schema.tables where table_type='base table' and table_name='wsfi039fields'
20240403@074612.9310 tg51a50kq5ct507fgfaqk1nvf4 Query : select fieldkey,fieldname,fieldtype,calcformula from wsfi039fields
20240403@074612.9530 tg51a50kq5ct507fgfaqk1nvf4 Query : insert into wsfi039data (fistamp,ousrdata, ousrhora, usrdata,usrhora,ousrinis,usrinis ,qtt ,ftstamp ,epv,pvmoeda ,tabiva,iva,lordem ,ref, design ,lote,armazem,bistamp ) values ('aut660cf44122660cfb3416',getdate(),convert(char(8),convert (time,getdate())),getdate(),convert(char(8),convert (time,getdate())),'wsv','wsv',8.000 ,'aut660cf76572660cfb3300' ,0,0 ,2,23.00,310000,?,?,?,?,?)
20240403@074612.1203 tg51a50kq5ct507fgfaqk1nvf4 Query : select 1 valor from information_schema.tables where table_type='base table' and table_name='wsfi2039fields'
20240403@074612.1219 tg51a50kq5ct507fgfaqk1nvf4 Query : select fieldkey,fieldname,fieldtype,calcformula from wsfi2039fields
20240403@074612.1224 tg51a50kq5ct507fgfaqk1nvf4 Query : insert into wsfi2039data (fi2stamp,ftstamp ,ousrdata, ousrhora, usrdata,usrhora,ousrinis,usrinis) values ('aut660cf44122660cfb3416','aut660cf76572660cfb3300' ,getdate(),convert(char(8),convert (time,getdate())),getdate(),convert(char(8),convert (time,getdate())),'wsv','wsv')
20240403@074612.1229 tg51a50kq5ct507fgfaqk1nvf4 Query : select 1 valor from information_schema.tables where table_type='base table' and table_name='wsfi039fields'
20240403@074612.1244 tg51a50kq5ct507fgfaqk1nvf4 Query : select fieldkey,fieldname,fieldtype,mandatory from wsfi039fields
20240403@074612.1267 tg51a50kq5ct507fgfaqk1nvf4 Query : select 1 valor from information_schema.tables where table_type='base table' and table_name='wsfi2039fields'
20240403@074612.1279 tg51a50kq5ct507fgfaqk1nvf4 Query : select fieldkey,fieldname,fieldtype,mandatory from wsfi2039fields
20240403@074612.1283 tg51a50kq5ct507fgfaqk1nvf4 Query : select top 1 convert(numeric(6,2),t.taxa) valor from taxasiva t where t.codigo='2'
20240403@074612.1293 tg51a50kq5ct507fgfaqk1nvf4 Query : select 1 valor from information_schema.tables where table_type='base table' and table_name='wsfi039fields'
20240403@074612.1305 tg51a50kq5ct507fgfaqk1nvf4 Query : select fieldkey,fieldname,fieldtype,calcformula from wsfi039fields
20240403@074612.1328 tg51a50kq5ct507fgfaqk1nvf4 Query : insert into wsfi039data (fistamp,ousrdata, ousrhora, usrdata,usrhora,ousrinis,usrinis ,qtt ,ftstamp ,epv,pvmoeda ,tabiva,iva,lordem ,ref, design ,armazem) values ('aut660cf06170660cfb341f',getdate(),convert(char(8),convert (time,getdate())),getdate(),convert(char(8),convert (time,getdate())),'wsv','wsv',0 ,'aut660cf76572660cfb3300' ,0,0 ,2,23.00,320000,?,?,?)
20240403@074612.1602 tg51a50kq5ct507fgfaqk1nvf4 Query : select 1 valor from information_schema.tables where table_type='base table' and table_name='wsfi2039fields'
20240403@074612.1726 tg51a50kq5ct507fgfaqk1nvf4 Query : select fieldkey,fieldname,fieldtype,calcformula from wsfi2039fields
20240403@074612.1734 tg51a50kq5ct507fgfaqk1nvf4 Query : insert into wsfi2039data (fi2stamp,ftstamp ,ousrdata, ousrhora, usrdata,usrhora,ousrinis,usrinis) values ('aut660cf06170660cfb341f','aut660cf76572660cfb3300' ,getdate(),convert(char(8),convert (time,getdate())),getdate(),convert(char(8),convert (time,getdate())),'wsv','wsv')
20240403@074612.1747 tg51a50kq5ct507fgfaqk1nvf4 Query : use flama_phc
20240403@074612.1750 tg51a50kq5ct507fgfaqk1nvf4 Query : select st.usalote valor from st where st.ref = '324.698.00.01'
20240403@074612.1762 tg51a50kq5ct507fgfaqk1nvf4 Query : select top 1 st.tabiva ,st.ivaincl ,st.stns ,st.uni2 ,st.familia ,isnull(tx.taxa, 0) txiva ,unidade ,usalote ,epcpond ,noserie from st left join taxasiva tx on st.tabiva = tx.codigo where st.ref = '324.698.00.01'
20240403@074612.1774 tg51a50kq5ct507fgfaqk1nvf4 Query : select 1 valor from information_schema.tables where table_type='base table' and table_name='wsfi039fields'
20240403@074612.1788 tg51a50kq5ct507fgfaqk1nvf4 Query : select fieldkey,fieldname,fieldtype,mandatory from wsfi039fields
20240403@074612.1813 tg51a50kq5ct507fgfaqk1nvf4 Query : select 1 valor from information_schema.tables where table_type='base table' and table_name='wsfi2039fields'
20240403@074612.1827 tg51a50kq5ct507fgfaqk1nvf4 Query : select fieldkey,fieldname,fieldtype,mandatory from wsfi2039fields
20240403@074612.1831 tg51a50kq5ct507fgfaqk1nvf4 Query : select sestamp valor from se where ref ='324.698.00.01' and lote = 'r2301182200a'
20240403@074612.1845 tg51a50kq5ct507fgfaqk1nvf4 Query : select top 1 convert(numeric(6,2),t.taxa) valor from taxasiva t where t.codigo='2'
20240403@074612.1854 tg51a50kq5ct507fgfaqk1nvf4 Query : select 1 valor from information_schema.tables where table_type='base table' and table_name='wsfi039fields'
20240403@074612.1872 tg51a50kq5ct507fgfaqk1nvf4 Query : select fieldkey,fieldname,fieldtype,calcformula from wsfi039fields
20240403@074612.1901 tg51a50kq5ct507fgfaqk1nvf4 Query : insert into wsfi039data (fistamp,ousrdata, ousrhora, usrdata,usrhora,ousrinis,usrinis ,qtt ,ftstamp ,epv,pvmoeda ,tabiva,iva,lordem ,ref, design ,lote,armazem,bistamp ) values ('aut660cf54034660cfb342d',getdate(),convert(char(8),convert (time,getdate())),getdate(),convert(char(8),convert (time,getdate())),'wsv','wsv',8.000 ,'aut660cf76572660cfb3300' ,0,0 ,2,23.00,340000,?,?,?,?,?)
20240403@074612.2223 tg51a50kq5ct507fgfaqk1nvf4 Query : select 1 valor from information_schema.tables where table_type='base table' and table_name='wsfi2039fields'
20240403@074612.2252 tg51a50kq5ct507fgfaqk1nvf4 Query : select fieldkey,fieldname,fieldtype,calcformula from wsfi2039fields
20240403@074612.2258 tg51a50kq5ct507fgfaqk1nvf4 Query : insert into wsfi2039data (fi2stamp,ftstamp ,ousrdata, ousrhora, usrdata,usrhora,ousrinis,usrinis) values ('aut660cf54034660cfb342d','aut660cf76572660cfb3300' ,getdate(),convert(char(8),convert (time,getdate())),getdate(),convert(char(8),convert (time,getdate())),'wsv','wsv')
20240403@074612.2265 tg51a50kq5ct507fgfaqk1nvf4 Query : select 1 valor from information_schema.tables where table_type='base table' and table_name='wsfi039fields'
20240403@074612.2286 tg51a50kq5ct507fgfaqk1nvf4 Query : select fieldkey,fieldname,fieldtype,mandatory from wsfi039fields
20240403@074612.2317 tg51a50kq5ct507fgfaqk1nvf4 Query : select 1 valor from information_schema.tables where table_type='base table' and table_name='wsfi2039fields'
20240403@074612.2334 tg51a50kq5ct507fgfaqk1nvf4 Query : select fieldkey,fieldname,fieldtype,mandatory from wsfi2039fields
20240403@074612.2362 tg51a50kq5ct507fgfaqk1nvf4 Query : select top 1 convert(numeric(6,2),t.taxa) valor from taxasiva t where t.codigo='2'
20240403@074612.2381 tg51a50kq5ct507fgfaqk1nvf4 Query : select 1 valor from information_schema.tables where table_type='base table' and table_name='wsfi039fields'
20240403@074612.2398 tg51a50kq5ct507fgfaqk1nvf4 Query : select fieldkey,fieldname,fieldtype,calcformula from wsfi039fields
20240403@074612.2429 tg51a50kq5ct507fgfaqk1nvf4 Query : insert into wsfi039data (fistamp,ousrdata, ousrhora, usrdata,usrhora,ousrinis,usrinis ,qtt ,ftstamp ,epv,pvmoeda ,tabiva,iva,lordem ,ref, design ,armazem) values ('aut660cf03819660cfb343a',getdate(),convert(char(8),convert (time,getdate())),getdate(),convert(char(8),convert (time,getdate())),'wsv','wsv',0 ,'aut660cf76572660cfb3300' ,0,0 ,2,23.00,350000,?,?,?)
20240403@074612.2839 tg51a50kq5ct507fgfaqk1nvf4 Query : select 1 valor from information_schema.tables where table_type='base table' and table_name='wsfi2039fields'
20240403@074612.2857 tg51a50kq5ct507fgfaqk1nvf4 Query : select fieldkey,fieldname,fieldtype,calcformula from wsfi2039fields
20240403@074612.2862 tg51a50kq5ct507fgfaqk1nvf4 Query : insert into wsfi2039data (fi2stamp,ftstamp ,ousrdata, ousrhora, usrdata,usrhora,ousrinis,usrinis) values ('aut660cf03819660cfb343a','aut660cf76572660cfb3300' ,getdate(),convert(char(8),convert (time,getdate())),getdate(),convert(char(8),convert (time,getdate())),'wsv','wsv')
20240403@074612.2871 tg51a50kq5ct507fgfaqk1nvf4 Query : use flama_phc
20240403@074612.2876 tg51a50kq5ct507fgfaqk1nvf4 Query : select st.usalote valor from st where st.ref = '324.698.00.01'
20240403@074612.2888 tg51a50kq5ct507fgfaqk1nvf4 Query : select top 1 st.tabiva ,st.ivaincl ,st.stns ,st.uni2 ,st.familia ,isnull(tx.taxa, 0) txiva ,unidade ,usalote ,epcpond ,noserie from st left join taxasiva tx on st.tabiva = tx.codigo where st.ref = '324.698.00.01'
20240403@074612.2915 tg51a50kq5ct507fgfaqk1nvf4 Query : select 1 valor from information_schema.tables where table_type='base table' and table_name='wsfi039fields'
20240403@074612.2932 tg51a50kq5ct507fgfaqk1nvf4 Query : select fieldkey,fieldname,fieldtype,mandatory from wsfi039fields
20240403@074612.2956 tg51a50kq5ct507fgfaqk1nvf4 Query : select 1 valor from information_schema.tables where table_type='base table' and table_name='wsfi2039fields'
20240403@074612.2970 tg51a50kq5ct507fgfaqk1nvf4 Query : select fieldkey,fieldname,fieldtype,mandatory from wsfi2039fields
20240403@074612.2976 tg51a50kq5ct507fgfaqk1nvf4 Query : select sestamp valor from se where ref ='324.698.00.01' and lote = 'r2301182200a'
20240403@074612.2992 tg51a50kq5ct507fgfaqk1nvf4 Query : select top 1 convert(numeric(6,2),t.taxa) valor from taxasiva t where t.codigo='2'
20240403@074612.3002 tg51a50kq5ct507fgfaqk1nvf4 Query : select 1 valor from information_schema.tables where table_type='base table' and table_name='wsfi039fields'
20240403@074612.3020 tg51a50kq5ct507fgfaqk1nvf4 Query : select fieldkey,fieldname,fieldtype,calcformula from wsfi039fields
20240403@074612.3045 tg51a50kq5ct507fgfaqk1nvf4 Query : insert into wsfi039data (fistamp,ousrdata, ousrhora, usrdata,usrhora,ousrinis,usrinis ,qtt ,ftstamp ,epv,pvmoeda ,tabiva,iva,lordem ,ref, design ,lote,armazem,bistamp ) values ('aut660cf97678660cfb3449',getdate(),convert(char(8),convert (time,getdate())),getdate(),convert(char(8),convert (time,getdate())),'wsv','wsv',8.000 ,'aut660cf76572660cfb3300' ,0,0 ,2,23.00,370000,?,?,?,?,?)
20240403@074612.3612 tg51a50kq5ct507fgfaqk1nvf4 Query : select 1 valor from information_schema.tables where table_type='base table' and table_name='wsfi2039fields'
20240403@074612.3672 tg51a50kq5ct507fgfaqk1nvf4 Query : select fieldkey,fieldname,fieldtype,calcformula from wsfi2039fields
20240403@074612.3676 tg51a50kq5ct507fgfaqk1nvf4 Query : insert into wsfi2039data (fi2stamp,ftstamp ,ousrdata, ousrhora, usrdata,usrhora,ousrinis,usrinis) values ('aut660cf97678660cfb3449','aut660cf76572660cfb3300' ,getdate(),convert(char(8),convert (time,getdate())),getdate(),convert(char(8),convert (time,getdate())),'wsv','wsv')
20240403@074612.3681 tg51a50kq5ct507fgfaqk1nvf4 Query : select 1 valor from information_schema.tables where table_type='base table' and table_name='wsfi039fields'
20240403@074612.3693 tg51a50kq5ct507fgfaqk1nvf4 Query : select fieldkey,fieldname,fieldtype,mandatory from wsfi039fields
20240403@074612.3715 tg51a50kq5ct507fgfaqk1nvf4 Query : select 1 valor from information_schema.tables where table_type='base table' and table_name='wsfi2039fields'
20240403@074612.3728 tg51a50kq5ct507fgfaqk1nvf4 Query : select fieldkey,fieldname,fieldtype,mandatory from wsfi2039fields
20240403@074612.3732 tg51a50kq5ct507fgfaqk1nvf4 Query : select top 1 convert(numeric(6,2),t.taxa) valor from taxasiva t where t.codigo='2'
20240403@074612.3741 tg51a50kq5ct507fgfaqk1nvf4 Query : select 1 valor from information_schema.tables where table_type='base table' and table_name='wsfi039fields'
20240403@074612.3753 tg51a50kq5ct507fgfaqk1nvf4 Query : select fieldkey,fieldname,fieldtype,calcformula from wsfi039fields
20240403@074612.3775 tg51a50kq5ct507fgfaqk1nvf4 Query : insert into wsfi039data (fistamp,ousrdata, ousrhora, usrdata,usrhora,ousrinis,usrinis ,qtt ,ftstamp ,epv,pvmoeda ,tabiva,iva,lordem ,ref, design ,armazem) values ('aut660cf25601660cfb345b',getdate(),convert(char(8),convert (time,getdate())),getdate(),convert(char(8),convert (time,getdate())),'wsv','wsv',0 ,'aut660cf76572660cfb3300' ,0,0 ,2,23.00,380000,?,?,?)
20240403@074612.4110 tg51a50kq5ct507fgfaqk1nvf4 Query : select 1 valor from information_schema.tables where table_type='base table' and table_name='wsfi2039fields'
20240403@074612.4131 tg51a50kq5ct507fgfaqk1nvf4 Query : select fieldkey,fieldname,fieldtype,calcformula from wsfi2039fields
20240403@074612.4136 tg51a50kq5ct507fgfaqk1nvf4 Query : insert into wsfi2039data (fi2stamp,ftstamp ,ousrdata, ousrhora, usrdata,usrhora,ousrinis,usrinis) values ('aut660cf25601660cfb345b','aut660cf76572660cfb3300' ,getdate(),convert(char(8),convert (time,getdate())),getdate(),convert(char(8),convert (time,getdate())),'wsv','wsv')
20240403@074612.4140 tg51a50kq5ct507fgfaqk1nvf4 Query : use flama_phc
20240403@074612.4143 tg51a50kq5ct507fgfaqk1nvf4 Query : select st.usalote valor from st where st.ref = '324.698.00.01'
20240403@074612.4196 tg51a50kq5ct507fgfaqk1nvf4 Query : select top 1 st.tabiva ,st.ivaincl ,st.stns ,st.uni2 ,st.familia ,isnull(tx.taxa, 0) txiva ,unidade ,usalote ,epcpond ,noserie from st left join taxasiva tx on st.tabiva = tx.codigo where st.ref = '324.698.00.01'
20240403@074612.4207 tg51a50kq5ct507fgfaqk1nvf4 Query : select 1 valor from information_schema.tables where table_type='base table' and table_name='wsfi039fields'
20240403@074612.4221 tg51a50kq5ct507fgfaqk1nvf4 Query : select fieldkey,fieldname,fieldtype,mandatory from wsfi039fields
20240403@074612.4497 tg51a50kq5ct507fgfaqk1nvf4 Query : select 1 valor from information_schema.tables where table_type='base table' and table_name='wsfi2039fields'
20240403@074612.4511 tg51a50kq5ct507fgfaqk1nvf4 Query : select fieldkey,fieldname,fieldtype,mandatory from wsfi2039fields
20240403@074612.4515 tg51a50kq5ct507fgfaqk1nvf4 Query : select sestamp valor from se where ref ='324.698.00.01' and lote = 'r2301182200a'
20240403@074612.4525 tg51a50kq5ct507fgfaqk1nvf4 Query : select top 1 convert(numeric(6,2),t.taxa) valor from taxasiva t where t.codigo='2'
20240403@074612.4533 tg51a50kq5ct507fgfaqk1nvf4 Query : select 1 valor from information_schema.tables where table_type='base table' and table_name='wsfi039fields'
20240403@074612.4546 tg51a50kq5ct507fgfaqk1nvf4 Query : select fieldkey,fieldname,fieldtype,calcformula from wsfi039fields
20240403@074612.4570 tg51a50kq5ct507fgfaqk1nvf4 Query : insert into wsfi039data (fistamp,ousrdata, ousrhora, usrdata,usrhora,ousrinis,usrinis ,qtt ,ftstamp ,epv,pvmoeda ,tabiva,iva,lordem ,ref, design ,lote,armazem,bistamp ) values ('aut660cf69007660cfb346e',getdate(),convert(char(8),convert (time,getdate())),getdate(),convert(char(8),convert (time,getdate())),'wsv','wsv',8.000 ,'aut660cf76572660cfb3300' ,0,0 ,2,23.00,400000,?,?,?,?,?)
20240403@074612.4879 tg51a50kq5ct507fgfaqk1nvf4 Query : select 1 valor from information_schema.tables where table_type='base table' and table_name='wsfi2039fields'
20240403@074612.5077 tg51a50kq5ct507fgfaqk1nvf4 Query : select fieldkey,fieldname,fieldtype,calcformula from wsfi2039fields
20240403@074612.5082 tg51a50kq5ct507fgfaqk1nvf4 Query : insert into wsfi2039data (fi2stamp,ftstamp ,ousrdata, ousrhora, usrdata,usrhora,ousrinis,usrinis) values ('aut660cf69007660cfb346e','aut660cf76572660cfb3300' ,getdate(),convert(char(8),convert (time,getdate())),getdate(),convert(char(8),convert (time,getdate())),'wsv','wsv')
20240403@074612.5088 tg51a50kq5ct507fgfaqk1nvf4 Query : select 1 valor from information_schema.tables where table_type='base table' and table_name='wsfi039fields'
20240403@074612.5102 tg51a50kq5ct507fgfaqk1nvf4 Query : select fieldkey,fieldname,fieldtype,mandatory from wsfi039fields
20240403@074612.5124 tg51a50kq5ct507fgfaqk1nvf4 Query : select 1 valor from information_schema.tables where table_type='base table' and table_name='wsfi2039fields'
20240403@074612.5137 tg51a50kq5ct507fgfaqk1nvf4 Query : select fieldkey,fieldname,fieldtype,mandatory from wsfi2039fields
20240403@074612.5141 tg51a50kq5ct507fgfaqk1nvf4 Query : select top 1 convert(numeric(6,2),t.taxa) valor from taxasiva t where t.codigo='2'
20240403@074612.5151 tg51a50kq5ct507fgfaqk1nvf4 Query : select 1 valor from information_schema.tables where table_type='base table' and table_name='wsfi039fields'
20240403@074612.5163 tg51a50kq5ct507fgfaqk1nvf4 Query : select fieldkey,fieldname,fieldtype,calcformula from wsfi039fields
20240403@074612.5187 tg51a50kq5ct507fgfaqk1nvf4 Query : insert into wsfi039data (fistamp,ousrdata, ousrhora, usrdata,usrhora,ousrinis,usrinis ,qtt ,ftstamp ,epv,pvmoeda ,tabiva,iva,lordem ,ref, design ,armazem) values ('aut660cf56432660cfb347d',getdate(),convert(char(8),convert (time,getdate())),getdate(),convert(char(8),convert (time,getdate())),'wsv','wsv',0 ,'aut660cf76572660cfb3300' ,0,0 ,2,23.00,410000,?,?,?)
20240403@074612.5435 tg51a50kq5ct507fgfaqk1nvf4 Query : select 1 valor from information_schema.tables where table_type='base table' and table_name='wsfi2039fields'
20240403@074612.5451 tg51a50kq5ct507fgfaqk1nvf4 Query : select fieldkey,fieldname,fieldtype,calcformula from wsfi2039fields
20240403@074612.5455 tg51a50kq5ct507fgfaqk1nvf4 Query : insert into wsfi2039data (fi2stamp,ftstamp ,ousrdata, ousrhora, usrdata,usrhora,ousrinis,usrinis) values ('aut660cf56432660cfb347d','aut660cf76572660cfb3300' ,getdate(),convert(char(8),convert (time,getdate())),getdate(),convert(char(8),convert (time,getdate())),'wsv','wsv')
20240403@074612.5459 tg51a50kq5ct507fgfaqk1nvf4 Query : use flama_phc
20240403@074612.5463 tg51a50kq5ct507fgfaqk1nvf4 Query : select st.usalote valor from st where st.ref = '324.698.00.01'
20240403@074612.5474 tg51a50kq5ct507fgfaqk1nvf4 Query : select top 1 st.tabiva ,st.ivaincl ,st.stns ,st.uni2 ,st.familia ,isnull(tx.taxa, 0) txiva ,unidade ,usalote ,epcpond ,noserie from st left join taxasiva tx on st.tabiva = tx.codigo where st.ref = '324.698.00.01'
20240403@074612.5485 tg51a50kq5ct507fgfaqk1nvf4 Query : select 1 valor from information_schema.tables where table_type='base table' and table_name='wsfi039fields'
20240403@074612.5511 tg51a50kq5ct507fgfaqk1nvf4 Query : select fieldkey,fieldname,fieldtype,mandatory from wsfi039fields
20240403@074612.5638 tg51a50kq5ct507fgfaqk1nvf4 Query : select 1 valor from information_schema.tables where table_type='base table' and table_name='wsfi2039fields'
20240403@074612.5652 tg51a50kq5ct507fgfaqk1nvf4 Query : select fieldkey,fieldname,fieldtype,mandatory from wsfi2039fields
20240403@074612.5656 tg51a50kq5ct507fgfaqk1nvf4 Query : select sestamp valor from se where ref ='324.698.00.01' and lote = 'r2301182200a'
20240403@074612.5667 tg51a50kq5ct507fgfaqk1nvf4 Query : select top 1 convert(numeric(6,2),t.taxa) valor from taxasiva t where t.codigo='2'
20240403@074612.5677 tg51a50kq5ct507fgfaqk1nvf4 Query : select 1 valor from information_schema.tables where table_type='base table' and table_name='wsfi039fields'
20240403@074612.5690 tg51a50kq5ct507fgfaqk1nvf4 Query : select fieldkey,fieldname,fieldtype,calcformula from wsfi039fields
20240403@074612.5713 tg51a50kq5ct507fgfaqk1nvf4 Query : insert into wsfi039data (fistamp,ousrdata, ousrhora, usrdata,usrhora,ousrinis,usrinis ,qtt ,ftstamp ,epv,pvmoeda ,tabiva,iva,lordem ,ref, design ,lote,armazem,bistamp ) values ('aut660cf84998660cfb348a',getdate(),convert(char(8),convert (time,getdate())),getdate(),convert(char(8),convert (time,getdate())),'wsv','wsv',8.000 ,'aut660cf76572660cfb3300' ,0,0 ,2,23.00,430000,?,?,?,?,?)
20240403@074612.5989 tg51a50kq5ct507fgfaqk1nvf4 Query : select 1 valor from information_schema.tables where table_type='base table' and table_name='wsfi2039fields'
20240403@074612.6003 tg51a50kq5ct507fgfaqk1nvf4 Query : select fieldkey,fieldname,fieldtype,calcformula from wsfi2039fields
20240403@074612.6008 tg51a50kq5ct507fgfaqk1nvf4 Query : insert into wsfi2039data (fi2stamp,ftstamp ,ousrdata, ousrhora, usrdata,usrhora,ousrinis,usrinis) values ('aut660cf84998660cfb348a','aut660cf76572660cfb3300' ,getdate(),convert(char(8),convert (time,getdate())),getdate(),convert(char(8),convert (time,getdate())),'wsv','wsv')
20240403@074612.6013 tg51a50kq5ct507fgfaqk1nvf4 Query : select 1 valor from information_schema.tables where table_type='base table' and table_name='wsfi039fields'
20240403@074612.6027 tg51a50kq5ct507fgfaqk1nvf4 Query : select fieldkey,fieldname,fieldtype,mandatory from wsfi039fields
20240403@074612.6050 tg51a50kq5ct507fgfaqk1nvf4 Query : select 1 valor from information_schema.tables where table_type='base table' and table_name='wsfi2039fields'
20240403@074612.6062 tg51a50kq5ct507fgfaqk1nvf4 Query : select fieldkey,fieldname,fieldtype,mandatory from wsfi2039fields
20240403@074612.6067 tg51a50kq5ct507fgfaqk1nvf4 Query : select top 1 convert(numeric(6,2),t.taxa) valor from taxasiva t where t.codigo='2'
20240403@074612.6076 tg51a50kq5ct507fgfaqk1nvf4 Query : select 1 valor from information_schema.tables where table_type='base table' and table_name='wsfi039fields'
20240403@074612.6088 tg51a50kq5ct507fgfaqk1nvf4 Query : select fieldkey,fieldname,fieldtype,calcformula from wsfi039fields
20240403@074612.6109 tg51a50kq5ct507fgfaqk1nvf4 Query : insert into wsfi039data (fistamp,ousrdata, ousrhora, usrdata,usrhora,ousrinis,usrinis ,qtt ,ftstamp ,epv,pvmoeda ,tabiva,iva,lordem ,ref, design ,armazem) values ('aut660cf16040660cfb3494',getdate(),convert(char(8),convert (time,getdate())),getdate(),convert(char(8),convert (time,getdate())),'wsv','wsv',0 ,'aut660cf76572660cfb3300' ,0,0 ,2,23.00,440000,?,?,?)
20240403@074612.6354 tg51a50kq5ct507fgfaqk1nvf4 Query : select 1 valor from information_schema.tables where table_type='base table' and table_name='wsfi2039fields'
20240403@074612.6370 tg51a50kq5ct507fgfaqk1nvf4 Query : select fieldkey,fieldname,fieldtype,calcformula from wsfi2039fields
20240403@074612.6375 tg51a50kq5ct507fgfaqk1nvf4 Query : insert into wsfi2039data (fi2stamp,ftstamp ,ousrdata, ousrhora, usrdata,usrhora,ousrinis,usrinis) values ('aut660cf16040660cfb3494','aut660cf76572660cfb3300' ,getdate(),convert(char(8),convert (time,getdate())),getdate(),convert(char(8),convert (time,getdate())),'wsv','wsv')
20240403@074612.6380 tg51a50kq5ct507fgfaqk1nvf4 Query : use flama_phc
20240403@074612.6383 tg51a50kq5ct507fgfaqk1nvf4 Query : select st.usalote valor from st where st.ref = '324.698.00.01'
20240403@074612.6394 tg51a50kq5ct507fgfaqk1nvf4 Query : select top 1 st.tabiva ,st.ivaincl ,st.stns ,st.uni2 ,st.familia ,isnull(tx.taxa, 0) txiva ,unidade ,usalote ,epcpond ,noserie from st left join taxasiva tx on st.tabiva = tx.codigo where st.ref = '324.698.00.01'
20240403@074612.6405 tg51a50kq5ct507fgfaqk1nvf4 Query : select 1 valor from information_schema.tables where table_type='base table' and table_name='wsfi039fields'
20240403@074612.6490 tg51a50kq5ct507fgfaqk1nvf4 Query : select fieldkey,fieldname,fieldtype,mandatory from wsfi039fields
20240403@074612.6513 tg51a50kq5ct507fgfaqk1nvf4 Query : select 1 valor from information_schema.tables where table_type='base table' and table_name='wsfi2039fields'
20240403@074612.6535 tg51a50kq5ct507fgfaqk1nvf4 Query : select fieldkey,fieldname,fieldtype,mandatory from wsfi2039fields
20240403@074612.6540 tg51a50kq5ct507fgfaqk1nvf4 Query : select sestamp valor from se where ref ='324.698.00.01' and lote = 'r2301182200a'
20240403@074612.6549 tg51a50kq5ct507fgfaqk1nvf4 Query : select top 1 convert(numeric(6,2),t.taxa) valor from taxasiva t where t.codigo='2'
20240403@074612.6558 tg51a50kq5ct507fgfaqk1nvf4 Query : select 1 valor from information_schema.tables where table_type='base table' and table_name='wsfi039fields'
20240403@074612.6572 tg51a50kq5ct507fgfaqk1nvf4 Query : select fieldkey,fieldname,fieldtype,calcformula from wsfi039fields
20240403@074612.6594 tg51a50kq5ct507fgfaqk1nvf4 Query : insert into wsfi039data (fistamp,ousrdata, ousrhora, usrdata,usrhora,ousrinis,usrinis ,qtt ,ftstamp ,epv,pvmoeda ,tabiva,iva,lordem ,ref, design ,lote,armazem,bistamp ) values ('aut660cf09173660cfb34a0',getdate(),convert(char(8),convert (time,getdate())),getdate(),convert(char(8),convert (time,getdate())),'wsv','wsv',8.000 ,'aut660cf76572660cfb3300' ,0,0 ,2,23.00,460000,?,?,?,?,?)
20240403@074612.6832 tg51a50kq5ct507fgfaqk1nvf4 Query : select 1 valor from information_schema.tables where table_type='base table' and table_name='wsfi2039fields'
20240403@074612.6848 tg51a50kq5ct507fgfaqk1nvf4 Query : select fieldkey,fieldname,fieldtype,calcformula from wsfi2039fields
20240403@074612.6852 tg51a50kq5ct507fgfaqk1nvf4 Query : insert into wsfi2039data (fi2stamp,ftstamp ,ousrdata, ousrhora, usrdata,usrhora,ousrinis,usrinis) values ('aut660cf09173660cfb34a0','aut660cf76572660cfb3300' ,getdate(),convert(char(8),convert (time,getdate())),getdate(),convert(char(8),convert (time,getdate())),'wsv','wsv')
20240403@074612.6858 tg51a50kq5ct507fgfaqk1nvf4 Query : select 1 valor from information_schema.tables where table_type='base table' and table_name='wsfi039fields'
20240403@074612.6872 tg51a50kq5ct507fgfaqk1nvf4 Query : select fieldkey,fieldname,fieldtype,mandatory from wsfi039fields
20240403@074612.6895 tg51a50kq5ct507fgfaqk1nvf4 Query : select 1 valor from information_schema.tables where table_type='base table' and table_name='wsfi2039fields'
20240403@074612.6907 tg51a50kq5ct507fgfaqk1nvf4 Query : select fieldkey,fieldname,fieldtype,mandatory from wsfi2039fields
20240403@074612.6912 tg51a50kq5ct507fgfaqk1nvf4 Query : select top 1 convert(numeric(6,2),t.taxa) valor from taxasiva t where t.codigo='2'
20240403@074612.6922 tg51a50kq5ct507fgfaqk1nvf4 Query : select 1 valor from information_schema.tables where table_type='base table' and table_name='wsfi039fields'
20240403@074612.6935 tg51a50kq5ct507fgfaqk1nvf4 Query : select fieldkey,fieldname,fieldtype,calcformula from wsfi039fields
20240403@074612.6959 tg51a50kq5ct507fgfaqk1nvf4 Query : insert into wsfi039data (fistamp,ousrdata, ousrhora, usrdata,usrhora,ousrinis,usrinis ,qtt ,ftstamp ,epv,pvmoeda ,tabiva,iva,lordem ,ref, design ,armazem) values ('aut660cf01612660cfb34a9',getdate(),convert(char(8),convert (time,getdate())),getdate(),convert(char(8),convert (time,getdate())),'wsv','wsv',0 ,'aut660cf76572660cfb3300' ,0,0 ,2,23.00,470000,?,?,?)
20240403@074612.7200 tg51a50kq5ct507fgfaqk1nvf4 Query : select 1 valor from information_schema.tables where table_type='base table' and table_name='wsfi2039fields'
20240403@074612.7216 tg51a50kq5ct507fgfaqk1nvf4 Query : select fieldkey,fieldname,fieldtype,calcformula from wsfi2039fields
20240403@074612.7221 tg51a50kq5ct507fgfaqk1nvf4 Query : insert into wsfi2039data (fi2stamp,ftstamp ,ousrdata, ousrhora, usrdata,usrhora,ousrinis,usrinis) values ('aut660cf01612660cfb34a9','aut660cf76572660cfb3300' ,getdate(),convert(char(8),convert (time,getdate())),getdate(),convert(char(8),convert (time,getdate())),'wsv','wsv')
20240403@074612.7226 tg51a50kq5ct507fgfaqk1nvf4 Query : use flama_phc
20240403@074612.7229 tg51a50kq5ct507fgfaqk1nvf4 Query : select st.usalote valor from st where st.ref = '324.698.00.01'
20240403@074612.7240 tg51a50kq5ct507fgfaqk1nvf4 Query : select top 1 st.tabiva ,st.ivaincl ,st.stns ,st.uni2 ,st.familia ,isnull(tx.taxa, 0) txiva ,unidade ,usalote ,epcpond ,noserie from st left join taxasiva tx on st.tabiva = tx.codigo where st.ref = '324.698.00.01'
20240403@074612.7251 tg51a50kq5ct507fgfaqk1nvf4 Query : select 1 valor from information_schema.tables where table_type='base table' and table_name='wsfi039fields'
20240403@074612.7265 tg51a50kq5ct507fgfaqk1nvf4 Query : select fieldkey,fieldname,fieldtype,mandatory from wsfi039fields
20240403@074612.7290 tg51a50kq5ct507fgfaqk1nvf4 Query : select 1 valor from information_schema.tables where table_type='base table' and table_name='wsfi2039fields'
20240403@074612.7304 tg51a50kq5ct507fgfaqk1nvf4 Query : select fieldkey,fieldname,fieldtype,mandatory from wsfi2039fields
20240403@074612.7309 tg51a50kq5ct507fgfaqk1nvf4 Query : select sestamp valor from se where ref ='324.698.00.01' and lote = 'r2301182200a'
20240403@074612.7320 tg51a50kq5ct507fgfaqk1nvf4 Query : select top 1 convert(numeric(6,2),t.taxa) valor from taxasiva t where t.codigo='2'
20240403@074612.7330 tg51a50kq5ct507fgfaqk1nvf4 Query : select 1 valor from information_schema.tables where table_type='base table' and table_name='wsfi039fields'
20240403@074612.7344 tg51a50kq5ct507fgfaqk1nvf4 Query : select fieldkey,fieldname,fieldtype,calcformula from wsfi039fields
20240403@074612.7369 tg51a50kq5ct507fgfaqk1nvf4 Query : insert into wsfi039data (fistamp,ousrdata, ousrhora, usrdata,usrhora,ousrinis,usrinis ,qtt ,ftstamp ,epv,pvmoeda ,tabiva,iva,lordem ,ref, design ,lote,armazem,bistamp ) values ('aut660cf97824660cfb34b2',getdate(),convert(char(8),convert (time,getdate())),getdate(),convert(char(8),convert (time,getdate())),'wsv','wsv',8.000 ,'aut660cf76572660cfb3300' ,0,0 ,2,23.00,490000,?,?,?,?,?)
20240403@074612.7620 tg51a50kq5ct507fgfaqk1nvf4 Query : select 1 valor from information_schema.tables where table_type='base table' and table_name='wsfi2039fields'
20240403@074612.7636 tg51a50kq5ct507fgfaqk1nvf4 Query : select fieldkey,fieldname,fieldtype,calcformula from wsfi2039fields
20240403@074612.7640 tg51a50kq5ct507fgfaqk1nvf4 Query : insert into wsfi2039data (fi2stamp,ftstamp ,ousrdata, ousrhora, usrdata,usrhora,ousrinis,usrinis) values ('aut660cf97824660cfb34b2','aut660cf76572660cfb3300' ,getdate(),convert(char(8),convert (time,getdate())),getdate(),convert(char(8),convert (time,getdate())),'wsv','wsv')
20240403@074612.7646 tg51a50kq5ct507fgfaqk1nvf4 Query : select 1 valor from information_schema.tables where table_type='base table' and table_name='wsfi039fields'
20240403@074612.7660 tg51a50kq5ct507fgfaqk1nvf4 Query : select fieldkey,fieldname,fieldtype,mandatory from wsfi039fields
20240403@074612.7686 tg51a50kq5ct507fgfaqk1nvf4 Query : select 1 valor from information_schema.tables where table_type='base table' and table_name='wsfi2039fields'
20240403@074612.7699 tg51a50kq5ct507fgfaqk1nvf4 Query : select fieldkey,fieldname,fieldtype,mandatory from wsfi2039fields
20240403@074612.7713 tg51a50kq5ct507fgfaqk1nvf4 Query : select top 1 convert(numeric(6,2),t.taxa) valor from taxasiva t where t.codigo='2'
20240403@074612.7723 tg51a50kq5ct507fgfaqk1nvf4 Query : select 1 valor from information_schema.tables where table_type='base table' and table_name='wsfi039fields'
20240403@074612.7735 tg51a50kq5ct507fgfaqk1nvf4 Query : select fieldkey,fieldname,fieldtype,calcformula from wsfi039fields
20240403@074612.7758 tg51a50kq5ct507fgfaqk1nvf4 Query : insert into wsfi039data (fistamp,ousrdata, ousrhora, usrdata,usrhora,ousrinis,usrinis ,qtt ,ftstamp ,epv,pvmoeda ,tabiva,iva,lordem ,ref, design ,armazem) values ('aut660cf08457660cfb34bc',getdate(),convert(char(8),convert (time,getdate())),getdate(),convert(char(8),convert (time,getdate())),'wsv','wsv',0 ,'aut660cf76572660cfb3300' ,0,0 ,2,23.00,500000,?,?,?)
20240403@074612.7997 tg51a50kq5ct507fgfaqk1nvf4 Query : select 1 valor from information_schema.tables where table_type='base table' and table_name='wsfi2039fields'
20240403@074612.8014 tg51a50kq5ct507fgfaqk1nvf4 Query : select fieldkey,fieldname,fieldtype,calcformula from wsfi2039fields
20240403@074612.8019 tg51a50kq5ct507fgfaqk1nvf4 Query : insert into wsfi2039data (fi2stamp,ftstamp ,ousrdata, ousrhora, usrdata,usrhora,ousrinis,usrinis) values ('aut660cf08457660cfb34bc','aut660cf76572660cfb3300' ,getdate(),convert(char(8),convert (time,getdate())),getdate(),convert(char(8),convert (time,getdate())),'wsv','wsv')
20240403@074612.8024 tg51a50kq5ct507fgfaqk1nvf4 Query : use flama_phc
20240403@074612.8027 tg51a50kq5ct507fgfaqk1nvf4 Query : select st.usalote valor from st where st.ref = '324.698.00.01'
20240403@074612.8037 tg51a50kq5ct507fgfaqk1nvf4 Query : select top 1 st.tabiva ,st.ivaincl ,st.stns ,st.uni2 ,st.familia ,isnull(tx.taxa, 0) txiva ,unidade ,usalote ,epcpond ,noserie from st left join taxasiva tx on st.tabiva = tx.codigo where st.ref = '324.698.00.01'
20240403@074612.8047 tg51a50kq5ct507fgfaqk1nvf4 Query : select 1 valor from information_schema.tables where table_type='base table' and table_name='wsfi039fields'
20240403@074612.8060 tg51a50kq5ct507fgfaqk1nvf4 Query : select fieldkey,fieldname,fieldtype,mandatory from wsfi039fields
20240403@074612.8124 tg51a50kq5ct507fgfaqk1nvf4 Query : select 1 valor from information_schema.tables where table_type='base table' and table_name='wsfi2039fields'
20240403@074612.8138 tg51a50kq5ct507fgfaqk1nvf4 Query : select fieldkey,fieldname,fieldtype,mandatory from wsfi2039fields
20240403@074612.8143 tg51a50kq5ct507fgfaqk1nvf4 Query : select sestamp valor from se where ref ='324.698.00.01' and lote = 'r2301182200a'
20240403@074612.8154 tg51a50kq5ct507fgfaqk1nvf4 Query : select top 1 convert(numeric(6,2),t.taxa) valor from taxasiva t where t.codigo='2'
20240403@074612.8164 tg51a50kq5ct507fgfaqk1nvf4 Query : select 1 valor from information_schema.tables where table_type='base table' and table_name='wsfi039fields'
20240403@074612.8177 tg51a50kq5ct507fgfaqk1nvf4 Query : select fieldkey,fieldname,fieldtype,calcformula from wsfi039fields
20240403@074612.8199 tg51a50kq5ct507fgfaqk1nvf4 Query : insert into wsfi039data (fistamp,ousrdata, ousrhora, usrdata,usrhora,ousrinis,usrinis ,qtt ,ftstamp ,epv,pvmoeda ,tabiva,iva,lordem ,ref, design ,lote,armazem,bistamp ) values ('aut660cf65408660cfb34c7',getdate(),convert(char(8),convert (time,getdate())),getdate(),convert(char(8),convert (time,getdate())),'wsv','wsv',8.000 ,'aut660cf76572660cfb3300' ,0,0 ,2,23.00,520000,?,?,?,?,?)
20240403@074612.8440 tg51a50kq5ct507fgfaqk1nvf4 Query : select 1 valor from information_schema.tables where table_type='base table' and table_name='wsfi2039fields'
20240403@074612.8454 tg51a50kq5ct507fgfaqk1nvf4 Query : select fieldkey,fieldname,fieldtype,calcformula from wsfi2039fields
20240403@074612.8458 tg51a50kq5ct507fgfaqk1nvf4 Query : insert into wsfi2039data (fi2stamp,ftstamp ,ousrdata, ousrhora, usrdata,usrhora,ousrinis,usrinis) values ('aut660cf65408660cfb34c7','aut660cf76572660cfb3300' ,getdate(),convert(char(8),convert (time,getdate())),getdate(),convert(char(8),convert (time,getdate())),'wsv','wsv')
20240403@074612.8464 tg51a50kq5ct507fgfaqk1nvf4 Query : select 1 valor from information_schema.tables where table_type='base table' and table_name='wsfi039fields'
20240403@074612.8478 tg51a50kq5ct507fgfaqk1nvf4 Query : select fieldkey,fieldname,fieldtype,mandatory from wsfi039fields
20240403@074612.8499 tg51a50kq5ct507fgfaqk1nvf4 Query : select 1 valor from information_schema.tables where table_type='base table' and table_name='wsfi2039fields'
20240403@074612.8511 tg51a50kq5ct507fgfaqk1nvf4 Query : select fieldkey,fieldname,fieldtype,mandatory from wsfi2039fields
20240403@074612.8516 tg51a50kq5ct507fgfaqk1nvf4 Query : select top 1 convert(numeric(6,2),t.taxa) valor from taxasiva t where t.codigo='2'
20240403@074612.8525 tg51a50kq5ct507fgfaqk1nvf4 Query : select 1 valor from information_schema.tables where table_type='base table' and table_name='wsfi039fields'
20240403@074612.8538 tg51a50kq5ct507fgfaqk1nvf4 Query : select fieldkey,fieldname,fieldtype,calcformula from wsfi039fields
20240403@074612.8561 tg51a50kq5ct507fgfaqk1nvf4 Query : insert into wsfi039data (fistamp,ousrdata, ousrhora, usrdata,usrhora,ousrinis,usrinis ,qtt ,ftstamp ,epv,pvmoeda ,tabiva,iva,lordem ,ref, design ,armazem) values ('aut660cf98144660cfb34d0',getdate(),convert(char(8),convert (time,getdate())),getdate(),convert(char(8),convert (time,getdate())),'wsv','wsv',0 ,'aut660cf76572660cfb3300' ,0,0 ,2,23.00,530000,?,?,?)
20240403@074612.8822 tg51a50kq5ct507fgfaqk1nvf4 Query : select 1 valor from information_schema.tables where table_type='base table' and table_name='wsfi2039fields'
20240403@074612.8838 tg51a50kq5ct507fgfaqk1nvf4 Query : select fieldkey,fieldname,fieldtype,calcformula from wsfi2039fields
20240403@074612.8843 tg51a50kq5ct507fgfaqk1nvf4 Query : insert into wsfi2039data (fi2stamp,ftstamp ,ousrdata, ousrhora, usrdata,usrhora,ousrinis,usrinis) values ('aut660cf98144660cfb34d0','aut660cf76572660cfb3300' ,getdate(),convert(char(8),convert (time,getdate())),getdate(),convert(char(8),convert (time,getdate())),'wsv','wsv')
20240403@074612.8848 tg51a50kq5ct507fgfaqk1nvf4 Query : use flama_phc
20240403@074612.8852 tg51a50kq5ct507fgfaqk1nvf4 Query : select st.usalote valor from st where st.ref = '324.698.00.01'
20240403@074612.8862 tg51a50kq5ct507fgfaqk1nvf4 Query : select top 1 st.tabiva ,st.ivaincl ,st.stns ,st.uni2 ,st.familia ,isnull(tx.taxa, 0) txiva ,unidade ,usalote ,epcpond ,noserie from st left join taxasiva tx on st.tabiva = tx.codigo where st.ref = '324.698.00.01'
20240403@074612.8875 tg51a50kq5ct507fgfaqk1nvf4 Query : select 1 valor from information_schema.tables where table_type='base table' and table_name='wsfi039fields'
20240403@074612.8888 tg51a50kq5ct507fgfaqk1nvf4 Query : select fieldkey,fieldname,fieldtype,mandatory from wsfi039fields
20240403@074612.8922 tg51a50kq5ct507fgfaqk1nvf4 Query : select 1 valor from information_schema.tables where table_type='base table' and table_name='wsfi2039fields'
20240403@074612.8935 tg51a50kq5ct507fgfaqk1nvf4 Query : select fieldkey,fieldname,fieldtype,mandatory from wsfi2039fields
20240403@074612.8940 tg51a50kq5ct507fgfaqk1nvf4 Query : select sestamp valor from se where ref ='324.698.00.01' and lote = 'r2301182200a'
20240403@074612.8958 tg51a50kq5ct507fgfaqk1nvf4 Query : select top 1 convert(numeric(6,2),t.taxa) valor from taxasiva t where t.codigo='2'
20240403@074612.8969 tg51a50kq5ct507fgfaqk1nvf4 Query : select 1 valor from information_schema.tables where table_type='base table' and table_name='wsfi039fields'
20240403@074612.8985 tg51a50kq5ct507fgfaqk1nvf4 Query : select fieldkey,fieldname,fieldtype,calcformula from wsfi039fields
20240403@074612.9007 tg51a50kq5ct507fgfaqk1nvf4 Query : insert into wsfi039data (fistamp,ousrdata, ousrhora, usrdata,usrhora,ousrinis,usrinis ,qtt ,ftstamp ,epv,pvmoeda ,tabiva,iva,lordem ,ref, design ,lote,armazem,bistamp ) values ('aut660cf92236660cfb34da',getdate(),convert(char(8),convert (time,getdate())),getdate(),convert(char(8),convert (time,getdate())),'wsv','wsv',8.000 ,'aut660cf76572660cfb3300' ,0,0 ,2,23.00,550000,?,?,?,?,?)
20240403@074612.9288 tg51a50kq5ct507fgfaqk1nvf4 Query : select 1 valor from information_schema.tables where table_type='base table' and table_name='wsfi2039fields'
20240403@074612.9303 tg51a50kq5ct507fgfaqk1nvf4 Query : select fieldkey,fieldname,fieldtype,calcformula from wsfi2039fields
20240403@074612.9307 tg51a50kq5ct507fgfaqk1nvf4 Query : insert into wsfi2039data (fi2stamp,ftstamp ,ousrdata, ousrhora, usrdata,usrhora,ousrinis,usrinis) values ('aut660cf92236660cfb34da','aut660cf76572660cfb3300' ,getdate(),convert(char(8),convert (time,getdate())),getdate(),convert(char(8),convert (time,getdate())),'wsv','wsv')
20240403@074612.9312 tg51a50kq5ct507fgfaqk1nvf4 Query : select 1 valor from information_schema.tables where table_type='base table' and table_name='wsfi039fields'
20240403@074612.9325 tg51a50kq5ct507fgfaqk1nvf4 Query : select fieldkey,fieldname,fieldtype,mandatory from wsfi039fields
20240403@074612.9347 tg51a50kq5ct507fgfaqk1nvf4 Query : select 1 valor from information_schema.tables where table_type='base table' and table_name='wsfi2039fields'
20240403@074612.9359 tg51a50kq5ct507fgfaqk1nvf4 Query : select fieldkey,fieldname,fieldtype,mandatory from wsfi2039fields
20240403@074612.9363 tg51a50kq5ct507fgfaqk1nvf4 Query : select top 1 convert(numeric(6,2),t.taxa) valor from taxasiva t where t.codigo='2'
20240403@074612.9373 tg51a50kq5ct507fgfaqk1nvf4 Query : select 1 valor from information_schema.tables where table_type='base table' and table_name='wsfi039fields'
20240403@074612.9385 tg51a50kq5ct507fgfaqk1nvf4 Query : select fieldkey,fieldname,fieldtype,calcformula from wsfi039fields
20240403@074612.9407 tg51a50kq5ct507fgfaqk1nvf4 Query : insert into wsfi039data (fistamp,ousrdata, ousrhora, usrdata,usrhora,ousrinis,usrinis ,qtt ,ftstamp ,epv,pvmoeda ,tabiva,iva,lordem ,ref, design ,armazem) values ('aut660cf40467660cfb34e4',getdate(),convert(char(8),convert (time,getdate())),getdate(),convert(char(8),convert (time,getdate())),'wsv','wsv',0 ,'aut660cf76572660cfb3300' ,0,0 ,2,23.00,560000,?,?,?)
20240403@074612.9728 tg51a50kq5ct507fgfaqk1nvf4 Query : select 1 valor from information_schema.tables where table_type='base table' and table_name='wsfi2039fields'
20240403@074612.9743 tg51a50kq5ct507fgfaqk1nvf4 Query : select fieldkey,fieldname,fieldtype,calcformula from wsfi2039fields
20240403@074612.9747 tg51a50kq5ct507fgfaqk1nvf4 Query : insert into wsfi2039data (fi2stamp,ftstamp ,ousrdata, ousrhora, usrdata,usrhora,ousrinis,usrinis) values ('aut660cf40467660cfb34e4','aut660cf76572660cfb3300' ,getdate(),convert(char(8),convert (time,getdate())),getdate(),convert(char(8),convert (time,getdate())),'wsv','wsv')
20240403@074612.9751 tg51a50kq5ct507fgfaqk1nvf4 Query : use flama_phc
20240403@074612.9754 tg51a50kq5ct507fgfaqk1nvf4 Query : select st.usalote valor from st where st.ref = '324.698.00.01'
20240403@074612.9765 tg51a50kq5ct507fgfaqk1nvf4 Query : select top 1 st.tabiva ,st.ivaincl ,st.stns ,st.uni2 ,st.familia ,isnull(tx.taxa, 0) txiva ,unidade ,usalote ,epcpond ,noserie from st left join taxasiva tx on st.tabiva = tx.codigo where st.ref = '324.698.00.01'
20240403@074612.9775 tg51a50kq5ct507fgfaqk1nvf4 Query : select 1 valor from information_schema.tables where table_type='base table' and table_name='wsfi039fields'
20240403@074612.9788 tg51a50kq5ct507fgfaqk1nvf4 Query : select fieldkey,fieldname,fieldtype,mandatory from wsfi039fields
20240403@074612.9810 tg51a50kq5ct507fgfaqk1nvf4 Query : select 1 valor from information_schema.tables where table_type='base table' and table_name='wsfi2039fields'
20240403@074612.9822 tg51a50kq5ct507fgfaqk1nvf4 Query : select fieldkey,fieldname,fieldtype,mandatory from wsfi2039fields
20240403@074612.9826 tg51a50kq5ct507fgfaqk1nvf4 Query : select sestamp valor from se where ref ='324.698.00.01' and lote = 'r2301182200a'
20240403@074612.9835 tg51a50kq5ct507fgfaqk1nvf4 Query : select top 1 convert(numeric(6,2),t.taxa) valor from taxasiva t where t.codigo='2'
20240403@074612.9845 tg51a50kq5ct507fgfaqk1nvf4 Query : select 1 valor from information_schema.tables where table_type='base table' and table_name='wsfi039fields'
20240403@074612.9857 tg51a50kq5ct507fgfaqk1nvf4 Query : select fieldkey,fieldname,fieldtype,calcformula from wsfi039fields
20240403@074612.9880 tg51a50kq5ct507fgfaqk1nvf4 Query : insert into wsfi039data (fistamp,ousrdata, ousrhora, usrdata,usrhora,ousrinis,usrinis ,qtt ,ftstamp ,epv,pvmoeda ,tabiva,iva,lordem ,ref, design ,lote,armazem,bistamp ) values ('aut660cf56951660cfb34f0',getdate(),convert(char(8),convert (time,getdate())),getdate(),convert(char(8),convert (time,getdate())),'wsv','wsv',8.000 ,'aut660cf76572660cfb3300' ,0,0 ,2,23.00,580000,?,?,?,?,?)
20240403@074613.1190 tg51a50kq5ct507fgfaqk1nvf4 Query : select 1 valor from information_schema.tables where table_type='base table' and table_name='wsfi2039fields'
20240403@074613.1340 tg51a50kq5ct507fgfaqk1nvf4 Query : select fieldkey,fieldname,fieldtype,calcformula from wsfi2039fields
20240403@074613.1380 tg51a50kq5ct507fgfaqk1nvf4 Query : insert into wsfi2039data (fi2stamp,ftstamp ,ousrdata, ousrhora, usrdata,usrhora,ousrinis,usrinis) values ('aut660cf56951660cfb34f0','aut660cf76572660cfb3300' ,getdate(),convert(char(8),convert (time,getdate())),getdate(),convert(char(8),convert (time,getdate())),'wsv','wsv')
20240403@074613.1430 tg51a50kq5ct507fgfaqk1nvf4 Query : select 1 valor from information_schema.tables where table_type='base table' and table_name='wsfi039fields'
20240403@074613.1790 tg51a50kq5ct507fgfaqk1nvf4 Query : select fieldkey,fieldname,fieldtype,mandatory from wsfi039fields
20240403@074613.2030 tg51a50kq5ct507fgfaqk1nvf4 Query : select 1 valor from information_schema.tables where table_type='base table' and table_name='wsfi2039fields'
20240403@074613.2160 tg51a50kq5ct507fgfaqk1nvf4 Query : select fieldkey,fieldname,fieldtype,mandatory from wsfi2039fields
20240403@074613.2200 tg51a50kq5ct507fgfaqk1nvf4 Query : select top 1 convert(numeric(6,2),t.taxa) valor from taxasiva t where t.codigo='2'
20240403@074613.2300 tg51a50kq5ct507fgfaqk1nvf4 Query : select 1 valor from information_schema.tables where table_type='base table' and table_name='wsfi039fields'
20240403@074613.2440 tg51a50kq5ct507fgfaqk1nvf4 Query : select fieldkey,fieldname,fieldtype,calcformula from wsfi039fields
20240403@074613.2670 tg51a50kq5ct507fgfaqk1nvf4 Query : insert into wsfi039data (fistamp,ousrdata, ousrhora, usrdata,usrhora,ousrinis,usrinis ,qtt ,ftstamp ,epv,pvmoeda ,tabiva,iva,lordem ,ref, design ,armazem) values ('aut660cf86570660cfb3505',getdate(),convert(char(8),convert (time,getdate())),getdate(),convert(char(8),convert (time,getdate())),'wsv','wsv',0 ,'aut660cf76572660cfb3300' ,0,0 ,2,23.00,590000,?,?,?)
20240403@074613.5160 tg51a50kq5ct507fgfaqk1nvf4 Query : select 1 valor from information_schema.tables where table_type='base table' and table_name='wsfi2039fields'
20240403@074613.6360 tg51a50kq5ct507fgfaqk1nvf4 Query : select fieldkey,fieldname,fieldtype,calcformula from wsfi2039fields
20240403@074613.6400 tg51a50kq5ct507fgfaqk1nvf4 Query : insert into wsfi2039data (fi2stamp,ftstamp ,ousrdata, ousrhora, usrdata,usrhora,ousrinis,usrinis) values ('aut660cf86570660cfb3505','aut660cf76572660cfb3300' ,getdate(),convert(char(8),convert (time,getdate())),getdate(),convert(char(8),convert (time,getdate())),'wsv','wsv')
20240403@074613.6450 tg51a50kq5ct507fgfaqk1nvf4 Query : insert into wsftcreationlog (initialftstamp,externalid,creationstatus,documenttypeid,idustamp) values ('aut660cf76572660cfb3300','2402477','wait',39,'ari17112337378,753000005')
20240403@074613.6620 tg51a50kq5ct507fgfaqk1nvf4 Query : use flama_phc
20240403@074613.6660 tg51a50kq5ct507fgfaqk1nvf4 Query : update u_wsusers set rqsttoken =? where userid ='userls001'
20240403@074613.6760 tg51a50kq5ct507fgfaqk1nvf4 Query : select concat(rtrim(relative_path),ltrim(name_new)) as valor from uploadfiles where uploadfile_id='923';
20240403@074613.6930 tg51a50kq5ct507fgfaqk1nvf4 Query : update uploadfiles set whenupdated=current_timestamp where uploadfile_id='923';
20240403@074613.7060 tg51a50kq5ct507fgfaqk1nvf4 Query : select concat(rtrim(relative_path),ltrim(name_new)) as valor from uploadfiles where uploadfile_id='923';
20240403@074613.7200 tg51a50kq5ct507fgfaqk1nvf4 Query : update uploadfiles set whenupdated=current_timestamp where uploadfile_id='923';
20240403@074613.1146 ogsp3m7aeoif86o5g5qlfqlp7g Query : insert into uploadfiles ( name_original, name_new, option_type, relative_path, whencreated ) values ( ?, ?, ?, ?, getdate() )
20240403@074613.1556 ogsp3m7aeoif86o5g5qlfqlp7g Query : select uploadfile_id valor from uploadfiles where name_new = ? and option_type = ? 
20240403@074613.2391 ogsp3m7aeoif86o5g5qlfqlp7g Query : select concat(rtrim(relative_path),ltrim(name_new)) as valor from uploadfiles where uploadfile_id='924';
20240403@074613.2438 ogsp3m7aeoif86o5g5qlfqlp7g Query : update uploadfiles set whenupdated=current_timestamp where uploadfile_id='924';
20240403@074613.2457 ogsp3m7aeoif86o5g5qlfqlp7g Query : select concat(rtrim(relative_path),ltrim(name_new)) as valor from uploadfiles where uploadfile_id='924';
20240403@074613.2490 ogsp3m7aeoif86o5g5qlfqlp7g Query : update uploadfiles set whenupdated=current_timestamp where uploadfile_id='924';
20240403@074613.2504 ogsp3m7aeoif86o5g5qlfqlp7g Query : use flama_phc
20240403@074613.2507 ogsp3m7aeoif86o5g5qlfqlp7g Query : select top 1 secretkey valor from u_wsusers u where u.userid = ? and u.inactivo=0
20240403@074613.2520 ogsp3m7aeoif86o5g5qlfqlp7g Query : use flama_phc
20240403@074613.2523 ogsp3m7aeoif86o5g5qlfqlp7g Query : select no, estab,szadrsdesc from szadrs where u_coddest=4743
20240403@074613.2560 ogsp3m7aeoif86o5g5qlfqlp7g Query : select top 1 isnull(design,'') valor from st (nolock) left join stobs (nolock) on st.ref = stobs.ref where st.ref = '328.9005.00.1'
20240403@074613.2699 ogsp3m7aeoif86o5g5qlfqlp7g Query : select top 1 bistamp valor from bi inner join bo on bo.bostamp=bi.bostamp where bo.ndos =240 and bo.boano =2024 and bo.obrano = 2402478 and bi.ref ='328.9005.00.1' and bi.lordem =1
20240403@074613.3034 ogsp3m7aeoif86o5g5qlfqlp7g Query : use flama_phc
20240403@074613.3037 ogsp3m7aeoif86o5g5qlfqlp7g Query : select top 1 convert(date,fdata) valor from ft where ndoc = 39 and anulado= 0 and fno>0 order by fdata desc
20240403@074613.3050 ogsp3m7aeoif86o5g5qlfqlp7g Query : use flama_phc
20240403@074613.3053 ogsp3m7aeoif86o5g5qlfqlp7g Query : select top 1 1 valor from td where td.ndoc = 39
20240403@074613.3308 ogsp3m7aeoif86o5g5qlfqlp7g Query : use flama_phc
20240403@074613.3311 ogsp3m7aeoif86o5g5qlfqlp7g Query : select descricao ,case when valor='s' then 1 else 0 end usalotes from para1 where descricao in ('st_lote')
20240403@074613.3324 ogsp3m7aeoif86o5g5qlfqlp7g Query : select top 1 assinadoc issigned ,td.lancasl stocks ,'cl' origin ,case when (cmsl between 1 and 50 ) then 1 else 0 end entrada ,case when (cmsl>50 ) then 1 else 0 end saida ,~lotestock validatestock ,tiposaft from td inner join td2 on td.tdstamp=td2.td2stamp where td.ndoc =39
20240403@074613.3741 ogsp3m7aeoif86o5g5qlfqlp7g Query : use flama_phc
20240403@074613.3782 ogsp3m7aeoif86o5g5qlfqlp7g Query : select top 1 ~inactivo valor from cl where no = '101597' and estab = 0 order by inactivo desc
20240403@074613.4153 ogsp3m7aeoif86o5g5qlfqlp7g Query : use flama_phc
20240403@074613.4234 ogsp3m7aeoif86o5g5qlfqlp7g Query : select top 1 tipodoc,regrd from td where ndoc = 39
20240403@074613.4646 ogsp3m7aeoif86o5g5qlfqlp7g Query : use flama_phc
20240403@074613.4850 ogsp3m7aeoif86o5g5qlfqlp7g Query : select szadrsstamp valor from szadrs where szadrsdesc='espaÇotrans,lda'
20240403@074613.5149 ogsp3m7aeoif86o5g5qlfqlp7g Query : use flama_phc
20240403@074613.5153 ogsp3m7aeoif86o5g5qlfqlp7g Query : select szadrsstamp valor from szadrs where szadrsdesc='101597 - auchan retail portugal , sa'
20240403@074613.5165 ogsp3m7aeoif86o5g5qlfqlp7g Query : use flama_phc
20240403@074613.5168 ogsp3m7aeoif86o5g5qlfqlp7g Query : select 1 valor from td where ndoc = 39
20240403@074613.5178 ogsp3m7aeoif86o5g5qlfqlp7g Query : select top 1 manternumero, tiposaft, nmdos,td.assinadoc from td where td.ndoc = 39
20240403@074613.5189 ogsp3m7aeoif86o5g5qlfqlp7g Query : select 1 valor from information_schema.tables where table_type='base table' and table_name='wsft039fields'
20240403@074613.5204 ogsp3m7aeoif86o5g5qlfqlp7g Query : select fieldkey,fieldname,fieldtype,mandatory from wsft039fields
20240403@074613.5221 ogsp3m7aeoif86o5g5qlfqlp7g Query : select 1 valor from information_schema.tables where table_type='base table' and table_name='wsft2039fields'
20240403@074613.5234 ogsp3m7aeoif86o5g5qlfqlp7g Query : select fieldkey,fieldname,fieldtype,mandatory from wsft2039fields
20240403@074613.5260 ogsp3m7aeoif86o5g5qlfqlp7g Query : select 1 valor from information_schema.tables where table_type='base table' and table_name='wsft3039fields'
20240403@074613.5274 ogsp3m7aeoif86o5g5qlfqlp7g Query : select fieldkey,fieldname,fieldtype,mandatory from wsft3039fields
20240403@074613.5284 ogsp3m7aeoif86o5g5qlfqlp7g Query : select top 1 ft.fno valor from ft ft where ft.ndoc = 39 and ftano=2024 order by fno desc
20240403@074613.5381 ogsp3m7aeoif86o5g5qlfqlp7g Query : select top 1 ft.fno valor from wsft039data ft where ft.ndoc = 39 and ftano=2024 order by fno desc
20240403@074613.5392 ogsp3m7aeoif86o5g5qlfqlp7g Query : select 1 valor from information_schema.tables where table_type='base table' and table_name='wsft3039fields'
20240403@074613.5406 ogsp3m7aeoif86o5g5qlfqlp7g Query : select fieldkey,fieldname,fieldtype,calcformula from wsft3039fields
20240403@074613.5418 ogsp3m7aeoif86o5g5qlfqlp7g Query : insert into wsft3039data (ft3stamp, ousrdata, ousrhora, usrdata,usrhora,ousrinis,usrinis,taxpointdt ) values ('aut660cf21056660cfb3581' ,getdate(),convert(char(8),convert (time,getdate())),getdate(),convert(char(8),convert (time,getdate())),'wsv','wsv',?)
20240403@074613.5583 ogsp3m7aeoif86o5g5qlfqlp7g Query : select 1 valor from information_schema.tables where table_type='base table' and table_name='wsft2039fields'
20240403@074613.5689 ogsp3m7aeoif86o5g5qlfqlp7g Query : select fieldkey,fieldname,fieldtype,calcformula from wsft2039fields
20240403@074613.5718 ogsp3m7aeoif86o5g5qlfqlp7g Query : select top 1 bo.u_nomeenv valor from bo where bo.bostamp=''
20240403@074613.5723 ogsp3m7aeoif86o5g5qlfqlp7g Query : select top 1 bo.u_moradaen valor from bo where bo.bostamp=''
20240403@074613.5727 ogsp3m7aeoif86o5g5qlfqlp7g Query : select top 1 bo.u_codposen valor from bo where bo.bostamp=''
20240403@074613.5732 ogsp3m7aeoif86o5g5qlfqlp7g Query : select top 1 bo.u_localenv valor from bo where bo.bostamp=''
20240403@074613.5736 ogsp3m7aeoif86o5g5qlfqlp7g Query : select top 1 bo.trab5 valor from bo where bo.bostamp=''
20240403@074613.5741 ogsp3m7aeoif86o5g5qlfqlp7g Query : select top 1 bo.serie valor from bo where bo.bostamp=''
20240403@074613.5745 ogsp3m7aeoif86o5g5qlfqlp7g Query : insert into wsft2039data (ft2stamp, ousrdata,ousrhora, usrdata,usrhora,ousrinis,usrinis,u_nomeenv ,u_moradaen ,u_codposen ,u_localenv ,u_coddest ,u_codby ) values ('aut660cf21056660cfb3581',getdate(),convert(char(8),convert (time,getdate())),getdate(),convert(char(8),convert (time,getdate())),'wsv','wsv',?,?,?,?,?,?)
20240403@074613.5989 ogsp3m7aeoif86o5g5qlfqlp7g Query : select top 1 fno valor from wsft039data order by fno desc
20240403@074613.6005 ogsp3m7aeoif86o5g5qlfqlp7g Query : select 1 valor from information_schema.tables where table_type='base table' and table_name='wsft039fields'
20240403@074613.6020 ogsp3m7aeoif86o5g5qlfqlp7g Query : select fieldkey,fieldname,fieldtype,calcformula from wsft039fields
20240403@074613.6037 ogsp3m7aeoif86o5g5qlfqlp7g Query : insert into wsft039data (ftstamp, ousrdata,ousrhora, usrdata,usrhora,ousrinis,usrinis,fno,no,estab,fdata,ndoc,moeda,cambio,cambiofixo,ftano,cdata,chora,carga,descar,site ,classe ) values ('aut660cf21056660cfb3581',getdate(),convert(char(8),convert (time,getdate())),getdate(),convert(char(8),convert (time,getdate())),'wsv','wsv',707,101597,0,'2024-04-03',39,'euro',0,0,2024 ,'20240403','0816',?,?,?,?)
20240403@074613.6307 ogsp3m7aeoif86o5g5qlfqlp7g Query : use flama_phc
20240403@074613.6311 ogsp3m7aeoif86o5g5qlfqlp7g Query : select st.usalote valor from st where st.ref = '328.9005.00.1'
20240403@074613.6324 ogsp3m7aeoif86o5g5qlfqlp7g Query : select top 1 st.tabiva ,st.ivaincl ,st.stns ,st.uni2 ,st.familia ,isnull(tx.taxa, 0) txiva ,unidade ,usalote ,epcpond ,noserie from st left join taxasiva tx on st.tabiva = tx.codigo where st.ref = '328.9005.00.1'
20240403@074613.6469 ogsp3m7aeoif86o5g5qlfqlp7g Query : select 1 valor from information_schema.tables where table_type='base table' and table_name='wsfi039fields'
20240403@074613.6483 ogsp3m7aeoif86o5g5qlfqlp7g Query : select fieldkey,fieldname,fieldtype,mandatory from wsfi039fields
20240403@074613.6507 ogsp3m7aeoif86o5g5qlfqlp7g Query : select 1 valor from information_schema.tables where table_type='base table' and table_name='wsfi2039fields'
20240403@074613.6520 ogsp3m7aeoif86o5g5qlfqlp7g Query : select fieldkey,fieldname,fieldtype,mandatory from wsfi2039fields
20240403@074613.6525 ogsp3m7aeoif86o5g5qlfqlp7g Query : select sestamp valor from se where ref ='328.9005.00.1' and lote = 'r2100770200a'
20240403@074613.6572 ogsp3m7aeoif86o5g5qlfqlp7g Query : select top 1 convert(numeric(6,2),t.taxa) valor from taxasiva t where t.codigo='2'
20240403@074613.6583 ogsp3m7aeoif86o5g5qlfqlp7g Query : select 1 valor from information_schema.tables where table_type='base table' and table_name='wsfi039fields'
20240403@074613.6597 ogsp3m7aeoif86o5g5qlfqlp7g Query : select fieldkey,fieldname,fieldtype,calcformula from wsfi039fields
20240403@074613.6632 ogsp3m7aeoif86o5g5qlfqlp7g Query : insert into wsfi039data (fistamp,ousrdata, ousrhora, usrdata,usrhora,ousrinis,usrinis ,qtt ,ftstamp ,epv,pvmoeda ,tabiva,iva,lordem ,ref, design ,lote,armazem,bistamp ) values ('aut660cf57316660cfb35a0',getdate(),convert(char(8),convert (time,getdate())),getdate(),convert(char(8),convert (time,getdate())),'wsv','wsv',1.000 ,'aut660cf21056660cfb3581' ,0,0 ,2,23.00,10000,?,?,?,?,?)
20240403@074613.6877 ogsp3m7aeoif86o5g5qlfqlp7g Query : select 1 valor from information_schema.tables where table_type='base table' and table_name='wsfi2039fields'
20240403@074613.6893 ogsp3m7aeoif86o5g5qlfqlp7g Query : select fieldkey,fieldname,fieldtype,calcformula from wsfi2039fields
20240403@074613.6897 ogsp3m7aeoif86o5g5qlfqlp7g Query : insert into wsfi2039data (fi2stamp,ftstamp ,ousrdata, ousrhora, usrdata,usrhora,ousrinis,usrinis) values ('aut660cf57316660cfb35a0','aut660cf21056660cfb3581' ,getdate(),convert(char(8),convert (time,getdate())),getdate(),convert(char(8),convert (time,getdate())),'wsv','wsv')
20240403@074613.6902 ogsp3m7aeoif86o5g5qlfqlp7g Query : select 1 valor from information_schema.tables where table_type='base table' and table_name='wsfi039fields'
20240403@074613.6917 ogsp3m7aeoif86o5g5qlfqlp7g Query : select fieldkey,fieldname,fieldtype,mandatory from wsfi039fields
20240403@074613.6943 ogsp3m7aeoif86o5g5qlfqlp7g Query : select 1 valor from information_schema.tables where table_type='base table' and table_name='wsfi2039fields'
20240403@074613.6956 ogsp3m7aeoif86o5g5qlfqlp7g Query : select fieldkey,fieldname,fieldtype,mandatory from wsfi2039fields
20240403@074613.6961 ogsp3m7aeoif86o5g5qlfqlp7g Query : select top 1 convert(numeric(6,2),t.taxa) valor from taxasiva t where t.codigo='2'
20240403@074613.6972 ogsp3m7aeoif86o5g5qlfqlp7g Query : select 1 valor from information_schema.tables where table_type='base table' and table_name='wsfi039fields'
20240403@074613.6985 ogsp3m7aeoif86o5g5qlfqlp7g Query : select fieldkey,fieldname,fieldtype,calcformula from wsfi039fields
20240403@074613.7009 ogsp3m7aeoif86o5g5qlfqlp7g Query : insert into wsfi039data (fistamp,ousrdata, ousrhora, usrdata,usrhora,ousrinis,usrinis ,qtt ,ftstamp ,epv,pvmoeda ,tabiva,iva,lordem ,ref, design ,armazem) values ('aut660cf35455660cfb35aa',getdate(),convert(char(8),convert (time,getdate())),getdate(),convert(char(8),convert (time,getdate())),'wsv','wsv',0 ,'aut660cf21056660cfb3581' ,0,0 ,2,23.00,20000,?,?,?)
20240403@074613.7253 ogsp3m7aeoif86o5g5qlfqlp7g Query : select 1 valor from information_schema.tables where table_type='base table' and table_name='wsfi2039fields'
20240403@074613.7270 ogsp3m7aeoif86o5g5qlfqlp7g Query : select fieldkey,fieldname,fieldtype,calcformula from wsfi2039fields
20240403@074613.7275 ogsp3m7aeoif86o5g5qlfqlp7g Query : insert into wsfi2039data (fi2stamp,ftstamp ,ousrdata, ousrhora, usrdata,usrhora,ousrinis,usrinis) values ('aut660cf35455660cfb35aa','aut660cf21056660cfb3581' ,getdate(),convert(char(8),convert (time,getdate())),getdate(),convert(char(8),convert (time,getdate())),'wsv','wsv')
20240403@074613.7279 ogsp3m7aeoif86o5g5qlfqlp7g Query : insert into wsftcreationlog (initialftstamp,externalid,creationstatus,documenttypeid,idustamp) values ('aut660cf21056660cfb3581','2402478','wait',39,'ari17112337378,753000005')
20240403@074613.7296 ogsp3m7aeoif86o5g5qlfqlp7g Query : use flama_phc
20240403@074613.7299 ogsp3m7aeoif86o5g5qlfqlp7g Query : update u_wsusers set rqsttoken =? where userid ='userls001'
20240403@074613.7311 ogsp3m7aeoif86o5g5qlfqlp7g Query : select concat(rtrim(relative_path),ltrim(name_new)) as valor from uploadfiles where uploadfile_id='924';
20240403@074613.7328 ogsp3m7aeoif86o5g5qlfqlp7g Query : update uploadfiles set whenupdated=current_timestamp where uploadfile_id='924';
20240403@074613.7344 ogsp3m7aeoif86o5g5qlfqlp7g Query : select concat(rtrim(relative_path),ltrim(name_new)) as valor from uploadfiles where uploadfile_id='924';
20240403@074613.7358 ogsp3m7aeoif86o5g5qlfqlp7g Query : update uploadfiles set whenupdated=current_timestamp where uploadfile_id='924';
20240403@074613.7711 cesicn16g2633qvdv52ng6ei8m Query : insert into uploadfiles ( name_original, name_new, option_type, relative_path, whencreated ) values ( ?, ?, ?, ?, getdate() )
20240403@074613.7725 cesicn16g2633qvdv52ng6ei8m Query : select uploadfile_id valor from uploadfiles where name_new = ? and option_type = ? 
20240403@074613.7745 cesicn16g2633qvdv52ng6ei8m Query : select concat(rtrim(relative_path),ltrim(name_new)) as valor from uploadfiles where uploadfile_id='925';
20240403@074613.7789 cesicn16g2633qvdv52ng6ei8m Query : update uploadfiles set whenupdated=current_timestamp where uploadfile_id='925';
20240403@074613.7805 cesicn16g2633qvdv52ng6ei8m Query : select concat(rtrim(relative_path),ltrim(name_new)) as valor from uploadfiles where uploadfile_id='925';
20240403@074613.7820 cesicn16g2633qvdv52ng6ei8m Query : update uploadfiles set whenupdated=current_timestamp where uploadfile_id='925';
20240403@074613.7833 cesicn16g2633qvdv52ng6ei8m Query : use flama_phc
20240403@074613.7836 cesicn16g2633qvdv52ng6ei8m Query : select top 1 secretkey valor from u_wsusers u where u.userid = ? and u.inactivo=0
20240403@074613.7849 cesicn16g2633qvdv52ng6ei8m Query : use flama_phc
20240403@074613.7852 cesicn16g2633qvdv52ng6ei8m Query : select no, estab,szadrsdesc from szadrs where u_coddest=416
20240403@074613.7965 cesicn16g2633qvdv52ng6ei8m Query : select top 1 isnull(design,'') valor from st (nolock) left join stobs (nolock) on st.ref = stobs.ref where st.ref = '324.4906.00.1'
20240403@074613.8136 cesicn16g2633qvdv52ng6ei8m Query : select top 1 bistamp valor from bi inner join bo on bo.bostamp=bi.bostamp where bo.ndos =240 and bo.boano =2024 and bo.obrano = 2402479 and bi.ref ='324.4906.00.1' and bi.lordem =1
20240403@074613.8481 cesicn16g2633qvdv52ng6ei8m Query : select top 1 isnull(design,'') valor from st (nolock) left join stobs (nolock) on st.ref = stobs.ref where st.ref = '304.4320.00.1'
20240403@074613.8492 cesicn16g2633qvdv52ng6ei8m Query : select top 1 bistamp valor from bi inner join bo on bo.bostamp=bi.bostamp where bo.ndos =240 and bo.boano =2024 and bo.obrano = 2402479 and bi.ref ='304.4320.00.1' and bi.lordem =3
20240403@074613.8813 cesicn16g2633qvdv52ng6ei8m Query : use flama_phc
20240403@074613.8816 cesicn16g2633qvdv52ng6ei8m Query : select top 1 convert(date,fdata) valor from ft where ndoc = 39 and anulado= 0 and fno>0 order by fdata desc
20240403@074613.8828 cesicn16g2633qvdv52ng6ei8m Query : use flama_phc
20240403@074613.8831 cesicn16g2633qvdv52ng6ei8m Query : select top 1 1 valor from td where td.ndoc = 39
20240403@074613.8841 cesicn16g2633qvdv52ng6ei8m Query : use flama_phc
20240403@074613.8843 cesicn16g2633qvdv52ng6ei8m Query : select descricao ,case when valor='s' then 1 else 0 end usalotes from para1 where descricao in ('st_lote')
20240403@074613.8854 cesicn16g2633qvdv52ng6ei8m Query : select top 1 assinadoc issigned ,td.lancasl stocks ,'cl' origin ,case when (cmsl between 1 and 50 ) then 1 else 0 end entrada ,case when (cmsl>50 ) then 1 else 0 end saida ,~lotestock validatestock ,tiposaft from td inner join td2 on td.tdstamp=td2.td2stamp where td.ndoc =39
20240403@074613.8869 cesicn16g2633qvdv52ng6ei8m Query : use flama_phc
20240403@074613.8872 cesicn16g2633qvdv52ng6ei8m Query : select top 1 ~inactivo valor from cl where no = '102079' and estab = 0 order by inactivo desc
20240403@074613.8972 cesicn16g2633qvdv52ng6ei8m Query : use flama_phc
20240403@074613.8976 cesicn16g2633qvdv52ng6ei8m Query : select top 1 tipodoc,regrd from td where ndoc = 39
20240403@074613.9027 cesicn16g2633qvdv52ng6ei8m Query : use flama_phc
20240403@074613.9055 cesicn16g2633qvdv52ng6ei8m Query : select szadrsstamp valor from szadrs where szadrsdesc='espaÇotrans,lda'
20240403@074613.9066 cesicn16g2633qvdv52ng6ei8m Query : use flama_phc
20240403@074613.9069 cesicn16g2633qvdv52ng6ei8m Query : select szadrsstamp valor from szadrs where szadrsdesc='bragajav, lda.'
20240403@074613.9083 cesicn16g2633qvdv52ng6ei8m Query : use flama_phc
20240403@074613.9086 cesicn16g2633qvdv52ng6ei8m Query : select 1 valor from td where ndoc = 39
20240403@074613.9096 cesicn16g2633qvdv52ng6ei8m Query : select top 1 manternumero, tiposaft, nmdos,td.assinadoc from td where td.ndoc = 39
20240403@074613.9107 cesicn16g2633qvdv52ng6ei8m Query : select 1 valor from information_schema.tables where table_type='base table' and table_name='wsft039fields'
20240403@074613.9124 cesicn16g2633qvdv52ng6ei8m Query : select fieldkey,fieldname,fieldtype,mandatory from wsft039fields
20240403@074613.9410 cesicn16g2633qvdv52ng6ei8m Query : select 1 valor from information_schema.tables where table_type='base table' and table_name='wsft2039fields'
20240403@074613.9424 cesicn16g2633qvdv52ng6ei8m Query : select fieldkey,fieldname,fieldtype,mandatory from wsft2039fields
20240403@074613.9449 cesicn16g2633qvdv52ng6ei8m Query : select 1 valor from information_schema.tables where table_type='base table' and table_name='wsft3039fields'
20240403@074613.9463 cesicn16g2633qvdv52ng6ei8m Query : select fieldkey,fieldname,fieldtype,mandatory from wsft3039fields
20240403@074613.9473 cesicn16g2633qvdv52ng6ei8m Query : select top 1 ft.fno valor from ft ft where ft.ndoc = 39 and ftano=2024 order by fno desc
20240403@074613.9727 cesicn16g2633qvdv52ng6ei8m Query : select top 1 ft.fno valor from wsft039data ft where ft.ndoc = 39 and ftano=2024 order by fno desc
20240403@074613.9751 cesicn16g2633qvdv52ng6ei8m Query : select 1 valor from information_schema.tables where table_type='base table' and table_name='wsft3039fields'
20240403@074613.9765 cesicn16g2633qvdv52ng6ei8m Query : select fieldkey,fieldname,fieldtype,calcformula from wsft3039fields
20240403@074613.9774 cesicn16g2633qvdv52ng6ei8m Query : insert into wsft3039data (ft3stamp, ousrdata, ousrhora, usrdata,usrhora,ousrinis,usrinis,taxpointdt ) values ('aut660cf39653660cfb35e7' ,getdate(),convert(char(8),convert (time,getdate())),getdate(),convert(char(8),convert (time,getdate())),'wsv','wsv',?)
20240403@074613.9945 cesicn16g2633qvdv52ng6ei8m Query : select 1 valor from information_schema.tables where table_type='base table' and table_name='wsft2039fields'
20240403@074614.1890 cesicn16g2633qvdv52ng6ei8m Query : select fieldkey,fieldname,fieldtype,calcformula from wsft2039fields
20240403@074614.2180 cesicn16g2633qvdv52ng6ei8m Query : select top 1 bo.u_nomeenv valor from bo where bo.bostamp=''
20240403@074614.2240 cesicn16g2633qvdv52ng6ei8m Query : select top 1 bo.u_moradaen valor from bo where bo.bostamp=''
20240403@074614.2280 cesicn16g2633qvdv52ng6ei8m Query : select top 1 bo.u_codposen valor from bo where bo.bostamp=''
20240403@074614.2330 cesicn16g2633qvdv52ng6ei8m Query : select top 1 bo.u_localenv valor from bo where bo.bostamp=''
20240403@074614.2370 cesicn16g2633qvdv52ng6ei8m Query : select top 1 bo.trab5 valor from bo where bo.bostamp=''
20240403@074614.2420 cesicn16g2633qvdv52ng6ei8m Query : select top 1 bo.serie valor from bo where bo.bostamp=''
20240403@074614.2460 cesicn16g2633qvdv52ng6ei8m Query : insert into wsft2039data (ft2stamp, ousrdata,ousrhora, usrdata,usrhora,ousrinis,usrinis,u_nomeenv ,u_moradaen ,u_codposen ,u_localenv ,u_coddest ,u_codby ) values ('aut660cf39653660cfb35e7',getdate(),convert(char(8),convert (time,getdate())),getdate(),convert(char(8),convert (time,getdate())),'wsv','wsv',?,?,?,?,?,?)
20240403@074614.5120 cesicn16g2633qvdv52ng6ei8m Query : select top 1 fno valor from wsft039data order by fno desc
20240403@074614.5290 cesicn16g2633qvdv52ng6ei8m Query : select 1 valor from information_schema.tables where table_type='base table' and table_name='wsft039fields'
20240403@074614.5430 cesicn16g2633qvdv52ng6ei8m Query : select fieldkey,fieldname,fieldtype,calcformula from wsft039fields
20240403@074614.5600 cesicn16g2633qvdv52ng6ei8m Query : insert into wsft039data (ftstamp, ousrdata,ousrhora, usrdata,usrhora,ousrinis,usrinis,fno,no,estab,fdata,ndoc,moeda,cambio,cambiofixo,ftano,cdata,chora,carga,descar,site ,classe ) values ('aut660cf39653660cfb35e7',getdate(),convert(char(8),convert (time,getdate())),getdate(),convert(char(8),convert (time,getdate())),'wsv','wsv',708,102079,0,'2024-04-03',39,'euro',0,0,2024 ,'20240403','0816',?,?,?,?)
20240403@074614.9880 cesicn16g2633qvdv52ng6ei8m Query : use flama_phc
20240403@074614.9920 cesicn16g2633qvdv52ng6ei8m Query : select st.usalote valor from st where st.ref = '324.4906.00.1'
20240403@074614.1005 cesicn16g2633qvdv52ng6ei8m Query : select top 1 st.tabiva ,st.ivaincl ,st.stns ,st.uni2 ,st.familia ,isnull(tx.taxa, 0) txiva ,unidade ,usalote ,epcpond ,noserie from st left join taxasiva tx on st.tabiva = tx.codigo where st.ref = '324.4906.00.1'
20240403@074614.1150 cesicn16g2633qvdv52ng6ei8m Query : select 1 valor from information_schema.tables where table_type='base table' and table_name='wsfi039fields'
20240403@074614.1165 cesicn16g2633qvdv52ng6ei8m Query : select fieldkey,fieldname,fieldtype,mandatory from wsfi039fields
20240403@074614.1187 cesicn16g2633qvdv52ng6ei8m Query : select 1 valor from information_schema.tables where table_type='base table' and table_name='wsfi2039fields'
20240403@074614.1200 cesicn16g2633qvdv52ng6ei8m Query : select fieldkey,fieldname,fieldtype,mandatory from wsfi2039fields
20240403@074614.1204 cesicn16g2633qvdv52ng6ei8m Query : select sestamp valor from se where ref ='324.4906.00.1' and lote = 'r2300207200a'
20240403@074614.1221 cesicn16g2633qvdv52ng6ei8m Query : select top 1 convert(numeric(6,2),t.taxa) valor from taxasiva t where t.codigo='2'
20240403@074614.1230 cesicn16g2633qvdv52ng6ei8m Query : select 1 valor from information_schema.tables where table_type='base table' and table_name='wsfi039fields'
20240403@074614.1243 cesicn16g2633qvdv52ng6ei8m Query : select fieldkey,fieldname,fieldtype,calcformula from wsfi039fields
20240403@074614.1267 cesicn16g2633qvdv52ng6ei8m Query : insert into wsfi039data (fistamp,ousrdata, ousrhora, usrdata,usrhora,ousrinis,usrinis ,qtt ,ftstamp ,epv,pvmoeda ,tabiva,iva,lordem ,ref, design ,lote,armazem,bistamp ) values ('aut660cf00700660cfb361e',getdate(),convert(char(8),convert (time,getdate())),getdate(),convert(char(8),convert (time,getdate())),'wsv','wsv',4.000 ,'aut660cf39653660cfb35e7' ,0,0 ,2,23.00,10000,?,?,?,?,?)
20240403@074614.1535 cesicn16g2633qvdv52ng6ei8m Query : select 1 valor from information_schema.tables where table_type='base table' and table_name='wsfi2039fields'
20240403@074614.1573 cesicn16g2633qvdv52ng6ei8m Query : select fieldkey,fieldname,fieldtype,calcformula from wsfi2039fields
20240403@074614.1578 cesicn16g2633qvdv52ng6ei8m Query : insert into wsfi2039data (fi2stamp,ftstamp ,ousrdata, ousrhora, usrdata,usrhora,ousrinis,usrinis) values ('aut660cf00700660cfb361e','aut660cf39653660cfb35e7' ,getdate(),convert(char(8),convert (time,getdate())),getdate(),convert(char(8),convert (time,getdate())),'wsv','wsv')
20240403@074614.1584 cesicn16g2633qvdv52ng6ei8m Query : select 1 valor from information_schema.tables where table_type='base table' and table_name='wsfi039fields'
20240403@074614.1597 cesicn16g2633qvdv52ng6ei8m Query : select fieldkey,fieldname,fieldtype,mandatory from wsfi039fields
20240403@074614.1624 cesicn16g2633qvdv52ng6ei8m Query : select 1 valor from information_schema.tables where table_type='base table' and table_name='wsfi2039fields'
20240403@074614.1637 cesicn16g2633qvdv52ng6ei8m Query : select fieldkey,fieldname,fieldtype,mandatory from wsfi2039fields
20240403@074614.1641 cesicn16g2633qvdv52ng6ei8m Query : select top 1 convert(numeric(6,2),t.taxa) valor from taxasiva t where t.codigo='2'
20240403@074614.1651 cesicn16g2633qvdv52ng6ei8m Query : select 1 valor from information_schema.tables where table_type='base table' and table_name='wsfi039fields'
20240403@074614.1664 cesicn16g2633qvdv52ng6ei8m Query : select fieldkey,fieldname,fieldtype,calcformula from wsfi039fields
20240403@074614.1687 cesicn16g2633qvdv52ng6ei8m Query : insert into wsfi039data (fistamp,ousrdata, ousrhora, usrdata,usrhora,ousrinis,usrinis ,qtt ,ftstamp ,epv,pvmoeda ,tabiva,iva,lordem ,ref, design ,armazem) values ('aut660cf30366660cfb3628',getdate(),convert(char(8),convert (time,getdate())),getdate(),convert(char(8),convert (time,getdate())),'wsv','wsv',0 ,'aut660cf39653660cfb35e7' ,0,0 ,2,23.00,20000,?,?,?)
20240403@074614.1925 cesicn16g2633qvdv52ng6ei8m Query : select 1 valor from information_schema.tables where table_type='base table' and table_name='wsfi2039fields'
20240403@074614.1939 cesicn16g2633qvdv52ng6ei8m Query : select fieldkey,fieldname,fieldtype,calcformula from wsfi2039fields
20240403@074614.1944 cesicn16g2633qvdv52ng6ei8m Query : insert into wsfi2039data (fi2stamp,ftstamp ,ousrdata, ousrhora, usrdata,usrhora,ousrinis,usrinis) values ('aut660cf30366660cfb3628','aut660cf39653660cfb35e7' ,getdate(),convert(char(8),convert (time,getdate())),getdate(),convert(char(8),convert (time,getdate())),'wsv','wsv')
20240403@074614.1948 cesicn16g2633qvdv52ng6ei8m Query : use flama_phc
20240403@074614.1951 cesicn16g2633qvdv52ng6ei8m Query : select st.usalote valor from st where st.ref = '304.4320.00.1'
20240403@074614.1961 cesicn16g2633qvdv52ng6ei8m Query : select top 1 st.tabiva ,st.ivaincl ,st.stns ,st.uni2 ,st.familia ,isnull(tx.taxa, 0) txiva ,unidade ,usalote ,epcpond ,noserie from st left join taxasiva tx on st.tabiva = tx.codigo where st.ref = '304.4320.00.1'
20240403@074614.1973 cesicn16g2633qvdv52ng6ei8m Query : select 1 valor from information_schema.tables where table_type='base table' and table_name='wsfi039fields'
20240403@074614.1986 cesicn16g2633qvdv52ng6ei8m Query : select fieldkey,fieldname,fieldtype,mandatory from wsfi039fields
20240403@074614.2037 cesicn16g2633qvdv52ng6ei8m Query : select 1 valor from information_schema.tables where table_type='base table' and table_name='wsfi2039fields'
20240403@074614.2051 cesicn16g2633qvdv52ng6ei8m Query : select fieldkey,fieldname,fieldtype,mandatory from wsfi2039fields
20240403@074614.2055 cesicn16g2633qvdv52ng6ei8m Query : select sestamp valor from se where ref ='304.4320.00.1' and lote = '240350'
20240403@074614.2065 cesicn16g2633qvdv52ng6ei8m Query : select top 1 convert(numeric(6,2),t.taxa) valor from taxasiva t where t.codigo='2'
20240403@074614.2076 cesicn16g2633qvdv52ng6ei8m Query : select 1 valor from information_schema.tables where table_type='base table' and table_name='wsfi039fields'
20240403@074614.2088 cesicn16g2633qvdv52ng6ei8m Query : select fieldkey,fieldname,fieldtype,calcformula from wsfi039fields
20240403@074614.2112 cesicn16g2633qvdv52ng6ei8m Query : insert into wsfi039data (fistamp,ousrdata, ousrhora, usrdata,usrhora,ousrinis,usrinis ,qtt ,ftstamp ,epv,pvmoeda ,tabiva,iva,lordem ,ref, design ,lote,armazem,bistamp ) values ('aut660cf39037660cfb3632',getdate(),convert(char(8),convert (time,getdate())),getdate(),convert(char(8),convert (time,getdate())),'wsv','wsv',4.000 ,'aut660cf39653660cfb35e7' ,0,0 ,2,23.00,40000,?,?,?,?,?)
20240403@074614.2508 cesicn16g2633qvdv52ng6ei8m Query : select 1 valor from information_schema.tables where table_type='base table' and table_name='wsfi2039fields'
20240403@074614.2524 cesicn16g2633qvdv52ng6ei8m Query : select fieldkey,fieldname,fieldtype,calcformula from wsfi2039fields
20240403@074614.2529 cesicn16g2633qvdv52ng6ei8m Query : insert into wsfi2039data (fi2stamp,ftstamp ,ousrdata, ousrhora, usrdata,usrhora,ousrinis,usrinis) values ('aut660cf39037660cfb3632','aut660cf39653660cfb35e7' ,getdate(),convert(char(8),convert (time,getdate())),getdate(),convert(char(8),convert (time,getdate())),'wsv','wsv')
20240403@074614.2533 cesicn16g2633qvdv52ng6ei8m Query : insert into wsftcreationlog (initialftstamp,externalid,creationstatus,documenttypeid,idustamp) values ('aut660cf39653660cfb35e7','2402479','wait',39,'ari17112337378,753000005')
20240403@074614.2548 cesicn16g2633qvdv52ng6ei8m Query : use flama_phc
20240403@074614.2551 cesicn16g2633qvdv52ng6ei8m Query : update u_wsusers set rqsttoken =? where userid ='userls001'
20240403@074614.2562 cesicn16g2633qvdv52ng6ei8m Query : select concat(rtrim(relative_path),ltrim(name_new)) as valor from uploadfiles where uploadfile_id='925';
20240403@074614.2578 cesicn16g2633qvdv52ng6ei8m Query : update uploadfiles set whenupdated=current_timestamp where uploadfile_id='925';
20240403@074614.2592 cesicn16g2633qvdv52ng6ei8m Query : select concat(rtrim(relative_path),ltrim(name_new)) as valor from uploadfiles where uploadfile_id='925';
20240403@074614.2604 cesicn16g2633qvdv52ng6ei8m Query : update uploadfiles set whenupdated=current_timestamp where uploadfile_id='925';
20240403@074614.3031 m49sci38o2frbfq6tja82tq0ud Query : insert into uploadfiles ( name_original, name_new, option_type, relative_path, whencreated ) values ( ?, ?, ?, ?, getdate() )
20240403@074614.3045 m49sci38o2frbfq6tja82tq0ud Query : select uploadfile_id valor from uploadfiles where name_new = ? and option_type = ? 
20240403@074614.3106 m49sci38o2frbfq6tja82tq0ud Query : select concat(rtrim(relative_path),ltrim(name_new)) as valor from uploadfiles where uploadfile_id='926';
20240403@074614.3182 m49sci38o2frbfq6tja82tq0ud Query : update uploadfiles set whenupdated=current_timestamp where uploadfile_id='926';
20240403@074614.3207 m49sci38o2frbfq6tja82tq0ud Query : select concat(rtrim(relative_path),ltrim(name_new)) as valor from uploadfiles where uploadfile_id='926';
20240403@074614.3233 m49sci38o2frbfq6tja82tq0ud Query : update uploadfiles set whenupdated=current_timestamp where uploadfile_id='926';
20240403@074614.3270 m49sci38o2frbfq6tja82tq0ud Query : use flama_phc
20240403@074614.3324 m49sci38o2frbfq6tja82tq0ud Query : select top 1 secretkey valor from u_wsusers u where u.userid = ? and u.inactivo=0
20240403@074614.3364 m49sci38o2frbfq6tja82tq0ud Query : use flama_phc
20240403@074614.3367 m49sci38o2frbfq6tja82tq0ud Query : select no, estab,szadrsdesc from szadrs where u_coddest=997
20240403@074614.3457 m49sci38o2frbfq6tja82tq0ud Query : select top 1 isnull(design,'') valor from st (nolock) left join stobs (nolock) on st.ref = stobs.ref where st.ref = '328.9326.00.1'
20240403@074614.3620 m49sci38o2frbfq6tja82tq0ud Query : select top 1 bistamp valor from bi inner join bo on bo.bostamp=bi.bostamp where bo.ndos =240 and bo.boano =2024 and bo.obrano = 2402480 and bi.ref ='328.9326.00.1' and bi.lordem =1
20240403@074614.4145 m49sci38o2frbfq6tja82tq0ud Query : select top 1 isnull(design,'') valor from st (nolock) left join stobs (nolock) on st.ref = stobs.ref where st.ref = '328.9006.00.1'
20240403@074614.4156 m49sci38o2frbfq6tja82tq0ud Query : select top 1 bistamp valor from bi inner join bo on bo.bostamp=bi.bostamp where bo.ndos =240 and bo.boano =2024 and bo.obrano = 2402480 and bi.ref ='328.9006.00.1' and bi.lordem =2
20240403@074614.4610 m49sci38o2frbfq6tja82tq0ud Query : select top 1 isnull(design,'') valor from st (nolock) left join stobs (nolock) on st.ref = stobs.ref where st.ref = '323.367.09.00'
20240403@074614.4748 m49sci38o2frbfq6tja82tq0ud Query : select top 1 bistamp valor from bi inner join bo on bo.bostamp=bi.bostamp where bo.ndos =240 and bo.boano =2024 and bo.obrano = 2402480 and bi.ref ='323.367.09.00' and bi.lordem =3
20240403@074614.5070 m49sci38o2frbfq6tja82tq0ud Query : select top 1 isnull(design,'') valor from st (nolock) left join stobs (nolock) on st.ref = stobs.ref where st.ref = '324.1547.00.1'
20240403@074614.5209 m49sci38o2frbfq6tja82tq0ud Query : select top 1 bistamp valor from bi inner join bo on bo.bostamp=bi.bostamp where bo.ndos =240 and bo.boano =2024 and bo.obrano = 2402480 and bi.ref ='324.1547.00.1' and bi.lordem =4
20240403@074614.5747 m49sci38o2frbfq6tja82tq0ud Query : select top 1 isnull(design,'') valor from st (nolock) left join stobs (nolock) on st.ref = stobs.ref where st.ref = '324.5540.00.1'
20240403@074614.5758 m49sci38o2frbfq6tja82tq0ud Query : select top 1 bistamp valor from bi inner join bo on bo.bostamp=bi.bostamp where bo.ndos =240 and bo.boano =2024 and bo.obrano = 2402480 and bi.ref ='324.5540.00.1' and bi.lordem =5
20240403@074614.6086 m49sci38o2frbfq6tja82tq0ud Query : select top 1 isnull(design,'') valor from st (nolock) left join stobs (nolock) on st.ref = stobs.ref where st.ref = '326.597.00.01'
20240403@074614.6232 m49sci38o2frbfq6tja82tq0ud Query : select top 1 bistamp valor from bi inner join bo on bo.bostamp=bi.bostamp where bo.ndos =240 and bo.boano =2024 and bo.obrano = 2402480 and bi.ref ='326.597.00.01' and bi.lordem =6
20240403@074614.6558 m49sci38o2frbfq6tja82tq0ud Query : select top 1 isnull(design,'') valor from st (nolock) left join stobs (nolock) on st.ref = stobs.ref where st.ref = '324.2366.00.1'
20240403@074614.6699 m49sci38o2frbfq6tja82tq0ud Query : select top 1 bistamp valor from bi inner join bo on bo.bostamp=bi.bostamp where bo.ndos =240 and bo.boano =2024 and bo.obrano = 2402480 and bi.ref ='324.2366.00.1' and bi.lordem =7
20240403@074614.7740 m49sci38o2frbfq6tja82tq0ud Query : select top 1 isnull(design,'') valor from st (nolock) left join stobs (nolock) on st.ref = stobs.ref where st.ref = '324.1825.00.2'
20240403@074614.7754 m49sci38o2frbfq6tja82tq0ud Query : select top 1 bistamp valor from bi inner join bo on bo.bostamp=bi.bostamp where bo.ndos =240 and bo.boano =2024 and bo.obrano = 2402480 and bi.ref ='324.1825.00.2' and bi.lordem =8
20240403@074614.8400 m49sci38o2frbfq6tja82tq0ud Query : use flama_phc
20240403@074614.8405 m49sci38o2frbfq6tja82tq0ud Query : select top 1 convert(date,fdata) valor from ft where ndoc = 39 and anulado= 0 and fno>0 order by fdata desc
20240403@074614.8420 m49sci38o2frbfq6tja82tq0ud Query : use flama_phc
20240403@074614.8423 m49sci38o2frbfq6tja82tq0ud Query : select top 1 1 valor from td where td.ndoc = 39
20240403@074614.8434 m49sci38o2frbfq6tja82tq0ud Query : use flama_phc
20240403@074614.8437 m49sci38o2frbfq6tja82tq0ud Query : select descricao ,case when valor='s' then 1 else 0 end usalotes from para1 where descricao in ('st_lote')
20240403@074614.8448 m49sci38o2frbfq6tja82tq0ud Query : select top 1 assinadoc issigned ,td.lancasl stocks ,'cl' origin ,case when (cmsl between 1 and 50 ) then 1 else 0 end entrada ,case when (cmsl>50 ) then 1 else 0 end saida ,~lotestock validatestock ,tiposaft from td inner join td2 on td.tdstamp=td2.td2stamp where td.ndoc =39
20240403@074614.8461 m49sci38o2frbfq6tja82tq0ud Query : use flama_phc
20240403@074614.8464 m49sci38o2frbfq6tja82tq0ud Query : select top 1 ~inactivo valor from cl where no = '102205' and estab = 0 order by inactivo desc
20240403@074614.8571 m49sci38o2frbfq6tja82tq0ud Query : use flama_phc
20240403@074614.8574 m49sci38o2frbfq6tja82tq0ud Query : select top 1 tipodoc,regrd from td where ndoc = 39
20240403@074614.8585 m49sci38o2frbfq6tja82tq0ud Query : use flama_phc
20240403@074614.8587 m49sci38o2frbfq6tja82tq0ud Query : select szadrsstamp valor from szadrs where szadrsdesc='espaÇotrans,lda'
20240403@074614.8598 m49sci38o2frbfq6tja82tq0ud Query : use flama_phc
20240403@074614.8600 m49sci38o2frbfq6tja82tq0ud Query : select szadrsstamp valor from szadrs where szadrsdesc='carlos alberto antunes martins'
20240403@074614.8614 m49sci38o2frbfq6tja82tq0ud Query : use flama_phc
20240403@074614.8617 m49sci38o2frbfq6tja82tq0ud Query : select 1 valor from td where ndoc = 39
20240403@074614.8627 m49sci38o2frbfq6tja82tq0ud Query : select top 1 manternumero, tiposaft, nmdos,td.assinadoc from td where td.ndoc = 39
20240403@074614.8638 m49sci38o2frbfq6tja82tq0ud Query : select 1 valor from information_schema.tables where table_type='base table' and table_name='wsft039fields'
20240403@074614.8652 m49sci38o2frbfq6tja82tq0ud Query : select fieldkey,fieldname,fieldtype,mandatory from wsft039fields
20240403@074614.8669 m49sci38o2frbfq6tja82tq0ud Query : select 1 valor from information_schema.tables where table_type='base table' and table_name='wsft2039fields'
20240403@074614.8727 m49sci38o2frbfq6tja82tq0ud Query : select fieldkey,fieldname,fieldtype,mandatory from wsft2039fields
20240403@074614.8764 m49sci38o2frbfq6tja82tq0ud Query : select 1 valor from information_schema.tables where table_type='base table' and table_name='wsft3039fields'
20240403@074614.8776 m49sci38o2frbfq6tja82tq0ud Query : select fieldkey,fieldname,fieldtype,mandatory from wsft3039fields
20240403@074614.8788 m49sci38o2frbfq6tja82tq0ud Query : select top 1 ft.fno valor from ft ft where ft.ndoc = 39 and ftano=2024 order by fno desc
20240403@074614.8881 m49sci38o2frbfq6tja82tq0ud Query : select top 1 ft.fno valor from wsft039data ft where ft.ndoc = 39 and ftano=2024 order by fno desc
20240403@074614.8890 m49sci38o2frbfq6tja82tq0ud Query : select 1 valor from information_schema.tables where table_type='base table' and table_name='wsft3039fields'
20240403@074614.8903 m49sci38o2frbfq6tja82tq0ud Query : select fieldkey,fieldname,fieldtype,calcformula from wsft3039fields
20240403@074614.8914 m49sci38o2frbfq6tja82tq0ud Query : insert into wsft3039data (ft3stamp, ousrdata, ousrhora, usrdata,usrhora,ousrinis,usrinis,taxpointdt ) values ('aut660cf45836660cfb36d6' ,getdate(),convert(char(8),convert (time,getdate())),getdate(),convert(char(8),convert (time,getdate())),'wsv','wsv',?)
20240403@074614.9072 m49sci38o2frbfq6tja82tq0ud Query : select 1 valor from information_schema.tables where table_type='base table' and table_name='wsft2039fields'
20240403@074614.9087 m49sci38o2frbfq6tja82tq0ud Query : select fieldkey,fieldname,fieldtype,calcformula from wsft2039fields
20240403@074614.9117 m49sci38o2frbfq6tja82tq0ud Query : select top 1 bo.u_nomeenv valor from bo where bo.bostamp=''
20240403@074614.9122 m49sci38o2frbfq6tja82tq0ud Query : select top 1 bo.u_moradaen valor from bo where bo.bostamp=''
20240403@074614.9127 m49sci38o2frbfq6tja82tq0ud Query : select top 1 bo.u_codposen valor from bo where bo.bostamp=''
20240403@074614.9131 m49sci38o2frbfq6tja82tq0ud Query : select top 1 bo.u_localenv valor from bo where bo.bostamp=''
20240403@074614.9136 m49sci38o2frbfq6tja82tq0ud Query : select top 1 bo.trab5 valor from bo where bo.bostamp=''
20240403@074614.9141 m49sci38o2frbfq6tja82tq0ud Query : select top 1 bo.serie valor from bo where bo.bostamp=''
20240403@074614.9145 m49sci38o2frbfq6tja82tq0ud Query : insert into wsft2039data (ft2stamp, ousrdata,ousrhora, usrdata,usrhora,ousrinis,usrinis,u_nomeenv ,u_moradaen ,u_codposen ,u_localenv ,u_coddest ,u_codby ) values ('aut660cf45836660cfb36d6',getdate(),convert(char(8),convert (time,getdate())),getdate(),convert(char(8),convert (time,getdate())),'wsv','wsv',?,?,?,?,?,?)
20240403@074614.9385 m49sci38o2frbfq6tja82tq0ud Query : select top 1 fno valor from wsft039data order by fno desc
20240403@074614.9402 m49sci38o2frbfq6tja82tq0ud Query : select 1 valor from information_schema.tables where table_type='base table' and table_name='wsft039fields'
20240403@074614.9416 m49sci38o2frbfq6tja82tq0ud Query : select fieldkey,fieldname,fieldtype,calcformula from wsft039fields
20240403@074614.9433 m49sci38o2frbfq6tja82tq0ud Query : insert into wsft039data (ftstamp, ousrdata,ousrhora, usrdata,usrhora,ousrinis,usrinis,fno,no,estab,fdata,ndoc,moeda,cambio,cambiofixo,ftano,cdata,chora,carga,descar,site ,classe ) values ('aut660cf45836660cfb36d6',getdate(),convert(char(8),convert (time,getdate())),getdate(),convert(char(8),convert (time,getdate())),'wsv','wsv',709,102205,0,'2024-04-03',39,'euro',0,0,2024 ,'20240403','0816',?,?,?,?)
20240403@074614.9731 m49sci38o2frbfq6tja82tq0ud Query : use flama_phc
20240403@074614.9735 m49sci38o2frbfq6tja82tq0ud Query : select st.usalote valor from st where st.ref = '328.9326.00.1'
20240403@074614.9746 m49sci38o2frbfq6tja82tq0ud Query : select top 1 st.tabiva ,st.ivaincl ,st.stns ,st.uni2 ,st.familia ,isnull(tx.taxa, 0) txiva ,unidade ,usalote ,epcpond ,noserie from st left join taxasiva tx on st.tabiva = tx.codigo where st.ref = '328.9326.00.1'
20240403@074614.9880 m49sci38o2frbfq6tja82tq0ud Query : select 1 valor from information_schema.tables where table_type='base table' and table_name='wsfi039fields'
20240403@074614.9893 m49sci38o2frbfq6tja82tq0ud Query : select fieldkey,fieldname,fieldtype,mandatory from wsfi039fields
20240403@074614.9916 m49sci38o2frbfq6tja82tq0ud Query : select 1 valor from information_schema.tables where table_type='base table' and table_name='wsfi2039fields'
20240403@074614.9929 m49sci38o2frbfq6tja82tq0ud Query : select fieldkey,fieldname,fieldtype,mandatory from wsfi2039fields
20240403@074614.9933 m49sci38o2frbfq6tja82tq0ud Query : select sestamp valor from se where ref ='328.9326.00.1' and lote = 'r2300691100a'
20240403@074614.9944 m49sci38o2frbfq6tja82tq0ud Query : select top 1 convert(numeric(6,2),t.taxa) valor from taxasiva t where t.codigo='2'
20240403@074614.9953 m49sci38o2frbfq6tja82tq0ud Query : select 1 valor from information_schema.tables where table_type='base table' and table_name='wsfi039fields'
20240403@074614.9965 m49sci38o2frbfq6tja82tq0ud Query : select fieldkey,fieldname,fieldtype,calcformula from wsfi039fields
20240403@074615.4790 m49sci38o2frbfq6tja82tq0ud Query : insert into wsfi039data (fistamp,ousrdata, ousrhora, usrdata,usrhora,ousrinis,usrinis ,qtt ,ftstamp ,epv,pvmoeda ,tabiva,iva,lordem ,ref, design ,lote,armazem,bistamp ) values ('aut660cf48548660cfb36f2',getdate(),convert(char(8),convert (time,getdate())),getdate(),convert(char(8),convert (time,getdate())),'wsv','wsv',1.000 ,'aut660cf45836660cfb36d6' ,0,0 ,2,23.00,10000,?,?,?,?,?)
20240403@074615.9480 m49sci38o2frbfq6tja82tq0ud Query : select 1 valor from information_schema.tables where table_type='base table' and table_name='wsfi2039fields'
20240403@074615.1437 m49sci38o2frbfq6tja82tq0ud Query : select fieldkey,fieldname,fieldtype,calcformula from wsfi2039fields
20240403@074615.1442 m49sci38o2frbfq6tja82tq0ud Query : insert into wsfi2039data (fi2stamp,ftstamp ,ousrdata, ousrhora, usrdata,usrhora,ousrinis,usrinis) values ('aut660cf48548660cfb36f2','aut660cf45836660cfb36d6' ,getdate(),convert(char(8),convert (time,getdate())),getdate(),convert(char(8),convert (time,getdate())),'wsv','wsv')
20240403@074615.1448 m49sci38o2frbfq6tja82tq0ud Query : select 1 valor from information_schema.tables where table_type='base table' and table_name='wsfi039fields'
20240403@074615.1461 m49sci38o2frbfq6tja82tq0ud Query : select fieldkey,fieldname,fieldtype,mandatory from wsfi039fields
20240403@074615.1483 m49sci38o2frbfq6tja82tq0ud Query : select 1 valor from information_schema.tables where table_type='base table' and table_name='wsfi2039fields'
20240403@074615.1495 m49sci38o2frbfq6tja82tq0ud Query : select fieldkey,fieldname,fieldtype,mandatory from wsfi2039fields
20240403@074615.1498 m49sci38o2frbfq6tja82tq0ud Query : select top 1 convert(numeric(6,2),t.taxa) valor from taxasiva t where t.codigo='2'
20240403@074615.1507 m49sci38o2frbfq6tja82tq0ud Query : select 1 valor from information_schema.tables where table_type='base table' and table_name='wsfi039fields'
20240403@074615.1520 m49sci38o2frbfq6tja82tq0ud Query : select fieldkey,fieldname,fieldtype,calcformula from wsfi039fields
20240403@074615.1543 m49sci38o2frbfq6tja82tq0ud Query : insert into wsfi039data (fistamp,ousrdata, ousrhora, usrdata,usrhora,ousrinis,usrinis ,qtt ,ftstamp ,epv,pvmoeda ,tabiva,iva,lordem ,ref, design ,armazem) values ('aut660cf05620660cfb3724',getdate(),convert(char(8),convert (time,getdate())),getdate(),convert(char(8),convert (time,getdate())),'wsv','wsv',0 ,'aut660cf45836660cfb36d6' ,0,0 ,2,23.00,20000,?,?,?)
20240403@074615.1822 m49sci38o2frbfq6tja82tq0ud Query : select 1 valor from information_schema.tables where table_type='base table' and table_name='wsfi2039fields'
20240403@074615.1837 m49sci38o2frbfq6tja82tq0ud Query : select fieldkey,fieldname,fieldtype,calcformula from wsfi2039fields
20240403@074615.1841 m49sci38o2frbfq6tja82tq0ud Query : insert into wsfi2039data (fi2stamp,ftstamp ,ousrdata, ousrhora, usrdata,usrhora,ousrinis,usrinis) values ('aut660cf05620660cfb3724','aut660cf45836660cfb36d6' ,getdate(),convert(char(8),convert (time,getdate())),getdate(),convert(char(8),convert (time,getdate())),'wsv','wsv')
20240403@074615.1846 m49sci38o2frbfq6tja82tq0ud Query : use flama_phc
20240403@074615.1849 m49sci38o2frbfq6tja82tq0ud Query : select st.usalote valor from st where st.ref = '328.9006.00.1'
20240403@074615.1859 m49sci38o2frbfq6tja82tq0ud Query : select top 1 st.tabiva ,st.ivaincl ,st.stns ,st.uni2 ,st.familia ,isnull(tx.taxa, 0) txiva ,unidade ,usalote ,epcpond ,noserie from st left join taxasiva tx on st.tabiva = tx.codigo where st.ref = '328.9006.00.1'
20240403@074615.1869 m49sci38o2frbfq6tja82tq0ud Query : select 1 valor from information_schema.tables where table_type='base table' and table_name='wsfi039fields'
20240403@074615.1882 m49sci38o2frbfq6tja82tq0ud Query : select fieldkey,fieldname,fieldtype,mandatory from wsfi039fields
20240403@074615.1905 m49sci38o2frbfq6tja82tq0ud Query : select 1 valor from information_schema.tables where table_type='base table' and table_name='wsfi2039fields'
20240403@074615.1918 m49sci38o2frbfq6tja82tq0ud Query : select fieldkey,fieldname,fieldtype,mandatory from wsfi2039fields
20240403@074615.1922 m49sci38o2frbfq6tja82tq0ud Query : select sestamp valor from se where ref ='328.9006.00.1' and lote = 'r2300691200a'
20240403@074615.1932 m49sci38o2frbfq6tja82tq0ud Query : select top 1 convert(numeric(6,2),t.taxa) valor from taxasiva t where t.codigo='2'
20240403@074615.1941 m49sci38o2frbfq6tja82tq0ud Query : select 1 valor from information_schema.tables where table_type='base table' and table_name='wsfi039fields'
20240403@074615.1954 m49sci38o2frbfq6tja82tq0ud Query : select fieldkey,fieldname,fieldtype,calcformula from wsfi039fields
20240403@074615.1978 m49sci38o2frbfq6tja82tq0ud Query : insert into wsfi039data (fistamp,ousrdata, ousrhora, usrdata,usrhora,ousrinis,usrinis ,qtt ,ftstamp ,epv,pvmoeda ,tabiva,iva,lordem ,ref, design ,lote,armazem,bistamp ) values ('aut660cf46915660cfb372f',getdate(),convert(char(8),convert (time,getdate())),getdate(),convert(char(8),convert (time,getdate())),'wsv','wsv',1.000 ,'aut660cf45836660cfb36d6' ,0,0 ,2,23.00,40000,?,?,?,?,?)
20240403@074615.2241 m49sci38o2frbfq6tja82tq0ud Query : select 1 valor from information_schema.tables where table_type='base table' and table_name='wsfi2039fields'
20240403@074615.2259 m49sci38o2frbfq6tja82tq0ud Query : select fieldkey,fieldname,fieldtype,calcformula from wsfi2039fields
20240403@074615.2266 m49sci38o2frbfq6tja82tq0ud Query : insert into wsfi2039data (fi2stamp,ftstamp ,ousrdata, ousrhora, usrdata,usrhora,ousrinis,usrinis) values ('aut660cf46915660cfb372f','aut660cf45836660cfb36d6' ,getdate(),convert(char(8),convert (time,getdate())),getdate(),convert(char(8),convert (time,getdate())),'wsv','wsv')
20240403@074615.2272 m49sci38o2frbfq6tja82tq0ud Query : select 1 valor from information_schema.tables where table_type='base table' and table_name='wsfi039fields'
20240403@074615.2286 m49sci38o2frbfq6tja82tq0ud Query : select fieldkey,fieldname,fieldtype,mandatory from wsfi039fields
20240403@074615.2314 m49sci38o2frbfq6tja82tq0ud Query : select 1 valor from information_schema.tables where table_type='base table' and table_name='wsfi2039fields'
20240403@074615.2329 m49sci38o2frbfq6tja82tq0ud Query : select fieldkey,fieldname,fieldtype,mandatory from wsfi2039fields
20240403@074615.2343 m49sci38o2frbfq6tja82tq0ud Query : select top 1 convert(numeric(6,2),t.taxa) valor from taxasiva t where t.codigo='2'
20240403@074615.2354 m49sci38o2frbfq6tja82tq0ud Query : select 1 valor from information_schema.tables where table_type='base table' and table_name='wsfi039fields'
20240403@074615.2369 m49sci38o2frbfq6tja82tq0ud Query : select fieldkey,fieldname,fieldtype,calcformula from wsfi039fields
20240403@074615.2396 m49sci38o2frbfq6tja82tq0ud Query : insert into wsfi039data (fistamp,ousrdata, ousrhora, usrdata,usrhora,ousrinis,usrinis ,qtt ,ftstamp ,epv,pvmoeda ,tabiva,iva,lordem ,ref, design ,armazem) values ('aut660cf64613660cfb3739',getdate(),convert(char(8),convert (time,getdate())),getdate(),convert(char(8),convert (time,getdate())),'wsv','wsv',0 ,'aut660cf45836660cfb36d6' ,0,0 ,2,23.00,50000,?,?,?)
20240403@074615.2656 m49sci38o2frbfq6tja82tq0ud Query : select 1 valor from information_schema.tables where table_type='base table' and table_name='wsfi2039fields'
20240403@074615.2673 m49sci38o2frbfq6tja82tq0ud Query : select fieldkey,fieldname,fieldtype,calcformula from wsfi2039fields
20240403@074615.2678 m49sci38o2frbfq6tja82tq0ud Query : insert into wsfi2039data (fi2stamp,ftstamp ,ousrdata, ousrhora, usrdata,usrhora,ousrinis,usrinis) values ('aut660cf64613660cfb3739','aut660cf45836660cfb36d6' ,getdate(),convert(char(8),convert (time,getdate())),getdate(),convert(char(8),convert (time,getdate())),'wsv','wsv')
20240403@074615.2683 m49sci38o2frbfq6tja82tq0ud Query : use flama_phc
20240403@074615.2687 m49sci38o2frbfq6tja82tq0ud Query : select st.usalote valor from st where st.ref = '323.367.09.00'
20240403@074615.2702 m49sci38o2frbfq6tja82tq0ud Query : select top 1 st.tabiva ,st.ivaincl ,st.stns ,st.uni2 ,st.familia ,isnull(tx.taxa, 0) txiva ,unidade ,usalote ,epcpond ,noserie from st left join taxasiva tx on st.tabiva = tx.codigo where st.ref = '323.367.09.00'
20240403@074615.2910 m49sci38o2frbfq6tja82tq0ud Query : select 1 valor from information_schema.tables where table_type='base table' and table_name='wsfi039fields'
20240403@074615.2933 m49sci38o2frbfq6tja82tq0ud Query : select fieldkey,fieldname,fieldtype,mandatory from wsfi039fields
20240403@074615.2958 m49sci38o2frbfq6tja82tq0ud Query : select 1 valor from information_schema.tables where table_type='base table' and table_name='wsfi2039fields'
20240403@074615.2971 m49sci38o2frbfq6tja82tq0ud Query : select fieldkey,fieldname,fieldtype,mandatory from wsfi2039fields
20240403@074615.2975 m49sci38o2frbfq6tja82tq0ud Query : select sestamp valor from se where ref ='323.367.09.00' and lote = 'r2100870100a'
20240403@074615.2985 m49sci38o2frbfq6tja82tq0ud Query : select top 1 convert(numeric(6,2),t.taxa) valor from taxasiva t where t.codigo='2'
20240403@074615.2996 m49sci38o2frbfq6tja82tq0ud Query : select 1 valor from information_schema.tables where table_type='base table' and table_name='wsfi039fields'
20240403@074615.3011 m49sci38o2frbfq6tja82tq0ud Query : select fieldkey,fieldname,fieldtype,calcformula from wsfi039fields
20240403@074615.3038 m49sci38o2frbfq6tja82tq0ud Query : insert into wsfi039data (fistamp,ousrdata, ousrhora, usrdata,usrhora,ousrinis,usrinis ,qtt ,ftstamp ,epv,pvmoeda ,tabiva,iva,lordem ,ref, design ,lote,armazem,bistamp ) values ('aut660cf27869660cfb3749',getdate(),convert(char(8),convert (time,getdate())),getdate(),convert(char(8),convert (time,getdate())),'wsv','wsv',1.000 ,'aut660cf45836660cfb36d6' ,0,0 ,2,23.00,70000,?,?,?,?,?)
20240403@074615.3338 m49sci38o2frbfq6tja82tq0ud Query : select 1 valor from information_schema.tables where table_type='base table' and table_name='wsfi2039fields'
20240403@074615.5248 m49sci38o2frbfq6tja82tq0ud Query : select fieldkey,fieldname,fieldtype,calcformula from wsfi2039fields
20240403@074615.5258 m49sci38o2frbfq6tja82tq0ud Query : insert into wsfi2039data (fi2stamp,ftstamp ,ousrdata, ousrhora, usrdata,usrhora,ousrinis,usrinis) values ('aut660cf27869660cfb3749','aut660cf45836660cfb36d6' ,getdate(),convert(char(8),convert (time,getdate())),getdate(),convert(char(8),convert (time,getdate())),'wsv','wsv')
20240403@074615.5264 m49sci38o2frbfq6tja82tq0ud Query : use flama_phc
20240403@074615.5268 m49sci38o2frbfq6tja82tq0ud Query : select st.usalote valor from st where st.ref = '324.1547.00.1'
20240403@074615.5281 m49sci38o2frbfq6tja82tq0ud Query : select top 1 st.tabiva ,st.ivaincl ,st.stns ,st.uni2 ,st.familia ,isnull(tx.taxa, 0) txiva ,unidade ,usalote ,epcpond ,noserie from st left join taxasiva tx on st.tabiva = tx.codigo where st.ref = '324.1547.00.1'
20240403@074615.5423 m49sci38o2frbfq6tja82tq0ud Query : select 1 valor from information_schema.tables where table_type='base table' and table_name='wsfi039fields'
20240403@074615.5446 m49sci38o2frbfq6tja82tq0ud Query : select fieldkey,fieldname,fieldtype,mandatory from wsfi039fields
20240403@074615.5473 m49sci38o2frbfq6tja82tq0ud Query : select 1 valor from information_schema.tables where table_type='base table' and table_name='wsfi2039fields'
20240403@074615.5487 m49sci38o2frbfq6tja82tq0ud Query : select fieldkey,fieldname,fieldtype,mandatory from wsfi2039fields
20240403@074615.5492 m49sci38o2frbfq6tja82tq0ud Query : select sestamp valor from se where ref ='324.1547.00.1' and lote = 'r2100242100a'
20240403@074615.5512 m49sci38o2frbfq6tja82tq0ud Query : select top 1 convert(numeric(6,2),t.taxa) valor from taxasiva t where t.codigo='2'
20240403@074615.5523 m49sci38o2frbfq6tja82tq0ud Query : select 1 valor from information_schema.tables where table_type='base table' and table_name='wsfi039fields'
20240403@074615.5537 m49sci38o2frbfq6tja82tq0ud Query : select fieldkey,fieldname,fieldtype,calcformula from wsfi039fields
20240403@074615.5566 m49sci38o2frbfq6tja82tq0ud Query : insert into wsfi039data (fistamp,ousrdata, ousrhora, usrdata,usrhora,ousrinis,usrinis ,qtt ,ftstamp ,epv,pvmoeda ,tabiva,iva,lordem ,ref, design ,lote,armazem,bistamp ) values ('aut660cf73884660cfb3786',getdate(),convert(char(8),convert (time,getdate())),getdate(),convert(char(8),convert (time,getdate())),'wsv','wsv',1.000 ,'aut660cf45836660cfb36d6' ,0,0 ,2,23.00,80000,?,?,?,?,?)
20240403@074615.5817 m49sci38o2frbfq6tja82tq0ud Query : select 1 valor from information_schema.tables where table_type='base table' and table_name='wsfi2039fields'
20240403@074615.5833 m49sci38o2frbfq6tja82tq0ud Query : select fieldkey,fieldname,fieldtype,calcformula from wsfi2039fields
20240403@074615.5839 m49sci38o2frbfq6tja82tq0ud Query : insert into wsfi2039data (fi2stamp,ftstamp ,ousrdata, ousrhora, usrdata,usrhora,ousrinis,usrinis) values ('aut660cf73884660cfb3786','aut660cf45836660cfb36d6' ,getdate(),convert(char(8),convert (time,getdate())),getdate(),convert(char(8),convert (time,getdate())),'wsv','wsv')
20240403@074615.5843 m49sci38o2frbfq6tja82tq0ud Query : use flama_phc
20240403@074615.5847 m49sci38o2frbfq6tja82tq0ud Query : select st.usalote valor from st where st.ref = '324.5540.00.1'
20240403@074615.5870 m49sci38o2frbfq6tja82tq0ud Query : select top 1 st.tabiva ,st.ivaincl ,st.stns ,st.uni2 ,st.familia ,isnull(tx.taxa, 0) txiva ,unidade ,usalote ,epcpond ,noserie from st left join taxasiva tx on st.tabiva = tx.codigo where st.ref = '324.5540.00.1'
20240403@074615.6092 m49sci38o2frbfq6tja82tq0ud Query : select 1 valor from information_schema.tables where table_type='base table' and table_name='wsfi039fields'
20240403@074615.6108 m49sci38o2frbfq6tja82tq0ud Query : select fieldkey,fieldname,fieldtype,mandatory from wsfi039fields
20240403@074615.6212 m49sci38o2frbfq6tja82tq0ud Query : select 1 valor from information_schema.tables where table_type='base table' and table_name='wsfi2039fields'
20240403@074615.6229 m49sci38o2frbfq6tja82tq0ud Query : select fieldkey,fieldname,fieldtype,mandatory from wsfi2039fields
20240403@074615.6234 m49sci38o2frbfq6tja82tq0ud Query : select sestamp valor from se where ref ='324.5540.00.1' and lote = 'r2300830100a'
20240403@074615.6265 m49sci38o2frbfq6tja82tq0ud Query : select top 1 convert(numeric(6,2),t.taxa) valor from taxasiva t where t.codigo='2'
20240403@074615.6276 m49sci38o2frbfq6tja82tq0ud Query : select 1 valor from information_schema.tables where table_type='base table' and table_name='wsfi039fields'
20240403@074615.6290 m49sci38o2frbfq6tja82tq0ud Query : select fieldkey,fieldname,fieldtype,calcformula from wsfi039fields
20240403@074615.6339 m49sci38o2frbfq6tja82tq0ud Query : insert into wsfi039data (fistamp,ousrdata, ousrhora, usrdata,usrhora,ousrinis,usrinis ,qtt ,ftstamp ,epv,pvmoeda ,tabiva,iva,lordem ,ref, design ,lote,armazem,bistamp ) values ('aut660cf97506660cfb3799',getdate(),convert(char(8),convert (time,getdate())),getdate(),convert(char(8),convert (time,getdate())),'wsv','wsv',2.000 ,'aut660cf45836660cfb36d6' ,0,0 ,2,23.00,90000,?,?,?,?,?)
20240403@074615.6589 m49sci38o2frbfq6tja82tq0ud Query : select 1 valor from information_schema.tables where table_type='base table' and table_name='wsfi2039fields'
20240403@074615.6606 m49sci38o2frbfq6tja82tq0ud Query : select fieldkey,fieldname,fieldtype,calcformula from wsfi2039fields
20240403@074615.6610 m49sci38o2frbfq6tja82tq0ud Query : insert into wsfi2039data (fi2stamp,ftstamp ,ousrdata, ousrhora, usrdata,usrhora,ousrinis,usrinis) values ('aut660cf97506660cfb3799','aut660cf45836660cfb36d6' ,getdate(),convert(char(8),convert (time,getdate())),getdate(),convert(char(8),convert (time,getdate())),'wsv','wsv')
20240403@074615.6617 m49sci38o2frbfq6tja82tq0ud Query : use flama_phc
20240403@074615.6620 m49sci38o2frbfq6tja82tq0ud Query : select st.usalote valor from st where st.ref = '326.597.00.01'
20240403@074615.6632 m49sci38o2frbfq6tja82tq0ud Query : select top 1 st.tabiva ,st.ivaincl ,st.stns ,st.uni2 ,st.familia ,isnull(tx.taxa, 0) txiva ,unidade ,usalote ,epcpond ,noserie from st left join taxasiva tx on st.tabiva = tx.codigo where st.ref = '326.597.00.01'
20240403@074615.6775 m49sci38o2frbfq6tja82tq0ud Query : select 1 valor from information_schema.tables where table_type='base table' and table_name='wsfi039fields'
20240403@074615.6790 m49sci38o2frbfq6tja82tq0ud Query : select fieldkey,fieldname,fieldtype,mandatory from wsfi039fields
20240403@074615.6817 m49sci38o2frbfq6tja82tq0ud Query : select 1 valor from information_schema.tables where table_type='base table' and table_name='wsfi2039fields'
20240403@074615.6831 m49sci38o2frbfq6tja82tq0ud Query : select fieldkey,fieldname,fieldtype,mandatory from wsfi2039fields
20240403@074615.6835 m49sci38o2frbfq6tja82tq0ud Query : select sestamp valor from se where ref ='326.597.00.01' and lote = 'r2301190200a'
20240403@074615.6847 m49sci38o2frbfq6tja82tq0ud Query : select top 1 convert(numeric(6,2),t.taxa) valor from taxasiva t where t.codigo='2'
20240403@074615.6857 m49sci38o2frbfq6tja82tq0ud Query : select 1 valor from information_schema.tables where table_type='base table' and table_name='wsfi039fields'
20240403@074615.6872 m49sci38o2frbfq6tja82tq0ud Query : select fieldkey,fieldname,fieldtype,calcformula from wsfi039fields
20240403@074615.6909 m49sci38o2frbfq6tja82tq0ud Query : insert into wsfi039data (fistamp,ousrdata, ousrhora, usrdata,usrhora,ousrinis,usrinis ,qtt ,ftstamp ,epv,pvmoeda ,tabiva,iva,lordem ,ref, design ,lote,armazem,bistamp ) values ('aut660cf67544660cfb37a7',getdate(),convert(char(8),convert (time,getdate())),getdate(),convert(char(8),convert (time,getdate())),'wsv','wsv',2.000 ,'aut660cf45836660cfb36d6' ,0,0 ,2,23.00,100000,?,?,?,?,?)
20240403@074615.7149 m49sci38o2frbfq6tja82tq0ud Query : select 1 valor from information_schema.tables where table_type='base table' and table_name='wsfi2039fields'
20240403@074615.7165 m49sci38o2frbfq6tja82tq0ud Query : select fieldkey,fieldname,fieldtype,calcformula from wsfi2039fields
20240403@074615.7170 m49sci38o2frbfq6tja82tq0ud Query : insert into wsfi2039data (fi2stamp,ftstamp ,ousrdata, ousrhora, usrdata,usrhora,ousrinis,usrinis) values ('aut660cf67544660cfb37a7','aut660cf45836660cfb36d6' ,getdate(),convert(char(8),convert (time,getdate())),getdate(),convert(char(8),convert (time,getdate())),'wsv','wsv')
20240403@074615.7175 m49sci38o2frbfq6tja82tq0ud Query : use flama_phc
20240403@074615.7178 m49sci38o2frbfq6tja82tq0ud Query : select st.usalote valor from st where st.ref = '324.2366.00.1'
20240403@074615.7191 m49sci38o2frbfq6tja82tq0ud Query : select top 1 st.tabiva ,st.ivaincl ,st.stns ,st.uni2 ,st.familia ,isnull(tx.taxa, 0) txiva ,unidade ,usalote ,epcpond ,noserie from st left join taxasiva tx on st.tabiva = tx.codigo where st.ref = '324.2366.00.1'
20240403@074615.7336 m49sci38o2frbfq6tja82tq0ud Query : select 1 valor from information_schema.tables where table_type='base table' and table_name='wsfi039fields'
20240403@074615.7351 m49sci38o2frbfq6tja82tq0ud Query : select fieldkey,fieldname,fieldtype,mandatory from wsfi039fields
20240403@074615.7378 m49sci38o2frbfq6tja82tq0ud Query : select 1 valor from information_schema.tables where table_type='base table' and table_name='wsfi2039fields'
20240403@074615.7392 m49sci38o2frbfq6tja82tq0ud Query : select fieldkey,fieldname,fieldtype,mandatory from wsfi2039fields
20240403@074615.7397 m49sci38o2frbfq6tja82tq0ud Query : select sestamp valor from se where ref ='324.2366.00.1' and lote = 'r2300548100a'
20240403@074615.7419 m49sci38o2frbfq6tja82tq0ud Query : select top 1 convert(numeric(6,2),t.taxa) valor from taxasiva t where t.codigo='2'
20240403@074615.7430 m49sci38o2frbfq6tja82tq0ud Query : select 1 valor from information_schema.tables where table_type='base table' and table_name='wsfi039fields'
20240403@074615.7444 m49sci38o2frbfq6tja82tq0ud Query : select fieldkey,fieldname,fieldtype,calcformula from wsfi039fields
20240403@074615.7470 m49sci38o2frbfq6tja82tq0ud Query : insert into wsfi039data (fistamp,ousrdata, ousrhora, usrdata,usrhora,ousrinis,usrinis ,qtt ,ftstamp ,epv,pvmoeda ,tabiva,iva,lordem ,ref, design ,lote,armazem,bistamp ) values ('aut660cf25209660cfb37b5',getdate(),convert(char(8),convert (time,getdate())),getdate(),convert(char(8),convert (time,getdate())),'wsv','wsv',1.000 ,'aut660cf45836660cfb36d6' ,0,0 ,2,23.00,110000,?,?,?,?,?)
20240403@074615.7716 m49sci38o2frbfq6tja82tq0ud Query : select 1 valor from information_schema.tables where table_type='base table' and table_name='wsfi2039fields'
20240403@074615.7732 m49sci38o2frbfq6tja82tq0ud Query : select fieldkey,fieldname,fieldtype,calcformula from wsfi2039fields
20240403@074615.7737 m49sci38o2frbfq6tja82tq0ud Query : insert into wsfi2039data (fi2stamp,ftstamp ,ousrdata, ousrhora, usrdata,usrhora,ousrinis,usrinis) values ('aut660cf25209660cfb37b5','aut660cf45836660cfb36d6' ,getdate(),convert(char(8),convert (time,getdate())),getdate(),convert(char(8),convert (time,getdate())),'wsv','wsv')
20240403@074615.7741 m49sci38o2frbfq6tja82tq0ud Query : use flama_phc
20240403@074615.7744 m49sci38o2frbfq6tja82tq0ud Query : select st.usalote valor from st where st.ref = '324.1825.00.2'
20240403@074615.7758 m49sci38o2frbfq6tja82tq0ud Query : select top 1 st.tabiva ,st.ivaincl ,st.stns ,st.uni2 ,st.familia ,isnull(tx.taxa, 0) txiva ,unidade ,usalote ,epcpond ,noserie from st left join taxasiva tx on st.tabiva = tx.codigo where st.ref = '324.1825.00.2'
20240403@074615.7902 m49sci38o2frbfq6tja82tq0ud Query : select 1 valor from information_schema.tables where table_type='base table' and table_name='wsfi039fields'
20240403@074615.7917 m49sci38o2frbfq6tja82tq0ud Query : select fieldkey,fieldname,fieldtype,mandatory from wsfi039fields
20240403@074615.7943 m49sci38o2frbfq6tja82tq0ud Query : select 1 valor from information_schema.tables where table_type='base table' and table_name='wsfi2039fields'
20240403@074615.9099 m49sci38o2frbfq6tja82tq0ud Query : select fieldkey,fieldname,fieldtype,mandatory from wsfi2039fields
20240403@074615.9105 m49sci38o2frbfq6tja82tq0ud Query : select sestamp valor from se where ref ='324.1825.00.2' and lote = 'r2300179200a'
20240403@074615.9127 m49sci38o2frbfq6tja82tq0ud Query : select top 1 convert(numeric(6,2),t.taxa) valor from taxasiva t where t.codigo='2'
20240403@074615.9137 m49sci38o2frbfq6tja82tq0ud Query : select 1 valor from information_schema.tables where table_type='base table' and table_name='wsfi039fields'
20240403@074615.9152 m49sci38o2frbfq6tja82tq0ud Query : select fieldkey,fieldname,fieldtype,calcformula from wsfi039fields
20240403@074615.9188 m49sci38o2frbfq6tja82tq0ud Query : insert into wsfi039data (fistamp,ousrdata, ousrhora, usrdata,usrhora,ousrinis,usrinis ,qtt ,ftstamp ,epv,pvmoeda ,tabiva,iva,lordem ,ref, design ,lote,armazem,bistamp ) values ('aut660cf43174660cfb37df',getdate(),convert(char(8),convert (time,getdate())),getdate(),convert(char(8),convert (time,getdate())),'wsv','wsv',2.000 ,'aut660cf45836660cfb36d6' ,0,0 ,2,23.00,120000,?,?,?,?,?)
20240403@074615.9431 m49sci38o2frbfq6tja82tq0ud Query : select 1 valor from information_schema.tables where table_type='base table' and table_name='wsfi2039fields'
20240403@074615.9446 m49sci38o2frbfq6tja82tq0ud Query : select fieldkey,fieldname,fieldtype,calcformula from wsfi2039fields
20240403@074615.9451 m49sci38o2frbfq6tja82tq0ud Query : insert into wsfi2039data (fi2stamp,ftstamp ,ousrdata, ousrhora, usrdata,usrhora,ousrinis,usrinis) values ('aut660cf43174660cfb37df','aut660cf45836660cfb36d6' ,getdate(),convert(char(8),convert (time,getdate())),getdate(),convert(char(8),convert (time,getdate())),'wsv','wsv')
20240403@074615.9455 m49sci38o2frbfq6tja82tq0ud Query : select 1 valor from information_schema.tables where table_type='base table' and table_name='wsfi039fields'
20240403@074615.9469 m49sci38o2frbfq6tja82tq0ud Query : select fieldkey,fieldname,fieldtype,mandatory from wsfi039fields
20240403@074615.9492 m49sci38o2frbfq6tja82tq0ud Query : select 1 valor from information_schema.tables where table_type='base table' and table_name='wsfi2039fields'
20240403@074615.9505 m49sci38o2frbfq6tja82tq0ud Query : select fieldkey,fieldname,fieldtype,mandatory from wsfi2039fields
20240403@074615.9510 m49sci38o2frbfq6tja82tq0ud Query : select top 1 convert(numeric(6,2),t.taxa) valor from taxasiva t where t.codigo='2'
20240403@074615.9520 m49sci38o2frbfq6tja82tq0ud Query : select 1 valor from information_schema.tables where table_type='base table' and table_name='wsfi039fields'
20240403@074615.9556 m49sci38o2frbfq6tja82tq0ud Query : select fieldkey,fieldname,fieldtype,calcformula from wsfi039fields
20240403@074615.9582 m49sci38o2frbfq6tja82tq0ud Query : insert into wsfi039data (fistamp,ousrdata, ousrhora, usrdata,usrhora,ousrinis,usrinis ,qtt ,ftstamp ,epv,pvmoeda ,tabiva,iva,lordem ,ref, design ,armazem) values ('aut660cf70043660cfb37e8',getdate(),convert(char(8),convert (time,getdate())),getdate(),convert(char(8),convert (time,getdate())),'wsv','wsv',0 ,'aut660cf45836660cfb36d6' ,0,0 ,2,23.00,130000,?,?,?)
20240403@074615.9817 m49sci38o2frbfq6tja82tq0ud Query : select 1 valor from information_schema.tables where table_type='base table' and table_name='wsfi2039fields'
20240403@074615.9851 m49sci38o2frbfq6tja82tq0ud Query : select fieldkey,fieldname,fieldtype,calcformula from wsfi2039fields
20240403@074615.9864 m49sci38o2frbfq6tja82tq0ud Query : insert into wsfi2039data (fi2stamp,ftstamp ,ousrdata, ousrhora, usrdata,usrhora,ousrinis,usrinis) values ('aut660cf70043660cfb37e8','aut660cf45836660cfb36d6' ,getdate(),convert(char(8),convert (time,getdate())),getdate(),convert(char(8),convert (time,getdate())),'wsv','wsv')
20240403@074615.9869 m49sci38o2frbfq6tja82tq0ud Query : insert into wsftcreationlog (initialftstamp,externalid,creationstatus,documenttypeid,idustamp) values ('aut660cf45836660cfb36d6','2402480','wait',39,'ari17112337378,753000005')
20240403@074615.9886 m49sci38o2frbfq6tja82tq0ud Query : use flama_phc
20240403@074615.9889 m49sci38o2frbfq6tja82tq0ud Query : update u_wsusers set rqsttoken =? where userid ='userls001'
20240403@074615.9900 m49sci38o2frbfq6tja82tq0ud Query : select concat(rtrim(relative_path),ltrim(name_new)) as valor from uploadfiles where uploadfile_id='926';
20240403@074615.9916 m49sci38o2frbfq6tja82tq0ud Query : update uploadfiles set whenupdated=current_timestamp where uploadfile_id='926';
20240403@074615.9930 m49sci38o2frbfq6tja82tq0ud Query : select concat(rtrim(relative_path),ltrim(name_new)) as valor from uploadfiles where uploadfile_id='926';
20240403@074615.9943 m49sci38o2frbfq6tja82tq0ud Query : update uploadfiles set whenupdated=current_timestamp where uploadfile_id='926';
20240403@074616.4300 sfqh29trk0k6vlv31d56i1v1ft Query : insert into uploadfiles ( name_original, name_new, option_type, relative_path, whencreated ) values ( ?, ?, ?, ?, getdate() )
20240403@074616.4430 sfqh29trk0k6vlv31d56i1v1ft Query : select uploadfile_id valor from uploadfiles where name_new = ? and option_type = ? 
20240403@074616.4620 sfqh29trk0k6vlv31d56i1v1ft Query : select concat(rtrim(relative_path),ltrim(name_new)) as valor from uploadfiles where uploadfile_id='927';
20240403@074616.5020 sfqh29trk0k6vlv31d56i1v1ft Query : update uploadfiles set whenupdated=current_timestamp where uploadfile_id='927';
20240403@074616.5210 sfqh29trk0k6vlv31d56i1v1ft Query : select concat(rtrim(relative_path),ltrim(name_new)) as valor from uploadfiles where uploadfile_id='927';
20240403@074616.5360 sfqh29trk0k6vlv31d56i1v1ft Query : update uploadfiles set whenupdated=current_timestamp where uploadfile_id='927';
20240403@074616.5520 sfqh29trk0k6vlv31d56i1v1ft Query : use flama_phc
20240403@074616.5550 sfqh29trk0k6vlv31d56i1v1ft Query : select top 1 secretkey valor from u_wsusers u where u.userid = ? and u.inactivo=0
20240403@074616.5680 sfqh29trk0k6vlv31d56i1v1ft Query : use flama_phc
20240403@074616.5710 sfqh29trk0k6vlv31d56i1v1ft Query : select no, estab,szadrsdesc from szadrs where u_coddest=2679
20240403@074616.6720 sfqh29trk0k6vlv31d56i1v1ft Query : select top 1 isnull(design,'') valor from st (nolock) left join stobs (nolock) on st.ref = stobs.ref where st.ref = '325.7002.00.1'
20240403@074616.8120 sfqh29trk0k6vlv31d56i1v1ft Query : select top 1 bistamp valor from bi inner join bo on bo.bostamp=bi.bostamp where bo.ndos =240 and bo.boano =2024 and bo.obrano = 2402484 and bi.ref ='325.7002.00.1' and bi.lordem =1
20240403@074616.1138 sfqh29trk0k6vlv31d56i1v1ft Query : select top 1 isnull(design,'') valor from st (nolock) left join stobs (nolock) on st.ref = stobs.ref where st.ref = '324.692.00.01'
20240403@074616.1149 sfqh29trk0k6vlv31d56i1v1ft Query : select top 1 bistamp valor from bi inner join bo on bo.bostamp=bi.bostamp where bo.ndos =240 and bo.boano =2024 and bo.obrano = 2402484 and bi.ref ='324.692.00.01' and bi.lordem =2
20240403@074616.1470 sfqh29trk0k6vlv31d56i1v1ft Query : select top 1 isnull(design,'') valor from st (nolock) left join stobs (nolock) on st.ref = stobs.ref where st.ref = '304.421.00.04'
20240403@074616.1481 sfqh29trk0k6vlv31d56i1v1ft Query : select top 1 bistamp valor from bi inner join bo on bo.bostamp=bi.bostamp where bo.ndos =240 and bo.boano =2024 and bo.obrano = 2402484 and bi.ref ='304.421.00.04' and bi.lordem =3
20240403@074616.2015 sfqh29trk0k6vlv31d56i1v1ft Query : select top 1 isnull(design,'') valor from st (nolock) left join stobs (nolock) on st.ref = stobs.ref where st.ref = '324.4901.00.1'
20240403@074616.3062 sfqh29trk0k6vlv31d56i1v1ft Query : select top 1 bistamp valor from bi inner join bo on bo.bostamp=bi.bostamp where bo.ndos =240 and bo.boano =2024 and bo.obrano = 2402484 and bi.ref ='324.4901.00.1' and bi.lordem =4
20240403@074616.3385 sfqh29trk0k6vlv31d56i1v1ft Query : select top 1 isnull(design,'') valor from st (nolock) left join stobs (nolock) on st.ref = stobs.ref where st.ref = '324.4906.00.1'
20240403@074616.3397 sfqh29trk0k6vlv31d56i1v1ft Query : select top 1 bistamp valor from bi inner join bo on bo.bostamp=bi.bostamp where bo.ndos =240 and bo.boano =2024 and bo.obrano = 2402484 and bi.ref ='324.4906.00.1' and bi.lordem =5
20240403@074616.3737 sfqh29trk0k6vlv31d56i1v1ft Query : select top 1 isnull(design,'') valor from st (nolock) left join stobs (nolock) on st.ref = stobs.ref where st.ref = '324.1407.00.1'
20240403@074616.3880 sfqh29trk0k6vlv31d56i1v1ft Query : select top 1 bistamp valor from bi inner join bo on bo.bostamp=bi.bostamp where bo.ndos =240 and bo.boano =2024 and bo.obrano = 2402484 and bi.ref ='324.1407.00.1' and bi.lordem =6
20240403@074616.4315 sfqh29trk0k6vlv31d56i1v1ft Query : select top 1 isnull(design,'') valor from st (nolock) left join stobs (nolock) on st.ref = stobs.ref where st.ref = '324.1417.00.1'
20240403@074616.4484 sfqh29trk0k6vlv31d56i1v1ft Query : select top 1 bistamp valor from bi inner join bo on bo.bostamp=bi.bostamp where bo.ndos =240 and bo.boano =2024 and bo.obrano = 2402484 and bi.ref ='324.1417.00.1' and bi.lordem =7
20240403@074616.4815 sfqh29trk0k6vlv31d56i1v1ft Query : select top 1 isnull(design,'') valor from st (nolock) left join stobs (nolock) on st.ref = stobs.ref where st.ref = '324.1462.00.1'
20240403@074616.4826 sfqh29trk0k6vlv31d56i1v1ft Query : select top 1 bistamp valor from bi inner join bo on bo.bostamp=bi.bostamp where bo.ndos =240 and bo.boano =2024 and bo.obrano = 2402484 and bi.ref ='324.1462.00.1' and bi.lordem =9
20240403@074616.5152 sfqh29trk0k6vlv31d56i1v1ft Query : select top 1 isnull(design,'') valor from st (nolock) left join stobs (nolock) on st.ref = stobs.ref where st.ref = '324.1462.00.1'
20240403@074616.5163 sfqh29trk0k6vlv31d56i1v1ft Query : select top 1 bistamp valor from bi inner join bo on bo.bostamp=bi.bostamp where bo.ndos =240 and bo.boano =2024 and bo.obrano = 2402484 and bi.ref ='324.1462.00.1' and bi.lordem =10
20240403@074616.5504 sfqh29trk0k6vlv31d56i1v1ft Query : select top 1 isnull(design,'') valor from st (nolock) left join stobs (nolock) on st.ref = stobs.ref where st.ref = '327.8152.00.1'
20240403@074616.5713 sfqh29trk0k6vlv31d56i1v1ft Query : select top 1 bistamp valor from bi inner join bo on bo.bostamp=bi.bostamp where bo.ndos =240 and bo.boano =2024 and bo.obrano = 2402484 and bi.ref ='327.8152.00.1' and bi.lordem =11
20240403@074616.6044 sfqh29trk0k6vlv31d56i1v1ft Query : use flama_phc
20240403@074616.6048 sfqh29trk0k6vlv31d56i1v1ft Query : select top 1 convert(date,fdata) valor from ft where ndoc = 39 and anulado= 0 and fno>0 order by fdata desc
20240403@074616.6060 sfqh29trk0k6vlv31d56i1v1ft Query : use flama_phc
20240403@074616.6064 sfqh29trk0k6vlv31d56i1v1ft Query : select top 1 1 valor from td where td.ndoc = 39
20240403@074616.6075 sfqh29trk0k6vlv31d56i1v1ft Query : use flama_phc
20240403@074616.6078 sfqh29trk0k6vlv31d56i1v1ft Query : select descricao ,case when valor='s' then 1 else 0 end usalotes from para1 where descricao in ('st_lote')
20240403@074616.6105 sfqh29trk0k6vlv31d56i1v1ft Query : select top 1 assinadoc issigned ,td.lancasl stocks ,'cl' origin ,case when (cmsl between 1 and 50 ) then 1 else 0 end entrada ,case when (cmsl>50 ) then 1 else 0 end saida ,~lotestock validatestock ,tiposaft from td inner join td2 on td.tdstamp=td2.td2stamp where td.ndoc =39
20240403@074616.6120 sfqh29trk0k6vlv31d56i1v1ft Query : use flama_phc
20240403@074616.6123 sfqh29trk0k6vlv31d56i1v1ft Query : select top 1 ~inactivo valor from cl where no = '199525' and estab = 0 order by inactivo desc
20240403@074616.6231 sfqh29trk0k6vlv31d56i1v1ft Query : use flama_phc
20240403@074616.6235 sfqh29trk0k6vlv31d56i1v1ft Query : select top 1 tipodoc,regrd from td where ndoc = 39
20240403@074616.6245 sfqh29trk0k6vlv31d56i1v1ft Query : use flama_phc
20240403@074616.6248 sfqh29trk0k6vlv31d56i1v1ft Query : select szadrsstamp valor from szadrs where szadrsdesc='espaÇotrans,lda'
20240403@074616.6259 sfqh29trk0k6vlv31d56i1v1ft Query : use flama_phc
20240403@074616.6262 sfqh29trk0k6vlv31d56i1v1ft Query : select szadrsstamp valor from szadrs where szadrsdesc='euroilhas - soc.com.representaÇÕes,lda'
20240403@074616.6274 sfqh29trk0k6vlv31d56i1v1ft Query : use flama_phc
20240403@074616.6277 sfqh29trk0k6vlv31d56i1v1ft Query : select 1 valor from td where ndoc = 39
20240403@074616.6287 sfqh29trk0k6vlv31d56i1v1ft Query : select top 1 manternumero, tiposaft, nmdos,td.assinadoc from td where td.ndoc = 39
20240403@074616.6299 sfqh29trk0k6vlv31d56i1v1ft Query : select 1 valor from information_schema.tables where table_type='base table' and table_name='wsft039fields'
20240403@074616.6313 sfqh29trk0k6vlv31d56i1v1ft Query : select fieldkey,fieldname,fieldtype,mandatory from wsft039fields
20240403@074616.6329 sfqh29trk0k6vlv31d56i1v1ft Query : select 1 valor from information_schema.tables where table_type='base table' and table_name='wsft2039fields'
20240403@074616.6342 sfqh29trk0k6vlv31d56i1v1ft Query : select fieldkey,fieldname,fieldtype,mandatory from wsft2039fields
20240403@074616.6370 sfqh29trk0k6vlv31d56i1v1ft Query : select 1 valor from information_schema.tables where table_type='base table' and table_name='wsft3039fields'
20240403@074616.6382 sfqh29trk0k6vlv31d56i1v1ft Query : select fieldkey,fieldname,fieldtype,mandatory from wsft3039fields
20240403@074616.6393 sfqh29trk0k6vlv31d56i1v1ft Query : select top 1 ft.fno valor from ft ft where ft.ndoc = 39 and ftano=2024 order by fno desc
20240403@074616.6486 sfqh29trk0k6vlv31d56i1v1ft Query : select top 1 ft.fno valor from wsft039data ft where ft.ndoc = 39 and ftano=2024 order by fno desc
20240403@074616.6519 sfqh29trk0k6vlv31d56i1v1ft Query : select 1 valor from information_schema.tables where table_type='base table' and table_name='wsft3039fields'
20240403@074616.6532 sfqh29trk0k6vlv31d56i1v1ft Query : select fieldkey,fieldname,fieldtype,calcformula from wsft3039fields
20240403@074616.6542 sfqh29trk0k6vlv31d56i1v1ft Query : insert into wsft3039data (ft3stamp, ousrdata, ousrhora, usrdata,usrhora,ousrinis,usrinis,taxpointdt ) values ('aut660cf69350660cfb389c' ,getdate(),convert(char(8),convert (time,getdate())),getdate(),convert(char(8),convert (time,getdate())),'wsv','wsv',?)
20240403@074616.6704 sfqh29trk0k6vlv31d56i1v1ft Query : select 1 valor from information_schema.tables where table_type='base table' and table_name='wsft2039fields'
20240403@074616.6719 sfqh29trk0k6vlv31d56i1v1ft Query : select fieldkey,fieldname,fieldtype,calcformula from wsft2039fields
20240403@074616.6750 sfqh29trk0k6vlv31d56i1v1ft Query : select top 1 bo.u_nomeenv valor from bo where bo.bostamp=''
20240403@074616.6755 sfqh29trk0k6vlv31d56i1v1ft Query : select top 1 bo.u_moradaen valor from bo where bo.bostamp=''
20240403@074616.6760 sfqh29trk0k6vlv31d56i1v1ft Query : select top 1 bo.u_codposen valor from bo where bo.bostamp=''
20240403@074616.6765 sfqh29trk0k6vlv31d56i1v1ft Query : select top 1 bo.u_localenv valor from bo where bo.bostamp=''
20240403@074616.6770 sfqh29trk0k6vlv31d56i1v1ft Query : select top 1 bo.trab5 valor from bo where bo.bostamp=''
20240403@074616.6775 sfqh29trk0k6vlv31d56i1v1ft Query : select top 1 bo.serie valor from bo where bo.bostamp=''
20240403@074616.6779 sfqh29trk0k6vlv31d56i1v1ft Query : insert into wsft2039data (ft2stamp, ousrdata,ousrhora, usrdata,usrhora,ousrinis,usrinis,u_nomeenv ,u_moradaen ,u_codposen ,u_localenv ,u_coddest ,u_codby ) values ('aut660cf69350660cfb389c',getdate(),convert(char(8),convert (time,getdate())),getdate(),convert(char(8),convert (time,getdate())),'wsv','wsv',?,?,?,?,?,?)
20240403@074616.7019 sfqh29trk0k6vlv31d56i1v1ft Query : select top 1 fno valor from wsft039data order by fno desc
20240403@074616.7036 sfqh29trk0k6vlv31d56i1v1ft Query : select 1 valor from information_schema.tables where table_type='base table' and table_name='wsft039fields'
20240403@074616.7050 sfqh29trk0k6vlv31d56i1v1ft Query : select fieldkey,fieldname,fieldtype,calcformula from wsft039fields
20240403@074616.7071 sfqh29trk0k6vlv31d56i1v1ft Query : insert into wsft039data (ftstamp, ousrdata,ousrhora, usrdata,usrhora,ousrinis,usrinis,fno,no,estab,fdata,ndoc,moeda,cambio,cambiofixo,ftano,cdata,chora,carga,descar,site ,classe ) values ('aut660cf69350660cfb389c',getdate(),convert(char(8),convert (time,getdate())),getdate(),convert(char(8),convert (time,getdate())),'wsv','wsv',710,199525,0,'2024-04-03',39,'euro',0,0,2024 ,'20240403','0816',?,?,?,?)
20240403@074616.7352 sfqh29trk0k6vlv31d56i1v1ft Query : use flama_phc
20240403@074616.7356 sfqh29trk0k6vlv31d56i1v1ft Query : select st.usalote valor from st where st.ref = '325.7002.00.1'
20240403@074616.7368 sfqh29trk0k6vlv31d56i1v1ft Query : select top 1 st.tabiva ,st.ivaincl ,st.stns ,st.uni2 ,st.familia ,isnull(tx.taxa, 0) txiva ,unidade ,usalote ,epcpond ,noserie from st left join taxasiva tx on st.tabiva = tx.codigo where st.ref = '325.7002.00.1'
20240403@074616.7507 sfqh29trk0k6vlv31d56i1v1ft Query : select 1 valor from information_schema.tables where table_type='base table' and table_name='wsfi039fields'
20240403@074616.7522 sfqh29trk0k6vlv31d56i1v1ft Query : select fieldkey,fieldname,fieldtype,mandatory from wsfi039fields
20240403@074616.7547 sfqh29trk0k6vlv31d56i1v1ft Query : select 1 valor from information_schema.tables where table_type='base table' and table_name='wsfi2039fields'
20240403@074616.7560 sfqh29trk0k6vlv31d56i1v1ft Query : select fieldkey,fieldname,fieldtype,mandatory from wsfi2039fields
20240403@074616.7566 sfqh29trk0k6vlv31d56i1v1ft Query : select sestamp valor from se where ref ='325.7002.00.1' and lote = '25/11'
20240403@074616.7578 sfqh29trk0k6vlv31d56i1v1ft Query : select top 1 convert(numeric(6,2),t.taxa) valor from taxasiva t where t.codigo='2'
20240403@074616.7589 sfqh29trk0k6vlv31d56i1v1ft Query : select 1 valor from information_schema.tables where table_type='base table' and table_name='wsfi039fields'
20240403@074616.7602 sfqh29trk0k6vlv31d56i1v1ft Query : select fieldkey,fieldname,fieldtype,calcformula from wsfi039fields
20240403@074616.7627 sfqh29trk0k6vlv31d56i1v1ft Query : insert into wsfi039data (fistamp,ousrdata, ousrhora, usrdata,usrhora,ousrinis,usrinis ,qtt ,ftstamp ,epv,pvmoeda ,tabiva,iva,lordem ,ref, design ,lote,armazem,bistamp ) values ('aut660cf71714660cfb38b9',getdate(),convert(char(8),convert (time,getdate())),getdate(),convert(char(8),convert (time,getdate())),'wsv','wsv',16.000 ,'aut660cf69350660cfb389c' ,0,0 ,2,23.00,10000,?,?,?,?,?)
20240403@074616.7905 sfqh29trk0k6vlv31d56i1v1ft Query : select 1 valor from information_schema.tables where table_type='base table' and table_name='wsfi2039fields'
20240403@074616.7920 sfqh29trk0k6vlv31d56i1v1ft Query : select fieldkey,fieldname,fieldtype,calcformula from wsfi2039fields
20240403@074616.7924 sfqh29trk0k6vlv31d56i1v1ft Query : insert into wsfi2039data (fi2stamp,ftstamp ,ousrdata, ousrhora, usrdata,usrhora,ousrinis,usrinis) values ('aut660cf71714660cfb38b9','aut660cf69350660cfb389c' ,getdate(),convert(char(8),convert (time,getdate())),getdate(),convert(char(8),convert (time,getdate())),'wsv','wsv')
20240403@074616.7929 sfqh29trk0k6vlv31d56i1v1ft Query : use flama_phc
20240403@074616.7936 sfqh29trk0k6vlv31d56i1v1ft Query : select st.usalote valor from st where st.ref = '324.692.00.01'
20240403@074616.8652 sfqh29trk0k6vlv31d56i1v1ft Query : select top 1 st.tabiva ,st.ivaincl ,st.stns ,st.uni2 ,st.familia ,isnull(tx.taxa, 0) txiva ,unidade ,usalote ,epcpond ,noserie from st left join taxasiva tx on st.tabiva = tx.codigo where st.ref = '324.692.00.01'
20240403@074616.9112 sfqh29trk0k6vlv31d56i1v1ft Query : select 1 valor from information_schema.tables where table_type='base table' and table_name='wsfi039fields'
20240403@074616.9130 sfqh29trk0k6vlv31d56i1v1ft Query : select fieldkey,fieldname,fieldtype,mandatory from wsfi039fields
20240403@074616.9154 sfqh29trk0k6vlv31d56i1v1ft Query : select 1 valor from information_schema.tables where table_type='base table' and table_name='wsfi2039fields'
20240403@074616.9169 sfqh29trk0k6vlv31d56i1v1ft Query : select fieldkey,fieldname,fieldtype,mandatory from wsfi2039fields
20240403@074616.9174 sfqh29trk0k6vlv31d56i1v1ft Query : select sestamp valor from se where ref ='324.692.00.01' and lote = 'r2301203100a'
20240403@074616.9184 sfqh29trk0k6vlv31d56i1v1ft Query : select top 1 convert(numeric(6,2),t.taxa) valor from taxasiva t where t.codigo='2'
20240403@074616.9195 sfqh29trk0k6vlv31d56i1v1ft Query : select 1 valor from information_schema.tables where table_type='base table' and table_name='wsfi039fields'
20240403@074616.9208 sfqh29trk0k6vlv31d56i1v1ft Query : select fieldkey,fieldname,fieldtype,calcformula from wsfi039fields
20240403@074616.9235 sfqh29trk0k6vlv31d56i1v1ft Query : insert into wsfi039data (fistamp,ousrdata, ousrhora, usrdata,usrhora,ousrinis,usrinis ,qtt ,ftstamp ,epv,pvmoeda ,tabiva,iva,lordem ,ref, design ,lote,armazem,bistamp ) values ('aut660cf24475660cfb38e0',getdate(),convert(char(8),convert (time,getdate())),getdate(),convert(char(8),convert (time,getdate())),'wsv','wsv',1.000 ,'aut660cf69350660cfb389c' ,0,0 ,2,23.00,20000,?,?,?,?,?)
20240403@074616.9544 sfqh29trk0k6vlv31d56i1v1ft Query : select 1 valor from information_schema.tables where table_type='base table' and table_name='wsfi2039fields'
20240403@074616.9560 sfqh29trk0k6vlv31d56i1v1ft Query : select fieldkey,fieldname,fieldtype,calcformula from wsfi2039fields
20240403@074616.9566 sfqh29trk0k6vlv31d56i1v1ft Query : insert into wsfi2039data (fi2stamp,ftstamp ,ousrdata, ousrhora, usrdata,usrhora,ousrinis,usrinis) values ('aut660cf24475660cfb38e0','aut660cf69350660cfb389c' ,getdate(),convert(char(8),convert (time,getdate())),getdate(),convert(char(8),convert (time,getdate())),'wsv','wsv')
20240403@074616.9571 sfqh29trk0k6vlv31d56i1v1ft Query : select 1 valor from information_schema.tables where table_type='base table' and table_name='wsfi039fields'
20240403@074616.9585 sfqh29trk0k6vlv31d56i1v1ft Query : select fieldkey,fieldname,fieldtype,mandatory from wsfi039fields
20240403@074616.9610 sfqh29trk0k6vlv31d56i1v1ft Query : select 1 valor from information_schema.tables where table_type='base table' and table_name='wsfi2039fields'
20240403@074616.9624 sfqh29trk0k6vlv31d56i1v1ft Query : select fieldkey,fieldname,fieldtype,mandatory from wsfi2039fields
20240403@074616.9629 sfqh29trk0k6vlv31d56i1v1ft Query : select top 1 convert(numeric(6,2),t.taxa) valor from taxasiva t where t.codigo='2'
20240403@074616.9639 sfqh29trk0k6vlv31d56i1v1ft Query : select 1 valor from information_schema.tables where table_type='base table' and table_name='wsfi039fields'
20240403@074616.9653 sfqh29trk0k6vlv31d56i1v1ft Query : select fieldkey,fieldname,fieldtype,calcformula from wsfi039fields
20240403@074617.1549 sfqh29trk0k6vlv31d56i1v1ft Query : insert into wsfi039data (fistamp,ousrdata, ousrhora, usrdata,usrhora,ousrinis,usrinis ,qtt ,ftstamp ,epv,pvmoeda ,tabiva,iva,lordem ,ref, design ,armazem) values ('aut660cf46715660cfb38eb',getdate(),convert(char(8),convert (time,getdate())),getdate(),convert(char(8),convert (time,getdate())),'wsv','wsv',0 ,'aut660cf69350660cfb389c' ,0,0 ,2,23.00,30000,?,?,?)
20240403@074617.1798 sfqh29trk0k6vlv31d56i1v1ft Query : select 1 valor from information_schema.tables where table_type='base table' and table_name='wsfi2039fields'
20240403@074617.1813 sfqh29trk0k6vlv31d56i1v1ft Query : select fieldkey,fieldname,fieldtype,calcformula from wsfi2039fields
20240403@074617.1817 sfqh29trk0k6vlv31d56i1v1ft Query : insert into wsfi2039data (fi2stamp,ftstamp ,ousrdata, ousrhora, usrdata,usrhora,ousrinis,usrinis) values ('aut660cf46715660cfb38eb','aut660cf69350660cfb389c' ,getdate(),convert(char(8),convert (time,getdate())),getdate(),convert(char(8),convert (time,getdate())),'wsv','wsv')
20240403@074617.1821 sfqh29trk0k6vlv31d56i1v1ft Query : use flama_phc
20240403@074617.1825 sfqh29trk0k6vlv31d56i1v1ft Query : select st.usalote valor from st where st.ref = '304.421.00.04'
20240403@074617.1835 sfqh29trk0k6vlv31d56i1v1ft Query : select top 1 st.tabiva ,st.ivaincl ,st.stns ,st.uni2 ,st.familia ,isnull(tx.taxa, 0) txiva ,unidade ,usalote ,epcpond ,noserie from st left join taxasiva tx on st.tabiva = tx.codigo where st.ref = '304.421.00.04'
20240403@074617.1846 sfqh29trk0k6vlv31d56i1v1ft Query : select 1 valor from information_schema.tables where table_type='base table' and table_name='wsfi039fields'
20240403@074617.1858 sfqh29trk0k6vlv31d56i1v1ft Query : select fieldkey,fieldname,fieldtype,mandatory from wsfi039fields
20240403@074617.1881 sfqh29trk0k6vlv31d56i1v1ft Query : select 1 valor from information_schema.tables where table_type='base table' and table_name='wsfi2039fields'
20240403@074617.1893 sfqh29trk0k6vlv31d56i1v1ft Query : select fieldkey,fieldname,fieldtype,mandatory from wsfi2039fields
20240403@074617.1897 sfqh29trk0k6vlv31d56i1v1ft Query : select sestamp valor from se where ref ='304.421.00.04' and lote = '240073'
20240403@074617.1907 sfqh29trk0k6vlv31d56i1v1ft Query : select top 1 convert(numeric(6,2),t.taxa) valor from taxasiva t where t.codigo='2'
20240403@074617.1920 sfqh29trk0k6vlv31d56i1v1ft Query : select 1 valor from information_schema.tables where table_type='base table' and table_name='wsfi039fields'
20240403@074617.1933 sfqh29trk0k6vlv31d56i1v1ft Query : select fieldkey,fieldname,fieldtype,calcformula from wsfi039fields
20240403@074617.1973 sfqh29trk0k6vlv31d56i1v1ft Query : insert into wsfi039data (fistamp,ousrdata, ousrhora, usrdata,usrhora,ousrinis,usrinis ,qtt ,ftstamp ,epv,pvmoeda ,tabiva,iva,lordem ,ref, design ,lote,armazem,bistamp ) values ('aut660cf31255660cfb392e',getdate(),convert(char(8),convert (time,getdate())),getdate(),convert(char(8),convert (time,getdate())),'wsv','wsv',4.000 ,'aut660cf69350660cfb389c' ,0,0 ,2,23.00,50000,?,?,?,?,?)
20240403@074617.2223 sfqh29trk0k6vlv31d56i1v1ft Query : select 1 valor from information_schema.tables where table_type='base table' and table_name='wsfi2039fields'
20240403@074617.2239 sfqh29trk0k6vlv31d56i1v1ft Query : select fieldkey,fieldname,fieldtype,calcformula from wsfi2039fields
20240403@074617.2243 sfqh29trk0k6vlv31d56i1v1ft Query : insert into wsfi2039data (fi2stamp,ftstamp ,ousrdata, ousrhora, usrdata,usrhora,ousrinis,usrinis) values ('aut660cf31255660cfb392e','aut660cf69350660cfb389c' ,getdate(),convert(char(8),convert (time,getdate())),getdate(),convert(char(8),convert (time,getdate())),'wsv','wsv')
20240403@074617.2248 sfqh29trk0k6vlv31d56i1v1ft Query : select 1 valor from information_schema.tables where table_type='base table' and table_name='wsfi039fields'
20240403@074617.2263 sfqh29trk0k6vlv31d56i1v1ft Query : select fieldkey,fieldname,fieldtype,mandatory from wsfi039fields
20240403@074617.2366 sfqh29trk0k6vlv31d56i1v1ft Query : select 1 valor from information_schema.tables where table_type='base table' and table_name='wsfi2039fields'
20240403@074617.2381 sfqh29trk0k6vlv31d56i1v1ft Query : select fieldkey,fieldname,fieldtype,mandatory from wsfi2039fields
20240403@074617.2387 sfqh29trk0k6vlv31d56i1v1ft Query : select top 1 convert(numeric(6,2),t.taxa) valor from taxasiva t where t.codigo='2'
20240403@074617.2397 sfqh29trk0k6vlv31d56i1v1ft Query : select 1 valor from information_schema.tables where table_type='base table' and table_name='wsfi039fields'
20240403@074617.2424 sfqh29trk0k6vlv31d56i1v1ft Query : select fieldkey,fieldname,fieldtype,calcformula from wsfi039fields
20240403@074617.2449 sfqh29trk0k6vlv31d56i1v1ft Query : insert into wsfi039data (fistamp,ousrdata, ousrhora, usrdata,usrhora,ousrinis,usrinis ,qtt ,ftstamp ,epv,pvmoeda ,tabiva,iva,lordem ,ref, design ,armazem) values ('aut660cf79423660cfb393a',getdate(),convert(char(8),convert (time,getdate())),getdate(),convert(char(8),convert (time,getdate())),'wsv','wsv',0 ,'aut660cf69350660cfb389c' ,0,0 ,2,23.00,60000,?,?,?)
20240403@074617.2700 sfqh29trk0k6vlv31d56i1v1ft Query : select 1 valor from information_schema.tables where table_type='base table' and table_name='wsfi2039fields'
20240403@074617.2715 sfqh29trk0k6vlv31d56i1v1ft Query : select fieldkey,fieldname,fieldtype,calcformula from wsfi2039fields
20240403@074617.2720 sfqh29trk0k6vlv31d56i1v1ft Query : insert into wsfi2039data (fi2stamp,ftstamp ,ousrdata, ousrhora, usrdata,usrhora,ousrinis,usrinis) values ('aut660cf79423660cfb393a','aut660cf69350660cfb389c' ,getdate(),convert(char(8),convert (time,getdate())),getdate(),convert(char(8),convert (time,getdate())),'wsv','wsv')
20240403@074617.2725 sfqh29trk0k6vlv31d56i1v1ft Query : use flama_phc
20240403@074617.2729 sfqh29trk0k6vlv31d56i1v1ft Query : select st.usalote valor from st where st.ref = '324.4901.00.1'
20240403@074617.2740 sfqh29trk0k6vlv31d56i1v1ft Query : select top 1 st.tabiva ,st.ivaincl ,st.stns ,st.uni2 ,st.familia ,isnull(tx.taxa, 0) txiva ,unidade ,usalote ,epcpond ,noserie from st left join taxasiva tx on st.tabiva = tx.codigo where st.ref = '324.4901.00.1'
20240403@074617.2751 sfqh29trk0k6vlv31d56i1v1ft Query : select 1 valor from information_schema.tables where table_type='base table' and table_name='wsfi039fields'
20240403@074617.2765 sfqh29trk0k6vlv31d56i1v1ft Query : select fieldkey,fieldname,fieldtype,mandatory from wsfi039fields
20240403@074617.2788 sfqh29trk0k6vlv31d56i1v1ft Query : select 1 valor from information_schema.tables where table_type='base table' and table_name='wsfi2039fields'
20240403@074617.2801 sfqh29trk0k6vlv31d56i1v1ft Query : select fieldkey,fieldname,fieldtype,mandatory from wsfi2039fields
20240403@074617.2806 sfqh29trk0k6vlv31d56i1v1ft Query : select sestamp valor from se where ref ='324.4901.00.1' and lote = 'r2200240200a'
20240403@074617.2816 sfqh29trk0k6vlv31d56i1v1ft Query : select top 1 convert(numeric(6,2),t.taxa) valor from taxasiva t where t.codigo='2'
20240403@074617.2826 sfqh29trk0k6vlv31d56i1v1ft Query : select 1 valor from information_schema.tables where table_type='base table' and table_name='wsfi039fields'
20240403@074617.2838 sfqh29trk0k6vlv31d56i1v1ft Query : select fieldkey,fieldname,fieldtype,calcformula from wsfi039fields
20240403@074617.2861 sfqh29trk0k6vlv31d56i1v1ft Query : insert into wsfi039data (fistamp,ousrdata, ousrhora, usrdata,usrhora,ousrinis,usrinis ,qtt ,ftstamp ,epv,pvmoeda ,tabiva,iva,lordem ,ref, design ,lote,armazem,bistamp ) values ('aut660cf43345660cfb3944',getdate(),convert(char(8),convert (time,getdate())),getdate(),convert(char(8),convert (time,getdate())),'wsv','wsv',4.000 ,'aut660cf69350660cfb389c' ,0,0 ,2,23.00,80000,?,?,?,?,?)
20240403@074617.3110 sfqh29trk0k6vlv31d56i1v1ft Query : select 1 valor from information_schema.tables where table_type='base table' and table_name='wsfi2039fields'
20240403@074617.3125 sfqh29trk0k6vlv31d56i1v1ft Query : select fieldkey,fieldname,fieldtype,calcformula from wsfi2039fields
20240403@074617.3141 sfqh29trk0k6vlv31d56i1v1ft Query : insert into wsfi2039data (fi2stamp,ftstamp ,ousrdata, ousrhora, usrdata,usrhora,ousrinis,usrinis) values ('aut660cf43345660cfb3944','aut660cf69350660cfb389c' ,getdate(),convert(char(8),convert (time,getdate())),getdate(),convert(char(8),convert (time,getdate())),'wsv','wsv')
20240403@074617.3146 sfqh29trk0k6vlv31d56i1v1ft Query : select 1 valor from information_schema.tables where table_type='base table' and table_name='wsfi039fields'
20240403@074617.3160 sfqh29trk0k6vlv31d56i1v1ft Query : select fieldkey,fieldname,fieldtype,mandatory from wsfi039fields
20240403@074617.3186 sfqh29trk0k6vlv31d56i1v1ft Query : select 1 valor from information_schema.tables where table_type='base table' and table_name='wsfi2039fields'
20240403@074617.3199 sfqh29trk0k6vlv31d56i1v1ft Query : select fieldkey,fieldname,fieldtype,mandatory from wsfi2039fields
20240403@074617.3203 sfqh29trk0k6vlv31d56i1v1ft Query : select top 1 convert(numeric(6,2),t.taxa) valor from taxasiva t where t.codigo='2'
20240403@074617.3213 sfqh29trk0k6vlv31d56i1v1ft Query : select 1 valor from information_schema.tables where table_type='base table' and table_name='wsfi039fields'
20240403@074617.3227 sfqh29trk0k6vlv31d56i1v1ft Query : select fieldkey,fieldname,fieldtype,calcformula from wsfi039fields
20240403@074617.3251 sfqh29trk0k6vlv31d56i1v1ft Query : insert into wsfi039data (fistamp,ousrdata, ousrhora, usrdata,usrhora,ousrinis,usrinis ,qtt ,ftstamp ,epv,pvmoeda ,tabiva,iva,lordem ,ref, design ,armazem) values ('aut660cf73792660cfb394e',getdate(),convert(char(8),convert (time,getdate())),getdate(),convert(char(8),convert (time,getdate())),'wsv','wsv',0 ,'aut660cf69350660cfb389c' ,0,0 ,2,23.00,90000,?,?,?)
20240403@074617.3505 sfqh29trk0k6vlv31d56i1v1ft Query : select 1 valor from information_schema.tables where table_type='base table' and table_name='wsfi2039fields'
20240403@074617.3520 sfqh29trk0k6vlv31d56i1v1ft Query : select fieldkey,fieldname,fieldtype,calcformula from wsfi2039fields
20240403@074617.3525 sfqh29trk0k6vlv31d56i1v1ft Query : insert into wsfi2039data (fi2stamp,ftstamp ,ousrdata, ousrhora, usrdata,usrhora,ousrinis,usrinis) values ('aut660cf73792660cfb394e','aut660cf69350660cfb389c' ,getdate(),convert(char(8),convert (time,getdate())),getdate(),convert(char(8),convert (time,getdate())),'wsv','wsv')
20240403@074617.3529 sfqh29trk0k6vlv31d56i1v1ft Query : use flama_phc
20240403@074617.3532 sfqh29trk0k6vlv31d56i1v1ft Query : select st.usalote valor from st where st.ref = '324.4906.00.1'
20240403@074617.3543 sfqh29trk0k6vlv31d56i1v1ft Query : select top 1 st.tabiva ,st.ivaincl ,st.stns ,st.uni2 ,st.familia ,isnull(tx.taxa, 0) txiva ,unidade ,usalote ,epcpond ,noserie from st left join taxasiva tx on st.tabiva = tx.codigo where st.ref = '324.4906.00.1'
20240403@074617.3554 sfqh29trk0k6vlv31d56i1v1ft Query : select 1 valor from information_schema.tables where table_type='base table' and table_name='wsfi039fields'
20240403@074617.3568 sfqh29trk0k6vlv31d56i1v1ft Query : select fieldkey,fieldname,fieldtype,mandatory from wsfi039fields
20240403@074617.3592 sfqh29trk0k6vlv31d56i1v1ft Query : select 1 valor from information_schema.tables where table_type='base table' and table_name='wsfi2039fields'
20240403@074617.3605 sfqh29trk0k6vlv31d56i1v1ft Query : select fieldkey,fieldname,fieldtype,mandatory from wsfi2039fields
20240403@074617.3609 sfqh29trk0k6vlv31d56i1v1ft Query : select sestamp valor from se where ref ='324.4906.00.1' and lote = 'r2300207200a'
20240403@074617.3620 sfqh29trk0k6vlv31d56i1v1ft Query : select top 1 convert(numeric(6,2),t.taxa) valor from taxasiva t where t.codigo='2'
20240403@074617.3630 sfqh29trk0k6vlv31d56i1v1ft Query : select 1 valor from information_schema.tables where table_type='base table' and table_name='wsfi039fields'
20240403@074617.3643 sfqh29trk0k6vlv31d56i1v1ft Query : select fieldkey,fieldname,fieldtype,calcformula from wsfi039fields
20240403@074617.3669 sfqh29trk0k6vlv31d56i1v1ft Query : insert into wsfi039data (fistamp,ousrdata, ousrhora, usrdata,usrhora,ousrinis,usrinis ,qtt ,ftstamp ,epv,pvmoeda ,tabiva,iva,lordem ,ref, design ,lote,armazem,bistamp ) values ('aut660cf26937660cfb3958',getdate(),convert(char(8),convert (time,getdate())),getdate(),convert(char(8),convert (time,getdate())),'wsv','wsv',4.000 ,'aut660cf69350660cfb389c' ,0,0 ,2,23.00,110000,?,?,?,?,?)
20240403@074617.3907 sfqh29trk0k6vlv31d56i1v1ft Query : select 1 valor from information_schema.tables where table_type='base table' and table_name='wsfi2039fields'
20240403@074617.3922 sfqh29trk0k6vlv31d56i1v1ft Query : select fieldkey,fieldname,fieldtype,calcformula from wsfi2039fields
20240403@074617.3927 sfqh29trk0k6vlv31d56i1v1ft Query : insert into wsfi2039data (fi2stamp,ftstamp ,ousrdata, ousrhora, usrdata,usrhora,ousrinis,usrinis) values ('aut660cf26937660cfb3958','aut660cf69350660cfb389c' ,getdate(),convert(char(8),convert (time,getdate())),getdate(),convert(char(8),convert (time,getdate())),'wsv','wsv')
20240403@074617.3932 sfqh29trk0k6vlv31d56i1v1ft Query : select 1 valor from information_schema.tables where table_type='base table' and table_name='wsfi039fields'
20240403@074617.3945 sfqh29trk0k6vlv31d56i1v1ft Query : select fieldkey,fieldname,fieldtype,mandatory from wsfi039fields
20240403@074617.3969 sfqh29trk0k6vlv31d56i1v1ft Query : select 1 valor from information_schema.tables where table_type='base table' and table_name='wsfi2039fields'
20240403@074617.3982 sfqh29trk0k6vlv31d56i1v1ft Query : select fieldkey,fieldname,fieldtype,mandatory from wsfi2039fields
20240403@074617.3987 sfqh29trk0k6vlv31d56i1v1ft Query : select top 1 convert(numeric(6,2),t.taxa) valor from taxasiva t where t.codigo='2'
20240403@074617.3997 sfqh29trk0k6vlv31d56i1v1ft Query : select 1 valor from information_schema.tables where table_type='base table' and table_name='wsfi039fields'
20240403@074617.4010 sfqh29trk0k6vlv31d56i1v1ft Query : select fieldkey,fieldname,fieldtype,calcformula from wsfi039fields
20240403@074617.4035 sfqh29trk0k6vlv31d56i1v1ft Query : insert into wsfi039data (fistamp,ousrdata, ousrhora, usrdata,usrhora,ousrinis,usrinis ,qtt ,ftstamp ,epv,pvmoeda ,tabiva,iva,lordem ,ref, design ,armazem) values ('aut660cf70001660cfb3961',getdate(),convert(char(8),convert (time,getdate())),getdate(),convert(char(8),convert (time,getdate())),'wsv','wsv',0 ,'aut660cf69350660cfb389c' ,0,0 ,2,23.00,120000,?,?,?)
20240403@074617.4312 sfqh29trk0k6vlv31d56i1v1ft Query : select 1 valor from information_schema.tables where table_type='base table' and table_name='wsfi2039fields'
20240403@074617.4331 sfqh29trk0k6vlv31d56i1v1ft Query : select fieldkey,fieldname,fieldtype,calcformula from wsfi2039fields
20240403@074617.4336 sfqh29trk0k6vlv31d56i1v1ft Query : insert into wsfi2039data (fi2stamp,ftstamp ,ousrdata, ousrhora, usrdata,usrhora,ousrinis,usrinis) values ('aut660cf70001660cfb3961','aut660cf69350660cfb389c' ,getdate(),convert(char(8),convert (time,getdate())),getdate(),convert(char(8),convert (time,getdate())),'wsv','wsv')
20240403@074617.4341 sfqh29trk0k6vlv31d56i1v1ft Query : use flama_phc
20240403@074617.4344 sfqh29trk0k6vlv31d56i1v1ft Query : select st.usalote valor from st where st.ref = '324.1407.00.1'
20240403@074617.4358 sfqh29trk0k6vlv31d56i1v1ft Query : select top 1 st.tabiva ,st.ivaincl ,st.stns ,st.uni2 ,st.familia ,isnull(tx.taxa, 0) txiva ,unidade ,usalote ,epcpond ,noserie from st left join taxasiva tx on st.tabiva = tx.codigo where st.ref = '324.1407.00.1'
20240403@074617.4514 sfqh29trk0k6vlv31d56i1v1ft Query : select 1 valor from information_schema.tables where table_type='base table' and table_name='wsfi039fields'
20240403@074617.4529 sfqh29trk0k6vlv31d56i1v1ft Query : select fieldkey,fieldname,fieldtype,mandatory from wsfi039fields
20240403@074617.4556 sfqh29trk0k6vlv31d56i1v1ft Query : select 1 valor from information_schema.tables where table_type='base table' and table_name='wsfi2039fields'
20240403@074617.4572 sfqh29trk0k6vlv31d56i1v1ft Query : select fieldkey,fieldname,fieldtype,mandatory from wsfi2039fields
20240403@074617.4577 sfqh29trk0k6vlv31d56i1v1ft Query : select sestamp valor from se where ref ='324.1407.00.1' and lote = 'r2100703100a'
20240403@074617.4595 sfqh29trk0k6vlv31d56i1v1ft Query : select top 1 convert(numeric(6,2),t.taxa) valor from taxasiva t where t.codigo='2'
20240403@074617.4604 sfqh29trk0k6vlv31d56i1v1ft Query : select 1 valor from information_schema.tables where table_type='base table' and table_name='wsfi039fields'
20240403@074617.4618 sfqh29trk0k6vlv31d56i1v1ft Query : select fieldkey,fieldname,fieldtype,calcformula from wsfi039fields
20240403@074617.4642 sfqh29trk0k6vlv31d56i1v1ft Query : insert into wsfi039data (fistamp,ousrdata, ousrhora, usrdata,usrhora,ousrinis,usrinis ,qtt ,ftstamp ,epv,pvmoeda ,tabiva,iva,lordem ,ref, design ,lote,armazem,bistamp ) values ('aut660cf86554660cfb3970',getdate(),convert(char(8),convert (time,getdate())),getdate(),convert(char(8),convert (time,getdate())),'wsv','wsv',6.000 ,'aut660cf69350660cfb389c' ,0,0 ,2,23.00,140000,?,?,?,?,?)
20240403@074617.4888 sfqh29trk0k6vlv31d56i1v1ft Query : select 1 valor from information_schema.tables where table_type='base table' and table_name='wsfi2039fields'
20240403@074617.4904 sfqh29trk0k6vlv31d56i1v1ft Query : select fieldkey,fieldname,fieldtype,calcformula from wsfi2039fields
20240403@074617.4909 sfqh29trk0k6vlv31d56i1v1ft Query : insert into wsfi2039data (fi2stamp,ftstamp ,ousrdata, ousrhora, usrdata,usrhora,ousrinis,usrinis) values ('aut660cf86554660cfb3970','aut660cf69350660cfb389c' ,getdate(),convert(char(8),convert (time,getdate())),getdate(),convert(char(8),convert (time,getdate())),'wsv','wsv')
20240403@074617.4913 sfqh29trk0k6vlv31d56i1v1ft Query : use flama_phc
20240403@074617.4917 sfqh29trk0k6vlv31d56i1v1ft Query : select st.usalote valor from st where st.ref = '324.1417.00.1'
20240403@074617.4930 sfqh29trk0k6vlv31d56i1v1ft Query : select top 1 st.tabiva ,st.ivaincl ,st.stns ,st.uni2 ,st.familia ,isnull(tx.taxa, 0) txiva ,unidade ,usalote ,epcpond ,noserie from st left join taxasiva tx on st.tabiva = tx.codigo where st.ref = '324.1417.00.1'
20240403@074617.5076 sfqh29trk0k6vlv31d56i1v1ft Query : select 1 valor from information_schema.tables where table_type='base table' and table_name='wsfi039fields'
20240403@074617.5090 sfqh29trk0k6vlv31d56i1v1ft Query : select fieldkey,fieldname,fieldtype,mandatory from wsfi039fields
20240403@074617.5129 sfqh29trk0k6vlv31d56i1v1ft Query : select 1 valor from information_schema.tables where table_type='base table' and table_name='wsfi2039fields'
20240403@074617.5144 sfqh29trk0k6vlv31d56i1v1ft Query : select fieldkey,fieldname,fieldtype,mandatory from wsfi2039fields
20240403@074617.5148 sfqh29trk0k6vlv31d56i1v1ft Query : select sestamp valor from se where ref ='324.1417.00.1' and lote = 'r2101088200a'
20240403@074617.5166 sfqh29trk0k6vlv31d56i1v1ft Query : select top 1 convert(numeric(6,2),t.taxa) valor from taxasiva t where t.codigo='2'
20240403@074617.5176 sfqh29trk0k6vlv31d56i1v1ft Query : select 1 valor from information_schema.tables where table_type='base table' and table_name='wsfi039fields'
20240403@074617.5190 sfqh29trk0k6vlv31d56i1v1ft Query : select fieldkey,fieldname,fieldtype,calcformula from wsfi039fields
20240403@074617.5215 sfqh29trk0k6vlv31d56i1v1ft Query : insert into wsfi039data (fistamp,ousrdata, ousrhora, usrdata,usrhora,ousrinis,usrinis ,qtt ,ftstamp ,epv,pvmoeda ,tabiva,iva,lordem ,ref, design ,lote,armazem,bistamp ) values ('aut660cf30975660cfb397e',getdate(),convert(char(8),convert (time,getdate())),getdate(),convert(char(8),convert (time,getdate())),'wsv','wsv',12.000 ,'aut660cf69350660cfb389c' ,0,0 ,2,23.00,150000,?,?,?,?,?)
20240403@074617.5468 sfqh29trk0k6vlv31d56i1v1ft Query : select 1 valor from information_schema.tables where table_type='base table' and table_name='wsfi2039fields'
20240403@074617.5483 sfqh29trk0k6vlv31d56i1v1ft Query : select fieldkey,fieldname,fieldtype,calcformula from wsfi2039fields
20240403@074617.5488 sfqh29trk0k6vlv31d56i1v1ft Query : insert into wsfi2039data (fi2stamp,ftstamp ,ousrdata, ousrhora, usrdata,usrhora,ousrinis,usrinis) values ('aut660cf30975660cfb397e','aut660cf69350660cfb389c' ,getdate(),convert(char(8),convert (time,getdate())),getdate(),convert(char(8),convert (time,getdate())),'wsv','wsv')
20240403@074617.5493 sfqh29trk0k6vlv31d56i1v1ft Query : select 1 valor from information_schema.tables where table_type='base table' and table_name='wsfi039fields'
20240403@074617.5507 sfqh29trk0k6vlv31d56i1v1ft Query : select fieldkey,fieldname,fieldtype,mandatory from wsfi039fields
20240403@074617.5531 sfqh29trk0k6vlv31d56i1v1ft Query : select 1 valor from information_schema.tables where table_type='base table' and table_name='wsfi2039fields'
20240403@074617.5545 sfqh29trk0k6vlv31d56i1v1ft Query : select fieldkey,fieldname,fieldtype,mandatory from wsfi2039fields
20240403@074617.5550 sfqh29trk0k6vlv31d56i1v1ft Query : select top 1 convert(numeric(6,2),t.taxa) valor from taxasiva t where t.codigo='2'
20240403@074617.5560 sfqh29trk0k6vlv31d56i1v1ft Query : select 1 valor from information_schema.tables where table_type='base table' and table_name='wsfi039fields'
20240403@074617.5575 sfqh29trk0k6vlv31d56i1v1ft Query : select fieldkey,fieldname,fieldtype,calcformula from wsfi039fields
20240403@074617.5611 sfqh29trk0k6vlv31d56i1v1ft Query : insert into wsfi039data (fistamp,ousrdata, ousrhora, usrdata,usrhora,ousrinis,usrinis ,qtt ,ftstamp ,epv,pvmoeda ,tabiva,iva,lordem ,ref, design ,armazem) values ('aut660cf06311660cfb3987',getdate(),convert(char(8),convert (time,getdate())),getdate(),convert(char(8),convert (time,getdate())),'wsv','wsv',0 ,'aut660cf69350660cfb389c' ,0,0 ,2,23.00,160000,?,?,?)
20240403@074617.5908 sfqh29trk0k6vlv31d56i1v1ft Query : select 1 valor from information_schema.tables where table_type='base table' and table_name='wsfi2039fields'
20240403@074617.5923 sfqh29trk0k6vlv31d56i1v1ft Query : select fieldkey,fieldname,fieldtype,calcformula from wsfi2039fields
20240403@074617.5928 sfqh29trk0k6vlv31d56i1v1ft Query : insert into wsfi2039data (fi2stamp,ftstamp ,ousrdata, ousrhora, usrdata,usrhora,ousrinis,usrinis) values ('aut660cf06311660cfb3987','aut660cf69350660cfb389c' ,getdate(),convert(char(8),convert (time,getdate())),getdate(),convert(char(8),convert (time,getdate())),'wsv','wsv')
20240403@074617.5932 sfqh29trk0k6vlv31d56i1v1ft Query : use flama_phc
20240403@074617.5935 sfqh29trk0k6vlv31d56i1v1ft Query : select st.usalote valor from st where st.ref = '324.1462.00.1'
20240403@074617.5947 sfqh29trk0k6vlv31d56i1v1ft Query : select top 1 st.tabiva ,st.ivaincl ,st.stns ,st.uni2 ,st.familia ,isnull(tx.taxa, 0) txiva ,unidade ,usalote ,epcpond ,noserie from st left join taxasiva tx on st.tabiva = tx.codigo where st.ref = '324.1462.00.1'
20240403@074617.5959 sfqh29trk0k6vlv31d56i1v1ft Query : select 1 valor from information_schema.tables where table_type='base table' and table_name='wsfi039fields'
20240403@074617.5973 sfqh29trk0k6vlv31d56i1v1ft Query : select fieldkey,fieldname,fieldtype,mandatory from wsfi039fields
20240403@074617.6012 sfqh29trk0k6vlv31d56i1v1ft Query : select 1 valor from information_schema.tables where table_type='base table' and table_name='wsfi2039fields'
20240403@074617.6025 sfqh29trk0k6vlv31d56i1v1ft Query : select fieldkey,fieldname,fieldtype,mandatory from wsfi2039fields
20240403@074617.6030 sfqh29trk0k6vlv31d56i1v1ft Query : select sestamp valor from se where ref ='324.1462.00.1' and lote = 'r2101096200a'
20240403@074617.6040 sfqh29trk0k6vlv31d56i1v1ft Query : select top 1 convert(numeric(6,2),t.taxa) valor from taxasiva t where t.codigo='2'
20240403@074617.6049 sfqh29trk0k6vlv31d56i1v1ft Query : select 1 valor from information_schema.tables where table_type='base table' and table_name='wsfi039fields'
20240403@074617.6063 sfqh29trk0k6vlv31d56i1v1ft Query : select fieldkey,fieldname,fieldtype,calcformula from wsfi039fields
20240403@074617.6087 sfqh29trk0k6vlv31d56i1v1ft Query : insert into wsfi039data (fistamp,ousrdata, ousrhora, usrdata,usrhora,ousrinis,usrinis ,qtt ,ftstamp ,epv,pvmoeda ,tabiva,iva,lordem ,ref, design ,lote,armazem,bistamp ) values ('aut660cf13624660cfb3993',getdate(),convert(char(8),convert (time,getdate())),getdate(),convert(char(8),convert (time,getdate())),'wsv','wsv',19.000 ,'aut660cf69350660cfb389c' ,0,0 ,2,23.00,180000,?,?,?,?,?)
20240403@074617.6366 sfqh29trk0k6vlv31d56i1v1ft Query : select 1 valor from information_schema.tables where table_type='base table' and table_name='wsfi2039fields'
20240403@074617.6381 sfqh29trk0k6vlv31d56i1v1ft Query : select fieldkey,fieldname,fieldtype,calcformula from wsfi2039fields
20240403@074617.6385 sfqh29trk0k6vlv31d56i1v1ft Query : insert into wsfi2039data (fi2stamp,ftstamp ,ousrdata, ousrhora, usrdata,usrhora,ousrinis,usrinis) values ('aut660cf13624660cfb3993','aut660cf69350660cfb389c' ,getdate(),convert(char(8),convert (time,getdate())),getdate(),convert(char(8),convert (time,getdate())),'wsv','wsv')
20240403@074617.6390 sfqh29trk0k6vlv31d56i1v1ft Query : use flama_phc
20240403@074617.6393 sfqh29trk0k6vlv31d56i1v1ft Query : select st.usalote valor from st where st.ref = '324.1462.00.1'
20240403@074617.6403 sfqh29trk0k6vlv31d56i1v1ft Query : select top 1 st.tabiva ,st.ivaincl ,st.stns ,st.uni2 ,st.familia ,isnull(tx.taxa, 0) txiva ,unidade ,usalote ,epcpond ,noserie from st left join taxasiva tx on st.tabiva = tx.codigo where st.ref = '324.1462.00.1'
20240403@074617.6414 sfqh29trk0k6vlv31d56i1v1ft Query : select 1 valor from information_schema.tables where table_type='base table' and table_name='wsfi039fields'
20240403@074617.6428 sfqh29trk0k6vlv31d56i1v1ft Query : select fieldkey,fieldname,fieldtype,mandatory from wsfi039fields
20240403@074617.6454 sfqh29trk0k6vlv31d56i1v1ft Query : select 1 valor from information_schema.tables where table_type='base table' and table_name='wsfi2039fields'
20240403@074617.6467 sfqh29trk0k6vlv31d56i1v1ft Query : select fieldkey,fieldname,fieldtype,mandatory from wsfi2039fields
20240403@074617.6472 sfqh29trk0k6vlv31d56i1v1ft Query : select sestamp valor from se where ref ='324.1462.00.1' and lote = 'r2101096200a'
20240403@074617.6482 sfqh29trk0k6vlv31d56i1v1ft Query : select top 1 convert(numeric(6,2),t.taxa) valor from taxasiva t where t.codigo='2'
20240403@074617.6492 sfqh29trk0k6vlv31d56i1v1ft Query : select 1 valor from information_schema.tables where table_type='base table' and table_name='wsfi039fields'
20240403@074617.6505 sfqh29trk0k6vlv31d56i1v1ft Query : select fieldkey,fieldname,fieldtype,calcformula from wsfi039fields
20240403@074617.6529 sfqh29trk0k6vlv31d56i1v1ft Query : insert into wsfi039data (fistamp,ousrdata, ousrhora, usrdata,usrhora,ousrinis,usrinis ,qtt ,ftstamp ,epv,pvmoeda ,tabiva,iva,lordem ,ref, design ,lote,armazem,bistamp ) values ('aut660cf10002660cfb399e',getdate(),convert(char(8),convert (time,getdate())),getdate(),convert(char(8),convert (time,getdate())),'wsv','wsv',3.000 ,'aut660cf69350660cfb389c' ,0,0 ,2,23.00,190000,?,?,?,?,?)
20240403@074617.6773 sfqh29trk0k6vlv31d56i1v1ft Query : select 1 valor from information_schema.tables where table_type='base table' and table_name='wsfi2039fields'
20240403@074617.6787 sfqh29trk0k6vlv31d56i1v1ft Query : select fieldkey,fieldname,fieldtype,calcformula from wsfi2039fields
20240403@074617.6792 sfqh29trk0k6vlv31d56i1v1ft Query : insert into wsfi2039data (fi2stamp,ftstamp ,ousrdata, ousrhora, usrdata,usrhora,ousrinis,usrinis) values ('aut660cf10002660cfb399e','aut660cf69350660cfb389c' ,getdate(),convert(char(8),convert (time,getdate())),getdate(),convert(char(8),convert (time,getdate())),'wsv','wsv')
20240403@074617.6796 sfqh29trk0k6vlv31d56i1v1ft Query : use flama_phc
20240403@074617.6799 sfqh29trk0k6vlv31d56i1v1ft Query : select st.usalote valor from st where st.ref = '327.8152.00.1'
20240403@074617.6811 sfqh29trk0k6vlv31d56i1v1ft Query : select top 1 st.tabiva ,st.ivaincl ,st.stns ,st.uni2 ,st.familia ,isnull(tx.taxa, 0) txiva ,unidade ,usalote ,epcpond ,noserie from st left join taxasiva tx on st.tabiva = tx.codigo where st.ref = '327.8152.00.1'
20240403@074617.6954 sfqh29trk0k6vlv31d56i1v1ft Query : select 1 valor from information_schema.tables where table_type='base table' and table_name='wsfi039fields'
20240403@074617.6969 sfqh29trk0k6vlv31d56i1v1ft Query : select fieldkey,fieldname,fieldtype,mandatory from wsfi039fields
20240403@074617.6993 sfqh29trk0k6vlv31d56i1v1ft Query : select 1 valor from information_schema.tables where table_type='base table' and table_name='wsfi2039fields'
20240403@074617.7007 sfqh29trk0k6vlv31d56i1v1ft Query : select fieldkey,fieldname,fieldtype,mandatory from wsfi2039fields
20240403@074617.7012 sfqh29trk0k6vlv31d56i1v1ft Query : select sestamp valor from se where ref ='327.8152.00.1' and lote = 'r2200712200a'
20240403@074617.7022 sfqh29trk0k6vlv31d56i1v1ft Query : select top 1 convert(numeric(6,2),t.taxa) valor from taxasiva t where t.codigo='2'
20240403@074617.7045 sfqh29trk0k6vlv31d56i1v1ft Query : select 1 valor from information_schema.tables where table_type='base table' and table_name='wsfi039fields'
20240403@074617.7058 sfqh29trk0k6vlv31d56i1v1ft Query : select fieldkey,fieldname,fieldtype,calcformula from wsfi039fields
20240403@074617.7084 sfqh29trk0k6vlv31d56i1v1ft Query : insert into wsfi039data (fistamp,ousrdata, ousrhora, usrdata,usrhora,ousrinis,usrinis ,qtt ,ftstamp ,epv,pvmoeda ,tabiva,iva,lordem ,ref, design ,lote,armazem,bistamp ) values ('aut660cf68323660cfb39ab',getdate(),convert(char(8),convert (time,getdate())),getdate(),convert(char(8),convert (time,getdate())),'wsv','wsv',1.000 ,'aut660cf69350660cfb389c' ,0,0 ,2,23.00,200000,?,?,?,?,?)
20240403@074617.7336 sfqh29trk0k6vlv31d56i1v1ft Query : select 1 valor from information_schema.tables where table_type='base table' and table_name='wsfi2039fields'
20240403@074617.7351 sfqh29trk0k6vlv31d56i1v1ft Query : select fieldkey,fieldname,fieldtype,calcformula from wsfi2039fields
20240403@074617.7356 sfqh29trk0k6vlv31d56i1v1ft Query : insert into wsfi2039data (fi2stamp,ftstamp ,ousrdata, ousrhora, usrdata,usrhora,ousrinis,usrinis) values ('aut660cf68323660cfb39ab','aut660cf69350660cfb389c' ,getdate(),convert(char(8),convert (time,getdate())),getdate(),convert(char(8),convert (time,getdate())),'wsv','wsv')
20240403@074617.7361 sfqh29trk0k6vlv31d56i1v1ft Query : select 1 valor from information_schema.tables where table_type='base table' and table_name='wsfi039fields'
20240403@074617.7375 sfqh29trk0k6vlv31d56i1v1ft Query : select fieldkey,fieldname,fieldtype,mandatory from wsfi039fields
20240403@074617.7402 sfqh29trk0k6vlv31d56i1v1ft Query : select 1 valor from information_schema.tables where table_type='base table' and table_name='wsfi2039fields'
20240403@074617.7416 sfqh29trk0k6vlv31d56i1v1ft Query : select fieldkey,fieldname,fieldtype,mandatory from wsfi2039fields
20240403@074617.7420 sfqh29trk0k6vlv31d56i1v1ft Query : select top 1 convert(numeric(6,2),t.taxa) valor from taxasiva t where t.codigo='2'
20240403@074617.7430 sfqh29trk0k6vlv31d56i1v1ft Query : select 1 valor from information_schema.tables where table_type='base table' and table_name='wsfi039fields'
20240403@074617.7444 sfqh29trk0k6vlv31d56i1v1ft Query : select fieldkey,fieldname,fieldtype,calcformula from wsfi039fields
20240403@074617.7468 sfqh29trk0k6vlv31d56i1v1ft Query : insert into wsfi039data (fistamp,ousrdata, ousrhora, usrdata,usrhora,ousrinis,usrinis ,qtt ,ftstamp ,epv,pvmoeda ,tabiva,iva,lordem ,ref, design ,armazem) values ('aut660cf50539660cfb39b5',getdate(),convert(char(8),convert (time,getdate())),getdate(),convert(char(8),convert (time,getdate())),'wsv','wsv',0 ,'aut660cf69350660cfb389c' ,0,0 ,2,23.00,210000,?,?,?)
20240403@074617.7718 sfqh29trk0k6vlv31d56i1v1ft Query : select 1 valor from information_schema.tables where table_type='base table' and table_name='wsfi2039fields'
20240403@074617.7734 sfqh29trk0k6vlv31d56i1v1ft Query : select fieldkey,fieldname,fieldtype,calcformula from wsfi2039fields
20240403@074617.7739 sfqh29trk0k6vlv31d56i1v1ft Query : insert into wsfi2039data (fi2stamp,ftstamp ,ousrdata, ousrhora, usrdata,usrhora,ousrinis,usrinis) values ('aut660cf50539660cfb39b5','aut660cf69350660cfb389c' ,getdate(),convert(char(8),convert (time,getdate())),getdate(),convert(char(8),convert (time,getdate())),'wsv','wsv')
20240403@074617.7743 sfqh29trk0k6vlv31d56i1v1ft Query : insert into wsftcreationlog (initialftstamp,externalid,creationstatus,documenttypeid,idustamp) values ('aut660cf69350660cfb389c','2402484','wait',39,'ari17112337378,753000005')
20240403@074617.7770 sfqh29trk0k6vlv31d56i1v1ft Query : use flama_phc
20240403@074617.7773 sfqh29trk0k6vlv31d56i1v1ft Query : update u_wsusers set rqsttoken =? where userid ='userls001'
20240403@074617.7784 sfqh29trk0k6vlv31d56i1v1ft Query : select concat(rtrim(relative_path),ltrim(name_new)) as valor from uploadfiles where uploadfile_id='927';
20240403@074617.7802 sfqh29trk0k6vlv31d56i1v1ft Query : update uploadfiles set whenupdated=current_timestamp where uploadfile_id='927';
20240403@074617.7818 sfqh29trk0k6vlv31d56i1v1ft Query : select concat(rtrim(relative_path),ltrim(name_new)) as valor from uploadfiles where uploadfile_id='927';
20240403@074617.7835 sfqh29trk0k6vlv31d56i1v1ft Query : update uploadfiles set whenupdated=current_timestamp where uploadfile_id='927';
20240403@074617.9061 fcqup9joai8626vodmcsqnqs49 Query : insert into uploadfiles ( name_original, name_new, option_type, relative_path, whencreated ) values ( ?, ?, ?, ?, getdate() )
20240403@074617.9073 fcqup9joai8626vodmcsqnqs49 Query : select uploadfile_id valor from uploadfiles where name_new = ? and option_type = ? 
20240403@074617.9094 fcqup9joai8626vodmcsqnqs49 Query : select concat(rtrim(relative_path),ltrim(name_new)) as valor from uploadfiles where uploadfile_id='928';
20240403@074617.9140 fcqup9joai8626vodmcsqnqs49 Query : update uploadfiles set whenupdated=current_timestamp where uploadfile_id='928';
20240403@074617.9156 fcqup9joai8626vodmcsqnqs49 Query : select concat(rtrim(relative_path),ltrim(name_new)) as valor from uploadfiles where uploadfile_id='928';
20240403@074617.9174 fcqup9joai8626vodmcsqnqs49 Query : update uploadfiles set whenupdated=current_timestamp where uploadfile_id='928';
20240403@074617.9187 fcqup9joai8626vodmcsqnqs49 Query : use flama_phc
20240403@074617.9190 fcqup9joai8626vodmcsqnqs49 Query : select top 1 secretkey valor from u_wsusers u where u.userid = ? and u.inactivo=0
20240403@074617.9203 fcqup9joai8626vodmcsqnqs49 Query : use flama_phc
20240403@074617.9206 fcqup9joai8626vodmcsqnqs49 Query : select no, estab,szadrsdesc from szadrs where u_coddest=4786
20240403@074617.9246 fcqup9joai8626vodmcsqnqs49 Query : select top 1 isnull(design,'') valor from st (nolock) left join stobs (nolock) on st.ref = stobs.ref where st.ref = '324.499.00.01'
20240403@074617.9257 fcqup9joai8626vodmcsqnqs49 Query : select top 1 bistamp valor from bi inner join bo on bo.bostamp=bi.bostamp where bo.ndos =240 and bo.boano =2024 and bo.obrano = 2402486 and bi.ref ='324.499.00.01' and bi.lordem =1
20240403@074617.9597 fcqup9joai8626vodmcsqnqs49 Query : select top 1 isnull(design,'') valor from st (nolock) left join stobs (nolock) on st.ref = stobs.ref where st.ref = '304.4320.00.1'
20240403@074617.9609 fcqup9joai8626vodmcsqnqs49 Query : select top 1 bistamp valor from bi inner join bo on bo.bostamp=bi.bostamp where bo.ndos =240 and bo.boano =2024 and bo.obrano = 2402486 and bi.ref ='304.4320.00.1' and bi.lordem =2
20240403@074617.9943 fcqup9joai8626vodmcsqnqs49 Query : select top 1 isnull(design,'') valor from st (nolock) left join stobs (nolock) on st.ref = stobs.ref where st.ref = '324.4970.00.1'
20240403@074617.9956 fcqup9joai8626vodmcsqnqs49 Query : select top 1 bistamp valor from bi inner join bo on bo.bostamp=bi.bostamp where bo.ndos =240 and bo.boano =2024 and bo.obrano = 2402486 and bi.ref ='324.4970.00.1' and bi.lordem =3
20240403@074618.3260 fcqup9joai8626vodmcsqnqs49 Query : select top 1 isnull(design,'') valor from st (nolock) left join stobs (nolock) on st.ref = stobs.ref where st.ref = '324.1470.00.1'
20240403@074618.3380 fcqup9joai8626vodmcsqnqs49 Query : select top 1 bistamp valor from bi inner join bo on bo.bostamp=bi.bostamp where bo.ndos =240 and bo.boano =2024 and bo.obrano = 2402486 and bi.ref ='324.1470.00.1' and bi.lordem =4
20240403@074618.6640 fcqup9joai8626vodmcsqnqs49 Query : select top 1 isnull(design,'') valor from st (nolock) left join stobs (nolock) on st.ref = stobs.ref where st.ref = '324.1470.00.1'
20240403@074618.6750 fcqup9joai8626vodmcsqnqs49 Query : select top 1 bistamp valor from bi inner join bo on bo.bostamp=bi.bostamp where bo.ndos =240 and bo.boano =2024 and bo.obrano = 2402486 and bi.ref ='324.1470.00.1' and bi.lordem =4
20240403@074618.6800 fcqup9joai8626vodmcsqnqs49 Query : select top 1 isnull(design,'') valor from st (nolock) left join stobs (nolock) on st.ref = stobs.ref where st.ref = '324.691.00.01'
20240403@074618.6910 fcqup9joai8626vodmcsqnqs49 Query : select top 1 bistamp valor from bi inner join bo on bo.bostamp=bi.bostamp where bo.ndos =240 and bo.boano =2024 and bo.obrano = 2402486 and bi.ref ='324.691.00.01' and bi.lordem =5
20240403@074618.1022 fcqup9joai8626vodmcsqnqs49 Query : select top 1 isnull(design,'') valor from st (nolock) left join stobs (nolock) on st.ref = stobs.ref where st.ref = '324.691.00.01'
20240403@074618.1037 fcqup9joai8626vodmcsqnqs49 Query : select top 1 bistamp valor from bi inner join bo on bo.bostamp=bi.bostamp where bo.ndos =240 and bo.boano =2024 and bo.obrano = 2402486 and bi.ref ='324.691.00.01' and bi.lordem =5
20240403@074618.1043 fcqup9joai8626vodmcsqnqs49 Query : use flama_phc
20240403@074618.1046 fcqup9joai8626vodmcsqnqs49 Query : select top 1 convert(date,fdata) valor from ft where ndoc = 39 and anulado= 0 and fno>0 order by fdata desc
20240403@074618.1058 fcqup9joai8626vodmcsqnqs49 Query : use flama_phc
20240403@074618.1061 fcqup9joai8626vodmcsqnqs49 Query : select top 1 1 valor from td where td.ndoc = 39
20240403@074618.1071 fcqup9joai8626vodmcsqnqs49 Query : use flama_phc
20240403@074618.1074 fcqup9joai8626vodmcsqnqs49 Query : select descricao ,case when valor='s' then 1 else 0 end usalotes from para1 where descricao in ('st_lote')
20240403@074618.1084 fcqup9joai8626vodmcsqnqs49 Query : select top 1 assinadoc issigned ,td.lancasl stocks ,'cl' origin ,case when (cmsl between 1 and 50 ) then 1 else 0 end entrada ,case when (cmsl>50 ) then 1 else 0 end saida ,~lotestock validatestock ,tiposaft from td inner join td2 on td.tdstamp=td2.td2stamp where td.ndoc =39
20240403@074618.1098 fcqup9joai8626vodmcsqnqs49 Query : use flama_phc
20240403@074618.1100 fcqup9joai8626vodmcsqnqs49 Query : select top 1 ~inactivo valor from cl where no = '101847' and estab = 0 order by inactivo desc
20240403@074618.1110 fcqup9joai8626vodmcsqnqs49 Query : use flama_phc
20240403@074618.1115 fcqup9joai8626vodmcsqnqs49 Query : select top 1 tipodoc,regrd from td where ndoc = 39
20240403@074618.1126 fcqup9joai8626vodmcsqnqs49 Query : use flama_phc
20240403@074618.1128 fcqup9joai8626vodmcsqnqs49 Query : select szadrsstamp valor from szadrs where szadrsdesc='espaÇotrans,lda'
20240403@074618.1139 fcqup9joai8626vodmcsqnqs49 Query : use flama_phc
20240403@074618.1142 fcqup9joai8626vodmcsqnqs49 Query : select szadrsstamp valor from szadrs where szadrsdesc='101847 - media markt aveiro-prod.inf.e elect.,lda'
20240403@074618.1154 fcqup9joai8626vodmcsqnqs49 Query : use flama_phc
20240403@074618.1157 fcqup9joai8626vodmcsqnqs49 Query : select 1 valor from td where ndoc = 39
20240403@074618.1167 fcqup9joai8626vodmcsqnqs49 Query : select top 1 manternumero, tiposaft, nmdos,td.assinadoc from td where td.ndoc = 39
20240403@074618.1178 fcqup9joai8626vodmcsqnqs49 Query : select 1 valor from information_schema.tables where table_type='base table' and table_name='wsft039fields'
20240403@074618.1192 fcqup9joai8626vodmcsqnqs49 Query : select fieldkey,fieldname,fieldtype,mandatory from wsft039fields
20240403@074618.1208 fcqup9joai8626vodmcsqnqs49 Query : select 1 valor from information_schema.tables where table_type='base table' and table_name='wsft2039fields'
20240403@074618.1223 fcqup9joai8626vodmcsqnqs49 Query : select fieldkey,fieldname,fieldtype,mandatory from wsft2039fields
20240403@074618.1250 fcqup9joai8626vodmcsqnqs49 Query : select 1 valor from information_schema.tables where table_type='base table' and table_name='wsft3039fields'
20240403@074618.1263 fcqup9joai8626vodmcsqnqs49 Query : select fieldkey,fieldname,fieldtype,mandatory from wsft3039fields
20240403@074618.1274 fcqup9joai8626vodmcsqnqs49 Query : select top 1 ft.fno valor from ft ft where ft.ndoc = 39 and ftano=2024 order by fno desc
20240403@074618.1366 fcqup9joai8626vodmcsqnqs49 Query : select top 1 ft.fno valor from wsft039data ft where ft.ndoc = 39 and ftano=2024 order by fno desc
20240403@074618.1376 fcqup9joai8626vodmcsqnqs49 Query : select 1 valor from information_schema.tables where table_type='base table' and table_name='wsft3039fields'
20240403@074618.1389 fcqup9joai8626vodmcsqnqs49 Query : select fieldkey,fieldname,fieldtype,calcformula from wsft3039fields
20240403@074618.1399 fcqup9joai8626vodmcsqnqs49 Query : insert into wsft3039data (ft3stamp, ousrdata, ousrhora, usrdata,usrhora,ousrinis,usrinis,taxpointdt ) values ('aut660cf77727660cfb3a1f' ,getdate(),convert(char(8),convert (time,getdate())),getdate(),convert(char(8),convert (time,getdate())),'wsv','wsv',?)
20240403@074618.1561 fcqup9joai8626vodmcsqnqs49 Query : select 1 valor from information_schema.tables where table_type='base table' and table_name='wsft2039fields'
20240403@074618.1576 fcqup9joai8626vodmcsqnqs49 Query : select fieldkey,fieldname,fieldtype,calcformula from wsft2039fields
20240403@074618.1606 fcqup9joai8626vodmcsqnqs49 Query : select top 1 bo.u_nomeenv valor from bo where bo.bostamp=''
20240403@074618.1611 fcqup9joai8626vodmcsqnqs49 Query : select top 1 bo.u_moradaen valor from bo where bo.bostamp=''
20240403@074618.1618 fcqup9joai8626vodmcsqnqs49 Query : select top 1 bo.u_codposen valor from bo where bo.bostamp=''
20240403@074618.1622 fcqup9joai8626vodmcsqnqs49 Query : select top 1 bo.u_localenv valor from bo where bo.bostamp=''
20240403@074618.1627 fcqup9joai8626vodmcsqnqs49 Query : select top 1 bo.trab5 valor from bo where bo.bostamp=''
20240403@074618.1632 fcqup9joai8626vodmcsqnqs49 Query : select top 1 bo.serie valor from bo where bo.bostamp=''
20240403@074618.1636 fcqup9joai8626vodmcsqnqs49 Query : insert into wsft2039data (ft2stamp, ousrdata,ousrhora, usrdata,usrhora,ousrinis,usrinis,u_nomeenv ,u_moradaen ,u_codposen ,u_localenv ,u_coddest ,u_codby ) values ('aut660cf77727660cfb3a1f',getdate(),convert(char(8),convert (time,getdate())),getdate(),convert(char(8),convert (time,getdate())),'wsv','wsv',?,?,?,?,?,?)
20240403@074618.1997 fcqup9joai8626vodmcsqnqs49 Query : select top 1 fno valor from wsft039data order by fno desc
20240403@074618.2934 fcqup9joai8626vodmcsqnqs49 Query : select 1 valor from information_schema.tables where table_type='base table' and table_name='wsft039fields'
20240403@074618.2950 fcqup9joai8626vodmcsqnqs49 Query : select fieldkey,fieldname,fieldtype,calcformula from wsft039fields
20240403@074618.2968 fcqup9joai8626vodmcsqnqs49 Query : insert into wsft039data (ftstamp, ousrdata,ousrhora, usrdata,usrhora,ousrinis,usrinis,fno,no,estab,fdata,ndoc,moeda,cambio,cambiofixo,ftano,cdata,chora,carga,descar,site ,classe ) values ('aut660cf77727660cfb3a1f',getdate(),convert(char(8),convert (time,getdate())),getdate(),convert(char(8),convert (time,getdate())),'wsv','wsv',711,101847,0,'2024-04-03',39,'euro',0,0,2024 ,'20240403','0816',?,?,?,?)
20240403@074618.3244 fcqup9joai8626vodmcsqnqs49 Query : use flama_phc
20240403@074618.3247 fcqup9joai8626vodmcsqnqs49 Query : select st.usalote valor from st where st.ref = '324.499.00.01'
20240403@074618.3258 fcqup9joai8626vodmcsqnqs49 Query : select top 1 st.tabiva ,st.ivaincl ,st.stns ,st.uni2 ,st.familia ,isnull(tx.taxa, 0) txiva ,unidade ,usalote ,epcpond ,noserie from st left join taxasiva tx on st.tabiva = tx.codigo where st.ref = '324.499.00.01'
20240403@074618.3270 fcqup9joai8626vodmcsqnqs49 Query : select 1 valor from information_schema.tables where table_type='base table' and table_name='wsfi039fields'
20240403@074618.3283 fcqup9joai8626vodmcsqnqs49 Query : select fieldkey,fieldname,fieldtype,mandatory from wsfi039fields
20240403@074618.3306 fcqup9joai8626vodmcsqnqs49 Query : select 1 valor from information_schema.tables where table_type='base table' and table_name='wsfi2039fields'
20240403@074618.3319 fcqup9joai8626vodmcsqnqs49 Query : select fieldkey,fieldname,fieldtype,mandatory from wsfi2039fields
20240403@074618.3324 fcqup9joai8626vodmcsqnqs49 Query : select sestamp valor from se where ref ='324.499.00.01' and lote = 'r2100869200a'
20240403@074618.3335 fcqup9joai8626vodmcsqnqs49 Query : select top 1 convert(numeric(6,2),t.taxa) valor from taxasiva t where t.codigo='2'
20240403@074618.3344 fcqup9joai8626vodmcsqnqs49 Query : select 1 valor from information_schema.tables where table_type='base table' and table_name='wsfi039fields'
20240403@074618.3357 fcqup9joai8626vodmcsqnqs49 Query : select fieldkey,fieldname,fieldtype,calcformula from wsfi039fields
20240403@074618.3572 fcqup9joai8626vodmcsqnqs49 Query : insert into wsfi039data (fistamp,ousrdata, ousrhora, usrdata,usrhora,ousrinis,usrinis ,qtt ,ftstamp ,epv,pvmoeda ,tabiva,iva,lordem ,ref, design ,lote,armazem,bistamp ) values ('aut660cf49817660cfb3a51',getdate(),convert(char(8),convert (time,getdate())),getdate(),convert(char(8),convert (time,getdate())),'wsv','wsv',4.000 ,'aut660cf77727660cfb3a1f' ,0,0 ,2,23.00,10000,?,?,?,?,?)
20240403@074618.3828 fcqup9joai8626vodmcsqnqs49 Query : select 1 valor from information_schema.tables where table_type='base table' and table_name='wsfi2039fields'
20240403@074618.3872 fcqup9joai8626vodmcsqnqs49 Query : select fieldkey,fieldname,fieldtype,calcformula from wsfi2039fields
20240403@074618.3919 fcqup9joai8626vodmcsqnqs49 Query : insert into wsfi2039data (fi2stamp,ftstamp ,ousrdata, ousrhora, usrdata,usrhora,ousrinis,usrinis) values ('aut660cf49817660cfb3a51','aut660cf77727660cfb3a1f' ,getdate(),convert(char(8),convert (time,getdate())),getdate(),convert(char(8),convert (time,getdate())),'wsv','wsv')
20240403@074618.3962 fcqup9joai8626vodmcsqnqs49 Query : use flama_phc
20240403@074618.3967 fcqup9joai8626vodmcsqnqs49 Query : select st.usalote valor from st where st.ref = '304.4320.00.1'
20240403@074618.3982 fcqup9joai8626vodmcsqnqs49 Query : select top 1 st.tabiva ,st.ivaincl ,st.stns ,st.uni2 ,st.familia ,isnull(tx.taxa, 0) txiva ,unidade ,usalote ,epcpond ,noserie from st left join taxasiva tx on st.tabiva = tx.codigo where st.ref = '304.4320.00.1'
20240403@074618.3993 fcqup9joai8626vodmcsqnqs49 Query : select 1 valor from information_schema.tables where table_type='base table' and table_name='wsfi039fields'
20240403@074618.4054 fcqup9joai8626vodmcsqnqs49 Query : select fieldkey,fieldname,fieldtype,mandatory from wsfi039fields
20240403@074618.4079 fcqup9joai8626vodmcsqnqs49 Query : select 1 valor from information_schema.tables where table_type='base table' and table_name='wsfi2039fields'
20240403@074618.4092 fcqup9joai8626vodmcsqnqs49 Query : select fieldkey,fieldname,fieldtype,mandatory from wsfi2039fields
20240403@074618.4097 fcqup9joai8626vodmcsqnqs49 Query : select sestamp valor from se where ref ='304.4320.00.1' and lote = '240350'
20240403@074618.4107 fcqup9joai8626vodmcsqnqs49 Query : select top 1 convert(numeric(6,2),t.taxa) valor from taxasiva t where t.codigo='2'
20240403@074618.4120 fcqup9joai8626vodmcsqnqs49 Query : select 1 valor from information_schema.tables where table_type='base table' and table_name='wsfi039fields'
20240403@074618.4134 fcqup9joai8626vodmcsqnqs49 Query : select fieldkey,fieldname,fieldtype,calcformula from wsfi039fields
20240403@074618.4157 fcqup9joai8626vodmcsqnqs49 Query : insert into wsfi039data (fistamp,ousrdata, ousrhora, usrdata,usrhora,ousrinis,usrinis ,qtt ,ftstamp ,epv,pvmoeda ,tabiva,iva,lordem ,ref, design ,lote,armazem,bistamp ) values ('aut660cf80405660cfb3a64',getdate(),convert(char(8),convert (time,getdate())),getdate(),convert(char(8),convert (time,getdate())),'wsv','wsv',4.000 ,'aut660cf77727660cfb3a1f' ,0,0 ,2,23.00,20000,?,?,?,?,?)
20240403@074618.4457 fcqup9joai8626vodmcsqnqs49 Query : select 1 valor from information_schema.tables where table_type='base table' and table_name='wsfi2039fields'
20240403@074618.4480 fcqup9joai8626vodmcsqnqs49 Query : select fieldkey,fieldname,fieldtype,calcformula from wsfi2039fields
20240403@074618.4484 fcqup9joai8626vodmcsqnqs49 Query : insert into wsfi2039data (fi2stamp,ftstamp ,ousrdata, ousrhora, usrdata,usrhora,ousrinis,usrinis) values ('aut660cf80405660cfb3a64','aut660cf77727660cfb3a1f' ,getdate(),convert(char(8),convert (time,getdate())),getdate(),convert(char(8),convert (time,getdate())),'wsv','wsv')
20240403@074618.4488 fcqup9joai8626vodmcsqnqs49 Query : use flama_phc
20240403@074618.4491 fcqup9joai8626vodmcsqnqs49 Query : select st.usalote valor from st where st.ref = '324.4970.00.1'
20240403@074618.4780 fcqup9joai8626vodmcsqnqs49 Query : select top 1 st.tabiva ,st.ivaincl ,st.stns ,st.uni2 ,st.familia ,isnull(tx.taxa, 0) txiva ,unidade ,usalote ,epcpond ,noserie from st left join taxasiva tx on st.tabiva = tx.codigo where st.ref = '324.4970.00.1'
20240403@074618.4792 fcqup9joai8626vodmcsqnqs49 Query : select 1 valor from information_schema.tables where table_type='base table' and table_name='wsfi039fields'
20240403@074618.4806 fcqup9joai8626vodmcsqnqs49 Query : select fieldkey,fieldname,fieldtype,mandatory from wsfi039fields
20240403@074618.4831 fcqup9joai8626vodmcsqnqs49 Query : select 1 valor from information_schema.tables where table_type='base table' and table_name='wsfi2039fields'
20240403@074618.4843 fcqup9joai8626vodmcsqnqs49 Query : select fieldkey,fieldname,fieldtype,mandatory from wsfi2039fields
20240403@074618.4848 fcqup9joai8626vodmcsqnqs49 Query : select sestamp valor from se where ref ='324.4970.00.1' and lote = 'r2301074200a'
20240403@074618.4858 fcqup9joai8626vodmcsqnqs49 Query : select top 1 convert(numeric(6,2),t.taxa) valor from taxasiva t where t.codigo='2'
20240403@074618.4868 fcqup9joai8626vodmcsqnqs49 Query : select 1 valor from information_schema.tables where table_type='base table' and table_name='wsfi039fields'
20240403@074618.4881 fcqup9joai8626vodmcsqnqs49 Query : select fieldkey,fieldname,fieldtype,calcformula from wsfi039fields
20240403@074618.4906 fcqup9joai8626vodmcsqnqs49 Query : insert into wsfi039data (fistamp,ousrdata, ousrhora, usrdata,usrhora,ousrinis,usrinis ,qtt ,ftstamp ,epv,pvmoeda ,tabiva,iva,lordem ,ref, design ,lote,armazem,bistamp ) values ('aut660cf86843660cfb3a76',getdate(),convert(char(8),convert (time,getdate())),getdate(),convert(char(8),convert (time,getdate())),'wsv','wsv',4.000 ,'aut660cf77727660cfb3a1f' ,0,0 ,2,23.00,30000,?,?,?,?,?)
20240403@074618.5156 fcqup9joai8626vodmcsqnqs49 Query : select 1 valor from information_schema.tables where table_type='base table' and table_name='wsfi2039fields'
20240403@074618.5172 fcqup9joai8626vodmcsqnqs49 Query : select fieldkey,fieldname,fieldtype,calcformula from wsfi2039fields
20240403@074618.5176 fcqup9joai8626vodmcsqnqs49 Query : insert into wsfi2039data (fi2stamp,ftstamp ,ousrdata, ousrhora, usrdata,usrhora,ousrinis,usrinis) values ('aut660cf86843660cfb3a76','aut660cf77727660cfb3a1f' ,getdate(),convert(char(8),convert (time,getdate())),getdate(),convert(char(8),convert (time,getdate())),'wsv','wsv')
20240403@074618.5181 fcqup9joai8626vodmcsqnqs49 Query : use flama_phc
20240403@074618.5184 fcqup9joai8626vodmcsqnqs49 Query : select st.usalote valor from st where st.ref = '324.1470.00.1'
20240403@074618.5195 fcqup9joai8626vodmcsqnqs49 Query : select top 1 st.tabiva ,st.ivaincl ,st.stns ,st.uni2 ,st.familia ,isnull(tx.taxa, 0) txiva ,unidade ,usalote ,epcpond ,noserie from st left join taxasiva tx on st.tabiva = tx.codigo where st.ref = '324.1470.00.1'
20240403@074618.5206 fcqup9joai8626vodmcsqnqs49 Query : select 1 valor from information_schema.tables where table_type='base table' and table_name='wsfi039fields'
20240403@074618.5221 fcqup9joai8626vodmcsqnqs49 Query : select fieldkey,fieldname,fieldtype,mandatory from wsfi039fields
20240403@074618.5245 fcqup9joai8626vodmcsqnqs49 Query : select 1 valor from information_schema.tables where table_type='base table' and table_name='wsfi2039fields'
20240403@074618.5259 fcqup9joai8626vodmcsqnqs49 Query : select fieldkey,fieldname,fieldtype,mandatory from wsfi2039fields
20240403@074618.5264 fcqup9joai8626vodmcsqnqs49 Query : select sestamp valor from se where ref ='324.1470.00.1' and lote = 'r2100312200a'
20240403@074618.5275 fcqup9joai8626vodmcsqnqs49 Query : select top 1 convert(numeric(6,2),t.taxa) valor from taxasiva t where t.codigo='2'
20240403@074618.5285 fcqup9joai8626vodmcsqnqs49 Query : select 1 valor from information_schema.tables where table_type='base table' and table_name='wsfi039fields'
20240403@074618.5299 fcqup9joai8626vodmcsqnqs49 Query : select fieldkey,fieldname,fieldtype,calcformula from wsfi039fields
20240403@074618.5324 fcqup9joai8626vodmcsqnqs49 Query : insert into wsfi039data (fistamp,ousrdata, ousrhora, usrdata,usrhora,ousrinis,usrinis ,qtt ,ftstamp ,epv,pvmoeda ,tabiva,iva,lordem ,ref, design ,lote,armazem,bistamp ) values ('aut660cf65013660cfb3a81',getdate(),convert(char(8),convert (time,getdate())),getdate(),convert(char(8),convert (time,getdate())),'wsv','wsv',1.000 ,'aut660cf77727660cfb3a1f' ,0,0 ,2,23.00,40000,?,?,?,?,?)
20240403@074618.5575 fcqup9joai8626vodmcsqnqs49 Query : select 1 valor from information_schema.tables where table_type='base table' and table_name='wsfi2039fields'
20240403@074618.5592 fcqup9joai8626vodmcsqnqs49 Query : select fieldkey,fieldname,fieldtype,calcformula from wsfi2039fields
20240403@074618.5597 fcqup9joai8626vodmcsqnqs49 Query : insert into wsfi2039data (fi2stamp,ftstamp ,ousrdata, ousrhora, usrdata,usrhora,ousrinis,usrinis) values ('aut660cf65013660cfb3a81','aut660cf77727660cfb3a1f' ,getdate(),convert(char(8),convert (time,getdate())),getdate(),convert(char(8),convert (time,getdate())),'wsv','wsv')
20240403@074618.5601 fcqup9joai8626vodmcsqnqs49 Query : use flama_phc
20240403@074618.5605 fcqup9joai8626vodmcsqnqs49 Query : select st.usalote valor from st where st.ref = '324.1470.00.1'
20240403@074618.5616 fcqup9joai8626vodmcsqnqs49 Query : select top 1 st.tabiva ,st.ivaincl ,st.stns ,st.uni2 ,st.familia ,isnull(tx.taxa, 0) txiva ,unidade ,usalote ,epcpond ,noserie from st left join taxasiva tx on st.tabiva = tx.codigo where st.ref = '324.1470.00.1'
20240403@074618.5628 fcqup9joai8626vodmcsqnqs49 Query : select 1 valor from information_schema.tables where table_type='base table' and table_name='wsfi039fields'
20240403@074618.5642 fcqup9joai8626vodmcsqnqs49 Query : select fieldkey,fieldname,fieldtype,mandatory from wsfi039fields
20240403@074618.5671 fcqup9joai8626vodmcsqnqs49 Query : select 1 valor from information_schema.tables where table_type='base table' and table_name='wsfi2039fields'
20240403@074618.5684 fcqup9joai8626vodmcsqnqs49 Query : select fieldkey,fieldname,fieldtype,mandatory from wsfi2039fields
20240403@074618.5688 fcqup9joai8626vodmcsqnqs49 Query : select sestamp valor from se where ref ='324.1470.00.1' and lote = 'r2100312200a'
20240403@074618.5697 fcqup9joai8626vodmcsqnqs49 Query : select top 1 convert(numeric(6,2),t.taxa) valor from taxasiva t where t.codigo='2'
20240403@074618.5707 fcqup9joai8626vodmcsqnqs49 Query : select 1 valor from information_schema.tables where table_type='base table' and table_name='wsfi039fields'
20240403@074618.5728 fcqup9joai8626vodmcsqnqs49 Query : select fieldkey,fieldname,fieldtype,calcformula from wsfi039fields
20240403@074618.5751 fcqup9joai8626vodmcsqnqs49 Query : insert into wsfi039data (fistamp,ousrdata, ousrhora, usrdata,usrhora,ousrinis,usrinis ,qtt ,ftstamp ,epv,pvmoeda ,tabiva,iva,lordem ,ref, design ,lote,armazem,bistamp ) values ('aut660cf06740660cfb3a8b',getdate(),convert(char(8),convert (time,getdate())),getdate(),convert(char(8),convert (time,getdate())),'wsv','wsv',1.000 ,'aut660cf77727660cfb3a1f' ,0,0 ,2,23.00,50000,?,?,?,?,?)
20240403@074618.5996 fcqup9joai8626vodmcsqnqs49 Query : select 1 valor from information_schema.tables where table_type='base table' and table_name='wsfi2039fields'
20240403@074618.6011 fcqup9joai8626vodmcsqnqs49 Query : select fieldkey,fieldname,fieldtype,calcformula from wsfi2039fields
20240403@074618.6015 fcqup9joai8626vodmcsqnqs49 Query : insert into wsfi2039data (fi2stamp,ftstamp ,ousrdata, ousrhora, usrdata,usrhora,ousrinis,usrinis) values ('aut660cf06740660cfb3a8b','aut660cf77727660cfb3a1f' ,getdate(),convert(char(8),convert (time,getdate())),getdate(),convert(char(8),convert (time,getdate())),'wsv','wsv')
20240403@074618.6020 fcqup9joai8626vodmcsqnqs49 Query : use flama_phc
20240403@074618.6023 fcqup9joai8626vodmcsqnqs49 Query : select st.usalote valor from st where st.ref = '324.691.00.01'
20240403@074618.6033 fcqup9joai8626vodmcsqnqs49 Query : select top 1 st.tabiva ,st.ivaincl ,st.stns ,st.uni2 ,st.familia ,isnull(tx.taxa, 0) txiva ,unidade ,usalote ,epcpond ,noserie from st left join taxasiva tx on st.tabiva = tx.codigo where st.ref = '324.691.00.01'
20240403@074618.6066 fcqup9joai8626vodmcsqnqs49 Query : select 1 valor from information_schema.tables where table_type='base table' and table_name='wsfi039fields'
20240403@074618.6079 fcqup9joai8626vodmcsqnqs49 Query : select fieldkey,fieldname,fieldtype,mandatory from wsfi039fields
20240403@074618.6102 fcqup9joai8626vodmcsqnqs49 Query : select 1 valor from information_schema.tables where table_type='base table' and table_name='wsfi2039fields'
20240403@074618.6115 fcqup9joai8626vodmcsqnqs49 Query : select fieldkey,fieldname,fieldtype,mandatory from wsfi2039fields
20240403@074618.6119 fcqup9joai8626vodmcsqnqs49 Query : select sestamp valor from se where ref ='324.691.00.01' and lote = 'r2301201200a'
20240403@074618.6128 fcqup9joai8626vodmcsqnqs49 Query : select top 1 convert(numeric(6,2),t.taxa) valor from taxasiva t where t.codigo='2'
20240403@074618.6138 fcqup9joai8626vodmcsqnqs49 Query : select 1 valor from information_schema.tables where table_type='base table' and table_name='wsfi039fields'
20240403@074618.6150 fcqup9joai8626vodmcsqnqs49 Query : select fieldkey,fieldname,fieldtype,calcformula from wsfi039fields
20240403@074618.6172 fcqup9joai8626vodmcsqnqs49 Query : insert into wsfi039data (fistamp,ousrdata, ousrhora, usrdata,usrhora,ousrinis,usrinis ,qtt ,ftstamp ,epv,pvmoeda ,tabiva,iva,lordem ,ref, design ,lote,armazem,bistamp ) values ('aut660cf37430660cfb3a95',getdate(),convert(char(8),convert (time,getdate())),getdate(),convert(char(8),convert (time,getdate())),'wsv','wsv',1.000 ,'aut660cf77727660cfb3a1f' ,0,0 ,2,23.00,60000,?,?,?,?,?)
20240403@074618.6445 fcqup9joai8626vodmcsqnqs49 Query : select 1 valor from information_schema.tables where table_type='base table' and table_name='wsfi2039fields'
20240403@074618.6460 fcqup9joai8626vodmcsqnqs49 Query : select fieldkey,fieldname,fieldtype,calcformula from wsfi2039fields
20240403@074618.6466 fcqup9joai8626vodmcsqnqs49 Query : insert into wsfi2039data (fi2stamp,ftstamp ,ousrdata, ousrhora, usrdata,usrhora,ousrinis,usrinis) values ('aut660cf37430660cfb3a95','aut660cf77727660cfb3a1f' ,getdate(),convert(char(8),convert (time,getdate())),getdate(),convert(char(8),convert (time,getdate())),'wsv','wsv')
20240403@074618.6471 fcqup9joai8626vodmcsqnqs49 Query : select 1 valor from information_schema.tables where table_type='base table' and table_name='wsfi039fields'
20240403@074618.6485 fcqup9joai8626vodmcsqnqs49 Query : select fieldkey,fieldname,fieldtype,mandatory from wsfi039fields
20240403@074618.6510 fcqup9joai8626vodmcsqnqs49 Query : select 1 valor from information_schema.tables where table_type='base table' and table_name='wsfi2039fields'
20240403@074618.6522 fcqup9joai8626vodmcsqnqs49 Query : select fieldkey,fieldname,fieldtype,mandatory from wsfi2039fields
20240403@074618.6526 fcqup9joai8626vodmcsqnqs49 Query : select top 1 convert(numeric(6,2),t.taxa) valor from taxasiva t where t.codigo='2'
20240403@074618.6535 fcqup9joai8626vodmcsqnqs49 Query : select 1 valor from information_schema.tables where table_type='base table' and table_name='wsfi039fields'
20240403@074618.6547 fcqup9joai8626vodmcsqnqs49 Query : select fieldkey,fieldname,fieldtype,calcformula from wsfi039fields
20240403@074618.6569 fcqup9joai8626vodmcsqnqs49 Query : insert into wsfi039data (fistamp,ousrdata, ousrhora, usrdata,usrhora,ousrinis,usrinis ,qtt ,ftstamp ,epv,pvmoeda ,tabiva,iva,lordem ,ref, design ,armazem) values ('aut660cf11673660cfb3a9f',getdate(),convert(char(8),convert (time,getdate())),getdate(),convert(char(8),convert (time,getdate())),'wsv','wsv',0 ,'aut660cf77727660cfb3a1f' ,0,0 ,2,23.00,70000,?,?,?)
20240403@074618.6812 fcqup9joai8626vodmcsqnqs49 Query : select 1 valor from information_schema.tables where table_type='base table' and table_name='wsfi2039fields'
20240403@074618.6827 fcqup9joai8626vodmcsqnqs49 Query : select fieldkey,fieldname,fieldtype,calcformula from wsfi2039fields
20240403@074618.6831 fcqup9joai8626vodmcsqnqs49 Query : insert into wsfi2039data (fi2stamp,ftstamp ,ousrdata, ousrhora, usrdata,usrhora,ousrinis,usrinis) values ('aut660cf11673660cfb3a9f','aut660cf77727660cfb3a1f' ,getdate(),convert(char(8),convert (time,getdate())),getdate(),convert(char(8),convert (time,getdate())),'wsv','wsv')
20240403@074618.6835 fcqup9joai8626vodmcsqnqs49 Query : use flama_phc
20240403@074618.6838 fcqup9joai8626vodmcsqnqs49 Query : select st.usalote valor from st where st.ref = '324.691.00.01'
20240403@074618.6847 fcqup9joai8626vodmcsqnqs49 Query : select top 1 st.tabiva ,st.ivaincl ,st.stns ,st.uni2 ,st.familia ,isnull(tx.taxa, 0) txiva ,unidade ,usalote ,epcpond ,noserie from st left join taxasiva tx on st.tabiva = tx.codigo where st.ref = '324.691.00.01'
20240403@074618.6857 fcqup9joai8626vodmcsqnqs49 Query : select 1 valor from information_schema.tables where table_type='base table' and table_name='wsfi039fields'
20240403@074618.6869 fcqup9joai8626vodmcsqnqs49 Query : select fieldkey,fieldname,fieldtype,mandatory from wsfi039fields
20240403@074618.6892 fcqup9joai8626vodmcsqnqs49 Query : select 1 valor from information_schema.tables where table_type='base table' and table_name='wsfi2039fields'
20240403@074618.6903 fcqup9joai8626vodmcsqnqs49 Query : select fieldkey,fieldname,fieldtype,mandatory from wsfi2039fields
20240403@074618.6908 fcqup9joai8626vodmcsqnqs49 Query : select sestamp valor from se where ref ='324.691.00.01' and lote = 'r2301201200a'
20240403@074618.6917 fcqup9joai8626vodmcsqnqs49 Query : select top 1 convert(numeric(6,2),t.taxa) valor from taxasiva t where t.codigo='2'
20240403@074618.6927 fcqup9joai8626vodmcsqnqs49 Query : select 1 valor from information_schema.tables where table_type='base table' and table_name='wsfi039fields'
20240403@074618.6944 fcqup9joai8626vodmcsqnqs49 Query : select fieldkey,fieldname,fieldtype,calcformula from wsfi039fields
20240403@074618.6975 fcqup9joai8626vodmcsqnqs49 Query : insert into wsfi039data (fistamp,ousrdata, ousrhora, usrdata,usrhora,ousrinis,usrinis ,qtt ,ftstamp ,epv,pvmoeda ,tabiva,iva,lordem ,ref, design ,lote,armazem,bistamp ) values ('aut660cf76862660cfb3aa9',getdate(),convert(char(8),convert (time,getdate())),getdate(),convert(char(8),convert (time,getdate())),'wsv','wsv',1.000 ,'aut660cf77727660cfb3a1f' ,0,0 ,2,23.00,90000,?,?,?,?,?)
20240403@074618.7226 fcqup9joai8626vodmcsqnqs49 Query : select 1 valor from information_schema.tables where table_type='base table' and table_name='wsfi2039fields'
20240403@074618.7241 fcqup9joai8626vodmcsqnqs49 Query : select fieldkey,fieldname,fieldtype,calcformula from wsfi2039fields
20240403@074618.7246 fcqup9joai8626vodmcsqnqs49 Query : insert into wsfi2039data (fi2stamp,ftstamp ,ousrdata, ousrhora, usrdata,usrhora,ousrinis,usrinis) values ('aut660cf76862660cfb3aa9','aut660cf77727660cfb3a1f' ,getdate(),convert(char(8),convert (time,getdate())),getdate(),convert(char(8),convert (time,getdate())),'wsv','wsv')
20240403@074618.7259 fcqup9joai8626vodmcsqnqs49 Query : select 1 valor from information_schema.tables where table_type='base table' and table_name='wsfi039fields'
20240403@074618.7273 fcqup9joai8626vodmcsqnqs49 Query : select fieldkey,fieldname,fieldtype,mandatory from wsfi039fields
20240403@074618.7295 fcqup9joai8626vodmcsqnqs49 Query : select 1 valor from information_schema.tables where table_type='base table' and table_name='wsfi2039fields'
20240403@074618.7308 fcqup9joai8626vodmcsqnqs49 Query : select fieldkey,fieldname,fieldtype,mandatory from wsfi2039fields
20240403@074618.7312 fcqup9joai8626vodmcsqnqs49 Query : select top 1 convert(numeric(6,2),t.taxa) valor from taxasiva t where t.codigo='2'
20240403@074618.7322 fcqup9joai8626vodmcsqnqs49 Query : select 1 valor from information_schema.tables where table_type='base table' and table_name='wsfi039fields'
20240403@074618.7335 fcqup9joai8626vodmcsqnqs49 Query : select fieldkey,fieldname,fieldtype,calcformula from wsfi039fields
20240403@074618.7360 fcqup9joai8626vodmcsqnqs49 Query : insert into wsfi039data (fistamp,ousrdata, ousrhora, usrdata,usrhora,ousrinis,usrinis ,qtt ,ftstamp ,epv,pvmoeda ,tabiva,iva,lordem ,ref, design ,armazem) values ('aut660cf59151660cfb3ab2',getdate(),convert(char(8),convert (time,getdate())),getdate(),convert(char(8),convert (time,getdate())),'wsv','wsv',0 ,'aut660cf77727660cfb3a1f' ,0,0 ,2,23.00,100000,?,?,?)
20240403@074618.7611 fcqup9joai8626vodmcsqnqs49 Query : select 1 valor from information_schema.tables where table_type='base table' and table_name='wsfi2039fields'
20240403@074618.7627 fcqup9joai8626vodmcsqnqs49 Query : select fieldkey,fieldname,fieldtype,calcformula from wsfi2039fields
20240403@074618.7633 fcqup9joai8626vodmcsqnqs49 Query : insert into wsfi2039data (fi2stamp,ftstamp ,ousrdata, ousrhora, usrdata,usrhora,ousrinis,usrinis) values ('aut660cf59151660cfb3ab2','aut660cf77727660cfb3a1f' ,getdate(),convert(char(8),convert (time,getdate())),getdate(),convert(char(8),convert (time,getdate())),'wsv','wsv')
20240403@074618.7637 fcqup9joai8626vodmcsqnqs49 Query : insert into wsftcreationlog (initialftstamp,externalid,creationstatus,documenttypeid,idustamp) values ('aut660cf77727660cfb3a1f','2402486','wait',39,'ari17112337378,753000005')
20240403@074618.7656 fcqup9joai8626vodmcsqnqs49 Query : use flama_phc
20240403@074618.7659 fcqup9joai8626vodmcsqnqs49 Query : update u_wsusers set rqsttoken =? where userid ='userls001'
20240403@074618.7670 fcqup9joai8626vodmcsqnqs49 Query : select concat(rtrim(relative_path),ltrim(name_new)) as valor from uploadfiles where uploadfile_id='928';
20240403@074618.7692 fcqup9joai8626vodmcsqnqs49 Query : update uploadfiles set whenupdated=current_timestamp where uploadfile_id='928';
20240403@074618.7707 fcqup9joai8626vodmcsqnqs49 Query : select concat(rtrim(relative_path),ltrim(name_new)) as valor from uploadfiles where uploadfile_id='928';
20240403@074618.7723 fcqup9joai8626vodmcsqnqs49 Query : update uploadfiles set whenupdated=current_timestamp where uploadfile_id='928';
20240403@074618.8889 kdg0kkgsg76hn3m0vg10b4qn27 Query : insert into uploadfiles ( name_original, name_new, option_type, relative_path, whencreated ) values ( ?, ?, ?, ?, getdate() )
20240403@074618.8902 kdg0kkgsg76hn3m0vg10b4qn27 Query : select uploadfile_id valor from uploadfiles where name_new = ? and option_type = ? 
20240403@074618.8924 kdg0kkgsg76hn3m0vg10b4qn27 Query : select concat(rtrim(relative_path),ltrim(name_new)) as valor from uploadfiles where uploadfile_id='929';
20240403@074618.8970 kdg0kkgsg76hn3m0vg10b4qn27 Query : update uploadfiles set whenupdated=current_timestamp where uploadfile_id='929';
20240403@074618.8985 kdg0kkgsg76hn3m0vg10b4qn27 Query : select concat(rtrim(relative_path),ltrim(name_new)) as valor from uploadfiles where uploadfile_id='929';
20240403@074618.8999 kdg0kkgsg76hn3m0vg10b4qn27 Query : update uploadfiles set whenupdated=current_timestamp where uploadfile_id='929';
20240403@074618.9029 kdg0kkgsg76hn3m0vg10b4qn27 Query : use flama_phc
20240403@074618.9033 kdg0kkgsg76hn3m0vg10b4qn27 Query : select top 1 secretkey valor from u_wsusers u where u.userid = ? and u.inactivo=0
20240403@074618.9046 kdg0kkgsg76hn3m0vg10b4qn27 Query : use flama_phc
20240403@074618.9048 kdg0kkgsg76hn3m0vg10b4qn27 Query : select no, estab,szadrsdesc from szadrs where u_coddest=6975
20240403@074619.1111 kdg0kkgsg76hn3m0vg10b4qn27 Query : select top 1 isnull(design,'') valor from st (nolock) left join stobs (nolock) on st.ref = stobs.ref where st.ref = '324.1608.00.1'
20240403@074619.1257 kdg0kkgsg76hn3m0vg10b4qn27 Query : select top 1 bistamp valor from bi inner join bo on bo.bostamp=bi.bostamp where bo.ndos =240 and bo.boano =2024 and bo.obrano = 2402490 and bi.ref ='324.1608.00.1' and bi.lordem =1
20240403@074619.1582 kdg0kkgsg76hn3m0vg10b4qn27 Query : select top 1 isnull(design,'') valor from st (nolock) left join stobs (nolock) on st.ref = stobs.ref where st.ref = '324.2221.00.1'
20240403@074619.1595 kdg0kkgsg76hn3m0vg10b4qn27 Query : select top 1 bistamp valor from bi inner join bo on bo.bostamp=bi.bostamp where bo.ndos =240 and bo.boano =2024 and bo.obrano = 2402490 and bi.ref ='324.2221.00.1' and bi.lordem =2
20240403@074619.1934 kdg0kkgsg76hn3m0vg10b4qn27 Query : select top 1 isnull(design,'') valor from st (nolock) left join stobs (nolock) on st.ref = stobs.ref where st.ref = '324.2222.00.1'
20240403@074619.1947 kdg0kkgsg76hn3m0vg10b4qn27 Query : select top 1 bistamp valor from bi inner join bo on bo.bostamp=bi.bostamp where bo.ndos =240 and bo.boano =2024 and bo.obrano = 2402490 and bi.ref ='324.2222.00.1' and bi.lordem =3
20240403@074619.2323 kdg0kkgsg76hn3m0vg10b4qn27 Query : select top 1 isnull(design,'') valor from st (nolock) left join stobs (nolock) on st.ref = stobs.ref where st.ref = '324.2223.00.1'
20240403@074619.2335 kdg0kkgsg76hn3m0vg10b4qn27 Query : select top 1 bistamp valor from bi inner join bo on bo.bostamp=bi.bostamp where bo.ndos =240 and bo.boano =2024 and bo.obrano = 2402490 and bi.ref ='324.2223.00.1' and bi.lordem =4
20240403@074619.2680 kdg0kkgsg76hn3m0vg10b4qn27 Query : select top 1 isnull(design,'') valor from st (nolock) left join stobs (nolock) on st.ref = stobs.ref where st.ref = '324.2223.00.1'
20240403@074619.2694 kdg0kkgsg76hn3m0vg10b4qn27 Query : select top 1 bistamp valor from bi inner join bo on bo.bostamp=bi.bostamp where bo.ndos =240 and bo.boano =2024 and bo.obrano = 2402490 and bi.ref ='324.2223.00.1' and bi.lordem =4
20240403@074619.2700 kdg0kkgsg76hn3m0vg10b4qn27 Query : select top 1 isnull(design,'') valor from st (nolock) left join stobs (nolock) on st.ref = stobs.ref where st.ref = '324.2223.00.1'
20240403@074619.2712 kdg0kkgsg76hn3m0vg10b4qn27 Query : select top 1 bistamp valor from bi inner join bo on bo.bostamp=bi.bostamp where bo.ndos =240 and bo.boano =2024 and bo.obrano = 2402490 and bi.ref ='324.2223.00.1' and bi.lordem =4
20240403@074619.2719 kdg0kkgsg76hn3m0vg10b4qn27 Query : select top 1 isnull(design,'') valor from st (nolock) left join stobs (nolock) on st.ref = stobs.ref where st.ref = '324.2224.00.1'
20240403@074619.2730 kdg0kkgsg76hn3m0vg10b4qn27 Query : select top 1 bistamp valor from bi inner join bo on bo.bostamp=bi.bostamp where bo.ndos =240 and bo.boano =2024 and bo.obrano = 2402490 and bi.ref ='324.2224.00.1' and bi.lordem =5
20240403@074619.3080 kdg0kkgsg76hn3m0vg10b4qn27 Query : select top 1 isnull(design,'') valor from st (nolock) left join stobs (nolock) on st.ref = stobs.ref where st.ref = '324.4421.00.1'
20240403@074619.3093 kdg0kkgsg76hn3m0vg10b4qn27 Query : select top 1 bistamp valor from bi inner join bo on bo.bostamp=bi.bostamp where bo.ndos =240 and bo.boano =2024 and bo.obrano = 2402490 and bi.ref ='324.4421.00.1' and bi.lordem =6
20240403@074619.3431 kdg0kkgsg76hn3m0vg10b4qn27 Query : select top 1 isnull(design,'') valor from st (nolock) left join stobs (nolock) on st.ref = stobs.ref where st.ref = '324.719.00.01'
20240403@074619.3578 kdg0kkgsg76hn3m0vg10b4qn27 Query : select top 1 bistamp valor from bi inner join bo on bo.bostamp=bi.bostamp where bo.ndos =240 and bo.boano =2024 and bo.obrano = 2402490 and bi.ref ='324.719.00.01' and bi.lordem =7
20240403@074619.4912 kdg0kkgsg76hn3m0vg10b4qn27 Query : select top 1 isnull(design,'') valor from st (nolock) left join stobs (nolock) on st.ref = stobs.ref where st.ref = '324.1528.00.1'
20240403@074619.5060 kdg0kkgsg76hn3m0vg10b4qn27 Query : select top 1 bistamp valor from bi inner join bo on bo.bostamp=bi.bostamp where bo.ndos =240 and bo.boano =2024 and bo.obrano = 2402490 and bi.ref ='324.1528.00.1' and bi.lordem =8
20240403@074619.5480 kdg0kkgsg76hn3m0vg10b4qn27 Query : select top 1 isnull(design,'') valor from st (nolock) left join stobs (nolock) on st.ref = stobs.ref where st.ref = '324.1536.00.1'
20240403@074619.5624 kdg0kkgsg76hn3m0vg10b4qn27 Query : select top 1 bistamp valor from bi inner join bo on bo.bostamp=bi.bostamp where bo.ndos =240 and bo.boano =2024 and bo.obrano = 2402490 and bi.ref ='324.1536.00.1' and bi.lordem =9
20240403@074619.5950 kdg0kkgsg76hn3m0vg10b4qn27 Query : select top 1 isnull(design,'') valor from st (nolock) left join stobs (nolock) on st.ref = stobs.ref where st.ref = '324.1547.00.1'
20240403@074619.5963 kdg0kkgsg76hn3m0vg10b4qn27 Query : select top 1 bistamp valor from bi inner join bo on bo.bostamp=bi.bostamp where bo.ndos =240 and bo.boano =2024 and bo.obrano = 2402490 and bi.ref ='324.1547.00.1' and bi.lordem =10
20240403@074619.6293 kdg0kkgsg76hn3m0vg10b4qn27 Query : select top 1 isnull(design,'') valor from st (nolock) left join stobs (nolock) on st.ref = stobs.ref where st.ref = '324.1547.00.1'
20240403@074619.6306 kdg0kkgsg76hn3m0vg10b4qn27 Query : select top 1 bistamp valor from bi inner join bo on bo.bostamp=bi.bostamp where bo.ndos =240 and bo.boano =2024 and bo.obrano = 2402490 and bi.ref ='324.1547.00.1' and bi.lordem =10
20240403@074619.6312 kdg0kkgsg76hn3m0vg10b4qn27 Query : select top 1 isnull(design,'') valor from st (nolock) left join stobs (nolock) on st.ref = stobs.ref where st.ref = '324.1578.00.1'
20240403@074619.6457 kdg0kkgsg76hn3m0vg10b4qn27 Query : select top 1 bistamp valor from bi inner join bo on bo.bostamp=bi.bostamp where bo.ndos =240 and bo.boano =2024 and bo.obrano = 2402490 and bi.ref ='324.1578.00.1' and bi.lordem =11
20240403@074619.6873 kdg0kkgsg76hn3m0vg10b4qn27 Query : select top 1 isnull(design,'') valor from st (nolock) left join stobs (nolock) on st.ref = stobs.ref where st.ref = '324.4930.00.1'
20240403@074619.6886 kdg0kkgsg76hn3m0vg10b4qn27 Query : select top 1 bistamp valor from bi inner join bo on bo.bostamp=bi.bostamp where bo.ndos =240 and bo.boano =2024 and bo.obrano = 2402490 and bi.ref ='324.4930.00.1' and bi.lordem =12
20240403@074619.7259 kdg0kkgsg76hn3m0vg10b4qn27 Query : select top 1 isnull(design,'') valor from st (nolock) left join stobs (nolock) on st.ref = stobs.ref where st.ref = '324.4963.00.1'
20240403@074619.7281 kdg0kkgsg76hn3m0vg10b4qn27 Query : select top 1 bistamp valor from bi inner join bo on bo.bostamp=bi.bostamp where bo.ndos =240 and bo.boano =2024 and bo.obrano = 2402490 and bi.ref ='324.4963.00.1' and bi.lordem =13
20240403@074619.7618 kdg0kkgsg76hn3m0vg10b4qn27 Query : select top 1 isnull(design,'') valor from st (nolock) left join stobs (nolock) on st.ref = stobs.ref where st.ref = '324.4964.00.1'
20240403@074619.7631 kdg0kkgsg76hn3m0vg10b4qn27 Query : select top 1 bistamp valor from bi inner join bo on bo.bostamp=bi.bostamp where bo.ndos =240 and bo.boano =2024 and bo.obrano = 2402490 and bi.ref ='324.4964.00.1' and bi.lordem =14
20240403@074619.7959 kdg0kkgsg76hn3m0vg10b4qn27 Query : select top 1 isnull(design,'') valor from st (nolock) left join stobs (nolock) on st.ref = stobs.ref where st.ref = '324.948.00.01'
20240403@074619.8100 kdg0kkgsg76hn3m0vg10b4qn27 Query : select top 1 bistamp valor from bi inner join bo on bo.bostamp=bi.bostamp where bo.ndos =240 and bo.boano =2024 and bo.obrano = 2402490 and bi.ref ='324.948.00.01' and bi.lordem =15
20240403@074619.8457 kdg0kkgsg76hn3m0vg10b4qn27 Query : select top 1 isnull(design,'') valor from st (nolock) left join stobs (nolock) on st.ref = stobs.ref where st.ref = '324.958.00.01'
20240403@074619.8471 kdg0kkgsg76hn3m0vg10b4qn27 Query : select top 1 bistamp valor from bi inner join bo on bo.bostamp=bi.bostamp where bo.ndos =240 and bo.boano =2024 and bo.obrano = 2402490 and bi.ref ='324.958.00.01' and bi.lordem =16
20240403@074619.8798 kdg0kkgsg76hn3m0vg10b4qn27 Query : use flama_phc
20240403@074619.8803 kdg0kkgsg76hn3m0vg10b4qn27 Query : select top 1 convert(date,fdata) valor from ft where ndoc = 39 and anulado= 0 and fno>0 order by fdata desc
20240403@074619.8818 kdg0kkgsg76hn3m0vg10b4qn27 Query : use flama_phc
20240403@074619.8822 kdg0kkgsg76hn3m0vg10b4qn27 Query : select top 1 1 valor from td where td.ndoc = 39
20240403@074619.8833 kdg0kkgsg76hn3m0vg10b4qn27 Query : use flama_phc
20240403@074619.8836 kdg0kkgsg76hn3m0vg10b4qn27 Query : select descricao ,case when valor='s' then 1 else 0 end usalotes from para1 where descricao in ('st_lote')
20240403@074619.8849 kdg0kkgsg76hn3m0vg10b4qn27 Query : select top 1 assinadoc issigned ,td.lancasl stocks ,'cl' origin ,case when (cmsl between 1 and 50 ) then 1 else 0 end entrada ,case when (cmsl>50 ) then 1 else 0 end saida ,~lotestock validatestock ,tiposaft from td inner join td2 on td.tdstamp=td2.td2stamp where td.ndoc =39
20240403@074619.8888 kdg0kkgsg76hn3m0vg10b4qn27 Query : use flama_phc
20240403@074619.8892 kdg0kkgsg76hn3m0vg10b4qn27 Query : select top 1 ~inactivo valor from cl where no = '200500' and estab = 0 order by inactivo desc
20240403@074619.9002 kdg0kkgsg76hn3m0vg10b4qn27 Query : use flama_phc
20240403@074619.9005 kdg0kkgsg76hn3m0vg10b4qn27 Query : select top 1 tipodoc,regrd from td where ndoc = 39
20240403@074619.9017 kdg0kkgsg76hn3m0vg10b4qn27 Query : use flama_phc
20240403@074619.9021 kdg0kkgsg76hn3m0vg10b4qn27 Query : select szadrsstamp valor from szadrs where szadrsdesc='espaÇotrans,lda'
20240403@074619.9032 kdg0kkgsg76hn3m0vg10b4qn27 Query : use flama_phc
20240403@074619.9035 kdg0kkgsg76hn3m0vg10b4qn27 Query : select szadrsstamp valor from szadrs where szadrsdesc='eldisser, s.a. - tarragona'
20240403@074619.9050 kdg0kkgsg76hn3m0vg10b4qn27 Query : use flama_phc
20240403@074619.9053 kdg0kkgsg76hn3m0vg10b4qn27 Query : select 1 valor from td where ndoc = 39
20240403@074619.9064 kdg0kkgsg76hn3m0vg10b4qn27 Query : select top 1 manternumero, tiposaft, nmdos,td.assinadoc from td where td.ndoc = 39
20240403@074619.9080 kdg0kkgsg76hn3m0vg10b4qn27 Query : select 1 valor from information_schema.tables where table_type='base table' and table_name='wsft039fields'
20240403@074619.9095 kdg0kkgsg76hn3m0vg10b4qn27 Query : select fieldkey,fieldname,fieldtype,mandatory from wsft039fields
20240403@074619.9118 kdg0kkgsg76hn3m0vg10b4qn27 Query : select 1 valor from information_schema.tables where table_type='base table' and table_name='wsft2039fields'
20240403@074619.9132 kdg0kkgsg76hn3m0vg10b4qn27 Query : select fieldkey,fieldname,fieldtype,mandatory from wsft2039fields
20240403@074619.9162 kdg0kkgsg76hn3m0vg10b4qn27 Query : select 1 valor from information_schema.tables where table_type='base table' and table_name='wsft3039fields'
20240403@074619.9177 kdg0kkgsg76hn3m0vg10b4qn27 Query : select fieldkey,fieldname,fieldtype,mandatory from wsft3039fields
20240403@074619.9188 kdg0kkgsg76hn3m0vg10b4qn27 Query : select top 1 ft.fno valor from ft ft where ft.ndoc = 39 and ftano=2024 order by fno desc
20240403@074619.9284 kdg0kkgsg76hn3m0vg10b4qn27 Query : select top 1 ft.fno valor from wsft039data ft where ft.ndoc = 39 and ftano=2024 order by fno desc
20240403@074619.9295 kdg0kkgsg76hn3m0vg10b4qn27 Query : select 1 valor from information_schema.tables where table_type='base table' and table_name='wsft3039fields'
20240403@074619.9310 kdg0kkgsg76hn3m0vg10b4qn27 Query : select fieldkey,fieldname,fieldtype,calcformula from wsft3039fields
20240403@074619.9336 kdg0kkgsg76hn3m0vg10b4qn27 Query : insert into wsft3039data (ft3stamp, ousrdata, ousrhora, usrdata,usrhora,ousrinis,usrinis,taxpointdt ) values ('aut660cf16410660cfb3be0' ,getdate(),convert(char(8),convert (time,getdate())),getdate(),convert(char(8),convert (time,getdate())),'wsv','wsv',?)
20240403@074619.9533 kdg0kkgsg76hn3m0vg10b4qn27 Query : select 1 valor from information_schema.tables where table_type='base table' and table_name='wsft2039fields'
20240403@074619.9550 kdg0kkgsg76hn3m0vg10b4qn27 Query : select fieldkey,fieldname,fieldtype,calcformula from wsft2039fields
20240403@074619.9584 kdg0kkgsg76hn3m0vg10b4qn27 Query : select top 1 bo.u_nomeenv valor from bo where bo.bostamp=''
20240403@074619.9591 kdg0kkgsg76hn3m0vg10b4qn27 Query : select top 1 bo.u_moradaen valor from bo where bo.bostamp=''
20240403@074619.9596 kdg0kkgsg76hn3m0vg10b4qn27 Query : select top 1 bo.u_codposen valor from bo where bo.bostamp=''
20240403@074619.9602 kdg0kkgsg76hn3m0vg10b4qn27 Query : select top 1 bo.u_localenv valor from bo where bo.bostamp=''
20240403@074619.9616 kdg0kkgsg76hn3m0vg10b4qn27 Query : select top 1 bo.trab5 valor from bo where bo.bostamp=''
20240403@074619.9622 kdg0kkgsg76hn3m0vg10b4qn27 Query : select top 1 bo.serie valor from bo where bo.bostamp=''
20240403@074619.9627 kdg0kkgsg76hn3m0vg10b4qn27 Query : insert into wsft2039data (ft2stamp, ousrdata,ousrhora, usrdata,usrhora,ousrinis,usrinis,u_nomeenv ,u_moradaen ,u_codposen ,u_localenv ,u_coddest ,u_codby ) values ('aut660cf16410660cfb3be0',getdate(),convert(char(8),convert (time,getdate())),getdate(),convert(char(8),convert (time,getdate())),'wsv','wsv',?,?,?,?,?,?)
20240403@074619.9858 kdg0kkgsg76hn3m0vg10b4qn27 Query : select top 1 fno valor from wsft039data order by fno desc
20240403@074619.9877 kdg0kkgsg76hn3m0vg10b4qn27 Query : select 1 valor from information_schema.tables where table_type='base table' and table_name='wsft039fields'
20240403@074619.9892 kdg0kkgsg76hn3m0vg10b4qn27 Query : select fieldkey,fieldname,fieldtype,calcformula from wsft039fields
20240403@074619.9913 kdg0kkgsg76hn3m0vg10b4qn27 Query : insert into wsft039data (ftstamp, ousrdata,ousrhora, usrdata,usrhora,ousrinis,usrinis,fno,no,estab,fdata,ndoc,moeda,cambio,cambiofixo,ftano,cdata,chora,carga,descar,site ,classe ) values ('aut660cf16410660cfb3be0',getdate(),convert(char(8),convert (time,getdate())),getdate(),convert(char(8),convert (time,getdate())),'wsv','wsv',712,200500,0,'2024-04-03',39,'euro',0,0,2024 ,'20240403','0816',?,?,?,?)
20240403@074620.1930 kdg0kkgsg76hn3m0vg10b4qn27 Query : use flama_phc
20240403@074620.1970 kdg0kkgsg76hn3m0vg10b4qn27 Query : select st.usalote valor from st where st.ref = '324.1608.00.1'
20240403@074620.2110 kdg0kkgsg76hn3m0vg10b4qn27 Query : select top 1 st.tabiva ,st.ivaincl ,st.stns ,st.uni2 ,st.familia ,isnull(tx.taxa, 0) txiva ,unidade ,usalote ,epcpond ,noserie from st left join taxasiva tx on st.tabiva = tx.codigo where st.ref = '324.1608.00.1'
20240403@074620.3510 kdg0kkgsg76hn3m0vg10b4qn27 Query : select 1 valor from information_schema.tables where table_type='base table' and table_name='wsfi039fields'
20240403@074620.3700 kdg0kkgsg76hn3m0vg10b4qn27 Query : select fieldkey,fieldname,fieldtype,mandatory from wsfi039fields
20240403@074620.3980 kdg0kkgsg76hn3m0vg10b4qn27 Query : select 1 valor from information_schema.tables where table_type='base table' and table_name='wsfi2039fields'
20240403@074620.4120 kdg0kkgsg76hn3m0vg10b4qn27 Query : select fieldkey,fieldname,fieldtype,mandatory from wsfi2039fields
20240403@074620.4170 kdg0kkgsg76hn3m0vg10b4qn27 Query : select sestamp valor from se where ref ='324.1608.00.1' and lote = 'r2200658200a'
20240403@074620.4340 kdg0kkgsg76hn3m0vg10b4qn27 Query : select top 1 convert(numeric(6,2),t.taxa) valor from taxasiva t where t.codigo='2'
20240403@074620.4450 kdg0kkgsg76hn3m0vg10b4qn27 Query : select 1 valor from information_schema.tables where table_type='base table' and table_name='wsfi039fields'
20240403@074620.4600 kdg0kkgsg76hn3m0vg10b4qn27 Query : select fieldkey,fieldname,fieldtype,calcformula from wsfi039fields
20240403@074620.4860 kdg0kkgsg76hn3m0vg10b4qn27 Query : insert into wsfi039data (fistamp,ousrdata, ousrhora, usrdata,usrhora,ousrinis,usrinis ,qtt ,ftstamp ,epv,pvmoeda ,tabiva,iva,lordem ,ref, design ,lote,armazem,bistamp ) values ('aut660cf79004660cfb3c0a',getdate(),convert(char(8),convert (time,getdate())),getdate(),convert(char(8),convert (time,getdate())),'wsv','wsv',6.000 ,'aut660cf16410660cfb3be0' ,0,0 ,2,23.00,10000,?,?,?,?,?)
20240403@074620.7090 kdg0kkgsg76hn3m0vg10b4qn27 Query : select 1 valor from information_schema.tables where table_type='base table' and table_name='wsfi2039fields'
20240403@074620.7260 kdg0kkgsg76hn3m0vg10b4qn27 Query : select fieldkey,fieldname,fieldtype,calcformula from wsfi2039fields
20240403@074620.7300 kdg0kkgsg76hn3m0vg10b4qn27 Query : insert into wsfi2039data (fi2stamp,ftstamp ,ousrdata, ousrhora, usrdata,usrhora,ousrinis,usrinis) values ('aut660cf79004660cfb3c0a','aut660cf16410660cfb3be0' ,getdate(),convert(char(8),convert (time,getdate())),getdate(),convert(char(8),convert (time,getdate())),'wsv','wsv')
20240403@074620.7350 kdg0kkgsg76hn3m0vg10b4qn27 Query : use flama_phc
20240403@074620.7380 kdg0kkgsg76hn3m0vg10b4qn27 Query : select st.usalote valor from st where st.ref = '324.2221.00.1'
20240403@074620.7500 kdg0kkgsg76hn3m0vg10b4qn27 Query : select top 1 st.tabiva ,st.ivaincl ,st.stns ,st.uni2 ,st.familia ,isnull(tx.taxa, 0) txiva ,unidade ,usalote ,epcpond ,noserie from st left join taxasiva tx on st.tabiva = tx.codigo where st.ref = '324.2221.00.1'
20240403@074620.7640 kdg0kkgsg76hn3m0vg10b4qn27 Query : select 1 valor from information_schema.tables where table_type='base table' and table_name='wsfi039fields'
20240403@074620.7790 kdg0kkgsg76hn3m0vg10b4qn27 Query : select fieldkey,fieldname,fieldtype,mandatory from wsfi039fields
20240403@074620.8050 kdg0kkgsg76hn3m0vg10b4qn27 Query : select 1 valor from information_schema.tables where table_type='base table' and table_name='wsfi2039fields'
20240403@074620.8190 kdg0kkgsg76hn3m0vg10b4qn27 Query : select fieldkey,fieldname,fieldtype,mandatory from wsfi2039fields
20240403@074620.8240 kdg0kkgsg76hn3m0vg10b4qn27 Query : select sestamp valor from se where ref ='324.2221.00.1' and lote = 'r2301281300a'
20240403@074620.8350 kdg0kkgsg76hn3m0vg10b4qn27 Query : select top 1 convert(numeric(6,2),t.taxa) valor from taxasiva t where t.codigo='2'
20240403@074620.8460 kdg0kkgsg76hn3m0vg10b4qn27 Query : select 1 valor from information_schema.tables where table_type='base table' and table_name='wsfi039fields'
20240403@074620.8600 kdg0kkgsg76hn3m0vg10b4qn27 Query : select fieldkey,fieldname,fieldtype,calcformula from wsfi039fields
20240403@074620.8890 kdg0kkgsg76hn3m0vg10b4qn27 Query : insert into wsfi039data (fistamp,ousrdata, ousrhora, usrdata,usrhora,ousrinis,usrinis ,qtt ,ftstamp ,epv,pvmoeda ,tabiva,iva,lordem ,ref, design ,lote,armazem,bistamp ) values ('aut660cf09407660cfb3c14',getdate(),convert(char(8),convert (time,getdate())),getdate(),convert(char(8),convert (time,getdate())),'wsv','wsv',4.000 ,'aut660cf16410660cfb3be0' ,0,0 ,2,23.00,20000,?,?,?,?,?)
20240403@074620.1246 kdg0kkgsg76hn3m0vg10b4qn27 Query : select 1 valor from information_schema.tables where table_type='base table' and table_name='wsfi2039fields'
20240403@074620.1529 kdg0kkgsg76hn3m0vg10b4qn27 Query : select fieldkey,fieldname,fieldtype,calcformula from wsfi2039fields
20240403@074620.1652 kdg0kkgsg76hn3m0vg10b4qn27 Query : insert into wsfi2039data (fi2stamp,ftstamp ,ousrdata, ousrhora, usrdata,usrhora,ousrinis,usrinis) values ('aut660cf09407660cfb3c14','aut660cf16410660cfb3be0' ,getdate(),convert(char(8),convert (time,getdate())),getdate(),convert(char(8),convert (time,getdate())),'wsv','wsv')
20240403@074620.1737 kdg0kkgsg76hn3m0vg10b4qn27 Query : use flama_phc
20240403@074620.1847 kdg0kkgsg76hn3m0vg10b4qn27 Query : select st.usalote valor from st where st.ref = '324.2222.00.1'
20240403@074620.1885 kdg0kkgsg76hn3m0vg10b4qn27 Query : select top 1 st.tabiva ,st.ivaincl ,st.stns ,st.uni2 ,st.familia ,isnull(tx.taxa, 0) txiva ,unidade ,usalote ,epcpond ,noserie from st left join taxasiva tx on st.tabiva = tx.codigo where st.ref = '324.2222.00.1'
20240403@074620.1898 kdg0kkgsg76hn3m0vg10b4qn27 Query : select 1 valor from information_schema.tables where table_type='base table' and table_name='wsfi039fields'
20240403@074620.2245 kdg0kkgsg76hn3m0vg10b4qn27 Query : select fieldkey,fieldname,fieldtype,mandatory from wsfi039fields
20240403@074620.2529 kdg0kkgsg76hn3m0vg10b4qn27 Query : select 1 valor from information_schema.tables where table_type='base table' and table_name='wsfi2039fields'
20240403@074620.2544 kdg0kkgsg76hn3m0vg10b4qn27 Query : select fieldkey,fieldname,fieldtype,mandatory from wsfi2039fields
20240403@074620.2550 kdg0kkgsg76hn3m0vg10b4qn27 Query : select sestamp valor from se where ref ='324.2222.00.1' and lote = 'r2301280100a'
20240403@074620.2561 kdg0kkgsg76hn3m0vg10b4qn27 Query : select top 1 convert(numeric(6,2),t.taxa) valor from taxasiva t where t.codigo='2'
20240403@074620.2598 kdg0kkgsg76hn3m0vg10b4qn27 Query : select 1 valor from information_schema.tables where table_type='base table' and table_name='wsfi039fields'
20240403@074620.2612 kdg0kkgsg76hn3m0vg10b4qn27 Query : select fieldkey,fieldname,fieldtype,calcformula from wsfi039fields
20240403@074620.2640 kdg0kkgsg76hn3m0vg10b4qn27 Query : insert into wsfi039data (fistamp,ousrdata, ousrhora, usrdata,usrhora,ousrinis,usrinis ,qtt ,ftstamp ,epv,pvmoeda ,tabiva,iva,lordem ,ref, design ,lote,armazem,bistamp ) values ('aut660cf16736660cfb3c3f',getdate(),convert(char(8),convert (time,getdate())),getdate(),convert(char(8),convert (time,getdate())),'wsv','wsv',4.000 ,'aut660cf16410660cfb3be0' ,0,0 ,2,23.00,30000,?,?,?,?,?)
20240403@074620.2906 kdg0kkgsg76hn3m0vg10b4qn27 Query : select 1 valor from information_schema.tables where table_type='base table' and table_name='wsfi2039fields'
20240403@074620.2924 kdg0kkgsg76hn3m0vg10b4qn27 Query : select fieldkey,fieldname,fieldtype,calcformula from wsfi2039fields
20240403@074620.2929 kdg0kkgsg76hn3m0vg10b4qn27 Query : insert into wsfi2039data (fi2stamp,ftstamp ,ousrdata, ousrhora, usrdata,usrhora,ousrinis,usrinis) values ('aut660cf16736660cfb3c3f','aut660cf16410660cfb3be0' ,getdate(),convert(char(8),convert (time,getdate())),getdate(),convert(char(8),convert (time,getdate())),'wsv','wsv')
20240403@074620.2950 kdg0kkgsg76hn3m0vg10b4qn27 Query : use flama_phc
20240403@074620.2954 kdg0kkgsg76hn3m0vg10b4qn27 Query : select st.usalote valor from st where st.ref = '324.2223.00.1'
20240403@074620.2967 kdg0kkgsg76hn3m0vg10b4qn27 Query : select top 1 st.tabiva ,st.ivaincl ,st.stns ,st.uni2 ,st.familia ,isnull(tx.taxa, 0) txiva ,unidade ,usalote ,epcpond ,noserie from st left join taxasiva tx on st.tabiva = tx.codigo where st.ref = '324.2223.00.1'
20240403@074620.2980 kdg0kkgsg76hn3m0vg10b4qn27 Query : select 1 valor from information_schema.tables where table_type='base table' and table_name='wsfi039fields'
20240403@074620.2996 kdg0kkgsg76hn3m0vg10b4qn27 Query : select fieldkey,fieldname,fieldtype,mandatory from wsfi039fields
20240403@074620.3038 kdg0kkgsg76hn3m0vg10b4qn27 Query : select 1 valor from information_schema.tables where table_type='base table' and table_name='wsfi2039fields'
20240403@074620.3054 kdg0kkgsg76hn3m0vg10b4qn27 Query : select fieldkey,fieldname,fieldtype,mandatory from wsfi2039fields
20240403@074620.3060 kdg0kkgsg76hn3m0vg10b4qn27 Query : select sestamp valor from se where ref ='324.2223.00.1' and lote = 'r2301281500a'
20240403@074620.3075 kdg0kkgsg76hn3m0vg10b4qn27 Query : select top 1 convert(numeric(6,2),t.taxa) valor from taxasiva t where t.codigo='2'
20240403@074620.3087 kdg0kkgsg76hn3m0vg10b4qn27 Query : select 1 valor from information_schema.tables where table_type='base table' and table_name='wsfi039fields'
20240403@074620.3103 kdg0kkgsg76hn3m0vg10b4qn27 Query : select fieldkey,fieldname,fieldtype,calcformula from wsfi039fields
20240403@074620.3134 kdg0kkgsg76hn3m0vg10b4qn27 Query : insert into wsfi039data (fistamp,ousrdata, ousrhora, usrdata,usrhora,ousrinis,usrinis ,qtt ,ftstamp ,epv,pvmoeda ,tabiva,iva,lordem ,ref, design ,lote,armazem,bistamp ) values ('aut660cf17328660cfb3c4b',getdate(),convert(char(8),convert (time,getdate())),getdate(),convert(char(8),convert (time,getdate())),'wsv','wsv',3.000 ,'aut660cf16410660cfb3be0' ,0,0 ,2,23.00,40000,?,?,?,?,?)
20240403@074620.3381 kdg0kkgsg76hn3m0vg10b4qn27 Query : select 1 valor from information_schema.tables where table_type='base table' and table_name='wsfi2039fields'
20240403@074620.3399 kdg0kkgsg76hn3m0vg10b4qn27 Query : select fieldkey,fieldname,fieldtype,calcformula from wsfi2039fields
20240403@074620.3405 kdg0kkgsg76hn3m0vg10b4qn27 Query : insert into wsfi2039data (fi2stamp,ftstamp ,ousrdata, ousrhora, usrdata,usrhora,ousrinis,usrinis) values ('aut660cf17328660cfb3c4b','aut660cf16410660cfb3be0' ,getdate(),convert(char(8),convert (time,getdate())),getdate(),convert(char(8),convert (time,getdate())),'wsv','wsv')
20240403@074620.3410 kdg0kkgsg76hn3m0vg10b4qn27 Query : use flama_phc
20240403@074620.3415 kdg0kkgsg76hn3m0vg10b4qn27 Query : select st.usalote valor from st where st.ref = '324.2223.00.1'
20240403@074620.3427 kdg0kkgsg76hn3m0vg10b4qn27 Query : select top 1 st.tabiva ,st.ivaincl ,st.stns ,st.uni2 ,st.familia ,isnull(tx.taxa, 0) txiva ,unidade ,usalote ,epcpond ,noserie from st left join taxasiva tx on st.tabiva = tx.codigo where st.ref = '324.2223.00.1'
20240403@074620.3441 kdg0kkgsg76hn3m0vg10b4qn27 Query : select 1 valor from information_schema.tables where table_type='base table' and table_name='wsfi039fields'
20240403@074620.3456 kdg0kkgsg76hn3m0vg10b4qn27 Query : select fieldkey,fieldname,fieldtype,mandatory from wsfi039fields
20240403@074620.3487 kdg0kkgsg76hn3m0vg10b4qn27 Query : select 1 valor from information_schema.tables where table_type='base table' and table_name='wsfi2039fields'
20240403@074620.3502 kdg0kkgsg76hn3m0vg10b4qn27 Query : select fieldkey,fieldname,fieldtype,mandatory from wsfi2039fields
20240403@074620.3507 kdg0kkgsg76hn3m0vg10b4qn27 Query : select sestamp valor from se where ref ='324.2223.00.1' and lote = 'r2301281500a'
20240403@074620.3519 kdg0kkgsg76hn3m0vg10b4qn27 Query : select top 1 convert(numeric(6,2),t.taxa) valor from taxasiva t where t.codigo='2'
20240403@074620.3531 kdg0kkgsg76hn3m0vg10b4qn27 Query : select 1 valor from information_schema.tables where table_type='base table' and table_name='wsfi039fields'
20240403@074620.3546 kdg0kkgsg76hn3m0vg10b4qn27 Query : select fieldkey,fieldname,fieldtype,calcformula from wsfi039fields
20240403@074620.3572 kdg0kkgsg76hn3m0vg10b4qn27 Query : insert into wsfi039data (fistamp,ousrdata, ousrhora, usrdata,usrhora,ousrinis,usrinis ,qtt ,ftstamp ,epv,pvmoeda ,tabiva,iva,lordem ,ref, design ,lote,armazem,bistamp ) values ('aut660cf94131660cfb3c56',getdate(),convert(char(8),convert (time,getdate())),getdate(),convert(char(8),convert (time,getdate())),'wsv','wsv',4.000 ,'aut660cf16410660cfb3be0' ,0,0 ,2,23.00,50000,?,?,?,?,?)
20240403@074620.3805 kdg0kkgsg76hn3m0vg10b4qn27 Query : select 1 valor from information_schema.tables where table_type='base table' and table_name='wsfi2039fields'
20240403@074620.3822 kdg0kkgsg76hn3m0vg10b4qn27 Query : select fieldkey,fieldname,fieldtype,calcformula from wsfi2039fields
20240403@074620.3827 kdg0kkgsg76hn3m0vg10b4qn27 Query : insert into wsfi2039data (fi2stamp,ftstamp ,ousrdata, ousrhora, usrdata,usrhora,ousrinis,usrinis) values ('aut660cf94131660cfb3c56','aut660cf16410660cfb3be0' ,getdate(),convert(char(8),convert (time,getdate())),getdate(),convert(char(8),convert (time,getdate())),'wsv','wsv')
20240403@074620.3832 kdg0kkgsg76hn3m0vg10b4qn27 Query : use flama_phc
20240403@074620.3835 kdg0kkgsg76hn3m0vg10b4qn27 Query : select st.usalote valor from st where st.ref = '324.2223.00.1'
20240403@074620.3847 kdg0kkgsg76hn3m0vg10b4qn27 Query : select top 1 st.tabiva ,st.ivaincl ,st.stns ,st.uni2 ,st.familia ,isnull(tx.taxa, 0) txiva ,unidade ,usalote ,epcpond ,noserie from st left join taxasiva tx on st.tabiva = tx.codigo where st.ref = '324.2223.00.1'
20240403@074620.3859 kdg0kkgsg76hn3m0vg10b4qn27 Query : select 1 valor from information_schema.tables where table_type='base table' and table_name='wsfi039fields'
20240403@074620.3875 kdg0kkgsg76hn3m0vg10b4qn27 Query : select fieldkey,fieldname,fieldtype,mandatory from wsfi039fields
20240403@074620.3903 kdg0kkgsg76hn3m0vg10b4qn27 Query : select 1 valor from information_schema.tables where table_type='base table' and table_name='wsfi2039fields'
20240403@074620.3922 kdg0kkgsg76hn3m0vg10b4qn27 Query : select fieldkey,fieldname,fieldtype,mandatory from wsfi2039fields
20240403@074620.3927 kdg0kkgsg76hn3m0vg10b4qn27 Query : select sestamp valor from se where ref ='324.2223.00.1' and lote = 'r2301281500a'
20240403@074620.3938 kdg0kkgsg76hn3m0vg10b4qn27 Query : select top 1 convert(numeric(6,2),t.taxa) valor from taxasiva t where t.codigo='2'
20240403@074620.3951 kdg0kkgsg76hn3m0vg10b4qn27 Query : select 1 valor from information_schema.tables where table_type='base table' and table_name='wsfi039fields'
20240403@074620.3966 kdg0kkgsg76hn3m0vg10b4qn27 Query : select fieldkey,fieldname,fieldtype,calcformula from wsfi039fields
20240403@074620.3993 kdg0kkgsg76hn3m0vg10b4qn27 Query : insert into wsfi039data (fistamp,ousrdata, ousrhora, usrdata,usrhora,ousrinis,usrinis ,qtt ,ftstamp ,epv,pvmoeda ,tabiva,iva,lordem ,ref, design ,lote,armazem,bistamp ) values ('aut660cf14713660cfb3c60',getdate(),convert(char(8),convert (time,getdate())),getdate(),convert(char(8),convert (time,getdate())),'wsv','wsv',1.000 ,'aut660cf16410660cfb3be0' ,0,0 ,2,23.00,60000,?,?,?,?,?)
20240403@074620.4360 kdg0kkgsg76hn3m0vg10b4qn27 Query : select 1 valor from information_schema.tables where table_type='base table' and table_name='wsfi2039fields'
20240403@074620.4377 kdg0kkgsg76hn3m0vg10b4qn27 Query : select fieldkey,fieldname,fieldtype,calcformula from wsfi2039fields
20240403@074620.4382 kdg0kkgsg76hn3m0vg10b4qn27 Query : insert into wsfi2039data (fi2stamp,ftstamp ,ousrdata, ousrhora, usrdata,usrhora,ousrinis,usrinis) values ('aut660cf14713660cfb3c60','aut660cf16410660cfb3be0' ,getdate(),convert(char(8),convert (time,getdate())),getdate(),convert(char(8),convert (time,getdate())),'wsv','wsv')
20240403@074620.4387 kdg0kkgsg76hn3m0vg10b4qn27 Query : use flama_phc
20240403@074620.4390 kdg0kkgsg76hn3m0vg10b4qn27 Query : select st.usalote valor from st where st.ref = '324.2224.00.1'
20240403@074620.4401 kdg0kkgsg76hn3m0vg10b4qn27 Query : select top 1 st.tabiva ,st.ivaincl ,st.stns ,st.uni2 ,st.familia ,isnull(tx.taxa, 0) txiva ,unidade ,usalote ,epcpond ,noserie from st left join taxasiva tx on st.tabiva = tx.codigo where st.ref = '324.2224.00.1'
20240403@074620.4415 kdg0kkgsg76hn3m0vg10b4qn27 Query : select 1 valor from information_schema.tables where table_type='base table' and table_name='wsfi039fields'
20240403@074620.4429 kdg0kkgsg76hn3m0vg10b4qn27 Query : select fieldkey,fieldname,fieldtype,mandatory from wsfi039fields
20240403@074620.4456 kdg0kkgsg76hn3m0vg10b4qn27 Query : select 1 valor from information_schema.tables where table_type='base table' and table_name='wsfi2039fields'
20240403@074620.4471 kdg0kkgsg76hn3m0vg10b4qn27 Query : select fieldkey,fieldname,fieldtype,mandatory from wsfi2039fields
20240403@074620.4476 kdg0kkgsg76hn3m0vg10b4qn27 Query : select sestamp valor from se where ref ='324.2224.00.1' and lote = 'r2301281600a'
20240403@074620.4487 kdg0kkgsg76hn3m0vg10b4qn27 Query : select top 1 convert(numeric(6,2),t.taxa) valor from taxasiva t where t.codigo='2'
20240403@074620.4498 kdg0kkgsg76hn3m0vg10b4qn27 Query : select 1 valor from information_schema.tables where table_type='base table' and table_name='wsfi039fields'
20240403@074620.4512 kdg0kkgsg76hn3m0vg10b4qn27 Query : select fieldkey,fieldname,fieldtype,calcformula from wsfi039fields
20240403@074620.4539 kdg0kkgsg76hn3m0vg10b4qn27 Query : insert into wsfi039data (fistamp,ousrdata, ousrhora, usrdata,usrhora,ousrinis,usrinis ,qtt ,ftstamp ,epv,pvmoeda ,tabiva,iva,lordem ,ref, design ,lote,armazem,bistamp ) values ('aut660cf00415660cfb3c6d',getdate(),convert(char(8),convert (time,getdate())),getdate(),convert(char(8),convert (time,getdate())),'wsv','wsv',8.000 ,'aut660cf16410660cfb3be0' ,0,0 ,2,23.00,70000,?,?,?,?,?)
20240403@074620.4778 kdg0kkgsg76hn3m0vg10b4qn27 Query : select 1 valor from information_schema.tables where table_type='base table' and table_name='wsfi2039fields'
20240403@074620.4795 kdg0kkgsg76hn3m0vg10b4qn27 Query : select fieldkey,fieldname,fieldtype,calcformula from wsfi2039fields
20240403@074620.4800 kdg0kkgsg76hn3m0vg10b4qn27 Query : insert into wsfi2039data (fi2stamp,ftstamp ,ousrdata, ousrhora, usrdata,usrhora,ousrinis,usrinis) values ('aut660cf00415660cfb3c6d','aut660cf16410660cfb3be0' ,getdate(),convert(char(8),convert (time,getdate())),getdate(),convert(char(8),convert (time,getdate())),'wsv','wsv')
20240403@074620.4805 kdg0kkgsg76hn3m0vg10b4qn27 Query : use flama_phc
20240403@074620.4809 kdg0kkgsg76hn3m0vg10b4qn27 Query : select st.usalote valor from st where st.ref = '324.4421.00.1'
20240403@074620.4821 kdg0kkgsg76hn3m0vg10b4qn27 Query : select top 1 st.tabiva ,st.ivaincl ,st.stns ,st.uni2 ,st.familia ,isnull(tx.taxa, 0) txiva ,unidade ,usalote ,epcpond ,noserie from st left join taxasiva tx on st.tabiva = tx.codigo where st.ref = '324.4421.00.1'
20240403@074620.4833 kdg0kkgsg76hn3m0vg10b4qn27 Query : select 1 valor from information_schema.tables where table_type='base table' and table_name='wsfi039fields'
20240403@074620.4847 kdg0kkgsg76hn3m0vg10b4qn27 Query : select fieldkey,fieldname,fieldtype,mandatory from wsfi039fields
20240403@074620.4872 kdg0kkgsg76hn3m0vg10b4qn27 Query : select 1 valor from information_schema.tables where table_type='base table' and table_name='wsfi2039fields'
20240403@074620.4885 kdg0kkgsg76hn3m0vg10b4qn27 Query : select fieldkey,fieldname,fieldtype,mandatory from wsfi2039fields
20240403@074620.4890 kdg0kkgsg76hn3m0vg10b4qn27 Query : select sestamp valor from se where ref ='324.4421.00.1' and lote = 'r2200226300a'
20240403@074620.4900 kdg0kkgsg76hn3m0vg10b4qn27 Query : select top 1 convert(numeric(6,2),t.taxa) valor from taxasiva t where t.codigo='2'
20240403@074620.4911 kdg0kkgsg76hn3m0vg10b4qn27 Query : select 1 valor from information_schema.tables where table_type='base table' and table_name='wsfi039fields'
20240403@074620.4925 kdg0kkgsg76hn3m0vg10b4qn27 Query : select fieldkey,fieldname,fieldtype,calcformula from wsfi039fields
20240403@074620.4953 kdg0kkgsg76hn3m0vg10b4qn27 Query : insert into wsfi039data (fistamp,ousrdata, ousrhora, usrdata,usrhora,ousrinis,usrinis ,qtt ,ftstamp ,epv,pvmoeda ,tabiva,iva,lordem ,ref, design ,lote,armazem,bistamp ) values ('aut660cf93727660cfb3c77',getdate(),convert(char(8),convert (time,getdate())),getdate(),convert(char(8),convert (time,getdate())),'wsv','wsv',12.000 ,'aut660cf16410660cfb3be0' ,0,0 ,2,23.00,80000,?,?,?,?,?)
20240403@074620.5182 kdg0kkgsg76hn3m0vg10b4qn27 Query : select 1 valor from information_schema.tables where table_type='base table' and table_name='wsfi2039fields'
20240403@074620.5199 kdg0kkgsg76hn3m0vg10b4qn27 Query : select fieldkey,fieldname,fieldtype,calcformula from wsfi2039fields
20240403@074620.5204 kdg0kkgsg76hn3m0vg10b4qn27 Query : insert into wsfi2039data (fi2stamp,ftstamp ,ousrdata, ousrhora, usrdata,usrhora,ousrinis,usrinis) values ('aut660cf93727660cfb3c77','aut660cf16410660cfb3be0' ,getdate(),convert(char(8),convert (time,getdate())),getdate(),convert(char(8),convert (time,getdate())),'wsv','wsv')
20240403@074620.5209 kdg0kkgsg76hn3m0vg10b4qn27 Query : use flama_phc
20240403@074620.5213 kdg0kkgsg76hn3m0vg10b4qn27 Query : select st.usalote valor from st where st.ref = '324.719.00.01'
20240403@074620.5226 kdg0kkgsg76hn3m0vg10b4qn27 Query : select top 1 st.tabiva ,st.ivaincl ,st.stns ,st.uni2 ,st.familia ,isnull(tx.taxa, 0) txiva ,unidade ,usalote ,epcpond ,noserie from st left join taxasiva tx on st.tabiva = tx.codigo where st.ref = '324.719.00.01'
20240403@074620.5399 kdg0kkgsg76hn3m0vg10b4qn27 Query : select 1 valor from information_schema.tables where table_type='base table' and table_name='wsfi039fields'
20240403@074620.5416 kdg0kkgsg76hn3m0vg10b4qn27 Query : select fieldkey,fieldname,fieldtype,mandatory from wsfi039fields
20240403@074620.5443 kdg0kkgsg76hn3m0vg10b4qn27 Query : select 1 valor from information_schema.tables where table_type='base table' and table_name='wsfi2039fields'
20240403@074620.5457 kdg0kkgsg76hn3m0vg10b4qn27 Query : select fieldkey,fieldname,fieldtype,mandatory from wsfi2039fields
20240403@074620.5464 kdg0kkgsg76hn3m0vg10b4qn27 Query : select sestamp valor from se where ref ='324.719.00.01' and lote = 'r2300383300a'
