20240409@181921.6907 qvggpf16vm8scm4v5s6icqqkff Query : select fieldkey,fieldname,fieldtype,mandatory from wsfi039fields
20240409@181921.6929 qvggpf16vm8scm4v5s6icqqkff Query : select 1 valor from information_schema.tables where table_type='base table' and table_name='wsfi2039fields'
20240409@181921.6940 qvggpf16vm8scm4v5s6icqqkff Query : select fieldkey,fieldname,fieldtype,mandatory from wsfi2039fields
20240409@181921.6945 qvggpf16vm8scm4v5s6icqqkff Query : select top 1 convert(numeric(6,2),t.taxa) valor from taxasiva t where t.codigo='2'
20240409@181921.6954 qvggpf16vm8scm4v5s6icqqkff Query : select 1 valor from information_schema.tables where table_type='base table' and table_name='wsfi039fields'
20240409@181921.6966 qvggpf16vm8scm4v5s6icqqkff Query : select fieldkey,fieldname,fieldtype,calcformula from wsfi039fields
20240409@181921.6988 qvggpf16vm8scm4v5s6icqqkff Query : insert into wsfi039data (fistamp,ousrdata, ousrhora, usrdata,usrhora,ousrinis,usrinis ,qtt ,ftstamp ,epv,pvmoeda ,tabiva,iva,lordem ,ref, design ,armazem) values ('aut661572206866157899a9',getdate(),convert(char(8),convert (time,getdate())),getdate(),convert(char(8),convert (time,getdate())),'wsv','wsv',0 ,'aut66157919026615789571' ,0,0 ,2,23.00,970000,?,?,?)
20240409@181921.7287 qvggpf16vm8scm4v5s6icqqkff Query : select 1 valor from information_schema.tables where table_type='base table' and table_name='wsfi2039fields'
20240409@181921.7304 qvggpf16vm8scm4v5s6icqqkff Query : select fieldkey,fieldname,fieldtype,calcformula from wsfi2039fields
20240409@181921.7308 qvggpf16vm8scm4v5s6icqqkff Query : insert into wsfi2039data (fi2stamp,ftstamp ,ousrdata, ousrhora, usrdata,usrhora,ousrinis,usrinis) values ('aut661572206866157899a9','aut66157919026615789571' ,getdate(),convert(char(8),convert (time,getdate())),getdate(),convert(char(8),convert (time,getdate())),'wsv','wsv')
20240409@181921.7313 qvggpf16vm8scm4v5s6icqqkff Query : use flama_phc
20240409@181921.7316 qvggpf16vm8scm4v5s6icqqkff Query : select st.usalote valor from st where st.ref = '324.698.00.01'
20240409@181921.7327 qvggpf16vm8scm4v5s6icqqkff Query : select top 1 st.tabiva ,st.ivaincl ,st.stns ,st.uni2 ,st.familia ,isnull(tx.taxa, 0) txiva ,unidade ,usalote ,epcpond ,noserie from st left join taxasiva tx on st.tabiva = tx.codigo where st.ref = '324.698.00.01'
20240409@181921.7339 qvggpf16vm8scm4v5s6icqqkff Query : select 1 valor from information_schema.tables where table_type='base table' and table_name='wsfi039fields'
20240409@181921.7353 qvggpf16vm8scm4v5s6icqqkff Query : select fieldkey,fieldname,fieldtype,mandatory from wsfi039fields
20240409@181921.7525 qvggpf16vm8scm4v5s6icqqkff Query : select 1 valor from information_schema.tables where table_type='base table' and table_name='wsfi2039fields'
20240409@181921.7540 qvggpf16vm8scm4v5s6icqqkff Query : select fieldkey,fieldname,fieldtype,mandatory from wsfi2039fields
20240409@181921.7545 qvggpf16vm8scm4v5s6icqqkff Query : select sestamp valor from se where ref ='324.698.00.01' and lote = 'r2301182200a'
20240409@181921.7554 qvggpf16vm8scm4v5s6icqqkff Query : select top 1 convert(numeric(6,2),t.taxa) valor from taxasiva t where t.codigo='2'
20240409@181921.7563 qvggpf16vm8scm4v5s6icqqkff Query : select 1 valor from information_schema.tables where table_type='base table' and table_name='wsfi039fields'
20240409@181921.7575 qvggpf16vm8scm4v5s6icqqkff Query : select fieldkey,fieldname,fieldtype,calcformula from wsfi039fields
20240409@181921.7598 qvggpf16vm8scm4v5s6icqqkff Query : insert into wsfi039data (fistamp,ousrdata, ousrhora, usrdata,usrhora,ousrinis,usrinis ,qtt ,ftstamp ,epv,pvmoeda ,tabiva,iva,lordem ,ref, design ,lote,armazem,bistamp ) values ('aut661578684766157899b8',getdate(),convert(char(8),convert (time,getdate())),getdate(),convert(char(8),convert (time,getdate())),'wsv','wsv',8.000 ,'aut66157919026615789571' ,0,0 ,2,23.00,990000,?,?,?,?,?)
20240409@181921.7871 qvggpf16vm8scm4v5s6icqqkff Query : select 1 valor from information_schema.tables where table_type='base table' and table_name='wsfi2039fields'
20240409@181921.7886 qvggpf16vm8scm4v5s6icqqkff Query : select fieldkey,fieldname,fieldtype,calcformula from wsfi2039fields
20240409@181921.7890 qvggpf16vm8scm4v5s6icqqkff Query : insert into wsfi2039data (fi2stamp,ftstamp ,ousrdata, ousrhora, usrdata,usrhora,ousrinis,usrinis) values ('aut661578684766157899b8','aut66157919026615789571' ,getdate(),convert(char(8),convert (time,getdate())),getdate(),convert(char(8),convert (time,getdate())),'wsv','wsv')
20240409@181921.7895 qvggpf16vm8scm4v5s6icqqkff Query : select 1 valor from information_schema.tables where table_type='base table' and table_name='wsfi039fields'
20240409@181921.7908 qvggpf16vm8scm4v5s6icqqkff Query : select fieldkey,fieldname,fieldtype,mandatory from wsfi039fields
20240409@181921.7930 qvggpf16vm8scm4v5s6icqqkff Query : select 1 valor from information_schema.tables where table_type='base table' and table_name='wsfi2039fields'
20240409@181921.7941 qvggpf16vm8scm4v5s6icqqkff Query : select fieldkey,fieldname,fieldtype,mandatory from wsfi2039fields
20240409@181921.7946 qvggpf16vm8scm4v5s6icqqkff Query : select top 1 convert(numeric(6,2),t.taxa) valor from taxasiva t where t.codigo='2'
20240409@181921.7955 qvggpf16vm8scm4v5s6icqqkff Query : select 1 valor from information_schema.tables where table_type='base table' and table_name='wsfi039fields'
20240409@181921.7966 qvggpf16vm8scm4v5s6icqqkff Query : select fieldkey,fieldname,fieldtype,calcformula from wsfi039fields
20240409@181921.7988 qvggpf16vm8scm4v5s6icqqkff Query : insert into wsfi039data (fistamp,ousrdata, ousrhora, usrdata,usrhora,ousrinis,usrinis ,qtt ,ftstamp ,epv,pvmoeda ,tabiva,iva,lordem ,ref, design ,armazem) values ('aut661577144366157899c2',getdate(),convert(char(8),convert (time,getdate())),getdate(),convert(char(8),convert (time,getdate())),'wsv','wsv',0 ,'aut66157919026615789571' ,0,0 ,2,23.00,1000000,?,?,?)
20240409@181921.8262 qvggpf16vm8scm4v5s6icqqkff Query : select 1 valor from information_schema.tables where table_type='base table' and table_name='wsfi2039fields'
20240409@181921.8277 qvggpf16vm8scm4v5s6icqqkff Query : select fieldkey,fieldname,fieldtype,calcformula from wsfi2039fields
20240409@181921.8281 qvggpf16vm8scm4v5s6icqqkff Query : insert into wsfi2039data (fi2stamp,ftstamp ,ousrdata, ousrhora, usrdata,usrhora,ousrinis,usrinis) values ('aut661577144366157899c2','aut66157919026615789571' ,getdate(),convert(char(8),convert (time,getdate())),getdate(),convert(char(8),convert (time,getdate())),'wsv','wsv')
20240409@181921.8286 qvggpf16vm8scm4v5s6icqqkff Query : insert into wsftcreationlog (initialftstamp,externalid,creationstatus,documenttypeid,idustamp) values ('aut66157919026615789571','2402488','wait',39,'ari17112337378,753000005')
20240409@181921.8310 qvggpf16vm8scm4v5s6icqqkff Query : use flama_phc
20240409@181921.8312 qvggpf16vm8scm4v5s6icqqkff Query : update u_wsusers set rqsttoken =? where userid ='userls001'
20240409@181921.8323 qvggpf16vm8scm4v5s6icqqkff Query : select concat(rtrim(relative_path),ltrim(name_new)) as valor from uploadfiles where uploadfile_id='1044';
20240409@181921.8342 qvggpf16vm8scm4v5s6icqqkff Query : update uploadfiles set whenupdated=current_timestamp where uploadfile_id='1044';
20240409@181921.8356 qvggpf16vm8scm4v5s6icqqkff Query : select concat(rtrim(relative_path),ltrim(name_new)) as valor from uploadfiles where uploadfile_id='1044';
20240409@181921.8368 qvggpf16vm8scm4v5s6icqqkff Query : update uploadfiles set whenupdated=current_timestamp where uploadfile_id='1044';
20240409@181921.8868 04prlh0s4cmc8l8998etdlr7jc Query : insert into uploadfiles ( name_original, name_new, option_type, relative_path, whencreated ) values ( ?, ?, ?, ?, getdate() )
20240409@181921.8880 04prlh0s4cmc8l8998etdlr7jc Query : select uploadfile_id valor from uploadfiles where name_new = ? and option_type = ? 
20240409@181921.8902 04prlh0s4cmc8l8998etdlr7jc Query : select concat(rtrim(relative_path),ltrim(name_new)) as valor from uploadfiles where uploadfile_id='1045';
20240409@181921.8948 04prlh0s4cmc8l8998etdlr7jc Query : update uploadfiles set whenupdated=current_timestamp where uploadfile_id='1045';
20240409@181921.8964 04prlh0s4cmc8l8998etdlr7jc Query : select concat(rtrim(relative_path),ltrim(name_new)) as valor from uploadfiles where uploadfile_id='1045';
20240409@181921.8978 04prlh0s4cmc8l8998etdlr7jc Query : update uploadfiles set whenupdated=current_timestamp where uploadfile_id='1045';
20240409@181921.9031 04prlh0s4cmc8l8998etdlr7jc Query : use flama_phc
20240409@181921.9073 04prlh0s4cmc8l8998etdlr7jc Query : select top 1 secretkey valor from u_wsusers u where u.userid = ? and u.inactivo=0
20240409@181921.9109 04prlh0s4cmc8l8998etdlr7jc Query : use flama_phc
20240409@181921.9112 04prlh0s4cmc8l8998etdlr7jc Query : select no, estab,szadrsdesc from szadrs where u_coddest=2459
20240409@181921.9205 04prlh0s4cmc8l8998etdlr7jc Query : select top 1 isnull(design,'') valor from st (nolock) left join stobs (nolock) on st.ref = stobs.ref where st.ref = '327.8253.00.1'
20240409@181921.9353 04prlh0s4cmc8l8998etdlr7jc Query : select top 1 bistamp valor from bi inner join bo on bo.bostamp=bi.bostamp where bo.ndos =240 and bo.boano =2025 and bo.obrano = 2402572 and bi.ref ='327.8253.00.1' and bi.lordem =1
20240409@181921.9723 04prlh0s4cmc8l8998etdlr7jc Query : select top 1 isnull(design,'') valor from st (nolock) left join stobs (nolock) on st.ref = stobs.ref where st.ref = '327.8253.00.1'
20240409@181921.9734 04prlh0s4cmc8l8998etdlr7jc Query : select top 1 bistamp valor from bi inner join bo on bo.bostamp=bi.bostamp where bo.ndos =240 and bo.boano =2025 and bo.obrano = 2402572 and bi.ref ='327.8253.00.1' and bi.lordem =1
20240409@181921.9740 04prlh0s4cmc8l8998etdlr7jc Query : select top 1 isnull(design,'') valor from st (nolock) left join stobs (nolock) on st.ref = stobs.ref where st.ref = '324.1803.00.1'
20240409@181921.9890 04prlh0s4cmc8l8998etdlr7jc Query : select top 1 bistamp valor from bi inner join bo on bo.bostamp=bi.bostamp where bo.ndos =240 and bo.boano =2025 and bo.obrano = 2402572 and bi.ref ='324.1803.00.1' and bi.lordem =2
20240409@181922.2040 04prlh0s4cmc8l8998etdlr7jc Query : select top 1 isnull(design,'') valor from st (nolock) left join stobs (nolock) on st.ref = stobs.ref where st.ref = '324.1803.00.1'
20240409@181922.2170 04prlh0s4cmc8l8998etdlr7jc Query : select top 1 bistamp valor from bi inner join bo on bo.bostamp=bi.bostamp where bo.ndos =240 and bo.boano =2025 and bo.obrano = 2402572 and bi.ref ='324.1803.00.1' and bi.lordem =2
20240409@181922.2230 04prlh0s4cmc8l8998etdlr7jc Query : select top 1 isnull(design,'') valor from st (nolock) left join stobs (nolock) on st.ref = stobs.ref where st.ref = '324.1803.00.1'
20240409@181922.2340 04prlh0s4cmc8l8998etdlr7jc Query : select top 1 bistamp valor from bi inner join bo on bo.bostamp=bi.bostamp where bo.ndos =240 and bo.boano =2025 and bo.obrano = 2402572 and bi.ref ='324.1803.00.1' and bi.lordem =2
20240409@181922.2400 04prlh0s4cmc8l8998etdlr7jc Query : select top 1 isnull(design,'') valor from st (nolock) left join stobs (nolock) on st.ref = stobs.ref where st.ref = '324.1803.00.1'
20240409@181922.2580 04prlh0s4cmc8l8998etdlr7jc Query : select top 1 bistamp valor from bi inner join bo on bo.bostamp=bi.bostamp where bo.ndos =240 and bo.boano =2025 and bo.obrano = 2402572 and bi.ref ='324.1803.00.1' and bi.lordem =2
20240409@181922.2630 04prlh0s4cmc8l8998etdlr7jc Query : select top 1 isnull(design,'') valor from st (nolock) left join stobs (nolock) on st.ref = stobs.ref where st.ref = '324.1803.00.1'
20240409@181922.2730 04prlh0s4cmc8l8998etdlr7jc Query : select top 1 bistamp valor from bi inner join bo on bo.bostamp=bi.bostamp where bo.ndos =240 and bo.boano =2025 and bo.obrano = 2402572 and bi.ref ='324.1803.00.1' and bi.lordem =2
20240409@181922.2800 04prlh0s4cmc8l8998etdlr7jc Query : select top 1 isnull(design,'') valor from st (nolock) left join stobs (nolock) on st.ref = stobs.ref where st.ref = '324.1816.00.1'
20240409@181922.4780 04prlh0s4cmc8l8998etdlr7jc Query : select top 1 bistamp valor from bi inner join bo on bo.bostamp=bi.bostamp where bo.ndos =240 and bo.boano =2025 and bo.obrano = 2402572 and bi.ref ='324.1816.00.1' and bi.lordem =3
20240409@181922.7960 04prlh0s4cmc8l8998etdlr7jc Query : select top 1 isnull(design,'') valor from st (nolock) left join stobs (nolock) on st.ref = stobs.ref where st.ref = '324.1816.00.1'
20240409@181922.8090 04prlh0s4cmc8l8998etdlr7jc Query : select top 1 bistamp valor from bi inner join bo on bo.bostamp=bi.bostamp where bo.ndos =240 and bo.boano =2025 and bo.obrano = 2402572 and bi.ref ='324.1816.00.1' and bi.lordem =3
20240409@181922.8150 04prlh0s4cmc8l8998etdlr7jc Query : select top 1 isnull(design,'') valor from st (nolock) left join stobs (nolock) on st.ref = stobs.ref where st.ref = '324.1816.00.1'
20240409@181922.8240 04prlh0s4cmc8l8998etdlr7jc Query : select top 1 bistamp valor from bi inner join bo on bo.bostamp=bi.bostamp where bo.ndos =240 and bo.boano =2025 and bo.obrano = 2402572 and bi.ref ='324.1816.00.1' and bi.lordem =3
20240409@181922.8300 04prlh0s4cmc8l8998etdlr7jc Query : select top 1 isnull(design,'') valor from st (nolock) left join stobs (nolock) on st.ref = stobs.ref where st.ref = '324.1816.00.1'
20240409@181922.8390 04prlh0s4cmc8l8998etdlr7jc Query : select top 1 bistamp valor from bi inner join bo on bo.bostamp=bi.bostamp where bo.ndos =240 and bo.boano =2025 and bo.obrano = 2402572 and bi.ref ='324.1816.00.1' and bi.lordem =3
20240409@181922.8440 04prlh0s4cmc8l8998etdlr7jc Query : select top 1 isnull(design,'') valor from st (nolock) left join stobs (nolock) on st.ref = stobs.ref where st.ref = '324.1816.00.1'
20240409@181922.8540 04prlh0s4cmc8l8998etdlr7jc Query : select top 1 bistamp valor from bi inner join bo on bo.bostamp=bi.bostamp where bo.ndos =240 and bo.boano =2025 and bo.obrano = 2402572 and bi.ref ='324.1816.00.1' and bi.lordem =3
20240409@181922.8590 04prlh0s4cmc8l8998etdlr7jc Query : select top 1 isnull(design,'') valor from st (nolock) left join stobs (nolock) on st.ref = stobs.ref where st.ref = '324.1816.00.1'
20240409@181922.8680 04prlh0s4cmc8l8998etdlr7jc Query : select top 1 bistamp valor from bi inner join bo on bo.bostamp=bi.bostamp where bo.ndos =240 and bo.boano =2025 and bo.obrano = 2402572 and bi.ref ='324.1816.00.1' and bi.lordem =3
20240409@181922.8730 04prlh0s4cmc8l8998etdlr7jc Query : select top 1 isnull(design,'') valor from st (nolock) left join stobs (nolock) on st.ref = stobs.ref where st.ref = '324.1816.00.1'
20240409@181922.8830 04prlh0s4cmc8l8998etdlr7jc Query : select top 1 bistamp valor from bi inner join bo on bo.bostamp=bi.bostamp where bo.ndos =240 and bo.boano =2025 and bo.obrano = 2402572 and bi.ref ='324.1816.00.1' and bi.lordem =3
20240409@181922.8880 04prlh0s4cmc8l8998etdlr7jc Query : select top 1 isnull(design,'') valor from st (nolock) left join stobs (nolock) on st.ref = stobs.ref where st.ref = '324.1816.00.1'
20240409@181922.8980 04prlh0s4cmc8l8998etdlr7jc Query : select top 1 bistamp valor from bi inner join bo on bo.bostamp=bi.bostamp where bo.ndos =240 and bo.boano =2025 and bo.obrano = 2402572 and bi.ref ='324.1816.00.1' and bi.lordem =3
20240409@181922.9060 04prlh0s4cmc8l8998etdlr7jc Query : select top 1 isnull(design,'') valor from st (nolock) left join stobs (nolock) on st.ref = stobs.ref where st.ref = '324.1816.00.1'
20240409@181922.9160 04prlh0s4cmc8l8998etdlr7jc Query : select top 1 bistamp valor from bi inner join bo on bo.bostamp=bi.bostamp where bo.ndos =240 and bo.boano =2025 and bo.obrano = 2402572 and bi.ref ='324.1816.00.1' and bi.lordem =3
20240409@181922.9220 04prlh0s4cmc8l8998etdlr7jc Query : select top 1 isnull(design,'') valor from st (nolock) left join stobs (nolock) on st.ref = stobs.ref where st.ref = '324.1816.00.1'
20240409@181922.9330 04prlh0s4cmc8l8998etdlr7jc Query : select top 1 bistamp valor from bi inner join bo on bo.bostamp=bi.bostamp where bo.ndos =240 and bo.boano =2025 and bo.obrano = 2402572 and bi.ref ='324.1816.00.1' and bi.lordem =3
20240409@181922.9390 04prlh0s4cmc8l8998etdlr7jc Query : select top 1 isnull(design,'') valor from st (nolock) left join stobs (nolock) on st.ref = stobs.ref where st.ref = '324.1816.00.1'
20240409@181922.9490 04prlh0s4cmc8l8998etdlr7jc Query : select top 1 bistamp valor from bi inner join bo on bo.bostamp=bi.bostamp where bo.ndos =240 and bo.boano =2025 and bo.obrano = 2402572 and bi.ref ='324.1816.00.1' and bi.lordem =3
20240409@181922.9540 04prlh0s4cmc8l8998etdlr7jc Query : select top 1 isnull(design,'') valor from st (nolock) left join stobs (nolock) on st.ref = stobs.ref where st.ref = '324.1816.00.1'
20240409@181922.9640 04prlh0s4cmc8l8998etdlr7jc Query : select top 1 bistamp valor from bi inner join bo on bo.bostamp=bi.bostamp where bo.ndos =240 and bo.boano =2025 and bo.obrano = 2402572 and bi.ref ='324.1816.00.1' and bi.lordem =3
20240409@181922.9680 04prlh0s4cmc8l8998etdlr7jc Query : select top 1 isnull(design,'') valor from st (nolock) left join stobs (nolock) on st.ref = stobs.ref where st.ref = '324.1816.00.1'
20240409@181922.9780 04prlh0s4cmc8l8998etdlr7jc Query : select top 1 bistamp valor from bi inner join bo on bo.bostamp=bi.bostamp where bo.ndos =240 and bo.boano =2025 and bo.obrano = 2402572 and bi.ref ='324.1816.00.1' and bi.lordem =3
20240409@181922.9830 04prlh0s4cmc8l8998etdlr7jc Query : select top 1 isnull(design,'') valor from st (nolock) left join stobs (nolock) on st.ref = stobs.ref where st.ref = '324.1816.00.1'
20240409@181922.9930 04prlh0s4cmc8l8998etdlr7jc Query : select top 1 bistamp valor from bi inner join bo on bo.bostamp=bi.bostamp where bo.ndos =240 and bo.boano =2025 and bo.obrano = 2402572 and bi.ref ='324.1816.00.1' and bi.lordem =3
20240409@181922.9980 04prlh0s4cmc8l8998etdlr7jc Query : select top 1 isnull(design,'') valor from st (nolock) left join stobs (nolock) on st.ref = stobs.ref where st.ref = '324.1816.00.1'
20240409@181922.1007 04prlh0s4cmc8l8998etdlr7jc Query : select top 1 bistamp valor from bi inner join bo on bo.bostamp=bi.bostamp where bo.ndos =240 and bo.boano =2025 and bo.obrano = 2402572 and bi.ref ='324.1816.00.1' and bi.lordem =3
20240409@181922.1012 04prlh0s4cmc8l8998etdlr7jc Query : select top 1 isnull(design,'') valor from st (nolock) left join stobs (nolock) on st.ref = stobs.ref where st.ref = '324.1816.00.1'
20240409@181922.1021 04prlh0s4cmc8l8998etdlr7jc Query : select top 1 bistamp valor from bi inner join bo on bo.bostamp=bi.bostamp where bo.ndos =240 and bo.boano =2025 and bo.obrano = 2402572 and bi.ref ='324.1816.00.1' and bi.lordem =3
20240409@181922.1026 04prlh0s4cmc8l8998etdlr7jc Query : select top 1 isnull(design,'') valor from st (nolock) left join stobs (nolock) on st.ref = stobs.ref where st.ref = '324.1816.00.1'
20240409@181922.1035 04prlh0s4cmc8l8998etdlr7jc Query : select top 1 bistamp valor from bi inner join bo on bo.bostamp=bi.bostamp where bo.ndos =240 and bo.boano =2025 and bo.obrano = 2402572 and bi.ref ='324.1816.00.1' and bi.lordem =3
20240409@181922.1040 04prlh0s4cmc8l8998etdlr7jc Query : select top 1 isnull(design,'') valor from st (nolock) left join stobs (nolock) on st.ref = stobs.ref where st.ref = '324.1816.00.1'
20240409@181922.1050 04prlh0s4cmc8l8998etdlr7jc Query : select top 1 bistamp valor from bi inner join bo on bo.bostamp=bi.bostamp where bo.ndos =240 and bo.boano =2025 and bo.obrano = 2402572 and bi.ref ='324.1816.00.1' and bi.lordem =3
20240409@181922.1055 04prlh0s4cmc8l8998etdlr7jc Query : select top 1 isnull(design,'') valor from st (nolock) left join stobs (nolock) on st.ref = stobs.ref where st.ref = '324.1816.00.1'
20240409@181922.1065 04prlh0s4cmc8l8998etdlr7jc Query : select top 1 bistamp valor from bi inner join bo on bo.bostamp=bi.bostamp where bo.ndos =240 and bo.boano =2025 and bo.obrano = 2402572 and bi.ref ='324.1816.00.1' and bi.lordem =3
20240409@181922.1069 04prlh0s4cmc8l8998etdlr7jc Query : select top 1 isnull(design,'') valor from st (nolock) left join stobs (nolock) on st.ref = stobs.ref where st.ref = '324.1816.00.1'
20240409@181922.1080 04prlh0s4cmc8l8998etdlr7jc Query : select top 1 bistamp valor from bi inner join bo on bo.bostamp=bi.bostamp where bo.ndos =240 and bo.boano =2025 and bo.obrano = 2402572 and bi.ref ='324.1816.00.1' and bi.lordem =3
20240409@181922.1086 04prlh0s4cmc8l8998etdlr7jc Query : select top 1 isnull(design,'') valor from st (nolock) left join stobs (nolock) on st.ref = stobs.ref where st.ref = '324.1816.00.1'
20240409@181922.1096 04prlh0s4cmc8l8998etdlr7jc Query : select top 1 bistamp valor from bi inner join bo on bo.bostamp=bi.bostamp where bo.ndos =240 and bo.boano =2025 and bo.obrano = 2402572 and bi.ref ='324.1816.00.1' and bi.lordem =3
20240409@181922.1101 04prlh0s4cmc8l8998etdlr7jc Query : select top 1 isnull(design,'') valor from st (nolock) left join stobs (nolock) on st.ref = stobs.ref where st.ref = '324.1816.00.1'
20240409@181922.1110 04prlh0s4cmc8l8998etdlr7jc Query : select top 1 bistamp valor from bi inner join bo on bo.bostamp=bi.bostamp where bo.ndos =240 and bo.boano =2025 and bo.obrano = 2402572 and bi.ref ='324.1816.00.1' and bi.lordem =3
20240409@181922.1115 04prlh0s4cmc8l8998etdlr7jc Query : select top 1 isnull(design,'') valor from st (nolock) left join stobs (nolock) on st.ref = stobs.ref where st.ref = '324.1816.00.1'
20240409@181922.1125 04prlh0s4cmc8l8998etdlr7jc Query : select top 1 bistamp valor from bi inner join bo on bo.bostamp=bi.bostamp where bo.ndos =240 and bo.boano =2025 and bo.obrano = 2402572 and bi.ref ='324.1816.00.1' and bi.lordem =3
20240409@181922.1132 04prlh0s4cmc8l8998etdlr7jc Query : select top 1 isnull(design,'') valor from st (nolock) left join stobs (nolock) on st.ref = stobs.ref where st.ref = '324.1816.00.1'
20240409@181922.1141 04prlh0s4cmc8l8998etdlr7jc Query : select top 1 bistamp valor from bi inner join bo on bo.bostamp=bi.bostamp where bo.ndos =240 and bo.boano =2025 and bo.obrano = 2402572 and bi.ref ='324.1816.00.1' and bi.lordem =3
20240409@181922.1146 04prlh0s4cmc8l8998etdlr7jc Query : select top 1 isnull(design,'') valor from st (nolock) left join stobs (nolock) on st.ref = stobs.ref where st.ref = '324.1816.00.1'
20240409@181922.1156 04prlh0s4cmc8l8998etdlr7jc Query : select top 1 bistamp valor from bi inner join bo on bo.bostamp=bi.bostamp where bo.ndos =240 and bo.boano =2025 and bo.obrano = 2402572 and bi.ref ='324.1816.00.1' and bi.lordem =3
20240409@181922.1175 04prlh0s4cmc8l8998etdlr7jc Query : select top 1 isnull(design,'') valor from st (nolock) left join stobs (nolock) on st.ref = stobs.ref where st.ref = '324.1824.00.1'
20240409@181922.1347 04prlh0s4cmc8l8998etdlr7jc Query : select top 1 bistamp valor from bi inner join bo on bo.bostamp=bi.bostamp where bo.ndos =240 and bo.boano =2025 and bo.obrano = 2402572 and bi.ref ='324.1824.00.1' and bi.lordem =4
20240409@181922.1684 04prlh0s4cmc8l8998etdlr7jc Query : select top 1 isnull(design,'') valor from st (nolock) left join stobs (nolock) on st.ref = stobs.ref where st.ref = '324.1824.00.1'
20240409@181922.1696 04prlh0s4cmc8l8998etdlr7jc Query : select top 1 bistamp valor from bi inner join bo on bo.bostamp=bi.bostamp where bo.ndos =240 and bo.boano =2025 and bo.obrano = 2402572 and bi.ref ='324.1824.00.1' and bi.lordem =4
20240409@181922.1702 04prlh0s4cmc8l8998etdlr7jc Query : select top 1 isnull(design,'') valor from st (nolock) left join stobs (nolock) on st.ref = stobs.ref where st.ref = '324.1824.00.1'
20240409@181922.1715 04prlh0s4cmc8l8998etdlr7jc Query : select top 1 bistamp valor from bi inner join bo on bo.bostamp=bi.bostamp where bo.ndos =240 and bo.boano =2025 and bo.obrano = 2402572 and bi.ref ='324.1824.00.1' and bi.lordem =4
20240409@181922.1720 04prlh0s4cmc8l8998etdlr7jc Query : select top 1 isnull(design,'') valor from st (nolock) left join stobs (nolock) on st.ref = stobs.ref where st.ref = '324.1824.00.1'
20240409@181922.1730 04prlh0s4cmc8l8998etdlr7jc Query : select top 1 bistamp valor from bi inner join bo on bo.bostamp=bi.bostamp where bo.ndos =240 and bo.boano =2025 and bo.obrano = 2402572 and bi.ref ='324.1824.00.1' and bi.lordem =4
20240409@181922.1736 04prlh0s4cmc8l8998etdlr7jc Query : select top 1 isnull(design,'') valor from st (nolock) left join stobs (nolock) on st.ref = stobs.ref where st.ref = '324.1824.00.1'
20240409@181922.1749 04prlh0s4cmc8l8998etdlr7jc Query : select top 1 bistamp valor from bi inner join bo on bo.bostamp=bi.bostamp where bo.ndos =240 and bo.boano =2025 and bo.obrano = 2402572 and bi.ref ='324.1824.00.1' and bi.lordem =4
20240409@181922.1766 04prlh0s4cmc8l8998etdlr7jc Query : select top 1 isnull(design,'') valor from st (nolock) left join stobs (nolock) on st.ref = stobs.ref where st.ref = '324.1834.00.1'
20240409@181922.1914 04prlh0s4cmc8l8998etdlr7jc Query : select top 1 bistamp valor from bi inner join bo on bo.bostamp=bi.bostamp where bo.ndos =240 and bo.boano =2025 and bo.obrano = 2402572 and bi.ref ='324.1834.00.1' and bi.lordem =6
20240409@181922.2219 04prlh0s4cmc8l8998etdlr7jc Query : select top 1 isnull(design,'') valor from st (nolock) left join stobs (nolock) on st.ref = stobs.ref where st.ref = '324.1834.00.1'
20240409@181922.2233 04prlh0s4cmc8l8998etdlr7jc Query : select top 1 bistamp valor from bi inner join bo on bo.bostamp=bi.bostamp where bo.ndos =240 and bo.boano =2025 and bo.obrano = 2402572 and bi.ref ='324.1834.00.1' and bi.lordem =6
20240409@181922.2239 04prlh0s4cmc8l8998etdlr7jc Query : select top 1 isnull(design,'') valor from st (nolock) left join stobs (nolock) on st.ref = stobs.ref where st.ref = '324.1837.00.1'
20240409@181922.2399 04prlh0s4cmc8l8998etdlr7jc Query : select top 1 bistamp valor from bi inner join bo on bo.bostamp=bi.bostamp where bo.ndos =240 and bo.boano =2025 and bo.obrano = 2402572 and bi.ref ='324.1837.00.1' and bi.lordem =7
20240409@181922.2721 04prlh0s4cmc8l8998etdlr7jc Query : select top 1 isnull(design,'') valor from st (nolock) left join stobs (nolock) on st.ref = stobs.ref where st.ref = '324.1837.00.1'
20240409@181922.2738 04prlh0s4cmc8l8998etdlr7jc Query : select top 1 bistamp valor from bi inner join bo on bo.bostamp=bi.bostamp where bo.ndos =240 and bo.boano =2025 and bo.obrano = 2402572 and bi.ref ='324.1837.00.1' and bi.lordem =7
20240409@181922.2743 04prlh0s4cmc8l8998etdlr7jc Query : use flama_phc
20240409@181922.2747 04prlh0s4cmc8l8998etdlr7jc Query : select top 1 convert(date,fdata) valor from ft where ndoc = 39 and anulado= 0 and fno>0 order by fdata desc
20240409@181922.2761 04prlh0s4cmc8l8998etdlr7jc Query : use flama_phc
20240409@181922.2764 04prlh0s4cmc8l8998etdlr7jc Query : select top 1 1 valor from td where td.ndoc = 39
20240409@181922.2803 04prlh0s4cmc8l8998etdlr7jc Query : use flama_phc
20240409@181922.2807 04prlh0s4cmc8l8998etdlr7jc Query : select descricao ,case when valor='s' then 1 else 0 end usalotes from para1 where descricao in ('st_lote')
20240409@181922.2818 04prlh0s4cmc8l8998etdlr7jc Query : select top 1 assinadoc issigned ,td.lancasl stocks ,'cl' origin ,case when (cmsl between 1 and 50 ) then 1 else 0 end entrada ,case when (cmsl>50 ) then 1 else 0 end saida ,~lotestock validatestock ,tiposaft from td inner join td2 on td.tdstamp=td2.td2stamp where td.ndoc =39
20240409@181922.2853 04prlh0s4cmc8l8998etdlr7jc Query : use flama_phc
20240409@181922.2856 04prlh0s4cmc8l8998etdlr7jc Query : select top 1 ~inactivo valor from cl where no = '200500' and estab = 0 order by inactivo desc
20240409@181922.2867 04prlh0s4cmc8l8998etdlr7jc Query : use flama_phc
20240409@181922.2870 04prlh0s4cmc8l8998etdlr7jc Query : select top 1 tipodoc,regrd from td where ndoc = 39
20240409@181922.2880 04prlh0s4cmc8l8998etdlr7jc Query : use flama_phc
20240409@181922.2883 04prlh0s4cmc8l8998etdlr7jc Query : select szadrsstamp valor from szadrs where szadrsdesc='espaÇotrans,lda'
20240409@181922.2894 04prlh0s4cmc8l8998etdlr7jc Query : use flama_phc
20240409@181922.2897 04prlh0s4cmc8l8998etdlr7jc Query : select szadrsstamp valor from szadrs where szadrsdesc='eldisser, s.a.'
20240409@181922.2910 04prlh0s4cmc8l8998etdlr7jc Query : use flama_phc
20240409@181922.2913 04prlh0s4cmc8l8998etdlr7jc Query : select 1 valor from td where ndoc = 39
20240409@181922.2923 04prlh0s4cmc8l8998etdlr7jc Query : select top 1 manternumero, tiposaft, nmdos,td.assinadoc from td where td.ndoc = 39
20240409@181922.2936 04prlh0s4cmc8l8998etdlr7jc Query : select 1 valor from information_schema.tables where table_type='base table' and table_name='wsft039fields'
20240409@181922.2953 04prlh0s4cmc8l8998etdlr7jc Query : select fieldkey,fieldname,fieldtype,mandatory from wsft039fields
20240409@181922.2970 04prlh0s4cmc8l8998etdlr7jc Query : select 1 valor from information_schema.tables where table_type='base table' and table_name='wsft2039fields'
20240409@181922.2983 04prlh0s4cmc8l8998etdlr7jc Query : select fieldkey,fieldname,fieldtype,mandatory from wsft2039fields
20240409@181922.3010 04prlh0s4cmc8l8998etdlr7jc Query : select 1 valor from information_schema.tables where table_type='base table' and table_name='wsft3039fields'
20240409@181922.3023 04prlh0s4cmc8l8998etdlr7jc Query : select fieldkey,fieldname,fieldtype,mandatory from wsft3039fields
20240409@181922.3035 04prlh0s4cmc8l8998etdlr7jc Query : select top 1 ft.fno valor from ft ft where ft.ndoc = 39 and ftano=2024 order by fno desc
20240409@181922.3146 04prlh0s4cmc8l8998etdlr7jc Query : select top 1 ft.fno valor from wsft039data ft where ft.ndoc = 39 and ftano=2024 order by fno desc
20240409@181922.3157 04prlh0s4cmc8l8998etdlr7jc Query : select 1 valor from information_schema.tables where table_type='base table' and table_name='wsft3039fields'
20240409@181922.3171 04prlh0s4cmc8l8998etdlr7jc Query : select fieldkey,fieldname,fieldtype,calcformula from wsft3039fields
20240409@181922.3181 04prlh0s4cmc8l8998etdlr7jc Query : insert into wsft3039data (ft3stamp, ousrdata, ousrhora, usrdata,usrhora,ousrinis,usrinis,taxpointdt ) values ('aut66157532956615789a4a' ,getdate(),convert(char(8),convert (time,getdate())),getdate(),convert(char(8),convert (time,getdate())),'wsv','wsv',?)
20240409@181922.3393 04prlh0s4cmc8l8998etdlr7jc Query : select 1 valor from information_schema.tables where table_type='base table' and table_name='wsft2039fields'
20240409@181922.3411 04prlh0s4cmc8l8998etdlr7jc Query : select fieldkey,fieldname,fieldtype,calcformula from wsft2039fields
20240409@181922.3451 04prlh0s4cmc8l8998etdlr7jc Query : select top 1 bo.u_nomeenv valor from bo where bo.bostamp=''
20240409@181922.3456 04prlh0s4cmc8l8998etdlr7jc Query : select top 1 bo.u_moradaen valor from bo where bo.bostamp=''
20240409@181922.3461 04prlh0s4cmc8l8998etdlr7jc Query : select top 1 bo.u_codposen valor from bo where bo.bostamp=''
20240409@181922.3466 04prlh0s4cmc8l8998etdlr7jc Query : select top 1 bo.u_localenv valor from bo where bo.bostamp=''
20240409@181922.3471 04prlh0s4cmc8l8998etdlr7jc Query : select top 1 bo.trab5 valor from bo where bo.bostamp=''
20240409@181922.3475 04prlh0s4cmc8l8998etdlr7jc Query : select top 1 bo.serie valor from bo where bo.bostamp=''
20240409@181922.3480 04prlh0s4cmc8l8998etdlr7jc Query : insert into wsft2039data (ft2stamp, ousrdata,ousrhora, usrdata,usrhora,ousrinis,usrinis,u_nomeenv ,u_moradaen ,u_codposen ,u_localenv ,u_coddest ,u_codby ) values ('aut66157532956615789a4a',getdate(),convert(char(8),convert (time,getdate())),getdate(),convert(char(8),convert (time,getdate())),'wsv','wsv',?,?,?,?,?,?)
20240409@181922.3836 04prlh0s4cmc8l8998etdlr7jc Query : select top 1 fno valor from wsft039data order by fno desc
20240409@181922.3854 04prlh0s4cmc8l8998etdlr7jc Query : select 1 valor from information_schema.tables where table_type='base table' and table_name='wsft039fields'
20240409@181922.3872 04prlh0s4cmc8l8998etdlr7jc Query : select fieldkey,fieldname,fieldtype,calcformula from wsft039fields
20240409@181922.3889 04prlh0s4cmc8l8998etdlr7jc Query : insert into wsft039data (ftstamp, ousrdata,ousrhora, usrdata,usrhora,ousrinis,usrinis,fno,no,estab,fdata,ndoc,moeda,cambio,cambiofixo,ftano,cdata,chora,carga,descar,site ,classe ) values ('aut66157532956615789a4a',getdate(),convert(char(8),convert (time,getdate())),getdate(),convert(char(8),convert (time,getdate())),'wsv','wsv',806,200500,0,'2024-04-09',39,'euro',0,0,2024 ,'20240409','1849',?,?,?,?)
20240409@181922.4206 04prlh0s4cmc8l8998etdlr7jc Query : use flama_phc
20240409@181922.4211 04prlh0s4cmc8l8998etdlr7jc Query : select st.usalote valor from st where st.ref = '327.8253.00.1'
20240409@181922.4225 04prlh0s4cmc8l8998etdlr7jc Query : select top 1 st.tabiva ,st.ivaincl ,st.stns ,st.uni2 ,st.familia ,isnull(tx.taxa, 0) txiva ,unidade ,usalote ,epcpond ,noserie from st left join taxasiva tx on st.tabiva = tx.codigo where st.ref = '327.8253.00.1'
20240409@181922.4392 04prlh0s4cmc8l8998etdlr7jc Query : select 1 valor from information_schema.tables where table_type='base table' and table_name='wsfi039fields'
20240409@181922.4408 04prlh0s4cmc8l8998etdlr7jc Query : select fieldkey,fieldname,fieldtype,mandatory from wsfi039fields
20240409@181922.4433 04prlh0s4cmc8l8998etdlr7jc Query : select 1 valor from information_schema.tables where table_type='base table' and table_name='wsfi2039fields'
20240409@181922.4448 04prlh0s4cmc8l8998etdlr7jc Query : select fieldkey,fieldname,fieldtype,mandatory from wsfi2039fields
20240409@181922.4452 04prlh0s4cmc8l8998etdlr7jc Query : select sestamp valor from se where ref ='327.8253.00.1' and lote = 'r2301073100a'
20240409@181922.4463 04prlh0s4cmc8l8998etdlr7jc Query : select top 1 convert(numeric(6,2),t.taxa) valor from taxasiva t where t.codigo='2'
20240409@181922.4473 04prlh0s4cmc8l8998etdlr7jc Query : select 1 valor from information_schema.tables where table_type='base table' and table_name='wsfi039fields'
20240409@181922.4485 04prlh0s4cmc8l8998etdlr7jc Query : select fieldkey,fieldname,fieldtype,calcformula from wsfi039fields
20240409@181922.4508 04prlh0s4cmc8l8998etdlr7jc Query : insert into wsfi039data (fistamp,ousrdata, ousrhora, usrdata,usrhora,ousrinis,usrinis ,qtt ,ftstamp ,epv,pvmoeda ,tabiva,iva,lordem ,ref, design ,lote,armazem,bistamp ) values ('aut66157817956615789a6d',getdate(),convert(char(8),convert (time,getdate())),getdate(),convert(char(8),convert (time,getdate())),'wsv','wsv',4.000 ,'aut66157532956615789a4a' ,0,0 ,2,23.00,10000,?,?,?,?,?)
20240409@181922.4798 04prlh0s4cmc8l8998etdlr7jc Query : select 1 valor from information_schema.tables where table_type='base table' and table_name='wsfi2039fields'
20240409@181922.4813 04prlh0s4cmc8l8998etdlr7jc Query : select fieldkey,fieldname,fieldtype,calcformula from wsfi2039fields
20240409@181922.4817 04prlh0s4cmc8l8998etdlr7jc Query : insert into wsfi2039data (fi2stamp,ftstamp ,ousrdata, ousrhora, usrdata,usrhora,ousrinis,usrinis) values ('aut66157817956615789a6d','aut66157532956615789a4a' ,getdate(),convert(char(8),convert (time,getdate())),getdate(),convert(char(8),convert (time,getdate())),'wsv','wsv')
20240409@181922.4829 04prlh0s4cmc8l8998etdlr7jc Query : select 1 valor from information_schema.tables where table_type='base table' and table_name='wsfi039fields'
20240409@181922.4845 04prlh0s4cmc8l8998etdlr7jc Query : select fieldkey,fieldname,fieldtype,mandatory from wsfi039fields
20240409@181922.4867 04prlh0s4cmc8l8998etdlr7jc Query : select 1 valor from information_schema.tables where table_type='base table' and table_name='wsfi2039fields'
20240409@181922.4881 04prlh0s4cmc8l8998etdlr7jc Query : select fieldkey,fieldname,fieldtype,mandatory from wsfi2039fields
20240409@181922.4895 04prlh0s4cmc8l8998etdlr7jc Query : select top 1 convert(numeric(6,2),t.taxa) valor from taxasiva t where t.codigo='2'
20240409@181922.4905 04prlh0s4cmc8l8998etdlr7jc Query : select 1 valor from information_schema.tables where table_type='base table' and table_name='wsfi039fields'
20240409@181922.4916 04prlh0s4cmc8l8998etdlr7jc Query : select fieldkey,fieldname,fieldtype,calcformula from wsfi039fields
20240409@181922.4939 04prlh0s4cmc8l8998etdlr7jc Query : insert into wsfi039data (fistamp,ousrdata, ousrhora, usrdata,usrhora,ousrinis,usrinis ,qtt ,ftstamp ,epv,pvmoeda ,tabiva,iva,lordem ,ref, design ,armazem) values ('aut66157650666615789a77',getdate(),convert(char(8),convert (time,getdate())),getdate(),convert(char(8),convert (time,getdate())),'wsv','wsv',0 ,'aut66157532956615789a4a' ,0,0 ,2,23.00,20000,?,?,?)
20240409@181922.5224 04prlh0s4cmc8l8998etdlr7jc Query : select 1 valor from information_schema.tables where table_type='base table' and table_name='wsfi2039fields'
20240409@181922.5243 04prlh0s4cmc8l8998etdlr7jc Query : select fieldkey,fieldname,fieldtype,calcformula from wsfi2039fields
20240409@181922.5247 04prlh0s4cmc8l8998etdlr7jc Query : insert into wsfi2039data (fi2stamp,ftstamp ,ousrdata, ousrhora, usrdata,usrhora,ousrinis,usrinis) values ('aut66157650666615789a77','aut66157532956615789a4a' ,getdate(),convert(char(8),convert (time,getdate())),getdate(),convert(char(8),convert (time,getdate())),'wsv','wsv')
20240409@181922.5252 04prlh0s4cmc8l8998etdlr7jc Query : use flama_phc
20240409@181922.5255 04prlh0s4cmc8l8998etdlr7jc Query : select st.usalote valor from st where st.ref = '327.8253.00.1'
20240409@181922.5266 04prlh0s4cmc8l8998etdlr7jc Query : select top 1 st.tabiva ,st.ivaincl ,st.stns ,st.uni2 ,st.familia ,isnull(tx.taxa, 0) txiva ,unidade ,usalote ,epcpond ,noserie from st left join taxasiva tx on st.tabiva = tx.codigo where st.ref = '327.8253.00.1'
20240409@181922.5280 04prlh0s4cmc8l8998etdlr7jc Query : select 1 valor from information_schema.tables where table_type='base table' and table_name='wsfi039fields'
20240409@181922.5703 04prlh0s4cmc8l8998etdlr7jc Query : select fieldkey,fieldname,fieldtype,mandatory from wsfi039fields
20240409@181922.6523 04prlh0s4cmc8l8998etdlr7jc Query : select 1 valor from information_schema.tables where table_type='base table' and table_name='wsfi2039fields'
20240409@181922.6554 04prlh0s4cmc8l8998etdlr7jc Query : select fieldkey,fieldname,fieldtype,mandatory from wsfi2039fields
20240409@181922.6559 04prlh0s4cmc8l8998etdlr7jc Query : select sestamp valor from se where ref ='327.8253.00.1' and lote = 'r2301073100a'
20240409@181922.6571 04prlh0s4cmc8l8998etdlr7jc Query : select top 1 convert(numeric(6,2),t.taxa) valor from taxasiva t where t.codigo='2'
20240409@181922.6582 04prlh0s4cmc8l8998etdlr7jc Query : select 1 valor from information_schema.tables where table_type='base table' and table_name='wsfi039fields'
20240409@181922.6597 04prlh0s4cmc8l8998etdlr7jc Query : select fieldkey,fieldname,fieldtype,calcformula from wsfi039fields
20240409@181922.6624 04prlh0s4cmc8l8998etdlr7jc Query : insert into wsfi039data (fistamp,ousrdata, ousrhora, usrdata,usrhora,ousrinis,usrinis ,qtt ,ftstamp ,epv,pvmoeda ,tabiva,iva,lordem ,ref, design ,lote,armazem,bistamp ) values ('aut66157152626615789aa0',getdate(),convert(char(8),convert (time,getdate())),getdate(),convert(char(8),convert (time,getdate())),'wsv','wsv',1.000 ,'aut66157532956615789a4a' ,0,0 ,2,23.00,40000,?,?,?,?,?)
20240409@181922.6920 04prlh0s4cmc8l8998etdlr7jc Query : select 1 valor from information_schema.tables where table_type='base table' and table_name='wsfi2039fields'
20240409@181922.6937 04prlh0s4cmc8l8998etdlr7jc Query : select fieldkey,fieldname,fieldtype,calcformula from wsfi2039fields
20240409@181922.6942 04prlh0s4cmc8l8998etdlr7jc Query : insert into wsfi2039data (fi2stamp,ftstamp ,ousrdata, ousrhora, usrdata,usrhora,ousrinis,usrinis) values ('aut66157152626615789aa0','aut66157532956615789a4a' ,getdate(),convert(char(8),convert (time,getdate())),getdate(),convert(char(8),convert (time,getdate())),'wsv','wsv')
20240409@181922.6948 04prlh0s4cmc8l8998etdlr7jc Query : select 1 valor from information_schema.tables where table_type='base table' and table_name='wsfi039fields'
20240409@181922.6963 04prlh0s4cmc8l8998etdlr7jc Query : select fieldkey,fieldname,fieldtype,mandatory from wsfi039fields
20240409@181922.6997 04prlh0s4cmc8l8998etdlr7jc Query : select 1 valor from information_schema.tables where table_type='base table' and table_name='wsfi2039fields'
20240409@181922.7012 04prlh0s4cmc8l8998etdlr7jc Query : select fieldkey,fieldname,fieldtype,mandatory from wsfi2039fields
20240409@181922.7017 04prlh0s4cmc8l8998etdlr7jc Query : select top 1 convert(numeric(6,2),t.taxa) valor from taxasiva t where t.codigo='2'
20240409@181922.7029 04prlh0s4cmc8l8998etdlr7jc Query : select 1 valor from information_schema.tables where table_type='base table' and table_name='wsfi039fields'
20240409@181922.7045 04prlh0s4cmc8l8998etdlr7jc Query : select fieldkey,fieldname,fieldtype,calcformula from wsfi039fields
20240409@181922.7076 04prlh0s4cmc8l8998etdlr7jc Query : insert into wsfi039data (fistamp,ousrdata, ousrhora, usrdata,usrhora,ousrinis,usrinis ,qtt ,ftstamp ,epv,pvmoeda ,tabiva,iva,lordem ,ref, design ,armazem) values ('aut66157788486615789aab',getdate(),convert(char(8),convert (time,getdate())),getdate(),convert(char(8),convert (time,getdate())),'wsv','wsv',0 ,'aut66157532956615789a4a' ,0,0 ,2,23.00,50000,?,?,?)
20240409@181922.7374 04prlh0s4cmc8l8998etdlr7jc Query : select 1 valor from information_schema.tables where table_type='base table' and table_name='wsfi2039fields'
20240409@181922.7391 04prlh0s4cmc8l8998etdlr7jc Query : select fieldkey,fieldname,fieldtype,calcformula from wsfi2039fields
20240409@181922.7396 04prlh0s4cmc8l8998etdlr7jc Query : insert into wsfi2039data (fi2stamp,ftstamp ,ousrdata, ousrhora, usrdata,usrhora,ousrinis,usrinis) values ('aut66157788486615789aab','aut66157532956615789a4a' ,getdate(),convert(char(8),convert (time,getdate())),getdate(),convert(char(8),convert (time,getdate())),'wsv','wsv')
20240409@181922.7401 04prlh0s4cmc8l8998etdlr7jc Query : use flama_phc
20240409@181922.7405 04prlh0s4cmc8l8998etdlr7jc Query : select st.usalote valor from st where st.ref = '324.1803.00.1'
20240409@181922.7419 04prlh0s4cmc8l8998etdlr7jc Query : select top 1 st.tabiva ,st.ivaincl ,st.stns ,st.uni2 ,st.familia ,isnull(tx.taxa, 0) txiva ,unidade ,usalote ,epcpond ,noserie from st left join taxasiva tx on st.tabiva = tx.codigo where st.ref = '324.1803.00.1'
20240409@181922.7629 04prlh0s4cmc8l8998etdlr7jc Query : select 1 valor from information_schema.tables where table_type='base table' and table_name='wsfi039fields'
20240409@181922.7643 04prlh0s4cmc8l8998etdlr7jc Query : select fieldkey,fieldname,fieldtype,mandatory from wsfi039fields
20240409@181922.7678 04prlh0s4cmc8l8998etdlr7jc Query : select 1 valor from information_schema.tables where table_type='base table' and table_name='wsfi2039fields'
20240409@181922.7691 04prlh0s4cmc8l8998etdlr7jc Query : select fieldkey,fieldname,fieldtype,mandatory from wsfi2039fields
20240409@181922.7696 04prlh0s4cmc8l8998etdlr7jc Query : select sestamp valor from se where ref ='324.1803.00.1' and lote = 'r2301207200a'
20240409@181922.7707 04prlh0s4cmc8l8998etdlr7jc Query : select top 1 convert(numeric(6,2),t.taxa) valor from taxasiva t where t.codigo='2'
20240409@181922.7717 04prlh0s4cmc8l8998etdlr7jc Query : select 1 valor from information_schema.tables where table_type='base table' and table_name='wsfi039fields'
20240409@181922.7749 04prlh0s4cmc8l8998etdlr7jc Query : select fieldkey,fieldname,fieldtype,calcformula from wsfi039fields
20240409@181922.7772 04prlh0s4cmc8l8998etdlr7jc Query : insert into wsfi039data (fistamp,ousrdata, ousrhora, usrdata,usrhora,ousrinis,usrinis ,qtt ,ftstamp ,epv,pvmoeda ,tabiva,iva,lordem ,ref, design ,lote,armazem,bistamp ) values ('aut66157756536615789abc',getdate(),convert(char(8),convert (time,getdate())),getdate(),convert(char(8),convert (time,getdate())),'wsv','wsv',20.000 ,'aut66157532956615789a4a' ,0,0 ,2,23.00,70000,?,?,?,?,?)
20240409@181922.8068 04prlh0s4cmc8l8998etdlr7jc Query : select 1 valor from information_schema.tables where table_type='base table' and table_name='wsfi2039fields'
20240409@181922.8086 04prlh0s4cmc8l8998etdlr7jc Query : select fieldkey,fieldname,fieldtype,calcformula from wsfi2039fields
20240409@181922.8091 04prlh0s4cmc8l8998etdlr7jc Query : insert into wsfi2039data (fi2stamp,ftstamp ,ousrdata, ousrhora, usrdata,usrhora,ousrinis,usrinis) values ('aut66157756536615789abc','aut66157532956615789a4a' ,getdate(),convert(char(8),convert (time,getdate())),getdate(),convert(char(8),convert (time,getdate())),'wsv','wsv')
20240409@181922.8097 04prlh0s4cmc8l8998etdlr7jc Query : use flama_phc
20240409@181922.8100 04prlh0s4cmc8l8998etdlr7jc Query : select st.usalote valor from st where st.ref = '324.1803.00.1'
20240409@181922.8114 04prlh0s4cmc8l8998etdlr7jc Query : select top 1 st.tabiva ,st.ivaincl ,st.stns ,st.uni2 ,st.familia ,isnull(tx.taxa, 0) txiva ,unidade ,usalote ,epcpond ,noserie from st left join taxasiva tx on st.tabiva = tx.codigo where st.ref = '324.1803.00.1'
20240409@181922.8136 04prlh0s4cmc8l8998etdlr7jc Query : select 1 valor from information_schema.tables where table_type='base table' and table_name='wsfi039fields'
20240409@181922.8151 04prlh0s4cmc8l8998etdlr7jc Query : select fieldkey,fieldname,fieldtype,mandatory from wsfi039fields
20240409@181922.8175 04prlh0s4cmc8l8998etdlr7jc Query : select 1 valor from information_schema.tables where table_type='base table' and table_name='wsfi2039fields'
20240409@181922.8187 04prlh0s4cmc8l8998etdlr7jc Query : select fieldkey,fieldname,fieldtype,mandatory from wsfi2039fields
20240409@181922.8192 04prlh0s4cmc8l8998etdlr7jc Query : select sestamp valor from se where ref ='324.1803.00.1' and lote = 'r2301207200a'
20240409@181922.8203 04prlh0s4cmc8l8998etdlr7jc Query : select top 1 convert(numeric(6,2),t.taxa) valor from taxasiva t where t.codigo='2'
20240409@181922.8214 04prlh0s4cmc8l8998etdlr7jc Query : select 1 valor from information_schema.tables where table_type='base table' and table_name='wsfi039fields'
20240409@181922.8228 04prlh0s4cmc8l8998etdlr7jc Query : select fieldkey,fieldname,fieldtype,calcformula from wsfi039fields
20240409@181922.8259 04prlh0s4cmc8l8998etdlr7jc Query : insert into wsfi039data (fistamp,ousrdata, ousrhora, usrdata,usrhora,ousrinis,usrinis ,qtt ,ftstamp ,epv,pvmoeda ,tabiva,iva,lordem ,ref, design ,lote,armazem,bistamp ) values ('aut66157199056615789ac8',getdate(),convert(char(8),convert (time,getdate())),getdate(),convert(char(8),convert (time,getdate())),'wsv','wsv',20.000 ,'aut66157532956615789a4a' ,0,0 ,2,23.00,80000,?,?,?,?,?)
20240409@181922.8591 04prlh0s4cmc8l8998etdlr7jc Query : select 1 valor from information_schema.tables where table_type='base table' and table_name='wsfi2039fields'
20240409@181922.8609 04prlh0s4cmc8l8998etdlr7jc Query : select fieldkey,fieldname,fieldtype,calcformula from wsfi2039fields
20240409@181922.8615 04prlh0s4cmc8l8998etdlr7jc Query : insert into wsfi2039data (fi2stamp,ftstamp ,ousrdata, ousrhora, usrdata,usrhora,ousrinis,usrinis) values ('aut66157199056615789ac8','aut66157532956615789a4a' ,getdate(),convert(char(8),convert (time,getdate())),getdate(),convert(char(8),convert (time,getdate())),'wsv','wsv')
20240409@181922.8620 04prlh0s4cmc8l8998etdlr7jc Query : use flama_phc
20240409@181922.8623 04prlh0s4cmc8l8998etdlr7jc Query : select st.usalote valor from st where st.ref = '324.1803.00.1'
20240409@181922.8634 04prlh0s4cmc8l8998etdlr7jc Query : select top 1 st.tabiva ,st.ivaincl ,st.stns ,st.uni2 ,st.familia ,isnull(tx.taxa, 0) txiva ,unidade ,usalote ,epcpond ,noserie from st left join taxasiva tx on st.tabiva = tx.codigo where st.ref = '324.1803.00.1'
20240409@181922.8646 04prlh0s4cmc8l8998etdlr7jc Query : select 1 valor from information_schema.tables where table_type='base table' and table_name='wsfi039fields'
20240409@181922.8704 04prlh0s4cmc8l8998etdlr7jc Query : select fieldkey,fieldname,fieldtype,mandatory from wsfi039fields
20240409@181922.8729 04prlh0s4cmc8l8998etdlr7jc Query : select 1 valor from information_schema.tables where table_type='base table' and table_name='wsfi2039fields'
20240409@181922.8743 04prlh0s4cmc8l8998etdlr7jc Query : select fieldkey,fieldname,fieldtype,mandatory from wsfi2039fields
20240409@181922.8748 04prlh0s4cmc8l8998etdlr7jc Query : select sestamp valor from se where ref ='324.1803.00.1' and lote = 'r2301207200a'
20240409@181922.8759 04prlh0s4cmc8l8998etdlr7jc Query : select top 1 convert(numeric(6,2),t.taxa) valor from taxasiva t where t.codigo='2'
20240409@181922.8769 04prlh0s4cmc8l8998etdlr7jc Query : select 1 valor from information_schema.tables where table_type='base table' and table_name='wsfi039fields'
20240409@181922.8783 04prlh0s4cmc8l8998etdlr7jc Query : select fieldkey,fieldname,fieldtype,calcformula from wsfi039fields
20240409@181922.8808 04prlh0s4cmc8l8998etdlr7jc Query : insert into wsfi039data (fistamp,ousrdata, ousrhora, usrdata,usrhora,ousrinis,usrinis ,qtt ,ftstamp ,epv,pvmoeda ,tabiva,iva,lordem ,ref, design ,lote,armazem,bistamp ) values ('aut66157545246615789ad6',getdate(),convert(char(8),convert (time,getdate())),getdate(),convert(char(8),convert (time,getdate())),'wsv','wsv',20.000 ,'aut66157532956615789a4a' ,0,0 ,2,23.00,90000,?,?,?,?,?)
20240409@181922.9115 04prlh0s4cmc8l8998etdlr7jc Query : select 1 valor from information_schema.tables where table_type='base table' and table_name='wsfi2039fields'
20240409@181922.9131 04prlh0s4cmc8l8998etdlr7jc Query : select fieldkey,fieldname,fieldtype,calcformula from wsfi2039fields
20240409@181922.9136 04prlh0s4cmc8l8998etdlr7jc Query : insert into wsfi2039data (fi2stamp,ftstamp ,ousrdata, ousrhora, usrdata,usrhora,ousrinis,usrinis) values ('aut66157545246615789ad6','aut66157532956615789a4a' ,getdate(),convert(char(8),convert (time,getdate())),getdate(),convert(char(8),convert (time,getdate())),'wsv','wsv')
20240409@181922.9142 04prlh0s4cmc8l8998etdlr7jc Query : use flama_phc
20240409@181922.9145 04prlh0s4cmc8l8998etdlr7jc Query : select st.usalote valor from st where st.ref = '324.1803.00.1'
20240409@181922.9158 04prlh0s4cmc8l8998etdlr7jc Query : select top 1 st.tabiva ,st.ivaincl ,st.stns ,st.uni2 ,st.familia ,isnull(tx.taxa, 0) txiva ,unidade ,usalote ,epcpond ,noserie from st left join taxasiva tx on st.tabiva = tx.codigo where st.ref = '324.1803.00.1'
20240409@181922.9176 04prlh0s4cmc8l8998etdlr7jc Query : select 1 valor from information_schema.tables where table_type='base table' and table_name='wsfi039fields'
20240409@181922.9190 04prlh0s4cmc8l8998etdlr7jc Query : select fieldkey,fieldname,fieldtype,mandatory from wsfi039fields
20240409@181922.9216 04prlh0s4cmc8l8998etdlr7jc Query : select 1 valor from information_schema.tables where table_type='base table' and table_name='wsfi2039fields'
20240409@181922.9228 04prlh0s4cmc8l8998etdlr7jc Query : select fieldkey,fieldname,fieldtype,mandatory from wsfi2039fields
20240409@181922.9233 04prlh0s4cmc8l8998etdlr7jc Query : select sestamp valor from se where ref ='324.1803.00.1' and lote = 'r2301207200a'
20240409@181922.9244 04prlh0s4cmc8l8998etdlr7jc Query : select top 1 convert(numeric(6,2),t.taxa) valor from taxasiva t where t.codigo='2'
20240409@181922.9255 04prlh0s4cmc8l8998etdlr7jc Query : select 1 valor from information_schema.tables where table_type='base table' and table_name='wsfi039fields'
20240409@181922.9270 04prlh0s4cmc8l8998etdlr7jc Query : select fieldkey,fieldname,fieldtype,calcformula from wsfi039fields
20240409@181922.9296 04prlh0s4cmc8l8998etdlr7jc Query : insert into wsfi039data (fistamp,ousrdata, ousrhora, usrdata,usrhora,ousrinis,usrinis ,qtt ,ftstamp ,epv,pvmoeda ,tabiva,iva,lordem ,ref, design ,lote,armazem,bistamp ) values ('aut66157044776615789ae1',getdate(),convert(char(8),convert (time,getdate())),getdate(),convert(char(8),convert (time,getdate())),'wsv','wsv',20.000 ,'aut66157532956615789a4a' ,0,0 ,2,23.00,100000,?,?,?,?,?)
20240409@181922.9623 04prlh0s4cmc8l8998etdlr7jc Query : select 1 valor from information_schema.tables where table_type='base table' and table_name='wsfi2039fields'
20240409@181922.9659 04prlh0s4cmc8l8998etdlr7jc Query : select fieldkey,fieldname,fieldtype,calcformula from wsfi2039fields
20240409@181922.9664 04prlh0s4cmc8l8998etdlr7jc Query : insert into wsfi2039data (fi2stamp,ftstamp ,ousrdata, ousrhora, usrdata,usrhora,ousrinis,usrinis) values ('aut66157044776615789ae1','aut66157532956615789a4a' ,getdate(),convert(char(8),convert (time,getdate())),getdate(),convert(char(8),convert (time,getdate())),'wsv','wsv')
20240409@181922.9669 04prlh0s4cmc8l8998etdlr7jc Query : use flama_phc
20240409@181922.9672 04prlh0s4cmc8l8998etdlr7jc Query : select st.usalote valor from st where st.ref = '324.1803.00.1'
20240409@181922.9683 04prlh0s4cmc8l8998etdlr7jc Query : select top 1 st.tabiva ,st.ivaincl ,st.stns ,st.uni2 ,st.familia ,isnull(tx.taxa, 0) txiva ,unidade ,usalote ,epcpond ,noserie from st left join taxasiva tx on st.tabiva = tx.codigo where st.ref = '324.1803.00.1'
20240409@181922.9694 04prlh0s4cmc8l8998etdlr7jc Query : select 1 valor from information_schema.tables where table_type='base table' and table_name='wsfi039fields'
20240409@181922.9708 04prlh0s4cmc8l8998etdlr7jc Query : select fieldkey,fieldname,fieldtype,mandatory from wsfi039fields
20240409@181922.9731 04prlh0s4cmc8l8998etdlr7jc Query : select 1 valor from information_schema.tables where table_type='base table' and table_name='wsfi2039fields'
20240409@181922.9743 04prlh0s4cmc8l8998etdlr7jc Query : select fieldkey,fieldname,fieldtype,mandatory from wsfi2039fields
20240409@181922.9747 04prlh0s4cmc8l8998etdlr7jc Query : select sestamp valor from se where ref ='324.1803.00.1' and lote = 'r2301207200a'
20240409@181922.9757 04prlh0s4cmc8l8998etdlr7jc Query : select top 1 convert(numeric(6,2),t.taxa) valor from taxasiva t where t.codigo='2'
20240409@181922.9769 04prlh0s4cmc8l8998etdlr7jc Query : select 1 valor from information_schema.tables where table_type='base table' and table_name='wsfi039fields'
20240409@181922.9785 04prlh0s4cmc8l8998etdlr7jc Query : select fieldkey,fieldname,fieldtype,calcformula from wsfi039fields
20240409@181922.9812 04prlh0s4cmc8l8998etdlr7jc Query : insert into wsfi039data (fistamp,ousrdata, ousrhora, usrdata,usrhora,ousrinis,usrinis ,qtt ,ftstamp ,epv,pvmoeda ,tabiva,iva,lordem ,ref, design ,lote,armazem,bistamp ) values ('aut66157981876615789aee',getdate(),convert(char(8),convert (time,getdate())),getdate(),convert(char(8),convert (time,getdate())),'wsv','wsv',20.000 ,'aut66157532956615789a4a' ,0,0 ,2,23.00,110000,?,?,?,?,?)
20240409@181923.1040 04prlh0s4cmc8l8998etdlr7jc Query : select 1 valor from information_schema.tables where table_type='base table' and table_name='wsfi2039fields'
20240409@181923.1300 04prlh0s4cmc8l8998etdlr7jc Query : select fieldkey,fieldname,fieldtype,calcformula from wsfi2039fields
20240409@181923.1340 04prlh0s4cmc8l8998etdlr7jc Query : insert into wsfi2039data (fi2stamp,ftstamp ,ousrdata, ousrhora, usrdata,usrhora,ousrinis,usrinis) values ('aut66157981876615789aee','aut66157532956615789a4a' ,getdate(),convert(char(8),convert (time,getdate())),getdate(),convert(char(8),convert (time,getdate())),'wsv','wsv')
20240409@181923.1390 04prlh0s4cmc8l8998etdlr7jc Query : use flama_phc
20240409@181923.1420 04prlh0s4cmc8l8998etdlr7jc Query : select st.usalote valor from st where st.ref = '324.1816.00.1'
20240409@181923.1530 04prlh0s4cmc8l8998etdlr7jc Query : select top 1 st.tabiva ,st.ivaincl ,st.stns ,st.uni2 ,st.familia ,isnull(tx.taxa, 0) txiva ,unidade ,usalote ,epcpond ,noserie from st left join taxasiva tx on st.tabiva = tx.codigo where st.ref = '324.1816.00.1'
20240409@181923.3050 04prlh0s4cmc8l8998etdlr7jc Query : select 1 valor from information_schema.tables where table_type='base table' and table_name='wsfi039fields'
20240409@181923.3220 04prlh0s4cmc8l8998etdlr7jc Query : select fieldkey,fieldname,fieldtype,mandatory from wsfi039fields
20240409@181923.3520 04prlh0s4cmc8l8998etdlr7jc Query : select 1 valor from information_schema.tables where table_type='base table' and table_name='wsfi2039fields'
20240409@181923.3660 04prlh0s4cmc8l8998etdlr7jc Query : select fieldkey,fieldname,fieldtype,mandatory from wsfi2039fields
20240409@181923.3700 04prlh0s4cmc8l8998etdlr7jc Query : select sestamp valor from se where ref ='324.1816.00.1' and lote = 'r2301097200a'
20240409@181923.3810 04prlh0s4cmc8l8998etdlr7jc Query : select top 1 convert(numeric(6,2),t.taxa) valor from taxasiva t where t.codigo='2'
20240409@181923.3900 04prlh0s4cmc8l8998etdlr7jc Query : select 1 valor from information_schema.tables where table_type='base table' and table_name='wsfi039fields'
20240409@181923.4010 04prlh0s4cmc8l8998etdlr7jc Query : select fieldkey,fieldname,fieldtype,calcformula from wsfi039fields
20240409@181923.4270 04prlh0s4cmc8l8998etdlr7jc Query : insert into wsfi039data (fistamp,ousrdata, ousrhora, usrdata,usrhora,ousrinis,usrinis ,qtt ,ftstamp ,epv,pvmoeda ,tabiva,iva,lordem ,ref, design ,lote,armazem,bistamp ) values ('aut66157058996615789b09',getdate(),convert(char(8),convert (time,getdate())),getdate(),convert(char(8),convert (time,getdate())),'wsv','wsv',20.000 ,'aut66157532956615789a4a' ,0,0 ,2,23.00,120000,?,?,?,?,?)
20240409@181923.8300 04prlh0s4cmc8l8998etdlr7jc Query : select 1 valor from information_schema.tables where table_type='base table' and table_name='wsfi2039fields'
20240409@181923.8460 04prlh0s4cmc8l8998etdlr7jc Query : select fieldkey,fieldname,fieldtype,calcformula from wsfi2039fields
20240409@181923.8500 04prlh0s4cmc8l8998etdlr7jc Query : insert into wsfi2039data (fi2stamp,ftstamp ,ousrdata, ousrhora, usrdata,usrhora,ousrinis,usrinis) values ('aut66157058996615789b09','aut66157532956615789a4a' ,getdate(),convert(char(8),convert (time,getdate())),getdate(),convert(char(8),convert (time,getdate())),'wsv','wsv')
20240409@181923.8550 04prlh0s4cmc8l8998etdlr7jc Query : select 1 valor from information_schema.tables where table_type='base table' and table_name='wsfi039fields'
20240409@181923.8680 04prlh0s4cmc8l8998etdlr7jc Query : select fieldkey,fieldname,fieldtype,mandatory from wsfi039fields
20240409@181923.8980 04prlh0s4cmc8l8998etdlr7jc Query : select 1 valor from information_schema.tables where table_type='base table' and table_name='wsfi2039fields'
20240409@181923.9140 04prlh0s4cmc8l8998etdlr7jc Query : select fieldkey,fieldname,fieldtype,mandatory from wsfi2039fields
20240409@181923.9180 04prlh0s4cmc8l8998etdlr7jc Query : select top 1 convert(numeric(6,2),t.taxa) valor from taxasiva t where t.codigo='2'
20240409@181923.9280 04prlh0s4cmc8l8998etdlr7jc Query : select 1 valor from information_schema.tables where table_type='base table' and table_name='wsfi039fields'
20240409@181923.9400 04prlh0s4cmc8l8998etdlr7jc Query : select fieldkey,fieldname,fieldtype,calcformula from wsfi039fields
20240409@181923.9650 04prlh0s4cmc8l8998etdlr7jc Query : insert into wsfi039data (fistamp,ousrdata, ousrhora, usrdata,usrhora,ousrinis,usrinis ,qtt ,ftstamp ,epv,pvmoeda ,tabiva,iva,lordem ,ref, design ,armazem) values ('aut66157145656615789b16',getdate(),convert(char(8),convert (time,getdate())),getdate(),convert(char(8),convert (time,getdate())),'wsv','wsv',0 ,'aut66157532956615789a4a' ,0,0 ,2,23.00,130000,?,?,?)
20240409@181923.1278 04prlh0s4cmc8l8998etdlr7jc Query : select 1 valor from information_schema.tables where table_type='base table' and table_name='wsfi2039fields'
20240409@181923.1293 04prlh0s4cmc8l8998etdlr7jc Query : select fieldkey,fieldname,fieldtype,calcformula from wsfi2039fields
20240409@181923.1298 04prlh0s4cmc8l8998etdlr7jc Query : insert into wsfi2039data (fi2stamp,ftstamp ,ousrdata, ousrhora, usrdata,usrhora,ousrinis,usrinis) values ('aut66157145656615789b16','aut66157532956615789a4a' ,getdate(),convert(char(8),convert (time,getdate())),getdate(),convert(char(8),convert (time,getdate())),'wsv','wsv')
20240409@181923.1302 04prlh0s4cmc8l8998etdlr7jc Query : use flama_phc
20240409@181923.1306 04prlh0s4cmc8l8998etdlr7jc Query : select st.usalote valor from st where st.ref = '324.1816.00.1'
20240409@181923.1316 04prlh0s4cmc8l8998etdlr7jc Query : select top 1 st.tabiva ,st.ivaincl ,st.stns ,st.uni2 ,st.familia ,isnull(tx.taxa, 0) txiva ,unidade ,usalote ,epcpond ,noserie from st left join taxasiva tx on st.tabiva = tx.codigo where st.ref = '324.1816.00.1'
20240409@181923.1327 04prlh0s4cmc8l8998etdlr7jc Query : select 1 valor from information_schema.tables where table_type='base table' and table_name='wsfi039fields'
20240409@181923.1340 04prlh0s4cmc8l8998etdlr7jc Query : select fieldkey,fieldname,fieldtype,mandatory from wsfi039fields
20240409@181923.1364 04prlh0s4cmc8l8998etdlr7jc Query : select 1 valor from information_schema.tables where table_type='base table' and table_name='wsfi2039fields'
20240409@181923.1377 04prlh0s4cmc8l8998etdlr7jc Query : select fieldkey,fieldname,fieldtype,mandatory from wsfi2039fields
20240409@181923.1386 04prlh0s4cmc8l8998etdlr7jc Query : select sestamp valor from se where ref ='324.1816.00.1' and lote = 'r2301097200a'
20240409@181923.1396 04prlh0s4cmc8l8998etdlr7jc Query : select top 1 convert(numeric(6,2),t.taxa) valor from taxasiva t where t.codigo='2'
20240409@181923.1406 04prlh0s4cmc8l8998etdlr7jc Query : select 1 valor from information_schema.tables where table_type='base table' and table_name='wsfi039fields'
20240409@181923.1441 04prlh0s4cmc8l8998etdlr7jc Query : select fieldkey,fieldname,fieldtype,calcformula from wsfi039fields
20240409@181923.1857 04prlh0s4cmc8l8998etdlr7jc Query : insert into wsfi039data (fistamp,ousrdata, ousrhora, usrdata,usrhora,ousrinis,usrinis ,qtt ,ftstamp ,epv,pvmoeda ,tabiva,iva,lordem ,ref, design ,lote,armazem,bistamp ) values ('aut66157370086615789b22',getdate(),convert(char(8),convert (time,getdate())),getdate(),convert(char(8),convert (time,getdate())),'wsv','wsv',20.000 ,'aut66157532956615789a4a' ,0,0 ,2,23.00,150000,?,?,?,?,?)
20240409@181923.2145 04prlh0s4cmc8l8998etdlr7jc Query : select 1 valor from information_schema.tables where table_type='base table' and table_name='wsfi2039fields'
20240409@181923.2160 04prlh0s4cmc8l8998etdlr7jc Query : select fieldkey,fieldname,fieldtype,calcformula from wsfi2039fields
20240409@181923.2164 04prlh0s4cmc8l8998etdlr7jc Query : insert into wsfi2039data (fi2stamp,ftstamp ,ousrdata, ousrhora, usrdata,usrhora,ousrinis,usrinis) values ('aut66157370086615789b22','aut66157532956615789a4a' ,getdate(),convert(char(8),convert (time,getdate())),getdate(),convert(char(8),convert (time,getdate())),'wsv','wsv')
20240409@181923.2169 04prlh0s4cmc8l8998etdlr7jc Query : select 1 valor from information_schema.tables where table_type='base table' and table_name='wsfi039fields'
20240409@181923.2182 04prlh0s4cmc8l8998etdlr7jc Query : select fieldkey,fieldname,fieldtype,mandatory from wsfi039fields
20240409@181923.2206 04prlh0s4cmc8l8998etdlr7jc Query : select 1 valor from information_schema.tables where table_type='base table' and table_name='wsfi2039fields'
20240409@181923.2218 04prlh0s4cmc8l8998etdlr7jc Query : select fieldkey,fieldname,fieldtype,mandatory from wsfi2039fields
20240409@181923.2222 04prlh0s4cmc8l8998etdlr7jc Query : select top 1 convert(numeric(6,2),t.taxa) valor from taxasiva t where t.codigo='2'
20240409@181923.2232 04prlh0s4cmc8l8998etdlr7jc Query : select 1 valor from information_schema.tables where table_type='base table' and table_name='wsfi039fields'
20240409@181923.2245 04prlh0s4cmc8l8998etdlr7jc Query : select fieldkey,fieldname,fieldtype,calcformula from wsfi039fields
20240409@181923.2268 04prlh0s4cmc8l8998etdlr7jc Query : insert into wsfi039data (fistamp,ousrdata, ousrhora, usrdata,usrhora,ousrinis,usrinis ,qtt ,ftstamp ,epv,pvmoeda ,tabiva,iva,lordem ,ref, design ,armazem) values ('aut66157263396615789b36',getdate(),convert(char(8),convert (time,getdate())),getdate(),convert(char(8),convert (time,getdate())),'wsv','wsv',0 ,'aut66157532956615789a4a' ,0,0 ,2,23.00,160000,?,?,?)
20240409@181923.2567 04prlh0s4cmc8l8998etdlr7jc Query : select 1 valor from information_schema.tables where table_type='base table' and table_name='wsfi2039fields'
20240409@181923.2582 04prlh0s4cmc8l8998etdlr7jc Query : select fieldkey,fieldname,fieldtype,calcformula from wsfi2039fields
20240409@181923.2586 04prlh0s4cmc8l8998etdlr7jc Query : insert into wsfi2039data (fi2stamp,ftstamp ,ousrdata, ousrhora, usrdata,usrhora,ousrinis,usrinis) values ('aut66157263396615789b36','aut66157532956615789a4a' ,getdate(),convert(char(8),convert (time,getdate())),getdate(),convert(char(8),convert (time,getdate())),'wsv','wsv')
20240409@181923.2591 04prlh0s4cmc8l8998etdlr7jc Query : use flama_phc
20240409@181923.2594 04prlh0s4cmc8l8998etdlr7jc Query : select st.usalote valor from st where st.ref = '324.1816.00.1'
20240409@181923.2605 04prlh0s4cmc8l8998etdlr7jc Query : select top 1 st.tabiva ,st.ivaincl ,st.stns ,st.uni2 ,st.familia ,isnull(tx.taxa, 0) txiva ,unidade ,usalote ,epcpond ,noserie from st left join taxasiva tx on st.tabiva = tx.codigo where st.ref = '324.1816.00.1'
20240409@181923.2616 04prlh0s4cmc8l8998etdlr7jc Query : select 1 valor from information_schema.tables where table_type='base table' and table_name='wsfi039fields'
20240409@181923.2629 04prlh0s4cmc8l8998etdlr7jc Query : select fieldkey,fieldname,fieldtype,mandatory from wsfi039fields
20240409@181923.2654 04prlh0s4cmc8l8998etdlr7jc Query : select 1 valor from information_schema.tables where table_type='base table' and table_name='wsfi2039fields'
20240409@181923.2667 04prlh0s4cmc8l8998etdlr7jc Query : select fieldkey,fieldname,fieldtype,mandatory from wsfi2039fields
20240409@181923.2671 04prlh0s4cmc8l8998etdlr7jc Query : select sestamp valor from se where ref ='324.1816.00.1' and lote = 'r2301097200a'
20240409@181923.2681 04prlh0s4cmc8l8998etdlr7jc Query : select top 1 convert(numeric(6,2),t.taxa) valor from taxasiva t where t.codigo='2'
20240409@181923.2691 04prlh0s4cmc8l8998etdlr7jc Query : select 1 valor from information_schema.tables where table_type='base table' and table_name='wsfi039fields'
20240409@181923.2704 04prlh0s4cmc8l8998etdlr7jc Query : select fieldkey,fieldname,fieldtype,calcformula from wsfi039fields
20240409@181923.2732 04prlh0s4cmc8l8998etdlr7jc Query : insert into wsfi039data (fistamp,ousrdata, ousrhora, usrdata,usrhora,ousrinis,usrinis ,qtt ,ftstamp ,epv,pvmoeda ,tabiva,iva,lordem ,ref, design ,lote,armazem,bistamp ) values ('aut66157383796615789b41',getdate(),convert(char(8),convert (time,getdate())),getdate(),convert(char(8),convert (time,getdate())),'wsv','wsv',20.000 ,'aut66157532956615789a4a' ,0,0 ,2,23.00,180000,?,?,?,?,?)
20240409@181923.3039 04prlh0s4cmc8l8998etdlr7jc Query : select 1 valor from information_schema.tables where table_type='base table' and table_name='wsfi2039fields'
20240409@181923.3055 04prlh0s4cmc8l8998etdlr7jc Query : select fieldkey,fieldname,fieldtype,calcformula from wsfi2039fields
20240409@181923.3060 04prlh0s4cmc8l8998etdlr7jc Query : insert into wsfi2039data (fi2stamp,ftstamp ,ousrdata, ousrhora, usrdata,usrhora,ousrinis,usrinis) values ('aut66157383796615789b41','aut66157532956615789a4a' ,getdate(),convert(char(8),convert (time,getdate())),getdate(),convert(char(8),convert (time,getdate())),'wsv','wsv')
20240409@181923.3066 04prlh0s4cmc8l8998etdlr7jc Query : select 1 valor from information_schema.tables where table_type='base table' and table_name='wsfi039fields'
20240409@181923.3080 04prlh0s4cmc8l8998etdlr7jc Query : select fieldkey,fieldname,fieldtype,mandatory from wsfi039fields
20240409@181923.3105 04prlh0s4cmc8l8998etdlr7jc Query : select 1 valor from information_schema.tables where table_type='base table' and table_name='wsfi2039fields'
20240409@181923.3118 04prlh0s4cmc8l8998etdlr7jc Query : select fieldkey,fieldname,fieldtype,mandatory from wsfi2039fields
20240409@181923.3122 04prlh0s4cmc8l8998etdlr7jc Query : select top 1 convert(numeric(6,2),t.taxa) valor from taxasiva t where t.codigo='2'
20240409@181923.3132 04prlh0s4cmc8l8998etdlr7jc Query : select 1 valor from information_schema.tables where table_type='base table' and table_name='wsfi039fields'
20240409@181923.3146 04prlh0s4cmc8l8998etdlr7jc Query : select fieldkey,fieldname,fieldtype,calcformula from wsfi039fields
20240409@181923.3172 04prlh0s4cmc8l8998etdlr7jc Query : insert into wsfi039data (fistamp,ousrdata, ousrhora, usrdata,usrhora,ousrinis,usrinis ,qtt ,ftstamp ,epv,pvmoeda ,tabiva,iva,lordem ,ref, design ,armazem) values ('aut66157722866615789b4c',getdate(),convert(char(8),convert (time,getdate())),getdate(),convert(char(8),convert (time,getdate())),'wsv','wsv',0 ,'aut66157532956615789a4a' ,0,0 ,2,23.00,190000,?,?,?)
20240409@181923.3475 04prlh0s4cmc8l8998etdlr7jc Query : select 1 valor from information_schema.tables where table_type='base table' and table_name='wsfi2039fields'
20240409@181923.3497 04prlh0s4cmc8l8998etdlr7jc Query : select fieldkey,fieldname,fieldtype,calcformula from wsfi2039fields
20240409@181923.3502 04prlh0s4cmc8l8998etdlr7jc Query : insert into wsfi2039data (fi2stamp,ftstamp ,ousrdata, ousrhora, usrdata,usrhora,ousrinis,usrinis) values ('aut66157722866615789b4c','aut66157532956615789a4a' ,getdate(),convert(char(8),convert (time,getdate())),getdate(),convert(char(8),convert (time,getdate())),'wsv','wsv')
20240409@181923.3507 04prlh0s4cmc8l8998etdlr7jc Query : use flama_phc
20240409@181923.3511 04prlh0s4cmc8l8998etdlr7jc Query : select st.usalote valor from st where st.ref = '324.1816.00.1'
20240409@181923.3524 04prlh0s4cmc8l8998etdlr7jc Query : select top 1 st.tabiva ,st.ivaincl ,st.stns ,st.uni2 ,st.familia ,isnull(tx.taxa, 0) txiva ,unidade ,usalote ,epcpond ,noserie from st left join taxasiva tx on st.tabiva = tx.codigo where st.ref = '324.1816.00.1'
20240409@181923.3536 04prlh0s4cmc8l8998etdlr7jc Query : select 1 valor from information_schema.tables where table_type='base table' and table_name='wsfi039fields'
20240409@181923.3551 04prlh0s4cmc8l8998etdlr7jc Query : select fieldkey,fieldname,fieldtype,mandatory from wsfi039fields
20240409@181923.3576 04prlh0s4cmc8l8998etdlr7jc Query : select 1 valor from information_schema.tables where table_type='base table' and table_name='wsfi2039fields'
20240409@181923.3589 04prlh0s4cmc8l8998etdlr7jc Query : select fieldkey,fieldname,fieldtype,mandatory from wsfi2039fields
20240409@181923.3593 04prlh0s4cmc8l8998etdlr7jc Query : select sestamp valor from se where ref ='324.1816.00.1' and lote = 'r2301097200a'
20240409@181923.3605 04prlh0s4cmc8l8998etdlr7jc Query : select top 1 convert(numeric(6,2),t.taxa) valor from taxasiva t where t.codigo='2'
20240409@181923.3616 04prlh0s4cmc8l8998etdlr7jc Query : select 1 valor from information_schema.tables where table_type='base table' and table_name='wsfi039fields'
20240409@181923.3628 04prlh0s4cmc8l8998etdlr7jc Query : select fieldkey,fieldname,fieldtype,calcformula from wsfi039fields
20240409@181923.3651 04prlh0s4cmc8l8998etdlr7jc Query : insert into wsfi039data (fistamp,ousrdata, ousrhora, usrdata,usrhora,ousrinis,usrinis ,qtt ,ftstamp ,epv,pvmoeda ,tabiva,iva,lordem ,ref, design ,lote,armazem,bistamp ) values ('aut66157081066615789b58',getdate(),convert(char(8),convert (time,getdate())),getdate(),convert(char(8),convert (time,getdate())),'wsv','wsv',20.000 ,'aut66157532956615789a4a' ,0,0 ,2,23.00,210000,?,?,?,?,?)
20240409@181923.3983 04prlh0s4cmc8l8998etdlr7jc Query : select 1 valor from information_schema.tables where table_type='base table' and table_name='wsfi2039fields'
20240409@181923.4002 04prlh0s4cmc8l8998etdlr7jc Query : select fieldkey,fieldname,fieldtype,calcformula from wsfi2039fields
20240409@181923.4006 04prlh0s4cmc8l8998etdlr7jc Query : insert into wsfi2039data (fi2stamp,ftstamp ,ousrdata, ousrhora, usrdata,usrhora,ousrinis,usrinis) values ('aut66157081066615789b58','aut66157532956615789a4a' ,getdate(),convert(char(8),convert (time,getdate())),getdate(),convert(char(8),convert (time,getdate())),'wsv','wsv')
20240409@181923.4012 04prlh0s4cmc8l8998etdlr7jc Query : select 1 valor from information_schema.tables where table_type='base table' and table_name='wsfi039fields'
20240409@181923.4026 04prlh0s4cmc8l8998etdlr7jc Query : select fieldkey,fieldname,fieldtype,mandatory from wsfi039fields
20240409@181923.4050 04prlh0s4cmc8l8998etdlr7jc Query : select 1 valor from information_schema.tables where table_type='base table' and table_name='wsfi2039fields'
20240409@181923.4063 04prlh0s4cmc8l8998etdlr7jc Query : select fieldkey,fieldname,fieldtype,mandatory from wsfi2039fields
20240409@181923.4067 04prlh0s4cmc8l8998etdlr7jc Query : select top 1 convert(numeric(6,2),t.taxa) valor from taxasiva t where t.codigo='2'
20240409@181923.4077 04prlh0s4cmc8l8998etdlr7jc Query : select 1 valor from information_schema.tables where table_type='base table' and table_name='wsfi039fields'
20240409@181923.4088 04prlh0s4cmc8l8998etdlr7jc Query : select fieldkey,fieldname,fieldtype,calcformula from wsfi039fields
20240409@181923.4111 04prlh0s4cmc8l8998etdlr7jc Query : insert into wsfi039data (fistamp,ousrdata, ousrhora, usrdata,usrhora,ousrinis,usrinis ,qtt ,ftstamp ,epv,pvmoeda ,tabiva,iva,lordem ,ref, design ,armazem) values ('aut66157685906615789b63',getdate(),convert(char(8),convert (time,getdate())),getdate(),convert(char(8),convert (time,getdate())),'wsv','wsv',0 ,'aut66157532956615789a4a' ,0,0 ,2,23.00,220000,?,?,?)
20240409@181923.4407 04prlh0s4cmc8l8998etdlr7jc Query : select 1 valor from information_schema.tables where table_type='base table' and table_name='wsfi2039fields'
20240409@181923.4423 04prlh0s4cmc8l8998etdlr7jc Query : select fieldkey,fieldname,fieldtype,calcformula from wsfi2039fields
20240409@181923.4428 04prlh0s4cmc8l8998etdlr7jc Query : insert into wsfi2039data (fi2stamp,ftstamp ,ousrdata, ousrhora, usrdata,usrhora,ousrinis,usrinis) values ('aut66157685906615789b63','aut66157532956615789a4a' ,getdate(),convert(char(8),convert (time,getdate())),getdate(),convert(char(8),convert (time,getdate())),'wsv','wsv')
20240409@181923.4432 04prlh0s4cmc8l8998etdlr7jc Query : use flama_phc
20240409@181923.4435 04prlh0s4cmc8l8998etdlr7jc Query : select st.usalote valor from st where st.ref = '324.1816.00.1'
20240409@181923.4446 04prlh0s4cmc8l8998etdlr7jc Query : select top 1 st.tabiva ,st.ivaincl ,st.stns ,st.uni2 ,st.familia ,isnull(tx.taxa, 0) txiva ,unidade ,usalote ,epcpond ,noserie from st left join taxasiva tx on st.tabiva = tx.codigo where st.ref = '324.1816.00.1'
20240409@181923.4459 04prlh0s4cmc8l8998etdlr7jc Query : select 1 valor from information_schema.tables where table_type='base table' and table_name='wsfi039fields'
20240409@181923.4475 04prlh0s4cmc8l8998etdlr7jc Query : select fieldkey,fieldname,fieldtype,mandatory from wsfi039fields
20240409@181923.4499 04prlh0s4cmc8l8998etdlr7jc Query : select 1 valor from information_schema.tables where table_type='base table' and table_name='wsfi2039fields'
20240409@181923.4512 04prlh0s4cmc8l8998etdlr7jc Query : select fieldkey,fieldname,fieldtype,mandatory from wsfi2039fields
20240409@181923.4516 04prlh0s4cmc8l8998etdlr7jc Query : select sestamp valor from se where ref ='324.1816.00.1' and lote = 'r2301097200a'
20240409@181923.4536 04prlh0s4cmc8l8998etdlr7jc Query : select top 1 convert(numeric(6,2),t.taxa) valor from taxasiva t where t.codigo='2'
20240409@181923.4545 04prlh0s4cmc8l8998etdlr7jc Query : select 1 valor from information_schema.tables where table_type='base table' and table_name='wsfi039fields'
20240409@181923.4560 04prlh0s4cmc8l8998etdlr7jc Query : select fieldkey,fieldname,fieldtype,calcformula from wsfi039fields
20240409@181923.4583 04prlh0s4cmc8l8998etdlr7jc Query : insert into wsfi039data (fistamp,ousrdata, ousrhora, usrdata,usrhora,ousrinis,usrinis ,qtt ,ftstamp ,epv,pvmoeda ,tabiva,iva,lordem ,ref, design ,lote,armazem,bistamp ) values ('aut66157858256615789b6e',getdate(),convert(char(8),convert (time,getdate())),getdate(),convert(char(8),convert (time,getdate())),'wsv','wsv',20.000 ,'aut66157532956615789a4a' ,0,0 ,2,23.00,240000,?,?,?,?,?)
20240409@181923.4865 04prlh0s4cmc8l8998etdlr7jc Query : select 1 valor from information_schema.tables where table_type='base table' and table_name='wsfi2039fields'
20240409@181923.4883 04prlh0s4cmc8l8998etdlr7jc Query : select fieldkey,fieldname,fieldtype,calcformula from wsfi2039fields
20240409@181923.4888 04prlh0s4cmc8l8998etdlr7jc Query : insert into wsfi2039data (fi2stamp,ftstamp ,ousrdata, ousrhora, usrdata,usrhora,ousrinis,usrinis) values ('aut66157858256615789b6e','aut66157532956615789a4a' ,getdate(),convert(char(8),convert (time,getdate())),getdate(),convert(char(8),convert (time,getdate())),'wsv','wsv')
20240409@181923.4893 04prlh0s4cmc8l8998etdlr7jc Query : select 1 valor from information_schema.tables where table_type='base table' and table_name='wsfi039fields'
20240409@181923.4906 04prlh0s4cmc8l8998etdlr7jc Query : select fieldkey,fieldname,fieldtype,mandatory from wsfi039fields
20240409@181923.4932 04prlh0s4cmc8l8998etdlr7jc Query : select 1 valor from information_schema.tables where table_type='base table' and table_name='wsfi2039fields'
20240409@181923.4944 04prlh0s4cmc8l8998etdlr7jc Query : select fieldkey,fieldname,fieldtype,mandatory from wsfi2039fields
20240409@181923.4948 04prlh0s4cmc8l8998etdlr7jc Query : select top 1 convert(numeric(6,2),t.taxa) valor from taxasiva t where t.codigo='2'
20240409@181923.4958 04prlh0s4cmc8l8998etdlr7jc Query : select 1 valor from information_schema.tables where table_type='base table' and table_name='wsfi039fields'
20240409@181923.4971 04prlh0s4cmc8l8998etdlr7jc Query : select fieldkey,fieldname,fieldtype,calcformula from wsfi039fields
20240409@181923.5005 04prlh0s4cmc8l8998etdlr7jc Query : insert into wsfi039data (fistamp,ousrdata, ousrhora, usrdata,usrhora,ousrinis,usrinis ,qtt ,ftstamp ,epv,pvmoeda ,tabiva,iva,lordem ,ref, design ,armazem) values ('aut66157538296615789b79',getdate(),convert(char(8),convert (time,getdate())),getdate(),convert(char(8),convert (time,getdate())),'wsv','wsv',0 ,'aut66157532956615789a4a' ,0,0 ,2,23.00,250000,?,?,?)
20240409@181923.5353 04prlh0s4cmc8l8998etdlr7jc Query : select 1 valor from information_schema.tables where table_type='base table' and table_name='wsfi2039fields'
20240409@181923.5373 04prlh0s4cmc8l8998etdlr7jc Query : select fieldkey,fieldname,fieldtype,calcformula from wsfi2039fields
20240409@181923.5378 04prlh0s4cmc8l8998etdlr7jc Query : insert into wsfi2039data (fi2stamp,ftstamp ,ousrdata, ousrhora, usrdata,usrhora,ousrinis,usrinis) values ('aut66157538296615789b79','aut66157532956615789a4a' ,getdate(),convert(char(8),convert (time,getdate())),getdate(),convert(char(8),convert (time,getdate())),'wsv','wsv')
20240409@181923.5382 04prlh0s4cmc8l8998etdlr7jc Query : use flama_phc
20240409@181923.5385 04prlh0s4cmc8l8998etdlr7jc Query : select st.usalote valor from st where st.ref = '324.1816.00.1'
20240409@181923.5396 04prlh0s4cmc8l8998etdlr7jc Query : select top 1 st.tabiva ,st.ivaincl ,st.stns ,st.uni2 ,st.familia ,isnull(tx.taxa, 0) txiva ,unidade ,usalote ,epcpond ,noserie from st left join taxasiva tx on st.tabiva = tx.codigo where st.ref = '324.1816.00.1'
20240409@181923.5409 04prlh0s4cmc8l8998etdlr7jc Query : select 1 valor from information_schema.tables where table_type='base table' and table_name='wsfi039fields'
20240409@181923.5422 04prlh0s4cmc8l8998etdlr7jc Query : select fieldkey,fieldname,fieldtype,mandatory from wsfi039fields
20240409@181923.5447 04prlh0s4cmc8l8998etdlr7jc Query : select 1 valor from information_schema.tables where table_type='base table' and table_name='wsfi2039fields'
20240409@181923.5462 04prlh0s4cmc8l8998etdlr7jc Query : select fieldkey,fieldname,fieldtype,mandatory from wsfi2039fields
20240409@181923.5467 04prlh0s4cmc8l8998etdlr7jc Query : select sestamp valor from se where ref ='324.1816.00.1' and lote = 'r2301097200a'
20240409@181923.5477 04prlh0s4cmc8l8998etdlr7jc Query : select top 1 convert(numeric(6,2),t.taxa) valor from taxasiva t where t.codigo='2'
20240409@181923.5487 04prlh0s4cmc8l8998etdlr7jc Query : select 1 valor from information_schema.tables where table_type='base table' and table_name='wsfi039fields'
20240409@181923.5500 04prlh0s4cmc8l8998etdlr7jc Query : select fieldkey,fieldname,fieldtype,calcformula from wsfi039fields
20240409@181923.5524 04prlh0s4cmc8l8998etdlr7jc Query : insert into wsfi039data (fistamp,ousrdata, ousrhora, usrdata,usrhora,ousrinis,usrinis ,qtt ,ftstamp ,epv,pvmoeda ,tabiva,iva,lordem ,ref, design ,lote,armazem,bistamp ) values ('aut66157476046615789b85',getdate(),convert(char(8),convert (time,getdate())),getdate(),convert(char(8),convert (time,getdate())),'wsv','wsv',20.000 ,'aut66157532956615789a4a' ,0,0 ,2,23.00,270000,?,?,?,?,?)
20240409@181923.5910 04prlh0s4cmc8l8998etdlr7jc Query : select 1 valor from information_schema.tables where table_type='base table' and table_name='wsfi2039fields'
20240409@181923.5927 04prlh0s4cmc8l8998etdlr7jc Query : select fieldkey,fieldname,fieldtype,calcformula from wsfi2039fields
20240409@181923.5932 04prlh0s4cmc8l8998etdlr7jc Query : insert into wsfi2039data (fi2stamp,ftstamp ,ousrdata, ousrhora, usrdata,usrhora,ousrinis,usrinis) values ('aut66157476046615789b85','aut66157532956615789a4a' ,getdate(),convert(char(8),convert (time,getdate())),getdate(),convert(char(8),convert (time,getdate())),'wsv','wsv')
20240409@181923.5938 04prlh0s4cmc8l8998etdlr7jc Query : select 1 valor from information_schema.tables where table_type='base table' and table_name='wsfi039fields'
20240409@181923.5953 04prlh0s4cmc8l8998etdlr7jc Query : select fieldkey,fieldname,fieldtype,mandatory from wsfi039fields
20240409@181923.5989 04prlh0s4cmc8l8998etdlr7jc Query : select 1 valor from information_schema.tables where table_type='base table' and table_name='wsfi2039fields'
20240409@181923.6002 04prlh0s4cmc8l8998etdlr7jc Query : select fieldkey,fieldname,fieldtype,mandatory from wsfi2039fields
20240409@181923.6006 04prlh0s4cmc8l8998etdlr7jc Query : select top 1 convert(numeric(6,2),t.taxa) valor from taxasiva t where t.codigo='2'
20240409@181923.6017 04prlh0s4cmc8l8998etdlr7jc Query : select 1 valor from information_schema.tables where table_type='base table' and table_name='wsfi039fields'
20240409@181923.6029 04prlh0s4cmc8l8998etdlr7jc Query : select fieldkey,fieldname,fieldtype,calcformula from wsfi039fields
20240409@181923.6054 04prlh0s4cmc8l8998etdlr7jc Query : insert into wsfi039data (fistamp,ousrdata, ousrhora, usrdata,usrhora,ousrinis,usrinis ,qtt ,ftstamp ,epv,pvmoeda ,tabiva,iva,lordem ,ref, design ,armazem) values ('aut66157468326615789b92',getdate(),convert(char(8),convert (time,getdate())),getdate(),convert(char(8),convert (time,getdate())),'wsv','wsv',0 ,'aut66157532956615789a4a' ,0,0 ,2,23.00,280000,?,?,?)
20240409@181923.6358 04prlh0s4cmc8l8998etdlr7jc Query : select 1 valor from information_schema.tables where table_type='base table' and table_name='wsfi2039fields'
20240409@181923.6377 04prlh0s4cmc8l8998etdlr7jc Query : select fieldkey,fieldname,fieldtype,calcformula from wsfi2039fields
20240409@181923.6382 04prlh0s4cmc8l8998etdlr7jc Query : insert into wsfi2039data (fi2stamp,ftstamp ,ousrdata, ousrhora, usrdata,usrhora,ousrinis,usrinis) values ('aut66157468326615789b92','aut66157532956615789a4a' ,getdate(),convert(char(8),convert (time,getdate())),getdate(),convert(char(8),convert (time,getdate())),'wsv','wsv')
20240409@181923.6387 04prlh0s4cmc8l8998etdlr7jc Query : use flama_phc
20240409@181923.6391 04prlh0s4cmc8l8998etdlr7jc Query : select st.usalote valor from st where st.ref = '324.1816.00.1'
20240409@181923.6402 04prlh0s4cmc8l8998etdlr7jc Query : select top 1 st.tabiva ,st.ivaincl ,st.stns ,st.uni2 ,st.familia ,isnull(tx.taxa, 0) txiva ,unidade ,usalote ,epcpond ,noserie from st left join taxasiva tx on st.tabiva = tx.codigo where st.ref = '324.1816.00.1'
20240409@181923.6505 04prlh0s4cmc8l8998etdlr7jc Query : select 1 valor from information_schema.tables where table_type='base table' and table_name='wsfi039fields'
20240409@181923.6520 04prlh0s4cmc8l8998etdlr7jc Query : select fieldkey,fieldname,fieldtype,mandatory from wsfi039fields
20240409@181923.6544 04prlh0s4cmc8l8998etdlr7jc Query : select 1 valor from information_schema.tables where table_type='base table' and table_name='wsfi2039fields'
20240409@181923.6570 04prlh0s4cmc8l8998etdlr7jc Query : select fieldkey,fieldname,fieldtype,mandatory from wsfi2039fields
20240409@181923.6575 04prlh0s4cmc8l8998etdlr7jc Query : select sestamp valor from se where ref ='324.1816.00.1' and lote = 'r2301097200a'
20240409@181923.6584 04prlh0s4cmc8l8998etdlr7jc Query : select top 1 convert(numeric(6,2),t.taxa) valor from taxasiva t where t.codigo='2'
20240409@181923.6594 04prlh0s4cmc8l8998etdlr7jc Query : select 1 valor from information_schema.tables where table_type='base table' and table_name='wsfi039fields'
20240409@181923.6606 04prlh0s4cmc8l8998etdlr7jc Query : select fieldkey,fieldname,fieldtype,calcformula from wsfi039fields
20240409@181923.6633 04prlh0s4cmc8l8998etdlr7jc Query : insert into wsfi039data (fistamp,ousrdata, ousrhora, usrdata,usrhora,ousrinis,usrinis ,qtt ,ftstamp ,epv,pvmoeda ,tabiva,iva,lordem ,ref, design ,lote,armazem,bistamp ) values ('aut66157339296615789ba0',getdate(),convert(char(8),convert (time,getdate())),getdate(),convert(char(8),convert (time,getdate())),'wsv','wsv',20.000 ,'aut66157532956615789a4a' ,0,0 ,2,23.00,300000,?,?,?,?,?)
20240409@181923.6933 04prlh0s4cmc8l8998etdlr7jc Query : select 1 valor from information_schema.tables where table_type='base table' and table_name='wsfi2039fields'
20240409@181923.6953 04prlh0s4cmc8l8998etdlr7jc Query : select fieldkey,fieldname,fieldtype,calcformula from wsfi2039fields
20240409@181923.6958 04prlh0s4cmc8l8998etdlr7jc Query : insert into wsfi2039data (fi2stamp,ftstamp ,ousrdata, ousrhora, usrdata,usrhora,ousrinis,usrinis) values ('aut66157339296615789ba0','aut66157532956615789a4a' ,getdate(),convert(char(8),convert (time,getdate())),getdate(),convert(char(8),convert (time,getdate())),'wsv','wsv')
20240409@181923.6963 04prlh0s4cmc8l8998etdlr7jc Query : select 1 valor from information_schema.tables where table_type='base table' and table_name='wsfi039fields'
20240409@181923.7118 04prlh0s4cmc8l8998etdlr7jc Query : select fieldkey,fieldname,fieldtype,mandatory from wsfi039fields
20240409@181923.7145 04prlh0s4cmc8l8998etdlr7jc Query : select 1 valor from information_schema.tables where table_type='base table' and table_name='wsfi2039fields'
20240409@181923.7159 04prlh0s4cmc8l8998etdlr7jc Query : select fieldkey,fieldname,fieldtype,mandatory from wsfi2039fields
20240409@181923.7164 04prlh0s4cmc8l8998etdlr7jc Query : select top 1 convert(numeric(6,2),t.taxa) valor from taxasiva t where t.codigo='2'
20240409@181923.7186 04prlh0s4cmc8l8998etdlr7jc Query : select 1 valor from information_schema.tables where table_type='base table' and table_name='wsfi039fields'
20240409@181923.7200 04prlh0s4cmc8l8998etdlr7jc Query : select fieldkey,fieldname,fieldtype,calcformula from wsfi039fields
20240409@181923.7225 04prlh0s4cmc8l8998etdlr7jc Query : insert into wsfi039data (fistamp,ousrdata, ousrhora, usrdata,usrhora,ousrinis,usrinis ,qtt ,ftstamp ,epv,pvmoeda ,tabiva,iva,lordem ,ref, design ,armazem) values ('aut66157430976615789baf',getdate(),convert(char(8),convert (time,getdate())),getdate(),convert(char(8),convert (time,getdate())),'wsv','wsv',0 ,'aut66157532956615789a4a' ,0,0 ,2,23.00,310000,?,?,?)
20240409@181923.7521 04prlh0s4cmc8l8998etdlr7jc Query : select 1 valor from information_schema.tables where table_type='base table' and table_name='wsfi2039fields'
20240409@181923.7540 04prlh0s4cmc8l8998etdlr7jc Query : select fieldkey,fieldname,fieldtype,calcformula from wsfi2039fields
20240409@181923.7544 04prlh0s4cmc8l8998etdlr7jc Query : insert into wsfi2039data (fi2stamp,ftstamp ,ousrdata, ousrhora, usrdata,usrhora,ousrinis,usrinis) values ('aut66157430976615789baf','aut66157532956615789a4a' ,getdate(),convert(char(8),convert (time,getdate())),getdate(),convert(char(8),convert (time,getdate())),'wsv','wsv')
20240409@181923.7549 04prlh0s4cmc8l8998etdlr7jc Query : use flama_phc
20240409@181923.7552 04prlh0s4cmc8l8998etdlr7jc Query : select st.usalote valor from st where st.ref = '324.1816.00.1'
20240409@181923.7564 04prlh0s4cmc8l8998etdlr7jc Query : select top 1 st.tabiva ,st.ivaincl ,st.stns ,st.uni2 ,st.familia ,isnull(tx.taxa, 0) txiva ,unidade ,usalote ,epcpond ,noserie from st left join taxasiva tx on st.tabiva = tx.codigo where st.ref = '324.1816.00.1'
20240409@181923.7578 04prlh0s4cmc8l8998etdlr7jc Query : select 1 valor from information_schema.tables where table_type='base table' and table_name='wsfi039fields'
20240409@181923.7594 04prlh0s4cmc8l8998etdlr7jc Query : select fieldkey,fieldname,fieldtype,mandatory from wsfi039fields
20240409@181923.7623 04prlh0s4cmc8l8998etdlr7jc Query : select 1 valor from information_schema.tables where table_type='base table' and table_name='wsfi2039fields'
20240409@181923.7635 04prlh0s4cmc8l8998etdlr7jc Query : select fieldkey,fieldname,fieldtype,mandatory from wsfi2039fields
20240409@181923.7639 04prlh0s4cmc8l8998etdlr7jc Query : select sestamp valor from se where ref ='324.1816.00.1' and lote = 'r2301097200a'
20240409@181923.7650 04prlh0s4cmc8l8998etdlr7jc Query : select top 1 convert(numeric(6,2),t.taxa) valor from taxasiva t where t.codigo='2'
20240409@181923.7661 04prlh0s4cmc8l8998etdlr7jc Query : select 1 valor from information_schema.tables where table_type='base table' and table_name='wsfi039fields'
20240409@181923.7674 04prlh0s4cmc8l8998etdlr7jc Query : select fieldkey,fieldname,fieldtype,calcformula from wsfi039fields
20240409@181923.7700 04prlh0s4cmc8l8998etdlr7jc Query : insert into wsfi039data (fistamp,ousrdata, ousrhora, usrdata,usrhora,ousrinis,usrinis ,qtt ,ftstamp ,epv,pvmoeda ,tabiva,iva,lordem ,ref, design ,lote,armazem,bistamp ) values ('aut66157393436615789bbb',getdate(),convert(char(8),convert (time,getdate())),getdate(),convert(char(8),convert (time,getdate())),'wsv','wsv',20.000 ,'aut66157532956615789a4a' ,0,0 ,2,23.00,330000,?,?,?,?,?)
20240409@181923.8031 04prlh0s4cmc8l8998etdlr7jc Query : select 1 valor from information_schema.tables where table_type='base table' and table_name='wsfi2039fields'
20240409@181923.8066 04prlh0s4cmc8l8998etdlr7jc Query : select fieldkey,fieldname,fieldtype,calcformula from wsfi2039fields
20240409@181923.8072 04prlh0s4cmc8l8998etdlr7jc Query : insert into wsfi2039data (fi2stamp,ftstamp ,ousrdata, ousrhora, usrdata,usrhora,ousrinis,usrinis) values ('aut66157393436615789bbb','aut66157532956615789a4a' ,getdate(),convert(char(8),convert (time,getdate())),getdate(),convert(char(8),convert (time,getdate())),'wsv','wsv')
20240409@181923.8078 04prlh0s4cmc8l8998etdlr7jc Query : select 1 valor from information_schema.tables where table_type='base table' and table_name='wsfi039fields'
20240409@181923.8093 04prlh0s4cmc8l8998etdlr7jc Query : select fieldkey,fieldname,fieldtype,mandatory from wsfi039fields
20240409@181923.8136 04prlh0s4cmc8l8998etdlr7jc Query : select 1 valor from information_schema.tables where table_type='base table' and table_name='wsfi2039fields'
20240409@181923.8153 04prlh0s4cmc8l8998etdlr7jc Query : select fieldkey,fieldname,fieldtype,mandatory from wsfi2039fields
20240409@181923.8158 04prlh0s4cmc8l8998etdlr7jc Query : select top 1 convert(numeric(6,2),t.taxa) valor from taxasiva t where t.codigo='2'
20240409@181923.8169 04prlh0s4cmc8l8998etdlr7jc Query : select 1 valor from information_schema.tables where table_type='base table' and table_name='wsfi039fields'
20240409@181923.8182 04prlh0s4cmc8l8998etdlr7jc Query : select fieldkey,fieldname,fieldtype,calcformula from wsfi039fields
20240409@181923.8206 04prlh0s4cmc8l8998etdlr7jc Query : insert into wsfi039data (fistamp,ousrdata, ousrhora, usrdata,usrhora,ousrinis,usrinis ,qtt ,ftstamp ,epv,pvmoeda ,tabiva,iva,lordem ,ref, design ,armazem) values ('aut66157272776615789bc7',getdate(),convert(char(8),convert (time,getdate())),getdate(),convert(char(8),convert (time,getdate())),'wsv','wsv',0 ,'aut66157532956615789a4a' ,0,0 ,2,23.00,340000,?,?,?)
20240409@181923.8505 04prlh0s4cmc8l8998etdlr7jc Query : select 1 valor from information_schema.tables where table_type='base table' and table_name='wsfi2039fields'
20240409@181923.8525 04prlh0s4cmc8l8998etdlr7jc Query : select fieldkey,fieldname,fieldtype,calcformula from wsfi2039fields
20240409@181923.8529 04prlh0s4cmc8l8998etdlr7jc Query : insert into wsfi2039data (fi2stamp,ftstamp ,ousrdata, ousrhora, usrdata,usrhora,ousrinis,usrinis) values ('aut66157272776615789bc7','aut66157532956615789a4a' ,getdate(),convert(char(8),convert (time,getdate())),getdate(),convert(char(8),convert (time,getdate())),'wsv','wsv')
20240409@181923.8533 04prlh0s4cmc8l8998etdlr7jc Query : use flama_phc
20240409@181923.8536 04prlh0s4cmc8l8998etdlr7jc Query : select st.usalote valor from st where st.ref = '324.1816.00.1'
20240409@181923.8548 04prlh0s4cmc8l8998etdlr7jc Query : select top 1 st.tabiva ,st.ivaincl ,st.stns ,st.uni2 ,st.familia ,isnull(tx.taxa, 0) txiva ,unidade ,usalote ,epcpond ,noserie from st left join taxasiva tx on st.tabiva = tx.codigo where st.ref = '324.1816.00.1'
20240409@181923.8560 04prlh0s4cmc8l8998etdlr7jc Query : select 1 valor from information_schema.tables where table_type='base table' and table_name='wsfi039fields'
20240409@181923.9774 04prlh0s4cmc8l8998etdlr7jc Query : select fieldkey,fieldname,fieldtype,mandatory from wsfi039fields
20240409@181923.9800 04prlh0s4cmc8l8998etdlr7jc Query : select 1 valor from information_schema.tables where table_type='base table' and table_name='wsfi2039fields'
20240409@181923.9816 04prlh0s4cmc8l8998etdlr7jc Query : select fieldkey,fieldname,fieldtype,mandatory from wsfi2039fields
20240409@181923.9822 04prlh0s4cmc8l8998etdlr7jc Query : select sestamp valor from se where ref ='324.1816.00.1' and lote = 'r2301097200a'
20240409@181923.9832 04prlh0s4cmc8l8998etdlr7jc Query : select top 1 convert(numeric(6,2),t.taxa) valor from taxasiva t where t.codigo='2'
20240409@181923.9841 04prlh0s4cmc8l8998etdlr7jc Query : select 1 valor from information_schema.tables where table_type='base table' and table_name='wsfi039fields'
20240409@181923.9854 04prlh0s4cmc8l8998etdlr7jc Query : select fieldkey,fieldname,fieldtype,calcformula from wsfi039fields
20240409@181923.9894 04prlh0s4cmc8l8998etdlr7jc Query : insert into wsfi039data (fistamp,ousrdata, ousrhora, usrdata,usrhora,ousrinis,usrinis ,qtt ,ftstamp ,epv,pvmoeda ,tabiva,iva,lordem ,ref, design ,lote,armazem,bistamp ) values ('aut66157710686615789bf0',getdate(),convert(char(8),convert (time,getdate())),getdate(),convert(char(8),convert (time,getdate())),'wsv','wsv',20.000 ,'aut66157532956615789a4a' ,0,0 ,2,23.00,360000,?,?,?,?,?)
20240409@181924.1770 04prlh0s4cmc8l8998etdlr7jc Query : select 1 valor from information_schema.tables where table_type='base table' and table_name='wsfi2039fields'
20240409@181924.1940 04prlh0s4cmc8l8998etdlr7jc Query : select fieldkey,fieldname,fieldtype,calcformula from wsfi2039fields
20240409@181924.2020 04prlh0s4cmc8l8998etdlr7jc Query : insert into wsfi2039data (fi2stamp,ftstamp ,ousrdata, ousrhora, usrdata,usrhora,ousrinis,usrinis) values ('aut66157710686615789bf0','aut66157532956615789a4a' ,getdate(),convert(char(8),convert (time,getdate())),getdate(),convert(char(8),convert (time,getdate())),'wsv','wsv')
20240409@181924.2070 04prlh0s4cmc8l8998etdlr7jc Query : select 1 valor from information_schema.tables where table_type='base table' and table_name='wsfi039fields'
20240409@181924.2210 04prlh0s4cmc8l8998etdlr7jc Query : select fieldkey,fieldname,fieldtype,mandatory from wsfi039fields
20240409@181924.2490 04prlh0s4cmc8l8998etdlr7jc Query : select 1 valor from information_schema.tables where table_type='base table' and table_name='wsfi2039fields'
20240409@181924.2620 04prlh0s4cmc8l8998etdlr7jc Query : select fieldkey,fieldname,fieldtype,mandatory from wsfi2039fields
20240409@181924.2670 04prlh0s4cmc8l8998etdlr7jc Query : select top 1 convert(numeric(6,2),t.taxa) valor from taxasiva t where t.codigo='2'
20240409@181924.2880 04prlh0s4cmc8l8998etdlr7jc Query : select 1 valor from information_schema.tables where table_type='base table' and table_name='wsfi039fields'
20240409@181924.3010 04prlh0s4cmc8l8998etdlr7jc Query : select fieldkey,fieldname,fieldtype,calcformula from wsfi039fields
20240409@181924.3300 04prlh0s4cmc8l8998etdlr7jc Query : insert into wsfi039data (fistamp,ousrdata, ousrhora, usrdata,usrhora,ousrinis,usrinis ,qtt ,ftstamp ,epv,pvmoeda ,tabiva,iva,lordem ,ref, design ,armazem) values ('aut66157944706615789c07',getdate(),convert(char(8),convert (time,getdate())),getdate(),convert(char(8),convert (time,getdate())),'wsv','wsv',0 ,'aut66157532956615789a4a' ,0,0 ,2,23.00,370000,?,?,?)
20240409@181924.7570 04prlh0s4cmc8l8998etdlr7jc Query : select 1 valor from information_schema.tables where table_type='base table' and table_name='wsfi2039fields'
20240409@181924.7770 04prlh0s4cmc8l8998etdlr7jc Query : select fieldkey,fieldname,fieldtype,calcformula from wsfi2039fields
20240409@181924.7820 04prlh0s4cmc8l8998etdlr7jc Query : insert into wsfi2039data (fi2stamp,ftstamp ,ousrdata, ousrhora, usrdata,usrhora,ousrinis,usrinis) values ('aut66157944706615789c07','aut66157532956615789a4a' ,getdate(),convert(char(8),convert (time,getdate())),getdate(),convert(char(8),convert (time,getdate())),'wsv','wsv')
20240409@181924.7870 04prlh0s4cmc8l8998etdlr7jc Query : use flama_phc
20240409@181924.7900 04prlh0s4cmc8l8998etdlr7jc Query : select st.usalote valor from st where st.ref = '324.1816.00.1'
20240409@181924.8040 04prlh0s4cmc8l8998etdlr7jc Query : select top 1 st.tabiva ,st.ivaincl ,st.stns ,st.uni2 ,st.familia ,isnull(tx.taxa, 0) txiva ,unidade ,usalote ,epcpond ,noserie from st left join taxasiva tx on st.tabiva = tx.codigo where st.ref = '324.1816.00.1'
20240409@181924.8160 04prlh0s4cmc8l8998etdlr7jc Query : select 1 valor from information_schema.tables where table_type='base table' and table_name='wsfi039fields'
20240409@181924.8300 04prlh0s4cmc8l8998etdlr7jc Query : select fieldkey,fieldname,fieldtype,mandatory from wsfi039fields
20240409@181924.8550 04prlh0s4cmc8l8998etdlr7jc Query : select 1 valor from information_schema.tables where table_type='base table' and table_name='wsfi2039fields'
20240409@181924.8710 04prlh0s4cmc8l8998etdlr7jc Query : select fieldkey,fieldname,fieldtype,mandatory from wsfi2039fields
20240409@181924.8750 04prlh0s4cmc8l8998etdlr7jc Query : select sestamp valor from se where ref ='324.1816.00.1' and lote = 'r2301097200a'
20240409@181924.8850 04prlh0s4cmc8l8998etdlr7jc Query : select top 1 convert(numeric(6,2),t.taxa) valor from taxasiva t where t.codigo='2'
20240409@181924.8960 04prlh0s4cmc8l8998etdlr7jc Query : select 1 valor from information_schema.tables where table_type='base table' and table_name='wsfi039fields'
20240409@181924.9080 04prlh0s4cmc8l8998etdlr7jc Query : select fieldkey,fieldname,fieldtype,calcformula from wsfi039fields
20240409@181924.9310 04prlh0s4cmc8l8998etdlr7jc Query : insert into wsfi039data (fistamp,ousrdata, ousrhora, usrdata,usrhora,ousrinis,usrinis ,qtt ,ftstamp ,epv,pvmoeda ,tabiva,iva,lordem ,ref, design ,lote,armazem,bistamp ) values ('aut66157921416615789c15',getdate(),convert(char(8),convert (time,getdate())),getdate(),convert(char(8),convert (time,getdate())),'wsv','wsv',20.000 ,'aut66157532956615789a4a' ,0,0 ,2,23.00,390000,?,?,?,?,?)
20240409@181924.1282 04prlh0s4cmc8l8998etdlr7jc Query : select 1 valor from information_schema.tables where table_type='base table' and table_name='wsfi2039fields'
20240409@181924.1298 04prlh0s4cmc8l8998etdlr7jc Query : select fieldkey,fieldname,fieldtype,calcformula from wsfi2039fields
20240409@181924.1303 04prlh0s4cmc8l8998etdlr7jc Query : insert into wsfi2039data (fi2stamp,ftstamp ,ousrdata, ousrhora, usrdata,usrhora,ousrinis,usrinis) values ('aut66157921416615789c15','aut66157532956615789a4a' ,getdate(),convert(char(8),convert (time,getdate())),getdate(),convert(char(8),convert (time,getdate())),'wsv','wsv')
20240409@181924.1310 04prlh0s4cmc8l8998etdlr7jc Query : select 1 valor from information_schema.tables where table_type='base table' and table_name='wsfi039fields'
20240409@181924.1325 04prlh0s4cmc8l8998etdlr7jc Query : select fieldkey,fieldname,fieldtype,mandatory from wsfi039fields
20240409@181924.1355 04prlh0s4cmc8l8998etdlr7jc Query : select 1 valor from information_schema.tables where table_type='base table' and table_name='wsfi2039fields'
20240409@181924.1366 04prlh0s4cmc8l8998etdlr7jc Query : select fieldkey,fieldname,fieldtype,mandatory from wsfi2039fields
20240409@181924.1371 04prlh0s4cmc8l8998etdlr7jc Query : select top 1 convert(numeric(6,2),t.taxa) valor from taxasiva t where t.codigo='2'
20240409@181924.1381 04prlh0s4cmc8l8998etdlr7jc Query : select 1 valor from information_schema.tables where table_type='base table' and table_name='wsfi039fields'
20240409@181924.1392 04prlh0s4cmc8l8998etdlr7jc Query : select fieldkey,fieldname,fieldtype,calcformula from wsfi039fields
20240409@181924.1415 04prlh0s4cmc8l8998etdlr7jc Query : insert into wsfi039data (fistamp,ousrdata, ousrhora, usrdata,usrhora,ousrinis,usrinis ,qtt ,ftstamp ,epv,pvmoeda ,tabiva,iva,lordem ,ref, design ,armazem) values ('aut66157119826615789c21',getdate(),convert(char(8),convert (time,getdate())),getdate(),convert(char(8),convert (time,getdate())),'wsv','wsv',0 ,'aut66157532956615789a4a' ,0,0 ,2,23.00,400000,?,?,?)
20240409@181924.1698 04prlh0s4cmc8l8998etdlr7jc Query : select 1 valor from information_schema.tables where table_type='base table' and table_name='wsfi2039fields'
20240409@181924.1723 04prlh0s4cmc8l8998etdlr7jc Query : select fieldkey,fieldname,fieldtype,calcformula from wsfi2039fields
20240409@181924.1727 04prlh0s4cmc8l8998etdlr7jc Query : insert into wsfi2039data (fi2stamp,ftstamp ,ousrdata, ousrhora, usrdata,usrhora,ousrinis,usrinis) values ('aut66157119826615789c21','aut66157532956615789a4a' ,getdate(),convert(char(8),convert (time,getdate())),getdate(),convert(char(8),convert (time,getdate())),'wsv','wsv')
20240409@181924.1731 04prlh0s4cmc8l8998etdlr7jc Query : use flama_phc
20240409@181924.1735 04prlh0s4cmc8l8998etdlr7jc Query : select st.usalote valor from st where st.ref = '324.1816.00.1'
20240409@181924.1745 04prlh0s4cmc8l8998etdlr7jc Query : select top 1 st.tabiva ,st.ivaincl ,st.stns ,st.uni2 ,st.familia ,isnull(tx.taxa, 0) txiva ,unidade ,usalote ,epcpond ,noserie from st left join taxasiva tx on st.tabiva = tx.codigo where st.ref = '324.1816.00.1'
20240409@181924.1756 04prlh0s4cmc8l8998etdlr7jc Query : select 1 valor from information_schema.tables where table_type='base table' and table_name='wsfi039fields'
20240409@181924.1769 04prlh0s4cmc8l8998etdlr7jc Query : select fieldkey,fieldname,fieldtype,mandatory from wsfi039fields
20240409@181924.1791 04prlh0s4cmc8l8998etdlr7jc Query : select 1 valor from information_schema.tables where table_type='base table' and table_name='wsfi2039fields'
20240409@181924.1803 04prlh0s4cmc8l8998etdlr7jc Query : select fieldkey,fieldname,fieldtype,mandatory from wsfi2039fields
20240409@181924.1807 04prlh0s4cmc8l8998etdlr7jc Query : select sestamp valor from se where ref ='324.1816.00.1' and lote = 'r2301097200a'
20240409@181924.1816 04prlh0s4cmc8l8998etdlr7jc Query : select top 1 convert(numeric(6,2),t.taxa) valor from taxasiva t where t.codigo='2'
20240409@181924.1826 04prlh0s4cmc8l8998etdlr7jc Query : select 1 valor from information_schema.tables where table_type='base table' and table_name='wsfi039fields'
20240409@181924.1843 04prlh0s4cmc8l8998etdlr7jc Query : select fieldkey,fieldname,fieldtype,calcformula from wsfi039fields
20240409@181924.1865 04prlh0s4cmc8l8998etdlr7jc Query : insert into wsfi039data (fistamp,ousrdata, ousrhora, usrdata,usrhora,ousrinis,usrinis ,qtt ,ftstamp ,epv,pvmoeda ,tabiva,iva,lordem ,ref, design ,lote,armazem,bistamp ) values ('aut66157599396615789c2c',getdate(),convert(char(8),convert (time,getdate())),getdate(),convert(char(8),convert (time,getdate())),'wsv','wsv',20.000 ,'aut66157532956615789a4a' ,0,0 ,2,23.00,420000,?,?,?,?,?)
20240409@181924.2168 04prlh0s4cmc8l8998etdlr7jc Query : select 1 valor from information_schema.tables where table_type='base table' and table_name='wsfi2039fields'
20240409@181924.2183 04prlh0s4cmc8l8998etdlr7jc Query : select fieldkey,fieldname,fieldtype,calcformula from wsfi2039fields
20240409@181924.2187 04prlh0s4cmc8l8998etdlr7jc Query : insert into wsfi2039data (fi2stamp,ftstamp ,ousrdata, ousrhora, usrdata,usrhora,ousrinis,usrinis) values ('aut66157599396615789c2c','aut66157532956615789a4a' ,getdate(),convert(char(8),convert (time,getdate())),getdate(),convert(char(8),convert (time,getdate())),'wsv','wsv')
20240409@181924.2192 04prlh0s4cmc8l8998etdlr7jc Query : select 1 valor from information_schema.tables where table_type='base table' and table_name='wsfi039fields'
20240409@181924.2205 04prlh0s4cmc8l8998etdlr7jc Query : select fieldkey,fieldname,fieldtype,mandatory from wsfi039fields
20240409@181924.2230 04prlh0s4cmc8l8998etdlr7jc Query : select 1 valor from information_schema.tables where table_type='base table' and table_name='wsfi2039fields'
20240409@181924.2243 04prlh0s4cmc8l8998etdlr7jc Query : select fieldkey,fieldname,fieldtype,mandatory from wsfi2039fields
20240409@181924.2248 04prlh0s4cmc8l8998etdlr7jc Query : select top 1 convert(numeric(6,2),t.taxa) valor from taxasiva t where t.codigo='2'
20240409@181924.2258 04prlh0s4cmc8l8998etdlr7jc Query : select 1 valor from information_schema.tables where table_type='base table' and table_name='wsfi039fields'
20240409@181924.2270 04prlh0s4cmc8l8998etdlr7jc Query : select fieldkey,fieldname,fieldtype,calcformula from wsfi039fields
20240409@181924.2299 04prlh0s4cmc8l8998etdlr7jc Query : insert into wsfi039data (fistamp,ousrdata, ousrhora, usrdata,usrhora,ousrinis,usrinis ,qtt ,ftstamp ,epv,pvmoeda ,tabiva,iva,lordem ,ref, design ,armazem) values ('aut66157353286615789c37',getdate(),convert(char(8),convert (time,getdate())),getdate(),convert(char(8),convert (time,getdate())),'wsv','wsv',0 ,'aut66157532956615789a4a' ,0,0 ,2,23.00,430000,?,?,?)
20240409@181924.2580 04prlh0s4cmc8l8998etdlr7jc Query : select 1 valor from information_schema.tables where table_type='base table' and table_name='wsfi2039fields'
20240409@181924.2596 04prlh0s4cmc8l8998etdlr7jc Query : select fieldkey,fieldname,fieldtype,calcformula from wsfi2039fields
20240409@181924.2600 04prlh0s4cmc8l8998etdlr7jc Query : insert into wsfi2039data (fi2stamp,ftstamp ,ousrdata, ousrhora, usrdata,usrhora,ousrinis,usrinis) values ('aut66157353286615789c37','aut66157532956615789a4a' ,getdate(),convert(char(8),convert (time,getdate())),getdate(),convert(char(8),convert (time,getdate())),'wsv','wsv')
20240409@181924.2605 04prlh0s4cmc8l8998etdlr7jc Query : use flama_phc
20240409@181924.2609 04prlh0s4cmc8l8998etdlr7jc Query : select st.usalote valor from st where st.ref = '324.1816.00.1'
20240409@181924.2629 04prlh0s4cmc8l8998etdlr7jc Query : select top 1 st.tabiva ,st.ivaincl ,st.stns ,st.uni2 ,st.familia ,isnull(tx.taxa, 0) txiva ,unidade ,usalote ,epcpond ,noserie from st left join taxasiva tx on st.tabiva = tx.codigo where st.ref = '324.1816.00.1'
20240409@181924.2641 04prlh0s4cmc8l8998etdlr7jc Query : select 1 valor from information_schema.tables where table_type='base table' and table_name='wsfi039fields'
20240409@181924.2655 04prlh0s4cmc8l8998etdlr7jc Query : select fieldkey,fieldname,fieldtype,mandatory from wsfi039fields
20240409@181924.2678 04prlh0s4cmc8l8998etdlr7jc Query : select 1 valor from information_schema.tables where table_type='base table' and table_name='wsfi2039fields'
20240409@181924.2690 04prlh0s4cmc8l8998etdlr7jc Query : select fieldkey,fieldname,fieldtype,mandatory from wsfi2039fields
20240409@181924.2694 04prlh0s4cmc8l8998etdlr7jc Query : select sestamp valor from se where ref ='324.1816.00.1' and lote = 'r2301097200a'
20240409@181924.2705 04prlh0s4cmc8l8998etdlr7jc Query : select top 1 convert(numeric(6,2),t.taxa) valor from taxasiva t where t.codigo='2'
20240409@181924.2714 04prlh0s4cmc8l8998etdlr7jc Query : select 1 valor from information_schema.tables where table_type='base table' and table_name='wsfi039fields'
20240409@181924.2727 04prlh0s4cmc8l8998etdlr7jc Query : select fieldkey,fieldname,fieldtype,calcformula from wsfi039fields
20240409@181924.2758 04prlh0s4cmc8l8998etdlr7jc Query : insert into wsfi039data (fistamp,ousrdata, ousrhora, usrdata,usrhora,ousrinis,usrinis ,qtt ,ftstamp ,epv,pvmoeda ,tabiva,iva,lordem ,ref, design ,lote,armazem,bistamp ) values ('aut66157777446615789c42',getdate(),convert(char(8),convert (time,getdate())),getdate(),convert(char(8),convert (time,getdate())),'wsv','wsv',20.000 ,'aut66157532956615789a4a' ,0,0 ,2,23.00,450000,?,?,?,?,?)
20240409@181924.3083 04prlh0s4cmc8l8998etdlr7jc Query : select 1 valor from information_schema.tables where table_type='base table' and table_name='wsfi2039fields'
20240409@181924.3111 04prlh0s4cmc8l8998etdlr7jc Query : select fieldkey,fieldname,fieldtype,calcformula from wsfi2039fields
20240409@181924.3116 04prlh0s4cmc8l8998etdlr7jc Query : insert into wsfi2039data (fi2stamp,ftstamp ,ousrdata, ousrhora, usrdata,usrhora,ousrinis,usrinis) values ('aut66157777446615789c42','aut66157532956615789a4a' ,getdate(),convert(char(8),convert (time,getdate())),getdate(),convert(char(8),convert (time,getdate())),'wsv','wsv')
20240409@181924.3120 04prlh0s4cmc8l8998etdlr7jc Query : select 1 valor from information_schema.tables where table_type='base table' and table_name='wsfi039fields'
20240409@181924.3133 04prlh0s4cmc8l8998etdlr7jc Query : select fieldkey,fieldname,fieldtype,mandatory from wsfi039fields
20240409@181924.3157 04prlh0s4cmc8l8998etdlr7jc Query : select 1 valor from information_schema.tables where table_type='base table' and table_name='wsfi2039fields'
20240409@181924.3170 04prlh0s4cmc8l8998etdlr7jc Query : select fieldkey,fieldname,fieldtype,mandatory from wsfi2039fields
20240409@181924.3174 04prlh0s4cmc8l8998etdlr7jc Query : select top 1 convert(numeric(6,2),t.taxa) valor from taxasiva t where t.codigo='2'
20240409@181924.3185 04prlh0s4cmc8l8998etdlr7jc Query : select 1 valor from information_schema.tables where table_type='base table' and table_name='wsfi039fields'
20240409@181924.3201 04prlh0s4cmc8l8998etdlr7jc Query : select fieldkey,fieldname,fieldtype,calcformula from wsfi039fields
20240409@181924.3224 04prlh0s4cmc8l8998etdlr7jc Query : insert into wsfi039data (fistamp,ousrdata, ousrhora, usrdata,usrhora,ousrinis,usrinis ,qtt ,ftstamp ,epv,pvmoeda ,tabiva,iva,lordem ,ref, design ,armazem) values ('aut66157124036615789c4d',getdate(),convert(char(8),convert (time,getdate())),getdate(),convert(char(8),convert (time,getdate())),'wsv','wsv',0 ,'aut66157532956615789a4a' ,0,0 ,2,23.00,460000,?,?,?)
20240409@181924.3542 04prlh0s4cmc8l8998etdlr7jc Query : select 1 valor from information_schema.tables where table_type='base table' and table_name='wsfi2039fields'
20240409@181924.3559 04prlh0s4cmc8l8998etdlr7jc Query : select fieldkey,fieldname,fieldtype,calcformula from wsfi2039fields
20240409@181924.3564 04prlh0s4cmc8l8998etdlr7jc Query : insert into wsfi2039data (fi2stamp,ftstamp ,ousrdata, ousrhora, usrdata,usrhora,ousrinis,usrinis) values ('aut66157124036615789c4d','aut66157532956615789a4a' ,getdate(),convert(char(8),convert (time,getdate())),getdate(),convert(char(8),convert (time,getdate())),'wsv','wsv')
20240409@181924.3569 04prlh0s4cmc8l8998etdlr7jc Query : use flama_phc
20240409@181924.3573 04prlh0s4cmc8l8998etdlr7jc Query : select st.usalote valor from st where st.ref = '324.1816.00.1'
20240409@181924.3586 04prlh0s4cmc8l8998etdlr7jc Query : select top 1 st.tabiva ,st.ivaincl ,st.stns ,st.uni2 ,st.familia ,isnull(tx.taxa, 0) txiva ,unidade ,usalote ,epcpond ,noserie from st left join taxasiva tx on st.tabiva = tx.codigo where st.ref = '324.1816.00.1'
20240409@181924.3600 04prlh0s4cmc8l8998etdlr7jc Query : select 1 valor from information_schema.tables where table_type='base table' and table_name='wsfi039fields'
20240409@181924.3615 04prlh0s4cmc8l8998etdlr7jc Query : select fieldkey,fieldname,fieldtype,mandatory from wsfi039fields
20240409@181924.3642 04prlh0s4cmc8l8998etdlr7jc Query : select 1 valor from information_schema.tables where table_type='base table' and table_name='wsfi2039fields'
20240409@181924.3659 04prlh0s4cmc8l8998etdlr7jc Query : select fieldkey,fieldname,fieldtype,mandatory from wsfi2039fields
20240409@181924.3667 04prlh0s4cmc8l8998etdlr7jc Query : select sestamp valor from se where ref ='324.1816.00.1' and lote = 'r2301097200a'
20240409@181924.3679 04prlh0s4cmc8l8998etdlr7jc Query : select top 1 convert(numeric(6,2),t.taxa) valor from taxasiva t where t.codigo='2'
20240409@181924.3690 04prlh0s4cmc8l8998etdlr7jc Query : select 1 valor from information_schema.tables where table_type='base table' and table_name='wsfi039fields'
20240409@181924.3707 04prlh0s4cmc8l8998etdlr7jc Query : select fieldkey,fieldname,fieldtype,calcformula from wsfi039fields
20240409@181924.3736 04prlh0s4cmc8l8998etdlr7jc Query : insert into wsfi039data (fistamp,ousrdata, ousrhora, usrdata,usrhora,ousrinis,usrinis ,qtt ,ftstamp ,epv,pvmoeda ,tabiva,iva,lordem ,ref, design ,lote,armazem,bistamp ) values ('aut66157645666615789c5a',getdate(),convert(char(8),convert (time,getdate())),getdate(),convert(char(8),convert (time,getdate())),'wsv','wsv',20.000 ,'aut66157532956615789a4a' ,0,0 ,2,23.00,480000,?,?,?,?,?)
20240409@181924.4045 04prlh0s4cmc8l8998etdlr7jc Query : select 1 valor from information_schema.tables where table_type='base table' and table_name='wsfi2039fields'
20240409@181924.4071 04prlh0s4cmc8l8998etdlr7jc Query : select fieldkey,fieldname,fieldtype,calcformula from wsfi2039fields
20240409@181924.4077 04prlh0s4cmc8l8998etdlr7jc Query : insert into wsfi2039data (fi2stamp,ftstamp ,ousrdata, ousrhora, usrdata,usrhora,ousrinis,usrinis) values ('aut66157645666615789c5a','aut66157532956615789a4a' ,getdate(),convert(char(8),convert (time,getdate())),getdate(),convert(char(8),convert (time,getdate())),'wsv','wsv')
20240409@181924.4082 04prlh0s4cmc8l8998etdlr7jc Query : select 1 valor from information_schema.tables where table_type='base table' and table_name='wsfi039fields'
20240409@181924.4099 04prlh0s4cmc8l8998etdlr7jc Query : select fieldkey,fieldname,fieldtype,mandatory from wsfi039fields
20240409@181924.4128 04prlh0s4cmc8l8998etdlr7jc Query : select 1 valor from information_schema.tables where table_type='base table' and table_name='wsfi2039fields'
20240409@181924.4143 04prlh0s4cmc8l8998etdlr7jc Query : select fieldkey,fieldname,fieldtype,mandatory from wsfi2039fields
20240409@181924.4148 04prlh0s4cmc8l8998etdlr7jc Query : select top 1 convert(numeric(6,2),t.taxa) valor from taxasiva t where t.codigo='2'
20240409@181924.4171 04prlh0s4cmc8l8998etdlr7jc Query : select 1 valor from information_schema.tables where table_type='base table' and table_name='wsfi039fields'
20240409@181924.4185 04prlh0s4cmc8l8998etdlr7jc Query : select fieldkey,fieldname,fieldtype,calcformula from wsfi039fields
20240409@181924.4213 04prlh0s4cmc8l8998etdlr7jc Query : insert into wsfi039data (fistamp,ousrdata, ousrhora, usrdata,usrhora,ousrinis,usrinis ,qtt ,ftstamp ,epv,pvmoeda ,tabiva,iva,lordem ,ref, design ,armazem) values ('aut66157412896615789c65',getdate(),convert(char(8),convert (time,getdate())),getdate(),convert(char(8),convert (time,getdate())),'wsv','wsv',0 ,'aut66157532956615789a4a' ,0,0 ,2,23.00,490000,?,?,?)
20240409@181924.4514 04prlh0s4cmc8l8998etdlr7jc Query : select 1 valor from information_schema.tables where table_type='base table' and table_name='wsfi2039fields'
20240409@181924.4535 04prlh0s4cmc8l8998etdlr7jc Query : select fieldkey,fieldname,fieldtype,calcformula from wsfi2039fields
20240409@181924.4540 04prlh0s4cmc8l8998etdlr7jc Query : insert into wsfi2039data (fi2stamp,ftstamp ,ousrdata, ousrhora, usrdata,usrhora,ousrinis,usrinis) values ('aut66157412896615789c65','aut66157532956615789a4a' ,getdate(),convert(char(8),convert (time,getdate())),getdate(),convert(char(8),convert (time,getdate())),'wsv','wsv')
20240409@181924.4545 04prlh0s4cmc8l8998etdlr7jc Query : use flama_phc
20240409@181924.4551 04prlh0s4cmc8l8998etdlr7jc Query : select st.usalote valor from st where st.ref = '324.1816.00.1'
20240409@181924.4565 04prlh0s4cmc8l8998etdlr7jc Query : select top 1 st.tabiva ,st.ivaincl ,st.stns ,st.uni2 ,st.familia ,isnull(tx.taxa, 0) txiva ,unidade ,usalote ,epcpond ,noserie from st left join taxasiva tx on st.tabiva = tx.codigo where st.ref = '324.1816.00.1'
20240409@181924.4578 04prlh0s4cmc8l8998etdlr7jc Query : select 1 valor from information_schema.tables where table_type='base table' and table_name='wsfi039fields'
20240409@181924.4593 04prlh0s4cmc8l8998etdlr7jc Query : select fieldkey,fieldname,fieldtype,mandatory from wsfi039fields
20240409@181924.4622 04prlh0s4cmc8l8998etdlr7jc Query : select 1 valor from information_schema.tables where table_type='base table' and table_name='wsfi2039fields'
20240409@181924.4636 04prlh0s4cmc8l8998etdlr7jc Query : select fieldkey,fieldname,fieldtype,mandatory from wsfi2039fields
20240409@181924.4642 04prlh0s4cmc8l8998etdlr7jc Query : select sestamp valor from se where ref ='324.1816.00.1' and lote = 'r2301097200a'
20240409@181924.4654 04prlh0s4cmc8l8998etdlr7jc Query : select top 1 convert(numeric(6,2),t.taxa) valor from taxasiva t where t.codigo='2'
20240409@181924.4665 04prlh0s4cmc8l8998etdlr7jc Query : select 1 valor from information_schema.tables where table_type='base table' and table_name='wsfi039fields'
20240409@181924.4679 04prlh0s4cmc8l8998etdlr7jc Query : select fieldkey,fieldname,fieldtype,calcformula from wsfi039fields
20240409@181924.4707 04prlh0s4cmc8l8998etdlr7jc Query : insert into wsfi039data (fistamp,ousrdata, ousrhora, usrdata,usrhora,ousrinis,usrinis ,qtt ,ftstamp ,epv,pvmoeda ,tabiva,iva,lordem ,ref, design ,lote,armazem,bistamp ) values ('aut66157474056615789c71',getdate(),convert(char(8),convert (time,getdate())),getdate(),convert(char(8),convert (time,getdate())),'wsv','wsv',20.000 ,'aut66157532956615789a4a' ,0,0 ,2,23.00,510000,?,?,?,?,?)
20240409@181924.5005 04prlh0s4cmc8l8998etdlr7jc Query : select 1 valor from information_schema.tables where table_type='base table' and table_name='wsfi2039fields'
20240409@181924.5023 04prlh0s4cmc8l8998etdlr7jc Query : select fieldkey,fieldname,fieldtype,calcformula from wsfi2039fields
20240409@181924.5028 04prlh0s4cmc8l8998etdlr7jc Query : insert into wsfi2039data (fi2stamp,ftstamp ,ousrdata, ousrhora, usrdata,usrhora,ousrinis,usrinis) values ('aut66157474056615789c71','aut66157532956615789a4a' ,getdate(),convert(char(8),convert (time,getdate())),getdate(),convert(char(8),convert (time,getdate())),'wsv','wsv')
20240409@181924.5034 04prlh0s4cmc8l8998etdlr7jc Query : select 1 valor from information_schema.tables where table_type='base table' and table_name='wsfi039fields'
20240409@181924.5049 04prlh0s4cmc8l8998etdlr7jc Query : select fieldkey,fieldname,fieldtype,mandatory from wsfi039fields
20240409@181924.5078 04prlh0s4cmc8l8998etdlr7jc Query : select 1 valor from information_schema.tables where table_type='base table' and table_name='wsfi2039fields'
20240409@181924.5093 04prlh0s4cmc8l8998etdlr7jc Query : select fieldkey,fieldname,fieldtype,mandatory from wsfi2039fields
20240409@181924.5098 04prlh0s4cmc8l8998etdlr7jc Query : select top 1 convert(numeric(6,2),t.taxa) valor from taxasiva t where t.codigo='2'
20240409@181924.5110 04prlh0s4cmc8l8998etdlr7jc Query : select 1 valor from information_schema.tables where table_type='base table' and table_name='wsfi039fields'
20240409@181924.5124 04prlh0s4cmc8l8998etdlr7jc Query : select fieldkey,fieldname,fieldtype,calcformula from wsfi039fields
20240409@181924.5155 04prlh0s4cmc8l8998etdlr7jc Query : insert into wsfi039data (fistamp,ousrdata, ousrhora, usrdata,usrhora,ousrinis,usrinis ,qtt ,ftstamp ,epv,pvmoeda ,tabiva,iva,lordem ,ref, design ,armazem) values ('aut66157970116615789c7c',getdate(),convert(char(8),convert (time,getdate())),getdate(),convert(char(8),convert (time,getdate())),'wsv','wsv',0 ,'aut66157532956615789a4a' ,0,0 ,2,23.00,520000,?,?,?)
20240409@181924.5522 04prlh0s4cmc8l8998etdlr7jc Query : select 1 valor from information_schema.tables where table_type='base table' and table_name='wsfi2039fields'
20240409@181924.5541 04prlh0s4cmc8l8998etdlr7jc Query : select fieldkey,fieldname,fieldtype,calcformula from wsfi2039fields
20240409@181924.5547 04prlh0s4cmc8l8998etdlr7jc Query : insert into wsfi2039data (fi2stamp,ftstamp ,ousrdata, ousrhora, usrdata,usrhora,ousrinis,usrinis) values ('aut66157970116615789c7c','aut66157532956615789a4a' ,getdate(),convert(char(8),convert (time,getdate())),getdate(),convert(char(8),convert (time,getdate())),'wsv','wsv')
20240409@181924.5566 04prlh0s4cmc8l8998etdlr7jc Query : use flama_phc
20240409@181924.5571 04prlh0s4cmc8l8998etdlr7jc Query : select st.usalote valor from st where st.ref = '324.1816.00.1'
20240409@181924.5584 04prlh0s4cmc8l8998etdlr7jc Query : select top 1 st.tabiva ,st.ivaincl ,st.stns ,st.uni2 ,st.familia ,isnull(tx.taxa, 0) txiva ,unidade ,usalote ,epcpond ,noserie from st left join taxasiva tx on st.tabiva = tx.codigo where st.ref = '324.1816.00.1'
20240409@181924.5598 04prlh0s4cmc8l8998etdlr7jc Query : select 1 valor from information_schema.tables where table_type='base table' and table_name='wsfi039fields'
20240409@181924.5615 04prlh0s4cmc8l8998etdlr7jc Query : select fieldkey,fieldname,fieldtype,mandatory from wsfi039fields
20240409@181924.5644 04prlh0s4cmc8l8998etdlr7jc Query : select 1 valor from information_schema.tables where table_type='base table' and table_name='wsfi2039fields'
20240409@181924.5659 04prlh0s4cmc8l8998etdlr7jc Query : select fieldkey,fieldname,fieldtype,mandatory from wsfi2039fields
20240409@181924.5665 04prlh0s4cmc8l8998etdlr7jc Query : select sestamp valor from se where ref ='324.1816.00.1' and lote = 'r2301097200a'
20240409@181924.5678 04prlh0s4cmc8l8998etdlr7jc Query : select top 1 convert(numeric(6,2),t.taxa) valor from taxasiva t where t.codigo='2'
20240409@181924.5696 04prlh0s4cmc8l8998etdlr7jc Query : select 1 valor from information_schema.tables where table_type='base table' and table_name='wsfi039fields'
20240409@181924.5724 04prlh0s4cmc8l8998etdlr7jc Query : select fieldkey,fieldname,fieldtype,calcformula from wsfi039fields
20240409@181924.5758 04prlh0s4cmc8l8998etdlr7jc Query : insert into wsfi039data (fistamp,ousrdata, ousrhora, usrdata,usrhora,ousrinis,usrinis ,qtt ,ftstamp ,epv,pvmoeda ,tabiva,iva,lordem ,ref, design ,lote,armazem,bistamp ) values ('aut66157281666615789c8b',getdate(),convert(char(8),convert (time,getdate())),getdate(),convert(char(8),convert (time,getdate())),'wsv','wsv',20.000 ,'aut66157532956615789a4a' ,0,0 ,2,23.00,540000,?,?,?,?,?)
20240409@181924.6158 04prlh0s4cmc8l8998etdlr7jc Query : select 1 valor from information_schema.tables where table_type='base table' and table_name='wsfi2039fields'
20240409@181924.6174 04prlh0s4cmc8l8998etdlr7jc Query : select fieldkey,fieldname,fieldtype,calcformula from wsfi2039fields
20240409@181924.6179 04prlh0s4cmc8l8998etdlr7jc Query : insert into wsfi2039data (fi2stamp,ftstamp ,ousrdata, ousrhora, usrdata,usrhora,ousrinis,usrinis) values ('aut66157281666615789c8b','aut66157532956615789a4a' ,getdate(),convert(char(8),convert (time,getdate())),getdate(),convert(char(8),convert (time,getdate())),'wsv','wsv')
20240409@181924.6183 04prlh0s4cmc8l8998etdlr7jc Query : select 1 valor from information_schema.tables where table_type='base table' and table_name='wsfi039fields'
20240409@181924.6198 04prlh0s4cmc8l8998etdlr7jc Query : select fieldkey,fieldname,fieldtype,mandatory from wsfi039fields
20240409@181924.6231 04prlh0s4cmc8l8998etdlr7jc Query : select 1 valor from information_schema.tables where table_type='base table' and table_name='wsfi2039fields'
20240409@181924.6244 04prlh0s4cmc8l8998etdlr7jc Query : select fieldkey,fieldname,fieldtype,mandatory from wsfi2039fields
20240409@181924.6248 04prlh0s4cmc8l8998etdlr7jc Query : select top 1 convert(numeric(6,2),t.taxa) valor from taxasiva t where t.codigo='2'
20240409@181924.6260 04prlh0s4cmc8l8998etdlr7jc Query : select 1 valor from information_schema.tables where table_type='base table' and table_name='wsfi039fields'
20240409@181924.6272 04prlh0s4cmc8l8998etdlr7jc Query : select fieldkey,fieldname,fieldtype,calcformula from wsfi039fields
20240409@181924.6294 04prlh0s4cmc8l8998etdlr7jc Query : insert into wsfi039data (fistamp,ousrdata, ousrhora, usrdata,usrhora,ousrinis,usrinis ,qtt ,ftstamp ,epv,pvmoeda ,tabiva,iva,lordem ,ref, design ,armazem) values ('aut66157372786615789c98',getdate(),convert(char(8),convert (time,getdate())),getdate(),convert(char(8),convert (time,getdate())),'wsv','wsv',0 ,'aut66157532956615789a4a' ,0,0 ,2,23.00,550000,?,?,?)
20240409@181924.6610 04prlh0s4cmc8l8998etdlr7jc Query : select 1 valor from information_schema.tables where table_type='base table' and table_name='wsfi2039fields'
20240409@181924.6626 04prlh0s4cmc8l8998etdlr7jc Query : select fieldkey,fieldname,fieldtype,calcformula from wsfi2039fields
20240409@181924.6630 04prlh0s4cmc8l8998etdlr7jc Query : insert into wsfi2039data (fi2stamp,ftstamp ,ousrdata, ousrhora, usrdata,usrhora,ousrinis,usrinis) values ('aut66157372786615789c98','aut66157532956615789a4a' ,getdate(),convert(char(8),convert (time,getdate())),getdate(),convert(char(8),convert (time,getdate())),'wsv','wsv')
20240409@181924.6634 04prlh0s4cmc8l8998etdlr7jc Query : use flama_phc
20240409@181924.6637 04prlh0s4cmc8l8998etdlr7jc Query : select st.usalote valor from st where st.ref = '324.1816.00.1'
20240409@181924.6648 04prlh0s4cmc8l8998etdlr7jc Query : select top 1 st.tabiva ,st.ivaincl ,st.stns ,st.uni2 ,st.familia ,isnull(tx.taxa, 0) txiva ,unidade ,usalote ,epcpond ,noserie from st left join taxasiva tx on st.tabiva = tx.codigo where st.ref = '324.1816.00.1'
20240409@181924.6659 04prlh0s4cmc8l8998etdlr7jc Query : select 1 valor from information_schema.tables where table_type='base table' and table_name='wsfi039fields'
20240409@181924.6672 04prlh0s4cmc8l8998etdlr7jc Query : select fieldkey,fieldname,fieldtype,mandatory from wsfi039fields
20240409@181924.6693 04prlh0s4cmc8l8998etdlr7jc Query : select 1 valor from information_schema.tables where table_type='base table' and table_name='wsfi2039fields'
20240409@181924.6705 04prlh0s4cmc8l8998etdlr7jc Query : select fieldkey,fieldname,fieldtype,mandatory from wsfi2039fields
20240409@181924.6709 04prlh0s4cmc8l8998etdlr7jc Query : select sestamp valor from se where ref ='324.1816.00.1' and lote = 'r2301097200a'
20240409@181924.6718 04prlh0s4cmc8l8998etdlr7jc Query : select top 1 convert(numeric(6,2),t.taxa) valor from taxasiva t where t.codigo='2'
20240409@181924.6726 04prlh0s4cmc8l8998etdlr7jc Query : select 1 valor from information_schema.tables where table_type='base table' and table_name='wsfi039fields'
20240409@181924.6738 04prlh0s4cmc8l8998etdlr7jc Query : select fieldkey,fieldname,fieldtype,calcformula from wsfi039fields
20240409@181924.6762 04prlh0s4cmc8l8998etdlr7jc Query : insert into wsfi039data (fistamp,ousrdata, ousrhora, usrdata,usrhora,ousrinis,usrinis ,qtt ,ftstamp ,epv,pvmoeda ,tabiva,iva,lordem ,ref, design ,lote,armazem,bistamp ) values ('aut66157380826615789ca4',getdate(),convert(char(8),convert (time,getdate())),getdate(),convert(char(8),convert (time,getdate())),'wsv','wsv',20.000 ,'aut66157532956615789a4a' ,0,0 ,2,23.00,570000,?,?,?,?,?)
20240409@181924.7066 04prlh0s4cmc8l8998etdlr7jc Query : select 1 valor from information_schema.tables where table_type='base table' and table_name='wsfi2039fields'
20240409@181924.7082 04prlh0s4cmc8l8998etdlr7jc Query : select fieldkey,fieldname,fieldtype,calcformula from wsfi2039fields
20240409@181924.7088 04prlh0s4cmc8l8998etdlr7jc Query : insert into wsfi2039data (fi2stamp,ftstamp ,ousrdata, ousrhora, usrdata,usrhora,ousrinis,usrinis) values ('aut66157380826615789ca4','aut66157532956615789a4a' ,getdate(),convert(char(8),convert (time,getdate())),getdate(),convert(char(8),convert (time,getdate())),'wsv','wsv')
20240409@181924.7093 04prlh0s4cmc8l8998etdlr7jc Query : select 1 valor from information_schema.tables where table_type='base table' and table_name='wsfi039fields'
20240409@181924.7107 04prlh0s4cmc8l8998etdlr7jc Query : select fieldkey,fieldname,fieldtype,mandatory from wsfi039fields
20240409@181924.7134 04prlh0s4cmc8l8998etdlr7jc Query : select 1 valor from information_schema.tables where table_type='base table' and table_name='wsfi2039fields'
20240409@181924.7147 04prlh0s4cmc8l8998etdlr7jc Query : select fieldkey,fieldname,fieldtype,mandatory from wsfi2039fields
20240409@181924.7151 04prlh0s4cmc8l8998etdlr7jc Query : select top 1 convert(numeric(6,2),t.taxa) valor from taxasiva t where t.codigo='2'
20240409@181924.7162 04prlh0s4cmc8l8998etdlr7jc Query : select 1 valor from information_schema.tables where table_type='base table' and table_name='wsfi039fields'
20240409@181924.7177 04prlh0s4cmc8l8998etdlr7jc Query : select fieldkey,fieldname,fieldtype,calcformula from wsfi039fields
20240409@181924.7215 04prlh0s4cmc8l8998etdlr7jc Query : insert into wsfi039data (fistamp,ousrdata, ousrhora, usrdata,usrhora,ousrinis,usrinis ,qtt ,ftstamp ,epv,pvmoeda ,tabiva,iva,lordem ,ref, design ,armazem) values ('aut66157409216615789cae',getdate(),convert(char(8),convert (time,getdate())),getdate(),convert(char(8),convert (time,getdate())),'wsv','wsv',0 ,'aut66157532956615789a4a' ,0,0 ,2,23.00,580000,?,?,?)
20240409@181924.7528 04prlh0s4cmc8l8998etdlr7jc Query : select 1 valor from information_schema.tables where table_type='base table' and table_name='wsfi2039fields'
20240409@181924.7554 04prlh0s4cmc8l8998etdlr7jc Query : select fieldkey,fieldname,fieldtype,calcformula from wsfi2039fields
20240409@181924.7560 04prlh0s4cmc8l8998etdlr7jc Query : insert into wsfi2039data (fi2stamp,ftstamp ,ousrdata, ousrhora, usrdata,usrhora,ousrinis,usrinis) values ('aut66157409216615789cae','aut66157532956615789a4a' ,getdate(),convert(char(8),convert (time,getdate())),getdate(),convert(char(8),convert (time,getdate())),'wsv','wsv')
20240409@181924.7564 04prlh0s4cmc8l8998etdlr7jc Query : use flama_phc
20240409@181924.7591 04prlh0s4cmc8l8998etdlr7jc Query : select st.usalote valor from st where st.ref = '324.1816.00.1'
20240409@181924.8777 04prlh0s4cmc8l8998etdlr7jc Query : select top 1 st.tabiva ,st.ivaincl ,st.stns ,st.uni2 ,st.familia ,isnull(tx.taxa, 0) txiva ,unidade ,usalote ,epcpond ,noserie from st left join taxasiva tx on st.tabiva = tx.codigo where st.ref = '324.1816.00.1'
20240409@181924.8790 04prlh0s4cmc8l8998etdlr7jc Query : select 1 valor from information_schema.tables where table_type='base table' and table_name='wsfi039fields'
20240409@181924.8804 04prlh0s4cmc8l8998etdlr7jc Query : select fieldkey,fieldname,fieldtype,mandatory from wsfi039fields
20240409@181924.8827 04prlh0s4cmc8l8998etdlr7jc Query : select 1 valor from information_schema.tables where table_type='base table' and table_name='wsfi2039fields'
20240409@181924.8839 04prlh0s4cmc8l8998etdlr7jc Query : select fieldkey,fieldname,fieldtype,mandatory from wsfi2039fields
20240409@181924.8843 04prlh0s4cmc8l8998etdlr7jc Query : select sestamp valor from se where ref ='324.1816.00.1' and lote = 'r2301097200a'
20240409@181924.8852 04prlh0s4cmc8l8998etdlr7jc Query : select top 1 convert(numeric(6,2),t.taxa) valor from taxasiva t where t.codigo='2'
20240409@181924.8862 04prlh0s4cmc8l8998etdlr7jc Query : select 1 valor from information_schema.tables where table_type='base table' and table_name='wsfi039fields'
20240409@181924.8873 04prlh0s4cmc8l8998etdlr7jc Query : select fieldkey,fieldname,fieldtype,calcformula from wsfi039fields
20240409@181924.8898 04prlh0s4cmc8l8998etdlr7jc Query : insert into wsfi039data (fistamp,ousrdata, ousrhora, usrdata,usrhora,ousrinis,usrinis ,qtt ,ftstamp ,epv,pvmoeda ,tabiva,iva,lordem ,ref, design ,lote,armazem,bistamp ) values ('aut66157902266615789cd8',getdate(),convert(char(8),convert (time,getdate())),getdate(),convert(char(8),convert (time,getdate())),'wsv','wsv',20.000 ,'aut66157532956615789a4a' ,0,0 ,2,23.00,600000,?,?,?,?,?)
20240409@181924.9208 04prlh0s4cmc8l8998etdlr7jc Query : select 1 valor from information_schema.tables where table_type='base table' and table_name='wsfi2039fields'
20240409@181924.9224 04prlh0s4cmc8l8998etdlr7jc Query : select fieldkey,fieldname,fieldtype,calcformula from wsfi2039fields
20240409@181924.9228 04prlh0s4cmc8l8998etdlr7jc Query : insert into wsfi2039data (fi2stamp,ftstamp ,ousrdata, ousrhora, usrdata,usrhora,ousrinis,usrinis) values ('aut66157902266615789cd8','aut66157532956615789a4a' ,getdate(),convert(char(8),convert (time,getdate())),getdate(),convert(char(8),convert (time,getdate())),'wsv','wsv')
20240409@181924.9233 04prlh0s4cmc8l8998etdlr7jc Query : select 1 valor from information_schema.tables where table_type='base table' and table_name='wsfi039fields'
20240409@181924.9247 04prlh0s4cmc8l8998etdlr7jc Query : select fieldkey,fieldname,fieldtype,mandatory from wsfi039fields
20240409@181924.9275 04prlh0s4cmc8l8998etdlr7jc Query : select 1 valor from information_schema.tables where table_type='base table' and table_name='wsfi2039fields'
20240409@181924.9288 04prlh0s4cmc8l8998etdlr7jc Query : select fieldkey,fieldname,fieldtype,mandatory from wsfi2039fields
20240409@181924.9292 04prlh0s4cmc8l8998etdlr7jc Query : select top 1 convert(numeric(6,2),t.taxa) valor from taxasiva t where t.codigo='2'
20240409@181924.9303 04prlh0s4cmc8l8998etdlr7jc Query : select 1 valor from information_schema.tables where table_type='base table' and table_name='wsfi039fields'
20240409@181924.9326 04prlh0s4cmc8l8998etdlr7jc Query : select fieldkey,fieldname,fieldtype,calcformula from wsfi039fields
20240409@181924.9350 04prlh0s4cmc8l8998etdlr7jc Query : insert into wsfi039data (fistamp,ousrdata, ousrhora, usrdata,usrhora,ousrinis,usrinis ,qtt ,ftstamp ,epv,pvmoeda ,tabiva,iva,lordem ,ref, design ,armazem) values ('aut66157490846615789ce3',getdate(),convert(char(8),convert (time,getdate())),getdate(),convert(char(8),convert (time,getdate())),'wsv','wsv',0 ,'aut66157532956615789a4a' ,0,0 ,2,23.00,610000,?,?,?)
20240409@181924.9650 04prlh0s4cmc8l8998etdlr7jc Query : select 1 valor from information_schema.tables where table_type='base table' and table_name='wsfi2039fields'
20240409@181924.9671 04prlh0s4cmc8l8998etdlr7jc Query : select fieldkey,fieldname,fieldtype,calcformula from wsfi2039fields
20240409@181924.9675 04prlh0s4cmc8l8998etdlr7jc Query : insert into wsfi2039data (fi2stamp,ftstamp ,ousrdata, ousrhora, usrdata,usrhora,ousrinis,usrinis) values ('aut66157490846615789ce3','aut66157532956615789a4a' ,getdate(),convert(char(8),convert (time,getdate())),getdate(),convert(char(8),convert (time,getdate())),'wsv','wsv')
20240409@181924.9679 04prlh0s4cmc8l8998etdlr7jc Query : use flama_phc
20240409@181924.9683 04prlh0s4cmc8l8998etdlr7jc Query : select st.usalote valor from st where st.ref = '324.1816.00.1'
20240409@181924.9694 04prlh0s4cmc8l8998etdlr7jc Query : select top 1 st.tabiva ,st.ivaincl ,st.stns ,st.uni2 ,st.familia ,isnull(tx.taxa, 0) txiva ,unidade ,usalote ,epcpond ,noserie from st left join taxasiva tx on st.tabiva = tx.codigo where st.ref = '324.1816.00.1'
20240409@181924.9706 04prlh0s4cmc8l8998etdlr7jc Query : select 1 valor from information_schema.tables where table_type='base table' and table_name='wsfi039fields'
20240409@181924.9720 04prlh0s4cmc8l8998etdlr7jc Query : select fieldkey,fieldname,fieldtype,mandatory from wsfi039fields
20240409@181924.9757 04prlh0s4cmc8l8998etdlr7jc Query : select 1 valor from information_schema.tables where table_type='base table' and table_name='wsfi2039fields'
20240409@181924.9770 04prlh0s4cmc8l8998etdlr7jc Query : select fieldkey,fieldname,fieldtype,mandatory from wsfi2039fields
20240409@181924.9775 04prlh0s4cmc8l8998etdlr7jc Query : select sestamp valor from se where ref ='324.1816.00.1' and lote = 'r2301097200a'
20240409@181924.9785 04prlh0s4cmc8l8998etdlr7jc Query : select top 1 convert(numeric(6,2),t.taxa) valor from taxasiva t where t.codigo='2'
20240409@181924.9795 04prlh0s4cmc8l8998etdlr7jc Query : select 1 valor from information_schema.tables where table_type='base table' and table_name='wsfi039fields'
20240409@181924.9809 04prlh0s4cmc8l8998etdlr7jc Query : select fieldkey,fieldname,fieldtype,calcformula from wsfi039fields
20240409@181924.9833 04prlh0s4cmc8l8998etdlr7jc Query : insert into wsfi039data (fistamp,ousrdata, ousrhora, usrdata,usrhora,ousrinis,usrinis ,qtt ,ftstamp ,epv,pvmoeda ,tabiva,iva,lordem ,ref, design ,lote,armazem,bistamp ) values ('aut66157312066615789cef',getdate(),convert(char(8),convert (time,getdate())),getdate(),convert(char(8),convert (time,getdate())),'wsv','wsv',20.000 ,'aut66157532956615789a4a' ,0,0 ,2,23.00,630000,?,?,?,?,?)
20240409@181925.1510 04prlh0s4cmc8l8998etdlr7jc Query : select 1 valor from information_schema.tables where table_type='base table' and table_name='wsfi2039fields'
20240409@181925.1700 04prlh0s4cmc8l8998etdlr7jc Query : select fieldkey,fieldname,fieldtype,calcformula from wsfi2039fields
20240409@181925.1740 04prlh0s4cmc8l8998etdlr7jc Query : insert into wsfi2039data (fi2stamp,ftstamp ,ousrdata, ousrhora, usrdata,usrhora,ousrinis,usrinis) values ('aut66157312066615789cef','aut66157532956615789a4a' ,getdate(),convert(char(8),convert (time,getdate())),getdate(),convert(char(8),convert (time,getdate())),'wsv','wsv')
20240409@181925.1800 04prlh0s4cmc8l8998etdlr7jc Query : select 1 valor from information_schema.tables where table_type='base table' and table_name='wsfi039fields'
20240409@181925.1940 04prlh0s4cmc8l8998etdlr7jc Query : select fieldkey,fieldname,fieldtype,mandatory from wsfi039fields
20240409@181925.2280 04prlh0s4cmc8l8998etdlr7jc Query : select 1 valor from information_schema.tables where table_type='base table' and table_name='wsfi2039fields'
20240409@181925.2450 04prlh0s4cmc8l8998etdlr7jc Query : select fieldkey,fieldname,fieldtype,mandatory from wsfi2039fields
20240409@181925.2490 04prlh0s4cmc8l8998etdlr7jc Query : select top 1 convert(numeric(6,2),t.taxa) valor from taxasiva t where t.codigo='2'
20240409@181925.2590 04prlh0s4cmc8l8998etdlr7jc Query : select 1 valor from information_schema.tables where table_type='base table' and table_name='wsfi039fields'
20240409@181925.2710 04prlh0s4cmc8l8998etdlr7jc Query : select fieldkey,fieldname,fieldtype,calcformula from wsfi039fields
20240409@181925.2940 04prlh0s4cmc8l8998etdlr7jc Query : insert into wsfi039data (fistamp,ousrdata, ousrhora, usrdata,usrhora,ousrinis,usrinis ,qtt ,ftstamp ,epv,pvmoeda ,tabiva,iva,lordem ,ref, design ,armazem) values ('aut66157005266615789d06',getdate(),convert(char(8),convert (time,getdate())),getdate(),convert(char(8),convert (time,getdate())),'wsv','wsv',0 ,'aut66157532956615789a4a' ,0,0 ,2,23.00,640000,?,?,?)
20240409@181925.6120 04prlh0s4cmc8l8998etdlr7jc Query : select 1 valor from information_schema.tables where table_type='base table' and table_name='wsfi2039fields'
20240409@181925.6300 04prlh0s4cmc8l8998etdlr7jc Query : select fieldkey,fieldname,fieldtype,calcformula from wsfi2039fields
20240409@181925.6350 04prlh0s4cmc8l8998etdlr7jc Query : insert into wsfi2039data (fi2stamp,ftstamp ,ousrdata, ousrhora, usrdata,usrhora,ousrinis,usrinis) values ('aut66157005266615789d06','aut66157532956615789a4a' ,getdate(),convert(char(8),convert (time,getdate())),getdate(),convert(char(8),convert (time,getdate())),'wsv','wsv')
20240409@181925.6400 04prlh0s4cmc8l8998etdlr7jc Query : use flama_phc
20240409@181925.6430 04prlh0s4cmc8l8998etdlr7jc Query : select st.usalote valor from st where st.ref = '324.1816.00.1'
20240409@181925.6540 04prlh0s4cmc8l8998etdlr7jc Query : select top 1 st.tabiva ,st.ivaincl ,st.stns ,st.uni2 ,st.familia ,isnull(tx.taxa, 0) txiva ,unidade ,usalote ,epcpond ,noserie from st left join taxasiva tx on st.tabiva = tx.codigo where st.ref = '324.1816.00.1'
20240409@181925.6670 04prlh0s4cmc8l8998etdlr7jc Query : select 1 valor from information_schema.tables where table_type='base table' and table_name='wsfi039fields'
20240409@181925.6930 04prlh0s4cmc8l8998etdlr7jc Query : select fieldkey,fieldname,fieldtype,mandatory from wsfi039fields
20240409@181925.7170 04prlh0s4cmc8l8998etdlr7jc Query : select 1 valor from information_schema.tables where table_type='base table' and table_name='wsfi2039fields'
20240409@181925.7290 04prlh0s4cmc8l8998etdlr7jc Query : select fieldkey,fieldname,fieldtype,mandatory from wsfi2039fields
20240409@181925.7330 04prlh0s4cmc8l8998etdlr7jc Query : select sestamp valor from se where ref ='324.1816.00.1' and lote = 'r2301097200a'
20240409@181925.7430 04prlh0s4cmc8l8998etdlr7jc Query : select top 1 convert(numeric(6,2),t.taxa) valor from taxasiva t where t.codigo='2'
20240409@181925.7530 04prlh0s4cmc8l8998etdlr7jc Query : select 1 valor from information_schema.tables where table_type='base table' and table_name='wsfi039fields'
20240409@181925.7640 04prlh0s4cmc8l8998etdlr7jc Query : select fieldkey,fieldname,fieldtype,calcformula from wsfi039fields
20240409@181925.7870 04prlh0s4cmc8l8998etdlr7jc Query : insert into wsfi039data (fistamp,ousrdata, ousrhora, usrdata,usrhora,ousrinis,usrinis ,qtt ,ftstamp ,epv,pvmoeda ,tabiva,iva,lordem ,ref, design ,lote,armazem,bistamp ) values ('aut66157077596615789d12',getdate(),convert(char(8),convert (time,getdate())),getdate(),convert(char(8),convert (time,getdate())),'wsv','wsv',20.000 ,'aut66157532956615789a4a' ,0,0 ,2,23.00,660000,?,?,?,?,?)
20240409@181925.1099 04prlh0s4cmc8l8998etdlr7jc Query : select 1 valor from information_schema.tables where table_type='base table' and table_name='wsfi2039fields'
20240409@181925.1117 04prlh0s4cmc8l8998etdlr7jc Query : select fieldkey,fieldname,fieldtype,calcformula from wsfi2039fields
20240409@181925.1121 04prlh0s4cmc8l8998etdlr7jc Query : insert into wsfi2039data (fi2stamp,ftstamp ,ousrdata, ousrhora, usrdata,usrhora,ousrinis,usrinis) values ('aut66157077596615789d12','aut66157532956615789a4a' ,getdate(),convert(char(8),convert (time,getdate())),getdate(),convert(char(8),convert (time,getdate())),'wsv','wsv')
20240409@181925.1126 04prlh0s4cmc8l8998etdlr7jc Query : select 1 valor from information_schema.tables where table_type='base table' and table_name='wsfi039fields'
20240409@181925.1138 04prlh0s4cmc8l8998etdlr7jc Query : select fieldkey,fieldname,fieldtype,mandatory from wsfi039fields
20240409@181925.1164 04prlh0s4cmc8l8998etdlr7jc Query : select 1 valor from information_schema.tables where table_type='base table' and table_name='wsfi2039fields'
20240409@181925.1175 04prlh0s4cmc8l8998etdlr7jc Query : select fieldkey,fieldname,fieldtype,mandatory from wsfi2039fields
20240409@181925.1180 04prlh0s4cmc8l8998etdlr7jc Query : select top 1 convert(numeric(6,2),t.taxa) valor from taxasiva t where t.codigo='2'
20240409@181925.1189 04prlh0s4cmc8l8998etdlr7jc Query : select 1 valor from information_schema.tables where table_type='base table' and table_name='wsfi039fields'
20240409@181925.1202 04prlh0s4cmc8l8998etdlr7jc Query : select fieldkey,fieldname,fieldtype,calcformula from wsfi039fields
20240409@181925.1225 04prlh0s4cmc8l8998etdlr7jc Query : insert into wsfi039data (fistamp,ousrdata, ousrhora, usrdata,usrhora,ousrinis,usrinis ,qtt ,ftstamp ,epv,pvmoeda ,tabiva,iva,lordem ,ref, design ,armazem) values ('aut66157542986615789d1d',getdate(),convert(char(8),convert (time,getdate())),getdate(),convert(char(8),convert (time,getdate())),'wsv','wsv',0 ,'aut66157532956615789a4a' ,0,0 ,2,23.00,670000,?,?,?)
20240409@181925.1505 04prlh0s4cmc8l8998etdlr7jc Query : select 1 valor from information_schema.tables where table_type='base table' and table_name='wsfi2039fields'
20240409@181925.1529 04prlh0s4cmc8l8998etdlr7jc Query : select fieldkey,fieldname,fieldtype,calcformula from wsfi2039fields
20240409@181925.1534 04prlh0s4cmc8l8998etdlr7jc Query : insert into wsfi2039data (fi2stamp,ftstamp ,ousrdata, ousrhora, usrdata,usrhora,ousrinis,usrinis) values ('aut66157542986615789d1d','aut66157532956615789a4a' ,getdate(),convert(char(8),convert (time,getdate())),getdate(),convert(char(8),convert (time,getdate())),'wsv','wsv')
20240409@181925.1538 04prlh0s4cmc8l8998etdlr7jc Query : use flama_phc
20240409@181925.1542 04prlh0s4cmc8l8998etdlr7jc Query : select st.usalote valor from st where st.ref = '324.1816.00.1'
20240409@181925.1553 04prlh0s4cmc8l8998etdlr7jc Query : select top 1 st.tabiva ,st.ivaincl ,st.stns ,st.uni2 ,st.familia ,isnull(tx.taxa, 0) txiva ,unidade ,usalote ,epcpond ,noserie from st left join taxasiva tx on st.tabiva = tx.codigo where st.ref = '324.1816.00.1'
20240409@181925.1566 04prlh0s4cmc8l8998etdlr7jc Query : select 1 valor from information_schema.tables where table_type='base table' and table_name='wsfi039fields'
20240409@181925.1579 04prlh0s4cmc8l8998etdlr7jc Query : select fieldkey,fieldname,fieldtype,mandatory from wsfi039fields
20240409@181925.1603 04prlh0s4cmc8l8998etdlr7jc Query : select 1 valor from information_schema.tables where table_type='base table' and table_name='wsfi2039fields'
20240409@181925.1615 04prlh0s4cmc8l8998etdlr7jc Query : select fieldkey,fieldname,fieldtype,mandatory from wsfi2039fields
20240409@181925.1620 04prlh0s4cmc8l8998etdlr7jc Query : select sestamp valor from se where ref ='324.1816.00.1' and lote = 'r2301097200a'
20240409@181925.1630 04prlh0s4cmc8l8998etdlr7jc Query : select top 1 convert(numeric(6,2),t.taxa) valor from taxasiva t where t.codigo='2'
20240409@181925.1640 04prlh0s4cmc8l8998etdlr7jc Query : select 1 valor from information_schema.tables where table_type='base table' and table_name='wsfi039fields'
20240409@181925.1658 04prlh0s4cmc8l8998etdlr7jc Query : select fieldkey,fieldname,fieldtype,calcformula from wsfi039fields
20240409@181925.1682 04prlh0s4cmc8l8998etdlr7jc Query : insert into wsfi039data (fistamp,ousrdata, ousrhora, usrdata,usrhora,ousrinis,usrinis ,qtt ,ftstamp ,epv,pvmoeda ,tabiva,iva,lordem ,ref, design ,lote,armazem,bistamp ) values ('aut66157157146615789d28',getdate(),convert(char(8),convert (time,getdate())),getdate(),convert(char(8),convert (time,getdate())),'wsv','wsv',20.000 ,'aut66157532956615789a4a' ,0,0 ,2,23.00,690000,?,?,?,?,?)
20240409@181925.2018 04prlh0s4cmc8l8998etdlr7jc Query : select 1 valor from information_schema.tables where table_type='base table' and table_name='wsfi2039fields'
20240409@181925.2033 04prlh0s4cmc8l8998etdlr7jc Query : select fieldkey,fieldname,fieldtype,calcformula from wsfi2039fields
20240409@181925.2038 04prlh0s4cmc8l8998etdlr7jc Query : insert into wsfi2039data (fi2stamp,ftstamp ,ousrdata, ousrhora, usrdata,usrhora,ousrinis,usrinis) values ('aut66157157146615789d28','aut66157532956615789a4a' ,getdate(),convert(char(8),convert (time,getdate())),getdate(),convert(char(8),convert (time,getdate())),'wsv','wsv')
20240409@181925.2042 04prlh0s4cmc8l8998etdlr7jc Query : select 1 valor from information_schema.tables where table_type='base table' and table_name='wsfi039fields'
20240409@181925.2058 04prlh0s4cmc8l8998etdlr7jc Query : select fieldkey,fieldname,fieldtype,mandatory from wsfi039fields
20240409@181925.2084 04prlh0s4cmc8l8998etdlr7jc Query : select 1 valor from information_schema.tables where table_type='base table' and table_name='wsfi2039fields'
20240409@181925.2097 04prlh0s4cmc8l8998etdlr7jc Query : select fieldkey,fieldname,fieldtype,mandatory from wsfi2039fields
20240409@181925.2102 04prlh0s4cmc8l8998etdlr7jc Query : select top 1 convert(numeric(6,2),t.taxa) valor from taxasiva t where t.codigo='2'
20240409@181925.2113 04prlh0s4cmc8l8998etdlr7jc Query : select 1 valor from information_schema.tables where table_type='base table' and table_name='wsfi039fields'
20240409@181925.2125 04prlh0s4cmc8l8998etdlr7jc Query : select fieldkey,fieldname,fieldtype,calcformula from wsfi039fields
20240409@181925.2149 04prlh0s4cmc8l8998etdlr7jc Query : insert into wsfi039data (fistamp,ousrdata, ousrhora, usrdata,usrhora,ousrinis,usrinis ,qtt ,ftstamp ,epv,pvmoeda ,tabiva,iva,lordem ,ref, design ,armazem) values ('aut66157521076615789d33',getdate(),convert(char(8),convert (time,getdate())),getdate(),convert(char(8),convert (time,getdate())),'wsv','wsv',0 ,'aut66157532956615789a4a' ,0,0 ,2,23.00,700000,?,?,?)
20240409@181925.2464 04prlh0s4cmc8l8998etdlr7jc Query : select 1 valor from information_schema.tables where table_type='base table' and table_name='wsfi2039fields'
20240409@181925.2479 04prlh0s4cmc8l8998etdlr7jc Query : select fieldkey,fieldname,fieldtype,calcformula from wsfi2039fields
20240409@181925.2483 04prlh0s4cmc8l8998etdlr7jc Query : insert into wsfi2039data (fi2stamp,ftstamp ,ousrdata, ousrhora, usrdata,usrhora,ousrinis,usrinis) values ('aut66157521076615789d33','aut66157532956615789a4a' ,getdate(),convert(char(8),convert (time,getdate())),getdate(),convert(char(8),convert (time,getdate())),'wsv','wsv')
20240409@181925.2487 04prlh0s4cmc8l8998etdlr7jc Query : use flama_phc
20240409@181925.2490 04prlh0s4cmc8l8998etdlr7jc Query : select st.usalote valor from st where st.ref = '324.1816.00.1'
20240409@181925.2500 04prlh0s4cmc8l8998etdlr7jc Query : select top 1 st.tabiva ,st.ivaincl ,st.stns ,st.uni2 ,st.familia ,isnull(tx.taxa, 0) txiva ,unidade ,usalote ,epcpond ,noserie from st left join taxasiva tx on st.tabiva = tx.codigo where st.ref = '324.1816.00.1'
20240409@181925.2510 04prlh0s4cmc8l8998etdlr7jc Query : select 1 valor from information_schema.tables where table_type='base table' and table_name='wsfi039fields'
20240409@181925.2524 04prlh0s4cmc8l8998etdlr7jc Query : select fieldkey,fieldname,fieldtype,mandatory from wsfi039fields
20240409@181925.2545 04prlh0s4cmc8l8998etdlr7jc Query : select 1 valor from information_schema.tables where table_type='base table' and table_name='wsfi2039fields'
20240409@181925.2556 04prlh0s4cmc8l8998etdlr7jc Query : select fieldkey,fieldname,fieldtype,mandatory from wsfi2039fields
20240409@181925.2560 04prlh0s4cmc8l8998etdlr7jc Query : select sestamp valor from se where ref ='324.1816.00.1' and lote = 'r2301097200a'
20240409@181925.2576 04prlh0s4cmc8l8998etdlr7jc Query : select top 1 convert(numeric(6,2),t.taxa) valor from taxasiva t where t.codigo='2'
20240409@181925.2586 04prlh0s4cmc8l8998etdlr7jc Query : select 1 valor from information_schema.tables where table_type='base table' and table_name='wsfi039fields'
20240409@181925.2602 04prlh0s4cmc8l8998etdlr7jc Query : select fieldkey,fieldname,fieldtype,calcformula from wsfi039fields
20240409@181925.2627 04prlh0s4cmc8l8998etdlr7jc Query : insert into wsfi039data (fistamp,ousrdata, ousrhora, usrdata,usrhora,ousrinis,usrinis ,qtt ,ftstamp ,epv,pvmoeda ,tabiva,iva,lordem ,ref, design ,lote,armazem,bistamp ) values ('aut66157732206615789d3f',getdate(),convert(char(8),convert (time,getdate())),getdate(),convert(char(8),convert (time,getdate())),'wsv','wsv',20.000 ,'aut66157532956615789a4a' ,0,0 ,2,23.00,720000,?,?,?,?,?)
20240409@181925.2941 04prlh0s4cmc8l8998etdlr7jc Query : select 1 valor from information_schema.tables where table_type='base table' and table_name='wsfi2039fields'
20240409@181925.2956 04prlh0s4cmc8l8998etdlr7jc Query : select fieldkey,fieldname,fieldtype,calcformula from wsfi2039fields
20240409@181925.2961 04prlh0s4cmc8l8998etdlr7jc Query : insert into wsfi2039data (fi2stamp,ftstamp ,ousrdata, ousrhora, usrdata,usrhora,ousrinis,usrinis) values ('aut66157732206615789d3f','aut66157532956615789a4a' ,getdate(),convert(char(8),convert (time,getdate())),getdate(),convert(char(8),convert (time,getdate())),'wsv','wsv')
20240409@181925.2966 04prlh0s4cmc8l8998etdlr7jc Query : select 1 valor from information_schema.tables where table_type='base table' and table_name='wsfi039fields'
20240409@181925.2992 04prlh0s4cmc8l8998etdlr7jc Query : select fieldkey,fieldname,fieldtype,mandatory from wsfi039fields
20240409@181925.3014 04prlh0s4cmc8l8998etdlr7jc Query : select 1 valor from information_schema.tables where table_type='base table' and table_name='wsfi2039fields'
20240409@181925.3029 04prlh0s4cmc8l8998etdlr7jc Query : select fieldkey,fieldname,fieldtype,mandatory from wsfi2039fields
20240409@181925.3034 04prlh0s4cmc8l8998etdlr7jc Query : select top 1 convert(numeric(6,2),t.taxa) valor from taxasiva t where t.codigo='2'
20240409@181925.3046 04prlh0s4cmc8l8998etdlr7jc Query : select 1 valor from information_schema.tables where table_type='base table' and table_name='wsfi039fields'
20240409@181925.3059 04prlh0s4cmc8l8998etdlr7jc Query : select fieldkey,fieldname,fieldtype,calcformula from wsfi039fields
20240409@181925.3083 04prlh0s4cmc8l8998etdlr7jc Query : insert into wsfi039data (fistamp,ousrdata, ousrhora, usrdata,usrhora,ousrinis,usrinis ,qtt ,ftstamp ,epv,pvmoeda ,tabiva,iva,lordem ,ref, design ,armazem) values ('aut66157849586615789d4a',getdate(),convert(char(8),convert (time,getdate())),getdate(),convert(char(8),convert (time,getdate())),'wsv','wsv',0 ,'aut66157532956615789a4a' ,0,0 ,2,23.00,730000,?,?,?)
20240409@181925.3419 04prlh0s4cmc8l8998etdlr7jc Query : select 1 valor from information_schema.tables where table_type='base table' and table_name='wsfi2039fields'
20240409@181925.3439 04prlh0s4cmc8l8998etdlr7jc Query : select fieldkey,fieldname,fieldtype,calcformula from wsfi2039fields
20240409@181925.3444 04prlh0s4cmc8l8998etdlr7jc Query : insert into wsfi2039data (fi2stamp,ftstamp ,ousrdata, ousrhora, usrdata,usrhora,ousrinis,usrinis) values ('aut66157849586615789d4a','aut66157532956615789a4a' ,getdate(),convert(char(8),convert (time,getdate())),getdate(),convert(char(8),convert (time,getdate())),'wsv','wsv')
20240409@181925.3449 04prlh0s4cmc8l8998etdlr7jc Query : use flama_phc
20240409@181925.3452 04prlh0s4cmc8l8998etdlr7jc Query : select st.usalote valor from st where st.ref = '324.1816.00.1'
20240409@181925.3463 04prlh0s4cmc8l8998etdlr7jc Query : select top 1 st.tabiva ,st.ivaincl ,st.stns ,st.uni2 ,st.familia ,isnull(tx.taxa, 0) txiva ,unidade ,usalote ,epcpond ,noserie from st left join taxasiva tx on st.tabiva = tx.codigo where st.ref = '324.1816.00.1'
20240409@181925.3475 04prlh0s4cmc8l8998etdlr7jc Query : select 1 valor from information_schema.tables where table_type='base table' and table_name='wsfi039fields'
20240409@181925.3488 04prlh0s4cmc8l8998etdlr7jc Query : select fieldkey,fieldname,fieldtype,mandatory from wsfi039fields
20240409@181925.3516 04prlh0s4cmc8l8998etdlr7jc Query : select 1 valor from information_schema.tables where table_type='base table' and table_name='wsfi2039fields'
20240409@181925.3529 04prlh0s4cmc8l8998etdlr7jc Query : select fieldkey,fieldname,fieldtype,mandatory from wsfi2039fields
20240409@181925.3533 04prlh0s4cmc8l8998etdlr7jc Query : select sestamp valor from se where ref ='324.1816.00.1' and lote = 'r2301097200a'
20240409@181925.3545 04prlh0s4cmc8l8998etdlr7jc Query : select top 1 convert(numeric(6,2),t.taxa) valor from taxasiva t where t.codigo='2'
20240409@181925.3555 04prlh0s4cmc8l8998etdlr7jc Query : select 1 valor from information_schema.tables where table_type='base table' and table_name='wsfi039fields'
20240409@181925.3567 04prlh0s4cmc8l8998etdlr7jc Query : select fieldkey,fieldname,fieldtype,calcformula from wsfi039fields
20240409@181925.3605 04prlh0s4cmc8l8998etdlr7jc Query : insert into wsfi039data (fistamp,ousrdata, ousrhora, usrdata,usrhora,ousrinis,usrinis ,qtt ,ftstamp ,epv,pvmoeda ,tabiva,iva,lordem ,ref, design ,lote,armazem,bistamp ) values ('aut66157680196615789d56',getdate(),convert(char(8),convert (time,getdate())),getdate(),convert(char(8),convert (time,getdate())),'wsv','wsv',20.000 ,'aut66157532956615789a4a' ,0,0 ,2,23.00,750000,?,?,?,?,?)
20240409@181925.3883 04prlh0s4cmc8l8998etdlr7jc Query : select 1 valor from information_schema.tables where table_type='base table' and table_name='wsfi2039fields'
20240409@181925.3903 04prlh0s4cmc8l8998etdlr7jc Query : select fieldkey,fieldname,fieldtype,calcformula from wsfi2039fields
20240409@181925.3907 04prlh0s4cmc8l8998etdlr7jc Query : insert into wsfi2039data (fi2stamp,ftstamp ,ousrdata, ousrhora, usrdata,usrhora,ousrinis,usrinis) values ('aut66157680196615789d56','aut66157532956615789a4a' ,getdate(),convert(char(8),convert (time,getdate())),getdate(),convert(char(8),convert (time,getdate())),'wsv','wsv')
20240409@181925.3913 04prlh0s4cmc8l8998etdlr7jc Query : select 1 valor from information_schema.tables where table_type='base table' and table_name='wsfi039fields'
20240409@181925.3930 04prlh0s4cmc8l8998etdlr7jc Query : select fieldkey,fieldname,fieldtype,mandatory from wsfi039fields
20240409@181925.3955 04prlh0s4cmc8l8998etdlr7jc Query : select 1 valor from information_schema.tables where table_type='base table' and table_name='wsfi2039fields'
20240409@181925.3976 04prlh0s4cmc8l8998etdlr7jc Query : select fieldkey,fieldname,fieldtype,mandatory from wsfi2039fields
20240409@181925.3980 04prlh0s4cmc8l8998etdlr7jc Query : select top 1 convert(numeric(6,2),t.taxa) valor from taxasiva t where t.codigo='2'
20240409@181925.3991 04prlh0s4cmc8l8998etdlr7jc Query : select 1 valor from information_schema.tables where table_type='base table' and table_name='wsfi039fields'
20240409@181925.4003 04prlh0s4cmc8l8998etdlr7jc Query : select fieldkey,fieldname,fieldtype,calcformula from wsfi039fields
20240409@181925.4027 04prlh0s4cmc8l8998etdlr7jc Query : insert into wsfi039data (fistamp,ousrdata, ousrhora, usrdata,usrhora,ousrinis,usrinis ,qtt ,ftstamp ,epv,pvmoeda ,tabiva,iva,lordem ,ref, design ,armazem) values ('aut66157440256615789d61',getdate(),convert(char(8),convert (time,getdate())),getdate(),convert(char(8),convert (time,getdate())),'wsv','wsv',0 ,'aut66157532956615789a4a' ,0,0 ,2,23.00,760000,?,?,?)
20240409@181925.4311 04prlh0s4cmc8l8998etdlr7jc Query : select 1 valor from information_schema.tables where table_type='base table' and table_name='wsfi2039fields'
20240409@181925.4331 04prlh0s4cmc8l8998etdlr7jc Query : select fieldkey,fieldname,fieldtype,calcformula from wsfi2039fields
20240409@181925.4335 04prlh0s4cmc8l8998etdlr7jc Query : insert into wsfi2039data (fi2stamp,ftstamp ,ousrdata, ousrhora, usrdata,usrhora,ousrinis,usrinis) values ('aut66157440256615789d61','aut66157532956615789a4a' ,getdate(),convert(char(8),convert (time,getdate())),getdate(),convert(char(8),convert (time,getdate())),'wsv','wsv')
20240409@181925.4340 04prlh0s4cmc8l8998etdlr7jc Query : use flama_phc
20240409@181925.4343 04prlh0s4cmc8l8998etdlr7jc Query : select st.usalote valor from st where st.ref = '324.1816.00.1'
20240409@181925.4355 04prlh0s4cmc8l8998etdlr7jc Query : select top 1 st.tabiva ,st.ivaincl ,st.stns ,st.uni2 ,st.familia ,isnull(tx.taxa, 0) txiva ,unidade ,usalote ,epcpond ,noserie from st left join taxasiva tx on st.tabiva = tx.codigo where st.ref = '324.1816.00.1'
20240409@181925.4368 04prlh0s4cmc8l8998etdlr7jc Query : select 1 valor from information_schema.tables where table_type='base table' and table_name='wsfi039fields'
20240409@181925.4382 04prlh0s4cmc8l8998etdlr7jc Query : select fieldkey,fieldname,fieldtype,mandatory from wsfi039fields
20240409@181925.4407 04prlh0s4cmc8l8998etdlr7jc Query : select 1 valor from information_schema.tables where table_type='base table' and table_name='wsfi2039fields'
20240409@181925.4420 04prlh0s4cmc8l8998etdlr7jc Query : select fieldkey,fieldname,fieldtype,mandatory from wsfi2039fields
20240409@181925.4425 04prlh0s4cmc8l8998etdlr7jc Query : select sestamp valor from se where ref ='324.1816.00.1' and lote = 'r2301097200a'
20240409@181925.4434 04prlh0s4cmc8l8998etdlr7jc Query : select top 1 convert(numeric(6,2),t.taxa) valor from taxasiva t where t.codigo='2'
20240409@181925.4444 04prlh0s4cmc8l8998etdlr7jc Query : select 1 valor from information_schema.tables where table_type='base table' and table_name='wsfi039fields'
20240409@181925.4456 04prlh0s4cmc8l8998etdlr7jc Query : select fieldkey,fieldname,fieldtype,calcformula from wsfi039fields
20240409@181925.4478 04prlh0s4cmc8l8998etdlr7jc Query : insert into wsfi039data (fistamp,ousrdata, ousrhora, usrdata,usrhora,ousrinis,usrinis ,qtt ,ftstamp ,epv,pvmoeda ,tabiva,iva,lordem ,ref, design ,lote,armazem,bistamp ) values ('aut66157350966615789d6c',getdate(),convert(char(8),convert (time,getdate())),getdate(),convert(char(8),convert (time,getdate())),'wsv','wsv',20.000 ,'aut66157532956615789a4a' ,0,0 ,2,23.00,780000,?,?,?,?,?)
20240409@181925.4823 04prlh0s4cmc8l8998etdlr7jc Query : select 1 valor from information_schema.tables where table_type='base table' and table_name='wsfi2039fields'
20240409@181925.4839 04prlh0s4cmc8l8998etdlr7jc Query : select fieldkey,fieldname,fieldtype,calcformula from wsfi2039fields
20240409@181925.4844 04prlh0s4cmc8l8998etdlr7jc Query : insert into wsfi2039data (fi2stamp,ftstamp ,ousrdata, ousrhora, usrdata,usrhora,ousrinis,usrinis) values ('aut66157350966615789d6c','aut66157532956615789a4a' ,getdate(),convert(char(8),convert (time,getdate())),getdate(),convert(char(8),convert (time,getdate())),'wsv','wsv')
20240409@181925.4849 04prlh0s4cmc8l8998etdlr7jc Query : select 1 valor from information_schema.tables where table_type='base table' and table_name='wsfi039fields'
20240409@181925.4864 04prlh0s4cmc8l8998etdlr7jc Query : select fieldkey,fieldname,fieldtype,mandatory from wsfi039fields
20240409@181925.4892 04prlh0s4cmc8l8998etdlr7jc Query : select 1 valor from information_schema.tables where table_type='base table' and table_name='wsfi2039fields'
20240409@181925.4906 04prlh0s4cmc8l8998etdlr7jc Query : select fieldkey,fieldname,fieldtype,mandatory from wsfi2039fields
20240409@181925.4910 04prlh0s4cmc8l8998etdlr7jc Query : select top 1 convert(numeric(6,2),t.taxa) valor from taxasiva t where t.codigo='2'
20240409@181925.4919 04prlh0s4cmc8l8998etdlr7jc Query : select 1 valor from information_schema.tables where table_type='base table' and table_name='wsfi039fields'
20240409@181925.4940 04prlh0s4cmc8l8998etdlr7jc Query : select fieldkey,fieldname,fieldtype,calcformula from wsfi039fields
20240409@181925.4964 04prlh0s4cmc8l8998etdlr7jc Query : insert into wsfi039data (fistamp,ousrdata, ousrhora, usrdata,usrhora,ousrinis,usrinis ,qtt ,ftstamp ,epv,pvmoeda ,tabiva,iva,lordem ,ref, design ,armazem) values ('aut66157037786615789d78',getdate(),convert(char(8),convert (time,getdate())),getdate(),convert(char(8),convert (time,getdate())),'wsv','wsv',0 ,'aut66157532956615789a4a' ,0,0 ,2,23.00,790000,?,?,?)
20240409@181925.5268 04prlh0s4cmc8l8998etdlr7jc Query : select 1 valor from information_schema.tables where table_type='base table' and table_name='wsfi2039fields'
20240409@181925.5287 04prlh0s4cmc8l8998etdlr7jc Query : select fieldkey,fieldname,fieldtype,calcformula from wsfi2039fields
20240409@181925.5291 04prlh0s4cmc8l8998etdlr7jc Query : insert into wsfi2039data (fi2stamp,ftstamp ,ousrdata, ousrhora, usrdata,usrhora,ousrinis,usrinis) values ('aut66157037786615789d78','aut66157532956615789a4a' ,getdate(),convert(char(8),convert (time,getdate())),getdate(),convert(char(8),convert (time,getdate())),'wsv','wsv')
20240409@181925.5296 04prlh0s4cmc8l8998etdlr7jc Query : use flama_phc
20240409@181925.5299 04prlh0s4cmc8l8998etdlr7jc Query : select st.usalote valor from st where st.ref = '324.1816.00.1'
20240409@181925.5312 04prlh0s4cmc8l8998etdlr7jc Query : select top 1 st.tabiva ,st.ivaincl ,st.stns ,st.uni2 ,st.familia ,isnull(tx.taxa, 0) txiva ,unidade ,usalote ,epcpond ,noserie from st left join taxasiva tx on st.tabiva = tx.codigo where st.ref = '324.1816.00.1'
20240409@181925.5323 04prlh0s4cmc8l8998etdlr7jc Query : select 1 valor from information_schema.tables where table_type='base table' and table_name='wsfi039fields'
20240409@181925.5337 04prlh0s4cmc8l8998etdlr7jc Query : select fieldkey,fieldname,fieldtype,mandatory from wsfi039fields
20240409@181925.5372 04prlh0s4cmc8l8998etdlr7jc Query : select 1 valor from information_schema.tables where table_type='base table' and table_name='wsfi2039fields'
20240409@181925.5385 04prlh0s4cmc8l8998etdlr7jc Query : select fieldkey,fieldname,fieldtype,mandatory from wsfi2039fields
20240409@181925.5389 04prlh0s4cmc8l8998etdlr7jc Query : select sestamp valor from se where ref ='324.1816.00.1' and lote = 'r2301097200a'
20240409@181925.5399 04prlh0s4cmc8l8998etdlr7jc Query : select top 1 convert(numeric(6,2),t.taxa) valor from taxasiva t where t.codigo='2'
20240409@181925.5409 04prlh0s4cmc8l8998etdlr7jc Query : select 1 valor from information_schema.tables where table_type='base table' and table_name='wsfi039fields'
20240409@181925.5421 04prlh0s4cmc8l8998etdlr7jc Query : select fieldkey,fieldname,fieldtype,calcformula from wsfi039fields
20240409@181925.5444 04prlh0s4cmc8l8998etdlr7jc Query : insert into wsfi039data (fistamp,ousrdata, ousrhora, usrdata,usrhora,ousrinis,usrinis ,qtt ,ftstamp ,epv,pvmoeda ,tabiva,iva,lordem ,ref, design ,lote,armazem,bistamp ) values ('aut66157843506615789d84',getdate(),convert(char(8),convert (time,getdate())),getdate(),convert(char(8),convert (time,getdate())),'wsv','wsv',20.000 ,'aut66157532956615789a4a' ,0,0 ,2,23.00,810000,?,?,?,?,?)
20240409@181925.5767 04prlh0s4cmc8l8998etdlr7jc Query : select 1 valor from information_schema.tables where table_type='base table' and table_name='wsfi2039fields'
20240409@181925.5828 04prlh0s4cmc8l8998etdlr7jc Query : select fieldkey,fieldname,fieldtype,calcformula from wsfi2039fields
20240409@181925.5832 04prlh0s4cmc8l8998etdlr7jc Query : insert into wsfi2039data (fi2stamp,ftstamp ,ousrdata, ousrhora, usrdata,usrhora,ousrinis,usrinis) values ('aut66157843506615789d84','aut66157532956615789a4a' ,getdate(),convert(char(8),convert (time,getdate())),getdate(),convert(char(8),convert (time,getdate())),'wsv','wsv')
20240409@181925.5837 04prlh0s4cmc8l8998etdlr7jc Query : select 1 valor from information_schema.tables where table_type='base table' and table_name='wsfi039fields'
20240409@181925.5853 04prlh0s4cmc8l8998etdlr7jc Query : select fieldkey,fieldname,fieldtype,mandatory from wsfi039fields
20240409@181925.5878 04prlh0s4cmc8l8998etdlr7jc Query : select 1 valor from information_schema.tables where table_type='base table' and table_name='wsfi2039fields'
20240409@181925.5890 04prlh0s4cmc8l8998etdlr7jc Query : select fieldkey,fieldname,fieldtype,mandatory from wsfi2039fields
20240409@181925.5894 04prlh0s4cmc8l8998etdlr7jc Query : select top 1 convert(numeric(6,2),t.taxa) valor from taxasiva t where t.codigo='2'
20240409@181925.5904 04prlh0s4cmc8l8998etdlr7jc Query : select 1 valor from information_schema.tables where table_type='base table' and table_name='wsfi039fields'
20240409@181925.5917 04prlh0s4cmc8l8998etdlr7jc Query : select fieldkey,fieldname,fieldtype,calcformula from wsfi039fields
20240409@181925.5940 04prlh0s4cmc8l8998etdlr7jc Query : insert into wsfi039data (fistamp,ousrdata, ousrhora, usrdata,usrhora,ousrinis,usrinis ,qtt ,ftstamp ,epv,pvmoeda ,tabiva,iva,lordem ,ref, design ,armazem) values ('aut66157160356615789d90',getdate(),convert(char(8),convert (time,getdate())),getdate(),convert(char(8),convert (time,getdate())),'wsv','wsv',0 ,'aut66157532956615789a4a' ,0,0 ,2,23.00,820000,?,?,?)
20240409@181925.6276 04prlh0s4cmc8l8998etdlr7jc Query : select 1 valor from information_schema.tables where table_type='base table' and table_name='wsfi2039fields'
20240409@181925.6293 04prlh0s4cmc8l8998etdlr7jc Query : select fieldkey,fieldname,fieldtype,calcformula from wsfi2039fields
20240409@181925.6298 04prlh0s4cmc8l8998etdlr7jc Query : insert into wsfi2039data (fi2stamp,ftstamp ,ousrdata, ousrhora, usrdata,usrhora,ousrinis,usrinis) values ('aut66157160356615789d90','aut66157532956615789a4a' ,getdate(),convert(char(8),convert (time,getdate())),getdate(),convert(char(8),convert (time,getdate())),'wsv','wsv')
20240409@181925.6303 04prlh0s4cmc8l8998etdlr7jc Query : use flama_phc
20240409@181925.6307 04prlh0s4cmc8l8998etdlr7jc Query : select st.usalote valor from st where st.ref = '324.1816.00.1'
20240409@181925.6318 04prlh0s4cmc8l8998etdlr7jc Query : select top 1 st.tabiva ,st.ivaincl ,st.stns ,st.uni2 ,st.familia ,isnull(tx.taxa, 0) txiva ,unidade ,usalote ,epcpond ,noserie from st left join taxasiva tx on st.tabiva = tx.codigo where st.ref = '324.1816.00.1'
20240409@181925.6330 04prlh0s4cmc8l8998etdlr7jc Query : select 1 valor from information_schema.tables where table_type='base table' and table_name='wsfi039fields'
20240409@181925.6344 04prlh0s4cmc8l8998etdlr7jc Query : select fieldkey,fieldname,fieldtype,mandatory from wsfi039fields
20240409@181925.6367 04prlh0s4cmc8l8998etdlr7jc Query : select 1 valor from information_schema.tables where table_type='base table' and table_name='wsfi2039fields'
20240409@181925.6379 04prlh0s4cmc8l8998etdlr7jc Query : select fieldkey,fieldname,fieldtype,mandatory from wsfi2039fields
20240409@181925.6384 04prlh0s4cmc8l8998etdlr7jc Query : select sestamp valor from se where ref ='324.1816.00.1' and lote = 'r2301097200a'
20240409@181925.6395 04prlh0s4cmc8l8998etdlr7jc Query : select top 1 convert(numeric(6,2),t.taxa) valor from taxasiva t where t.codigo='2'
20240409@181925.6411 04prlh0s4cmc8l8998etdlr7jc Query : select 1 valor from information_schema.tables where table_type='base table' and table_name='wsfi039fields'
20240409@181925.6425 04prlh0s4cmc8l8998etdlr7jc Query : select fieldkey,fieldname,fieldtype,calcformula from wsfi039fields
20240409@181925.6450 04prlh0s4cmc8l8998etdlr7jc Query : insert into wsfi039data (fistamp,ousrdata, ousrhora, usrdata,usrhora,ousrinis,usrinis ,qtt ,ftstamp ,epv,pvmoeda ,tabiva,iva,lordem ,ref, design ,lote,armazem,bistamp ) values ('aut66157750526615789d9c',getdate(),convert(char(8),convert (time,getdate())),getdate(),convert(char(8),convert (time,getdate())),'wsv','wsv',20.000 ,'aut66157532956615789a4a' ,0,0 ,2,23.00,840000,?,?,?,?,?)
20240409@181925.6752 04prlh0s4cmc8l8998etdlr7jc Query : select 1 valor from information_schema.tables where table_type='base table' and table_name='wsfi2039fields'
20240409@181925.6769 04prlh0s4cmc8l8998etdlr7jc Query : select fieldkey,fieldname,fieldtype,calcformula from wsfi2039fields
20240409@181925.6774 04prlh0s4cmc8l8998etdlr7jc Query : insert into wsfi2039data (fi2stamp,ftstamp ,ousrdata, ousrhora, usrdata,usrhora,ousrinis,usrinis) values ('aut66157750526615789d9c','aut66157532956615789a4a' ,getdate(),convert(char(8),convert (time,getdate())),getdate(),convert(char(8),convert (time,getdate())),'wsv','wsv')
20240409@181925.6780 04prlh0s4cmc8l8998etdlr7jc Query : select 1 valor from information_schema.tables where table_type='base table' and table_name='wsfi039fields'
20240409@181925.6793 04prlh0s4cmc8l8998etdlr7jc Query : select fieldkey,fieldname,fieldtype,mandatory from wsfi039fields
20240409@181925.6820 04prlh0s4cmc8l8998etdlr7jc Query : select 1 valor from information_schema.tables where table_type='base table' and table_name='wsfi2039fields'
20240409@181925.6834 04prlh0s4cmc8l8998etdlr7jc Query : select fieldkey,fieldname,fieldtype,mandatory from wsfi2039fields
20240409@181925.6838 04prlh0s4cmc8l8998etdlr7jc Query : select top 1 convert(numeric(6,2),t.taxa) valor from taxasiva t where t.codigo='2'
20240409@181925.6850 04prlh0s4cmc8l8998etdlr7jc Query : select 1 valor from information_schema.tables where table_type='base table' and table_name='wsfi039fields'
20240409@181925.6867 04prlh0s4cmc8l8998etdlr7jc Query : select fieldkey,fieldname,fieldtype,calcformula from wsfi039fields
20240409@181925.6891 04prlh0s4cmc8l8998etdlr7jc Query : insert into wsfi039data (fistamp,ousrdata, ousrhora, usrdata,usrhora,ousrinis,usrinis ,qtt ,ftstamp ,epv,pvmoeda ,tabiva,iva,lordem ,ref, design ,armazem) values ('aut66157360656615789da7',getdate(),convert(char(8),convert (time,getdate())),getdate(),convert(char(8),convert (time,getdate())),'wsv','wsv',0 ,'aut66157532956615789a4a' ,0,0 ,2,23.00,850000,?,?,?)
20240409@181925.7200 04prlh0s4cmc8l8998etdlr7jc Query : select 1 valor from information_schema.tables where table_type='base table' and table_name='wsfi2039fields'
20240409@181925.7216 04prlh0s4cmc8l8998etdlr7jc Query : select fieldkey,fieldname,fieldtype,calcformula from wsfi2039fields
20240409@181925.7221 04prlh0s4cmc8l8998etdlr7jc Query : insert into wsfi2039data (fi2stamp,ftstamp ,ousrdata, ousrhora, usrdata,usrhora,ousrinis,usrinis) values ('aut66157360656615789da7','aut66157532956615789a4a' ,getdate(),convert(char(8),convert (time,getdate())),getdate(),convert(char(8),convert (time,getdate())),'wsv','wsv')
20240409@181925.7225 04prlh0s4cmc8l8998etdlr7jc Query : use flama_phc
20240409@181925.7229 04prlh0s4cmc8l8998etdlr7jc Query : select st.usalote valor from st where st.ref = '324.1824.00.1'
20240409@181925.7246 04prlh0s4cmc8l8998etdlr7jc Query : select top 1 st.tabiva ,st.ivaincl ,st.stns ,st.uni2 ,st.familia ,isnull(tx.taxa, 0) txiva ,unidade ,usalote ,epcpond ,noserie from st left join taxasiva tx on st.tabiva = tx.codigo where st.ref = '324.1824.00.1'
20240409@181925.7431 04prlh0s4cmc8l8998etdlr7jc Query : select 1 valor from information_schema.tables where table_type='base table' and table_name='wsfi039fields'
20240409@181925.7448 04prlh0s4cmc8l8998etdlr7jc Query : select fieldkey,fieldname,fieldtype,mandatory from wsfi039fields
20240409@181925.7472 04prlh0s4cmc8l8998etdlr7jc Query : select 1 valor from information_schema.tables where table_type='base table' and table_name='wsfi2039fields'
20240409@181925.7486 04prlh0s4cmc8l8998etdlr7jc Query : select fieldkey,fieldname,fieldtype,mandatory from wsfi2039fields
20240409@181925.7490 04prlh0s4cmc8l8998etdlr7jc Query : select sestamp valor from se where ref ='324.1824.00.1' and lote = 'r2301208200a'
20240409@181925.7501 04prlh0s4cmc8l8998etdlr7jc Query : select top 1 convert(numeric(6,2),t.taxa) valor from taxasiva t where t.codigo='2'
20240409@181925.7511 04prlh0s4cmc8l8998etdlr7jc Query : select 1 valor from information_schema.tables where table_type='base table' and table_name='wsfi039fields'
20240409@181925.7524 04prlh0s4cmc8l8998etdlr7jc Query : select fieldkey,fieldname,fieldtype,calcformula from wsfi039fields
20240409@181925.7549 04prlh0s4cmc8l8998etdlr7jc Query : insert into wsfi039data (fistamp,ousrdata, ousrhora, usrdata,usrhora,ousrinis,usrinis ,qtt ,ftstamp ,epv,pvmoeda ,tabiva,iva,lordem ,ref, design ,lote,armazem,bistamp ) values ('aut66157265146615789db7',getdate(),convert(char(8),convert (time,getdate())),getdate(),convert(char(8),convert (time,getdate())),'wsv','wsv',20.000 ,'aut66157532956615789a4a' ,0,0 ,2,23.00,870000,?,?,?,?,?)
20240409@181925.7865 04prlh0s4cmc8l8998etdlr7jc Query : select 1 valor from information_schema.tables where table_type='base table' and table_name='wsfi2039fields'
20240409@181925.7880 04prlh0s4cmc8l8998etdlr7jc Query : select fieldkey,fieldname,fieldtype,calcformula from wsfi2039fields
20240409@181925.7885 04prlh0s4cmc8l8998etdlr7jc Query : insert into wsfi2039data (fi2stamp,ftstamp ,ousrdata, ousrhora, usrdata,usrhora,ousrinis,usrinis) values ('aut66157265146615789db7','aut66157532956615789a4a' ,getdate(),convert(char(8),convert (time,getdate())),getdate(),convert(char(8),convert (time,getdate())),'wsv','wsv')
20240409@181925.7890 04prlh0s4cmc8l8998etdlr7jc Query : select 1 valor from information_schema.tables where table_type='base table' and table_name='wsfi039fields'
20240409@181925.7904 04prlh0s4cmc8l8998etdlr7jc Query : select fieldkey,fieldname,fieldtype,mandatory from wsfi039fields
20240409@181925.7934 04prlh0s4cmc8l8998etdlr7jc Query : select 1 valor from information_schema.tables where table_type='base table' and table_name='wsfi2039fields'
20240409@181925.7947 04prlh0s4cmc8l8998etdlr7jc Query : select fieldkey,fieldname,fieldtype,mandatory from wsfi2039fields
20240409@181925.7951 04prlh0s4cmc8l8998etdlr7jc Query : select top 1 convert(numeric(6,2),t.taxa) valor from taxasiva t where t.codigo='2'
20240409@181925.7962 04prlh0s4cmc8l8998etdlr7jc Query : select 1 valor from information_schema.tables where table_type='base table' and table_name='wsfi039fields'
20240409@181925.7977 04prlh0s4cmc8l8998etdlr7jc Query : select fieldkey,fieldname,fieldtype,calcformula from wsfi039fields
20240409@181925.8002 04prlh0s4cmc8l8998etdlr7jc Query : insert into wsfi039data (fistamp,ousrdata, ousrhora, usrdata,usrhora,ousrinis,usrinis ,qtt ,ftstamp ,epv,pvmoeda ,tabiva,iva,lordem ,ref, design ,armazem) values ('aut66157656506615789dc2',getdate(),convert(char(8),convert (time,getdate())),getdate(),convert(char(8),convert (time,getdate())),'wsv','wsv',0 ,'aut66157532956615789a4a' ,0,0 ,2,23.00,880000,?,?,?)
20240409@181925.8288 04prlh0s4cmc8l8998etdlr7jc Query : select 1 valor from information_schema.tables where table_type='base table' and table_name='wsfi2039fields'
20240409@181925.8471 04prlh0s4cmc8l8998etdlr7jc Query : select fieldkey,fieldname,fieldtype,calcformula from wsfi2039fields
20240409@181925.8477 04prlh0s4cmc8l8998etdlr7jc Query : insert into wsfi2039data (fi2stamp,ftstamp ,ousrdata, ousrhora, usrdata,usrhora,ousrinis,usrinis) values ('aut66157656506615789dc2','aut66157532956615789a4a' ,getdate(),convert(char(8),convert (time,getdate())),getdate(),convert(char(8),convert (time,getdate())),'wsv','wsv')
20240409@181925.8482 04prlh0s4cmc8l8998etdlr7jc Query : use flama_phc
20240409@181925.8486 04prlh0s4cmc8l8998etdlr7jc Query : select st.usalote valor from st where st.ref = '324.1824.00.1'
20240409@181925.8498 04prlh0s4cmc8l8998etdlr7jc Query : select top 1 st.tabiva ,st.ivaincl ,st.stns ,st.uni2 ,st.familia ,isnull(tx.taxa, 0) txiva ,unidade ,usalote ,epcpond ,noserie from st left join taxasiva tx on st.tabiva = tx.codigo where st.ref = '324.1824.00.1'
20240409@181925.8511 04prlh0s4cmc8l8998etdlr7jc Query : select 1 valor from information_schema.tables where table_type='base table' and table_name='wsfi039fields'
20240409@181925.8527 04prlh0s4cmc8l8998etdlr7jc Query : select fieldkey,fieldname,fieldtype,mandatory from wsfi039fields
20240409@181925.8559 04prlh0s4cmc8l8998etdlr7jc Query : select 1 valor from information_schema.tables where table_type='base table' and table_name='wsfi2039fields'
20240409@181925.8575 04prlh0s4cmc8l8998etdlr7jc Query : select fieldkey,fieldname,fieldtype,mandatory from wsfi2039fields
20240409@181925.8586 04prlh0s4cmc8l8998etdlr7jc Query : select sestamp valor from se where ref ='324.1824.00.1' and lote = 'r2301208200a'
20240409@181925.8598 04prlh0s4cmc8l8998etdlr7jc Query : select top 1 convert(numeric(6,2),t.taxa) valor from taxasiva t where t.codigo='2'
20240409@181925.8610 04prlh0s4cmc8l8998etdlr7jc Query : select 1 valor from information_schema.tables where table_type='base table' and table_name='wsfi039fields'
20240409@181925.8626 04prlh0s4cmc8l8998etdlr7jc Query : select fieldkey,fieldname,fieldtype,calcformula from wsfi039fields
20240409@181925.8654 04prlh0s4cmc8l8998etdlr7jc Query : insert into wsfi039data (fistamp,ousrdata, ousrhora, usrdata,usrhora,ousrinis,usrinis ,qtt ,ftstamp ,epv,pvmoeda ,tabiva,iva,lordem ,ref, design ,lote,armazem,bistamp ) values ('aut66157322856615789dd2',getdate(),convert(char(8),convert (time,getdate())),getdate(),convert(char(8),convert (time,getdate())),'wsv','wsv',20.000 ,'aut66157532956615789a4a' ,0,0 ,2,23.00,900000,?,?,?,?,?)
20240409@181925.8947 04prlh0s4cmc8l8998etdlr7jc Query : select 1 valor from information_schema.tables where table_type='base table' and table_name='wsfi2039fields'
20240409@181925.8964 04prlh0s4cmc8l8998etdlr7jc Query : select fieldkey,fieldname,fieldtype,calcformula from wsfi2039fields
20240409@181925.8969 04prlh0s4cmc8l8998etdlr7jc Query : insert into wsfi2039data (fi2stamp,ftstamp ,ousrdata, ousrhora, usrdata,usrhora,ousrinis,usrinis) values ('aut66157322856615789dd2','aut66157532956615789a4a' ,getdate(),convert(char(8),convert (time,getdate())),getdate(),convert(char(8),convert (time,getdate())),'wsv','wsv')
20240409@181925.8974 04prlh0s4cmc8l8998etdlr7jc Query : select 1 valor from information_schema.tables where table_type='base table' and table_name='wsfi039fields'
20240409@181925.8989 04prlh0s4cmc8l8998etdlr7jc Query : select fieldkey,fieldname,fieldtype,mandatory from wsfi039fields
20240409@181925.9015 04prlh0s4cmc8l8998etdlr7jc Query : select 1 valor from information_schema.tables where table_type='base table' and table_name='wsfi2039fields'
20240409@181925.9027 04prlh0s4cmc8l8998etdlr7jc Query : select fieldkey,fieldname,fieldtype,mandatory from wsfi2039fields
20240409@181925.9031 04prlh0s4cmc8l8998etdlr7jc Query : select top 1 convert(numeric(6,2),t.taxa) valor from taxasiva t where t.codigo='2'
20240409@181925.9041 04prlh0s4cmc8l8998etdlr7jc Query : select 1 valor from information_schema.tables where table_type='base table' and table_name='wsfi039fields'
20240409@181925.9054 04prlh0s4cmc8l8998etdlr7jc Query : select fieldkey,fieldname,fieldtype,calcformula from wsfi039fields
20240409@181925.9090 04prlh0s4cmc8l8998etdlr7jc Query : insert into wsfi039data (fistamp,ousrdata, ousrhora, usrdata,usrhora,ousrinis,usrinis ,qtt ,ftstamp ,epv,pvmoeda ,tabiva,iva,lordem ,ref, design ,armazem) values ('aut66157006466615789ddc',getdate(),convert(char(8),convert (time,getdate())),getdate(),convert(char(8),convert (time,getdate())),'wsv','wsv',0 ,'aut66157532956615789a4a' ,0,0 ,2,23.00,910000,?,?,?)
20240409@181925.9380 04prlh0s4cmc8l8998etdlr7jc Query : select 1 valor from information_schema.tables where table_type='base table' and table_name='wsfi2039fields'
20240409@181925.9403 04prlh0s4cmc8l8998etdlr7jc Query : select fieldkey,fieldname,fieldtype,calcformula from wsfi2039fields
20240409@181925.9407 04prlh0s4cmc8l8998etdlr7jc Query : insert into wsfi2039data (fi2stamp,ftstamp ,ousrdata, ousrhora, usrdata,usrhora,ousrinis,usrinis) values ('aut66157006466615789ddc','aut66157532956615789a4a' ,getdate(),convert(char(8),convert (time,getdate())),getdate(),convert(char(8),convert (time,getdate())),'wsv','wsv')
20240409@181925.9412 04prlh0s4cmc8l8998etdlr7jc Query : use flama_phc
20240409@181925.9415 04prlh0s4cmc8l8998etdlr7jc Query : select st.usalote valor from st where st.ref = '324.1824.00.1'
20240409@181925.9425 04prlh0s4cmc8l8998etdlr7jc Query : select top 1 st.tabiva ,st.ivaincl ,st.stns ,st.uni2 ,st.familia ,isnull(tx.taxa, 0) txiva ,unidade ,usalote ,epcpond ,noserie from st left join taxasiva tx on st.tabiva = tx.codigo where st.ref = '324.1824.00.1'
20240409@181925.9436 04prlh0s4cmc8l8998etdlr7jc Query : select 1 valor from information_schema.tables where table_type='base table' and table_name='wsfi039fields'
20240409@181925.9452 04prlh0s4cmc8l8998etdlr7jc Query : select fieldkey,fieldname,fieldtype,mandatory from wsfi039fields
20240409@181925.9477 04prlh0s4cmc8l8998etdlr7jc Query : select 1 valor from information_schema.tables where table_type='base table' and table_name='wsfi2039fields'
20240409@181925.9490 04prlh0s4cmc8l8998etdlr7jc Query : select fieldkey,fieldname,fieldtype,mandatory from wsfi2039fields
20240409@181925.9495 04prlh0s4cmc8l8998etdlr7jc Query : select sestamp valor from se where ref ='324.1824.00.1' and lote = 'r2301208200a'
20240409@181925.9509 04prlh0s4cmc8l8998etdlr7jc Query : select top 1 convert(numeric(6,2),t.taxa) valor from taxasiva t where t.codigo='2'
20240409@181925.9520 04prlh0s4cmc8l8998etdlr7jc Query : select 1 valor from information_schema.tables where table_type='base table' and table_name='wsfi039fields'
20240409@181925.9533 04prlh0s4cmc8l8998etdlr7jc Query : select fieldkey,fieldname,fieldtype,calcformula from wsfi039fields
20240409@181925.9561 04prlh0s4cmc8l8998etdlr7jc Query : insert into wsfi039data (fistamp,ousrdata, ousrhora, usrdata,usrhora,ousrinis,usrinis ,qtt ,ftstamp ,epv,pvmoeda ,tabiva,iva,lordem ,ref, design ,lote,armazem,bistamp ) values ('aut66157467196615789de8',getdate(),convert(char(8),convert (time,getdate())),getdate(),convert(char(8),convert (time,getdate())),'wsv','wsv',20.000 ,'aut66157532956615789a4a' ,0,0 ,2,23.00,930000,?,?,?,?,?)
20240409@181925.9848 04prlh0s4cmc8l8998etdlr7jc Query : select 1 valor from information_schema.tables where table_type='base table' and table_name='wsfi2039fields'
20240409@181925.9873 04prlh0s4cmc8l8998etdlr7jc Query : select fieldkey,fieldname,fieldtype,calcformula from wsfi2039fields
20240409@181925.9878 04prlh0s4cmc8l8998etdlr7jc Query : insert into wsfi2039data (fi2stamp,ftstamp ,ousrdata, ousrhora, usrdata,usrhora,ousrinis,usrinis) values ('aut66157467196615789de8','aut66157532956615789a4a' ,getdate(),convert(char(8),convert (time,getdate())),getdate(),convert(char(8),convert (time,getdate())),'wsv','wsv')
20240409@181925.9882 04prlh0s4cmc8l8998etdlr7jc Query : select 1 valor from information_schema.tables where table_type='base table' and table_name='wsfi039fields'
20240409@181925.9898 04prlh0s4cmc8l8998etdlr7jc Query : select fieldkey,fieldname,fieldtype,mandatory from wsfi039fields
20240409@181925.9924 04prlh0s4cmc8l8998etdlr7jc Query : select 1 valor from information_schema.tables where table_type='base table' and table_name='wsfi2039fields'
20240409@181925.9938 04prlh0s4cmc8l8998etdlr7jc Query : select fieldkey,fieldname,fieldtype,mandatory from wsfi2039fields
20240409@181925.9942 04prlh0s4cmc8l8998etdlr7jc Query : select top 1 convert(numeric(6,2),t.taxa) valor from taxasiva t where t.codigo='2'
20240409@181925.9953 04prlh0s4cmc8l8998etdlr7jc Query : select 1 valor from information_schema.tables where table_type='base table' and table_name='wsfi039fields'
20240409@181925.9967 04prlh0s4cmc8l8998etdlr7jc Query : select fieldkey,fieldname,fieldtype,calcformula from wsfi039fields
20240409@181926.0000 04prlh0s4cmc8l8998etdlr7jc Query : insert into wsfi039data (fistamp,ousrdata, ousrhora, usrdata,usrhora,ousrinis,usrinis ,qtt ,ftstamp ,epv,pvmoeda ,tabiva,iva,lordem ,ref, design ,armazem) values ('aut66157104866615789df3',getdate(),convert(char(8),convert (time,getdate())),getdate(),convert(char(8),convert (time,getdate())),'wsv','wsv',0 ,'aut66157532956615789a4a' ,0,0 ,2,23.00,940000,?,?,?)
20240409@181926.5990 04prlh0s4cmc8l8998etdlr7jc Query : select 1 valor from information_schema.tables where table_type='base table' and table_name='wsfi2039fields'
20240409@181926.6420 04prlh0s4cmc8l8998etdlr7jc Query : select fieldkey,fieldname,fieldtype,calcformula from wsfi2039fields
20240409@181926.6470 04prlh0s4cmc8l8998etdlr7jc Query : insert into wsfi2039data (fi2stamp,ftstamp ,ousrdata, ousrhora, usrdata,usrhora,ousrinis,usrinis) values ('aut66157104866615789df3','aut66157532956615789a4a' ,getdate(),convert(char(8),convert (time,getdate())),getdate(),convert(char(8),convert (time,getdate())),'wsv','wsv')
20240409@181926.6520 04prlh0s4cmc8l8998etdlr7jc Query : use flama_phc
20240409@181926.6560 04prlh0s4cmc8l8998etdlr7jc Query : select st.usalote valor from st where st.ref = '324.1824.00.1'
20240409@181926.6680 04prlh0s4cmc8l8998etdlr7jc Query : select top 1 st.tabiva ,st.ivaincl ,st.stns ,st.uni2 ,st.familia ,isnull(tx.taxa, 0) txiva ,unidade ,usalote ,epcpond ,noserie from st left join taxasiva tx on st.tabiva = tx.codigo where st.ref = '324.1824.00.1'
20240409@181926.6800 04prlh0s4cmc8l8998etdlr7jc Query : select 1 valor from information_schema.tables where table_type='base table' and table_name='wsfi039fields'
20240409@181926.6980 04prlh0s4cmc8l8998etdlr7jc Query : select fieldkey,fieldname,fieldtype,mandatory from wsfi039fields
20240409@181926.7400 04prlh0s4cmc8l8998etdlr7jc Query : select 1 valor from information_schema.tables where table_type='base table' and table_name='wsfi2039fields'
20240409@181926.7550 04prlh0s4cmc8l8998etdlr7jc Query : select fieldkey,fieldname,fieldtype,mandatory from wsfi2039fields
20240409@181926.7590 04prlh0s4cmc8l8998etdlr7jc Query : select sestamp valor from se where ref ='324.1824.00.1' and lote = 'r2301208200a'
20240409@181926.7710 04prlh0s4cmc8l8998etdlr7jc Query : select top 1 convert(numeric(6,2),t.taxa) valor from taxasiva t where t.codigo='2'
20240409@181926.7820 04prlh0s4cmc8l8998etdlr7jc Query : select 1 valor from information_schema.tables where table_type='base table' and table_name='wsfi039fields'
20240409@181926.7960 04prlh0s4cmc8l8998etdlr7jc Query : select fieldkey,fieldname,fieldtype,calcformula from wsfi039fields
20240409@181926.8240 04prlh0s4cmc8l8998etdlr7jc Query : insert into wsfi039data (fistamp,ousrdata, ousrhora, usrdata,usrhora,ousrinis,usrinis ,qtt ,ftstamp ,epv,pvmoeda ,tabiva,iva,lordem ,ref, design ,lote,armazem,bistamp ) values ('aut66157403126615789e13',getdate(),convert(char(8),convert (time,getdate())),getdate(),convert(char(8),convert (time,getdate())),'wsv','wsv',20.000 ,'aut66157532956615789a4a' ,0,0 ,2,23.00,960000,?,?,?,?,?)
20240409@181926.1159 04prlh0s4cmc8l8998etdlr7jc Query : select 1 valor from information_schema.tables where table_type='base table' and table_name='wsfi2039fields'
20240409@181926.1177 04prlh0s4cmc8l8998etdlr7jc Query : select fieldkey,fieldname,fieldtype,calcformula from wsfi2039fields
20240409@181926.1182 04prlh0s4cmc8l8998etdlr7jc Query : insert into wsfi2039data (fi2stamp,ftstamp ,ousrdata, ousrhora, usrdata,usrhora,ousrinis,usrinis) values ('aut66157403126615789e13','aut66157532956615789a4a' ,getdate(),convert(char(8),convert (time,getdate())),getdate(),convert(char(8),convert (time,getdate())),'wsv','wsv')
20240409@181926.1187 04prlh0s4cmc8l8998etdlr7jc Query : select 1 valor from information_schema.tables where table_type='base table' and table_name='wsfi039fields'
20240409@181926.1210 04prlh0s4cmc8l8998etdlr7jc Query : select fieldkey,fieldname,fieldtype,mandatory from wsfi039fields
20240409@181926.1235 04prlh0s4cmc8l8998etdlr7jc Query : select 1 valor from information_schema.tables where table_type='base table' and table_name='wsfi2039fields'
20240409@181926.1248 04prlh0s4cmc8l8998etdlr7jc Query : select fieldkey,fieldname,fieldtype,mandatory from wsfi2039fields
20240409@181926.1253 04prlh0s4cmc8l8998etdlr7jc Query : select top 1 convert(numeric(6,2),t.taxa) valor from taxasiva t where t.codigo='2'
20240409@181926.1264 04prlh0s4cmc8l8998etdlr7jc Query : select 1 valor from information_schema.tables where table_type='base table' and table_name='wsfi039fields'
20240409@181926.1277 04prlh0s4cmc8l8998etdlr7jc Query : select fieldkey,fieldname,fieldtype,calcformula from wsfi039fields
20240409@181926.1307 04prlh0s4cmc8l8998etdlr7jc Query : insert into wsfi039data (fistamp,ousrdata, ousrhora, usrdata,usrhora,ousrinis,usrinis ,qtt ,ftstamp ,epv,pvmoeda ,tabiva,iva,lordem ,ref, design ,armazem) values ('aut66157771086615789e1e',getdate(),convert(char(8),convert (time,getdate())),getdate(),convert(char(8),convert (time,getdate())),'wsv','wsv',0 ,'aut66157532956615789a4a' ,0,0 ,2,23.00,970000,?,?,?)
20240409@181926.1588 04prlh0s4cmc8l8998etdlr7jc Query : select 1 valor from information_schema.tables where table_type='base table' and table_name='wsfi2039fields'
20240409@181926.1627 04prlh0s4cmc8l8998etdlr7jc Query : select fieldkey,fieldname,fieldtype,calcformula from wsfi2039fields
20240409@181926.1632 04prlh0s4cmc8l8998etdlr7jc Query : insert into wsfi2039data (fi2stamp,ftstamp ,ousrdata, ousrhora, usrdata,usrhora,ousrinis,usrinis) values ('aut66157771086615789e1e','aut66157532956615789a4a' ,getdate(),convert(char(8),convert (time,getdate())),getdate(),convert(char(8),convert (time,getdate())),'wsv','wsv')
20240409@181926.1637 04prlh0s4cmc8l8998etdlr7jc Query : use flama_phc
20240409@181926.1641 04prlh0s4cmc8l8998etdlr7jc Query : select st.usalote valor from st where st.ref = '324.1824.00.1'
20240409@181926.1655 04prlh0s4cmc8l8998etdlr7jc Query : select top 1 st.tabiva ,st.ivaincl ,st.stns ,st.uni2 ,st.familia ,isnull(tx.taxa, 0) txiva ,unidade ,usalote ,epcpond ,noserie from st left join taxasiva tx on st.tabiva = tx.codigo where st.ref = '324.1824.00.1'
20240409@181926.1670 04prlh0s4cmc8l8998etdlr7jc Query : select 1 valor from information_schema.tables where table_type='base table' and table_name='wsfi039fields'
20240409@181926.1685 04prlh0s4cmc8l8998etdlr7jc Query : select fieldkey,fieldname,fieldtype,mandatory from wsfi039fields
20240409@181926.1722 04prlh0s4cmc8l8998etdlr7jc Query : select 1 valor from information_schema.tables where table_type='base table' and table_name='wsfi2039fields'
20240409@181926.1737 04prlh0s4cmc8l8998etdlr7jc Query : select fieldkey,fieldname,fieldtype,mandatory from wsfi2039fields
20240409@181926.1741 04prlh0s4cmc8l8998etdlr7jc Query : select sestamp valor from se where ref ='324.1824.00.1' and lote = 'r2301208200a'
20240409@181926.1751 04prlh0s4cmc8l8998etdlr7jc Query : select top 1 convert(numeric(6,2),t.taxa) valor from taxasiva t where t.codigo='2'
20240409@181926.1761 04prlh0s4cmc8l8998etdlr7jc Query : select 1 valor from information_schema.tables where table_type='base table' and table_name='wsfi039fields'
20240409@181926.1773 04prlh0s4cmc8l8998etdlr7jc Query : select fieldkey,fieldname,fieldtype,calcformula from wsfi039fields
20240409@181926.1797 04prlh0s4cmc8l8998etdlr7jc Query : insert into wsfi039data (fistamp,ousrdata, ousrhora, usrdata,usrhora,ousrinis,usrinis ,qtt ,ftstamp ,epv,pvmoeda ,tabiva,iva,lordem ,ref, design ,lote,armazem,bistamp ) values ('aut66157473796615789e2b',getdate(),convert(char(8),convert (time,getdate())),getdate(),convert(char(8),convert (time,getdate())),'wsv','wsv',20.000 ,'aut66157532956615789a4a' ,0,0 ,2,23.00,990000,?,?,?,?,?)
20240409@181926.2084 04prlh0s4cmc8l8998etdlr7jc Query : select 1 valor from information_schema.tables where table_type='base table' and table_name='wsfi2039fields'
20240409@181926.2100 04prlh0s4cmc8l8998etdlr7jc Query : select fieldkey,fieldname,fieldtype,calcformula from wsfi2039fields
20240409@181926.2104 04prlh0s4cmc8l8998etdlr7jc Query : insert into wsfi2039data (fi2stamp,ftstamp ,ousrdata, ousrhora, usrdata,usrhora,ousrinis,usrinis) values ('aut66157473796615789e2b','aut66157532956615789a4a' ,getdate(),convert(char(8),convert (time,getdate())),getdate(),convert(char(8),convert (time,getdate())),'wsv','wsv')
20240409@181926.2109 04prlh0s4cmc8l8998etdlr7jc Query : select 1 valor from information_schema.tables where table_type='base table' and table_name='wsfi039fields'
20240409@181926.2126 04prlh0s4cmc8l8998etdlr7jc Query : select fieldkey,fieldname,fieldtype,mandatory from wsfi039fields
20240409@181926.2149 04prlh0s4cmc8l8998etdlr7jc Query : select 1 valor from information_schema.tables where table_type='base table' and table_name='wsfi2039fields'
20240409@181926.2164 04prlh0s4cmc8l8998etdlr7jc Query : select fieldkey,fieldname,fieldtype,mandatory from wsfi2039fields
20240409@181926.2169 04prlh0s4cmc8l8998etdlr7jc Query : select top 1 convert(numeric(6,2),t.taxa) valor from taxasiva t where t.codigo='2'
20240409@181926.2179 04prlh0s4cmc8l8998etdlr7jc Query : select 1 valor from information_schema.tables where table_type='base table' and table_name='wsfi039fields'
20240409@181926.2191 04prlh0s4cmc8l8998etdlr7jc Query : select fieldkey,fieldname,fieldtype,calcformula from wsfi039fields
20240409@181926.2216 04prlh0s4cmc8l8998etdlr7jc Query : insert into wsfi039data (fistamp,ousrdata, ousrhora, usrdata,usrhora,ousrinis,usrinis ,qtt ,ftstamp ,epv,pvmoeda ,tabiva,iva,lordem ,ref, design ,armazem) values ('aut66157068496615789e35',getdate(),convert(char(8),convert (time,getdate())),getdate(),convert(char(8),convert (time,getdate())),'wsv','wsv',0 ,'aut66157532956615789a4a' ,0,0 ,2,23.00,1000000,?,?,?)
20240409@181926.2493 04prlh0s4cmc8l8998etdlr7jc Query : select 1 valor from information_schema.tables where table_type='base table' and table_name='wsfi2039fields'
20240409@181926.2516 04prlh0s4cmc8l8998etdlr7jc Query : select fieldkey,fieldname,fieldtype,calcformula from wsfi2039fields
20240409@181926.2521 04prlh0s4cmc8l8998etdlr7jc Query : insert into wsfi2039data (fi2stamp,ftstamp ,ousrdata, ousrhora, usrdata,usrhora,ousrinis,usrinis) values ('aut66157068496615789e35','aut66157532956615789a4a' ,getdate(),convert(char(8),convert (time,getdate())),getdate(),convert(char(8),convert (time,getdate())),'wsv','wsv')
20240409@181926.2526 04prlh0s4cmc8l8998etdlr7jc Query : use flama_phc
20240409@181926.2529 04prlh0s4cmc8l8998etdlr7jc Query : select st.usalote valor from st where st.ref = '324.1834.00.1'
20240409@181926.2540 04prlh0s4cmc8l8998etdlr7jc Query : select top 1 st.tabiva ,st.ivaincl ,st.stns ,st.uni2 ,st.familia ,isnull(tx.taxa, 0) txiva ,unidade ,usalote ,epcpond ,noserie from st left join taxasiva tx on st.tabiva = tx.codigo where st.ref = '324.1834.00.1'
20240409@181926.2730 04prlh0s4cmc8l8998etdlr7jc Query : select 1 valor from information_schema.tables where table_type='base table' and table_name='wsfi039fields'
20240409@181926.2746 04prlh0s4cmc8l8998etdlr7jc Query : select fieldkey,fieldname,fieldtype,mandatory from wsfi039fields
20240409@181926.2771 04prlh0s4cmc8l8998etdlr7jc Query : select 1 valor from information_schema.tables where table_type='base table' and table_name='wsfi2039fields'
20240409@181926.2786 04prlh0s4cmc8l8998etdlr7jc Query : select fieldkey,fieldname,fieldtype,mandatory from wsfi2039fields
20240409@181926.2801 04prlh0s4cmc8l8998etdlr7jc Query : select sestamp valor from se where ref ='324.1834.00.1' and lote = 'r2300974200a'
20240409@181926.2819 04prlh0s4cmc8l8998etdlr7jc Query : select top 1 convert(numeric(6,2),t.taxa) valor from taxasiva t where t.codigo='2'
20240409@181926.2829 04prlh0s4cmc8l8998etdlr7jc Query : select 1 valor from information_schema.tables where table_type='base table' and table_name='wsfi039fields'
20240409@181926.2841 04prlh0s4cmc8l8998etdlr7jc Query : select fieldkey,fieldname,fieldtype,calcformula from wsfi039fields
20240409@181926.2865 04prlh0s4cmc8l8998etdlr7jc Query : insert into wsfi039data (fistamp,ousrdata, ousrhora, usrdata,usrhora,ousrinis,usrinis ,qtt ,ftstamp ,epv,pvmoeda ,tabiva,iva,lordem ,ref, design ,lote,armazem,bistamp ) values ('aut66157275436615789e45',getdate(),convert(char(8),convert (time,getdate())),getdate(),convert(char(8),convert (time,getdate())),'wsv','wsv',9.000 ,'aut66157532956615789a4a' ,0,0 ,2,23.00,1020000,?,?,?,?,?)
20240409@181926.3139 04prlh0s4cmc8l8998etdlr7jc Query : select 1 valor from information_schema.tables where table_type='base table' and table_name='wsfi2039fields'
20240409@181926.3158 04prlh0s4cmc8l8998etdlr7jc Query : select fieldkey,fieldname,fieldtype,calcformula from wsfi2039fields
20240409@181926.3162 04prlh0s4cmc8l8998etdlr7jc Query : insert into wsfi2039data (fi2stamp,ftstamp ,ousrdata, ousrhora, usrdata,usrhora,ousrinis,usrinis) values ('aut66157275436615789e45','aut66157532956615789a4a' ,getdate(),convert(char(8),convert (time,getdate())),getdate(),convert(char(8),convert (time,getdate())),'wsv','wsv')
20240409@181926.3167 04prlh0s4cmc8l8998etdlr7jc Query : select 1 valor from information_schema.tables where table_type='base table' and table_name='wsfi039fields'
20240409@181926.3182 04prlh0s4cmc8l8998etdlr7jc Query : select fieldkey,fieldname,fieldtype,mandatory from wsfi039fields
20240409@181926.3206 04prlh0s4cmc8l8998etdlr7jc Query : select 1 valor from information_schema.tables where table_type='base table' and table_name='wsfi2039fields'
20240409@181926.3228 04prlh0s4cmc8l8998etdlr7jc Query : select fieldkey,fieldname,fieldtype,mandatory from wsfi2039fields
20240409@181926.3232 04prlh0s4cmc8l8998etdlr7jc Query : select top 1 convert(numeric(6,2),t.taxa) valor from taxasiva t where t.codigo='2'
20240409@181926.3242 04prlh0s4cmc8l8998etdlr7jc Query : select 1 valor from information_schema.tables where table_type='base table' and table_name='wsfi039fields'
20240409@181926.3255 04prlh0s4cmc8l8998etdlr7jc Query : select fieldkey,fieldname,fieldtype,calcformula from wsfi039fields
20240409@181926.3277 04prlh0s4cmc8l8998etdlr7jc Query : insert into wsfi039data (fistamp,ousrdata, ousrhora, usrdata,usrhora,ousrinis,usrinis ,qtt ,ftstamp ,epv,pvmoeda ,tabiva,iva,lordem ,ref, design ,armazem) values ('aut66157461186615789e4f',getdate(),convert(char(8),convert (time,getdate())),getdate(),convert(char(8),convert (time,getdate())),'wsv','wsv',0 ,'aut66157532956615789a4a' ,0,0 ,2,23.00,1030000,?,?,?)
20240409@181926.3577 04prlh0s4cmc8l8998etdlr7jc Query : select 1 valor from information_schema.tables where table_type='base table' and table_name='wsfi2039fields'
20240409@181926.3598 04prlh0s4cmc8l8998etdlr7jc Query : select fieldkey,fieldname,fieldtype,calcformula from wsfi2039fields
20240409@181926.3603 04prlh0s4cmc8l8998etdlr7jc Query : insert into wsfi2039data (fi2stamp,ftstamp ,ousrdata, ousrhora, usrdata,usrhora,ousrinis,usrinis) values ('aut66157461186615789e4f','aut66157532956615789a4a' ,getdate(),convert(char(8),convert (time,getdate())),getdate(),convert(char(8),convert (time,getdate())),'wsv','wsv')
20240409@181926.3607 04prlh0s4cmc8l8998etdlr7jc Query : use flama_phc
20240409@181926.3610 04prlh0s4cmc8l8998etdlr7jc Query : select st.usalote valor from st where st.ref = '324.1834.00.1'
20240409@181926.3624 04prlh0s4cmc8l8998etdlr7jc Query : select top 1 st.tabiva ,st.ivaincl ,st.stns ,st.uni2 ,st.familia ,isnull(tx.taxa, 0) txiva ,unidade ,usalote ,epcpond ,noserie from st left join taxasiva tx on st.tabiva = tx.codigo where st.ref = '324.1834.00.1'
20240409@181926.3635 04prlh0s4cmc8l8998etdlr7jc Query : select 1 valor from information_schema.tables where table_type='base table' and table_name='wsfi039fields'
20240409@181926.3650 04prlh0s4cmc8l8998etdlr7jc Query : select fieldkey,fieldname,fieldtype,mandatory from wsfi039fields
20240409@181926.3673 04prlh0s4cmc8l8998etdlr7jc Query : select 1 valor from information_schema.tables where table_type='base table' and table_name='wsfi2039fields'
20240409@181926.3686 04prlh0s4cmc8l8998etdlr7jc Query : select fieldkey,fieldname,fieldtype,mandatory from wsfi2039fields
20240409@181926.3690 04prlh0s4cmc8l8998etdlr7jc Query : select sestamp valor from se where ref ='324.1834.00.1' and lote = 'r2300974200a'
20240409@181926.3700 04prlh0s4cmc8l8998etdlr7jc Query : select top 1 convert(numeric(6,2),t.taxa) valor from taxasiva t where t.codigo='2'
20240409@181926.3710 04prlh0s4cmc8l8998etdlr7jc Query : select 1 valor from information_schema.tables where table_type='base table' and table_name='wsfi039fields'
20240409@181926.3723 04prlh0s4cmc8l8998etdlr7jc Query : select fieldkey,fieldname,fieldtype,calcformula from wsfi039fields
20240409@181926.3746 04prlh0s4cmc8l8998etdlr7jc Query : insert into wsfi039data (fistamp,ousrdata, ousrhora, usrdata,usrhora,ousrinis,usrinis ,qtt ,ftstamp ,epv,pvmoeda ,tabiva,iva,lordem ,ref, design ,lote,armazem,bistamp ) values ('aut66157490086615789e5a',getdate(),convert(char(8),convert (time,getdate())),getdate(),convert(char(8),convert (time,getdate())),'wsv','wsv',1.000 ,'aut66157532956615789a4a' ,0,0 ,2,23.00,1050000,?,?,?,?,?)
20240409@181926.4121 04prlh0s4cmc8l8998etdlr7jc Query : select 1 valor from information_schema.tables where table_type='base table' and table_name='wsfi2039fields'
20240409@181926.4136 04prlh0s4cmc8l8998etdlr7jc Query : select fieldkey,fieldname,fieldtype,calcformula from wsfi2039fields
20240409@181926.4141 04prlh0s4cmc8l8998etdlr7jc Query : insert into wsfi2039data (fi2stamp,ftstamp ,ousrdata, ousrhora, usrdata,usrhora,ousrinis,usrinis) values ('aut66157490086615789e5a','aut66157532956615789a4a' ,getdate(),convert(char(8),convert (time,getdate())),getdate(),convert(char(8),convert (time,getdate())),'wsv','wsv')
20240409@181926.4146 04prlh0s4cmc8l8998etdlr7jc Query : select 1 valor from information_schema.tables where table_type='base table' and table_name='wsfi039fields'
20240409@181926.4171 04prlh0s4cmc8l8998etdlr7jc Query : select fieldkey,fieldname,fieldtype,mandatory from wsfi039fields
20240409@181926.4194 04prlh0s4cmc8l8998etdlr7jc Query : select 1 valor from information_schema.tables where table_type='base table' and table_name='wsfi2039fields'
20240409@181926.4206 04prlh0s4cmc8l8998etdlr7jc Query : select fieldkey,fieldname,fieldtype,mandatory from wsfi2039fields
20240409@181926.4212 04prlh0s4cmc8l8998etdlr7jc Query : select top 1 convert(numeric(6,2),t.taxa) valor from taxasiva t where t.codigo='2'
20240409@181926.4224 04prlh0s4cmc8l8998etdlr7jc Query : select 1 valor from information_schema.tables where table_type='base table' and table_name='wsfi039fields'
20240409@181926.4241 04prlh0s4cmc8l8998etdlr7jc Query : select fieldkey,fieldname,fieldtype,calcformula from wsfi039fields
20240409@181926.4266 04prlh0s4cmc8l8998etdlr7jc Query : insert into wsfi039data (fistamp,ousrdata, ousrhora, usrdata,usrhora,ousrinis,usrinis ,qtt ,ftstamp ,epv,pvmoeda ,tabiva,iva,lordem ,ref, design ,armazem) values ('aut66157413866615789e67',getdate(),convert(char(8),convert (time,getdate())),getdate(),convert(char(8),convert (time,getdate())),'wsv','wsv',0 ,'aut66157532956615789a4a' ,0,0 ,2,23.00,1060000,?,?,?)
20240409@181926.4582 04prlh0s4cmc8l8998etdlr7jc Query : select 1 valor from information_schema.tables where table_type='base table' and table_name='wsfi2039fields'
20240409@181926.4598 04prlh0s4cmc8l8998etdlr7jc Query : select fieldkey,fieldname,fieldtype,calcformula from wsfi2039fields
20240409@181926.4602 04prlh0s4cmc8l8998etdlr7jc Query : insert into wsfi2039data (fi2stamp,ftstamp ,ousrdata, ousrhora, usrdata,usrhora,ousrinis,usrinis) values ('aut66157413866615789e67','aut66157532956615789a4a' ,getdate(),convert(char(8),convert (time,getdate())),getdate(),convert(char(8),convert (time,getdate())),'wsv','wsv')
20240409@181926.4607 04prlh0s4cmc8l8998etdlr7jc Query : use flama_phc
20240409@181926.4610 04prlh0s4cmc8l8998etdlr7jc Query : select st.usalote valor from st where st.ref = '324.1837.00.1'
20240409@181926.4702 04prlh0s4cmc8l8998etdlr7jc Query : select top 1 st.tabiva ,st.ivaincl ,st.stns ,st.uni2 ,st.familia ,isnull(tx.taxa, 0) txiva ,unidade ,usalote ,epcpond ,noserie from st left join taxasiva tx on st.tabiva = tx.codigo where st.ref = '324.1837.00.1'
20240409@181926.4874 04prlh0s4cmc8l8998etdlr7jc Query : select 1 valor from information_schema.tables where table_type='base table' and table_name='wsfi039fields'
20240409@181926.4888 04prlh0s4cmc8l8998etdlr7jc Query : select fieldkey,fieldname,fieldtype,mandatory from wsfi039fields
20240409@181926.4914 04prlh0s4cmc8l8998etdlr7jc Query : select 1 valor from information_schema.tables where table_type='base table' and table_name='wsfi2039fields'
20240409@181926.4928 04prlh0s4cmc8l8998etdlr7jc Query : select fieldkey,fieldname,fieldtype,mandatory from wsfi2039fields
20240409@181926.4933 04prlh0s4cmc8l8998etdlr7jc Query : select sestamp valor from se where ref ='324.1837.00.1' and lote = 'r2301207300a'
20240409@181926.4944 04prlh0s4cmc8l8998etdlr7jc Query : select top 1 convert(numeric(6,2),t.taxa) valor from taxasiva t where t.codigo='2'
20240409@181926.4956 04prlh0s4cmc8l8998etdlr7jc Query : select 1 valor from information_schema.tables where table_type='base table' and table_name='wsfi039fields'
20240409@181926.4969 04prlh0s4cmc8l8998etdlr7jc Query : select fieldkey,fieldname,fieldtype,calcformula from wsfi039fields
20240409@181926.5006 04prlh0s4cmc8l8998etdlr7jc Query : insert into wsfi039data (fistamp,ousrdata, ousrhora, usrdata,usrhora,ousrinis,usrinis ,qtt ,ftstamp ,epv,pvmoeda ,tabiva,iva,lordem ,ref, design ,lote,armazem,bistamp ) values ('aut66157857936615789e78',getdate(),convert(char(8),convert (time,getdate())),getdate(),convert(char(8),convert (time,getdate())),'wsv','wsv',6.000 ,'aut66157532956615789a4a' ,0,0 ,2,23.00,1080000,?,?,?,?,?)
20240409@181926.5286 04prlh0s4cmc8l8998etdlr7jc Query : select 1 valor from information_schema.tables where table_type='base table' and table_name='wsfi2039fields'
20240409@181926.5305 04prlh0s4cmc8l8998etdlr7jc Query : select fieldkey,fieldname,fieldtype,calcformula from wsfi2039fields
20240409@181926.5309 04prlh0s4cmc8l8998etdlr7jc Query : insert into wsfi2039data (fi2stamp,ftstamp ,ousrdata, ousrhora, usrdata,usrhora,ousrinis,usrinis) values ('aut66157857936615789e78','aut66157532956615789a4a' ,getdate(),convert(char(8),convert (time,getdate())),getdate(),convert(char(8),convert (time,getdate())),'wsv','wsv')
20240409@181926.5313 04prlh0s4cmc8l8998etdlr7jc Query : use flama_phc
20240409@181926.5316 04prlh0s4cmc8l8998etdlr7jc Query : select st.usalote valor from st where st.ref = '324.1837.00.1'
20240409@181926.5328 04prlh0s4cmc8l8998etdlr7jc Query : select top 1 st.tabiva ,st.ivaincl ,st.stns ,st.uni2 ,st.familia ,isnull(tx.taxa, 0) txiva ,unidade ,usalote ,epcpond ,noserie from st left join taxasiva tx on st.tabiva = tx.codigo where st.ref = '324.1837.00.1'
20240409@181926.5432 04prlh0s4cmc8l8998etdlr7jc Query : select 1 valor from information_schema.tables where table_type='base table' and table_name='wsfi039fields'
20240409@181926.5449 04prlh0s4cmc8l8998etdlr7jc Query : select fieldkey,fieldname,fieldtype,mandatory from wsfi039fields
20240409@181926.5486 04prlh0s4cmc8l8998etdlr7jc Query : select 1 valor from information_schema.tables where table_type='base table' and table_name='wsfi2039fields'
20240409@181926.5500 04prlh0s4cmc8l8998etdlr7jc Query : select fieldkey,fieldname,fieldtype,mandatory from wsfi2039fields
20240409@181926.5504 04prlh0s4cmc8l8998etdlr7jc Query : select sestamp valor from se where ref ='324.1837.00.1' and lote = 'r2301207300a'
20240409@181926.5514 04prlh0s4cmc8l8998etdlr7jc Query : select top 1 convert(numeric(6,2),t.taxa) valor from taxasiva t where t.codigo='2'
20240409@181926.5524 04prlh0s4cmc8l8998etdlr7jc Query : select 1 valor from information_schema.tables where table_type='base table' and table_name='wsfi039fields'
20240409@181926.5536 04prlh0s4cmc8l8998etdlr7jc Query : select fieldkey,fieldname,fieldtype,calcformula from wsfi039fields
20240409@181926.5562 04prlh0s4cmc8l8998etdlr7jc Query : insert into wsfi039data (fistamp,ousrdata, ousrhora, usrdata,usrhora,ousrinis,usrinis ,qtt ,ftstamp ,epv,pvmoeda ,tabiva,iva,lordem ,ref, design ,lote,armazem,bistamp ) values ('aut66157072066615789e86',getdate(),convert(char(8),convert (time,getdate())),getdate(),convert(char(8),convert (time,getdate())),'wsv','wsv',14.000 ,'aut66157532956615789a4a' ,0,0 ,2,23.00,1090000,?,?,?,?,?)
20240409@181926.5888 04prlh0s4cmc8l8998etdlr7jc Query : select 1 valor from information_schema.tables where table_type='base table' and table_name='wsfi2039fields'
20240409@181926.5904 04prlh0s4cmc8l8998etdlr7jc Query : select fieldkey,fieldname,fieldtype,calcformula from wsfi2039fields
20240409@181926.5909 04prlh0s4cmc8l8998etdlr7jc Query : insert into wsfi2039data (fi2stamp,ftstamp ,ousrdata, ousrhora, usrdata,usrhora,ousrinis,usrinis) values ('aut66157072066615789e86','aut66157532956615789a4a' ,getdate(),convert(char(8),convert (time,getdate())),getdate(),convert(char(8),convert (time,getdate())),'wsv','wsv')
20240409@181926.5915 04prlh0s4cmc8l8998etdlr7jc Query : insert into wsftcreationlog (initialftstamp,externalid,creationstatus,documenttypeid,idustamp) values ('aut66157532956615789a4a','2402572','wait',39,'ari17112337378,753000005')
20240409@181926.5939 04prlh0s4cmc8l8998etdlr7jc Query : use flama_phc
20240409@181926.5942 04prlh0s4cmc8l8998etdlr7jc Query : update u_wsusers set rqsttoken =? where userid ='userls001'
20240409@181926.5953 04prlh0s4cmc8l8998etdlr7jc Query : select concat(rtrim(relative_path),ltrim(name_new)) as valor from uploadfiles where uploadfile_id='1045';
20240409@181926.5982 04prlh0s4cmc8l8998etdlr7jc Query : update uploadfiles set whenupdated=current_timestamp where uploadfile_id='1045';
20240409@181926.5996 04prlh0s4cmc8l8998etdlr7jc Query : select concat(rtrim(relative_path),ltrim(name_new)) as valor from uploadfiles where uploadfile_id='1045';
20240409@181926.6010 04prlh0s4cmc8l8998etdlr7jc Query : update uploadfiles set whenupdated=current_timestamp where uploadfile_id='1045';
20240409@181926.6458 dmlan7c1vi9207a2sqep2sa12u Query : insert into uploadfiles ( name_original, name_new, option_type, relative_path, whencreated ) values ( ?, ?, ?, ?, getdate() )
20240409@181926.6472 dmlan7c1vi9207a2sqep2sa12u Query : select uploadfile_id valor from uploadfiles where name_new = ? and option_type = ? 
20240409@181926.6493 dmlan7c1vi9207a2sqep2sa12u Query : select concat(rtrim(relative_path),ltrim(name_new)) as valor from uploadfiles where uploadfile_id='1046';
20240409@181926.6547 dmlan7c1vi9207a2sqep2sa12u Query : update uploadfiles set whenupdated=current_timestamp where uploadfile_id='1046';
20240409@181926.6565 dmlan7c1vi9207a2sqep2sa12u Query : select concat(rtrim(relative_path),ltrim(name_new)) as valor from uploadfiles where uploadfile_id='1046';
20240409@181926.6578 dmlan7c1vi9207a2sqep2sa12u Query : update uploadfiles set whenupdated=current_timestamp where uploadfile_id='1046';
20240409@181926.6596 dmlan7c1vi9207a2sqep2sa12u Query : use flama_phc
20240409@181926.6599 dmlan7c1vi9207a2sqep2sa12u Query : select top 1 secretkey valor from u_wsusers u where u.userid = ? and u.inactivo=0
20240409@181926.6612 dmlan7c1vi9207a2sqep2sa12u Query : use flama_phc
20240409@181926.6615 dmlan7c1vi9207a2sqep2sa12u Query : select no, estab,szadrsdesc from szadrs where u_coddest=4804
20240409@181926.6700 dmlan7c1vi9207a2sqep2sa12u Query : select top 1 isnull(design,'') valor from st (nolock) left join stobs (nolock) on st.ref = stobs.ref where st.ref = '304.421.00.04'
20240409@181926.6861 dmlan7c1vi9207a2sqep2sa12u Query : select top 1 bistamp valor from bi inner join bo on bo.bostamp=bi.bostamp where bo.ndos =240 and bo.boano =2025 and bo.obrano = 2402586 and bi.ref ='304.421.00.04' and bi.lordem =1
20240409@181926.7258 dmlan7c1vi9207a2sqep2sa12u Query : select top 1 isnull(design,'') valor from st (nolock) left join stobs (nolock) on st.ref = stobs.ref where st.ref = '304.421.00.04'
20240409@181926.7269 dmlan7c1vi9207a2sqep2sa12u Query : select top 1 bistamp valor from bi inner join bo on bo.bostamp=bi.bostamp where bo.ndos =240 and bo.boano =2025 and bo.obrano = 2402586 and bi.ref ='304.421.00.04' and bi.lordem =1
20240409@181926.7274 dmlan7c1vi9207a2sqep2sa12u Query : select top 1 isnull(design,'') valor from st (nolock) left join stobs (nolock) on st.ref = stobs.ref where st.ref = '324.4960.00.1'
20240409@181926.7433 dmlan7c1vi9207a2sqep2sa12u Query : select top 1 bistamp valor from bi inner join bo on bo.bostamp=bi.bostamp where bo.ndos =240 and bo.boano =2025 and bo.obrano = 2402586 and bi.ref ='324.4960.00.1' and bi.lordem =2
20240409@181926.8490 dmlan7c1vi9207a2sqep2sa12u Query : use flama_phc
20240409@181926.8872 dmlan7c1vi9207a2sqep2sa12u Query : select top 1 convert(date,fdata) valor from ft where ndoc = 39 and anulado= 0 and fno>0 order by fdata desc
20240409@181926.8887 dmlan7c1vi9207a2sqep2sa12u Query : use flama_phc
20240409@181926.8890 dmlan7c1vi9207a2sqep2sa12u Query : select top 1 1 valor from td where td.ndoc = 39
20240409@181926.8900 dmlan7c1vi9207a2sqep2sa12u Query : use flama_phc
20240409@181926.8903 dmlan7c1vi9207a2sqep2sa12u Query : select descricao ,case when valor='s' then 1 else 0 end usalotes from para1 where descricao in ('st_lote')
20240409@181926.8914 dmlan7c1vi9207a2sqep2sa12u Query : select top 1 assinadoc issigned ,td.lancasl stocks ,'cl' origin ,case when (cmsl between 1 and 50 ) then 1 else 0 end entrada ,case when (cmsl>50 ) then 1 else 0 end saida ,~lotestock validatestock ,tiposaft from td inner join td2 on td.tdstamp=td2.td2stamp where td.ndoc =39
20240409@181926.8929 dmlan7c1vi9207a2sqep2sa12u Query : use flama_phc
20240409@181926.8932 dmlan7c1vi9207a2sqep2sa12u Query : select top 1 ~inactivo valor from cl where no = '101900' and estab = 0 order by inactivo desc
20240409@181926.9032 dmlan7c1vi9207a2sqep2sa12u Query : use flama_phc
20240409@181926.9035 dmlan7c1vi9207a2sqep2sa12u Query : select top 1 tipodoc,regrd from td where ndoc = 39
20240409@181926.9045 dmlan7c1vi9207a2sqep2sa12u Query : use flama_phc
20240409@181926.9048 dmlan7c1vi9207a2sqep2sa12u Query : select szadrsstamp valor from szadrs where szadrsdesc='espaÇotrans,lda'
20240409@181926.9058 dmlan7c1vi9207a2sqep2sa12u Query : use flama_phc
20240409@181926.9061 dmlan7c1vi9207a2sqep2sa12u Query : select szadrsstamp valor from szadrs where szadrsdesc='101900 - pd - alfena n/p'
20240409@181926.9073 dmlan7c1vi9207a2sqep2sa12u Query : use flama_phc
20240409@181926.9076 dmlan7c1vi9207a2sqep2sa12u Query : select 1 valor from td where ndoc = 39
20240409@181926.9085 dmlan7c1vi9207a2sqep2sa12u Query : select top 1 manternumero, tiposaft, nmdos,td.assinadoc from td where td.ndoc = 39
20240409@181926.9096 dmlan7c1vi9207a2sqep2sa12u Query : select 1 valor from information_schema.tables where table_type='base table' and table_name='wsft039fields'
20240409@181926.9109 dmlan7c1vi9207a2sqep2sa12u Query : select fieldkey,fieldname,fieldtype,mandatory from wsft039fields
20240409@181926.9126 dmlan7c1vi9207a2sqep2sa12u Query : select 1 valor from information_schema.tables where table_type='base table' and table_name='wsft2039fields'
20240409@181926.9138 dmlan7c1vi9207a2sqep2sa12u Query : select fieldkey,fieldname,fieldtype,mandatory from wsft2039fields
20240409@181926.9164 dmlan7c1vi9207a2sqep2sa12u Query : select 1 valor from information_schema.tables where table_type='base table' and table_name='wsft3039fields'
20240409@181926.9202 dmlan7c1vi9207a2sqep2sa12u Query : select fieldkey,fieldname,fieldtype,mandatory from wsft3039fields
20240409@181926.9214 dmlan7c1vi9207a2sqep2sa12u Query : select top 1 ft.fno valor from ft ft where ft.ndoc = 39 and ftano=2024 order by fno desc
20240409@181926.9319 dmlan7c1vi9207a2sqep2sa12u Query : select top 1 ft.fno valor from wsft039data ft where ft.ndoc = 39 and ftano=2024 order by fno desc
20240409@181926.9329 dmlan7c1vi9207a2sqep2sa12u Query : select 1 valor from information_schema.tables where table_type='base table' and table_name='wsft3039fields'
20240409@181926.9340 dmlan7c1vi9207a2sqep2sa12u Query : select fieldkey,fieldname,fieldtype,calcformula from wsft3039fields
20240409@181926.9350 dmlan7c1vi9207a2sqep2sa12u Query : insert into wsft3039data (ft3stamp, ousrdata, ousrhora, usrdata,usrhora,ousrinis,usrinis,taxpointdt ) values ('aut66157561716615789ee0' ,getdate(),convert(char(8),convert (time,getdate())),getdate(),convert(char(8),convert (time,getdate())),'wsv','wsv',?)
20240409@181926.9543 dmlan7c1vi9207a2sqep2sa12u Query : select 1 valor from information_schema.tables where table_type='base table' and table_name='wsft2039fields'
20240409@181926.9562 dmlan7c1vi9207a2sqep2sa12u Query : select fieldkey,fieldname,fieldtype,calcformula from wsft2039fields
20240409@181926.9592 dmlan7c1vi9207a2sqep2sa12u Query : select top 1 bo.u_nomeenv valor from bo where bo.bostamp=''
20240409@181926.9597 dmlan7c1vi9207a2sqep2sa12u Query : select top 1 bo.u_moradaen valor from bo where bo.bostamp=''
20240409@181926.9602 dmlan7c1vi9207a2sqep2sa12u Query : select top 1 bo.u_codposen valor from bo where bo.bostamp=''
20240409@181926.9606 dmlan7c1vi9207a2sqep2sa12u Query : select top 1 bo.u_localenv valor from bo where bo.bostamp=''
20240409@181926.9611 dmlan7c1vi9207a2sqep2sa12u Query : select top 1 bo.trab5 valor from bo where bo.bostamp=''
20240409@181926.9618 dmlan7c1vi9207a2sqep2sa12u Query : select top 1 bo.serie valor from bo where bo.bostamp=''
20240409@181926.9623 dmlan7c1vi9207a2sqep2sa12u Query : insert into wsft2039data (ft2stamp, ousrdata,ousrhora, usrdata,usrhora,ousrinis,usrinis,u_nomeenv ,u_moradaen ,u_codposen ,u_localenv ,u_coddest ,u_codby ) values ('aut66157561716615789ee0',getdate(),convert(char(8),convert (time,getdate())),getdate(),convert(char(8),convert (time,getdate())),'wsv','wsv',?,?,?,?,?,?)
20240409@181926.9928 dmlan7c1vi9207a2sqep2sa12u Query : select top 1 fno valor from wsft039data order by fno desc
20240409@181926.9953 dmlan7c1vi9207a2sqep2sa12u Query : select 1 valor from information_schema.tables where table_type='base table' and table_name='wsft039fields'
20240409@181926.9967 dmlan7c1vi9207a2sqep2sa12u Query : select fieldkey,fieldname,fieldtype,calcformula from wsft039fields
20240409@181926.9985 dmlan7c1vi9207a2sqep2sa12u Query : insert into wsft039data (ftstamp, ousrdata,ousrhora, usrdata,usrhora,ousrinis,usrinis,fno,no,estab,fdata,ndoc,moeda,cambio,cambiofixo,ftano,cdata,chora,carga,descar,site ,classe ) values ('aut66157561716615789ee0',getdate(),convert(char(8),convert (time,getdate())),getdate(),convert(char(8),convert (time,getdate())),'wsv','wsv',807,101900,0,'2024-04-09',39,'euro',0,0,2024 ,'20240409','1849',?,?,?,?)
20240409@181927.3300 dmlan7c1vi9207a2sqep2sa12u Query : use flama_phc
20240409@181927.3430 dmlan7c1vi9207a2sqep2sa12u Query : select st.usalote valor from st where st.ref = '304.421.00.04'
20240409@181927.3560 dmlan7c1vi9207a2sqep2sa12u Query : select top 1 st.tabiva ,st.ivaincl ,st.stns ,st.uni2 ,st.familia ,isnull(tx.taxa, 0) txiva ,unidade ,usalote ,epcpond ,noserie from st left join taxasiva tx on st.tabiva = tx.codigo where st.ref = '304.421.00.04'
20240409@181927.5220 dmlan7c1vi9207a2sqep2sa12u Query : select 1 valor from information_schema.tables where table_type='base table' and table_name='wsfi039fields'
20240409@181927.5360 dmlan7c1vi9207a2sqep2sa12u Query : select fieldkey,fieldname,fieldtype,mandatory from wsfi039fields
20240409@181927.5620 dmlan7c1vi9207a2sqep2sa12u Query : select 1 valor from information_schema.tables where table_type='base table' and table_name='wsfi2039fields'
20240409@181927.5760 dmlan7c1vi9207a2sqep2sa12u Query : select fieldkey,fieldname,fieldtype,mandatory from wsfi2039fields
20240409@181927.5810 dmlan7c1vi9207a2sqep2sa12u Query : select sestamp valor from se where ref ='304.421.00.04' and lote = '240432'
20240409@181927.6010 dmlan7c1vi9207a2sqep2sa12u Query : select top 1 convert(numeric(6,2),t.taxa) valor from taxasiva t where t.codigo='2'
20240409@181927.6120 dmlan7c1vi9207a2sqep2sa12u Query : select 1 valor from information_schema.tables where table_type='base table' and table_name='wsfi039fields'
20240409@181927.6250 dmlan7c1vi9207a2sqep2sa12u Query : select fieldkey,fieldname,fieldtype,calcformula from wsfi039fields
20240409@181927.6520 dmlan7c1vi9207a2sqep2sa12u Query : insert into wsfi039data (fistamp,ousrdata, ousrhora, usrdata,usrhora,ousrinis,usrinis ,qtt ,ftstamp ,epv,pvmoeda ,tabiva,iva,lordem ,ref, design ,lote,armazem,bistamp ) values ('aut66157250826615789f0e',getdate(),convert(char(8),convert (time,getdate())),getdate(),convert(char(8),convert (time,getdate())),'wsv','wsv',8.000 ,'aut66157561716615789ee0' ,0,0 ,2,23.00,10000,?,?,?,?,?)
20240409@181927.9680 dmlan7c1vi9207a2sqep2sa12u Query : select 1 valor from information_schema.tables where table_type='base table' and table_name='wsfi2039fields'
20240409@181927.9830 dmlan7c1vi9207a2sqep2sa12u Query : select fieldkey,fieldname,fieldtype,calcformula from wsfi2039fields
20240409@181927.9880 dmlan7c1vi9207a2sqep2sa12u Query : insert into wsfi2039data (fi2stamp,ftstamp ,ousrdata, ousrhora, usrdata,usrhora,ousrinis,usrinis) values ('aut66157250826615789f0e','aut66157561716615789ee0' ,getdate(),convert(char(8),convert (time,getdate())),getdate(),convert(char(8),convert (time,getdate())),'wsv','wsv')
20240409@181927.9920 dmlan7c1vi9207a2sqep2sa12u Query : select 1 valor from information_schema.tables where table_type='base table' and table_name='wsfi039fields'
20240409@181927.1007 dmlan7c1vi9207a2sqep2sa12u Query : select fieldkey,fieldname,fieldtype,mandatory from wsfi039fields
20240409@181927.1033 dmlan7c1vi9207a2sqep2sa12u Query : select 1 valor from information_schema.tables where table_type='base table' and table_name='wsfi2039fields'
20240409@181927.1048 dmlan7c1vi9207a2sqep2sa12u Query : select fieldkey,fieldname,fieldtype,mandatory from wsfi2039fields
20240409@181927.1052 dmlan7c1vi9207a2sqep2sa12u Query : select top 1 convert(numeric(6,2),t.taxa) valor from taxasiva t where t.codigo='2'
20240409@181927.1061 dmlan7c1vi9207a2sqep2sa12u Query : select 1 valor from information_schema.tables where table_type='base table' and table_name='wsfi039fields'
20240409@181927.1073 dmlan7c1vi9207a2sqep2sa12u Query : select fieldkey,fieldname,fieldtype,calcformula from wsfi039fields
20240409@181927.1095 dmlan7c1vi9207a2sqep2sa12u Query : insert into wsfi039data (fistamp,ousrdata, ousrhora, usrdata,usrhora,ousrinis,usrinis ,qtt ,ftstamp ,epv,pvmoeda ,tabiva,iva,lordem ,ref, design ,armazem) values ('aut66157772516615789f19',getdate(),convert(char(8),convert (time,getdate())),getdate(),convert(char(8),convert (time,getdate())),'wsv','wsv',0 ,'aut66157561716615789ee0' ,0,0 ,2,23.00,20000,?,?,?)
20240409@181927.1425 dmlan7c1vi9207a2sqep2sa12u Query : select 1 valor from information_schema.tables where table_type='base table' and table_name='wsfi2039fields'
20240409@181927.1443 dmlan7c1vi9207a2sqep2sa12u Query : select fieldkey,fieldname,fieldtype,calcformula from wsfi2039fields
20240409@181927.1448 dmlan7c1vi9207a2sqep2sa12u Query : insert into wsfi2039data (fi2stamp,ftstamp ,ousrdata, ousrhora, usrdata,usrhora,ousrinis,usrinis) values ('aut66157772516615789f19','aut66157561716615789ee0' ,getdate(),convert(char(8),convert (time,getdate())),getdate(),convert(char(8),convert (time,getdate())),'wsv','wsv')
20240409@181927.1452 dmlan7c1vi9207a2sqep2sa12u Query : use flama_phc
20240409@181927.1456 dmlan7c1vi9207a2sqep2sa12u Query : select st.usalote valor from st where st.ref = '304.421.00.04'
20240409@181927.1468 dmlan7c1vi9207a2sqep2sa12u Query : select top 1 st.tabiva ,st.ivaincl ,st.stns ,st.uni2 ,st.familia ,isnull(tx.taxa, 0) txiva ,unidade ,usalote ,epcpond ,noserie from st left join taxasiva tx on st.tabiva = tx.codigo where st.ref = '304.421.00.04'
20240409@181927.1479 dmlan7c1vi9207a2sqep2sa12u Query : select 1 valor from information_schema.tables where table_type='base table' and table_name='wsfi039fields'
20240409@181927.1505 dmlan7c1vi9207a2sqep2sa12u Query : select fieldkey,fieldname,fieldtype,mandatory from wsfi039fields
20240409@181927.1529 dmlan7c1vi9207a2sqep2sa12u Query : select 1 valor from information_schema.tables where table_type='base table' and table_name='wsfi2039fields'
20240409@181927.1541 dmlan7c1vi9207a2sqep2sa12u Query : select fieldkey,fieldname,fieldtype,mandatory from wsfi2039fields
20240409@181927.1545 dmlan7c1vi9207a2sqep2sa12u Query : select sestamp valor from se where ref ='304.421.00.04' and lote = '240432'
20240409@181927.1555 dmlan7c1vi9207a2sqep2sa12u Query : select top 1 convert(numeric(6,2),t.taxa) valor from taxasiva t where t.codigo='2'
20240409@181927.1565 dmlan7c1vi9207a2sqep2sa12u Query : select 1 valor from information_schema.tables where table_type='base table' and table_name='wsfi039fields'
20240409@181927.1577 dmlan7c1vi9207a2sqep2sa12u Query : select fieldkey,fieldname,fieldtype,calcformula from wsfi039fields
20240409@181927.1629 dmlan7c1vi9207a2sqep2sa12u Query : insert into wsfi039data (fistamp,ousrdata, ousrhora, usrdata,usrhora,ousrinis,usrinis ,qtt ,ftstamp ,epv,pvmoeda ,tabiva,iva,lordem ,ref, design ,lote,armazem,bistamp ) values ('aut66157336156615789f26',getdate(),convert(char(8),convert (time,getdate())),getdate(),convert(char(8),convert (time,getdate())),'wsv','wsv',40.000 ,'aut66157561716615789ee0' ,0,0 ,2,23.00,40000,?,?,?,?,?)
20240409@181927.1945 dmlan7c1vi9207a2sqep2sa12u Query : select 1 valor from information_schema.tables where table_type='base table' and table_name='wsfi2039fields'
20240409@181927.2001 dmlan7c1vi9207a2sqep2sa12u Query : select fieldkey,fieldname,fieldtype,calcformula from wsfi2039fields
20240409@181927.2005 dmlan7c1vi9207a2sqep2sa12u Query : insert into wsfi2039data (fi2stamp,ftstamp ,ousrdata, ousrhora, usrdata,usrhora,ousrinis,usrinis) values ('aut66157336156615789f26','aut66157561716615789ee0' ,getdate(),convert(char(8),convert (time,getdate())),getdate(),convert(char(8),convert (time,getdate())),'wsv','wsv')
20240409@181927.2010 dmlan7c1vi9207a2sqep2sa12u Query : select 1 valor from information_schema.tables where table_type='base table' and table_name='wsfi039fields'
20240409@181927.2024 dmlan7c1vi9207a2sqep2sa12u Query : select fieldkey,fieldname,fieldtype,mandatory from wsfi039fields
20240409@181927.2050 dmlan7c1vi9207a2sqep2sa12u Query : select 1 valor from information_schema.tables where table_type='base table' and table_name='wsfi2039fields'
20240409@181927.2064 dmlan7c1vi9207a2sqep2sa12u Query : select fieldkey,fieldname,fieldtype,mandatory from wsfi2039fields
20240409@181927.2081 dmlan7c1vi9207a2sqep2sa12u Query : select top 1 convert(numeric(6,2),t.taxa) valor from taxasiva t where t.codigo='2'
20240409@181927.2091 dmlan7c1vi9207a2sqep2sa12u Query : select 1 valor from information_schema.tables where table_type='base table' and table_name='wsfi039fields'
20240409@181927.2104 dmlan7c1vi9207a2sqep2sa12u Query : select fieldkey,fieldname,fieldtype,calcformula from wsfi039fields
20240409@181927.2128 dmlan7c1vi9207a2sqep2sa12u Query : insert into wsfi039data (fistamp,ousrdata, ousrhora, usrdata,usrhora,ousrinis,usrinis ,qtt ,ftstamp ,epv,pvmoeda ,tabiva,iva,lordem ,ref, design ,armazem) values ('aut66157570416615789f33',getdate(),convert(char(8),convert (time,getdate())),getdate(),convert(char(8),convert (time,getdate())),'wsv','wsv',0 ,'aut66157561716615789ee0' ,0,0 ,2,23.00,50000,?,?,?)
20240409@181927.2417 dmlan7c1vi9207a2sqep2sa12u Query : select 1 valor from information_schema.tables where table_type='base table' and table_name='wsfi2039fields'
20240409@181927.2434 dmlan7c1vi9207a2sqep2sa12u Query : select fieldkey,fieldname,fieldtype,calcformula from wsfi2039fields
20240409@181927.2438 dmlan7c1vi9207a2sqep2sa12u Query : insert into wsfi2039data (fi2stamp,ftstamp ,ousrdata, ousrhora, usrdata,usrhora,ousrinis,usrinis) values ('aut66157570416615789f33','aut66157561716615789ee0' ,getdate(),convert(char(8),convert (time,getdate())),getdate(),convert(char(8),convert (time,getdate())),'wsv','wsv')
20240409@181927.2443 dmlan7c1vi9207a2sqep2sa12u Query : use flama_phc
20240409@181927.2446 dmlan7c1vi9207a2sqep2sa12u Query : select st.usalote valor from st where st.ref = '324.4960.00.1'
20240409@181927.2458 dmlan7c1vi9207a2sqep2sa12u Query : select top 1 st.tabiva ,st.ivaincl ,st.stns ,st.uni2 ,st.familia ,isnull(tx.taxa, 0) txiva ,unidade ,usalote ,epcpond ,noserie from st left join taxasiva tx on st.tabiva = tx.codigo where st.ref = '324.4960.00.1'
20240409@181927.2642 dmlan7c1vi9207a2sqep2sa12u Query : select 1 valor from information_schema.tables where table_type='base table' and table_name='wsfi039fields'
20240409@181927.2656 dmlan7c1vi9207a2sqep2sa12u Query : select fieldkey,fieldname,fieldtype,mandatory from wsfi039fields
20240409@181927.2678 dmlan7c1vi9207a2sqep2sa12u Query : select 1 valor from information_schema.tables where table_type='base table' and table_name='wsfi2039fields'
20240409@181927.2691 dmlan7c1vi9207a2sqep2sa12u Query : select fieldkey,fieldname,fieldtype,mandatory from wsfi2039fields
20240409@181927.2695 dmlan7c1vi9207a2sqep2sa12u Query : select sestamp valor from se where ref ='324.4960.00.1' and lote = 'r2100754100a'
20240409@181927.2719 dmlan7c1vi9207a2sqep2sa12u Query : select top 1 convert(numeric(6,2),t.taxa) valor from taxasiva t where t.codigo='2'
20240409@181927.2730 dmlan7c1vi9207a2sqep2sa12u Query : select 1 valor from information_schema.tables where table_type='base table' and table_name='wsfi039fields'
20240409@181927.2742 dmlan7c1vi9207a2sqep2sa12u Query : select fieldkey,fieldname,fieldtype,calcformula from wsfi039fields
20240409@181927.2778 dmlan7c1vi9207a2sqep2sa12u Query : insert into wsfi039data (fistamp,ousrdata, ousrhora, usrdata,usrhora,ousrinis,usrinis ,qtt ,ftstamp ,epv,pvmoeda ,tabiva,iva,lordem ,ref, design ,lote,armazem,bistamp ) values ('aut66157291596615789f42',getdate(),convert(char(8),convert (time,getdate())),getdate(),convert(char(8),convert (time,getdate())),'wsv','wsv',6.000 ,'aut66157561716615789ee0' ,0,0 ,2,23.00,70000,?,?,?,?,?)
20240409@181927.3070 dmlan7c1vi9207a2sqep2sa12u Query : select 1 valor from information_schema.tables where table_type='base table' and table_name='wsfi2039fields'
20240409@181927.3088 dmlan7c1vi9207a2sqep2sa12u Query : select fieldkey,fieldname,fieldtype,calcformula from wsfi2039fields
20240409@181927.3093 dmlan7c1vi9207a2sqep2sa12u Query : insert into wsfi2039data (fi2stamp,ftstamp ,ousrdata, ousrhora, usrdata,usrhora,ousrinis,usrinis) values ('aut66157291596615789f42','aut66157561716615789ee0' ,getdate(),convert(char(8),convert (time,getdate())),getdate(),convert(char(8),convert (time,getdate())),'wsv','wsv')
20240409@181927.3097 dmlan7c1vi9207a2sqep2sa12u Query : insert into wsftcreationlog (initialftstamp,externalid,creationstatus,documenttypeid,idustamp) values ('aut66157561716615789ee0','2402586','wait',39,'ari17112337378,753000005')
20240409@181927.3119 dmlan7c1vi9207a2sqep2sa12u Query : use flama_phc
20240409@181927.3122 dmlan7c1vi9207a2sqep2sa12u Query : update u_wsusers set rqsttoken =? where userid ='userls001'
20240409@181927.3136 dmlan7c1vi9207a2sqep2sa12u Query : select concat(rtrim(relative_path),ltrim(name_new)) as valor from uploadfiles where uploadfile_id='1046';
20240409@181927.3156 dmlan7c1vi9207a2sqep2sa12u Query : update uploadfiles set whenupdated=current_timestamp where uploadfile_id='1046';
20240409@181927.3171 dmlan7c1vi9207a2sqep2sa12u Query : select concat(rtrim(relative_path),ltrim(name_new)) as valor from uploadfiles where uploadfile_id='1046';
20240409@181927.3183 dmlan7c1vi9207a2sqep2sa12u Query : update uploadfiles set whenupdated=current_timestamp where uploadfile_id='1046';
20240409@181927.3614 v0rtf8mcvh9o4odtg12p4qju8c Query : insert into uploadfiles ( name_original, name_new, option_type, relative_path, whencreated ) values ( ?, ?, ?, ?, getdate() )
20240409@181927.3629 v0rtf8mcvh9o4odtg12p4qju8c Query : select uploadfile_id valor from uploadfiles where name_new = ? and option_type = ? 
20240409@181927.3652 v0rtf8mcvh9o4odtg12p4qju8c Query : select concat(rtrim(relative_path),ltrim(name_new)) as valor from uploadfiles where uploadfile_id='1047';
20240409@181927.3816 v0rtf8mcvh9o4odtg12p4qju8c Query : update uploadfiles set whenupdated=current_timestamp where uploadfile_id='1047';
20240409@181927.4099 v0rtf8mcvh9o4odtg12p4qju8c Query : select concat(rtrim(relative_path),ltrim(name_new)) as valor from uploadfiles where uploadfile_id='1047';
20240409@181927.4139 v0rtf8mcvh9o4odtg12p4qju8c Query : update uploadfiles set whenupdated=current_timestamp where uploadfile_id='1047';
20240409@181927.4154 v0rtf8mcvh9o4odtg12p4qju8c Query : use flama_phc
20240409@181927.4159 v0rtf8mcvh9o4odtg12p4qju8c Query : select top 1 secretkey valor from u_wsusers u where u.userid = ? and u.inactivo=0
20240409@181927.4177 v0rtf8mcvh9o4odtg12p4qju8c Query : use flama_phc
20240409@181927.4182 v0rtf8mcvh9o4odtg12p4qju8c Query : select no, estab,szadrsdesc from szadrs where u_coddest=3674
20240409@181927.4284 v0rtf8mcvh9o4odtg12p4qju8c Query : select top 1 isnull(design,'') valor from st (nolock) left join stobs (nolock) on st.ref = stobs.ref where st.ref = '324.5343.00.1'
20240409@181927.4436 v0rtf8mcvh9o4odtg12p4qju8c Query : select top 1 bistamp valor from bi inner join bo on bo.bostamp=bi.bostamp where bo.ndos =240 and bo.boano =2025 and bo.obrano = 2402587 and bi.ref ='324.5343.00.1' and bi.lordem =1
20240409@181927.4878 v0rtf8mcvh9o4odtg12p4qju8c Query : select top 1 isnull(design,'') valor from st (nolock) left join stobs (nolock) on st.ref = stobs.ref where st.ref = '324.5343.00.1'
20240409@181927.4891 v0rtf8mcvh9o4odtg12p4qju8c Query : select top 1 bistamp valor from bi inner join bo on bo.bostamp=bi.bostamp where bo.ndos =240 and bo.boano =2025 and bo.obrano = 2402587 and bi.ref ='324.5343.00.1' and bi.lordem =1
20240409@181927.4897 v0rtf8mcvh9o4odtg12p4qju8c Query : use flama_phc
20240409@181927.4900 v0rtf8mcvh9o4odtg12p4qju8c Query : select top 1 convert(date,fdata) valor from ft where ndoc = 39 and anulado= 0 and fno>0 order by fdata desc
20240409@181927.4915 v0rtf8mcvh9o4odtg12p4qju8c Query : use flama_phc
20240409@181927.4929 v0rtf8mcvh9o4odtg12p4qju8c Query : select top 1 1 valor from td where td.ndoc = 39
20240409@181927.4940 v0rtf8mcvh9o4odtg12p4qju8c Query : use flama_phc
20240409@181927.4943 v0rtf8mcvh9o4odtg12p4qju8c Query : select descricao ,case when valor='s' then 1 else 0 end usalotes from para1 where descricao in ('st_lote')
20240409@181927.4955 v0rtf8mcvh9o4odtg12p4qju8c Query : select top 1 assinadoc issigned ,td.lancasl stocks ,'cl' origin ,case when (cmsl between 1 and 50 ) then 1 else 0 end entrada ,case when (cmsl>50 ) then 1 else 0 end saida ,~lotestock validatestock ,tiposaft from td inner join td2 on td.tdstamp=td2.td2stamp where td.ndoc =39
20240409@181927.4970 v0rtf8mcvh9o4odtg12p4qju8c Query : use flama_phc
20240409@181927.4973 v0rtf8mcvh9o4odtg12p4qju8c Query : select top 1 ~inactivo valor from cl where no = '199524' and estab = 0 order by inactivo desc
20240409@181927.5075 v0rtf8mcvh9o4odtg12p4qju8c Query : use flama_phc
20240409@181927.5079 v0rtf8mcvh9o4odtg12p4qju8c Query : select top 1 tipodoc,regrd from td where ndoc = 39
20240409@181927.5091 v0rtf8mcvh9o4odtg12p4qju8c Query : use flama_phc
20240409@181927.5096 v0rtf8mcvh9o4odtg12p4qju8c Query : select szadrsstamp valor from szadrs where szadrsdesc='espaÇotrans,lda'
20240409@181927.5106 v0rtf8mcvh9o4odtg12p4qju8c Query : use flama_phc
20240409@181927.5109 v0rtf8mcvh9o4odtg12p4qju8c Query : select szadrsstamp valor from szadrs where szadrsdesc='worten-equipamentos para o lar,sa.- az'
20240409@181927.5124 v0rtf8mcvh9o4odtg12p4qju8c Query : use flama_phc
20240409@181927.5127 v0rtf8mcvh9o4odtg12p4qju8c Query : select 1 valor from td where ndoc = 39
20240409@181927.5136 v0rtf8mcvh9o4odtg12p4qju8c Query : select top 1 manternumero, tiposaft, nmdos,td.assinadoc from td where td.ndoc = 39
20240409@181927.5149 v0rtf8mcvh9o4odtg12p4qju8c Query : select 1 valor from information_schema.tables where table_type='base table' and table_name='wsft039fields'
20240409@181927.5163 v0rtf8mcvh9o4odtg12p4qju8c Query : select fieldkey,fieldname,fieldtype,mandatory from wsft039fields
20240409@181927.5180 v0rtf8mcvh9o4odtg12p4qju8c Query : select 1 valor from information_schema.tables where table_type='base table' and table_name='wsft2039fields'
20240409@181927.5193 v0rtf8mcvh9o4odtg12p4qju8c Query : select fieldkey,fieldname,fieldtype,mandatory from wsft2039fields
20240409@181927.5218 v0rtf8mcvh9o4odtg12p4qju8c Query : select 1 valor from information_schema.tables where table_type='base table' and table_name='wsft3039fields'
20240409@181927.5231 v0rtf8mcvh9o4odtg12p4qju8c Query : select fieldkey,fieldname,fieldtype,mandatory from wsft3039fields
20240409@181927.5241 v0rtf8mcvh9o4odtg12p4qju8c Query : select top 1 ft.fno valor from ft ft where ft.ndoc = 39 and ftano=2024 order by fno desc
20240409@181927.5346 v0rtf8mcvh9o4odtg12p4qju8c Query : select top 1 ft.fno valor from wsft039data ft where ft.ndoc = 39 and ftano=2024 order by fno desc
20240409@181927.5357 v0rtf8mcvh9o4odtg12p4qju8c Query : select 1 valor from information_schema.tables where table_type='base table' and table_name='wsft3039fields'
20240409@181927.5370 v0rtf8mcvh9o4odtg12p4qju8c Query : select fieldkey,fieldname,fieldtype,calcformula from wsft3039fields
20240409@181927.5380 v0rtf8mcvh9o4odtg12p4qju8c Query : insert into wsft3039data (ft3stamp, ousrdata, ousrhora, usrdata,usrhora,ousrinis,usrinis,taxpointdt ) values ('aut66157453706615789f7f' ,getdate(),convert(char(8),convert (time,getdate())),getdate(),convert(char(8),convert (time,getdate())),'wsv','wsv',?)
20240409@181927.5574 v0rtf8mcvh9o4odtg12p4qju8c Query : select 1 valor from information_schema.tables where table_type='base table' and table_name='wsft2039fields'
20240409@181927.5592 v0rtf8mcvh9o4odtg12p4qju8c Query : select fieldkey,fieldname,fieldtype,calcformula from wsft2039fields
20240409@181927.5624 v0rtf8mcvh9o4odtg12p4qju8c Query : select top 1 bo.u_nomeenv valor from bo where bo.bostamp=''
20240409@181927.5629 v0rtf8mcvh9o4odtg12p4qju8c Query : select top 1 bo.u_moradaen valor from bo where bo.bostamp=''
20240409@181927.5634 v0rtf8mcvh9o4odtg12p4qju8c Query : select top 1 bo.u_codposen valor from bo where bo.bostamp=''
20240409@181927.5651 v0rtf8mcvh9o4odtg12p4qju8c Query : select top 1 bo.u_localenv valor from bo where bo.bostamp=''
20240409@181927.5656 v0rtf8mcvh9o4odtg12p4qju8c Query : select top 1 bo.trab5 valor from bo where bo.bostamp=''
20240409@181927.5661 v0rtf8mcvh9o4odtg12p4qju8c Query : select top 1 bo.serie valor from bo where bo.bostamp=''
20240409@181927.5666 v0rtf8mcvh9o4odtg12p4qju8c Query : insert into wsft2039data (ft2stamp, ousrdata,ousrhora, usrdata,usrhora,ousrinis,usrinis,u_nomeenv ,u_moradaen ,u_codposen ,u_localenv ,u_coddest ,u_codby ) values ('aut66157453706615789f7f',getdate(),convert(char(8),convert (time,getdate())),getdate(),convert(char(8),convert (time,getdate())),'wsv','wsv',?,?,?,?,?,?)
20240409@181927.5960 v0rtf8mcvh9o4odtg12p4qju8c Query : select top 1 fno valor from wsft039data order by fno desc
20240409@181927.5981 v0rtf8mcvh9o4odtg12p4qju8c Query : select 1 valor from information_schema.tables where table_type='base table' and table_name='wsft039fields'
20240409@181927.6005 v0rtf8mcvh9o4odtg12p4qju8c Query : select fieldkey,fieldname,fieldtype,calcformula from wsft039fields
20240409@181927.6023 v0rtf8mcvh9o4odtg12p4qju8c Query : insert into wsft039data (ftstamp, ousrdata,ousrhora, usrdata,usrhora,ousrinis,usrinis,fno,no,estab,fdata,ndoc,moeda,cambio,cambiofixo,ftano,cdata,chora,carga,descar,site ,classe ) values ('aut66157453706615789f7f',getdate(),convert(char(8),convert (time,getdate())),getdate(),convert(char(8),convert (time,getdate())),'wsv','wsv',808,199524,0,'2024-04-09',39,'euro',0,0,2024 ,'20240409','1849',?,?,?,?)
20240409@181927.6364 v0rtf8mcvh9o4odtg12p4qju8c Query : use flama_phc
20240409@181927.6368 v0rtf8mcvh9o4odtg12p4qju8c Query : select st.usalote valor from st where st.ref = '324.5343.00.1'
20240409@181927.6382 v0rtf8mcvh9o4odtg12p4qju8c Query : select top 1 st.tabiva ,st.ivaincl ,st.stns ,st.uni2 ,st.familia ,isnull(tx.taxa, 0) txiva ,unidade ,usalote ,epcpond ,noserie from st left join taxasiva tx on st.tabiva = tx.codigo where st.ref = '324.5343.00.1'
20240409@181927.7636 v0rtf8mcvh9o4odtg12p4qju8c Query : select 1 valor from information_schema.tables where table_type='base table' and table_name='wsfi039fields'
20240409@181927.7653 v0rtf8mcvh9o4odtg12p4qju8c Query : select fieldkey,fieldname,fieldtype,mandatory from wsfi039fields
20240409@181927.7677 v0rtf8mcvh9o4odtg12p4qju8c Query : select 1 valor from information_schema.tables where table_type='base table' and table_name='wsfi2039fields'
20240409@181927.7692 v0rtf8mcvh9o4odtg12p4qju8c Query : select fieldkey,fieldname,fieldtype,mandatory from wsfi2039fields
20240409@181927.7697 v0rtf8mcvh9o4odtg12p4qju8c Query : select sestamp valor from se where ref ='324.5343.00.1' and lote = 'r2300915100a'
20240409@181927.7722 v0rtf8mcvh9o4odtg12p4qju8c Query : select top 1 convert(numeric(6,2),t.taxa) valor from taxasiva t where t.codigo='2'
20240409@181927.7734 v0rtf8mcvh9o4odtg12p4qju8c Query : select 1 valor from information_schema.tables where table_type='base table' and table_name='wsfi039fields'
20240409@181927.7747 v0rtf8mcvh9o4odtg12p4qju8c Query : select fieldkey,fieldname,fieldtype,calcformula from wsfi039fields
20240409@181927.7772 v0rtf8mcvh9o4odtg12p4qju8c Query : insert into wsfi039data (fistamp,ousrdata, ousrhora, usrdata,usrhora,ousrinis,usrinis ,qtt ,ftstamp ,epv,pvmoeda ,tabiva,iva,lordem ,ref, design ,lote,armazem,bistamp ) values ('aut66157128726615789fbc',getdate(),convert(char(8),convert (time,getdate())),getdate(),convert(char(8),convert (time,getdate())),'wsv','wsv',78.000 ,'aut66157453706615789f7f' ,0,0 ,2,23.00,10000,?,?,?,?,?)
20240409@181927.8081 v0rtf8mcvh9o4odtg12p4qju8c Query : select 1 valor from information_schema.tables where table_type='base table' and table_name='wsfi2039fields'
20240409@181927.8101 v0rtf8mcvh9o4odtg12p4qju8c Query : select fieldkey,fieldname,fieldtype,calcformula from wsfi2039fields
20240409@181927.8106 v0rtf8mcvh9o4odtg12p4qju8c Query : insert into wsfi2039data (fi2stamp,ftstamp ,ousrdata, ousrhora, usrdata,usrhora,ousrinis,usrinis) values ('aut66157128726615789fbc','aut66157453706615789f7f' ,getdate(),convert(char(8),convert (time,getdate())),getdate(),convert(char(8),convert (time,getdate())),'wsv','wsv')
20240409@181927.8111 v0rtf8mcvh9o4odtg12p4qju8c Query : select 1 valor from information_schema.tables where table_type='base table' and table_name='wsfi039fields'
20240409@181927.8127 v0rtf8mcvh9o4odtg12p4qju8c Query : select fieldkey,fieldname,fieldtype,mandatory from wsfi039fields
20240409@181927.8163 v0rtf8mcvh9o4odtg12p4qju8c Query : select 1 valor from information_schema.tables where table_type='base table' and table_name='wsfi2039fields'
20240409@181927.8177 v0rtf8mcvh9o4odtg12p4qju8c Query : select fieldkey,fieldname,fieldtype,mandatory from wsfi2039fields
20240409@181927.8181 v0rtf8mcvh9o4odtg12p4qju8c Query : select top 1 convert(numeric(6,2),t.taxa) valor from taxasiva t where t.codigo='2'
20240409@181927.8192 v0rtf8mcvh9o4odtg12p4qju8c Query : select 1 valor from information_schema.tables where table_type='base table' and table_name='wsfi039fields'
20240409@181927.8205 v0rtf8mcvh9o4odtg12p4qju8c Query : select fieldkey,fieldname,fieldtype,calcformula from wsfi039fields
20240409@181927.8231 v0rtf8mcvh9o4odtg12p4qju8c Query : insert into wsfi039data (fistamp,ousrdata, ousrhora, usrdata,usrhora,ousrinis,usrinis ,qtt ,ftstamp ,epv,pvmoeda ,tabiva,iva,lordem ,ref, design ,armazem) values ('aut66157507826615789fc8',getdate(),convert(char(8),convert (time,getdate())),getdate(),convert(char(8),convert (time,getdate())),'wsv','wsv',0 ,'aut66157453706615789f7f' ,0,0 ,2,23.00,20000,?,?,?)
20240409@181927.8630 v0rtf8mcvh9o4odtg12p4qju8c Query : select 1 valor from information_schema.tables where table_type='base table' and table_name='wsfi2039fields'
20240409@181927.8647 v0rtf8mcvh9o4odtg12p4qju8c Query : select fieldkey,fieldname,fieldtype,calcformula from wsfi2039fields
20240409@181927.8652 v0rtf8mcvh9o4odtg12p4qju8c Query : insert into wsfi2039data (fi2stamp,ftstamp ,ousrdata, ousrhora, usrdata,usrhora,ousrinis,usrinis) values ('aut66157507826615789fc8','aut66157453706615789f7f' ,getdate(),convert(char(8),convert (time,getdate())),getdate(),convert(char(8),convert (time,getdate())),'wsv','wsv')
20240409@181927.8657 v0rtf8mcvh9o4odtg12p4qju8c Query : use flama_phc
20240409@181927.8661 v0rtf8mcvh9o4odtg12p4qju8c Query : select st.usalote valor from st where st.ref = '324.5343.00.1'
20240409@181927.8674 v0rtf8mcvh9o4odtg12p4qju8c Query : select top 1 st.tabiva ,st.ivaincl ,st.stns ,st.uni2 ,st.familia ,isnull(tx.taxa, 0) txiva ,unidade ,usalote ,epcpond ,noserie from st left join taxasiva tx on st.tabiva = tx.codigo where st.ref = '324.5343.00.1'
20240409@181927.8686 v0rtf8mcvh9o4odtg12p4qju8c Query : select 1 valor from information_schema.tables where table_type='base table' and table_name='wsfi039fields'
20240409@181927.8700 v0rtf8mcvh9o4odtg12p4qju8c Query : select fieldkey,fieldname,fieldtype,mandatory from wsfi039fields
20240409@181927.8832 v0rtf8mcvh9o4odtg12p4qju8c Query : select 1 valor from information_schema.tables where table_type='base table' and table_name='wsfi2039fields'
20240409@181927.8849 v0rtf8mcvh9o4odtg12p4qju8c Query : select fieldkey,fieldname,fieldtype,mandatory from wsfi2039fields
20240409@181927.8854 v0rtf8mcvh9o4odtg12p4qju8c Query : select sestamp valor from se where ref ='324.5343.00.1' and lote = 'r2301282100a'
20240409@181927.8916 v0rtf8mcvh9o4odtg12p4qju8c Query : select top 1 convert(numeric(6,2),t.taxa) valor from taxasiva t where t.codigo='2'
20240409@181927.8929 v0rtf8mcvh9o4odtg12p4qju8c Query : select 1 valor from information_schema.tables where table_type='base table' and table_name='wsfi039fields'
20240409@181927.8943 v0rtf8mcvh9o4odtg12p4qju8c Query : select fieldkey,fieldname,fieldtype,calcformula from wsfi039fields
20240409@181927.8971 v0rtf8mcvh9o4odtg12p4qju8c Query : insert into wsfi039data (fistamp,ousrdata, ousrhora, usrdata,usrhora,ousrinis,usrinis ,qtt ,ftstamp ,epv,pvmoeda ,tabiva,iva,lordem ,ref, design ,lote,armazem,bistamp ) values ('aut66157222956615789fd9',getdate(),convert(char(8),convert (time,getdate())),getdate(),convert(char(8),convert (time,getdate())),'wsv','wsv',24.000 ,'aut66157453706615789f7f' ,0,0 ,2,23.00,40000,?,?,?,?,?)
20240409@181927.9274 v0rtf8mcvh9o4odtg12p4qju8c Query : select 1 valor from information_schema.tables where table_type='base table' and table_name='wsfi2039fields'
20240409@181927.9293 v0rtf8mcvh9o4odtg12p4qju8c Query : select fieldkey,fieldname,fieldtype,calcformula from wsfi2039fields
20240409@181927.9299 v0rtf8mcvh9o4odtg12p4qju8c Query : insert into wsfi2039data (fi2stamp,ftstamp ,ousrdata, ousrhora, usrdata,usrhora,ousrinis,usrinis) values ('aut66157222956615789fd9','aut66157453706615789f7f' ,getdate(),convert(char(8),convert (time,getdate())),getdate(),convert(char(8),convert (time,getdate())),'wsv','wsv')
20240409@181927.9304 v0rtf8mcvh9o4odtg12p4qju8c Query : select 1 valor from information_schema.tables where table_type='base table' and table_name='wsfi039fields'
20240409@181927.9327 v0rtf8mcvh9o4odtg12p4qju8c Query : select fieldkey,fieldname,fieldtype,mandatory from wsfi039fields
20240409@181927.9356 v0rtf8mcvh9o4odtg12p4qju8c Query : select 1 valor from information_schema.tables where table_type='base table' and table_name='wsfi2039fields'
20240409@181927.9369 v0rtf8mcvh9o4odtg12p4qju8c Query : select fieldkey,fieldname,fieldtype,mandatory from wsfi2039fields
20240409@181927.9374 v0rtf8mcvh9o4odtg12p4qju8c Query : select top 1 convert(numeric(6,2),t.taxa) valor from taxasiva t where t.codigo='2'
20240409@181927.9384 v0rtf8mcvh9o4odtg12p4qju8c Query : select 1 valor from information_schema.tables where table_type='base table' and table_name='wsfi039fields'
20240409@181927.9396 v0rtf8mcvh9o4odtg12p4qju8c Query : select fieldkey,fieldname,fieldtype,calcformula from wsfi039fields
20240409@181927.9422 v0rtf8mcvh9o4odtg12p4qju8c Query : insert into wsfi039data (fistamp,ousrdata, ousrhora, usrdata,usrhora,ousrinis,usrinis ,qtt ,ftstamp ,epv,pvmoeda ,tabiva,iva,lordem ,ref, design ,armazem) values ('aut66157399506615789fe5',getdate(),convert(char(8),convert (time,getdate())),getdate(),convert(char(8),convert (time,getdate())),'wsv','wsv',0 ,'aut66157453706615789f7f' ,0,0 ,2,23.00,50000,?,?,?)
20240409@181927.9754 v0rtf8mcvh9o4odtg12p4qju8c Query : select 1 valor from information_schema.tables where table_type='base table' and table_name='wsfi2039fields'
20240409@181927.9775 v0rtf8mcvh9o4odtg12p4qju8c Query : select fieldkey,fieldname,fieldtype,calcformula from wsfi2039fields
20240409@181927.9780 v0rtf8mcvh9o4odtg12p4qju8c Query : insert into wsfi2039data (fi2stamp,ftstamp ,ousrdata, ousrhora, usrdata,usrhora,ousrinis,usrinis) values ('aut66157399506615789fe5','aut66157453706615789f7f' ,getdate(),convert(char(8),convert (time,getdate())),getdate(),convert(char(8),convert (time,getdate())),'wsv','wsv')
20240409@181927.9784 v0rtf8mcvh9o4odtg12p4qju8c Query : insert into wsftcreationlog (initialftstamp,externalid,creationstatus,documenttypeid,idustamp) values ('aut66157453706615789f7f','2402587','wait',39,'ari17112337378,753000005')
20240409@181927.9807 v0rtf8mcvh9o4odtg12p4qju8c Query : use flama_phc
20240409@181927.9810 v0rtf8mcvh9o4odtg12p4qju8c Query : update u_wsusers set rqsttoken =? where userid ='userls001'
20240409@181927.9821 v0rtf8mcvh9o4odtg12p4qju8c Query : select concat(rtrim(relative_path),ltrim(name_new)) as valor from uploadfiles where uploadfile_id='1047';
20240409@181927.9842 v0rtf8mcvh9o4odtg12p4qju8c Query : update uploadfiles set whenupdated=current_timestamp where uploadfile_id='1047';
20240409@181927.9857 v0rtf8mcvh9o4odtg12p4qju8c Query : select concat(rtrim(relative_path),ltrim(name_new)) as valor from uploadfiles where uploadfile_id='1047';
20240409@181927.9874 v0rtf8mcvh9o4odtg12p4qju8c Query : update uploadfiles set whenupdated=current_timestamp where uploadfile_id='1047';
20240409@181928.2800 plc8udv3utb894sl2n1t8avpmv Query : insert into uploadfiles ( name_original, name_new, option_type, relative_path, whencreated ) values ( ?, ?, ?, ?, getdate() )
20240409@181928.2970 plc8udv3utb894sl2n1t8avpmv Query : select uploadfile_id valor from uploadfiles where name_new = ? and option_type = ? 
20240409@181928.3200 plc8udv3utb894sl2n1t8avpmv Query : select concat(rtrim(relative_path),ltrim(name_new)) as valor from uploadfiles where uploadfile_id='1048';
20240409@181928.3690 plc8udv3utb894sl2n1t8avpmv Query : update uploadfiles set whenupdated=current_timestamp where uploadfile_id='1048';
20240409@181928.3860 plc8udv3utb894sl2n1t8avpmv Query : select concat(rtrim(relative_path),ltrim(name_new)) as valor from uploadfiles where uploadfile_id='1048';
20240409@181928.4020 plc8udv3utb894sl2n1t8avpmv Query : update uploadfiles set whenupdated=current_timestamp where uploadfile_id='1048';
20240409@181928.4150 plc8udv3utb894sl2n1t8avpmv Query : use flama_phc
20240409@181928.4190 plc8udv3utb894sl2n1t8avpmv Query : select top 1 secretkey valor from u_wsusers u where u.userid = ? and u.inactivo=0
20240409@181928.4320 plc8udv3utb894sl2n1t8avpmv Query : use flama_phc
20240409@181928.4350 plc8udv3utb894sl2n1t8avpmv Query : select no, estab,szadrsdesc from szadrs where u_coddest=4740
20240409@181928.5310 plc8udv3utb894sl2n1t8avpmv Query : select top 1 isnull(design,'') valor from st (nolock) left join stobs (nolock) on st.ref = stobs.ref where st.ref = '324.1675.00.2'
20240409@181928.7200 plc8udv3utb894sl2n1t8avpmv Query : select top 1 bistamp valor from bi inner join bo on bo.bostamp=bi.bostamp where bo.ndos =240 and bo.boano =2025 and bo.obrano = 2402598 and bi.ref ='324.1675.00.2' and bi.lordem =1
20240409@181928.1175 plc8udv3utb894sl2n1t8avpmv Query : select top 1 isnull(design,'') valor from st (nolock) left join stobs (nolock) on st.ref = stobs.ref where st.ref = '324.1221.00.1'
20240409@181928.1351 plc8udv3utb894sl2n1t8avpmv Query : select top 1 bistamp valor from bi inner join bo on bo.bostamp=bi.bostamp where bo.ndos =240 and bo.boano =2025 and bo.obrano = 2402598 and bi.ref ='324.1221.00.1' and bi.lordem =2
20240409@181928.1679 plc8udv3utb894sl2n1t8avpmv Query : use flama_phc
20240409@181928.1687 plc8udv3utb894sl2n1t8avpmv Query : select top 1 convert(date,fdata) valor from ft where ndoc = 39 and anulado= 0 and fno>0 order by fdata desc
20240409@181928.1700 plc8udv3utb894sl2n1t8avpmv Query : use flama_phc
20240409@181928.1704 plc8udv3utb894sl2n1t8avpmv Query : select top 1 1 valor from td where td.ndoc = 39
20240409@181928.1717 plc8udv3utb894sl2n1t8avpmv Query : use flama_phc
20240409@181928.1719 plc8udv3utb894sl2n1t8avpmv Query : select descricao ,case when valor='s' then 1 else 0 end usalotes from para1 where descricao in ('st_lote')
20240409@181928.1730 plc8udv3utb894sl2n1t8avpmv Query : select top 1 assinadoc issigned ,td.lancasl stocks ,'cl' origin ,case when (cmsl between 1 and 50 ) then 1 else 0 end entrada ,case when (cmsl>50 ) then 1 else 0 end saida ,~lotestock validatestock ,tiposaft from td inner join td2 on td.tdstamp=td2.td2stamp where td.ndoc =39
20240409@181928.1760 plc8udv3utb894sl2n1t8avpmv Query : use flama_phc
20240409@181928.1763 plc8udv3utb894sl2n1t8avpmv Query : select top 1 ~inactivo valor from cl where no = '100810' and estab = 0 order by inactivo desc
20240409@181928.1865 plc8udv3utb894sl2n1t8avpmv Query : use flama_phc
20240409@181928.1868 plc8udv3utb894sl2n1t8avpmv Query : select top 1 tipodoc,regrd from td where ndoc = 39
20240409@181928.1879 plc8udv3utb894sl2n1t8avpmv Query : use flama_phc
20240409@181928.1882 plc8udv3utb894sl2n1t8avpmv Query : select szadrsstamp valor from szadrs where szadrsdesc='espaÇotrans,lda'
20240409@181928.1892 plc8udv3utb894sl2n1t8avpmv Query : use flama_phc
20240409@181928.1895 plc8udv3utb894sl2n1t8avpmv Query : select szadrsstamp valor from szadrs where szadrsdesc='100810 - worten-equipamentos para o lar,sa.'
20240409@181928.1910 plc8udv3utb894sl2n1t8avpmv Query : use flama_phc
20240409@181928.1914 plc8udv3utb894sl2n1t8avpmv Query : select 1 valor from td where ndoc = 39
20240409@181928.1926 plc8udv3utb894sl2n1t8avpmv Query : select top 1 manternumero, tiposaft, nmdos,td.assinadoc from td where td.ndoc = 39
20240409@181928.1941 plc8udv3utb894sl2n1t8avpmv Query : select 1 valor from information_schema.tables where table_type='base table' and table_name='wsft039fields'
20240409@181928.1956 plc8udv3utb894sl2n1t8avpmv Query : select fieldkey,fieldname,fieldtype,mandatory from wsft039fields
20240409@181928.1974 plc8udv3utb894sl2n1t8avpmv Query : select 1 valor from information_schema.tables where table_type='base table' and table_name='wsft2039fields'
20240409@181928.2310 plc8udv3utb894sl2n1t8avpmv Query : select fieldkey,fieldname,fieldtype,mandatory from wsft2039fields
20240409@181928.3238 plc8udv3utb894sl2n1t8avpmv Query : select 1 valor from information_schema.tables where table_type='base table' and table_name='wsft3039fields'
20240409@181928.3298 plc8udv3utb894sl2n1t8avpmv Query : select fieldkey,fieldname,fieldtype,mandatory from wsft3039fields
20240409@181928.3952 plc8udv3utb894sl2n1t8avpmv Query : select top 1 ft.fno valor from ft ft where ft.ndoc = 39 and ftano=2024 order by fno desc
20240409@181928.4060 plc8udv3utb894sl2n1t8avpmv Query : select top 1 ft.fno valor from wsft039data ft where ft.ndoc = 39 and ftano=2024 order by fno desc
20240409@181928.4072 plc8udv3utb894sl2n1t8avpmv Query : select 1 valor from information_schema.tables where table_type='base table' and table_name='wsft3039fields'
20240409@181928.4088 plc8udv3utb894sl2n1t8avpmv Query : select fieldkey,fieldname,fieldtype,calcformula from wsft3039fields
20240409@181928.4099 plc8udv3utb894sl2n1t8avpmv Query : insert into wsft3039data (ft3stamp, ousrdata, ousrhora, usrdata,usrhora,ousrinis,usrinis,taxpointdt ) values ('aut6615784362661578a060' ,getdate(),convert(char(8),convert (time,getdate())),getdate(),convert(char(8),convert (time,getdate())),'wsv','wsv',?)
20240409@181928.4371 plc8udv3utb894sl2n1t8avpmv Query : select 1 valor from information_schema.tables where table_type='base table' and table_name='wsft2039fields'
20240409@181928.4388 plc8udv3utb894sl2n1t8avpmv Query : select fieldkey,fieldname,fieldtype,calcformula from wsft2039fields
20240409@181928.4420 plc8udv3utb894sl2n1t8avpmv Query : select top 1 bo.u_nomeenv valor from bo where bo.bostamp=''
20240409@181928.4426 plc8udv3utb894sl2n1t8avpmv Query : select top 1 bo.u_moradaen valor from bo where bo.bostamp=''
20240409@181928.4432 plc8udv3utb894sl2n1t8avpmv Query : select top 1 bo.u_codposen valor from bo where bo.bostamp=''
20240409@181928.4438 plc8udv3utb894sl2n1t8avpmv Query : select top 1 bo.u_localenv valor from bo where bo.bostamp=''
20240409@181928.4455 plc8udv3utb894sl2n1t8avpmv Query : select top 1 bo.trab5 valor from bo where bo.bostamp=''
20240409@181928.4461 plc8udv3utb894sl2n1t8avpmv Query : select top 1 bo.serie valor from bo where bo.bostamp=''
20240409@181928.4466 plc8udv3utb894sl2n1t8avpmv Query : insert into wsft2039data (ft2stamp, ousrdata,ousrhora, usrdata,usrhora,ousrinis,usrinis,u_nomeenv ,u_moradaen ,u_codposen ,u_localenv ,u_coddest ,u_codby ) values ('aut6615784362661578a060',getdate(),convert(char(8),convert (time,getdate())),getdate(),convert(char(8),convert (time,getdate())),'wsv','wsv',?,?,?,?,?,?)
20240409@181928.4777 plc8udv3utb894sl2n1t8avpmv Query : select top 1 fno valor from wsft039data order by fno desc
20240409@181928.4804 plc8udv3utb894sl2n1t8avpmv Query : select 1 valor from information_schema.tables where table_type='base table' and table_name='wsft039fields'
20240409@181928.4819 plc8udv3utb894sl2n1t8avpmv Query : select fieldkey,fieldname,fieldtype,calcformula from wsft039fields
20240409@181928.4839 plc8udv3utb894sl2n1t8avpmv Query : insert into wsft039data (ftstamp, ousrdata,ousrhora, usrdata,usrhora,ousrinis,usrinis,fno,no,estab,fdata,ndoc,moeda,cambio,cambiofixo,ftano,cdata,chora,carga,descar,site ,classe ) values ('aut6615784362661578a060',getdate(),convert(char(8),convert (time,getdate())),getdate(),convert(char(8),convert (time,getdate())),'wsv','wsv',809,100810,0,'2024-04-09',39,'euro',0,0,2024 ,'20240409','1849',?,?,?,?)
20240409@181928.5180 plc8udv3utb894sl2n1t8avpmv Query : use flama_phc
20240409@181928.5185 plc8udv3utb894sl2n1t8avpmv Query : select st.usalote valor from st where st.ref = '324.1675.00.2'
20240409@181928.5199 plc8udv3utb894sl2n1t8avpmv Query : select top 1 st.tabiva ,st.ivaincl ,st.stns ,st.uni2 ,st.familia ,isnull(tx.taxa, 0) txiva ,unidade ,usalote ,epcpond ,noserie from st left join taxasiva tx on st.tabiva = tx.codigo where st.ref = '324.1675.00.2'
20240409@181928.5364 plc8udv3utb894sl2n1t8avpmv Query : select 1 valor from information_schema.tables where table_type='base table' and table_name='wsfi039fields'
20240409@181928.5385 plc8udv3utb894sl2n1t8avpmv Query : select fieldkey,fieldname,fieldtype,mandatory from wsfi039fields
20240409@181928.5428 plc8udv3utb894sl2n1t8avpmv Query : select 1 valor from information_schema.tables where table_type='base table' and table_name='wsfi2039fields'
20240409@181928.5453 plc8udv3utb894sl2n1t8avpmv Query : select fieldkey,fieldname,fieldtype,mandatory from wsfi2039fields
20240409@181928.5460 plc8udv3utb894sl2n1t8avpmv Query : select sestamp valor from se where ref ='324.1675.00.2' and lote = 'r2300536200a'
20240409@181928.5478 plc8udv3utb894sl2n1t8avpmv Query : select top 1 convert(numeric(6,2),t.taxa) valor from taxasiva t where t.codigo='2'
20240409@181928.5489 plc8udv3utb894sl2n1t8avpmv Query : select 1 valor from information_schema.tables where table_type='base table' and table_name='wsfi039fields'
20240409@181928.5509 plc8udv3utb894sl2n1t8avpmv Query : select fieldkey,fieldname,fieldtype,calcformula from wsfi039fields
20240409@181928.5542 plc8udv3utb894sl2n1t8avpmv Query : insert into wsfi039data (fistamp,ousrdata, ousrhora, usrdata,usrhora,ousrinis,usrinis ,qtt ,ftstamp ,epv,pvmoeda ,tabiva,iva,lordem ,ref, design ,lote,armazem,bistamp ) values ('aut6615719114661578a086',getdate(),convert(char(8),convert (time,getdate())),getdate(),convert(char(8),convert (time,getdate())),'wsv','wsv',1.000 ,'aut6615784362661578a060' ,0,0 ,2,23.00,10000,?,?,?,?,?)
20240409@181928.5880 plc8udv3utb894sl2n1t8avpmv Query : select 1 valor from information_schema.tables where table_type='base table' and table_name='wsfi2039fields'
20240409@181928.5897 plc8udv3utb894sl2n1t8avpmv Query : select fieldkey,fieldname,fieldtype,calcformula from wsfi2039fields
20240409@181928.5902 plc8udv3utb894sl2n1t8avpmv Query : insert into wsfi2039data (fi2stamp,ftstamp ,ousrdata, ousrhora, usrdata,usrhora,ousrinis,usrinis) values ('aut6615719114661578a086','aut6615784362661578a060' ,getdate(),convert(char(8),convert (time,getdate())),getdate(),convert(char(8),convert (time,getdate())),'wsv','wsv')
20240409@181928.5907 plc8udv3utb894sl2n1t8avpmv Query : use flama_phc
20240409@181928.5911 plc8udv3utb894sl2n1t8avpmv Query : select st.usalote valor from st where st.ref = '324.1221.00.1'
20240409@181928.5924 plc8udv3utb894sl2n1t8avpmv Query : select top 1 st.tabiva ,st.ivaincl ,st.stns ,st.uni2 ,st.familia ,isnull(tx.taxa, 0) txiva ,unidade ,usalote ,epcpond ,noserie from st left join taxasiva tx on st.tabiva = tx.codigo where st.ref = '324.1221.00.1'
20240409@181928.6106 plc8udv3utb894sl2n1t8avpmv Query : select 1 valor from information_schema.tables where table_type='base table' and table_name='wsfi039fields'
20240409@181928.6122 plc8udv3utb894sl2n1t8avpmv Query : select fieldkey,fieldname,fieldtype,mandatory from wsfi039fields
20240409@181928.6160 plc8udv3utb894sl2n1t8avpmv Query : select 1 valor from information_schema.tables where table_type='base table' and table_name='wsfi2039fields'
20240409@181928.6175 plc8udv3utb894sl2n1t8avpmv Query : select fieldkey,fieldname,fieldtype,mandatory from wsfi2039fields
20240409@181928.6179 plc8udv3utb894sl2n1t8avpmv Query : select sestamp valor from se where ref ='324.1221.00.1' and lote = 'r2101229200a'
20240409@181928.6208 plc8udv3utb894sl2n1t8avpmv Query : select top 1 convert(numeric(6,2),t.taxa) valor from taxasiva t where t.codigo='2'
20240409@181928.6219 plc8udv3utb894sl2n1t8avpmv Query : select 1 valor from information_schema.tables where table_type='base table' and table_name='wsfi039fields'
20240409@181928.6232 plc8udv3utb894sl2n1t8avpmv Query : select fieldkey,fieldname,fieldtype,calcformula from wsfi039fields
20240409@181928.6267 plc8udv3utb894sl2n1t8avpmv Query : insert into wsfi039data (fistamp,ousrdata, ousrhora, usrdata,usrhora,ousrinis,usrinis ,qtt ,ftstamp ,epv,pvmoeda ,tabiva,iva,lordem ,ref, design ,lote,armazem,bistamp ) values ('aut6615708235661578a097',getdate(),convert(char(8),convert (time,getdate())),getdate(),convert(char(8),convert (time,getdate())),'wsv','wsv',2.000 ,'aut6615784362661578a060' ,0,0 ,2,23.00,20000,?,?,?,?,?)
20240409@181928.6584 plc8udv3utb894sl2n1t8avpmv Query : select 1 valor from information_schema.tables where table_type='base table' and table_name='wsfi2039fields'
20240409@181928.6610 plc8udv3utb894sl2n1t8avpmv Query : select fieldkey,fieldname,fieldtype,calcformula from wsfi2039fields
20240409@181928.6615 plc8udv3utb894sl2n1t8avpmv Query : insert into wsfi2039data (fi2stamp,ftstamp ,ousrdata, ousrhora, usrdata,usrhora,ousrinis,usrinis) values ('aut6615708235661578a097','aut6615784362661578a060' ,getdate(),convert(char(8),convert (time,getdate())),getdate(),convert(char(8),convert (time,getdate())),'wsv','wsv')
20240409@181928.6620 plc8udv3utb894sl2n1t8avpmv Query : select 1 valor from information_schema.tables where table_type='base table' and table_name='wsfi039fields'
20240409@181928.6634 plc8udv3utb894sl2n1t8avpmv Query : select fieldkey,fieldname,fieldtype,mandatory from wsfi039fields
20240409@181928.6659 plc8udv3utb894sl2n1t8avpmv Query : select 1 valor from information_schema.tables where table_type='base table' and table_name='wsfi2039fields'
20240409@181928.6673 plc8udv3utb894sl2n1t8avpmv Query : select fieldkey,fieldname,fieldtype,mandatory from wsfi2039fields
20240409@181928.6677 plc8udv3utb894sl2n1t8avpmv Query : select top 1 convert(numeric(6,2),t.taxa) valor from taxasiva t where t.codigo='2'
20240409@181928.6687 plc8udv3utb894sl2n1t8avpmv Query : select 1 valor from information_schema.tables where table_type='base table' and table_name='wsfi039fields'
20240409@181928.6708 plc8udv3utb894sl2n1t8avpmv Query : select fieldkey,fieldname,fieldtype,calcformula from wsfi039fields
20240409@181928.6732 plc8udv3utb894sl2n1t8avpmv Query : insert into wsfi039data (fistamp,ousrdata, ousrhora, usrdata,usrhora,ousrinis,usrinis ,qtt ,ftstamp ,epv,pvmoeda ,tabiva,iva,lordem ,ref, design ,armazem) values ('aut6615771590661578a0a3',getdate(),convert(char(8),convert (time,getdate())),getdate(),convert(char(8),convert (time,getdate())),'wsv','wsv',0 ,'aut6615784362661578a060' ,0,0 ,2,23.00,30000,?,?,?)
20240409@181928.7080 plc8udv3utb894sl2n1t8avpmv Query : select 1 valor from information_schema.tables where table_type='base table' and table_name='wsfi2039fields'
20240409@181928.7095 plc8udv3utb894sl2n1t8avpmv Query : select fieldkey,fieldname,fieldtype,calcformula from wsfi2039fields
20240409@181928.7101 plc8udv3utb894sl2n1t8avpmv Query : insert into wsfi2039data (fi2stamp,ftstamp ,ousrdata, ousrhora, usrdata,usrhora,ousrinis,usrinis) values ('aut6615771590661578a0a3','aut6615784362661578a060' ,getdate(),convert(char(8),convert (time,getdate())),getdate(),convert(char(8),convert (time,getdate())),'wsv','wsv')
20240409@181928.7106 plc8udv3utb894sl2n1t8avpmv Query : insert into wsftcreationlog (initialftstamp,externalid,creationstatus,documenttypeid,idustamp) values ('aut6615784362661578a060','2402598','wait',39,'ari17112337378,753000005')
20240409@181928.7130 plc8udv3utb894sl2n1t8avpmv Query : use flama_phc
20240409@181928.7133 plc8udv3utb894sl2n1t8avpmv Query : update u_wsusers set rqsttoken =? where userid ='userls001'
20240409@181928.7145 plc8udv3utb894sl2n1t8avpmv Query : select concat(rtrim(relative_path),ltrim(name_new)) as valor from uploadfiles where uploadfile_id='1048';
20240409@181928.7164 plc8udv3utb894sl2n1t8avpmv Query : update uploadfiles set whenupdated=current_timestamp where uploadfile_id='1048';
20240409@181928.7181 plc8udv3utb894sl2n1t8avpmv Query : select concat(rtrim(relative_path),ltrim(name_new)) as valor from uploadfiles where uploadfile_id='1048';
20240409@181928.7200 plc8udv3utb894sl2n1t8avpmv Query : update uploadfiles set whenupdated=current_timestamp where uploadfile_id='1048';
20240409@181928.7602 ni22t0o51f84sb4afamq0qgg7d Query : insert into uploadfiles ( name_original, name_new, option_type, relative_path, whencreated ) values ( ?, ?, ?, ?, getdate() )
20240409@181928.7618 ni22t0o51f84sb4afamq0qgg7d Query : select uploadfile_id valor from uploadfiles where name_new = ? and option_type = ? 
20240409@181928.8386 ni22t0o51f84sb4afamq0qgg7d Query : select concat(rtrim(relative_path),ltrim(name_new)) as valor from uploadfiles where uploadfile_id='1049';
20240409@181928.8441 ni22t0o51f84sb4afamq0qgg7d Query : update uploadfiles set whenupdated=current_timestamp where uploadfile_id='1049';
20240409@181928.8463 ni22t0o51f84sb4afamq0qgg7d Query : select concat(rtrim(relative_path),ltrim(name_new)) as valor from uploadfiles where uploadfile_id='1049';
20240409@181928.8483 ni22t0o51f84sb4afamq0qgg7d Query : update uploadfiles set whenupdated=current_timestamp where uploadfile_id='1049';
20240409@181928.8496 ni22t0o51f84sb4afamq0qgg7d Query : use flama_phc
20240409@181928.8500 ni22t0o51f84sb4afamq0qgg7d Query : select top 1 secretkey valor from u_wsusers u where u.userid = ? and u.inactivo=0
20240409@181928.8516 ni22t0o51f84sb4afamq0qgg7d Query : use flama_phc
20240409@181928.8519 ni22t0o51f84sb4afamq0qgg7d Query : select no, estab,szadrsdesc from szadrs where u_coddest=6737
20240409@181928.8608 ni22t0o51f84sb4afamq0qgg7d Query : select top 1 isnull(design,'') valor from st (nolock) left join stobs (nolock) on st.ref = stobs.ref where st.ref = '328.9006.00.1'
20240409@181928.8851 ni22t0o51f84sb4afamq0qgg7d Query : select top 1 bistamp valor from bi inner join bo on bo.bostamp=bi.bostamp where bo.ndos =240 and bo.boano =2026 and bo.obrano = 2402604 and bi.ref ='328.9006.00.1' and bi.lordem =1
20240409@181928.9579 ni22t0o51f84sb4afamq0qgg7d Query : select top 1 isnull(design,'') valor from st (nolock) left join stobs (nolock) on st.ref = stobs.ref where st.ref = '328.9106.00.1'
20240409@181929.1850 ni22t0o51f84sb4afamq0qgg7d Query : select top 1 bistamp valor from bi inner join bo on bo.bostamp=bi.bostamp where bo.ndos =240 and bo.boano =2026 and bo.obrano = 2402604 and bi.ref ='328.9106.00.1' and bi.lordem =2
20240409@181929.5460 ni22t0o51f84sb4afamq0qgg7d Query : use flama_phc
20240409@181929.5510 ni22t0o51f84sb4afamq0qgg7d Query : select top 1 convert(date,fdata) valor from ft where ndoc = 39 and anulado= 0 and fno>0 order by fdata desc
20240409@181929.5640 ni22t0o51f84sb4afamq0qgg7d Query : use flama_phc
20240409@181929.5670 ni22t0o51f84sb4afamq0qgg7d Query : select top 1 1 valor from td where td.ndoc = 39
20240409@181929.5770 ni22t0o51f84sb4afamq0qgg7d Query : use flama_phc
20240409@181929.5790 ni22t0o51f84sb4afamq0qgg7d Query : select descricao ,case when valor='s' then 1 else 0 end usalotes from para1 where descricao in ('st_lote')
20240409@181929.5960 ni22t0o51f84sb4afamq0qgg7d Query : select top 1 assinadoc issigned ,td.lancasl stocks ,'cl' origin ,case when (cmsl between 1 and 50 ) then 1 else 0 end entrada ,case when (cmsl>50 ) then 1 else 0 end saida ,~lotestock validatestock ,tiposaft from td inner join td2 on td.tdstamp=td2.td2stamp where td.ndoc =39
20240409@181929.6100 ni22t0o51f84sb4afamq0qgg7d Query : use flama_phc
20240409@181929.6140 ni22t0o51f84sb4afamq0qgg7d Query : select top 1 ~inactivo valor from cl where no = '100810' and estab = 0 order by inactivo desc
20240409@181929.6240 ni22t0o51f84sb4afamq0qgg7d Query : use flama_phc
20240409@181929.6270 ni22t0o51f84sb4afamq0qgg7d Query : select top 1 tipodoc,regrd from td where ndoc = 39
20240409@181929.6360 ni22t0o51f84sb4afamq0qgg7d Query : use flama_phc
20240409@181929.6390 ni22t0o51f84sb4afamq0qgg7d Query : select szadrsstamp valor from szadrs where szadrsdesc='espaÇotrans,lda'
20240409@181929.6510 ni22t0o51f84sb4afamq0qgg7d Query : use flama_phc
20240409@181929.6530 ni22t0o51f84sb4afamq0qgg7d Query : select szadrsstamp valor from szadrs where szadrsdesc='100810 - worten-plaza large formats rainha'
20240409@181929.6660 ni22t0o51f84sb4afamq0qgg7d Query : use flama_phc
20240409@181929.6680 ni22t0o51f84sb4afamq0qgg7d Query : select 1 valor from td where ndoc = 39
20240409@181929.6780 ni22t0o51f84sb4afamq0qgg7d Query : select top 1 manternumero, tiposaft, nmdos,td.assinadoc from td where td.ndoc = 39
20240409@181929.6880 ni22t0o51f84sb4afamq0qgg7d Query : select 1 valor from information_schema.tables where table_type='base table' and table_name='wsft039fields'
20240409@181929.7030 ni22t0o51f84sb4afamq0qgg7d Query : select fieldkey,fieldname,fieldtype,mandatory from wsft039fields
20240409@181929.7200 ni22t0o51f84sb4afamq0qgg7d Query : select 1 valor from information_schema.tables where table_type='base table' and table_name='wsft2039fields'
20240409@181929.7320 ni22t0o51f84sb4afamq0qgg7d Query : select fieldkey,fieldname,fieldtype,mandatory from wsft2039fields
20240409@181929.7600 ni22t0o51f84sb4afamq0qgg7d Query : select 1 valor from information_schema.tables where table_type='base table' and table_name='wsft3039fields'
20240409@181929.7740 ni22t0o51f84sb4afamq0qgg7d Query : select fieldkey,fieldname,fieldtype,mandatory from wsft3039fields
20240409@181929.7850 ni22t0o51f84sb4afamq0qgg7d Query : select top 1 ft.fno valor from ft ft where ft.ndoc = 39 and ftano=2024 order by fno desc
20240409@181929.9150 ni22t0o51f84sb4afamq0qgg7d Query : select top 1 ft.fno valor from wsft039data ft where ft.ndoc = 39 and ftano=2024 order by fno desc
20240409@181929.9240 ni22t0o51f84sb4afamq0qgg7d Query : select 1 valor from information_schema.tables where table_type='base table' and table_name='wsft3039fields'
20240409@181929.9370 ni22t0o51f84sb4afamq0qgg7d Query : select fieldkey,fieldname,fieldtype,calcformula from wsft3039fields
20240409@181929.9480 ni22t0o51f84sb4afamq0qgg7d Query : insert into wsft3039data (ft3stamp, ousrdata, ousrhora, usrdata,usrhora,ousrinis,usrinis,taxpointdt ) values ('aut6615745629661578a113' ,getdate(),convert(char(8),convert (time,getdate())),getdate(),convert(char(8),convert (time,getdate())),'wsv','wsv',?)
20240409@181929.1141 ni22t0o51f84sb4afamq0qgg7d Query : select 1 valor from information_schema.tables where table_type='base table' and table_name='wsft2039fields'
20240409@181929.1160 ni22t0o51f84sb4afamq0qgg7d Query : select fieldkey,fieldname,fieldtype,calcformula from wsft2039fields
20240409@181929.1194 ni22t0o51f84sb4afamq0qgg7d Query : select top 1 bo.u_nomeenv valor from bo where bo.bostamp=''
20240409@181929.1199 ni22t0o51f84sb4afamq0qgg7d Query : select top 1 bo.u_moradaen valor from bo where bo.bostamp=''
20240409@181929.1204 ni22t0o51f84sb4afamq0qgg7d Query : select top 1 bo.u_codposen valor from bo where bo.bostamp=''
20240409@181929.1209 ni22t0o51f84sb4afamq0qgg7d Query : select top 1 bo.u_localenv valor from bo where bo.bostamp=''
20240409@181929.1214 ni22t0o51f84sb4afamq0qgg7d Query : select top 1 bo.trab5 valor from bo where bo.bostamp=''
20240409@181929.1219 ni22t0o51f84sb4afamq0qgg7d Query : select top 1 bo.serie valor from bo where bo.bostamp=''
20240409@181929.1223 ni22t0o51f84sb4afamq0qgg7d Query : insert into wsft2039data (ft2stamp, ousrdata,ousrhora, usrdata,usrhora,ousrinis,usrinis,u_nomeenv ,u_moradaen ,u_codposen ,u_localenv ,u_coddest ,u_codby ) values ('aut6615745629661578a113',getdate(),convert(char(8),convert (time,getdate())),getdate(),convert(char(8),convert (time,getdate())),'wsv','wsv',?,?,?,?,?,?)
20240409@181929.1532 ni22t0o51f84sb4afamq0qgg7d Query : select top 1 fno valor from wsft039data order by fno desc
20240409@181929.1551 ni22t0o51f84sb4afamq0qgg7d Query : select 1 valor from information_schema.tables where table_type='base table' and table_name='wsft039fields'
20240409@181929.1566 ni22t0o51f84sb4afamq0qgg7d Query : select fieldkey,fieldname,fieldtype,calcformula from wsft039fields
20240409@181929.1585 ni22t0o51f84sb4afamq0qgg7d Query : insert into wsft039data (ftstamp, ousrdata,ousrhora, usrdata,usrhora,ousrinis,usrinis,fno,no,estab,fdata,ndoc,moeda,cambio,cambiofixo,ftano,cdata,chora,carga,descar,site ,classe ) values ('aut6615745629661578a113',getdate(),convert(char(8),convert (time,getdate())),getdate(),convert(char(8),convert (time,getdate())),'wsv','wsv',810,100810,0,'2024-04-09',39,'euro',0,0,2024 ,'20240409','1849',?,?,?,?)
20240409@181929.1914 ni22t0o51f84sb4afamq0qgg7d Query : use flama_phc
20240409@181929.1918 ni22t0o51f84sb4afamq0qgg7d Query : select st.usalote valor from st where st.ref = '328.9006.00.1'
20240409@181929.1930 ni22t0o51f84sb4afamq0qgg7d Query : select top 1 st.tabiva ,st.ivaincl ,st.stns ,st.uni2 ,st.familia ,isnull(tx.taxa, 0) txiva ,unidade ,usalote ,epcpond ,noserie from st left join taxasiva tx on st.tabiva = tx.codigo where st.ref = '328.9006.00.1'
20240409@181929.2082 ni22t0o51f84sb4afamq0qgg7d Query : select 1 valor from information_schema.tables where table_type='base table' and table_name='wsfi039fields'
20240409@181929.2096 ni22t0o51f84sb4afamq0qgg7d Query : select fieldkey,fieldname,fieldtype,mandatory from wsfi039fields
20240409@181929.2121 ni22t0o51f84sb4afamq0qgg7d Query : select 1 valor from information_schema.tables where table_type='base table' and table_name='wsfi2039fields'
20240409@181929.2135 ni22t0o51f84sb4afamq0qgg7d Query : select fieldkey,fieldname,fieldtype,mandatory from wsfi2039fields
20240409@181929.2139 ni22t0o51f84sb4afamq0qgg7d Query : select sestamp valor from se where ref ='328.9006.00.1' and lote = 'r2300691200a'
20240409@181929.2165 ni22t0o51f84sb4afamq0qgg7d Query : select top 1 convert(numeric(6,2),t.taxa) valor from taxasiva t where t.codigo='2'
20240409@181929.2174 ni22t0o51f84sb4afamq0qgg7d Query : select 1 valor from information_schema.tables where table_type='base table' and table_name='wsfi039fields'
20240409@181929.2188 ni22t0o51f84sb4afamq0qgg7d Query : select fieldkey,fieldname,fieldtype,calcformula from wsfi039fields
20240409@181929.2222 ni22t0o51f84sb4afamq0qgg7d Query : insert into wsfi039data (fistamp,ousrdata, ousrhora, usrdata,usrhora,ousrinis,usrinis ,qtt ,ftstamp ,epv,pvmoeda ,tabiva,iva,lordem ,ref, design ,lote,armazem,bistamp ) values ('aut6615717146661578a135',getdate(),convert(char(8),convert (time,getdate())),getdate(),convert(char(8),convert (time,getdate())),'wsv','wsv',2.000 ,'aut6615745629661578a113' ,0,0 ,2,23.00,10000,?,?,?,?,?)
20240409@181929.2552 ni22t0o51f84sb4afamq0qgg7d Query : select 1 valor from information_schema.tables where table_type='base table' and table_name='wsfi2039fields'
20240409@181929.2571 ni22t0o51f84sb4afamq0qgg7d Query : select fieldkey,fieldname,fieldtype,calcformula from wsfi2039fields
20240409@181929.2576 ni22t0o51f84sb4afamq0qgg7d Query : insert into wsfi2039data (fi2stamp,ftstamp ,ousrdata, ousrhora, usrdata,usrhora,ousrinis,usrinis) values ('aut6615717146661578a135','aut6615745629661578a113' ,getdate(),convert(char(8),convert (time,getdate())),getdate(),convert(char(8),convert (time,getdate())),'wsv','wsv')
20240409@181929.2581 ni22t0o51f84sb4afamq0qgg7d Query : select 1 valor from information_schema.tables where table_type='base table' and table_name='wsfi039fields'
20240409@181929.2595 ni22t0o51f84sb4afamq0qgg7d Query : select fieldkey,fieldname,fieldtype,mandatory from wsfi039fields
20240409@181929.2643 ni22t0o51f84sb4afamq0qgg7d Query : select 1 valor from information_schema.tables where table_type='base table' and table_name='wsfi2039fields'
20240409@181929.2657 ni22t0o51f84sb4afamq0qgg7d Query : select fieldkey,fieldname,fieldtype,mandatory from wsfi2039fields
20240409@181929.2663 ni22t0o51f84sb4afamq0qgg7d Query : select top 1 convert(numeric(6,2),t.taxa) valor from taxasiva t where t.codigo='2'
20240409@181929.2672 ni22t0o51f84sb4afamq0qgg7d Query : select 1 valor from information_schema.tables where table_type='base table' and table_name='wsfi039fields'
20240409@181929.2685 ni22t0o51f84sb4afamq0qgg7d Query : select fieldkey,fieldname,fieldtype,calcformula from wsfi039fields
20240409@181929.2727 ni22t0o51f84sb4afamq0qgg7d Query : insert into wsfi039data (fistamp,ousrdata, ousrhora, usrdata,usrhora,ousrinis,usrinis ,qtt ,ftstamp ,epv,pvmoeda ,tabiva,iva,lordem ,ref, design ,armazem) values ('aut6615766201661578a141',getdate(),convert(char(8),convert (time,getdate())),getdate(),convert(char(8),convert (time,getdate())),'wsv','wsv',0 ,'aut6615745629661578a113' ,0,0 ,2,23.00,20000,?,?,?)
20240409@181929.3029 ni22t0o51f84sb4afamq0qgg7d Query : select 1 valor from information_schema.tables where table_type='base table' and table_name='wsfi2039fields'
20240409@181929.3049 ni22t0o51f84sb4afamq0qgg7d Query : select fieldkey,fieldname,fieldtype,calcformula from wsfi2039fields
20240409@181929.3054 ni22t0o51f84sb4afamq0qgg7d Query : insert into wsfi2039data (fi2stamp,ftstamp ,ousrdata, ousrhora, usrdata,usrhora,ousrinis,usrinis) values ('aut6615766201661578a141','aut6615745629661578a113' ,getdate(),convert(char(8),convert (time,getdate())),getdate(),convert(char(8),convert (time,getdate())),'wsv','wsv')
20240409@181929.3060 ni22t0o51f84sb4afamq0qgg7d Query : use flama_phc
20240409@181929.3063 ni22t0o51f84sb4afamq0qgg7d Query : select st.usalote valor from st where st.ref = '328.9106.00.1'
20240409@181929.3074 ni22t0o51f84sb4afamq0qgg7d Query : select top 1 st.tabiva ,st.ivaincl ,st.stns ,st.uni2 ,st.familia ,isnull(tx.taxa, 0) txiva ,unidade ,usalote ,epcpond ,noserie from st left join taxasiva tx on st.tabiva = tx.codigo where st.ref = '328.9106.00.1'
20240409@181929.3244 ni22t0o51f84sb4afamq0qgg7d Query : select 1 valor from information_schema.tables where table_type='base table' and table_name='wsfi039fields'
20240409@181929.3259 ni22t0o51f84sb4afamq0qgg7d Query : select fieldkey,fieldname,fieldtype,mandatory from wsfi039fields
20240409@181929.3285 ni22t0o51f84sb4afamq0qgg7d Query : select 1 valor from information_schema.tables where table_type='base table' and table_name='wsfi2039fields'
20240409@181929.3302 ni22t0o51f84sb4afamq0qgg7d Query : select fieldkey,fieldname,fieldtype,mandatory from wsfi2039fields
20240409@181929.3311 ni22t0o51f84sb4afamq0qgg7d Query : select sestamp valor from se where ref ='328.9106.00.1' and lote = 'r2100770200a'
20240409@181929.3335 ni22t0o51f84sb4afamq0qgg7d Query : select top 1 convert(numeric(6,2),t.taxa) valor from taxasiva t where t.codigo='2'
20240409@181929.3346 ni22t0o51f84sb4afamq0qgg7d Query : select 1 valor from information_schema.tables where table_type='base table' and table_name='wsfi039fields'
20240409@181929.3359 ni22t0o51f84sb4afamq0qgg7d Query : select fieldkey,fieldname,fieldtype,calcformula from wsfi039fields
20240409@181929.3386 ni22t0o51f84sb4afamq0qgg7d Query : insert into wsfi039data (fistamp,ousrdata, ousrhora, usrdata,usrhora,ousrinis,usrinis ,qtt ,ftstamp ,epv,pvmoeda ,tabiva,iva,lordem ,ref, design ,lote,armazem,bistamp ) values ('aut6615790881661578a151',getdate(),convert(char(8),convert (time,getdate())),getdate(),convert(char(8),convert (time,getdate())),'wsv','wsv',1.000 ,'aut6615745629661578a113' ,0,0 ,2,23.00,40000,?,?,?,?,?)
20240409@181929.3697 ni22t0o51f84sb4afamq0qgg7d Query : select 1 valor from information_schema.tables where table_type='base table' and table_name='wsfi2039fields'
20240409@181929.3713 ni22t0o51f84sb4afamq0qgg7d Query : select fieldkey,fieldname,fieldtype,calcformula from wsfi2039fields
20240409@181929.3717 ni22t0o51f84sb4afamq0qgg7d Query : insert into wsfi2039data (fi2stamp,ftstamp ,ousrdata, ousrhora, usrdata,usrhora,ousrinis,usrinis) values ('aut6615790881661578a151','aut6615745629661578a113' ,getdate(),convert(char(8),convert (time,getdate())),getdate(),convert(char(8),convert (time,getdate())),'wsv','wsv')
20240409@181929.3722 ni22t0o51f84sb4afamq0qgg7d Query : select 1 valor from information_schema.tables where table_type='base table' and table_name='wsfi039fields'
20240409@181929.3741 ni22t0o51f84sb4afamq0qgg7d Query : select fieldkey,fieldname,fieldtype,mandatory from wsfi039fields
20240409@181929.3767 ni22t0o51f84sb4afamq0qgg7d Query : select 1 valor from information_schema.tables where table_type='base table' and table_name='wsfi2039fields'
20240409@181929.3781 ni22t0o51f84sb4afamq0qgg7d Query : select fieldkey,fieldname,fieldtype,mandatory from wsfi2039fields
20240409@181929.3786 ni22t0o51f84sb4afamq0qgg7d Query : select top 1 convert(numeric(6,2),t.taxa) valor from taxasiva t where t.codigo='2'
20240409@181929.3796 ni22t0o51f84sb4afamq0qgg7d Query : select 1 valor from information_schema.tables where table_type='base table' and table_name='wsfi039fields'
20240409@181929.3810 ni22t0o51f84sb4afamq0qgg7d Query : select fieldkey,fieldname,fieldtype,calcformula from wsfi039fields
20240409@181929.4541 ni22t0o51f84sb4afamq0qgg7d Query : insert into wsfi039data (fistamp,ousrdata, ousrhora, usrdata,usrhora,ousrinis,usrinis ,qtt ,ftstamp ,epv,pvmoeda ,tabiva,iva,lordem ,ref, design ,armazem) values ('aut6615747707661578a15c',getdate(),convert(char(8),convert (time,getdate())),getdate(),convert(char(8),convert (time,getdate())),'wsv','wsv',0 ,'aut6615745629661578a113' ,0,0 ,2,23.00,50000,?,?,?)
20240409@181929.4946 ni22t0o51f84sb4afamq0qgg7d Query : select 1 valor from information_schema.tables where table_type='base table' and table_name='wsfi2039fields'
20240409@181929.4963 ni22t0o51f84sb4afamq0qgg7d Query : select fieldkey,fieldname,fieldtype,calcformula from wsfi2039fields
20240409@181929.4978 ni22t0o51f84sb4afamq0qgg7d Query : insert into wsfi2039data (fi2stamp,ftstamp ,ousrdata, ousrhora, usrdata,usrhora,ousrinis,usrinis) values ('aut6615747707661578a15c','aut6615745629661578a113' ,getdate(),convert(char(8),convert (time,getdate())),getdate(),convert(char(8),convert (time,getdate())),'wsv','wsv')
20240409@181929.4982 ni22t0o51f84sb4afamq0qgg7d Query : insert into wsftcreationlog (initialftstamp,externalid,creationstatus,documenttypeid,idustamp) values ('aut6615745629661578a113','2402604','wait',39,'ari17112337378,753000005')
20240409@181929.4998 ni22t0o51f84sb4afamq0qgg7d Query : use flama_phc
20240409@181929.5001 ni22t0o51f84sb4afamq0qgg7d Query : update u_wsusers set rqsttoken =? where userid ='userls001'
20240409@181929.5015 ni22t0o51f84sb4afamq0qgg7d Query : select concat(rtrim(relative_path),ltrim(name_new)) as valor from uploadfiles where uploadfile_id='1049';
20240409@181929.5034 ni22t0o51f84sb4afamq0qgg7d Query : update uploadfiles set whenupdated=current_timestamp where uploadfile_id='1049';
20240409@181929.5052 ni22t0o51f84sb4afamq0qgg7d Query : select concat(rtrim(relative_path),ltrim(name_new)) as valor from uploadfiles where uploadfile_id='1049';
20240409@181929.5066 ni22t0o51f84sb4afamq0qgg7d Query : update uploadfiles set whenupdated=current_timestamp where uploadfile_id='1049';
20240409@181929.5623 eict1dnote7amkloajke3vsl15 Query : insert into uploadfiles ( name_original, name_new, option_type, relative_path, whencreated ) values ( ?, ?, ?, ?, getdate() )
20240409@181929.5635 eict1dnote7amkloajke3vsl15 Query : select uploadfile_id valor from uploadfiles where name_new = ? and option_type = ? 
20240409@181929.5674 eict1dnote7amkloajke3vsl15 Query : select concat(rtrim(relative_path),ltrim(name_new)) as valor from uploadfiles where uploadfile_id='1050';
20240409@181929.5714 eict1dnote7amkloajke3vsl15 Query : update uploadfiles set whenupdated=current_timestamp where uploadfile_id='1050';
20240409@181929.5730 eict1dnote7amkloajke3vsl15 Query : select concat(rtrim(relative_path),ltrim(name_new)) as valor from uploadfiles where uploadfile_id='1050';
20240409@181929.5744 eict1dnote7amkloajke3vsl15 Query : update uploadfiles set whenupdated=current_timestamp where uploadfile_id='1050';
20240409@181929.5758 eict1dnote7amkloajke3vsl15 Query : use flama_phc
20240409@181929.5761 eict1dnote7amkloajke3vsl15 Query : select top 1 secretkey valor from u_wsusers u where u.userid = ? and u.inactivo=0
20240409@181929.5773 eict1dnote7amkloajke3vsl15 Query : use flama_phc
20240409@181929.5777 eict1dnote7amkloajke3vsl15 Query : select no, estab,szadrsdesc from szadrs where u_coddest=4740
20240409@181929.5820 eict1dnote7amkloajke3vsl15 Query : select top 1 isnull(design,'') valor from st (nolock) left join stobs (nolock) on st.ref = stobs.ref where st.ref = '326.595.00.01'
20240409@181929.5993 eict1dnote7amkloajke3vsl15 Query : select top 1 bistamp valor from bi inner join bo on bo.bostamp=bi.bostamp where bo.ndos =240 and bo.boano =2026 and bo.obrano = 2402643 and bi.ref ='326.595.00.01' and bi.lordem =1
20240409@181929.6318 eict1dnote7amkloajke3vsl15 Query : use flama_phc
20240409@181929.6325 eict1dnote7amkloajke3vsl15 Query : select top 1 convert(date,fdata) valor from ft where ndoc = 39 and anulado= 0 and fno>0 order by fdata desc
20240409@181929.6338 eict1dnote7amkloajke3vsl15 Query : use flama_phc
20240409@181929.6340 eict1dnote7amkloajke3vsl15 Query : select top 1 1 valor from td where td.ndoc = 39
20240409@181929.6352 eict1dnote7amkloajke3vsl15 Query : use flama_phc
20240409@181929.6356 eict1dnote7amkloajke3vsl15 Query : select descricao ,case when valor='s' then 1 else 0 end usalotes from para1 where descricao in ('st_lote')
20240409@181929.6368 eict1dnote7amkloajke3vsl15 Query : select top 1 assinadoc issigned ,td.lancasl stocks ,'cl' origin ,case when (cmsl between 1 and 50 ) then 1 else 0 end entrada ,case when (cmsl>50 ) then 1 else 0 end saida ,~lotestock validatestock ,tiposaft from td inner join td2 on td.tdstamp=td2.td2stamp where td.ndoc =39
20240409@181929.6382 eict1dnote7amkloajke3vsl15 Query : use flama_phc
20240409@181929.6386 eict1dnote7amkloajke3vsl15 Query : select top 1 ~inactivo valor from cl where no = '100810' and estab = 0 order by inactivo desc
20240409@181929.6398 eict1dnote7amkloajke3vsl15 Query : use flama_phc
20240409@181929.6401 eict1dnote7amkloajke3vsl15 Query : select top 1 tipodoc,regrd from td where ndoc = 39
20240409@181929.6412 eict1dnote7amkloajke3vsl15 Query : use flama_phc
20240409@181929.6414 eict1dnote7amkloajke3vsl15 Query : select szadrsstamp valor from szadrs where szadrsdesc='espaÇotrans,lda'
20240409@181929.6425 eict1dnote7amkloajke3vsl15 Query : use flama_phc
20240409@181929.6428 eict1dnote7amkloajke3vsl15 Query : select szadrsstamp valor from szadrs where szadrsdesc='100810 - worten-equipamentos para o lar,sa.'
20240409@181929.6439 eict1dnote7amkloajke3vsl15 Query : use flama_phc
20240409@181929.6442 eict1dnote7amkloajke3vsl15 Query : select 1 valor from td where ndoc = 39
20240409@181929.6452 eict1dnote7amkloajke3vsl15 Query : select top 1 manternumero, tiposaft, nmdos,td.assinadoc from td where td.ndoc = 39
20240409@181929.6464 eict1dnote7amkloajke3vsl15 Query : select 1 valor from information_schema.tables where table_type='base table' and table_name='wsft039fields'
20240409@181929.6477 eict1dnote7amkloajke3vsl15 Query : select fieldkey,fieldname,fieldtype,mandatory from wsft039fields
20240409@181929.6494 eict1dnote7amkloajke3vsl15 Query : select 1 valor from information_schema.tables where table_type='base table' and table_name='wsft2039fields'
20240409@181929.6506 eict1dnote7amkloajke3vsl15 Query : select fieldkey,fieldname,fieldtype,mandatory from wsft2039fields
20240409@181929.6535 eict1dnote7amkloajke3vsl15 Query : select 1 valor from information_schema.tables where table_type='base table' and table_name='wsft3039fields'
20240409@181929.6549 eict1dnote7amkloajke3vsl15 Query : select fieldkey,fieldname,fieldtype,mandatory from wsft3039fields
20240409@181929.6560 eict1dnote7amkloajke3vsl15 Query : select top 1 ft.fno valor from ft ft where ft.ndoc = 39 and ftano=2024 order by fno desc
20240409@181929.6654 eict1dnote7amkloajke3vsl15 Query : select top 1 ft.fno valor from wsft039data ft where ft.ndoc = 39 and ftano=2024 order by fno desc
20240409@181929.6664 eict1dnote7amkloajke3vsl15 Query : select 1 valor from information_schema.tables where table_type='base table' and table_name='wsft3039fields'
20240409@181929.6678 eict1dnote7amkloajke3vsl15 Query : select fieldkey,fieldname,fieldtype,calcformula from wsft3039fields
20240409@181929.6687 eict1dnote7amkloajke3vsl15 Query : insert into wsft3039data (ft3stamp, ousrdata, ousrhora, usrdata,usrhora,ousrinis,usrinis,taxpointdt ) values ('aut6615792539661578a1a0' ,getdate(),convert(char(8),convert (time,getdate())),getdate(),convert(char(8),convert (time,getdate())),'wsv','wsv',?)
20240409@181929.6907 eict1dnote7amkloajke3vsl15 Query : select 1 valor from information_schema.tables where table_type='base table' and table_name='wsft2039fields'
20240409@181929.6923 eict1dnote7amkloajke3vsl15 Query : select fieldkey,fieldname,fieldtype,calcformula from wsft2039fields
20240409@181929.6952 eict1dnote7amkloajke3vsl15 Query : select top 1 bo.u_nomeenv valor from bo where bo.bostamp=''
20240409@181929.6957 eict1dnote7amkloajke3vsl15 Query : select top 1 bo.u_moradaen valor from bo where bo.bostamp=''
20240409@181929.6962 eict1dnote7amkloajke3vsl15 Query : select top 1 bo.u_codposen valor from bo where bo.bostamp=''
20240409@181929.6969 eict1dnote7amkloajke3vsl15 Query : select top 1 bo.u_localenv valor from bo where bo.bostamp=''
20240409@181929.6977 eict1dnote7amkloajke3vsl15 Query : select top 1 bo.trab5 valor from bo where bo.bostamp=''
20240409@181929.6981 eict1dnote7amkloajke3vsl15 Query : select top 1 bo.serie valor from bo where bo.bostamp=''
20240409@181929.6985 eict1dnote7amkloajke3vsl15 Query : insert into wsft2039data (ft2stamp, ousrdata,ousrhora, usrdata,usrhora,ousrinis,usrinis,u_nomeenv ,u_moradaen ,u_codposen ,u_localenv ,u_coddest ,u_codby ) values ('aut6615792539661578a1a0',getdate(),convert(char(8),convert (time,getdate())),getdate(),convert(char(8),convert (time,getdate())),'wsv','wsv',?,?,?,?,?,?)
20240409@181929.7357 eict1dnote7amkloajke3vsl15 Query : select top 1 fno valor from wsft039data order by fno desc
20240409@181929.7376 eict1dnote7amkloajke3vsl15 Query : select 1 valor from information_schema.tables where table_type='base table' and table_name='wsft039fields'
20240409@181929.7390 eict1dnote7amkloajke3vsl15 Query : select fieldkey,fieldname,fieldtype,calcformula from wsft039fields
20240409@181929.7408 eict1dnote7amkloajke3vsl15 Query : insert into wsft039data (ftstamp, ousrdata,ousrhora, usrdata,usrhora,ousrinis,usrinis,fno,no,estab,fdata,ndoc,moeda,cambio,cambiofixo,ftano,cdata,chora,carga,descar,site ,classe ) values ('aut6615792539661578a1a0',getdate(),convert(char(8),convert (time,getdate())),getdate(),convert(char(8),convert (time,getdate())),'wsv','wsv',811,100810,0,'2024-04-09',39,'euro',0,0,2024 ,'20240409','1849',?,?,?,?)
20240409@181929.7814 eict1dnote7amkloajke3vsl15 Query : use flama_phc
20240409@181929.7818 eict1dnote7amkloajke3vsl15 Query : select st.usalote valor from st where st.ref = '326.595.00.01'
20240409@181929.7831 eict1dnote7amkloajke3vsl15 Query : select top 1 st.tabiva ,st.ivaincl ,st.stns ,st.uni2 ,st.familia ,isnull(tx.taxa, 0) txiva ,unidade ,usalote ,epcpond ,noserie from st left join taxasiva tx on st.tabiva = tx.codigo where st.ref = '326.595.00.01'
20240409@181929.9132 eict1dnote7amkloajke3vsl15 Query : select 1 valor from information_schema.tables where table_type='base table' and table_name='wsfi039fields'
20240409@181929.9151 eict1dnote7amkloajke3vsl15 Query : select fieldkey,fieldname,fieldtype,mandatory from wsfi039fields
20240409@181929.9177 eict1dnote7amkloajke3vsl15 Query : select 1 valor from information_schema.tables where table_type='base table' and table_name='wsfi2039fields'
20240409@181929.9240 eict1dnote7amkloajke3vsl15 Query : select fieldkey,fieldname,fieldtype,mandatory from wsfi2039fields
20240409@181929.9246 eict1dnote7amkloajke3vsl15 Query : select sestamp valor from se where ref ='326.595.00.01' and lote = 'r2301243100a'
20240409@181930.1420 eict1dnote7amkloajke3vsl15 Query : select top 1 convert(numeric(6,2),t.taxa) valor from taxasiva t where t.codigo='2'
20240409@181930.1570 eict1dnote7amkloajke3vsl15 Query : select 1 valor from information_schema.tables where table_type='base table' and table_name='wsfi039fields'
20240409@181930.1720 eict1dnote7amkloajke3vsl15 Query : select fieldkey,fieldname,fieldtype,calcformula from wsfi039fields
20240409@181930.1980 eict1dnote7amkloajke3vsl15 Query : insert into wsfi039data (fistamp,ousrdata, ousrhora, usrdata,usrhora,ousrinis,usrinis ,qtt ,ftstamp ,epv,pvmoeda ,tabiva,iva,lordem ,ref, design ,lote,armazem,bistamp ) values ('aut6615721642661578a203',getdate(),convert(char(8),convert (time,getdate())),getdate(),convert(char(8),convert (time,getdate())),'wsv','wsv',12.000 ,'aut6615792539661578a1a0' ,0,0 ,2,23.00,10000,?,?,?,?,?)
20240409@181930.5040 eict1dnote7amkloajke3vsl15 Query : select 1 valor from information_schema.tables where table_type='base table' and table_name='wsfi2039fields'
20240409@181930.5400 eict1dnote7amkloajke3vsl15 Query : select fieldkey,fieldname,fieldtype,calcformula from wsfi2039fields
20240409@181930.5460 eict1dnote7amkloajke3vsl15 Query : insert into wsfi2039data (fi2stamp,ftstamp ,ousrdata, ousrhora, usrdata,usrhora,ousrinis,usrinis) values ('aut6615721642661578a203','aut6615792539661578a1a0' ,getdate(),convert(char(8),convert (time,getdate())),getdate(),convert(char(8),convert (time,getdate())),'wsv','wsv')
20240409@181930.5510 eict1dnote7amkloajke3vsl15 Query : insert into wsftcreationlog (initialftstamp,externalid,creationstatus,documenttypeid,idustamp) values ('aut6615792539661578a1a0','2402643','wait',39,'ari17112337378,753000005')
20240409@181930.5670 eict1dnote7amkloajke3vsl15 Query : use flama_phc
20240409@181930.5700 eict1dnote7amkloajke3vsl15 Query : update u_wsusers set rqsttoken =? where userid ='userls001'
20240409@181930.5820 eict1dnote7amkloajke3vsl15 Query : select concat(rtrim(relative_path),ltrim(name_new)) as valor from uploadfiles where uploadfile_id='1050';
20240409@181930.6000 eict1dnote7amkloajke3vsl15 Query : update uploadfiles set whenupdated=current_timestamp where uploadfile_id='1050';
20240409@181930.6180 eict1dnote7amkloajke3vsl15 Query : select concat(rtrim(relative_path),ltrim(name_new)) as valor from uploadfiles where uploadfile_id='1050';
20240409@181930.6380 eict1dnote7amkloajke3vsl15 Query : update uploadfiles set whenupdated=current_timestamp where uploadfile_id='1050';
20240409@181930.1045 he5qc4k984tip63ac7danj51uc Query : insert into uploadfiles ( name_original, name_new, option_type, relative_path, whencreated ) values ( ?, ?, ?, ?, getdate() )
20240409@181930.1064 he5qc4k984tip63ac7danj51uc Query : select uploadfile_id valor from uploadfiles where name_new = ? and option_type = ? 
20240409@181930.1091 he5qc4k984tip63ac7danj51uc Query : select concat(rtrim(relative_path),ltrim(name_new)) as valor from uploadfiles where uploadfile_id='1051';
20240409@181930.1150 he5qc4k984tip63ac7danj51uc Query : update uploadfiles set whenupdated=current_timestamp where uploadfile_id='1051';
20240409@181930.1170 he5qc4k984tip63ac7danj51uc Query : select concat(rtrim(relative_path),ltrim(name_new)) as valor from uploadfiles where uploadfile_id='1051';
20240409@181930.1186 he5qc4k984tip63ac7danj51uc Query : update uploadfiles set whenupdated=current_timestamp where uploadfile_id='1051';
20240409@181930.1201 he5qc4k984tip63ac7danj51uc Query : use flama_phc
20240409@181930.1205 he5qc4k984tip63ac7danj51uc Query : select top 1 secretkey valor from u_wsusers u where u.userid = ? and u.inactivo=0
20240409@181930.1219 he5qc4k984tip63ac7danj51uc Query : use flama_phc
20240409@181930.1223 he5qc4k984tip63ac7danj51uc Query : select no, estab,szadrsdesc from szadrs where u_coddest=6917
20240409@181930.1321 he5qc4k984tip63ac7danj51uc Query : select top 1 isnull(design,'') valor from st (nolock) left join stobs (nolock) on st.ref = stobs.ref where st.ref = '324.700.94.01'
20240409@181930.1501 he5qc4k984tip63ac7danj51uc Query : select top 1 bistamp valor from bi inner join bo on bo.bostamp=bi.bostamp where bo.ndos =240 and bo.boano =2026 and bo.obrano = 2402644 and bi.ref ='324.700.94.01' and bi.lordem =1
20240409@181930.1835 he5qc4k984tip63ac7danj51uc Query : select top 1 isnull(design,'') valor from st (nolock) left join stobs (nolock) on st.ref = stobs.ref where st.ref = '324.700.94.01'
20240409@181930.1851 he5qc4k984tip63ac7danj51uc Query : select top 1 bistamp valor from bi inner join bo on bo.bostamp=bi.bostamp where bo.ndos =240 and bo.boano =2026 and bo.obrano = 2402644 and bi.ref ='324.700.94.01' and bi.lordem =1
20240409@181930.1856 he5qc4k984tip63ac7danj51uc Query : use flama_phc
20240409@181930.1860 he5qc4k984tip63ac7danj51uc Query : select top 1 convert(date,fdata) valor from ft where ndoc = 39 and anulado= 0 and fno>0 order by fdata desc
20240409@181930.1879 he5qc4k984tip63ac7danj51uc Query : use flama_phc
20240409@181930.1882 he5qc4k984tip63ac7danj51uc Query : select top 1 1 valor from td where td.ndoc = 39
20240409@181930.1893 he5qc4k984tip63ac7danj51uc Query : use flama_phc
20240409@181930.1897 he5qc4k984tip63ac7danj51uc Query : select descricao ,case when valor='s' then 1 else 0 end usalotes from para1 where descricao in ('st_lote')
20240409@181930.1911 he5qc4k984tip63ac7danj51uc Query : select top 1 assinadoc issigned ,td.lancasl stocks ,'cl' origin ,case when (cmsl between 1 and 50 ) then 1 else 0 end entrada ,case when (cmsl>50 ) then 1 else 0 end saida ,~lotestock validatestock ,tiposaft from td inner join td2 on td.tdstamp=td2.td2stamp where td.ndoc =39
20240409@181930.1928 he5qc4k984tip63ac7danj51uc Query : use flama_phc
20240409@181930.1932 he5qc4k984tip63ac7danj51uc Query : select top 1 ~inactivo valor from cl where no = '199800' and estab = 0 order by inactivo desc
20240409@181930.2032 he5qc4k984tip63ac7danj51uc Query : use flama_phc
20240409@181930.2035 he5qc4k984tip63ac7danj51uc Query : select top 1 tipodoc,regrd from td where ndoc = 39
20240409@181930.2048 he5qc4k984tip63ac7danj51uc Query : use flama_phc
20240409@181930.2054 he5qc4k984tip63ac7danj51uc Query : select szadrsstamp valor from szadrs where szadrsdesc='espaÇotrans,lda'
20240409@181930.2068 he5qc4k984tip63ac7danj51uc Query : use flama_phc
20240409@181930.2071 he5qc4k984tip63ac7danj51uc Query : select szadrsstamp valor from szadrs where szadrsdesc='740 ent vnr bligeiro'
20240409@181930.2088 he5qc4k984tip63ac7danj51uc Query : use flama_phc
20240409@181930.2091 he5qc4k984tip63ac7danj51uc Query : select 1 valor from td where ndoc = 39
20240409@181930.2105 he5qc4k984tip63ac7danj51uc Query : select top 1 manternumero, tiposaft, nmdos,td.assinadoc from td where td.ndoc = 39
20240409@181930.2119 he5qc4k984tip63ac7danj51uc Query : select 1 valor from information_schema.tables where table_type='base table' and table_name='wsft039fields'
20240409@181930.2137 he5qc4k984tip63ac7danj51uc Query : select fieldkey,fieldname,fieldtype,mandatory from wsft039fields
20240409@181930.2159 he5qc4k984tip63ac7danj51uc Query : select 1 valor from information_schema.tables where table_type='base table' and table_name='wsft2039fields'
20240409@181930.2177 he5qc4k984tip63ac7danj51uc Query : select fieldkey,fieldname,fieldtype,mandatory from wsft2039fields
20240409@181930.2211 he5qc4k984tip63ac7danj51uc Query : select 1 valor from information_schema.tables where table_type='base table' and table_name='wsft3039fields'
20240409@181930.2226 he5qc4k984tip63ac7danj51uc Query : select fieldkey,fieldname,fieldtype,mandatory from wsft3039fields
20240409@181930.2237 he5qc4k984tip63ac7danj51uc Query : select top 1 ft.fno valor from ft ft where ft.ndoc = 39 and ftano=2024 order by fno desc
20240409@181930.2329 he5qc4k984tip63ac7danj51uc Query : select top 1 ft.fno valor from wsft039data ft where ft.ndoc = 39 and ftano=2024 order by fno desc
20240409@181930.2339 he5qc4k984tip63ac7danj51uc Query : select 1 valor from information_schema.tables where table_type='base table' and table_name='wsft3039fields'
20240409@181930.2352 he5qc4k984tip63ac7danj51uc Query : select fieldkey,fieldname,fieldtype,calcformula from wsft3039fields
20240409@181930.2361 he5qc4k984tip63ac7danj51uc Query : insert into wsft3039data (ft3stamp, ousrdata, ousrhora, usrdata,usrhora,ousrinis,usrinis,taxpointdt ) values ('aut6615784901661578a236' ,getdate(),convert(char(8),convert (time,getdate())),getdate(),convert(char(8),convert (time,getdate())),'wsv','wsv',?)
20240409@181930.2615 he5qc4k984tip63ac7danj51uc Query : select 1 valor from information_schema.tables where table_type='base table' and table_name='wsft2039fields'
20240409@181930.3762 he5qc4k984tip63ac7danj51uc Query : select fieldkey,fieldname,fieldtype,calcformula from wsft2039fields
20240409@181930.3796 he5qc4k984tip63ac7danj51uc Query : select top 1 bo.u_nomeenv valor from bo where bo.bostamp=''
20240409@181930.3803 he5qc4k984tip63ac7danj51uc Query : select top 1 bo.u_moradaen valor from bo where bo.bostamp=''
20240409@181930.3809 he5qc4k984tip63ac7danj51uc Query : select top 1 bo.u_codposen valor from bo where bo.bostamp=''
20240409@181930.3816 he5qc4k984tip63ac7danj51uc Query : select top 1 bo.u_localenv valor from bo where bo.bostamp=''
20240409@181930.3821 he5qc4k984tip63ac7danj51uc Query : select top 1 bo.trab5 valor from bo where bo.bostamp=''
20240409@181930.3827 he5qc4k984tip63ac7danj51uc Query : select top 1 bo.serie valor from bo where bo.bostamp=''
20240409@181930.3832 he5qc4k984tip63ac7danj51uc Query : insert into wsft2039data (ft2stamp, ousrdata,ousrhora, usrdata,usrhora,ousrinis,usrinis,u_nomeenv ,u_moradaen ,u_codposen ,u_localenv ,u_coddest ,u_codby ) values ('aut6615784901661578a236',getdate(),convert(char(8),convert (time,getdate())),getdate(),convert(char(8),convert (time,getdate())),'wsv','wsv',?,?,?,?,?,?)
20240409@181930.4333 he5qc4k984tip63ac7danj51uc Query : select top 1 fno valor from wsft039data order by fno desc
20240409@181930.4633 he5qc4k984tip63ac7danj51uc Query : select 1 valor from information_schema.tables where table_type='base table' and table_name='wsft039fields'
20240409@181930.4648 he5qc4k984tip63ac7danj51uc Query : select fieldkey,fieldname,fieldtype,calcformula from wsft039fields
20240409@181930.4665 he5qc4k984tip63ac7danj51uc Query : insert into wsft039data (ftstamp, ousrdata,ousrhora, usrdata,usrhora,ousrinis,usrinis,fno,no,estab,fdata,ndoc,moeda,cambio,cambiofixo,ftano,cdata,chora,carga,descar,site ,classe ) values ('aut6615784901661578a236',getdate(),convert(char(8),convert (time,getdate())),getdate(),convert(char(8),convert (time,getdate())),'wsv','wsv',812,199800,0,'2024-04-09',39,'euro',0,0,2024 ,'20240409','1849',?,?,?,?)
20240409@181930.5010 he5qc4k984tip63ac7danj51uc Query : use flama_phc
20240409@181930.5014 he5qc4k984tip63ac7danj51uc Query : select st.usalote valor from st where st.ref = '324.700.94.01'
20240409@181930.5027 he5qc4k984tip63ac7danj51uc Query : select top 1 st.tabiva ,st.ivaincl ,st.stns ,st.uni2 ,st.familia ,isnull(tx.taxa, 0) txiva ,unidade ,usalote ,epcpond ,noserie from st left join taxasiva tx on st.tabiva = tx.codigo where st.ref = '324.700.94.01'
20240409@181930.5174 he5qc4k984tip63ac7danj51uc Query : select 1 valor from information_schema.tables where table_type='base table' and table_name='wsfi039fields'
20240409@181930.5188 he5qc4k984tip63ac7danj51uc Query : select fieldkey,fieldname,fieldtype,mandatory from wsfi039fields
20240409@181930.5211 he5qc4k984tip63ac7danj51uc Query : select 1 valor from information_schema.tables where table_type='base table' and table_name='wsfi2039fields'
20240409@181930.5224 he5qc4k984tip63ac7danj51uc Query : select fieldkey,fieldname,fieldtype,mandatory from wsfi2039fields
20240409@181930.5228 he5qc4k984tip63ac7danj51uc Query : select sestamp valor from se where ref ='324.700.94.01' and lote = 'r2301222200a'
20240409@181930.5239 he5qc4k984tip63ac7danj51uc Query : select top 1 convert(numeric(6,2),t.taxa) valor from taxasiva t where t.codigo='2'
20240409@181930.5249 he5qc4k984tip63ac7danj51uc Query : select 1 valor from information_schema.tables where table_type='base table' and table_name='wsfi039fields'
20240409@181930.5264 he5qc4k984tip63ac7danj51uc Query : select fieldkey,fieldname,fieldtype,calcformula from wsfi039fields
20240409@181930.5287 he5qc4k984tip63ac7danj51uc Query : insert into wsfi039data (fistamp,ousrdata, ousrhora, usrdata,usrhora,ousrinis,usrinis ,qtt ,ftstamp ,epv,pvmoeda ,tabiva,iva,lordem ,ref, design ,lote,armazem,bistamp ) values ('aut6615794305661578a280',getdate(),convert(char(8),convert (time,getdate())),getdate(),convert(char(8),convert (time,getdate())),'wsv','wsv',56.000 ,'aut6615784901661578a236' ,0,0 ,2,23.00,10000,?,?,?,?,?)
20240409@181930.5585 he5qc4k984tip63ac7danj51uc Query : select 1 valor from information_schema.tables where table_type='base table' and table_name='wsfi2039fields'
20240409@181930.5602 he5qc4k984tip63ac7danj51uc Query : select fieldkey,fieldname,fieldtype,calcformula from wsfi2039fields
20240409@181930.5608 he5qc4k984tip63ac7danj51uc Query : insert into wsfi2039data (fi2stamp,ftstamp ,ousrdata, ousrhora, usrdata,usrhora,ousrinis,usrinis) values ('aut6615794305661578a280','aut6615784901661578a236' ,getdate(),convert(char(8),convert (time,getdate())),getdate(),convert(char(8),convert (time,getdate())),'wsv','wsv')
20240409@181930.5613 he5qc4k984tip63ac7danj51uc Query : use flama_phc
20240409@181930.5617 he5qc4k984tip63ac7danj51uc Query : select st.usalote valor from st where st.ref = '324.700.94.01'
20240409@181930.5629 he5qc4k984tip63ac7danj51uc Query : select top 1 st.tabiva ,st.ivaincl ,st.stns ,st.uni2 ,st.familia ,isnull(tx.taxa, 0) txiva ,unidade ,usalote ,epcpond ,noserie from st left join taxasiva tx on st.tabiva = tx.codigo where st.ref = '324.700.94.01'
20240409@181930.5642 he5qc4k984tip63ac7danj51uc Query : select 1 valor from information_schema.tables where table_type='base table' and table_name='wsfi039fields'
20240409@181930.5657 he5qc4k984tip63ac7danj51uc Query : select fieldkey,fieldname,fieldtype,mandatory from wsfi039fields
20240409@181930.5686 he5qc4k984tip63ac7danj51uc Query : select 1 valor from information_schema.tables where table_type='base table' and table_name='wsfi2039fields'
20240409@181930.5699 he5qc4k984tip63ac7danj51uc Query : select fieldkey,fieldname,fieldtype,mandatory from wsfi2039fields
20240409@181930.5705 he5qc4k984tip63ac7danj51uc Query : select sestamp valor from se where ref ='324.700.94.01' and lote = 'r2300913100a'
20240409@181930.5717 he5qc4k984tip63ac7danj51uc Query : select top 1 convert(numeric(6,2),t.taxa) valor from taxasiva t where t.codigo='2'
20240409@181930.5730 he5qc4k984tip63ac7danj51uc Query : select 1 valor from information_schema.tables where table_type='base table' and table_name='wsfi039fields'
20240409@181930.5743 he5qc4k984tip63ac7danj51uc Query : select fieldkey,fieldname,fieldtype,calcformula from wsfi039fields
20240409@181930.5768 he5qc4k984tip63ac7danj51uc Query : insert into wsfi039data (fistamp,ousrdata, ousrhora, usrdata,usrhora,ousrinis,usrinis ,qtt ,ftstamp ,epv,pvmoeda ,tabiva,iva,lordem ,ref, design ,lote,armazem,bistamp ) values ('aut6615732445661578a28b',getdate(),convert(char(8),convert (time,getdate())),getdate(),convert(char(8),convert (time,getdate())),'wsv','wsv',28.000 ,'aut6615784901661578a236' ,0,0 ,2,23.00,20000,?,?,?,?,?)
20240409@181930.6103 he5qc4k984tip63ac7danj51uc Query : select 1 valor from information_schema.tables where table_type='base table' and table_name='wsfi2039fields'
20240409@181930.6123 he5qc4k984tip63ac7danj51uc Query : select fieldkey,fieldname,fieldtype,calcformula from wsfi2039fields
20240409@181930.6129 he5qc4k984tip63ac7danj51uc Query : insert into wsfi2039data (fi2stamp,ftstamp ,ousrdata, ousrhora, usrdata,usrhora,ousrinis,usrinis) values ('aut6615732445661578a28b','aut6615784901661578a236' ,getdate(),convert(char(8),convert (time,getdate())),getdate(),convert(char(8),convert (time,getdate())),'wsv','wsv')
20240409@181930.6133 he5qc4k984tip63ac7danj51uc Query : insert into wsftcreationlog (initialftstamp,externalid,creationstatus,documenttypeid,idustamp) values ('aut6615784901661578a236','2402644','wait',39,'ari17112337378,753000005')
20240409@181930.6150 he5qc4k984tip63ac7danj51uc Query : use flama_phc
20240409@181930.6153 he5qc4k984tip63ac7danj51uc Query : update u_wsusers set rqsttoken =? where userid ='userls001'
20240409@181930.6165 he5qc4k984tip63ac7danj51uc Query : select concat(rtrim(relative_path),ltrim(name_new)) as valor from uploadfiles where uploadfile_id='1051';
20240409@181930.6184 he5qc4k984tip63ac7danj51uc Query : update uploadfiles set whenupdated=current_timestamp where uploadfile_id='1051';
20240409@181930.6199 he5qc4k984tip63ac7danj51uc Query : select concat(rtrim(relative_path),ltrim(name_new)) as valor from uploadfiles where uploadfile_id='1051';
20240409@181930.6215 he5qc4k984tip63ac7danj51uc Query : update uploadfiles set whenupdated=current_timestamp where uploadfile_id='1051';
20240409@181930.7211 ad88olhlg76abc5jlnpe923oom Query : insert into uploadfiles ( name_original, name_new, option_type, relative_path, whencreated ) values ( ?, ?, ?, ?, getdate() )
20240409@181930.7598 ad88olhlg76abc5jlnpe923oom Query : select uploadfile_id valor from uploadfiles where name_new = ? and option_type = ? 
20240409@181930.7623 ad88olhlg76abc5jlnpe923oom Query : select concat(rtrim(relative_path),ltrim(name_new)) as valor from uploadfiles where uploadfile_id='1052';
20240409@181930.7678 ad88olhlg76abc5jlnpe923oom Query : update uploadfiles set whenupdated=current_timestamp where uploadfile_id='1052';
20240409@181930.7697 ad88olhlg76abc5jlnpe923oom Query : select concat(rtrim(relative_path),ltrim(name_new)) as valor from uploadfiles where uploadfile_id='1052';
20240409@181930.7714 ad88olhlg76abc5jlnpe923oom Query : update uploadfiles set whenupdated=current_timestamp where uploadfile_id='1052';
20240409@181930.7729 ad88olhlg76abc5jlnpe923oom Query : use flama_phc
20240409@181930.7733 ad88olhlg76abc5jlnpe923oom Query : select top 1 secretkey valor from u_wsusers u where u.userid = ? and u.inactivo=0
20240409@181930.7748 ad88olhlg76abc5jlnpe923oom Query : use flama_phc
20240409@181930.7751 ad88olhlg76abc5jlnpe923oom Query : select no, estab,szadrsdesc from szadrs where u_coddest=4804
20240409@181930.7796 ad88olhlg76abc5jlnpe923oom Query : select top 1 isnull(design,'') valor from st (nolock) left join stobs (nolock) on st.ref = stobs.ref where st.ref = '324.4901.00.1'
20240409@181930.7955 ad88olhlg76abc5jlnpe923oom Query : select top 1 bistamp valor from bi inner join bo on bo.bostamp=bi.bostamp where bo.ndos =240 and bo.boano =2026 and bo.obrano = 2402645 and bi.ref ='324.4901.00.1' and bi.lordem =1
20240409@181930.8296 ad88olhlg76abc5jlnpe923oom Query : use flama_phc
20240409@181930.8305 ad88olhlg76abc5jlnpe923oom Query : select top 1 convert(date,fdata) valor from ft where ndoc = 39 and anulado= 0 and fno>0 order by fdata desc
20240409@181930.8320 ad88olhlg76abc5jlnpe923oom Query : use flama_phc
20240409@181930.8324 ad88olhlg76abc5jlnpe923oom Query : select top 1 1 valor from td where td.ndoc = 39
20240409@181930.8335 ad88olhlg76abc5jlnpe923oom Query : use flama_phc
20240409@181930.8338 ad88olhlg76abc5jlnpe923oom Query : select descricao ,case when valor='s' then 1 else 0 end usalotes from para1 where descricao in ('st_lote')
20240409@181930.8350 ad88olhlg76abc5jlnpe923oom Query : select top 1 assinadoc issigned ,td.lancasl stocks ,'cl' origin ,case when (cmsl between 1 and 50 ) then 1 else 0 end entrada ,case when (cmsl>50 ) then 1 else 0 end saida ,~lotestock validatestock ,tiposaft from td inner join td2 on td.tdstamp=td2.td2stamp where td.ndoc =39
20240409@181930.8365 ad88olhlg76abc5jlnpe923oom Query : use flama_phc
20240409@181930.8369 ad88olhlg76abc5jlnpe923oom Query : select top 1 ~inactivo valor from cl where no = '101900' and estab = 0 order by inactivo desc
20240409@181930.8380 ad88olhlg76abc5jlnpe923oom Query : use flama_phc
20240409@181930.8383 ad88olhlg76abc5jlnpe923oom Query : select top 1 tipodoc,regrd from td where ndoc = 39
20240409@181930.8396 ad88olhlg76abc5jlnpe923oom Query : use flama_phc
20240409@181930.8399 ad88olhlg76abc5jlnpe923oom Query : select szadrsstamp valor from szadrs where szadrsdesc='espaÇotrans,lda'
20240409@181930.8413 ad88olhlg76abc5jlnpe923oom Query : use flama_phc
20240409@181930.8416 ad88olhlg76abc5jlnpe923oom Query : select szadrsstamp valor from szadrs where szadrsdesc='101900 - pd - alfena n/p'
20240409@181930.8436 ad88olhlg76abc5jlnpe923oom Query : use flama_phc
20240409@181930.8439 ad88olhlg76abc5jlnpe923oom Query : select 1 valor from td where ndoc = 39
20240409@181930.8451 ad88olhlg76abc5jlnpe923oom Query : select top 1 manternumero, tiposaft, nmdos,td.assinadoc from td where td.ndoc = 39
20240409@181930.8464 ad88olhlg76abc5jlnpe923oom Query : select 1 valor from information_schema.tables where table_type='base table' and table_name='wsft039fields'
20240409@181930.8479 ad88olhlg76abc5jlnpe923oom Query : select fieldkey,fieldname,fieldtype,mandatory from wsft039fields
20240409@181930.8498 ad88olhlg76abc5jlnpe923oom Query : select 1 valor from information_schema.tables where table_type='base table' and table_name='wsft2039fields'
20240409@181930.8513 ad88olhlg76abc5jlnpe923oom Query : select fieldkey,fieldname,fieldtype,mandatory from wsft2039fields
20240409@181930.8538 ad88olhlg76abc5jlnpe923oom Query : select 1 valor from information_schema.tables where table_type='base table' and table_name='wsft3039fields'
20240409@181930.8552 ad88olhlg76abc5jlnpe923oom Query : select fieldkey,fieldname,fieldtype,mandatory from wsft3039fields
20240409@181930.8562 ad88olhlg76abc5jlnpe923oom Query : select top 1 ft.fno valor from ft ft where ft.ndoc = 39 and ftano=2024 order by fno desc
20240409@181930.8656 ad88olhlg76abc5jlnpe923oom Query : select top 1 ft.fno valor from wsft039data ft where ft.ndoc = 39 and ftano=2024 order by fno desc
20240409@181930.8665 ad88olhlg76abc5jlnpe923oom Query : select 1 valor from information_schema.tables where table_type='base table' and table_name='wsft3039fields'
20240409@181930.8677 ad88olhlg76abc5jlnpe923oom Query : select fieldkey,fieldname,fieldtype,calcformula from wsft3039fields
20240409@181930.8687 ad88olhlg76abc5jlnpe923oom Query : insert into wsft3039data (ft3stamp, ousrdata, ousrhora, usrdata,usrhora,ousrinis,usrinis,taxpointdt ) values ('aut6615736107661578a2d1' ,getdate(),convert(char(8),convert (time,getdate())),getdate(),convert(char(8),convert (time,getdate())),'wsv','wsv',?)
20240409@181930.8876 ad88olhlg76abc5jlnpe923oom Query : select 1 valor from information_schema.tables where table_type='base table' and table_name='wsft2039fields'
20240409@181930.8893 ad88olhlg76abc5jlnpe923oom Query : select fieldkey,fieldname,fieldtype,calcformula from wsft2039fields
20240409@181930.8920 ad88olhlg76abc5jlnpe923oom Query : select top 1 bo.u_nomeenv valor from bo where bo.bostamp=''
20240409@181930.8925 ad88olhlg76abc5jlnpe923oom Query : select top 1 bo.u_moradaen valor from bo where bo.bostamp=''
20240409@181930.8930 ad88olhlg76abc5jlnpe923oom Query : select top 1 bo.u_codposen valor from bo where bo.bostamp=''
20240409@181930.8934 ad88olhlg76abc5jlnpe923oom Query : select top 1 bo.u_localenv valor from bo where bo.bostamp=''
20240409@181930.8939 ad88olhlg76abc5jlnpe923oom Query : select top 1 bo.trab5 valor from bo where bo.bostamp=''
20240409@181930.8944 ad88olhlg76abc5jlnpe923oom Query : select top 1 bo.serie valor from bo where bo.bostamp=''
20240409@181930.8948 ad88olhlg76abc5jlnpe923oom Query : insert into wsft2039data (ft2stamp, ousrdata,ousrhora, usrdata,usrhora,ousrinis,usrinis,u_nomeenv ,u_moradaen ,u_codposen ,u_localenv ,u_coddest ,u_codby ) values ('aut6615736107661578a2d1',getdate(),convert(char(8),convert (time,getdate())),getdate(),convert(char(8),convert (time,getdate())),'wsv','wsv',?,?,?,?,?,?)
20240409@181930.9228 ad88olhlg76abc5jlnpe923oom Query : select top 1 fno valor from wsft039data order by fno desc
20240409@181930.9246 ad88olhlg76abc5jlnpe923oom Query : select 1 valor from information_schema.tables where table_type='base table' and table_name='wsft039fields'
20240409@181930.9263 ad88olhlg76abc5jlnpe923oom Query : select fieldkey,fieldname,fieldtype,calcformula from wsft039fields
20240409@181930.9293 ad88olhlg76abc5jlnpe923oom Query : insert into wsft039data (ftstamp, ousrdata,ousrhora, usrdata,usrhora,ousrinis,usrinis,fno,no,estab,fdata,ndoc,moeda,cambio,cambiofixo,ftano,cdata,chora,carga,descar,site ,classe ) values ('aut6615736107661578a2d1',getdate(),convert(char(8),convert (time,getdate())),getdate(),convert(char(8),convert (time,getdate())),'wsv','wsv',813,101900,0,'2024-04-09',39,'euro',0,0,2024 ,'20240409','1849',?,?,?,?)
20240409@181930.9725 ad88olhlg76abc5jlnpe923oom Query : use flama_phc
20240409@181931.7270 ad88olhlg76abc5jlnpe923oom Query : select st.usalote valor from st where st.ref = '324.4901.00.1'
20240409@181931.7450 ad88olhlg76abc5jlnpe923oom Query : select top 1 st.tabiva ,st.ivaincl ,st.stns ,st.uni2 ,st.familia ,isnull(tx.taxa, 0) txiva ,unidade ,usalote ,epcpond ,noserie from st left join taxasiva tx on st.tabiva = tx.codigo where st.ref = '324.4901.00.1'
20240409@181931.9070 ad88olhlg76abc5jlnpe923oom Query : select 1 valor from information_schema.tables where table_type='base table' and table_name='wsfi039fields'
20240409@181931.9220 ad88olhlg76abc5jlnpe923oom Query : select fieldkey,fieldname,fieldtype,mandatory from wsfi039fields
20240409@181931.9460 ad88olhlg76abc5jlnpe923oom Query : select 1 valor from information_schema.tables where table_type='base table' and table_name='wsfi2039fields'
20240409@181931.9590 ad88olhlg76abc5jlnpe923oom Query : select fieldkey,fieldname,fieldtype,mandatory from wsfi2039fields
20240409@181931.9640 ad88olhlg76abc5jlnpe923oom Query : select sestamp valor from se where ref ='324.4901.00.1' and lote = 'r2200240200a'
20240409@181931.9910 ad88olhlg76abc5jlnpe923oom Query : select top 1 convert(numeric(6,2),t.taxa) valor from taxasiva t where t.codigo='2'
20240409@181931.1001 ad88olhlg76abc5jlnpe923oom Query : select 1 valor from information_schema.tables where table_type='base table' and table_name='wsfi039fields'
20240409@181931.1014 ad88olhlg76abc5jlnpe923oom Query : select fieldkey,fieldname,fieldtype,calcformula from wsfi039fields
20240409@181931.1037 ad88olhlg76abc5jlnpe923oom Query : insert into wsfi039data (fistamp,ousrdata, ousrhora, usrdata,usrhora,ousrinis,usrinis ,qtt ,ftstamp ,epv,pvmoeda ,tabiva,iva,lordem ,ref, design ,lote,armazem,bistamp ) values ('aut6615763588661578a318',getdate(),convert(char(8),convert (time,getdate())),getdate(),convert(char(8),convert (time,getdate())),'wsv','wsv',8.000 ,'aut6615736107661578a2d1' ,0,0 ,2,23.00,10000,?,?,?,?,?)
20240409@181931.1317 ad88olhlg76abc5jlnpe923oom Query : select 1 valor from information_schema.tables where table_type='base table' and table_name='wsfi2039fields'
20240409@181931.1334 ad88olhlg76abc5jlnpe923oom Query : select fieldkey,fieldname,fieldtype,calcformula from wsfi2039fields
20240409@181931.1338 ad88olhlg76abc5jlnpe923oom Query : insert into wsfi2039data (fi2stamp,ftstamp ,ousrdata, ousrhora, usrdata,usrhora,ousrinis,usrinis) values ('aut6615763588661578a318','aut6615736107661578a2d1' ,getdate(),convert(char(8),convert (time,getdate())),getdate(),convert(char(8),convert (time,getdate())),'wsv','wsv')
20240409@181931.1344 ad88olhlg76abc5jlnpe923oom Query : select 1 valor from information_schema.tables where table_type='base table' and table_name='wsfi039fields'
20240409@181931.1357 ad88olhlg76abc5jlnpe923oom Query : select fieldkey,fieldname,fieldtype,mandatory from wsfi039fields
20240409@181931.1380 ad88olhlg76abc5jlnpe923oom Query : select 1 valor from information_schema.tables where table_type='base table' and table_name='wsfi2039fields'
20240409@181931.1393 ad88olhlg76abc5jlnpe923oom Query : select fieldkey,fieldname,fieldtype,mandatory from wsfi2039fields
20240409@181931.1397 ad88olhlg76abc5jlnpe923oom Query : select top 1 convert(numeric(6,2),t.taxa) valor from taxasiva t where t.codigo='2'
20240409@181931.1408 ad88olhlg76abc5jlnpe923oom Query : select 1 valor from information_schema.tables where table_type='base table' and table_name='wsfi039fields'
20240409@181931.1420 ad88olhlg76abc5jlnpe923oom Query : select fieldkey,fieldname,fieldtype,calcformula from wsfi039fields
20240409@181931.1443 ad88olhlg76abc5jlnpe923oom Query : insert into wsfi039data (fistamp,ousrdata, ousrhora, usrdata,usrhora,ousrinis,usrinis ,qtt ,ftstamp ,epv,pvmoeda ,tabiva,iva,lordem ,ref, design ,armazem) values ('aut6615718069661578a322',getdate(),convert(char(8),convert (time,getdate())),getdate(),convert(char(8),convert (time,getdate())),'wsv','wsv',0 ,'aut6615736107661578a2d1' ,0,0 ,2,23.00,20000,?,?,?)
20240409@181931.1744 ad88olhlg76abc5jlnpe923oom Query : select 1 valor from information_schema.tables where table_type='base table' and table_name='wsfi2039fields'
20240409@181931.2120 ad88olhlg76abc5jlnpe923oom Query : select fieldkey,fieldname,fieldtype,calcformula from wsfi2039fields
20240409@181931.2259 ad88olhlg76abc5jlnpe923oom Query : insert into wsfi2039data (fi2stamp,ftstamp ,ousrdata, ousrhora, usrdata,usrhora,ousrinis,usrinis) values ('aut6615718069661578a322','aut6615736107661578a2d1' ,getdate(),convert(char(8),convert (time,getdate())),getdate(),convert(char(8),convert (time,getdate())),'wsv','wsv')
20240409@181931.2304 ad88olhlg76abc5jlnpe923oom Query : insert into wsftcreationlog (initialftstamp,externalid,creationstatus,documenttypeid,idustamp) values ('aut6615736107661578a2d1','2402645','wait',39,'ari17112337378,753000005')
20240409@181931.2454 ad88olhlg76abc5jlnpe923oom Query : use flama_phc
20240409@181931.2458 ad88olhlg76abc5jlnpe923oom Query : update u_wsusers set rqsttoken =? where userid ='userls001'
20240409@181931.2470 ad88olhlg76abc5jlnpe923oom Query : select concat(rtrim(relative_path),ltrim(name_new)) as valor from uploadfiles where uploadfile_id='1052';
20240409@181931.2489 ad88olhlg76abc5jlnpe923oom Query : update uploadfiles set whenupdated=current_timestamp where uploadfile_id='1052';
20240409@181931.2507 ad88olhlg76abc5jlnpe923oom Query : select concat(rtrim(relative_path),ltrim(name_new)) as valor from uploadfiles where uploadfile_id='1052';
20240409@181931.2521 ad88olhlg76abc5jlnpe923oom Query : update uploadfiles set whenupdated=current_timestamp where uploadfile_id='1052';
20240409@181931.2907 urbuna6pbedcm9p5k8c0e6qm1h Query : insert into uploadfiles ( name_original, name_new, option_type, relative_path, whencreated ) values ( ?, ?, ?, ?, getdate() )
20240409@181931.2922 urbuna6pbedcm9p5k8c0e6qm1h Query : select uploadfile_id valor from uploadfiles where name_new = ? and option_type = ? 
20240409@181931.2945 urbuna6pbedcm9p5k8c0e6qm1h Query : select concat(rtrim(relative_path),ltrim(name_new)) as valor from uploadfiles where uploadfile_id='1053';
20240409@181931.3003 urbuna6pbedcm9p5k8c0e6qm1h Query : update uploadfiles set whenupdated=current_timestamp where uploadfile_id='1053';
20240409@181931.3020 urbuna6pbedcm9p5k8c0e6qm1h Query : select concat(rtrim(relative_path),ltrim(name_new)) as valor from uploadfiles where uploadfile_id='1053';
20240409@181931.3035 urbuna6pbedcm9p5k8c0e6qm1h Query : update uploadfiles set whenupdated=current_timestamp where uploadfile_id='1053';
20240409@181931.3048 urbuna6pbedcm9p5k8c0e6qm1h Query : use flama_phc
20240409@181931.3051 urbuna6pbedcm9p5k8c0e6qm1h Query : select top 1 secretkey valor from u_wsusers u where u.userid = ? and u.inactivo=0
20240409@181931.3063 urbuna6pbedcm9p5k8c0e6qm1h Query : use flama_phc
20240409@181931.3066 urbuna6pbedcm9p5k8c0e6qm1h Query : select no, estab,szadrsdesc from szadrs where u_coddest=2448
20240409@181931.3164 urbuna6pbedcm9p5k8c0e6qm1h Query : select top 1 isnull(design,'') valor from st (nolock) left join stobs (nolock) on st.ref = stobs.ref where st.ref = '324.2326.00.1'
20240409@181931.3319 urbuna6pbedcm9p5k8c0e6qm1h Query : select top 1 bistamp valor from bi inner join bo on bo.bostamp=bi.bostamp where bo.ndos =240 and bo.boano =2026 and bo.obrano = 2402646 and bi.ref ='324.2326.00.1' and bi.lordem =1
20240409@181931.3623 urbuna6pbedcm9p5k8c0e6qm1h Query : use flama_phc
20240409@181931.3627 urbuna6pbedcm9p5k8c0e6qm1h Query : select top 1 convert(date,fdata) valor from ft where ndoc = 39 and anulado= 0 and fno>0 order by fdata desc
20240409@181931.3643 urbuna6pbedcm9p5k8c0e6qm1h Query : use flama_phc
20240409@181931.3646 urbuna6pbedcm9p5k8c0e6qm1h Query : select top 1 1 valor from td where td.ndoc = 39
20240409@181931.3658 urbuna6pbedcm9p5k8c0e6qm1h Query : use flama_phc
20240409@181931.3662 urbuna6pbedcm9p5k8c0e6qm1h Query : select descricao ,case when valor='s' then 1 else 0 end usalotes from para1 where descricao in ('st_lote')
20240409@181931.3674 urbuna6pbedcm9p5k8c0e6qm1h Query : select top 1 assinadoc issigned ,td.lancasl stocks ,'cl' origin ,case when (cmsl between 1 and 50 ) then 1 else 0 end entrada ,case when (cmsl>50 ) then 1 else 0 end saida ,~lotestock validatestock ,tiposaft from td inner join td2 on td.tdstamp=td2.td2stamp where td.ndoc =39
20240409@181931.3690 urbuna6pbedcm9p5k8c0e6qm1h Query : use flama_phc
20240409@181931.3694 urbuna6pbedcm9p5k8c0e6qm1h Query : select top 1 ~inactivo valor from cl where no = '101889' and estab = 0 order by inactivo desc
20240409@181931.3802 urbuna6pbedcm9p5k8c0e6qm1h Query : use flama_phc
20240409@181931.3807 urbuna6pbedcm9p5k8c0e6qm1h Query : select top 1 tipodoc,regrd from td where ndoc = 39
20240409@181931.3819 urbuna6pbedcm9p5k8c0e6qm1h Query : use flama_phc
20240409@181931.3822 urbuna6pbedcm9p5k8c0e6qm1h Query : select szadrsstamp valor from szadrs where szadrsdesc='espaÇotrans,lda'
20240409@181931.3841 urbuna6pbedcm9p5k8c0e6qm1h Query : use flama_phc
20240409@181931.3845 urbuna6pbedcm9p5k8c0e6qm1h Query : select szadrsstamp valor from szadrs where szadrsdesc='cooplecnorte,crl'
20240409@181931.3859 urbuna6pbedcm9p5k8c0e6qm1h Query : use flama_phc
20240409@181931.3862 urbuna6pbedcm9p5k8c0e6qm1h Query : select 1 valor from td where ndoc = 39
20240409@181931.3873 urbuna6pbedcm9p5k8c0e6qm1h Query : select top 1 manternumero, tiposaft, nmdos,td.assinadoc from td where td.ndoc = 39
20240409@181931.3886 urbuna6pbedcm9p5k8c0e6qm1h Query : select 1 valor from information_schema.tables where table_type='base table' and table_name='wsft039fields'
20240409@181931.3900 urbuna6pbedcm9p5k8c0e6qm1h Query : select fieldkey,fieldname,fieldtype,mandatory from wsft039fields
20240409@181931.3949 urbuna6pbedcm9p5k8c0e6qm1h Query : select 1 valor from information_schema.tables where table_type='base table' and table_name='wsft2039fields'
20240409@181931.3963 urbuna6pbedcm9p5k8c0e6qm1h Query : select fieldkey,fieldname,fieldtype,mandatory from wsft2039fields
20240409@181931.3991 urbuna6pbedcm9p5k8c0e6qm1h Query : select 1 valor from information_schema.tables where table_type='base table' and table_name='wsft3039fields'
20240409@181931.4024 urbuna6pbedcm9p5k8c0e6qm1h Query : select fieldkey,fieldname,fieldtype,mandatory from wsft3039fields
20240409@181931.4034 urbuna6pbedcm9p5k8c0e6qm1h Query : select top 1 ft.fno valor from ft ft where ft.ndoc = 39 and ftano=2024 order by fno desc
20240409@181931.4164 urbuna6pbedcm9p5k8c0e6qm1h Query : select top 1 ft.fno valor from wsft039data ft where ft.ndoc = 39 and ftano=2024 order by fno desc
20240409@181931.4175 urbuna6pbedcm9p5k8c0e6qm1h Query : select 1 valor from information_schema.tables where table_type='base table' and table_name='wsft3039fields'
20240409@181931.4189 urbuna6pbedcm9p5k8c0e6qm1h Query : select fieldkey,fieldname,fieldtype,calcformula from wsft3039fields
20240409@181931.4200 urbuna6pbedcm9p5k8c0e6qm1h Query : insert into wsft3039data (ft3stamp, ousrdata, ousrhora, usrdata,usrhora,ousrinis,usrinis,taxpointdt ) values ('aut6615783131661578a362' ,getdate(),convert(char(8),convert (time,getdate())),getdate(),convert(char(8),convert (time,getdate())),'wsv','wsv',?)
20240409@181931.4407 urbuna6pbedcm9p5k8c0e6qm1h Query : select 1 valor from information_schema.tables where table_type='base table' and table_name='wsft2039fields'
20240409@181931.4428 urbuna6pbedcm9p5k8c0e6qm1h Query : select fieldkey,fieldname,fieldtype,calcformula from wsft2039fields
20240409@181931.4461 urbuna6pbedcm9p5k8c0e6qm1h Query : select top 1 bo.u_nomeenv valor from bo where bo.bostamp=''
20240409@181931.4467 urbuna6pbedcm9p5k8c0e6qm1h Query : select top 1 bo.u_moradaen valor from bo where bo.bostamp=''
20240409@181931.4471 urbuna6pbedcm9p5k8c0e6qm1h Query : select top 1 bo.u_codposen valor from bo where bo.bostamp=''
20240409@181931.4477 urbuna6pbedcm9p5k8c0e6qm1h Query : select top 1 bo.u_localenv valor from bo where bo.bostamp=''
20240409@181931.4482 urbuna6pbedcm9p5k8c0e6qm1h Query : select top 1 bo.trab5 valor from bo where bo.bostamp=''
20240409@181931.4487 urbuna6pbedcm9p5k8c0e6qm1h Query : select top 1 bo.serie valor from bo where bo.bostamp=''
20240409@181931.4520 urbuna6pbedcm9p5k8c0e6qm1h Query : insert into wsft2039data (ft2stamp, ousrdata,ousrhora, usrdata,usrhora,ousrinis,usrinis,u_nomeenv ,u_moradaen ,u_codposen ,u_localenv ,u_coddest ,u_codby ) values ('aut6615783131661578a362',getdate(),convert(char(8),convert (time,getdate())),getdate(),convert(char(8),convert (time,getdate())),'wsv','wsv',?,?,?,?,?,?)
20240409@181931.4824 urbuna6pbedcm9p5k8c0e6qm1h Query : select top 1 fno valor from wsft039data order by fno desc
20240409@181931.4846 urbuna6pbedcm9p5k8c0e6qm1h Query : select 1 valor from information_schema.tables where table_type='base table' and table_name='wsft039fields'
20240409@181931.4861 urbuna6pbedcm9p5k8c0e6qm1h Query : select fieldkey,fieldname,fieldtype,calcformula from wsft039fields
20240409@181931.4884 urbuna6pbedcm9p5k8c0e6qm1h Query : insert into wsft039data (ftstamp, ousrdata,ousrhora, usrdata,usrhora,ousrinis,usrinis,fno,no,estab,fdata,ndoc,moeda,cambio,cambiofixo,ftano,cdata,chora,carga,descar,site ,classe ) values ('aut6615783131661578a362',getdate(),convert(char(8),convert (time,getdate())),getdate(),convert(char(8),convert (time,getdate())),'wsv','wsv',814,101889,0,'2024-04-09',39,'euro',0,0,2024 ,'20240409','1849',?,?,?,?)
20240409@181931.5315 urbuna6pbedcm9p5k8c0e6qm1h Query : use flama_phc
20240409@181931.5320 urbuna6pbedcm9p5k8c0e6qm1h Query : select st.usalote valor from st where st.ref = '324.2326.00.1'
20240409@181931.5336 urbuna6pbedcm9p5k8c0e6qm1h Query : select top 1 st.tabiva ,st.ivaincl ,st.stns ,st.uni2 ,st.familia ,isnull(tx.taxa, 0) txiva ,unidade ,usalote ,epcpond ,noserie from st left join taxasiva tx on st.tabiva = tx.codigo where st.ref = '324.2326.00.1'
20240409@181931.5508 urbuna6pbedcm9p5k8c0e6qm1h Query : select 1 valor from information_schema.tables where table_type='base table' and table_name='wsfi039fields'
20240409@181931.5523 urbuna6pbedcm9p5k8c0e6qm1h Query : select fieldkey,fieldname,fieldtype,mandatory from wsfi039fields
20240409@181931.5551 urbuna6pbedcm9p5k8c0e6qm1h Query : select 1 valor from information_schema.tables where table_type='base table' and table_name='wsfi2039fields'
20240409@181931.5567 urbuna6pbedcm9p5k8c0e6qm1h Query : select fieldkey,fieldname,fieldtype,mandatory from wsfi2039fields
20240409@181931.5571 urbuna6pbedcm9p5k8c0e6qm1h Query : select sestamp valor from se where ref ='324.2326.00.1' and lote = 'r2300567100a'
20240409@181931.5584 urbuna6pbedcm9p5k8c0e6qm1h Query : select top 1 convert(numeric(6,2),t.taxa) valor from taxasiva t where t.codigo='2'
20240409@181931.5596 urbuna6pbedcm9p5k8c0e6qm1h Query : select 1 valor from information_schema.tables where table_type='base table' and table_name='wsfi039fields'
20240409@181931.5610 urbuna6pbedcm9p5k8c0e6qm1h Query : select fieldkey,fieldname,fieldtype,calcformula from wsfi039fields
20240409@181931.5634 urbuna6pbedcm9p5k8c0e6qm1h Query : insert into wsfi039data (fistamp,ousrdata, ousrhora, usrdata,usrhora,ousrinis,usrinis ,qtt ,ftstamp ,epv,pvmoeda ,tabiva,iva,lordem ,ref, design ,lote,armazem,bistamp ) values ('aut6615786582661578a388',getdate(),convert(char(8),convert (time,getdate())),getdate(),convert(char(8),convert (time,getdate())),'wsv','wsv',6.000 ,'aut6615783131661578a362' ,0,0 ,2,23.00,10000,?,?,?,?,?)
20240409@181931.6013 urbuna6pbedcm9p5k8c0e6qm1h Query : select 1 valor from information_schema.tables where table_type='base table' and table_name='wsfi2039fields'
20240409@181931.6044 urbuna6pbedcm9p5k8c0e6qm1h Query : select fieldkey,fieldname,fieldtype,calcformula from wsfi2039fields
20240409@181931.6048 urbuna6pbedcm9p5k8c0e6qm1h Query : insert into wsfi2039data (fi2stamp,ftstamp ,ousrdata, ousrhora, usrdata,usrhora,ousrinis,usrinis) values ('aut6615786582661578a388','aut6615783131661578a362' ,getdate(),convert(char(8),convert (time,getdate())),getdate(),convert(char(8),convert (time,getdate())),'wsv','wsv')
20240409@181931.6053 urbuna6pbedcm9p5k8c0e6qm1h Query : insert into wsftcreationlog (initialftstamp,externalid,creationstatus,documenttypeid,idustamp) values ('aut6615783131661578a362','2402646','wait',39,'ari17112337378,753000005')
20240409@181931.6069 urbuna6pbedcm9p5k8c0e6qm1h Query : use flama_phc
20240409@181931.6072 urbuna6pbedcm9p5k8c0e6qm1h Query : update u_wsusers set rqsttoken =? where userid ='userls001'
20240409@181931.6090 urbuna6pbedcm9p5k8c0e6qm1h Query : select concat(rtrim(relative_path),ltrim(name_new)) as valor from uploadfiles where uploadfile_id='1053';
20240409@181931.6132 urbuna6pbedcm9p5k8c0e6qm1h Query : update uploadfiles set whenupdated=current_timestamp where uploadfile_id='1053';
20240409@181931.6147 urbuna6pbedcm9p5k8c0e6qm1h Query : select concat(rtrim(relative_path),ltrim(name_new)) as valor from uploadfiles where uploadfile_id='1053';
20240409@181931.6161 urbuna6pbedcm9p5k8c0e6qm1h Query : update uploadfiles set whenupdated=current_timestamp where uploadfile_id='1053';
20240409@181931.6567 lebju3f0h4sferk0t3a6m0mht2 Query : insert into uploadfiles ( name_original, name_new, option_type, relative_path, whencreated ) values ( ?, ?, ?, ?, getdate() )
20240409@181931.6593 lebju3f0h4sferk0t3a6m0mht2 Query : select uploadfile_id valor from uploadfiles where name_new = ? and option_type = ? 
20240409@181931.6621 lebju3f0h4sferk0t3a6m0mht2 Query : select concat(rtrim(relative_path),ltrim(name_new)) as valor from uploadfiles where uploadfile_id='1054';
20240409@181931.6679 lebju3f0h4sferk0t3a6m0mht2 Query : update uploadfiles set whenupdated=current_timestamp where uploadfile_id='1054';
20240409@181931.6699 lebju3f0h4sferk0t3a6m0mht2 Query : select concat(rtrim(relative_path),ltrim(name_new)) as valor from uploadfiles where uploadfile_id='1054';
20240409@181931.6717 lebju3f0h4sferk0t3a6m0mht2 Query : update uploadfiles set whenupdated=current_timestamp where uploadfile_id='1054';
20240409@181931.6734 lebju3f0h4sferk0t3a6m0mht2 Query : use flama_phc
20240409@181931.6737 lebju3f0h4sferk0t3a6m0mht2 Query : select top 1 secretkey valor from u_wsusers u where u.userid = ? and u.inactivo=0
20240409@181931.6752 lebju3f0h4sferk0t3a6m0mht2 Query : use flama_phc
20240409@181931.6757 lebju3f0h4sferk0t3a6m0mht2 Query : select no, estab,szadrsdesc from szadrs where u_coddest=1957
20240409@181931.6882 lebju3f0h4sferk0t3a6m0mht2 Query : select top 1 isnull(design,'') valor from st (nolock) left join stobs (nolock) on st.ref = stobs.ref where st.ref = '325.1290.1003'
20240409@181931.7146 lebju3f0h4sferk0t3a6m0mht2 Query : select top 1 bistamp valor from bi inner join bo on bo.bostamp=bi.bostamp where bo.ndos =240 and bo.boano =2026 and bo.obrano = 2402647 and bi.ref ='325.1290.1003' and bi.lordem =1
20240409@181931.7530 lebju3f0h4sferk0t3a6m0mht2 Query : use flama_phc
20240409@181931.7536 lebju3f0h4sferk0t3a6m0mht2 Query : select top 1 convert(date,fdata) valor from ft where ndoc = 39 and anulado= 0 and fno>0 order by fdata desc
20240409@181931.7549 lebju3f0h4sferk0t3a6m0mht2 Query : use flama_phc
20240409@181931.7552 lebju3f0h4sferk0t3a6m0mht2 Query : select top 1 1 valor from td where td.ndoc = 39
20240409@181931.7616 lebju3f0h4sferk0t3a6m0mht2 Query : use flama_phc
20240409@181931.8268 lebju3f0h4sferk0t3a6m0mht2 Query : select descricao ,case when valor='s' then 1 else 0 end usalotes from para1 where descricao in ('st_lote')
20240409@181931.8289 lebju3f0h4sferk0t3a6m0mht2 Query : select top 1 assinadoc issigned ,td.lancasl stocks ,'cl' origin ,case when (cmsl between 1 and 50 ) then 1 else 0 end entrada ,case when (cmsl>50 ) then 1 else 0 end saida ,~lotestock validatestock ,tiposaft from td inner join td2 on td.tdstamp=td2.td2stamp where td.ndoc =39
20240409@181931.8309 lebju3f0h4sferk0t3a6m0mht2 Query : use flama_phc
20240409@181931.8313 lebju3f0h4sferk0t3a6m0mht2 Query : select top 1 ~inactivo valor from cl where no = '199530' and estab = 0 order by inactivo desc
20240409@181931.8436 lebju3f0h4sferk0t3a6m0mht2 Query : use flama_phc
20240409@181931.8440 lebju3f0h4sferk0t3a6m0mht2 Query : select top 1 tipodoc,regrd from td where ndoc = 39
20240409@181931.8451 lebju3f0h4sferk0t3a6m0mht2 Query : use flama_phc
20240409@181931.8455 lebju3f0h4sferk0t3a6m0mht2 Query : select szadrsstamp valor from szadrs where szadrsdesc='espaÇotrans,lda'
20240409@181931.8470 lebju3f0h4sferk0t3a6m0mht2 Query : use flama_phc
20240409@181931.8473 lebju3f0h4sferk0t3a6m0mht2 Query : select szadrsstamp valor from szadrs where szadrsdesc='pingo doce-distribuiÇÃo alimentar, s.a.- valongo1'
20240409@181931.8487 lebju3f0h4sferk0t3a6m0mht2 Query : use flama_phc
20240409@181931.8490 lebju3f0h4sferk0t3a6m0mht2 Query : select 1 valor from td where ndoc = 39
20240409@181931.8501 lebju3f0h4sferk0t3a6m0mht2 Query : select top 1 manternumero, tiposaft, nmdos,td.assinadoc from td where td.ndoc = 39
20240409@181931.8514 lebju3f0h4sferk0t3a6m0mht2 Query : select 1 valor from information_schema.tables where table_type='base table' and table_name='wsft039fields'
20240409@181931.8531 lebju3f0h4sferk0t3a6m0mht2 Query : select fieldkey,fieldname,fieldtype,mandatory from wsft039fields
20240409@181931.8551 lebju3f0h4sferk0t3a6m0mht2 Query : select 1 valor from information_schema.tables where table_type='base table' and table_name='wsft2039fields'
20240409@181931.8569 lebju3f0h4sferk0t3a6m0mht2 Query : select fieldkey,fieldname,fieldtype,mandatory from wsft2039fields
20240409@181931.8640 lebju3f0h4sferk0t3a6m0mht2 Query : select 1 valor from information_schema.tables where table_type='base table' and table_name='wsft3039fields'
20240409@181931.8672 lebju3f0h4sferk0t3a6m0mht2 Query : select fieldkey,fieldname,fieldtype,mandatory from wsft3039fields
20240409@181931.8683 lebju3f0h4sferk0t3a6m0mht2 Query : select top 1 ft.fno valor from ft ft where ft.ndoc = 39 and ftano=2024 order by fno desc
20240409@181931.8782 lebju3f0h4sferk0t3a6m0mht2 Query : select top 1 ft.fno valor from wsft039data ft where ft.ndoc = 39 and ftano=2024 order by fno desc
20240409@181931.8793 lebju3f0h4sferk0t3a6m0mht2 Query : select 1 valor from information_schema.tables where table_type='base table' and table_name='wsft3039fields'
20240409@181931.8812 lebju3f0h4sferk0t3a6m0mht2 Query : select fieldkey,fieldname,fieldtype,calcformula from wsft3039fields
20240409@181931.8836 lebju3f0h4sferk0t3a6m0mht2 Query : insert into wsft3039data (ft3stamp, ousrdata, ousrhora, usrdata,usrhora,ousrinis,usrinis,taxpointdt ) values ('aut6615760122661578a3d3' ,getdate(),convert(char(8),convert (time,getdate())),getdate(),convert(char(8),convert (time,getdate())),'wsv','wsv',?)
20240409@181931.9052 lebju3f0h4sferk0t3a6m0mht2 Query : select 1 valor from information_schema.tables where table_type='base table' and table_name='wsft2039fields'
20240409@181931.9076 lebju3f0h4sferk0t3a6m0mht2 Query : select fieldkey,fieldname,fieldtype,calcformula from wsft2039fields
20240409@181931.9123 lebju3f0h4sferk0t3a6m0mht2 Query : select top 1 bo.u_nomeenv valor from bo where bo.bostamp=''
20240409@181931.9128 lebju3f0h4sferk0t3a6m0mht2 Query : select top 1 bo.u_moradaen valor from bo where bo.bostamp=''
20240409@181931.9133 lebju3f0h4sferk0t3a6m0mht2 Query : select top 1 bo.u_codposen valor from bo where bo.bostamp=''
20240409@181931.9138 lebju3f0h4sferk0t3a6m0mht2 Query : select top 1 bo.u_localenv valor from bo where bo.bostamp=''
20240409@181931.9143 lebju3f0h4sferk0t3a6m0mht2 Query : select top 1 bo.trab5 valor from bo where bo.bostamp=''
20240409@181931.9148 lebju3f0h4sferk0t3a6m0mht2 Query : select top 1 bo.serie valor from bo where bo.bostamp=''
20240409@181931.9153 lebju3f0h4sferk0t3a6m0mht2 Query : insert into wsft2039data (ft2stamp, ousrdata,ousrhora, usrdata,usrhora,ousrinis,usrinis,u_nomeenv ,u_moradaen ,u_codposen ,u_localenv ,u_coddest ,u_codby ) values ('aut6615760122661578a3d3',getdate(),convert(char(8),convert (time,getdate())),getdate(),convert(char(8),convert (time,getdate())),'wsv','wsv',?,?,?,?,?,?)
20240409@181931.9506 lebju3f0h4sferk0t3a6m0mht2 Query : select top 1 fno valor from wsft039data order by fno desc
20240409@181931.9526 lebju3f0h4sferk0t3a6m0mht2 Query : select 1 valor from information_schema.tables where table_type='base table' and table_name='wsft039fields'
20240409@181931.9543 lebju3f0h4sferk0t3a6m0mht2 Query : select fieldkey,fieldname,fieldtype,calcformula from wsft039fields
20240409@181931.9567 lebju3f0h4sferk0t3a6m0mht2 Query : insert into wsft039data (ftstamp, ousrdata,ousrhora, usrdata,usrhora,ousrinis,usrinis,fno,no,estab,fdata,ndoc,moeda,cambio,cambiofixo,ftano,cdata,chora,carga,descar,site ,classe ) values ('aut6615760122661578a3d3',getdate(),convert(char(8),convert (time,getdate())),getdate(),convert(char(8),convert (time,getdate())),'wsv','wsv',815,199530,0,'2024-04-09',39,'euro',0,0,2024 ,'20240409','1849',?,?,?,?)
20240409@181931.9929 lebju3f0h4sferk0t3a6m0mht2 Query : use flama_phc
20240409@181931.9932 lebju3f0h4sferk0t3a6m0mht2 Query : select st.usalote valor from st where st.ref = '325.1290.1003'
20240409@181931.9947 lebju3f0h4sferk0t3a6m0mht2 Query : select top 1 st.tabiva ,st.ivaincl ,st.stns ,st.uni2 ,st.familia ,isnull(tx.taxa, 0) txiva ,unidade ,usalote ,epcpond ,noserie from st left join taxasiva tx on st.tabiva = tx.codigo where st.ref = '325.1290.1003'
20240409@181932.1090 lebju3f0h4sferk0t3a6m0mht2 Query : select 1 valor from information_schema.tables where table_type='base table' and table_name='wsfi039fields'
20240409@181932.1230 lebju3f0h4sferk0t3a6m0mht2 Query : select fieldkey,fieldname,fieldtype,mandatory from wsfi039fields
20240409@181932.1480 lebju3f0h4sferk0t3a6m0mht2 Query : select 1 valor from information_schema.tables where table_type='base table' and table_name='wsfi2039fields'
20240409@181932.1620 lebju3f0h4sferk0t3a6m0mht2 Query : select fieldkey,fieldname,fieldtype,mandatory from wsfi2039fields
20240409@181932.1670 lebju3f0h4sferk0t3a6m0mht2 Query : select sestamp valor from se where ref ='325.1290.1003' and lote = 'r220074620'
20240409@181932.1900 lebju3f0h4sferk0t3a6m0mht2 Query : select top 1 convert(numeric(6,2),t.taxa) valor from taxasiva t where t.codigo='2'
20240409@181932.2020 lebju3f0h4sferk0t3a6m0mht2 Query : select 1 valor from information_schema.tables where table_type='base table' and table_name='wsfi039fields'
20240409@181932.2290 lebju3f0h4sferk0t3a6m0mht2 Query : select fieldkey,fieldname,fieldtype,calcformula from wsfi039fields
20240409@181932.2550 lebju3f0h4sferk0t3a6m0mht2 Query : insert into wsfi039data (fistamp,ousrdata, ousrhora, usrdata,usrhora,ousrinis,usrinis ,qtt ,ftstamp ,epv,pvmoeda ,tabiva,iva,lordem ,ref, design ,lote,armazem,bistamp ) values ('aut6615703566661578a404',getdate(),convert(char(8),convert (time,getdate())),getdate(),convert(char(8),convert (time,getdate())),'wsv','wsv',1728.000 ,'aut6615760122661578a3d3' ,0,0 ,2,23.00,10000,?,?,?,?,?)
20240409@181932.5780 lebju3f0h4sferk0t3a6m0mht2 Query : select 1 valor from information_schema.tables where table_type='base table' and table_name='wsfi2039fields'
20240409@181932.5950 lebju3f0h4sferk0t3a6m0mht2 Query : select fieldkey,fieldname,fieldtype,calcformula from wsfi2039fields
20240409@181932.6000 lebju3f0h4sferk0t3a6m0mht2 Query : insert into wsfi2039data (fi2stamp,ftstamp ,ousrdata, ousrhora, usrdata,usrhora,ousrinis,usrinis) values ('aut6615703566661578a404','aut6615760122661578a3d3' ,getdate(),convert(char(8),convert (time,getdate())),getdate(),convert(char(8),convert (time,getdate())),'wsv','wsv')
20240409@181932.6050 lebju3f0h4sferk0t3a6m0mht2 Query : insert into wsftcreationlog (initialftstamp,externalid,creationstatus,documenttypeid,idustamp) values ('aut6615760122661578a3d3','2402647','wait',39,'ari17112337378,753000005')
20240409@181932.6240 lebju3f0h4sferk0t3a6m0mht2 Query : use flama_phc
20240409@181932.6270 lebju3f0h4sferk0t3a6m0mht2 Query : update u_wsusers set rqsttoken =? where userid ='userls001'
20240409@181932.6600 lebju3f0h4sferk0t3a6m0mht2 Query : select concat(rtrim(relative_path),ltrim(name_new)) as valor from uploadfiles where uploadfile_id='1054';
20240409@181932.6800 lebju3f0h4sferk0t3a6m0mht2 Query : update uploadfiles set whenupdated=current_timestamp where uploadfile_id='1054';
20240409@181932.6960 lebju3f0h4sferk0t3a6m0mht2 Query : select concat(rtrim(relative_path),ltrim(name_new)) as valor from uploadfiles where uploadfile_id='1054';
20240409@181932.7090 lebju3f0h4sferk0t3a6m0mht2 Query : update uploadfiles set whenupdated=current_timestamp where uploadfile_id='1054';
20240409@181932.1101 9l0gcrs454crrdb6vora8pa287 Query : insert into uploadfiles ( name_original, name_new, option_type, relative_path, whencreated ) values ( ?, ?, ?, ?, getdate() )
20240409@181932.1118 9l0gcrs454crrdb6vora8pa287 Query : select uploadfile_id valor from uploadfiles where name_new = ? and option_type = ? 
20240409@181932.1144 9l0gcrs454crrdb6vora8pa287 Query : select concat(rtrim(relative_path),ltrim(name_new)) as valor from uploadfiles where uploadfile_id='1055';
20240409@181932.1200 9l0gcrs454crrdb6vora8pa287 Query : update uploadfiles set whenupdated=current_timestamp where uploadfile_id='1055';
20240409@181932.1218 9l0gcrs454crrdb6vora8pa287 Query : select concat(rtrim(relative_path),ltrim(name_new)) as valor from uploadfiles where uploadfile_id='1055';
20240409@181932.1236 9l0gcrs454crrdb6vora8pa287 Query : update uploadfiles set whenupdated=current_timestamp where uploadfile_id='1055';
20240409@181932.1250 9l0gcrs454crrdb6vora8pa287 Query : use flama_phc
20240409@181932.1254 9l0gcrs454crrdb6vora8pa287 Query : select top 1 secretkey valor from u_wsusers u where u.userid = ? and u.inactivo=0
20240409@181932.1275 9l0gcrs454crrdb6vora8pa287 Query : use flama_phc
20240409@181932.1278 9l0gcrs454crrdb6vora8pa287 Query : select no, estab,szadrsdesc from szadrs where u_coddest=6917
20240409@181932.1324 9l0gcrs454crrdb6vora8pa287 Query : select top 1 isnull(design,'') valor from st (nolock) left join stobs (nolock) on st.ref = stobs.ref where st.ref = '324.2000.94.1'
20240409@181932.1512 9l0gcrs454crrdb6vora8pa287 Query : select top 1 bistamp valor from bi inner join bo on bo.bostamp=bi.bostamp where bo.ndos =240 and bo.boano =2026 and bo.obrano = 2402650 and bi.ref ='324.2000.94.1' and bi.lordem =1
20240409@181932.1851 9l0gcrs454crrdb6vora8pa287 Query : select top 1 isnull(design,'') valor from st (nolock) left join stobs (nolock) on st.ref = stobs.ref where st.ref = '324.900.94.02'
20240409@181932.2005 9l0gcrs454crrdb6vora8pa287 Query : select top 1 bistamp valor from bi inner join bo on bo.bostamp=bi.bostamp where bo.ndos =240 and bo.boano =2026 and bo.obrano = 2402650 and bi.ref ='324.900.94.02' and bi.lordem =2
20240409@181932.2317 9l0gcrs454crrdb6vora8pa287 Query : select top 1 isnull(design,'') valor from st (nolock) left join stobs (nolock) on st.ref = stobs.ref where st.ref = '324.700.94.01'
20240409@181932.2329 9l0gcrs454crrdb6vora8pa287 Query : select top 1 bistamp valor from bi inner join bo on bo.bostamp=bi.bostamp where bo.ndos =240 and bo.boano =2026 and bo.obrano = 2402650 and bi.ref ='324.700.94.01' and bi.lordem =3
20240409@181932.2660 9l0gcrs454crrdb6vora8pa287 Query : select top 1 isnull(design,'') valor from st (nolock) left join stobs (nolock) on st.ref = stobs.ref where st.ref = '324.2200.94.1'
20240409@181932.2812 9l0gcrs454crrdb6vora8pa287 Query : select top 1 bistamp valor from bi inner join bo on bo.bostamp=bi.bostamp where bo.ndos =240 and bo.boano =2026 and bo.obrano = 2402650 and bi.ref ='324.2200.94.1' and bi.lordem =4
20240409@181932.3145 9l0gcrs454crrdb6vora8pa287 Query : use flama_phc
20240409@181932.3149 9l0gcrs454crrdb6vora8pa287 Query : select szadrsstamp valor from szadrs where szadrsdesc='espaÇotrans,lda'
20240409@181932.3160 9l0gcrs454crrdb6vora8pa287 Query : use flama_phc
20240409@181932.3163 9l0gcrs454crrdb6vora8pa287 Query : select top 1 errorresult result ,errornumber errornumber ,errorcode code ,descriptionpt description ,isnull(descriptionen,'') descriptionen ,isnull(descriptionfr,'') descriptionfr from wserrorcodes where errornumber = -65
20240409@181932.3221 9l0gcrs454crrdb6vora8pa287 Query : select concat(rtrim(relative_path),ltrim(name_new)) as valor from uploadfiles where uploadfile_id='1055';
20240409@181932.4389 9l0gcrs454crrdb6vora8pa287 Query : update uploadfiles set whenupdated=current_timestamp where uploadfile_id='1055';
20240409@181932.4771 r5uf7489hcdgv6ivvld48hr27v Query : insert into uploadfiles ( name_original, name_new, option_type, relative_path, whencreated ) values ( ?, ?, ?, ?, getdate() )
20240409@181932.4784 r5uf7489hcdgv6ivvld48hr27v Query : select uploadfile_id valor from uploadfiles where name_new = ? and option_type = ? 
20240409@181932.4805 r5uf7489hcdgv6ivvld48hr27v Query : select concat(rtrim(relative_path),ltrim(name_new)) as valor from uploadfiles where uploadfile_id='1056';
20240409@181932.4846 r5uf7489hcdgv6ivvld48hr27v Query : update uploadfiles set whenupdated=current_timestamp where uploadfile_id='1056';
20240409@181932.4865 r5uf7489hcdgv6ivvld48hr27v Query : select concat(rtrim(relative_path),ltrim(name_new)) as valor from uploadfiles where uploadfile_id='1056';
20240409@181932.4878 r5uf7489hcdgv6ivvld48hr27v Query : update uploadfiles set whenupdated=current_timestamp where uploadfile_id='1056';
20240409@181932.4894 r5uf7489hcdgv6ivvld48hr27v Query : use flama_phc
20240409@181932.4898 r5uf7489hcdgv6ivvld48hr27v Query : select top 1 secretkey valor from u_wsusers u where u.userid = ? and u.inactivo=0
20240409@181932.4910 r5uf7489hcdgv6ivvld48hr27v Query : use flama_phc
20240409@181932.4913 r5uf7489hcdgv6ivvld48hr27v Query : select no, estab,szadrsdesc from szadrs where u_coddest=4774
20240409@181932.5002 r5uf7489hcdgv6ivvld48hr27v Query : select top 1 isnull(design,'') valor from st (nolock) left join stobs (nolock) on st.ref = stobs.ref where st.ref = '324.1461.00.1'
20240409@181932.5158 r5uf7489hcdgv6ivvld48hr27v Query : select top 1 bistamp valor from bi inner join bo on bo.bostamp=bi.bostamp where bo.ndos =240 and bo.boano =2026 and bo.obrano = 2402651 and bi.ref ='324.1461.00.1' and bi.lordem =1
20240409@181932.5476 r5uf7489hcdgv6ivvld48hr27v Query : use flama_phc
20240409@181932.5480 r5uf7489hcdgv6ivvld48hr27v Query : select top 1 convert(date,fdata) valor from ft where ndoc = 39 and anulado= 0 and fno>0 order by fdata desc
20240409@181932.5492 r5uf7489hcdgv6ivvld48hr27v Query : use flama_phc
20240409@181932.5495 r5uf7489hcdgv6ivvld48hr27v Query : select top 1 1 valor from td where td.ndoc = 39
20240409@181932.5504 r5uf7489hcdgv6ivvld48hr27v Query : use flama_phc
20240409@181932.5507 r5uf7489hcdgv6ivvld48hr27v Query : select descricao ,case when valor='s' then 1 else 0 end usalotes from para1 where descricao in ('st_lote')
20240409@181932.5517 r5uf7489hcdgv6ivvld48hr27v Query : select top 1 assinadoc issigned ,td.lancasl stocks ,'cl' origin ,case when (cmsl between 1 and 50 ) then 1 else 0 end entrada ,case when (cmsl>50 ) then 1 else 0 end saida ,~lotestock validatestock ,tiposaft from td inner join td2 on td.tdstamp=td2.td2stamp where td.ndoc =39
20240409@181932.5530 r5uf7489hcdgv6ivvld48hr27v Query : use flama_phc
20240409@181932.5533 r5uf7489hcdgv6ivvld48hr27v Query : select top 1 ~inactivo valor from cl where no = '100800' and estab = 0 order by inactivo desc
20240409@181932.5633 r5uf7489hcdgv6ivvld48hr27v Query : use flama_phc
20240409@181932.5636 r5uf7489hcdgv6ivvld48hr27v Query : select top 1 tipodoc,regrd from td where ndoc = 39
20240409@181932.5647 r5uf7489hcdgv6ivvld48hr27v Query : use flama_phc
20240409@181932.5650 r5uf7489hcdgv6ivvld48hr27v Query : select szadrsstamp valor from szadrs where szadrsdesc='espaÇotrans,lda'
20240409@181932.5660 r5uf7489hcdgv6ivvld48hr27v Query : use flama_phc
20240409@181932.5663 r5uf7489hcdgv6ivvld48hr27v Query : select szadrsstamp valor from szadrs where szadrsdesc='100800 - modelo continente hipermercados, sa'
20240409@181932.5675 r5uf7489hcdgv6ivvld48hr27v Query : use flama_phc
20240409@181932.5678 r5uf7489hcdgv6ivvld48hr27v Query : select 1 valor from td where ndoc = 39
20240409@181932.5687 r5uf7489hcdgv6ivvld48hr27v Query : select top 1 manternumero, tiposaft, nmdos,td.assinadoc from td where td.ndoc = 39
20240409@181932.5698 r5uf7489hcdgv6ivvld48hr27v Query : select 1 valor from information_schema.tables where table_type='base table' and table_name='wsft039fields'
20240409@181932.5712 r5uf7489hcdgv6ivvld48hr27v Query : select fieldkey,fieldname,fieldtype,mandatory from wsft039fields
20240409@181932.5727 r5uf7489hcdgv6ivvld48hr27v Query : select 1 valor from information_schema.tables where table_type='base table' and table_name='wsft2039fields'
20240409@181932.5740 r5uf7489hcdgv6ivvld48hr27v Query : select fieldkey,fieldname,fieldtype,mandatory from wsft2039fields
20240409@181932.5764 r5uf7489hcdgv6ivvld48hr27v Query : select 1 valor from information_schema.tables where table_type='base table' and table_name='wsft3039fields'
20240409@181932.5777 r5uf7489hcdgv6ivvld48hr27v Query : select fieldkey,fieldname,fieldtype,mandatory from wsft3039fields
20240409@181932.5787 r5uf7489hcdgv6ivvld48hr27v Query : select top 1 ft.fno valor from ft ft where ft.ndoc = 39 and ftano=2024 order by fno desc
20240409@181932.5886 r5uf7489hcdgv6ivvld48hr27v Query : select top 1 ft.fno valor from wsft039data ft where ft.ndoc = 39 and ftano=2024 order by fno desc
20240409@181932.5896 r5uf7489hcdgv6ivvld48hr27v Query : select 1 valor from information_schema.tables where table_type='base table' and table_name='wsft3039fields'
20240409@181932.5909 r5uf7489hcdgv6ivvld48hr27v Query : select fieldkey,fieldname,fieldtype,calcformula from wsft3039fields
20240409@181932.5918 r5uf7489hcdgv6ivvld48hr27v Query : insert into wsft3039data (ft3stamp, ousrdata, ousrhora, usrdata,usrhora,ousrinis,usrinis,taxpointdt ) values ('aut6615780415661578a48d' ,getdate(),convert(char(8),convert (time,getdate())),getdate(),convert(char(8),convert (time,getdate())),'wsv','wsv',?)
20240409@181932.6105 r5uf7489hcdgv6ivvld48hr27v Query : select 1 valor from information_schema.tables where table_type='base table' and table_name='wsft2039fields'
20240409@181932.6122 r5uf7489hcdgv6ivvld48hr27v Query : select fieldkey,fieldname,fieldtype,calcformula from wsft2039fields
20240409@181932.6157 r5uf7489hcdgv6ivvld48hr27v Query : select top 1 bo.u_nomeenv valor from bo where bo.bostamp=''
20240409@181932.6162 r5uf7489hcdgv6ivvld48hr27v Query : select top 1 bo.u_moradaen valor from bo where bo.bostamp=''
20240409@181932.6167 r5uf7489hcdgv6ivvld48hr27v Query : select top 1 bo.u_codposen valor from bo where bo.bostamp=''
20240409@181932.6172 r5uf7489hcdgv6ivvld48hr27v Query : select top 1 bo.u_localenv valor from bo where bo.bostamp=''
20240409@181932.6177 r5uf7489hcdgv6ivvld48hr27v Query : select top 1 bo.trab5 valor from bo where bo.bostamp=''
20240409@181932.6181 r5uf7489hcdgv6ivvld48hr27v Query : select top 1 bo.serie valor from bo where bo.bostamp=''
20240409@181932.6185 r5uf7489hcdgv6ivvld48hr27v Query : insert into wsft2039data (ft2stamp, ousrdata,ousrhora, usrdata,usrhora,ousrinis,usrinis,u_nomeenv ,u_moradaen ,u_codposen ,u_localenv ,u_coddest ,u_codby ) values ('aut6615780415661578a48d',getdate(),convert(char(8),convert (time,getdate())),getdate(),convert(char(8),convert (time,getdate())),'wsv','wsv',?,?,?,?,?,?)
20240409@181932.6920 r5uf7489hcdgv6ivvld48hr27v Query : select top 1 fno valor from wsft039data order by fno desc
20240409@181932.7017 r5uf7489hcdgv6ivvld48hr27v Query : select 1 valor from information_schema.tables where table_type='base table' and table_name='wsft039fields'
20240409@181932.7032 r5uf7489hcdgv6ivvld48hr27v Query : select fieldkey,fieldname,fieldtype,calcformula from wsft039fields
20240409@181932.7048 r5uf7489hcdgv6ivvld48hr27v Query : insert into wsft039data (ftstamp, ousrdata,ousrhora, usrdata,usrhora,ousrinis,usrinis,fno,no,estab,fdata,ndoc,moeda,cambio,cambiofixo,ftano,cdata,chora,carga,descar,site ,classe ) values ('aut6615780415661578a48d',getdate(),convert(char(8),convert (time,getdate())),getdate(),convert(char(8),convert (time,getdate())),'wsv','wsv',816,100800,0,'2024-04-09',39,'euro',0,0,2024 ,'20240409','1849',?,?,?,?)
20240409@181932.7373 r5uf7489hcdgv6ivvld48hr27v Query : use flama_phc
20240409@181932.7377 r5uf7489hcdgv6ivvld48hr27v Query : select st.usalote valor from st where st.ref = '324.1461.00.1'
20240409@181932.7389 r5uf7489hcdgv6ivvld48hr27v Query : select top 1 st.tabiva ,st.ivaincl ,st.stns ,st.uni2 ,st.familia ,isnull(tx.taxa, 0) txiva ,unidade ,usalote ,epcpond ,noserie from st left join taxasiva tx on st.tabiva = tx.codigo where st.ref = '324.1461.00.1'
20240409@181932.7549 r5uf7489hcdgv6ivvld48hr27v Query : select 1 valor from information_schema.tables where table_type='base table' and table_name='wsfi039fields'
20240409@181932.7564 r5uf7489hcdgv6ivvld48hr27v Query : select fieldkey,fieldname,fieldtype,mandatory from wsfi039fields
20240409@181932.7589 r5uf7489hcdgv6ivvld48hr27v Query : select 1 valor from information_schema.tables where table_type='base table' and table_name='wsfi2039fields'
20240409@181932.7603 r5uf7489hcdgv6ivvld48hr27v Query : select fieldkey,fieldname,fieldtype,mandatory from wsfi2039fields
20240409@181932.7607 r5uf7489hcdgv6ivvld48hr27v Query : select sestamp valor from se where ref ='324.1461.00.1' and lote = 'r2100463200a'
20240409@181932.7633 r5uf7489hcdgv6ivvld48hr27v Query : select top 1 convert(numeric(6,2),t.taxa) valor from taxasiva t where t.codigo='2'
20240409@181932.7643 r5uf7489hcdgv6ivvld48hr27v Query : select 1 valor from information_schema.tables where table_type='base table' and table_name='wsfi039fields'
20240409@181932.7656 r5uf7489hcdgv6ivvld48hr27v Query : select fieldkey,fieldname,fieldtype,calcformula from wsfi039fields
20240409@181932.7679 r5uf7489hcdgv6ivvld48hr27v Query : insert into wsfi039data (fistamp,ousrdata, ousrhora, usrdata,usrhora,ousrinis,usrinis ,qtt ,ftstamp ,epv,pvmoeda ,tabiva,iva,lordem ,ref, design ,lote,armazem,bistamp ) values ('aut6615758628661578a4ba',getdate(),convert(char(8),convert (time,getdate())),getdate(),convert(char(8),convert (time,getdate())),'wsv','wsv',2.000 ,'aut6615780415661578a48d' ,0,0 ,2,23.00,10000,?,?,?,?,?)
20240409@181932.7991 r5uf7489hcdgv6ivvld48hr27v Query : select 1 valor from information_schema.tables where table_type='base table' and table_name='wsfi2039fields'
20240409@181932.8015 r5uf7489hcdgv6ivvld48hr27v Query : select fieldkey,fieldname,fieldtype,calcformula from wsfi2039fields
20240409@181932.8020 r5uf7489hcdgv6ivvld48hr27v Query : insert into wsfi2039data (fi2stamp,ftstamp ,ousrdata, ousrhora, usrdata,usrhora,ousrinis,usrinis) values ('aut6615758628661578a4ba','aut6615780415661578a48d' ,getdate(),convert(char(8),convert (time,getdate())),getdate(),convert(char(8),convert (time,getdate())),'wsv','wsv')
20240409@181932.8024 r5uf7489hcdgv6ivvld48hr27v Query : insert into wsftcreationlog (initialftstamp,externalid,creationstatus,documenttypeid,idustamp) values ('aut6615780415661578a48d','2402651','wait',39,'ari17112337378,753000005')
20240409@181932.8057 r5uf7489hcdgv6ivvld48hr27v Query : use flama_phc
20240409@181932.8060 r5uf7489hcdgv6ivvld48hr27v Query : update u_wsusers set rqsttoken =? where userid ='userls001'
20240409@181932.8072 r5uf7489hcdgv6ivvld48hr27v Query : select concat(rtrim(relative_path),ltrim(name_new)) as valor from uploadfiles where uploadfile_id='1056';
20240409@181932.8091 r5uf7489hcdgv6ivvld48hr27v Query : update uploadfiles set whenupdated=current_timestamp where uploadfile_id='1056';
20240409@181932.8105 r5uf7489hcdgv6ivvld48hr27v Query : select concat(rtrim(relative_path),ltrim(name_new)) as valor from uploadfiles where uploadfile_id='1056';
20240409@181932.8117 r5uf7489hcdgv6ivvld48hr27v Query : update uploadfiles set whenupdated=current_timestamp where uploadfile_id='1056';
20240409@181932.8678 apmh5tosu7ouijvd9ijtofn9sd Query : insert into uploadfiles ( name_original, name_new, option_type, relative_path, whencreated ) values ( ?, ?, ?, ?, getdate() )
20240409@181932.8709 apmh5tosu7ouijvd9ijtofn9sd Query : select uploadfile_id valor from uploadfiles where name_new = ? and option_type = ? 
20240409@181932.8733 apmh5tosu7ouijvd9ijtofn9sd Query : select concat(rtrim(relative_path),ltrim(name_new)) as valor from uploadfiles where uploadfile_id='1057';
20240409@181932.8789 apmh5tosu7ouijvd9ijtofn9sd Query : update uploadfiles set whenupdated=current_timestamp where uploadfile_id='1057';
20240409@181932.8805 apmh5tosu7ouijvd9ijtofn9sd Query : select concat(rtrim(relative_path),ltrim(name_new)) as valor from uploadfiles where uploadfile_id='1057';
20240409@181932.8820 apmh5tosu7ouijvd9ijtofn9sd Query : update uploadfiles set whenupdated=current_timestamp where uploadfile_id='1057';
20240409@181932.8834 apmh5tosu7ouijvd9ijtofn9sd Query : use flama_phc
20240409@181932.8837 apmh5tosu7ouijvd9ijtofn9sd Query : select top 1 secretkey valor from u_wsusers u where u.userid = ? and u.inactivo=0
20240409@181932.8851 apmh5tosu7ouijvd9ijtofn9sd Query : use flama_phc
20240409@181932.8863 apmh5tosu7ouijvd9ijtofn9sd Query : select no, estab,szadrsdesc from szadrs where u_coddest=3168
20240409@181932.8950 apmh5tosu7ouijvd9ijtofn9sd Query : select top 1 isnull(design,'') valor from st (nolock) left join stobs (nolock) on st.ref = stobs.ref where st.ref = '328.9006.00.1'
20240409@181932.8962 apmh5tosu7ouijvd9ijtofn9sd Query : select top 1 bistamp valor from bi inner join bo on bo.bostamp=bi.bostamp where bo.ndos =240 and bo.boano =2026 and bo.obrano = 2402653 and bi.ref ='328.9006.00.1' and bi.lordem =1
20240409@181932.9322 apmh5tosu7ouijvd9ijtofn9sd Query : select top 1 isnull(design,'') valor from st (nolock) left join stobs (nolock) on st.ref = stobs.ref where st.ref = '324.1816.00.1'
20240409@181932.9336 apmh5tosu7ouijvd9ijtofn9sd Query : select top 1 bistamp valor from bi inner join bo on bo.bostamp=bi.bostamp where bo.ndos =240 and bo.boano =2026 and bo.obrano = 2402653 and bi.ref ='324.1816.00.1' and bi.lordem =2
20240409@181932.9676 apmh5tosu7ouijvd9ijtofn9sd Query : select top 1 isnull(design,'') valor from st (nolock) left join stobs (nolock) on st.ref = stobs.ref where st.ref = '324.4970.00.1'
20240409@181932.9688 apmh5tosu7ouijvd9ijtofn9sd Query : select top 1 bistamp valor from bi inner join bo on bo.bostamp=bi.bostamp where bo.ndos =240 and bo.boano =2026 and bo.obrano = 2402653 and bi.ref ='324.4970.00.1' and bi.lordem =3
20240409@181933.2900 apmh5tosu7ouijvd9ijtofn9sd Query : select top 1 isnull(design,'') valor from st (nolock) left join stobs (nolock) on st.ref = stobs.ref where st.ref = '324.1816.00.1'
20240409@181933.4200 apmh5tosu7ouijvd9ijtofn9sd Query : select top 1 bistamp valor from bi inner join bo on bo.bostamp=bi.bostamp where bo.ndos =240 and bo.boano =2026 and bo.obrano = 2402653 and bi.ref ='324.1816.00.1' and bi.lordem =4
20240409@181933.3860 apmh5tosu7ouijvd9ijtofn9sd Query : select top 1 isnull(design,'') valor from st (nolock) left join stobs (nolock) on st.ref = stobs.ref where st.ref = '324.2232.00.1'
20240409@181933.5990 apmh5tosu7ouijvd9ijtofn9sd Query : select top 1 bistamp valor from bi inner join bo on bo.bostamp=bi.bostamp where bo.ndos =240 and bo.boano =2026 and bo.obrano = 2402653 and bi.ref ='324.2232.00.1' and bi.lordem =5
20240409@181933.9450 apmh5tosu7ouijvd9ijtofn9sd Query : select top 1 isnull(design,'') valor from st (nolock) left join stobs (nolock) on st.ref = stobs.ref where st.ref = '324.2232.00.1'
20240409@181933.9590 apmh5tosu7ouijvd9ijtofn9sd Query : select top 1 bistamp valor from bi inner join bo on bo.bostamp=bi.bostamp where bo.ndos =240 and bo.boano =2026 and bo.obrano = 2402653 and bi.ref ='324.2232.00.1' and bi.lordem =5
20240409@181933.9750 apmh5tosu7ouijvd9ijtofn9sd Query : select top 1 isnull(design,'') valor from st (nolock) left join stobs (nolock) on st.ref = stobs.ref where st.ref = '324.5396.00.1'
20240409@181933.1576 apmh5tosu7ouijvd9ijtofn9sd Query : select top 1 bistamp valor from bi inner join bo on bo.bostamp=bi.bostamp where bo.ndos =240 and bo.boano =2026 and bo.obrano = 2402653 and bi.ref ='324.5396.00.1' and bi.lordem =8
20240409@181933.2355 apmh5tosu7ouijvd9ijtofn9sd Query : select top 1 isnull(design,'') valor from st (nolock) left join stobs (nolock) on st.ref = stobs.ref where st.ref = '324.1643.00.1'
20240409@181933.2524 apmh5tosu7ouijvd9ijtofn9sd Query : select top 1 bistamp valor from bi inner join bo on bo.bostamp=bi.bostamp where bo.ndos =240 and bo.boano =2026 and bo.obrano = 2402653 and bi.ref ='324.1643.00.1' and bi.lordem =10
20240409@181933.2845 apmh5tosu7ouijvd9ijtofn9sd Query : select top 1 isnull(design,'') valor from st (nolock) left join stobs (nolock) on st.ref = stobs.ref where st.ref = '328.9902.00.1'
20240409@181933.3000 apmh5tosu7ouijvd9ijtofn9sd Query : select top 1 bistamp valor from bi inner join bo on bo.bostamp=bi.bostamp where bo.ndos =240 and bo.boano =2026 and bo.obrano = 2402653 and bi.ref ='328.9902.00.1' and bi.lordem =12
20240409@181933.3316 apmh5tosu7ouijvd9ijtofn9sd Query : select top 1 isnull(design,'') valor from st (nolock) left join stobs (nolock) on st.ref = stobs.ref where st.ref = '328.9006.00.1'
20240409@181933.3329 apmh5tosu7ouijvd9ijtofn9sd Query : select top 1 bistamp valor from bi inner join bo on bo.bostamp=bi.bostamp where bo.ndos =240 and bo.boano =2026 and bo.obrano = 2402653 and bi.ref ='328.9006.00.1' and bi.lordem =13
20240409@181933.3659 apmh5tosu7ouijvd9ijtofn9sd Query : use flama_phc
20240409@181933.3663 apmh5tosu7ouijvd9ijtofn9sd Query : select top 1 convert(date,fdata) valor from ft where ndoc = 39 and anulado= 0 and fno>0 order by fdata desc
20240409@181933.3695 apmh5tosu7ouijvd9ijtofn9sd Query : use flama_phc
20240409@181933.3698 apmh5tosu7ouijvd9ijtofn9sd Query : select top 1 1 valor from td where td.ndoc = 39
20240409@181933.3713 apmh5tosu7ouijvd9ijtofn9sd Query : use flama_phc
20240409@181933.3716 apmh5tosu7ouijvd9ijtofn9sd Query : select descricao ,case when valor='s' then 1 else 0 end usalotes from para1 where descricao in ('st_lote')
20240409@181933.3727 apmh5tosu7ouijvd9ijtofn9sd Query : select top 1 assinadoc issigned ,td.lancasl stocks ,'cl' origin ,case when (cmsl between 1 and 50 ) then 1 else 0 end entrada ,case when (cmsl>50 ) then 1 else 0 end saida ,~lotestock validatestock ,tiposaft from td inner join td2 on td.tdstamp=td2.td2stamp where td.ndoc =39
20240409@181933.3744 apmh5tosu7ouijvd9ijtofn9sd Query : use flama_phc
20240409@181933.3747 apmh5tosu7ouijvd9ijtofn9sd Query : select top 1 ~inactivo valor from cl where no = '101045' and estab = 0 order by inactivo desc
20240409@181933.3847 apmh5tosu7ouijvd9ijtofn9sd Query : use flama_phc
20240409@181933.3850 apmh5tosu7ouijvd9ijtofn9sd Query : select top 1 tipodoc,regrd from td where ndoc = 39
20240409@181933.3860 apmh5tosu7ouijvd9ijtofn9sd Query : use flama_phc
20240409@181933.3863 apmh5tosu7ouijvd9ijtofn9sd Query : select szadrsstamp valor from szadrs where szadrsdesc='espaÇotrans,lda'
20240409@181933.3873 apmh5tosu7ouijvd9ijtofn9sd Query : use flama_phc
20240409@181933.3876 apmh5tosu7ouijvd9ijtofn9sd Query : select szadrsstamp valor from szadrs where szadrsdesc='electro chico - electrodomÉsticos, lda.'
20240409@181933.3889 apmh5tosu7ouijvd9ijtofn9sd Query : use flama_phc
20240409@181933.3892 apmh5tosu7ouijvd9ijtofn9sd Query : select 1 valor from td where ndoc = 39
20240409@181933.3904 apmh5tosu7ouijvd9ijtofn9sd Query : select top 1 manternumero, tiposaft, nmdos,td.assinadoc from td where td.ndoc = 39
20240409@181933.3916 apmh5tosu7ouijvd9ijtofn9sd Query : select 1 valor from information_schema.tables where table_type='base table' and table_name='wsft039fields'
20240409@181933.3937 apmh5tosu7ouijvd9ijtofn9sd Query : select fieldkey,fieldname,fieldtype,mandatory from wsft039fields
20240409@181933.3955 apmh5tosu7ouijvd9ijtofn9sd Query : select 1 valor from information_schema.tables where table_type='base table' and table_name='wsft2039fields'
20240409@181933.3998 apmh5tosu7ouijvd9ijtofn9sd Query : select fieldkey,fieldname,fieldtype,mandatory from wsft2039fields
20240409@181933.4026 apmh5tosu7ouijvd9ijtofn9sd Query : select 1 valor from information_schema.tables where table_type='base table' and table_name='wsft3039fields'
20240409@181933.4043 apmh5tosu7ouijvd9ijtofn9sd Query : select fieldkey,fieldname,fieldtype,mandatory from wsft3039fields
20240409@181933.4054 apmh5tosu7ouijvd9ijtofn9sd Query : select top 1 ft.fno valor from ft ft where ft.ndoc = 39 and ftano=2024 order by fno desc
20240409@181933.4173 apmh5tosu7ouijvd9ijtofn9sd Query : select top 1 ft.fno valor from wsft039data ft where ft.ndoc = 39 and ftano=2024 order by fno desc
20240409@181933.4183 apmh5tosu7ouijvd9ijtofn9sd Query : select 1 valor from information_schema.tables where table_type='base table' and table_name='wsft3039fields'
20240409@181933.4196 apmh5tosu7ouijvd9ijtofn9sd Query : select fieldkey,fieldname,fieldtype,calcformula from wsft3039fields
20240409@181933.4206 apmh5tosu7ouijvd9ijtofn9sd Query : insert into wsft3039data (ft3stamp, ousrdata, ousrhora, usrdata,usrhora,ousrinis,usrinis,taxpointdt ) values ('aut6615785672661578a562' ,getdate(),convert(char(8),convert (time,getdate())),getdate(),convert(char(8),convert (time,getdate())),'wsv','wsv',?)
20240409@181933.4417 apmh5tosu7ouijvd9ijtofn9sd Query : select 1 valor from information_schema.tables where table_type='base table' and table_name='wsft2039fields'
20240409@181933.4446 apmh5tosu7ouijvd9ijtofn9sd Query : select fieldkey,fieldname,fieldtype,calcformula from wsft2039fields
20240409@181933.4482 apmh5tosu7ouijvd9ijtofn9sd Query : select top 1 bo.u_nomeenv valor from bo where bo.bostamp=''
20240409@181933.4488 apmh5tosu7ouijvd9ijtofn9sd Query : select top 1 bo.u_moradaen valor from bo where bo.bostamp=''
20240409@181933.4494 apmh5tosu7ouijvd9ijtofn9sd Query : select top 1 bo.u_codposen valor from bo where bo.bostamp=''
20240409@181933.4500 apmh5tosu7ouijvd9ijtofn9sd Query : select top 1 bo.u_localenv valor from bo where bo.bostamp=''
20240409@181933.4505 apmh5tosu7ouijvd9ijtofn9sd Query : select top 1 bo.trab5 valor from bo where bo.bostamp=''
20240409@181933.4511 apmh5tosu7ouijvd9ijtofn9sd Query : select top 1 bo.serie valor from bo where bo.bostamp=''
20240409@181933.4516 apmh5tosu7ouijvd9ijtofn9sd Query : insert into wsft2039data (ft2stamp, ousrdata,ousrhora, usrdata,usrhora,ousrinis,usrinis,u_nomeenv ,u_moradaen ,u_codposen ,u_localenv ,u_coddest ,u_codby ) values ('aut6615785672661578a562',getdate(),convert(char(8),convert (time,getdate())),getdate(),convert(char(8),convert (time,getdate())),'wsv','wsv',?,?,?,?,?,?)
20240409@181933.4808 apmh5tosu7ouijvd9ijtofn9sd Query : select top 1 fno valor from wsft039data order by fno desc
20240409@181933.4828 apmh5tosu7ouijvd9ijtofn9sd Query : select 1 valor from information_schema.tables where table_type='base table' and table_name='wsft039fields'
20240409@181933.4845 apmh5tosu7ouijvd9ijtofn9sd Query : select fieldkey,fieldname,fieldtype,calcformula from wsft039fields
20240409@181933.4865 apmh5tosu7ouijvd9ijtofn9sd Query : insert into wsft039data (ftstamp, ousrdata,ousrhora, usrdata,usrhora,ousrinis,usrinis,fno,no,estab,fdata,ndoc,moeda,cambio,cambiofixo,ftano,cdata,chora,carga,descar,site ,classe ) values ('aut6615785672661578a562',getdate(),convert(char(8),convert (time,getdate())),getdate(),convert(char(8),convert (time,getdate())),'wsv','wsv',817,101045,0,'2024-04-09',39,'euro',0,0,2024 ,'20240409','1849',?,?,?,?)
20240409@181933.5200 apmh5tosu7ouijvd9ijtofn9sd Query : use flama_phc
20240409@181933.5205 apmh5tosu7ouijvd9ijtofn9sd Query : select st.usalote valor from st where st.ref = '328.9006.00.1'
20240409@181933.5220 apmh5tosu7ouijvd9ijtofn9sd Query : select top 1 st.tabiva ,st.ivaincl ,st.stns ,st.uni2 ,st.familia ,isnull(tx.taxa, 0) txiva ,unidade ,usalote ,epcpond ,noserie from st left join taxasiva tx on st.tabiva = tx.codigo where st.ref = '328.9006.00.1'
20240409@181933.5245 apmh5tosu7ouijvd9ijtofn9sd Query : select 1 valor from information_schema.tables where table_type='base table' and table_name='wsfi039fields'
20240409@181933.5262 apmh5tosu7ouijvd9ijtofn9sd Query : select fieldkey,fieldname,fieldtype,mandatory from wsfi039fields
20240409@181933.5292 apmh5tosu7ouijvd9ijtofn9sd Query : select 1 valor from information_schema.tables where table_type='base table' and table_name='wsfi2039fields'
20240409@181933.5306 apmh5tosu7ouijvd9ijtofn9sd Query : select fieldkey,fieldname,fieldtype,mandatory from wsfi2039fields
20240409@181933.5311 apmh5tosu7ouijvd9ijtofn9sd Query : select sestamp valor from se where ref ='328.9006.00.1' and lote = 'r2300691200a'
20240409@181933.5324 apmh5tosu7ouijvd9ijtofn9sd Query : select top 1 convert(numeric(6,2),t.taxa) valor from taxasiva t where t.codigo='2'
20240409@181933.5335 apmh5tosu7ouijvd9ijtofn9sd Query : select 1 valor from information_schema.tables where table_type='base table' and table_name='wsfi039fields'
20240409@181933.5350 apmh5tosu7ouijvd9ijtofn9sd Query : select fieldkey,fieldname,fieldtype,calcformula from wsfi039fields
20240409@181933.5391 apmh5tosu7ouijvd9ijtofn9sd Query : insert into wsfi039data (fistamp,ousrdata, ousrhora, usrdata,usrhora,ousrinis,usrinis ,qtt ,ftstamp ,epv,pvmoeda ,tabiva,iva,lordem ,ref, design ,lote,armazem,bistamp ) values ('aut6615753213661578a582',getdate(),convert(char(8),convert (time,getdate())),getdate(),convert(char(8),convert (time,getdate())),'wsv','wsv',1.000 ,'aut6615785672661578a562' ,0,0 ,2,23.00,10000,?,?,?,?,?)
20240409@181933.5699 apmh5tosu7ouijvd9ijtofn9sd Query : select 1 valor from information_schema.tables where table_type='base table' and table_name='wsfi2039fields'
20240409@181933.5719 apmh5tosu7ouijvd9ijtofn9sd Query : select fieldkey,fieldname,fieldtype,calcformula from wsfi2039fields
20240409@181933.5725 apmh5tosu7ouijvd9ijtofn9sd Query : insert into wsfi2039data (fi2stamp,ftstamp ,ousrdata, ousrhora, usrdata,usrhora,ousrinis,usrinis) values ('aut6615753213661578a582','aut6615785672661578a562' ,getdate(),convert(char(8),convert (time,getdate())),getdate(),convert(char(8),convert (time,getdate())),'wsv','wsv')
20240409@181933.5730 apmh5tosu7ouijvd9ijtofn9sd Query : select 1 valor from information_schema.tables where table_type='base table' and table_name='wsfi039fields'
20240409@181933.5746 apmh5tosu7ouijvd9ijtofn9sd Query : select fieldkey,fieldname,fieldtype,mandatory from wsfi039fields
20240409@181933.5774 apmh5tosu7ouijvd9ijtofn9sd Query : select 1 valor from information_schema.tables where table_type='base table' and table_name='wsfi2039fields'
20240409@181933.5787 apmh5tosu7ouijvd9ijtofn9sd Query : select fieldkey,fieldname,fieldtype,mandatory from wsfi2039fields
20240409@181933.5791 apmh5tosu7ouijvd9ijtofn9sd Query : select top 1 convert(numeric(6,2),t.taxa) valor from taxasiva t where t.codigo='2'
20240409@181933.5803 apmh5tosu7ouijvd9ijtofn9sd Query : select 1 valor from information_schema.tables where table_type='base table' and table_name='wsfi039fields'
20240409@181933.5821 apmh5tosu7ouijvd9ijtofn9sd Query : select fieldkey,fieldname,fieldtype,calcformula from wsfi039fields
20240409@181933.5846 apmh5tosu7ouijvd9ijtofn9sd Query : insert into wsfi039data (fistamp,ousrdata, ousrhora, usrdata,usrhora,ousrinis,usrinis ,qtt ,ftstamp ,epv,pvmoeda ,tabiva,iva,lordem ,ref, design ,armazem) values ('aut6615773887661578a58d',getdate(),convert(char(8),convert (time,getdate())),getdate(),convert(char(8),convert (time,getdate())),'wsv','wsv',0 ,'aut6615785672661578a562' ,0,0 ,2,23.00,20000,?,?,?)
20240409@181933.6175 apmh5tosu7ouijvd9ijtofn9sd Query : select 1 valor from information_schema.tables where table_type='base table' and table_name='wsfi2039fields'
20240409@181933.6193 apmh5tosu7ouijvd9ijtofn9sd Query : select fieldkey,fieldname,fieldtype,calcformula from wsfi2039fields
20240409@181933.6199 apmh5tosu7ouijvd9ijtofn9sd Query : insert into wsfi2039data (fi2stamp,ftstamp ,ousrdata, ousrhora, usrdata,usrhora,ousrinis,usrinis) values ('aut6615773887661578a58d','aut6615785672661578a562' ,getdate(),convert(char(8),convert (time,getdate())),getdate(),convert(char(8),convert (time,getdate())),'wsv','wsv')
20240409@181933.6204 apmh5tosu7ouijvd9ijtofn9sd Query : use flama_phc
20240409@181933.6210 apmh5tosu7ouijvd9ijtofn9sd Query : select st.usalote valor from st where st.ref = '324.1816.00.1'
20240409@181933.6328 apmh5tosu7ouijvd9ijtofn9sd Query : select top 1 st.tabiva ,st.ivaincl ,st.stns ,st.uni2 ,st.familia ,isnull(tx.taxa, 0) txiva ,unidade ,usalote ,epcpond ,noserie from st left join taxasiva tx on st.tabiva = tx.codigo where st.ref = '324.1816.00.1'
20240409@181933.6341 apmh5tosu7ouijvd9ijtofn9sd Query : select 1 valor from information_schema.tables where table_type='base table' and table_name='wsfi039fields'
20240409@181933.6356 apmh5tosu7ouijvd9ijtofn9sd Query : select fieldkey,fieldname,fieldtype,mandatory from wsfi039fields
20240409@181933.6383 apmh5tosu7ouijvd9ijtofn9sd Query : select 1 valor from information_schema.tables where table_type='base table' and table_name='wsfi2039fields'
20240409@181933.6397 apmh5tosu7ouijvd9ijtofn9sd Query : select fieldkey,fieldname,fieldtype,mandatory from wsfi2039fields
20240409@181933.6402 apmh5tosu7ouijvd9ijtofn9sd Query : select sestamp valor from se where ref ='324.1816.00.1' and lote = 'r2301097200a'
20240409@181933.6413 apmh5tosu7ouijvd9ijtofn9sd Query : select top 1 convert(numeric(6,2),t.taxa) valor from taxasiva t where t.codigo='2'
20240409@181933.6423 apmh5tosu7ouijvd9ijtofn9sd Query : select 1 valor from information_schema.tables where table_type='base table' and table_name='wsfi039fields'
20240409@181933.6436 apmh5tosu7ouijvd9ijtofn9sd Query : select fieldkey,fieldname,fieldtype,calcformula from wsfi039fields
20240409@181933.6463 apmh5tosu7ouijvd9ijtofn9sd Query : insert into wsfi039data (fistamp,ousrdata, ousrhora, usrdata,usrhora,ousrinis,usrinis ,qtt ,ftstamp ,epv,pvmoeda ,tabiva,iva,lordem ,ref, design ,lote,armazem,bistamp ) values ('aut6615752248661578a59c',getdate(),convert(char(8),convert (time,getdate())),getdate(),convert(char(8),convert (time,getdate())),'wsv','wsv',1.000 ,'aut6615785672661578a562' ,0,0 ,2,23.00,40000,?,?,?,?,?)
20240409@181933.6763 apmh5tosu7ouijvd9ijtofn9sd Query : select 1 valor from information_schema.tables where table_type='base table' and table_name='wsfi2039fields'
20240409@181933.6778 apmh5tosu7ouijvd9ijtofn9sd Query : select fieldkey,fieldname,fieldtype,calcformula from wsfi2039fields
20240409@181933.6783 apmh5tosu7ouijvd9ijtofn9sd Query : insert into wsfi2039data (fi2stamp,ftstamp ,ousrdata, ousrhora, usrdata,usrhora,ousrinis,usrinis) values ('aut6615752248661578a59c','aut6615785672661578a562' ,getdate(),convert(char(8),convert (time,getdate())),getdate(),convert(char(8),convert (time,getdate())),'wsv','wsv')
20240409@181933.6789 apmh5tosu7ouijvd9ijtofn9sd Query : select 1 valor from information_schema.tables where table_type='base table' and table_name='wsfi039fields'
20240409@181933.6803 apmh5tosu7ouijvd9ijtofn9sd Query : select fieldkey,fieldname,fieldtype,mandatory from wsfi039fields
20240409@181933.6828 apmh5tosu7ouijvd9ijtofn9sd Query : select 1 valor from information_schema.tables where table_type='base table' and table_name='wsfi2039fields'
20240409@181933.6841 apmh5tosu7ouijvd9ijtofn9sd Query : select fieldkey,fieldname,fieldtype,mandatory from wsfi2039fields
20240409@181933.6846 apmh5tosu7ouijvd9ijtofn9sd Query : select top 1 convert(numeric(6,2),t.taxa) valor from taxasiva t where t.codigo='2'
20240409@181933.6856 apmh5tosu7ouijvd9ijtofn9sd Query : select 1 valor from information_schema.tables where table_type='base table' and table_name='wsfi039fields'
20240409@181933.6870 apmh5tosu7ouijvd9ijtofn9sd Query : select fieldkey,fieldname,fieldtype,calcformula from wsfi039fields
20240409@181933.6913 apmh5tosu7ouijvd9ijtofn9sd Query : insert into wsfi039data (fistamp,ousrdata, ousrhora, usrdata,usrhora,ousrinis,usrinis ,qtt ,ftstamp ,epv,pvmoeda ,tabiva,iva,lordem ,ref, design ,armazem) values ('aut6615708036661578a5a7',getdate(),convert(char(8),convert (time,getdate())),getdate(),convert(char(8),convert (time,getdate())),'wsv','wsv',0 ,'aut6615785672661578a562' ,0,0 ,2,23.00,50000,?,?,?)
20240409@181933.7211 apmh5tosu7ouijvd9ijtofn9sd Query : select 1 valor from information_schema.tables where table_type='base table' and table_name='wsfi2039fields'
20240409@181933.7239 apmh5tosu7ouijvd9ijtofn9sd Query : select fieldkey,fieldname,fieldtype,calcformula from wsfi2039fields
20240409@181933.7244 apmh5tosu7ouijvd9ijtofn9sd Query : insert into wsfi2039data (fi2stamp,ftstamp ,ousrdata, ousrhora, usrdata,usrhora,ousrinis,usrinis) values ('aut6615708036661578a5a7','aut6615785672661578a562' ,getdate(),convert(char(8),convert (time,getdate())),getdate(),convert(char(8),convert (time,getdate())),'wsv','wsv')
20240409@181933.7249 apmh5tosu7ouijvd9ijtofn9sd Query : use flama_phc
20240409@181933.7252 apmh5tosu7ouijvd9ijtofn9sd Query : select st.usalote valor from st where st.ref = '324.4970.00.1'
20240409@181933.7263 apmh5tosu7ouijvd9ijtofn9sd Query : select top 1 st.tabiva ,st.ivaincl ,st.stns ,st.uni2 ,st.familia ,isnull(tx.taxa, 0) txiva ,unidade ,usalote ,epcpond ,noserie from st left join taxasiva tx on st.tabiva = tx.codigo where st.ref = '324.4970.00.1'
20240409@181933.7275 apmh5tosu7ouijvd9ijtofn9sd Query : select 1 valor from information_schema.tables where table_type='base table' and table_name='wsfi039fields'
20240409@181933.7290 apmh5tosu7ouijvd9ijtofn9sd Query : select fieldkey,fieldname,fieldtype,mandatory from wsfi039fields
20240409@181933.7315 apmh5tosu7ouijvd9ijtofn9sd Query : select 1 valor from information_schema.tables where table_type='base table' and table_name='wsfi2039fields'
20240409@181933.7328 apmh5tosu7ouijvd9ijtofn9sd Query : select fieldkey,fieldname,fieldtype,mandatory from wsfi2039fields
20240409@181933.7333 apmh5tosu7ouijvd9ijtofn9sd Query : select sestamp valor from se where ref ='324.4970.00.1' and lote = 'r2301074200a'
20240409@181933.7344 apmh5tosu7ouijvd9ijtofn9sd Query : select top 1 convert(numeric(6,2),t.taxa) valor from taxasiva t where t.codigo='2'
20240409@181933.7354 apmh5tosu7ouijvd9ijtofn9sd Query : select 1 valor from information_schema.tables where table_type='base table' and table_name='wsfi039fields'
20240409@181933.7371 apmh5tosu7ouijvd9ijtofn9sd Query : select fieldkey,fieldname,fieldtype,calcformula from wsfi039fields
20240409@181933.7395 apmh5tosu7ouijvd9ijtofn9sd Query : insert into wsfi039data (fistamp,ousrdata, ousrhora, usrdata,usrhora,ousrinis,usrinis ,qtt ,ftstamp ,epv,pvmoeda ,tabiva,iva,lordem ,ref, design ,lote,armazem,bistamp ) values ('aut6615713482661578a5b3',getdate(),convert(char(8),convert (time,getdate())),getdate(),convert(char(8),convert (time,getdate())),'wsv','wsv',12.000 ,'aut6615785672661578a562' ,0,0 ,2,23.00,70000,?,?,?,?,?)
20240409@181933.7677 apmh5tosu7ouijvd9ijtofn9sd Query : select 1 valor from information_schema.tables where table_type='base table' and table_name='wsfi2039fields'
20240409@181933.7712 apmh5tosu7ouijvd9ijtofn9sd Query : select fieldkey,fieldname,fieldtype,calcformula from wsfi2039fields
20240409@181933.7716 apmh5tosu7ouijvd9ijtofn9sd Query : insert into wsfi2039data (fi2stamp,ftstamp ,ousrdata, ousrhora, usrdata,usrhora,ousrinis,usrinis) values ('aut6615713482661578a5b3','aut6615785672661578a562' ,getdate(),convert(char(8),convert (time,getdate())),getdate(),convert(char(8),convert (time,getdate())),'wsv','wsv')
20240409@181933.7721 apmh5tosu7ouijvd9ijtofn9sd Query : use flama_phc
20240409@181933.7724 apmh5tosu7ouijvd9ijtofn9sd Query : select st.usalote valor from st where st.ref = '324.1816.00.1'
20240409@181933.7735 apmh5tosu7ouijvd9ijtofn9sd Query : select top 1 st.tabiva ,st.ivaincl ,st.stns ,st.uni2 ,st.familia ,isnull(tx.taxa, 0) txiva ,unidade ,usalote ,epcpond ,noserie from st left join taxasiva tx on st.tabiva = tx.codigo where st.ref = '324.1816.00.1'
20240409@181933.7747 apmh5tosu7ouijvd9ijtofn9sd Query : select 1 valor from information_schema.tables where table_type='base table' and table_name='wsfi039fields'
20240409@181933.7761 apmh5tosu7ouijvd9ijtofn9sd Query : select fieldkey,fieldname,fieldtype,mandatory from wsfi039fields
20240409@181933.7787 apmh5tosu7ouijvd9ijtofn9sd Query : select 1 valor from information_schema.tables where table_type='base table' and table_name='wsfi2039fields'
20240409@181933.7801 apmh5tosu7ouijvd9ijtofn9sd Query : select fieldkey,fieldname,fieldtype,mandatory from wsfi2039fields
20240409@181933.7806 apmh5tosu7ouijvd9ijtofn9sd Query : select sestamp valor from se where ref ='324.1816.00.1' and lote = 'r2301097200a'
20240409@181933.7817 apmh5tosu7ouijvd9ijtofn9sd Query : select top 1 convert(numeric(6,2),t.taxa) valor from taxasiva t where t.codigo='2'
20240409@181933.7833 apmh5tosu7ouijvd9ijtofn9sd Query : select 1 valor from information_schema.tables where table_type='base table' and table_name='wsfi039fields'
20240409@181933.7846 apmh5tosu7ouijvd9ijtofn9sd Query : select fieldkey,fieldname,fieldtype,calcformula from wsfi039fields
20240409@181933.7872 apmh5tosu7ouijvd9ijtofn9sd Query : insert into wsfi039data (fistamp,ousrdata, ousrhora, usrdata,usrhora,ousrinis,usrinis ,qtt ,ftstamp ,epv,pvmoeda ,tabiva,iva,lordem ,ref, design ,lote,armazem,bistamp ) values ('aut6615708056661578a5bf',getdate(),convert(char(8),convert (time,getdate())),getdate(),convert(char(8),convert (time,getdate())),'wsv','wsv',9.000 ,'aut6615785672661578a562' ,0,0 ,2,23.00,80000,?,?,?,?,?)
20240409@181933.8163 apmh5tosu7ouijvd9ijtofn9sd Query : select 1 valor from information_schema.tables where table_type='base table' and table_name='wsfi2039fields'
20240409@181933.8192 apmh5tosu7ouijvd9ijtofn9sd Query : select fieldkey,fieldname,fieldtype,calcformula from wsfi2039fields
20240409@181933.8197 apmh5tosu7ouijvd9ijtofn9sd Query : insert into wsfi2039data (fi2stamp,ftstamp ,ousrdata, ousrhora, usrdata,usrhora,ousrinis,usrinis) values ('aut6615708056661578a5bf','aut6615785672661578a562' ,getdate(),convert(char(8),convert (time,getdate())),getdate(),convert(char(8),convert (time,getdate())),'wsv','wsv')
20240409@181933.8203 apmh5tosu7ouijvd9ijtofn9sd Query : select 1 valor from information_schema.tables where table_type='base table' and table_name='wsfi039fields'
20240409@181933.8217 apmh5tosu7ouijvd9ijtofn9sd Query : select fieldkey,fieldname,fieldtype,mandatory from wsfi039fields
20240409@181933.8240 apmh5tosu7ouijvd9ijtofn9sd Query : select 1 valor from information_schema.tables where table_type='base table' and table_name='wsfi2039fields'
20240409@181933.8253 apmh5tosu7ouijvd9ijtofn9sd Query : select fieldkey,fieldname,fieldtype,mandatory from wsfi2039fields
20240409@181933.8256 apmh5tosu7ouijvd9ijtofn9sd Query : select top 1 convert(numeric(6,2),t.taxa) valor from taxasiva t where t.codigo='2'
20240409@181933.8266 apmh5tosu7ouijvd9ijtofn9sd Query : select 1 valor from information_schema.tables where table_type='base table' and table_name='wsfi039fields'
20240409@181933.8278 apmh5tosu7ouijvd9ijtofn9sd Query : select fieldkey,fieldname,fieldtype,calcformula from wsfi039fields
20240409@181933.8310 apmh5tosu7ouijvd9ijtofn9sd Query : insert into wsfi039data (fistamp,ousrdata, ousrhora, usrdata,usrhora,ousrinis,usrinis ,qtt ,ftstamp ,epv,pvmoeda ,tabiva,iva,lordem ,ref, design ,armazem) values ('aut6615770713661578a5c9',getdate(),convert(char(8),convert (time,getdate())),getdate(),convert(char(8),convert (time,getdate())),'wsv','wsv',0 ,'aut6615785672661578a562' ,0,0 ,2,23.00,90000,?,?,?)
20240409@181933.8643 apmh5tosu7ouijvd9ijtofn9sd Query : select 1 valor from information_schema.tables where table_type='base table' and table_name='wsfi2039fields'
20240409@181933.8661 apmh5tosu7ouijvd9ijtofn9sd Query : select fieldkey,fieldname,fieldtype,calcformula from wsfi2039fields
20240409@181933.8666 apmh5tosu7ouijvd9ijtofn9sd Query : insert into wsfi2039data (fi2stamp,ftstamp ,ousrdata, ousrhora, usrdata,usrhora,ousrinis,usrinis) values ('aut6615770713661578a5c9','aut6615785672661578a562' ,getdate(),convert(char(8),convert (time,getdate())),getdate(),convert(char(8),convert (time,getdate())),'wsv','wsv')
20240409@181933.8671 apmh5tosu7ouijvd9ijtofn9sd Query : use flama_phc
20240409@181933.8675 apmh5tosu7ouijvd9ijtofn9sd Query : select st.usalote valor from st where st.ref = '324.2232.00.1'
20240409@181933.8687 apmh5tosu7ouijvd9ijtofn9sd Query : select top 1 st.tabiva ,st.ivaincl ,st.stns ,st.uni2 ,st.familia ,isnull(tx.taxa, 0) txiva ,unidade ,usalote ,epcpond ,noserie from st left join taxasiva tx on st.tabiva = tx.codigo where st.ref = '324.2232.00.1'
20240409@181933.8870 apmh5tosu7ouijvd9ijtofn9sd Query : select 1 valor from information_schema.tables where table_type='base table' and table_name='wsfi039fields'
20240409@181933.8885 apmh5tosu7ouijvd9ijtofn9sd Query : select fieldkey,fieldname,fieldtype,mandatory from wsfi039fields
20240409@181933.8911 apmh5tosu7ouijvd9ijtofn9sd Query : select 1 valor from information_schema.tables where table_type='base table' and table_name='wsfi2039fields'
20240409@181933.8925 apmh5tosu7ouijvd9ijtofn9sd Query : select fieldkey,fieldname,fieldtype,mandatory from wsfi2039fields
20240409@181933.8930 apmh5tosu7ouijvd9ijtofn9sd Query : select sestamp valor from se where ref ='324.2232.00.1' and lote = 'r2301141300a'
20240409@181933.8942 apmh5tosu7ouijvd9ijtofn9sd Query : select top 1 convert(numeric(6,2),t.taxa) valor from taxasiva t where t.codigo='2'
20240409@181933.8964 apmh5tosu7ouijvd9ijtofn9sd Query : select 1 valor from information_schema.tables where table_type='base table' and table_name='wsfi039fields'
20240409@181933.8980 apmh5tosu7ouijvd9ijtofn9sd Query : select fieldkey,fieldname,fieldtype,calcformula from wsfi039fields
20240409@181933.9008 apmh5tosu7ouijvd9ijtofn9sd Query : insert into wsfi039data (fistamp,ousrdata, ousrhora, usrdata,usrhora,ousrinis,usrinis ,qtt ,ftstamp ,epv,pvmoeda ,tabiva,iva,lordem ,ref, design ,lote,armazem,bistamp ) values ('aut6615723809661578a5da',getdate(),convert(char(8),convert (time,getdate())),getdate(),convert(char(8),convert (time,getdate())),'wsv','wsv',2.000 ,'aut6615785672661578a562' ,0,0 ,2,23.00,110000,?,?,?,?,?)
20240409@181933.9291 apmh5tosu7ouijvd9ijtofn9sd Query : select 1 valor from information_schema.tables where table_type='base table' and table_name='wsfi2039fields'
20240409@181933.9322 apmh5tosu7ouijvd9ijtofn9sd Query : select fieldkey,fieldname,fieldtype,calcformula from wsfi2039fields
20240409@181933.9328 apmh5tosu7ouijvd9ijtofn9sd Query : insert into wsfi2039data (fi2stamp,ftstamp ,ousrdata, ousrhora, usrdata,usrhora,ousrinis,usrinis) values ('aut6615723809661578a5da','aut6615785672661578a562' ,getdate(),convert(char(8),convert (time,getdate())),getdate(),convert(char(8),convert (time,getdate())),'wsv','wsv')
20240409@181933.9332 apmh5tosu7ouijvd9ijtofn9sd Query : use flama_phc
20240409@181933.9336 apmh5tosu7ouijvd9ijtofn9sd Query : select st.usalote valor from st where st.ref = '324.2232.00.1'
20240409@181933.9349 apmh5tosu7ouijvd9ijtofn9sd Query : select top 1 st.tabiva ,st.ivaincl ,st.stns ,st.uni2 ,st.familia ,isnull(tx.taxa, 0) txiva ,unidade ,usalote ,epcpond ,noserie from st left join taxasiva tx on st.tabiva = tx.codigo where st.ref = '324.2232.00.1'
20240409@181933.9362 apmh5tosu7ouijvd9ijtofn9sd Query : select 1 valor from information_schema.tables where table_type='base table' and table_name='wsfi039fields'
20240409@181933.9376 apmh5tosu7ouijvd9ijtofn9sd Query : select fieldkey,fieldname,fieldtype,mandatory from wsfi039fields
20240409@181933.9404 apmh5tosu7ouijvd9ijtofn9sd Query : select 1 valor from information_schema.tables where table_type='base table' and table_name='wsfi2039fields'
20240409@181933.9418 apmh5tosu7ouijvd9ijtofn9sd Query : select fieldkey,fieldname,fieldtype,mandatory from wsfi2039fields
20240409@181933.9422 apmh5tosu7ouijvd9ijtofn9sd Query : select sestamp valor from se where ref ='324.2232.00.1' and lote = 'r2301141300a'
20240409@181933.9433 apmh5tosu7ouijvd9ijtofn9sd Query : select top 1 convert(numeric(6,2),t.taxa) valor from taxasiva t where t.codigo='2'
20240409@181933.9456 apmh5tosu7ouijvd9ijtofn9sd Query : select 1 valor from information_schema.tables where table_type='base table' and table_name='wsfi039fields'
20240409@181933.9474 apmh5tosu7ouijvd9ijtofn9sd Query : select fieldkey,fieldname,fieldtype,calcformula from wsfi039fields
20240409@181933.9501 apmh5tosu7ouijvd9ijtofn9sd Query : insert into wsfi039data (fistamp,ousrdata, ousrhora, usrdata,usrhora,ousrinis,usrinis ,qtt ,ftstamp ,epv,pvmoeda ,tabiva,iva,lordem ,ref, design ,lote,armazem,bistamp ) values ('aut6615748676661578a5e6',getdate(),convert(char(8),convert (time,getdate())),getdate(),convert(char(8),convert (time,getdate())),'wsv','wsv',4.000 ,'aut6615785672661578a562' ,0,0 ,2,23.00,120000,?,?,?,?,?)
20240409@181933.9790 apmh5tosu7ouijvd9ijtofn9sd Query : select 1 valor from information_schema.tables where table_type='base table' and table_name='wsfi2039fields'
20240409@181933.9817 apmh5tosu7ouijvd9ijtofn9sd Query : select fieldkey,fieldname,fieldtype,calcformula from wsfi2039fields
20240409@181933.9822 apmh5tosu7ouijvd9ijtofn9sd Query : insert into wsfi2039data (fi2stamp,ftstamp ,ousrdata, ousrhora, usrdata,usrhora,ousrinis,usrinis) values ('aut6615748676661578a5e6','aut6615785672661578a562' ,getdate(),convert(char(8),convert (time,getdate())),getdate(),convert(char(8),convert (time,getdate())),'wsv','wsv')
20240409@181933.9828 apmh5tosu7ouijvd9ijtofn9sd Query : use flama_phc
20240409@181933.9833 apmh5tosu7ouijvd9ijtofn9sd Query : select st.usalote valor from st where st.ref = '324.5396.00.1'
20240409@181933.9889 apmh5tosu7ouijvd9ijtofn9sd Query : select top 1 st.tabiva ,st.ivaincl ,st.stns ,st.uni2 ,st.familia ,isnull(tx.taxa, 0) txiva ,unidade ,usalote ,epcpond ,noserie from st left join taxasiva tx on st.tabiva = tx.codigo where st.ref = '324.5396.00.1'
20240409@181934.1420 apmh5tosu7ouijvd9ijtofn9sd Query : select 1 valor from information_schema.tables where table_type='base table' and table_name='wsfi039fields'
20240409@181934.1570 apmh5tosu7ouijvd9ijtofn9sd Query : select fieldkey,fieldname,fieldtype,mandatory from wsfi039fields
20240409@181934.1800 apmh5tosu7ouijvd9ijtofn9sd Query : select 1 valor from information_schema.tables where table_type='base table' and table_name='wsfi2039fields'
20240409@181934.1940 apmh5tosu7ouijvd9ijtofn9sd Query : select fieldkey,fieldname,fieldtype,mandatory from wsfi2039fields
20240409@181934.1980 apmh5tosu7ouijvd9ijtofn9sd Query : select sestamp valor from se where ref ='324.5396.00.1' and lote = 'r2300840100a'
20240409@181934.2150 apmh5tosu7ouijvd9ijtofn9sd Query : select top 1 convert(numeric(6,2),t.taxa) valor from taxasiva t where t.codigo='2'
20240409@181934.2250 apmh5tosu7ouijvd9ijtofn9sd Query : select 1 valor from information_schema.tables where table_type='base table' and table_name='wsfi039fields'
20240409@181934.2370 apmh5tosu7ouijvd9ijtofn9sd Query : select fieldkey,fieldname,fieldtype,calcformula from wsfi039fields
20240409@181934.2740 apmh5tosu7ouijvd9ijtofn9sd Query : insert into wsfi039data (fistamp,ousrdata, ousrhora, usrdata,usrhora,ousrinis,usrinis ,qtt ,ftstamp ,epv,pvmoeda ,tabiva,iva,lordem ,ref, design ,lote,armazem,bistamp ) values ('aut6615727692661578a605',getdate(),convert(char(8),convert (time,getdate())),getdate(),convert(char(8),convert (time,getdate())),'wsv','wsv',6.000 ,'aut6615785672661578a562' ,0,0 ,2,23.00,130000,?,?,?,?,?)
20240409@181934.6060 apmh5tosu7ouijvd9ijtofn9sd Query : select 1 valor from information_schema.tables where table_type='base table' and table_name='wsfi2039fields'
20240409@181934.6240 apmh5tosu7ouijvd9ijtofn9sd Query : select fieldkey,fieldname,fieldtype,calcformula from wsfi2039fields
20240409@181934.6290 apmh5tosu7ouijvd9ijtofn9sd Query : insert into wsfi2039data (fi2stamp,ftstamp ,ousrdata, ousrhora, usrdata,usrhora,ousrinis,usrinis) values ('aut6615727692661578a605','aut6615785672661578a562' ,getdate(),convert(char(8),convert (time,getdate())),getdate(),convert(char(8),convert (time,getdate())),'wsv','wsv')
20240409@181934.6350 apmh5tosu7ouijvd9ijtofn9sd Query : select 1 valor from information_schema.tables where table_type='base table' and table_name='wsfi039fields'
20240409@181934.6480 apmh5tosu7ouijvd9ijtofn9sd Query : select fieldkey,fieldname,fieldtype,mandatory from wsfi039fields
20240409@181934.6980 apmh5tosu7ouijvd9ijtofn9sd Query : select 1 valor from information_schema.tables where table_type='base table' and table_name='wsfi2039fields'
20240409@181934.7110 apmh5tosu7ouijvd9ijtofn9sd Query : select fieldkey,fieldname,fieldtype,mandatory from wsfi2039fields
20240409@181934.7150 apmh5tosu7ouijvd9ijtofn9sd Query : select top 1 convert(numeric(6,2),t.taxa) valor from taxasiva t where t.codigo='2'
20240409@181934.7250 apmh5tosu7ouijvd9ijtofn9sd Query : select 1 valor from information_schema.tables where table_type='base table' and table_name='wsfi039fields'
20240409@181934.7370 apmh5tosu7ouijvd9ijtofn9sd Query : select fieldkey,fieldname,fieldtype,calcformula from wsfi039fields
20240409@181934.7630 apmh5tosu7ouijvd9ijtofn9sd Query : insert into wsfi039data (fistamp,ousrdata, ousrhora, usrdata,usrhora,ousrinis,usrinis ,qtt ,ftstamp ,epv,pvmoeda ,tabiva,iva,lordem ,ref, design ,armazem) values ('aut6615710356661578a611',getdate(),convert(char(8),convert (time,getdate())),getdate(),convert(char(8),convert (time,getdate())),'wsv','wsv',0 ,'aut6615785672661578a562' ,0,0 ,2,23.00,140000,?,?,?)
20240409@181934.1084 apmh5tosu7ouijvd9ijtofn9sd Query : select 1 valor from information_schema.tables where table_type='base table' and table_name='wsfi2039fields'
20240409@181934.1114 apmh5tosu7ouijvd9ijtofn9sd Query : select fieldkey,fieldname,fieldtype,calcformula from wsfi2039fields
20240409@181934.1118 apmh5tosu7ouijvd9ijtofn9sd Query : insert into wsfi2039data (fi2stamp,ftstamp ,ousrdata, ousrhora, usrdata,usrhora,ousrinis,usrinis) values ('aut6615710356661578a611','aut6615785672661578a562' ,getdate(),convert(char(8),convert (time,getdate())),getdate(),convert(char(8),convert (time,getdate())),'wsv','wsv')
20240409@181934.1123 apmh5tosu7ouijvd9ijtofn9sd Query : use flama_phc
20240409@181934.1126 apmh5tosu7ouijvd9ijtofn9sd Query : select st.usalote valor from st where st.ref = '324.1643.00.1'
20240409@181934.1137 apmh5tosu7ouijvd9ijtofn9sd Query : select top 1 st.tabiva ,st.ivaincl ,st.stns ,st.uni2 ,st.familia ,isnull(tx.taxa, 0) txiva ,unidade ,usalote ,epcpond ,noserie from st left join taxasiva tx on st.tabiva = tx.codigo where st.ref = '324.1643.00.1'
20240409@181934.1291 apmh5tosu7ouijvd9ijtofn9sd Query : select 1 valor from information_schema.tables where table_type='base table' and table_name='wsfi039fields'
20240409@181934.1309 apmh5tosu7ouijvd9ijtofn9sd Query : select fieldkey,fieldname,fieldtype,mandatory from wsfi039fields
20240409@181934.1338 apmh5tosu7ouijvd9ijtofn9sd Query : select 1 valor from information_schema.tables where table_type='base table' and table_name='wsfi2039fields'
20240409@181934.1353 apmh5tosu7ouijvd9ijtofn9sd Query : select fieldkey,fieldname,fieldtype,mandatory from wsfi2039fields
20240409@181934.1357 apmh5tosu7ouijvd9ijtofn9sd Query : select sestamp valor from se where ref ='324.1643.00.1' and lote = 'r2101218200a'
20240409@181934.1380 apmh5tosu7ouijvd9ijtofn9sd Query : select top 1 convert(numeric(6,2),t.taxa) valor from taxasiva t where t.codigo='2'
20240409@181934.1390 apmh5tosu7ouijvd9ijtofn9sd Query : select 1 valor from information_schema.tables where table_type='base table' and table_name='wsfi039fields'
20240409@181934.1404 apmh5tosu7ouijvd9ijtofn9sd Query : select fieldkey,fieldname,fieldtype,calcformula from wsfi039fields
20240409@181934.1430 apmh5tosu7ouijvd9ijtofn9sd Query : insert into wsfi039data (fistamp,ousrdata, ousrhora, usrdata,usrhora,ousrinis,usrinis ,qtt ,ftstamp ,epv,pvmoeda ,tabiva,iva,lordem ,ref, design ,lote,armazem,bistamp ) values ('aut6615751013661578a621',getdate(),convert(char(8),convert (time,getdate())),getdate(),convert(char(8),convert (time,getdate())),'wsv','wsv',3.000 ,'aut6615785672661578a562' ,0,0 ,2,23.00,160000,?,?,?,?,?)
20240409@181934.1756 apmh5tosu7ouijvd9ijtofn9sd Query : select 1 valor from information_schema.tables where table_type='base table' and table_name='wsfi2039fields'
20240409@181934.1771 apmh5tosu7ouijvd9ijtofn9sd Query : select fieldkey,fieldname,fieldtype,calcformula from wsfi2039fields
20240409@181934.1775 apmh5tosu7ouijvd9ijtofn9sd Query : insert into wsfi2039data (fi2stamp,ftstamp ,ousrdata, ousrhora, usrdata,usrhora,ousrinis,usrinis) values ('aut6615751013661578a621','aut6615785672661578a562' ,getdate(),convert(char(8),convert (time,getdate())),getdate(),convert(char(8),convert (time,getdate())),'wsv','wsv')
20240409@181934.1779 apmh5tosu7ouijvd9ijtofn9sd Query : use flama_phc
20240409@181934.1782 apmh5tosu7ouijvd9ijtofn9sd Query : select st.usalote valor from st where st.ref = '328.9902.00.1'
20240409@181934.1794 apmh5tosu7ouijvd9ijtofn9sd Query : select top 1 st.tabiva ,st.ivaincl ,st.stns ,st.uni2 ,st.familia ,isnull(tx.taxa, 0) txiva ,unidade ,usalote ,epcpond ,noserie from st left join taxasiva tx on st.tabiva = tx.codigo where st.ref = '328.9902.00.1'
20240409@181934.1953 apmh5tosu7ouijvd9ijtofn9sd Query : select 1 valor from information_schema.tables where table_type='base table' and table_name='wsfi039fields'
20240409@181934.1967 apmh5tosu7ouijvd9ijtofn9sd Query : select fieldkey,fieldname,fieldtype,mandatory from wsfi039fields
20240409@181934.1995 apmh5tosu7ouijvd9ijtofn9sd Query : select 1 valor from information_schema.tables where table_type='base table' and table_name='wsfi2039fields'
20240409@181934.2008 apmh5tosu7ouijvd9ijtofn9sd Query : select fieldkey,fieldname,fieldtype,mandatory from wsfi2039fields
20240409@181934.2012 apmh5tosu7ouijvd9ijtofn9sd Query : select sestamp valor from se where ref ='328.9902.00.1' and lote = 'r2301241100a'
20240409@181934.2022 apmh5tosu7ouijvd9ijtofn9sd Query : select top 1 convert(numeric(6,2),t.taxa) valor from taxasiva t where t.codigo='2'
20240409@181934.2031 apmh5tosu7ouijvd9ijtofn9sd Query : select 1 valor from information_schema.tables where table_type='base table' and table_name='wsfi039fields'
20240409@181934.2044 apmh5tosu7ouijvd9ijtofn9sd Query : select fieldkey,fieldname,fieldtype,calcformula from wsfi039fields
20240409@181934.2071 apmh5tosu7ouijvd9ijtofn9sd Query : insert into wsfi039data (fistamp,ousrdata, ousrhora, usrdata,usrhora,ousrinis,usrinis ,qtt ,ftstamp ,epv,pvmoeda ,tabiva,iva,lordem ,ref, design ,lote,armazem,bistamp ) values ('aut6615720381661578a631',getdate(),convert(char(8),convert (time,getdate())),getdate(),convert(char(8),convert (time,getdate())),'wsv','wsv',2.000 ,'aut6615785672661578a562' ,0,0 ,2,23.00,170000,?,?,?,?,?)
20240409@181934.2380 apmh5tosu7ouijvd9ijtofn9sd Query : select 1 valor from information_schema.tables where table_type='base table' and table_name='wsfi2039fields'
20240409@181934.2400 apmh5tosu7ouijvd9ijtofn9sd Query : select fieldkey,fieldname,fieldtype,calcformula from wsfi2039fields
20240409@181934.2404 apmh5tosu7ouijvd9ijtofn9sd Query : insert into wsfi2039data (fi2stamp,ftstamp ,ousrdata, ousrhora, usrdata,usrhora,ousrinis,usrinis) values ('aut6615720381661578a631','aut6615785672661578a562' ,getdate(),convert(char(8),convert (time,getdate())),getdate(),convert(char(8),convert (time,getdate())),'wsv','wsv')
20240409@181934.2409 apmh5tosu7ouijvd9ijtofn9sd Query : select 1 valor from information_schema.tables where table_type='base table' and table_name='wsfi039fields'
20240409@181934.2423 apmh5tosu7ouijvd9ijtofn9sd Query : select fieldkey,fieldname,fieldtype,mandatory from wsfi039fields
20240409@181934.2449 apmh5tosu7ouijvd9ijtofn9sd Query : select 1 valor from information_schema.tables where table_type='base table' and table_name='wsfi2039fields'
20240409@181934.2473 apmh5tosu7ouijvd9ijtofn9sd Query : select fieldkey,fieldname,fieldtype,mandatory from wsfi2039fields
20240409@181934.2477 apmh5tosu7ouijvd9ijtofn9sd Query : select top 1 convert(numeric(6,2),t.taxa) valor from taxasiva t where t.codigo='2'
20240409@181934.2487 apmh5tosu7ouijvd9ijtofn9sd Query : select 1 valor from information_schema.tables where table_type='base table' and table_name='wsfi039fields'
20240409@181934.2500 apmh5tosu7ouijvd9ijtofn9sd Query : select fieldkey,fieldname,fieldtype,calcformula from wsfi039fields
20240409@181934.2522 apmh5tosu7ouijvd9ijtofn9sd Query : insert into wsfi039data (fistamp,ousrdata, ousrhora, usrdata,usrhora,ousrinis,usrinis ,qtt ,ftstamp ,epv,pvmoeda ,tabiva,iva,lordem ,ref, design ,armazem) values ('aut6615785474661578a63c',getdate(),convert(char(8),convert (time,getdate())),getdate(),convert(char(8),convert (time,getdate())),'wsv','wsv',0 ,'aut6615785672661578a562' ,0,0 ,2,23.00,180000,?,?,?)
20240409@181934.2836 apmh5tosu7ouijvd9ijtofn9sd Query : select 1 valor from information_schema.tables where table_type='base table' and table_name='wsfi2039fields'
20240409@181934.2857 apmh5tosu7ouijvd9ijtofn9sd Query : select fieldkey,fieldname,fieldtype,calcformula from wsfi2039fields
20240409@181934.2861 apmh5tosu7ouijvd9ijtofn9sd Query : insert into wsfi2039data (fi2stamp,ftstamp ,ousrdata, ousrhora, usrdata,usrhora,ousrinis,usrinis) values ('aut6615785474661578a63c','aut6615785672661578a562' ,getdate(),convert(char(8),convert (time,getdate())),getdate(),convert(char(8),convert (time,getdate())),'wsv','wsv')
20240409@181934.2866 apmh5tosu7ouijvd9ijtofn9sd Query : use flama_phc
20240409@181934.2870 apmh5tosu7ouijvd9ijtofn9sd Query : select st.usalote valor from st where st.ref = '328.9006.00.1'
20240409@181934.2882 apmh5tosu7ouijvd9ijtofn9sd Query : select top 1 st.tabiva ,st.ivaincl ,st.stns ,st.uni2 ,st.familia ,isnull(tx.taxa, 0) txiva ,unidade ,usalote ,epcpond ,noserie from st left join taxasiva tx on st.tabiva = tx.codigo where st.ref = '328.9006.00.1'
20240409@181934.2896 apmh5tosu7ouijvd9ijtofn9sd Query : select 1 valor from information_schema.tables where table_type='base table' and table_name='wsfi039fields'
20240409@181934.2910 apmh5tosu7ouijvd9ijtofn9sd Query : select fieldkey,fieldname,fieldtype,mandatory from wsfi039fields
20240409@181934.2934 apmh5tosu7ouijvd9ijtofn9sd Query : select 1 valor from information_schema.tables where table_type='base table' and table_name='wsfi2039fields'
20240409@181934.2948 apmh5tosu7ouijvd9ijtofn9sd Query : select fieldkey,fieldname,fieldtype,mandatory from wsfi2039fields
20240409@181934.2954 apmh5tosu7ouijvd9ijtofn9sd Query : select sestamp valor from se where ref ='328.9006.00.1' and lote = 'r2300691200a'
20240409@181934.2981 apmh5tosu7ouijvd9ijtofn9sd Query : select top 1 convert(numeric(6,2),t.taxa) valor from taxasiva t where t.codigo='2'
20240409@181934.2992 apmh5tosu7ouijvd9ijtofn9sd Query : select 1 valor from information_schema.tables where table_type='base table' and table_name='wsfi039fields'
20240409@181934.3005 apmh5tosu7ouijvd9ijtofn9sd Query : select fieldkey,fieldname,fieldtype,calcformula from wsfi039fields
20240409@181934.3030 apmh5tosu7ouijvd9ijtofn9sd Query : insert into wsfi039data (fistamp,ousrdata, ousrhora, usrdata,usrhora,ousrinis,usrinis ,qtt ,ftstamp ,epv,pvmoeda ,tabiva,iva,lordem ,ref, design ,lote,armazem,bistamp ) values ('aut6615708526661578a649',getdate(),convert(char(8),convert (time,getdate())),getdate(),convert(char(8),convert (time,getdate())),'wsv','wsv',3.000 ,'aut6615785672661578a562' ,0,0 ,2,23.00,200000,?,?,?,?,?)
20240409@181934.3338 apmh5tosu7ouijvd9ijtofn9sd Query : select 1 valor from information_schema.tables where table_type='base table' and table_name='wsfi2039fields'
20240409@181934.3356 apmh5tosu7ouijvd9ijtofn9sd Query : select fieldkey,fieldname,fieldtype,calcformula from wsfi2039fields
20240409@181934.3361 apmh5tosu7ouijvd9ijtofn9sd Query : insert into wsfi2039data (fi2stamp,ftstamp ,ousrdata, ousrhora, usrdata,usrhora,ousrinis,usrinis) values ('aut6615708526661578a649','aut6615785672661578a562' ,getdate(),convert(char(8),convert (time,getdate())),getdate(),convert(char(8),convert (time,getdate())),'wsv','wsv')
20240409@181934.3366 apmh5tosu7ouijvd9ijtofn9sd Query : select 1 valor from information_schema.tables where table_type='base table' and table_name='wsfi039fields'
20240409@181934.3381 apmh5tosu7ouijvd9ijtofn9sd Query : select fieldkey,fieldname,fieldtype,mandatory from wsfi039fields
20240409@181934.3405 apmh5tosu7ouijvd9ijtofn9sd Query : select 1 valor from information_schema.tables where table_type='base table' and table_name='wsfi2039fields'
20240409@181934.3417 apmh5tosu7ouijvd9ijtofn9sd Query : select fieldkey,fieldname,fieldtype,mandatory from wsfi2039fields
20240409@181934.3421 apmh5tosu7ouijvd9ijtofn9sd Query : select top 1 convert(numeric(6,2),t.taxa) valor from taxasiva t where t.codigo='2'
20240409@181934.3445 apmh5tosu7ouijvd9ijtofn9sd Query : select 1 valor from information_schema.tables where table_type='base table' and table_name='wsfi039fields'
20240409@181934.3458 apmh5tosu7ouijvd9ijtofn9sd Query : select fieldkey,fieldname,fieldtype,calcformula from wsfi039fields
20240409@181934.3482 apmh5tosu7ouijvd9ijtofn9sd Query : insert into wsfi039data (fistamp,ousrdata, ousrhora, usrdata,usrhora,ousrinis,usrinis ,qtt ,ftstamp ,epv,pvmoeda ,tabiva,iva,lordem ,ref, design ,armazem) values ('aut6615773198661578a654',getdate(),convert(char(8),convert (time,getdate())),getdate(),convert(char(8),convert (time,getdate())),'wsv','wsv',0 ,'aut6615785672661578a562' ,0,0 ,2,23.00,210000,?,?,?)
20240409@181934.3770 apmh5tosu7ouijvd9ijtofn9sd Query : select 1 valor from information_schema.tables where table_type='base table' and table_name='wsfi2039fields'
20240409@181934.3789 apmh5tosu7ouijvd9ijtofn9sd Query : select fieldkey,fieldname,fieldtype,calcformula from wsfi2039fields
20240409@181934.3793 apmh5tosu7ouijvd9ijtofn9sd Query : insert into wsfi2039data (fi2stamp,ftstamp ,ousrdata, ousrhora, usrdata,usrhora,ousrinis,usrinis) values ('aut6615773198661578a654','aut6615785672661578a562' ,getdate(),convert(char(8),convert (time,getdate())),getdate(),convert(char(8),convert (time,getdate())),'wsv','wsv')
20240409@181934.3797 apmh5tosu7ouijvd9ijtofn9sd Query : insert into wsftcreationlog (initialftstamp,externalid,creationstatus,documenttypeid,idustamp) values ('aut6615785672661578a562','2402653','wait',39,'ari17112337378,753000005')
20240409@181934.3814 apmh5tosu7ouijvd9ijtofn9sd Query : use flama_phc
20240409@181934.3855 apmh5tosu7ouijvd9ijtofn9sd Query : update u_wsusers set rqsttoken =? where userid ='userls001'
20240409@181934.3905 apmh5tosu7ouijvd9ijtofn9sd Query : select concat(rtrim(relative_path),ltrim(name_new)) as valor from uploadfiles where uploadfile_id='1057';
20240409@181934.3926 apmh5tosu7ouijvd9ijtofn9sd Query : update uploadfiles set whenupdated=current_timestamp where uploadfile_id='1057';
20240409@181934.3940 apmh5tosu7ouijvd9ijtofn9sd Query : select concat(rtrim(relative_path),ltrim(name_new)) as valor from uploadfiles where uploadfile_id='1057';
20240409@181934.3954 apmh5tosu7ouijvd9ijtofn9sd Query : update uploadfiles set whenupdated=current_timestamp where uploadfile_id='1057';
20240409@181934.4340 tm8ci9gju6ucs5qd5gp582fs2j Query : insert into uploadfiles ( name_original, name_new, option_type, relative_path, whencreated ) values ( ?, ?, ?, ?, getdate() )
20240409@181934.4354 tm8ci9gju6ucs5qd5gp582fs2j Query : select uploadfile_id valor from uploadfiles where name_new = ? and option_type = ? 
20240409@181934.4378 tm8ci9gju6ucs5qd5gp582fs2j Query : select concat(rtrim(relative_path),ltrim(name_new)) as valor from uploadfiles where uploadfile_id='1058';
20240409@181934.4428 tm8ci9gju6ucs5qd5gp582fs2j Query : update uploadfiles set whenupdated=current_timestamp where uploadfile_id='1058';
20240409@181934.4445 tm8ci9gju6ucs5qd5gp582fs2j Query : select concat(rtrim(relative_path),ltrim(name_new)) as valor from uploadfiles where uploadfile_id='1058';
20240409@181934.4461 tm8ci9gju6ucs5qd5gp582fs2j Query : update uploadfiles set whenupdated=current_timestamp where uploadfile_id='1058';
20240409@181934.4483 tm8ci9gju6ucs5qd5gp582fs2j Query : use flama_phc
20240409@181934.4486 tm8ci9gju6ucs5qd5gp582fs2j Query : select top 1 secretkey valor from u_wsusers u where u.userid = ? and u.inactivo=0
20240409@181934.4499 tm8ci9gju6ucs5qd5gp582fs2j Query : use flama_phc
20240409@181934.4502 tm8ci9gju6ucs5qd5gp582fs2j Query : select no, estab,szadrsdesc from szadrs where u_coddest=4788
20240409@181934.4591 tm8ci9gju6ucs5qd5gp582fs2j Query : select top 1 isnull(design,'') valor from st (nolock) left join stobs (nolock) on st.ref = stobs.ref where st.ref = '324.4743.00.1'
20240409@181934.4789 tm8ci9gju6ucs5qd5gp582fs2j Query : select top 1 bistamp valor from bi inner join bo on bo.bostamp=bi.bostamp where bo.ndos =240 and bo.boano =2026 and bo.obrano = 2402654 and bi.ref ='324.4743.00.1' and bi.lordem =1
20240409@181934.5099 tm8ci9gju6ucs5qd5gp582fs2j Query : select top 1 isnull(design,'') valor from st (nolock) left join stobs (nolock) on st.ref = stobs.ref where st.ref = '324.1470.00.1'
20240409@181934.5262 tm8ci9gju6ucs5qd5gp582fs2j Query : select top 1 bistamp valor from bi inner join bo on bo.bostamp=bi.bostamp where bo.ndos =240 and bo.boano =2026 and bo.obrano = 2402654 and bi.ref ='324.1470.00.1' and bi.lordem =2
20240409@181934.5562 tm8ci9gju6ucs5qd5gp582fs2j Query : select top 1 isnull(design,'') valor from st (nolock) left join stobs (nolock) on st.ref = stobs.ref where st.ref = '324.4990.00.1'
20240409@181934.5717 tm8ci9gju6ucs5qd5gp582fs2j Query : select top 1 bistamp valor from bi inner join bo on bo.bostamp=bi.bostamp where bo.ndos =240 and bo.boano =2026 and bo.obrano = 2402654 and bi.ref ='324.4990.00.1' and bi.lordem =3
20240409@181934.6058 tm8ci9gju6ucs5qd5gp582fs2j Query : use flama_phc
20240409@181934.6063 tm8ci9gju6ucs5qd5gp582fs2j Query : select top 1 convert(date,fdata) valor from ft where ndoc = 39 and anulado= 0 and fno>0 order by fdata desc
20240409@181934.6078 tm8ci9gju6ucs5qd5gp582fs2j Query : use flama_phc
20240409@181934.6082 tm8ci9gju6ucs5qd5gp582fs2j Query : select top 1 1 valor from td where td.ndoc = 39
20240409@181934.6092 tm8ci9gju6ucs5qd5gp582fs2j Query : use flama_phc
20240409@181934.6095 tm8ci9gju6ucs5qd5gp582fs2j Query : select descricao ,case when valor='s' then 1 else 0 end usalotes from para1 where descricao in ('st_lote')
20240409@181934.6106 tm8ci9gju6ucs5qd5gp582fs2j Query : select top 1 assinadoc issigned ,td.lancasl stocks ,'cl' origin ,case when (cmsl between 1 and 50 ) then 1 else 0 end entrada ,case when (cmsl>50 ) then 1 else 0 end saida ,~lotestock validatestock ,tiposaft from td inner join td2 on td.tdstamp=td2.td2stamp where td.ndoc =39
20240409@181934.6122 tm8ci9gju6ucs5qd5gp582fs2j Query : use flama_phc
20240409@181934.6125 tm8ci9gju6ucs5qd5gp582fs2j Query : select top 1 ~inactivo valor from cl where no = '102044' and estab = 0 order by inactivo desc
20240409@181934.6225 tm8ci9gju6ucs5qd5gp582fs2j Query : use flama_phc
20240409@181934.6229 tm8ci9gju6ucs5qd5gp582fs2j Query : select top 1 tipodoc,regrd from td where ndoc = 39
20240409@181934.6242 tm8ci9gju6ucs5qd5gp582fs2j Query : use flama_phc
20240409@181934.6246 tm8ci9gju6ucs5qd5gp582fs2j Query : select szadrsstamp valor from szadrs where szadrsdesc='espaÇotrans,lda'
20240409@181934.6270 tm8ci9gju6ucs5qd5gp582fs2j Query : use flama_phc
20240409@181934.6273 tm8ci9gju6ucs5qd5gp582fs2j Query : select szadrsstamp valor from szadrs where szadrsdesc='102044 - media markt leiria-prod.inf.e electrÓnicos,lda'
20240409@181934.6289 tm8ci9gju6ucs5qd5gp582fs2j Query : use flama_phc
20240409@181934.6292 tm8ci9gju6ucs5qd5gp582fs2j Query : select 1 valor from td where ndoc = 39
20240409@181934.6302 tm8ci9gju6ucs5qd5gp582fs2j Query : select top 1 manternumero, tiposaft, nmdos,td.assinadoc from td where td.ndoc = 39
20240409@181934.6314 tm8ci9gju6ucs5qd5gp582fs2j Query : select 1 valor from information_schema.tables where table_type='base table' and table_name='wsft039fields'
20240409@181934.6329 tm8ci9gju6ucs5qd5gp582fs2j Query : select fieldkey,fieldname,fieldtype,mandatory from wsft039fields
20240409@181934.6346 tm8ci9gju6ucs5qd5gp582fs2j Query : select 1 valor from information_schema.tables where table_type='base table' and table_name='wsft2039fields'
20240409@181934.6359 tm8ci9gju6ucs5qd5gp582fs2j Query : select fieldkey,fieldname,fieldtype,mandatory from wsft2039fields
20240409@181934.6389 tm8ci9gju6ucs5qd5gp582fs2j Query : select 1 valor from information_schema.tables where table_type='base table' and table_name='wsft3039fields'
20240409@181934.6404 tm8ci9gju6ucs5qd5gp582fs2j Query : select fieldkey,fieldname,fieldtype,mandatory from wsft3039fields
20240409@181934.6413 tm8ci9gju6ucs5qd5gp582fs2j Query : select top 1 ft.fno valor from ft ft where ft.ndoc = 39 and ftano=2024 order by fno desc
20240409@181934.6508 tm8ci9gju6ucs5qd5gp582fs2j Query : select top 1 ft.fno valor from wsft039data ft where ft.ndoc = 39 and ftano=2024 order by fno desc
20240409@181934.6518 tm8ci9gju6ucs5qd5gp582fs2j Query : select 1 valor from information_schema.tables where table_type='base table' and table_name='wsft3039fields'
20240409@181934.6532 tm8ci9gju6ucs5qd5gp582fs2j Query : select fieldkey,fieldname,fieldtype,calcformula from wsft3039fields
20240409@181934.6541 tm8ci9gju6ucs5qd5gp582fs2j Query : insert into wsft3039data (ft3stamp, ousrdata, ousrhora, usrdata,usrhora,ousrinis,usrinis,taxpointdt ) values ('aut6615754054661578a69c' ,getdate(),convert(char(8),convert (time,getdate())),getdate(),convert(char(8),convert (time,getdate())),'wsv','wsv',?)
20240409@181934.6753 tm8ci9gju6ucs5qd5gp582fs2j Query : select 1 valor from information_schema.tables where table_type='base table' and table_name='wsft2039fields'
20240409@181934.6768 tm8ci9gju6ucs5qd5gp582fs2j Query : select fieldkey,fieldname,fieldtype,calcformula from wsft2039fields
20240409@181934.6796 tm8ci9gju6ucs5qd5gp582fs2j Query : select top 1 bo.u_nomeenv valor from bo where bo.bostamp=''
20240409@181934.6801 tm8ci9gju6ucs5qd5gp582fs2j Query : select top 1 bo.u_moradaen valor from bo where bo.bostamp=''
20240409@181934.6806 tm8ci9gju6ucs5qd5gp582fs2j Query : select top 1 bo.u_codposen valor from bo where bo.bostamp=''
20240409@181934.6811 tm8ci9gju6ucs5qd5gp582fs2j Query : select top 1 bo.u_localenv valor from bo where bo.bostamp=''
20240409@181934.6815 tm8ci9gju6ucs5qd5gp582fs2j Query : select top 1 bo.trab5 valor from bo where bo.bostamp=''
20240409@181934.6820 tm8ci9gju6ucs5qd5gp582fs2j Query : select top 1 bo.serie valor from bo where bo.bostamp=''
20240409@181934.6824 tm8ci9gju6ucs5qd5gp582fs2j Query : insert into wsft2039data (ft2stamp, ousrdata,ousrhora, usrdata,usrhora,ousrinis,usrinis,u_nomeenv ,u_moradaen ,u_codposen ,u_localenv ,u_coddest ,u_codby ) values ('aut6615754054661578a69c',getdate(),convert(char(8),convert (time,getdate())),getdate(),convert(char(8),convert (time,getdate())),'wsv','wsv',?,?,?,?,?,?)
20240409@181934.7109 tm8ci9gju6ucs5qd5gp582fs2j Query : select top 1 fno valor from wsft039data order by fno desc
20240409@181934.7127 tm8ci9gju6ucs5qd5gp582fs2j Query : select 1 valor from information_schema.tables where table_type='base table' and table_name='wsft039fields'
20240409@181934.7141 tm8ci9gju6ucs5qd5gp582fs2j Query : select fieldkey,fieldname,fieldtype,calcformula from wsft039fields
20240409@181934.7159 tm8ci9gju6ucs5qd5gp582fs2j Query : insert into wsft039data (ftstamp, ousrdata,ousrhora, usrdata,usrhora,ousrinis,usrinis,fno,no,estab,fdata,ndoc,moeda,cambio,cambiofixo,ftano,cdata,chora,carga,descar,site ,classe ) values ('aut6615754054661578a69c',getdate(),convert(char(8),convert (time,getdate())),getdate(),convert(char(8),convert (time,getdate())),'wsv','wsv',818,102044,0,'2024-04-09',39,'euro',0,0,2024 ,'20240409','1849',?,?,?,?)
20240409@181934.7501 tm8ci9gju6ucs5qd5gp582fs2j Query : use flama_phc
20240409@181934.7505 tm8ci9gju6ucs5qd5gp582fs2j Query : select st.usalote valor from st where st.ref = '324.4743.00.1'
20240409@181934.7528 tm8ci9gju6ucs5qd5gp582fs2j Query : select top 1 st.tabiva ,st.ivaincl ,st.stns ,st.uni2 ,st.familia ,isnull(tx.taxa, 0) txiva ,unidade ,usalote ,epcpond ,noserie from st left join taxasiva tx on st.tabiva = tx.codigo where st.ref = '324.4743.00.1'
20240409@181934.7675 tm8ci9gju6ucs5qd5gp582fs2j Query : select 1 valor from information_schema.tables where table_type='base table' and table_name='wsfi039fields'
20240409@181934.7690 tm8ci9gju6ucs5qd5gp582fs2j Query : select fieldkey,fieldname,fieldtype,mandatory from wsfi039fields
20240409@181934.7715 tm8ci9gju6ucs5qd5gp582fs2j Query : select 1 valor from information_schema.tables where table_type='base table' and table_name='wsfi2039fields'
20240409@181934.7727 tm8ci9gju6ucs5qd5gp582fs2j Query : select fieldkey,fieldname,fieldtype,mandatory from wsfi2039fields
20240409@181934.7732 tm8ci9gju6ucs5qd5gp582fs2j Query : select sestamp valor from se where ref ='324.4743.00.1' and lote = 'r2200085100a'
20240409@181934.7753 tm8ci9gju6ucs5qd5gp582fs2j Query : select top 1 convert(numeric(6,2),t.taxa) valor from taxasiva t where t.codigo='2'
20240409@181934.7765 tm8ci9gju6ucs5qd5gp582fs2j Query : select 1 valor from information_schema.tables where table_type='base table' and table_name='wsfi039fields'
20240409@181934.7780 tm8ci9gju6ucs5qd5gp582fs2j Query : select fieldkey,fieldname,fieldtype,calcformula from wsfi039fields
20240409@181934.7803 tm8ci9gju6ucs5qd5gp582fs2j Query : insert into wsfi039data (fistamp,ousrdata, ousrhora, usrdata,usrhora,ousrinis,usrinis ,qtt ,ftstamp ,epv,pvmoeda ,tabiva,iva,lordem ,ref, design ,lote,armazem,bistamp ) values ('aut6615734075661578a6bd',getdate(),convert(char(8),convert (time,getdate())),getdate(),convert(char(8),convert (time,getdate())),'wsv','wsv',2.000 ,'aut6615754054661578a69c' ,0,0 ,2,23.00,10000,?,?,?,?,?)
20240409@181934.8120 tm8ci9gju6ucs5qd5gp582fs2j Query : select 1 valor from information_schema.tables where table_type='base table' and table_name='wsfi2039fields'
20240409@181934.8149 tm8ci9gju6ucs5qd5gp582fs2j Query : select fieldkey,fieldname,fieldtype,calcformula from wsfi2039fields
20240409@181934.8153 tm8ci9gju6ucs5qd5gp582fs2j Query : insert into wsfi2039data (fi2stamp,ftstamp ,ousrdata, ousrhora, usrdata,usrhora,ousrinis,usrinis) values ('aut6615734075661578a6bd','aut6615754054661578a69c' ,getdate(),convert(char(8),convert (time,getdate())),getdate(),convert(char(8),convert (time,getdate())),'wsv','wsv')
20240409@181934.8158 tm8ci9gju6ucs5qd5gp582fs2j Query : use flama_phc
20240409@181934.8161 tm8ci9gju6ucs5qd5gp582fs2j Query : select st.usalote valor from st where st.ref = '324.1470.00.1'
20240409@181934.8175 tm8ci9gju6ucs5qd5gp582fs2j Query : select top 1 st.tabiva ,st.ivaincl ,st.stns ,st.uni2 ,st.familia ,isnull(tx.taxa, 0) txiva ,unidade ,usalote ,epcpond ,noserie from st left join taxasiva tx on st.tabiva = tx.codigo where st.ref = '324.1470.00.1'
20240409@181934.8331 tm8ci9gju6ucs5qd5gp582fs2j Query : select 1 valor from information_schema.tables where table_type='base table' and table_name='wsfi039fields'
20240409@181934.8345 tm8ci9gju6ucs5qd5gp582fs2j Query : select fieldkey,fieldname,fieldtype,mandatory from wsfi039fields
20240409@181934.8369 tm8ci9gju6ucs5qd5gp582fs2j Query : select 1 valor from information_schema.tables where table_type='base table' and table_name='wsfi2039fields'
20240409@181934.8386 tm8ci9gju6ucs5qd5gp582fs2j Query : select fieldkey,fieldname,fieldtype,mandatory from wsfi2039fields
20240409@181934.8393 tm8ci9gju6ucs5qd5gp582fs2j Query : select sestamp valor from se where ref ='324.1470.00.1' and lote = 'r2100312200a'
20240409@181934.8411 tm8ci9gju6ucs5qd5gp582fs2j Query : select top 1 convert(numeric(6,2),t.taxa) valor from taxasiva t where t.codigo='2'
20240409@181934.8422 tm8ci9gju6ucs5qd5gp582fs2j Query : select 1 valor from information_schema.tables where table_type='base table' and table_name='wsfi039fields'
20240409@181934.8437 tm8ci9gju6ucs5qd5gp582fs2j Query : select fieldkey,fieldname,fieldtype,calcformula from wsfi039fields
20240409@181934.8486 tm8ci9gju6ucs5qd5gp582fs2j Query : insert into wsfi039data (fistamp,ousrdata, ousrhora, usrdata,usrhora,ousrinis,usrinis ,qtt ,ftstamp ,epv,pvmoeda ,tabiva,iva,lordem ,ref, design ,lote,armazem,bistamp ) values ('aut6615741457661578a6cd',getdate(),convert(char(8),convert (time,getdate())),getdate(),convert(char(8),convert (time,getdate())),'wsv','wsv',1.000 ,'aut6615754054661578a69c' ,0,0 ,2,23.00,20000,?,?,?,?,?)
20240409@181934.8784 tm8ci9gju6ucs5qd5gp582fs2j Query : select 1 valor from information_schema.tables where table_type='base table' and table_name='wsfi2039fields'
20240409@181934.8799 tm8ci9gju6ucs5qd5gp582fs2j Query : select fieldkey,fieldname,fieldtype,calcformula from wsfi2039fields
20240409@181934.8803 tm8ci9gju6ucs5qd5gp582fs2j Query : insert into wsfi2039data (fi2stamp,ftstamp ,ousrdata, ousrhora, usrdata,usrhora,ousrinis,usrinis) values ('aut6615741457661578a6cd','aut6615754054661578a69c' ,getdate(),convert(char(8),convert (time,getdate())),getdate(),convert(char(8),convert (time,getdate())),'wsv','wsv')
20240409@181934.8807 tm8ci9gju6ucs5qd5gp582fs2j Query : use flama_phc
20240409@181934.8811 tm8ci9gju6ucs5qd5gp582fs2j Query : select st.usalote valor from st where st.ref = '324.4990.00.1'
20240409@181934.8822 tm8ci9gju6ucs5qd5gp582fs2j Query : select top 1 st.tabiva ,st.ivaincl ,st.stns ,st.uni2 ,st.familia ,isnull(tx.taxa, 0) txiva ,unidade ,usalote ,epcpond ,noserie from st left join taxasiva tx on st.tabiva = tx.codigo where st.ref = '324.4990.00.1'
20240409@181934.8976 tm8ci9gju6ucs5qd5gp582fs2j Query : select 1 valor from information_schema.tables where table_type='base table' and table_name='wsfi039fields'
20240409@181934.8990 tm8ci9gju6ucs5qd5gp582fs2j Query : select fieldkey,fieldname,fieldtype,mandatory from wsfi039fields
20240409@181934.9016 tm8ci9gju6ucs5qd5gp582fs2j Query : select 1 valor from information_schema.tables where table_type='base table' and table_name='wsfi2039fields'
20240409@181934.9029 tm8ci9gju6ucs5qd5gp582fs2j Query : select fieldkey,fieldname,fieldtype,mandatory from wsfi2039fields
20240409@181934.9033 tm8ci9gju6ucs5qd5gp582fs2j Query : select sestamp valor from se where ref ='324.4990.00.1' and lote = 'r2100189200a'
20240409@181934.9057 tm8ci9gju6ucs5qd5gp582fs2j Query : select top 1 convert(numeric(6,2),t.taxa) valor from taxasiva t where t.codigo='2'
20240409@181934.9067 tm8ci9gju6ucs5qd5gp582fs2j Query : select 1 valor from information_schema.tables where table_type='base table' and table_name='wsfi039fields'
20240409@181934.9079 tm8ci9gju6ucs5qd5gp582fs2j Query : select fieldkey,fieldname,fieldtype,calcformula from wsfi039fields
20240409@181934.9103 tm8ci9gju6ucs5qd5gp582fs2j Query : insert into wsfi039data (fistamp,ousrdata, ousrhora, usrdata,usrhora,ousrinis,usrinis ,qtt ,ftstamp ,epv,pvmoeda ,tabiva,iva,lordem ,ref, design ,lote,armazem,bistamp ) values ('aut6615764387661578a6dd',getdate(),convert(char(8),convert (time,getdate())),getdate(),convert(char(8),convert (time,getdate())),'wsv','wsv',2.000 ,'aut6615754054661578a69c' ,0,0 ,2,23.00,30000,?,?,?,?,?)
20240409@181934.9418 tm8ci9gju6ucs5qd5gp582fs2j Query : select 1 valor from information_schema.tables where table_type='base table' and table_name='wsfi2039fields'
20240409@181935.3230 tm8ci9gju6ucs5qd5gp582fs2j Query : select fieldkey,fieldname,fieldtype,calcformula from wsfi2039fields
20240409@181935.3290 tm8ci9gju6ucs5qd5gp582fs2j Query : insert into wsfi2039data (fi2stamp,ftstamp ,ousrdata, ousrhora, usrdata,usrhora,ousrinis,usrinis) values ('aut6615764387661578a6dd','aut6615754054661578a69c' ,getdate(),convert(char(8),convert (time,getdate())),getdate(),convert(char(8),convert (time,getdate())),'wsv','wsv')
20240409@181935.3340 tm8ci9gju6ucs5qd5gp582fs2j Query : insert into wsftcreationlog (initialftstamp,externalid,creationstatus,documenttypeid,idustamp) values ('aut6615754054661578a69c','2402654','wait',39,'ari17112337378,753000005')
20240409@181935.3820 tm8ci9gju6ucs5qd5gp582fs2j Query : use flama_phc
20240409@181935.3860 tm8ci9gju6ucs5qd5gp582fs2j Query : update u_wsusers set rqsttoken =? where userid ='userls001'
20240409@181935.4130 tm8ci9gju6ucs5qd5gp582fs2j Query : select concat(rtrim(relative_path),ltrim(name_new)) as valor from uploadfiles where uploadfile_id='1058';
20240409@181935.5930 tm8ci9gju6ucs5qd5gp582fs2j Query : update uploadfiles set whenupdated=current_timestamp where uploadfile_id='1058';
20240409@181935.6130 tm8ci9gju6ucs5qd5gp582fs2j Query : select concat(rtrim(relative_path),ltrim(name_new)) as valor from uploadfiles where uploadfile_id='1058';
20240409@181935.6270 tm8ci9gju6ucs5qd5gp582fs2j Query : update uploadfiles set whenupdated=current_timestamp where uploadfile_id='1058';
20240409@181935.9980 s9nfm3beapjlb09l4vhtmbmmt4 Query : insert into uploadfiles ( name_original, name_new, option_type, relative_path, whencreated ) values ( ?, ?, ?, ?, getdate() )
20240409@181935.1011 s9nfm3beapjlb09l4vhtmbmmt4 Query : select uploadfile_id valor from uploadfiles where name_new = ? and option_type = ? 
20240409@181935.1032 s9nfm3beapjlb09l4vhtmbmmt4 Query : select concat(rtrim(relative_path),ltrim(name_new)) as valor from uploadfiles where uploadfile_id='1059';
20240409@181935.1076 s9nfm3beapjlb09l4vhtmbmmt4 Query : update uploadfiles set whenupdated=current_timestamp where uploadfile_id='1059';
20240409@181935.1094 s9nfm3beapjlb09l4vhtmbmmt4 Query : select concat(rtrim(relative_path),ltrim(name_new)) as valor from uploadfiles where uploadfile_id='1059';
20240409@181935.1110 s9nfm3beapjlb09l4vhtmbmmt4 Query : update uploadfiles set whenupdated=current_timestamp where uploadfile_id='1059';
20240409@181935.1198 s9nfm3beapjlb09l4vhtmbmmt4 Query : use flama_phc
20240409@181935.1203 s9nfm3beapjlb09l4vhtmbmmt4 Query : select top 1 secretkey valor from u_wsusers u where u.userid = ? and u.inactivo=0
20240409@181935.1216 s9nfm3beapjlb09l4vhtmbmmt4 Query : use flama_phc
20240409@181935.1219 s9nfm3beapjlb09l4vhtmbmmt4 Query : select no, estab,szadrsdesc from szadrs where u_coddest=4788
20240409@181935.1285 s9nfm3beapjlb09l4vhtmbmmt4 Query : select top 1 isnull(design,'') valor from st (nolock) left join stobs (nolock) on st.ref = stobs.ref where st.ref = '324.1879.00.1'
20240409@181935.1434 s9nfm3beapjlb09l4vhtmbmmt4 Query : select top 1 bistamp valor from bi inner join bo on bo.bostamp=bi.bostamp where bo.ndos =240 and bo.boano =2026 and bo.obrano = 2402655 and bi.ref ='324.1879.00.1' and bi.lordem =1
20240409@181935.1731 s9nfm3beapjlb09l4vhtmbmmt4 Query : use flama_phc
20240409@181935.1738 s9nfm3beapjlb09l4vhtmbmmt4 Query : select top 1 convert(date,fdata) valor from ft where ndoc = 39 and anulado= 0 and fno>0 order by fdata desc
20240409@181935.1751 s9nfm3beapjlb09l4vhtmbmmt4 Query : use flama_phc
20240409@181935.1754 s9nfm3beapjlb09l4vhtmbmmt4 Query : select top 1 1 valor from td where td.ndoc = 39
20240409@181935.1764 s9nfm3beapjlb09l4vhtmbmmt4 Query : use flama_phc
20240409@181935.1767 s9nfm3beapjlb09l4vhtmbmmt4 Query : select descricao ,case when valor='s' then 1 else 0 end usalotes from para1 where descricao in ('st_lote')
20240409@181935.1778 s9nfm3beapjlb09l4vhtmbmmt4 Query : select top 1 assinadoc issigned ,td.lancasl stocks ,'cl' origin ,case when (cmsl between 1 and 50 ) then 1 else 0 end entrada ,case when (cmsl>50 ) then 1 else 0 end saida ,~lotestock validatestock ,tiposaft from td inner join td2 on td.tdstamp=td2.td2stamp where td.ndoc =39
20240409@181935.1792 s9nfm3beapjlb09l4vhtmbmmt4 Query : use flama_phc
20240409@181935.1795 s9nfm3beapjlb09l4vhtmbmmt4 Query : select top 1 ~inactivo valor from cl where no = '102044' and estab = 0 order by inactivo desc
20240409@181935.1805 s9nfm3beapjlb09l4vhtmbmmt4 Query : use flama_phc
20240409@181935.1808 s9nfm3beapjlb09l4vhtmbmmt4 Query : select top 1 tipodoc,regrd from td where ndoc = 39
20240409@181935.1820 s9nfm3beapjlb09l4vhtmbmmt4 Query : use flama_phc
20240409@181935.1823 s9nfm3beapjlb09l4vhtmbmmt4 Query : select szadrsstamp valor from szadrs where szadrsdesc='espaÇotrans,lda'
20240409@181935.1833 s9nfm3beapjlb09l4vhtmbmmt4 Query : use flama_phc
20240409@181935.1851 s9nfm3beapjlb09l4vhtmbmmt4 Query : select szadrsstamp valor from szadrs where szadrsdesc='102044 - media markt leiria-prod.inf.e electrÓnicos,lda'
20240409@181935.1863 s9nfm3beapjlb09l4vhtmbmmt4 Query : use flama_phc
20240409@181935.1865 s9nfm3beapjlb09l4vhtmbmmt4 Query : select 1 valor from td where ndoc = 39
20240409@181935.1874 s9nfm3beapjlb09l4vhtmbmmt4 Query : select top 1 manternumero, tiposaft, nmdos,td.assinadoc from td where td.ndoc = 39
20240409@181935.1885 s9nfm3beapjlb09l4vhtmbmmt4 Query : select 1 valor from information_schema.tables where table_type='base table' and table_name='wsft039fields'
20240409@181935.1899 s9nfm3beapjlb09l4vhtmbmmt4 Query : select fieldkey,fieldname,fieldtype,mandatory from wsft039fields
20240409@181935.1916 s9nfm3beapjlb09l4vhtmbmmt4 Query : select 1 valor from information_schema.tables where table_type='base table' and table_name='wsft2039fields'
20240409@181935.1929 s9nfm3beapjlb09l4vhtmbmmt4 Query : select fieldkey,fieldname,fieldtype,mandatory from wsft2039fields
20240409@181935.1956 s9nfm3beapjlb09l4vhtmbmmt4 Query : select 1 valor from information_schema.tables where table_type='base table' and table_name='wsft3039fields'
20240409@181935.1969 s9nfm3beapjlb09l4vhtmbmmt4 Query : select fieldkey,fieldname,fieldtype,mandatory from wsft3039fields
20240409@181935.1979 s9nfm3beapjlb09l4vhtmbmmt4 Query : select top 1 ft.fno valor from ft ft where ft.ndoc = 39 and ftano=2024 order by fno desc
20240409@181935.2075 s9nfm3beapjlb09l4vhtmbmmt4 Query : select top 1 ft.fno valor from wsft039data ft where ft.ndoc = 39 and ftano=2024 order by fno desc
20240409@181935.2085 s9nfm3beapjlb09l4vhtmbmmt4 Query : select 1 valor from information_schema.tables where table_type='base table' and table_name='wsft3039fields'
20240409@181935.2104 s9nfm3beapjlb09l4vhtmbmmt4 Query : select fieldkey,fieldname,fieldtype,calcformula from wsft3039fields
20240409@181935.2113 s9nfm3beapjlb09l4vhtmbmmt4 Query : insert into wsft3039data (ft3stamp, ousrdata, ousrhora, usrdata,usrhora,ousrinis,usrinis,taxpointdt ) values ('aut6615766556661578a730' ,getdate(),convert(char(8),convert (time,getdate())),getdate(),convert(char(8),convert (time,getdate())),'wsv','wsv',?)
20240409@181935.2322 s9nfm3beapjlb09l4vhtmbmmt4 Query : select 1 valor from information_schema.tables where table_type='base table' and table_name='wsft2039fields'
20240409@181935.2337 s9nfm3beapjlb09l4vhtmbmmt4 Query : select fieldkey,fieldname,fieldtype,calcformula from wsft2039fields
20240409@181935.2367 s9nfm3beapjlb09l4vhtmbmmt4 Query : select top 1 bo.u_nomeenv valor from bo where bo.bostamp=''
20240409@181935.2372 s9nfm3beapjlb09l4vhtmbmmt4 Query : select top 1 bo.u_moradaen valor from bo where bo.bostamp=''
20240409@181935.2376 s9nfm3beapjlb09l4vhtmbmmt4 Query : select top 1 bo.u_codposen valor from bo where bo.bostamp=''
20240409@181935.2380 s9nfm3beapjlb09l4vhtmbmmt4 Query : select top 1 bo.u_localenv valor from bo where bo.bostamp=''
20240409@181935.2385 s9nfm3beapjlb09l4vhtmbmmt4 Query : select top 1 bo.trab5 valor from bo where bo.bostamp=''
20240409@181935.2389 s9nfm3beapjlb09l4vhtmbmmt4 Query : select top 1 bo.serie valor from bo where bo.bostamp=''
20240409@181935.2394 s9nfm3beapjlb09l4vhtmbmmt4 Query : insert into wsft2039data (ft2stamp, ousrdata,ousrhora, usrdata,usrhora,ousrinis,usrinis,u_nomeenv ,u_moradaen ,u_codposen ,u_localenv ,u_coddest ,u_codby ) values ('aut6615766556661578a730',getdate(),convert(char(8),convert (time,getdate())),getdate(),convert(char(8),convert (time,getdate())),'wsv','wsv',?,?,?,?,?,?)
20240409@181935.2664 s9nfm3beapjlb09l4vhtmbmmt4 Query : select top 1 fno valor from wsft039data order by fno desc
20240409@181935.2683 s9nfm3beapjlb09l4vhtmbmmt4 Query : select 1 valor from information_schema.tables where table_type='base table' and table_name='wsft039fields'
20240409@181935.2718 s9nfm3beapjlb09l4vhtmbmmt4 Query : select fieldkey,fieldname,fieldtype,calcformula from wsft039fields
20240409@181935.2736 s9nfm3beapjlb09l4vhtmbmmt4 Query : insert into wsft039data (ftstamp, ousrdata,ousrhora, usrdata,usrhora,ousrinis,usrinis,fno,no,estab,fdata,ndoc,moeda,cambio,cambiofixo,ftano,cdata,chora,carga,descar,site ,classe ) values ('aut6615766556661578a730',getdate(),convert(char(8),convert (time,getdate())),getdate(),convert(char(8),convert (time,getdate())),'wsv','wsv',819,102044,0,'2024-04-09',39,'euro',0,0,2024 ,'20240409','1849',?,?,?,?)
20240409@181935.3050 s9nfm3beapjlb09l4vhtmbmmt4 Query : use flama_phc
20240409@181935.3058 s9nfm3beapjlb09l4vhtmbmmt4 Query : select st.usalote valor from st where st.ref = '324.1879.00.1'
20240409@181935.3070 s9nfm3beapjlb09l4vhtmbmmt4 Query : select top 1 st.tabiva ,st.ivaincl ,st.stns ,st.uni2 ,st.familia ,isnull(tx.taxa, 0) txiva ,unidade ,usalote ,epcpond ,noserie from st left join taxasiva tx on st.tabiva = tx.codigo where st.ref = '324.1879.00.1'
20240409@181935.3226 s9nfm3beapjlb09l4vhtmbmmt4 Query : select 1 valor from information_schema.tables where table_type='base table' and table_name='wsfi039fields'
20240409@181935.3239 s9nfm3beapjlb09l4vhtmbmmt4 Query : select fieldkey,fieldname,fieldtype,mandatory from wsfi039fields
20240409@181935.3283 s9nfm3beapjlb09l4vhtmbmmt4 Query : select 1 valor from information_schema.tables where table_type='base table' and table_name='wsfi2039fields'
20240409@181935.3297 s9nfm3beapjlb09l4vhtmbmmt4 Query : select fieldkey,fieldname,fieldtype,mandatory from wsfi2039fields
20240409@181935.3304 s9nfm3beapjlb09l4vhtmbmmt4 Query : select sestamp valor from se where ref ='324.1879.00.1' and lote = 'r2301097100b'
20240409@181935.3309 s9nfm3beapjlb09l4vhtmbmmt4 Query : select top 1 convert(numeric(6,2),t.taxa) valor from taxasiva t where t.codigo='2'
20240409@181935.3319 s9nfm3beapjlb09l4vhtmbmmt4 Query : select 1 valor from information_schema.tables where table_type='base table' and table_name='wsfi039fields'
20240409@181935.3330 s9nfm3beapjlb09l4vhtmbmmt4 Query : select fieldkey,fieldname,fieldtype,calcformula from wsfi039fields
20240409@181935.3355 s9nfm3beapjlb09l4vhtmbmmt4 Query : insert into wsfi039data (fistamp,ousrdata, ousrhora, usrdata,usrhora,ousrinis,usrinis ,qtt ,ftstamp ,epv,pvmoeda ,tabiva,iva,lordem ,ref, design ,lote,armazem,bistamp ) values ('aut6615732562661578a751',getdate(),convert(char(8),convert (time,getdate())),getdate(),convert(char(8),convert (time,getdate())),'wsv','wsv',8.000 ,'aut6615766556661578a730' ,0,0 ,2,23.00,10000,?,?,?,?,?)
20240409@181935.3646 s9nfm3beapjlb09l4vhtmbmmt4 Query : use flama_phc
20240409@181935.3650 s9nfm3beapjlb09l4vhtmbmmt4 Query : select top 1 errorresult result ,errornumber errornumber ,errorcode code ,descriptionpt description ,isnull(descriptionen,'') descriptionen ,isnull(descriptionfr,'') descriptionfr from wserrorcodes where errornumber = -116
20240409@181935.3694 s9nfm3beapjlb09l4vhtmbmmt4 Query : select concat(rtrim(relative_path),ltrim(name_new)) as valor from uploadfiles where uploadfile_id='1059';
20240409@181935.3714 s9nfm3beapjlb09l4vhtmbmmt4 Query : update uploadfiles set whenupdated=current_timestamp where uploadfile_id='1059';
20240409@181935.4507 vuqbjha48k9ak8on8rv1uuag1m Query : insert into uploadfiles ( name_original, name_new, option_type, relative_path, whencreated ) values ( ?, ?, ?, ?, getdate() )
20240409@181935.4521 vuqbjha48k9ak8on8rv1uuag1m Query : select uploadfile_id valor from uploadfiles where name_new = ? and option_type = ? 
20240409@181935.4543 vuqbjha48k9ak8on8rv1uuag1m Query : select concat(rtrim(relative_path),ltrim(name_new)) as valor from uploadfiles where uploadfile_id='1060';
20240409@181935.5724 vuqbjha48k9ak8on8rv1uuag1m Query : update uploadfiles set whenupdated=current_timestamp where uploadfile_id='1060';
20240409@181935.5751 vuqbjha48k9ak8on8rv1uuag1m Query : select concat(rtrim(relative_path),ltrim(name_new)) as valor from uploadfiles where uploadfile_id='1060';
20240409@181935.5770 vuqbjha48k9ak8on8rv1uuag1m Query : update uploadfiles set whenupdated=current_timestamp where uploadfile_id='1060';
20240409@181935.5788 vuqbjha48k9ak8on8rv1uuag1m Query : use flama_phc
20240409@181935.5792 vuqbjha48k9ak8on8rv1uuag1m Query : select top 1 secretkey valor from u_wsusers u where u.userid = ? and u.inactivo=0
20240409@181935.5808 vuqbjha48k9ak8on8rv1uuag1m Query : use flama_phc
20240409@181935.5811 vuqbjha48k9ak8on8rv1uuag1m Query : select no, estab,szadrsdesc from szadrs where u_coddest=4788
20240409@181935.5875 vuqbjha48k9ak8on8rv1uuag1m Query : select top 1 isnull(design,'') valor from st (nolock) left join stobs (nolock) on st.ref = stobs.ref where st.ref = '324.1834.00.1'
20240409@181935.5886 vuqbjha48k9ak8on8rv1uuag1m Query : select top 1 bistamp valor from bi inner join bo on bo.bostamp=bi.bostamp where bo.ndos =240 and bo.boano =2026 and bo.obrano = 2402656 and bi.ref ='324.1834.00.1' and bi.lordem =1
20240409@181935.6216 vuqbjha48k9ak8on8rv1uuag1m Query : use flama_phc
20240409@181935.6224 vuqbjha48k9ak8on8rv1uuag1m Query : select top 1 convert(date,fdata) valor from ft where ndoc = 39 and anulado= 0 and fno>0 order by fdata desc
20240409@181935.6238 vuqbjha48k9ak8on8rv1uuag1m Query : use flama_phc
20240409@181935.6241 vuqbjha48k9ak8on8rv1uuag1m Query : select top 1 1 valor from td where td.ndoc = 39
20240409@181935.6254 vuqbjha48k9ak8on8rv1uuag1m Query : use flama_phc
20240409@181935.6257 vuqbjha48k9ak8on8rv1uuag1m Query : select descricao ,case when valor='s' then 1 else 0 end usalotes from para1 where descricao in ('st_lote')
20240409@181935.6268 vuqbjha48k9ak8on8rv1uuag1m Query : select top 1 assinadoc issigned ,td.lancasl stocks ,'cl' origin ,case when (cmsl between 1 and 50 ) then 1 else 0 end entrada ,case when (cmsl>50 ) then 1 else 0 end saida ,~lotestock validatestock ,tiposaft from td inner join td2 on td.tdstamp=td2.td2stamp where td.ndoc =39
20240409@181935.6283 vuqbjha48k9ak8on8rv1uuag1m Query : use flama_phc
20240409@181935.6286 vuqbjha48k9ak8on8rv1uuag1m Query : select top 1 ~inactivo valor from cl where no = '102044' and estab = 0 order by inactivo desc
20240409@181935.6298 vuqbjha48k9ak8on8rv1uuag1m Query : use flama_phc
20240409@181935.6320 vuqbjha48k9ak8on8rv1uuag1m Query : select top 1 tipodoc,regrd from td where ndoc = 39
20240409@181935.6330 vuqbjha48k9ak8on8rv1uuag1m Query : use flama_phc
20240409@181935.6333 vuqbjha48k9ak8on8rv1uuag1m Query : select szadrsstamp valor from szadrs where szadrsdesc='espaÇotrans,lda'
20240409@181935.6345 vuqbjha48k9ak8on8rv1uuag1m Query : use flama_phc
20240409@181935.6348 vuqbjha48k9ak8on8rv1uuag1m Query : select szadrsstamp valor from szadrs where szadrsdesc='102044 - media markt leiria-prod.inf.e electrÓnicos,lda'
20240409@181935.6361 vuqbjha48k9ak8on8rv1uuag1m Query : use flama_phc
20240409@181935.6364 vuqbjha48k9ak8on8rv1uuag1m Query : select 1 valor from td where ndoc = 39
20240409@181935.6374 vuqbjha48k9ak8on8rv1uuag1m Query : select top 1 manternumero, tiposaft, nmdos,td.assinadoc from td where td.ndoc = 39
20240409@181935.6386 vuqbjha48k9ak8on8rv1uuag1m Query : select 1 valor from information_schema.tables where table_type='base table' and table_name='wsft039fields'
20240409@181935.6400 vuqbjha48k9ak8on8rv1uuag1m Query : select fieldkey,fieldname,fieldtype,mandatory from wsft039fields
20240409@181935.6418 vuqbjha48k9ak8on8rv1uuag1m Query : select 1 valor from information_schema.tables where table_type='base table' and table_name='wsft2039fields'
20240409@181935.6432 vuqbjha48k9ak8on8rv1uuag1m Query : select fieldkey,fieldname,fieldtype,mandatory from wsft2039fields
20240409@181935.6466 vuqbjha48k9ak8on8rv1uuag1m Query : select 1 valor from information_schema.tables where table_type='base table' and table_name='wsft3039fields'
20240409@181935.6484 vuqbjha48k9ak8on8rv1uuag1m Query : select fieldkey,fieldname,fieldtype,mandatory from wsft3039fields
20240409@181935.6496 vuqbjha48k9ak8on8rv1uuag1m Query : select top 1 ft.fno valor from ft ft where ft.ndoc = 39 and ftano=2024 order by fno desc
20240409@181935.6599 vuqbjha48k9ak8on8rv1uuag1m Query : select top 1 ft.fno valor from wsft039data ft where ft.ndoc = 39 and ftano=2024 order by fno desc
20240409@181935.6609 vuqbjha48k9ak8on8rv1uuag1m Query : select 1 valor from information_schema.tables where table_type='base table' and table_name='wsft3039fields'
20240409@181935.6623 vuqbjha48k9ak8on8rv1uuag1m Query : select fieldkey,fieldname,fieldtype,calcformula from wsft3039fields
20240409@181935.6633 vuqbjha48k9ak8on8rv1uuag1m Query : insert into wsft3039data (ft3stamp, ousrdata, ousrhora, usrdata,usrhora,ousrinis,usrinis,taxpointdt ) values ('aut6615707380661578a79e' ,getdate(),convert(char(8),convert (time,getdate())),getdate(),convert(char(8),convert (time,getdate())),'wsv','wsv',?)
20240409@181935.6836 vuqbjha48k9ak8on8rv1uuag1m Query : select 1 valor from information_schema.tables where table_type='base table' and table_name='wsft2039fields'
20240409@181935.6853 vuqbjha48k9ak8on8rv1uuag1m Query : select fieldkey,fieldname,fieldtype,calcformula from wsft2039fields
20240409@181935.6904 vuqbjha48k9ak8on8rv1uuag1m Query : select top 1 bo.u_nomeenv valor from bo where bo.bostamp=''
20240409@181935.6910 vuqbjha48k9ak8on8rv1uuag1m Query : select top 1 bo.u_moradaen valor from bo where bo.bostamp=''
20240409@181935.6916 vuqbjha48k9ak8on8rv1uuag1m Query : select top 1 bo.u_codposen valor from bo where bo.bostamp=''
20240409@181935.6922 vuqbjha48k9ak8on8rv1uuag1m Query : select top 1 bo.u_localenv valor from bo where bo.bostamp=''
20240409@181935.6927 vuqbjha48k9ak8on8rv1uuag1m Query : select top 1 bo.trab5 valor from bo where bo.bostamp=''
20240409@181935.6931 vuqbjha48k9ak8on8rv1uuag1m Query : select top 1 bo.serie valor from bo where bo.bostamp=''
20240409@181935.6936 vuqbjha48k9ak8on8rv1uuag1m Query : insert into wsft2039data (ft2stamp, ousrdata,ousrhora, usrdata,usrhora,ousrinis,usrinis,u_nomeenv ,u_moradaen ,u_codposen ,u_localenv ,u_coddest ,u_codby ) values ('aut6615707380661578a79e',getdate(),convert(char(8),convert (time,getdate())),getdate(),convert(char(8),convert (time,getdate())),'wsv','wsv',?,?,?,?,?,?)
20240409@181935.7249 vuqbjha48k9ak8on8rv1uuag1m Query : select top 1 fno valor from wsft039data order by fno desc
20240409@181935.7271 vuqbjha48k9ak8on8rv1uuag1m Query : select 1 valor from information_schema.tables where table_type='base table' and table_name='wsft039fields'
20240409@181935.7287 vuqbjha48k9ak8on8rv1uuag1m Query : select fieldkey,fieldname,fieldtype,calcformula from wsft039fields
20240409@181935.7306 vuqbjha48k9ak8on8rv1uuag1m Query : insert into wsft039data (ftstamp, ousrdata,ousrhora, usrdata,usrhora,ousrinis,usrinis,fno,no,estab,fdata,ndoc,moeda,cambio,cambiofixo,ftano,cdata,chora,carga,descar,site ,classe ) values ('aut6615707380661578a79e',getdate(),convert(char(8),convert (time,getdate())),getdate(),convert(char(8),convert (time,getdate())),'wsv','wsv',819,102044,0,'2024-04-09',39,'euro',0,0,2024 ,'20240409','1849',?,?,?,?)
20240409@181935.7665 vuqbjha48k9ak8on8rv1uuag1m Query : use flama_phc
20240409@181935.7669 vuqbjha48k9ak8on8rv1uuag1m Query : select st.usalote valor from st where st.ref = '324.1834.00.1'
20240409@181935.7682 vuqbjha48k9ak8on8rv1uuag1m Query : select top 1 st.tabiva ,st.ivaincl ,st.stns ,st.uni2 ,st.familia ,isnull(tx.taxa, 0) txiva ,unidade ,usalote ,epcpond ,noserie from st left join taxasiva tx on st.tabiva = tx.codigo where st.ref = '324.1834.00.1'
20240409@181935.7694 vuqbjha48k9ak8on8rv1uuag1m Query : select 1 valor from information_schema.tables where table_type='base table' and table_name='wsfi039fields'
20240409@181935.7708 vuqbjha48k9ak8on8rv1uuag1m Query : select fieldkey,fieldname,fieldtype,mandatory from wsfi039fields
20240409@181935.7733 vuqbjha48k9ak8on8rv1uuag1m Query : select 1 valor from information_schema.tables where table_type='base table' and table_name='wsfi2039fields'
20240409@181935.7747 vuqbjha48k9ak8on8rv1uuag1m Query : select fieldkey,fieldname,fieldtype,mandatory from wsfi2039fields
20240409@181935.7751 vuqbjha48k9ak8on8rv1uuag1m Query : select sestamp valor from se where ref ='324.1834.00.1' and lote = 'r2300974200a'
20240409@181935.7761 vuqbjha48k9ak8on8rv1uuag1m Query : select top 1 convert(numeric(6,2),t.taxa) valor from taxasiva t where t.codigo='2'
20240409@181935.7771 vuqbjha48k9ak8on8rv1uuag1m Query : select 1 valor from information_schema.tables where table_type='base table' and table_name='wsfi039fields'
20240409@181935.7805 vuqbjha48k9ak8on8rv1uuag1m Query : select fieldkey,fieldname,fieldtype,calcformula from wsfi039fields
20240409@181935.7828 vuqbjha48k9ak8on8rv1uuag1m Query : insert into wsfi039data (fistamp,ousrdata, ousrhora, usrdata,usrhora,ousrinis,usrinis ,qtt ,ftstamp ,epv,pvmoeda ,tabiva,iva,lordem ,ref, design ,lote,armazem,bistamp ) values ('aut6615742415661578a7bd',getdate(),convert(char(8),convert (time,getdate())),getdate(),convert(char(8),convert (time,getdate())),'wsv','wsv',2.000 ,'aut6615707380661578a79e' ,0,0 ,2,23.00,10000,?,?,?,?,?)
20240409@181935.8118 vuqbjha48k9ak8on8rv1uuag1m Query : select 1 valor from information_schema.tables where table_type='base table' and table_name='wsfi2039fields'
20240409@181935.8132 vuqbjha48k9ak8on8rv1uuag1m Query : select fieldkey,fieldname,fieldtype,calcformula from wsfi2039fields
20240409@181935.8137 vuqbjha48k9ak8on8rv1uuag1m Query : insert into wsfi2039data (fi2stamp,ftstamp ,ousrdata, ousrhora, usrdata,usrhora,ousrinis,usrinis) values ('aut6615742415661578a7bd','aut6615707380661578a79e' ,getdate(),convert(char(8),convert (time,getdate())),getdate(),convert(char(8),convert (time,getdate())),'wsv','wsv')
20240409@181935.8142 vuqbjha48k9ak8on8rv1uuag1m Query : select 1 valor from information_schema.tables where table_type='base table' and table_name='wsfi039fields'
20240409@181935.8162 vuqbjha48k9ak8on8rv1uuag1m Query : select fieldkey,fieldname,fieldtype,mandatory from wsfi039fields
20240409@181935.8184 vuqbjha48k9ak8on8rv1uuag1m Query : select 1 valor from information_schema.tables where table_type='base table' and table_name='wsfi2039fields'
20240409@181935.8198 vuqbjha48k9ak8on8rv1uuag1m Query : select fieldkey,fieldname,fieldtype,mandatory from wsfi2039fields
20240409@181935.8203 vuqbjha48k9ak8on8rv1uuag1m Query : select top 1 convert(numeric(6,2),t.taxa) valor from taxasiva t where t.codigo='2'
20240409@181935.8212 vuqbjha48k9ak8on8rv1uuag1m Query : select 1 valor from information_schema.tables where table_type='base table' and table_name='wsfi039fields'
20240409@181935.8224 vuqbjha48k9ak8on8rv1uuag1m Query : select fieldkey,fieldname,fieldtype,calcformula from wsfi039fields
20240409@181935.8248 vuqbjha48k9ak8on8rv1uuag1m Query : insert into wsfi039data (fistamp,ousrdata, ousrhora, usrdata,usrhora,ousrinis,usrinis ,qtt ,ftstamp ,epv,pvmoeda ,tabiva,iva,lordem ,ref, design ,armazem) values ('aut6615713130661578a7c8',getdate(),convert(char(8),convert (time,getdate())),getdate(),convert(char(8),convert (time,getdate())),'wsv','wsv',0 ,'aut6615707380661578a79e' ,0,0 ,2,23.00,20000,?,?,?)
20240409@181935.8557 vuqbjha48k9ak8on8rv1uuag1m Query : select 1 valor from information_schema.tables where table_type='base table' and table_name='wsfi2039fields'
20240409@181935.8857 vuqbjha48k9ak8on8rv1uuag1m Query : select fieldkey,fieldname,fieldtype,calcformula from wsfi2039fields
20240409@181935.8862 vuqbjha48k9ak8on8rv1uuag1m Query : insert into wsfi2039data (fi2stamp,ftstamp ,ousrdata, ousrhora, usrdata,usrhora,ousrinis,usrinis) values ('aut6615713130661578a7c8','aut6615707380661578a79e' ,getdate(),convert(char(8),convert (time,getdate())),getdate(),convert(char(8),convert (time,getdate())),'wsv','wsv')
20240409@181935.8867 vuqbjha48k9ak8on8rv1uuag1m Query : insert into wsftcreationlog (initialftstamp,externalid,creationstatus,documenttypeid,idustamp) values ('aut6615707380661578a79e','2402656','wait',39,'ari17112337378,753000005')
20240409@181935.8884 vuqbjha48k9ak8on8rv1uuag1m Query : use flama_phc
20240409@181935.8887 vuqbjha48k9ak8on8rv1uuag1m Query : update u_wsusers set rqsttoken =? where userid ='userls001'
20240409@181935.8898 vuqbjha48k9ak8on8rv1uuag1m Query : select concat(rtrim(relative_path),ltrim(name_new)) as valor from uploadfiles where uploadfile_id='1060';
20240409@181935.8918 vuqbjha48k9ak8on8rv1uuag1m Query : update uploadfiles set whenupdated=current_timestamp where uploadfile_id='1060';
20240409@181935.8954 vuqbjha48k9ak8on8rv1uuag1m Query : select concat(rtrim(relative_path),ltrim(name_new)) as valor from uploadfiles where uploadfile_id='1060';
20240409@181935.8972 vuqbjha48k9ak8on8rv1uuag1m Query : update uploadfiles set whenupdated=current_timestamp where uploadfile_id='1060';
20240409@181935.9530 rmj4hv3f6lc1acdmg42qh9gvld Query : insert into uploadfiles ( name_original, name_new, option_type, relative_path, whencreated ) values ( ?, ?, ?, ?, getdate() )
20240409@181935.9544 rmj4hv3f6lc1acdmg42qh9gvld Query : select uploadfile_id valor from uploadfiles where name_new = ? and option_type = ? 
20240409@181935.9568 rmj4hv3f6lc1acdmg42qh9gvld Query : select concat(rtrim(relative_path),ltrim(name_new)) as valor from uploadfiles where uploadfile_id='1061';
20240409@181935.9611 rmj4hv3f6lc1acdmg42qh9gvld Query : update uploadfiles set whenupdated=current_timestamp where uploadfile_id='1061';
20240409@181935.9627 rmj4hv3f6lc1acdmg42qh9gvld Query : select concat(rtrim(relative_path),ltrim(name_new)) as valor from uploadfiles where uploadfile_id='1061';
20240409@181935.9641 rmj4hv3f6lc1acdmg42qh9gvld Query : update uploadfiles set whenupdated=current_timestamp where uploadfile_id='1061';
20240409@181935.9658 rmj4hv3f6lc1acdmg42qh9gvld Query : use flama_phc
20240409@181935.9661 rmj4hv3f6lc1acdmg42qh9gvld Query : select top 1 secretkey valor from u_wsusers u where u.userid = ? and u.inactivo=0
20240409@181935.9673 rmj4hv3f6lc1acdmg42qh9gvld Query : use flama_phc
20240409@181935.9677 rmj4hv3f6lc1acdmg42qh9gvld Query : select no, estab,szadrsdesc from szadrs where u_coddest=233
20240409@181935.9766 rmj4hv3f6lc1acdmg42qh9gvld Query : select top 1 isnull(design,'') valor from st (nolock) left join stobs (nolock) on st.ref = stobs.ref where st.ref = '324.1833.00.2'
