20240412@080331.7454 foja62bh2pq2rh6et77ke3i8vh Query : update uploadfiles set whenupdated=current_timestamp where uploadfile_id='1091';
20240412@080331.7471 foja62bh2pq2rh6et77ke3i8vh Query : select concat(rtrim(relative_path),ltrim(name_new)) as valor from uploadfiles where uploadfile_id='1091';
20240412@080331.7486 foja62bh2pq2rh6et77ke3i8vh Query : update uploadfiles set whenupdated=current_timestamp where uploadfile_id='1091';
20240412@080331.7940 bvfa7ie0n178qm7osopdpo7abv Query : insert into uploadfiles ( name_original, name_new, option_type, relative_path, whencreated ) values ( ?, ?, ?, ?, getdate() )
20240412@080331.7954 bvfa7ie0n178qm7osopdpo7abv Query : select uploadfile_id valor from uploadfiles where name_new = ? and option_type = ? 
20240412@080331.7980 bvfa7ie0n178qm7osopdpo7abv Query : select concat(rtrim(relative_path),ltrim(name_new)) as valor from uploadfiles where uploadfile_id='1092';
20240412@080331.8032 bvfa7ie0n178qm7osopdpo7abv Query : update uploadfiles set whenupdated=current_timestamp where uploadfile_id='1092';
20240412@080331.8049 bvfa7ie0n178qm7osopdpo7abv Query : select concat(rtrim(relative_path),ltrim(name_new)) as valor from uploadfiles where uploadfile_id='1092';
20240412@080331.8064 bvfa7ie0n178qm7osopdpo7abv Query : update uploadfiles set whenupdated=current_timestamp where uploadfile_id='1092';
20240412@080331.8080 bvfa7ie0n178qm7osopdpo7abv Query : use flama_phc
20240412@080331.8083 bvfa7ie0n178qm7osopdpo7abv Query : select top 1 secretkey valor from u_wsusers u where u.userid = ? and u.inactivo=0
20240412@080331.8096 bvfa7ie0n178qm7osopdpo7abv Query : use flama_phc
20240412@080331.8099 bvfa7ie0n178qm7osopdpo7abv Query : select no, estab,szadrsdesc from szadrs where u_coddest=4740
20240412@080331.8140 bvfa7ie0n178qm7osopdpo7abv Query : select top 1 isnull(design,'') valor from st (nolock) left join stobs (nolock) on st.ref = stobs.ref where st.ref = '304.4007.00.2'
20240412@080331.8378 bvfa7ie0n178qm7osopdpo7abv Query : select top 1 bistamp valor from bi inner join bo on bo.bostamp=bi.bostamp where bo.ndos =240 and bo.boano =2026 and bo.obrano = 2402671 and bi.ref ='304.4007.00.2' and bi.lordem =1
20240412@080331.8713 bvfa7ie0n178qm7osopdpo7abv Query : use flama_phc
20240412@080331.8717 bvfa7ie0n178qm7osopdpo7abv Query : select top 1 convert(date,fdata) valor from ft where ndoc = 39 and anulado= 0 and fno>0 order by fdata desc
20240412@080331.8730 bvfa7ie0n178qm7osopdpo7abv Query : use flama_phc
20240412@080331.8733 bvfa7ie0n178qm7osopdpo7abv Query : select top 1 1 valor from td where td.ndoc = 39
20240412@080331.8743 bvfa7ie0n178qm7osopdpo7abv Query : use flama_phc
20240412@080331.8746 bvfa7ie0n178qm7osopdpo7abv Query : select descricao ,case when valor='s' then 1 else 0 end usalotes from para1 where descricao in ('st_lote')
20240412@080331.8757 bvfa7ie0n178qm7osopdpo7abv Query : select top 1 assinadoc issigned ,td.lancasl stocks ,'cl' origin ,case when (cmsl between 1 and 50 ) then 1 else 0 end entrada ,case when (cmsl>50 ) then 1 else 0 end saida ,~lotestock validatestock ,tiposaft from td inner join td2 on td.tdstamp=td2.td2stamp where td.ndoc =39
20240412@080331.8772 bvfa7ie0n178qm7osopdpo7abv Query : use flama_phc
20240412@080331.8775 bvfa7ie0n178qm7osopdpo7abv Query : select top 1 ~inactivo valor from cl where no = '100810' and estab = 0 order by inactivo desc
20240412@080331.8785 bvfa7ie0n178qm7osopdpo7abv Query : use flama_phc
20240412@080331.8788 bvfa7ie0n178qm7osopdpo7abv Query : select top 1 tipodoc,regrd from td where ndoc = 39
20240412@080331.8798 bvfa7ie0n178qm7osopdpo7abv Query : use flama_phc
20240412@080331.8801 bvfa7ie0n178qm7osopdpo7abv Query : select szadrsstamp valor from szadrs where szadrsdesc='espaÇotrans,lda'
20240412@080331.8811 bvfa7ie0n178qm7osopdpo7abv Query : use flama_phc
20240412@080331.8814 bvfa7ie0n178qm7osopdpo7abv Query : select szadrsstamp valor from szadrs where szadrsdesc='100810 - worten-equipamentos para o lar,sa.'
20240412@080331.8829 bvfa7ie0n178qm7osopdpo7abv Query : use flama_phc
20240412@080331.8833 bvfa7ie0n178qm7osopdpo7abv Query : select 1 valor from td where ndoc = 39
20240412@080331.8844 bvfa7ie0n178qm7osopdpo7abv Query : select top 1 manternumero, tiposaft, nmdos,td.assinadoc from td where td.ndoc = 39
20240412@080331.8856 bvfa7ie0n178qm7osopdpo7abv Query : select 1 valor from information_schema.tables where table_type='base table' and table_name='wsft039fields'
20240412@080331.8871 bvfa7ie0n178qm7osopdpo7abv Query : select fieldkey,fieldname,fieldtype,mandatory from wsft039fields
20240412@080331.8890 bvfa7ie0n178qm7osopdpo7abv Query : select 1 valor from information_schema.tables where table_type='base table' and table_name='wsft2039fields'
20240412@080331.8929 bvfa7ie0n178qm7osopdpo7abv Query : select fieldkey,fieldname,fieldtype,mandatory from wsft2039fields
20240412@080331.8976 bvfa7ie0n178qm7osopdpo7abv Query : select 1 valor from information_schema.tables where table_type='base table' and table_name='wsft3039fields'
20240412@080331.8991 bvfa7ie0n178qm7osopdpo7abv Query : select fieldkey,fieldname,fieldtype,mandatory from wsft3039fields
20240412@080331.9002 bvfa7ie0n178qm7osopdpo7abv Query : select top 1 ft.fno valor from ft ft where ft.ndoc = 39 and ftano=2024 order by fno desc
20240412@080331.9132 bvfa7ie0n178qm7osopdpo7abv Query : select top 1 ft.fno valor from wsft039data ft where ft.ndoc = 39 and ftano=2024 order by fno desc
20240412@080331.9143 bvfa7ie0n178qm7osopdpo7abv Query : select 1 valor from information_schema.tables where table_type='base table' and table_name='wsft3039fields'
20240412@080331.9159 bvfa7ie0n178qm7osopdpo7abv Query : select fieldkey,fieldname,fieldtype,calcformula from wsft3039fields
20240412@080331.9177 bvfa7ie0n178qm7osopdpo7abv Query : insert into wsft3039data (ft3stamp, ousrdata, ousrhora, usrdata,usrhora,ousrinis,usrinis,taxpointdt ) values ('aut6618d087356618dcc3db' ,getdate(),convert(char(8),convert (time,getdate())),getdate(),convert(char(8),convert (time,getdate())),'wsv','wsv',?)
20240412@080331.9385 bvfa7ie0n178qm7osopdpo7abv Query : select 1 valor from information_schema.tables where table_type='base table' and table_name='wsft2039fields'
20240412@080331.9401 bvfa7ie0n178qm7osopdpo7abv Query : select fieldkey,fieldname,fieldtype,calcformula from wsft2039fields
20240412@080331.9460 bvfa7ie0n178qm7osopdpo7abv Query : select top 1 bo.u_nomeenv valor from bo where bo.bostamp=''
20240412@080331.9468 bvfa7ie0n178qm7osopdpo7abv Query : select top 1 bo.u_moradaen valor from bo where bo.bostamp=''
20240412@080331.9474 bvfa7ie0n178qm7osopdpo7abv Query : select top 1 bo.u_codposen valor from bo where bo.bostamp=''
20240412@080331.9479 bvfa7ie0n178qm7osopdpo7abv Query : select top 1 bo.u_localenv valor from bo where bo.bostamp=''
20240412@080331.9483 bvfa7ie0n178qm7osopdpo7abv Query : select top 1 bo.trab5 valor from bo where bo.bostamp=''
20240412@080331.9488 bvfa7ie0n178qm7osopdpo7abv Query : select top 1 bo.serie valor from bo where bo.bostamp=''
20240412@080331.9492 bvfa7ie0n178qm7osopdpo7abv Query : insert into wsft2039data (ft2stamp, ousrdata,ousrhora, usrdata,usrhora,ousrinis,usrinis,u_nomeenv ,u_moradaen ,u_codposen ,u_localenv ,u_coddest ,u_codby ) values ('aut6618d087356618dcc3db',getdate(),convert(char(8),convert (time,getdate())),getdate(),convert(char(8),convert (time,getdate())),'wsv','wsv',?,?,?,?,?,?)
20240412@080331.9786 bvfa7ie0n178qm7osopdpo7abv Query : select top 1 fno valor from wsft039data order by fno desc
20240412@080331.9805 bvfa7ie0n178qm7osopdpo7abv Query : select 1 valor from information_schema.tables where table_type='base table' and table_name='wsft039fields'
20240412@080331.9832 bvfa7ie0n178qm7osopdpo7abv Query : select fieldkey,fieldname,fieldtype,calcformula from wsft039fields
20240412@080331.9849 bvfa7ie0n178qm7osopdpo7abv Query : insert into wsft039data (ftstamp, ousrdata,ousrhora, usrdata,usrhora,ousrinis,usrinis,fno,no,estab,fdata,ndoc,moeda,cambio,cambiofixo,ftano,cdata,chora,carga,descar,site ,classe ) values ('aut6618d087356618dcc3db',getdate(),convert(char(8),convert (time,getdate())),getdate(),convert(char(8),convert (time,getdate())),'wsv','wsv',843,100810,0,'2024-04-12',39,'euro',0,0,2024 ,'20240412','0833',?,?,?,?)
20240412@080332.2030 bvfa7ie0n178qm7osopdpo7abv Query : use flama_phc
20240412@080332.2080 bvfa7ie0n178qm7osopdpo7abv Query : select st.usalote valor from st where st.ref = '304.4007.00.2'
20240412@080332.2260 bvfa7ie0n178qm7osopdpo7abv Query : select top 1 st.tabiva ,st.ivaincl ,st.stns ,st.uni2 ,st.familia ,isnull(tx.taxa, 0) txiva ,unidade ,usalote ,epcpond ,noserie from st left join taxasiva tx on st.tabiva = tx.codigo where st.ref = '304.4007.00.2'
20240412@080332.4120 bvfa7ie0n178qm7osopdpo7abv Query : select 1 valor from information_schema.tables where table_type='base table' and table_name='wsfi039fields'
20240412@080332.4270 bvfa7ie0n178qm7osopdpo7abv Query : select fieldkey,fieldname,fieldtype,mandatory from wsfi039fields
20240412@080332.4490 bvfa7ie0n178qm7osopdpo7abv Query : select 1 valor from information_schema.tables where table_type='base table' and table_name='wsfi2039fields'
20240412@080332.4840 bvfa7ie0n178qm7osopdpo7abv Query : select fieldkey,fieldname,fieldtype,mandatory from wsfi2039fields
20240412@080332.4880 bvfa7ie0n178qm7osopdpo7abv Query : select sestamp valor from se where ref ='304.4007.00.2' and lote = '20210730'
20240412@080332.5180 bvfa7ie0n178qm7osopdpo7abv Query : select top 1 convert(numeric(6,2),t.taxa) valor from taxasiva t where t.codigo='2'
20240412@080332.5280 bvfa7ie0n178qm7osopdpo7abv Query : select 1 valor from information_schema.tables where table_type='base table' and table_name='wsfi039fields'
20240412@080332.5410 bvfa7ie0n178qm7osopdpo7abv Query : select fieldkey,fieldname,fieldtype,calcformula from wsfi039fields
20240412@080332.5630 bvfa7ie0n178qm7osopdpo7abv Query : insert into wsfi039data (fistamp,ousrdata, ousrhora, usrdata,usrhora,ousrinis,usrinis ,qtt ,ftstamp ,epv,pvmoeda ,tabiva,iva,lordem ,ref, design ,lote,armazem,bistamp ) values ('aut6618d367066618dcc40c',getdate(),convert(char(8),convert (time,getdate())),getdate(),convert(char(8),convert (time,getdate())),'wsv','wsv',6.000 ,'aut6618d087356618dcc3db' ,0,0 ,2,23.00,10000,?,?,?,?,?)
20240412@080332.8470 bvfa7ie0n178qm7osopdpo7abv Query : select 1 valor from information_schema.tables where table_type='base table' and table_name='wsfi2039fields'
20240412@080332.8880 bvfa7ie0n178qm7osopdpo7abv Query : select fieldkey,fieldname,fieldtype,calcformula from wsfi2039fields
20240412@080332.8940 bvfa7ie0n178qm7osopdpo7abv Query : insert into wsfi2039data (fi2stamp,ftstamp ,ousrdata, ousrhora, usrdata,usrhora,ousrinis,usrinis) values ('aut6618d367066618dcc40c','aut6618d087356618dcc3db' ,getdate(),convert(char(8),convert (time,getdate())),getdate(),convert(char(8),convert (time,getdate())),'wsv','wsv')
20240412@080332.9000 bvfa7ie0n178qm7osopdpo7abv Query : insert into wsftcreationlog (initialftstamp,externalid,creationstatus,documenttypeid,idustamp) values ('aut6618d087356618dcc3db','2402671','wait',39,'ari17112337378,753000005')
20240412@080332.9190 bvfa7ie0n178qm7osopdpo7abv Query : use flama_phc
20240412@080332.9220 bvfa7ie0n178qm7osopdpo7abv Query : update u_wsusers set rqsttoken =? where userid ='userls001'
20240412@080332.9340 bvfa7ie0n178qm7osopdpo7abv Query : select concat(rtrim(relative_path),ltrim(name_new)) as valor from uploadfiles where uploadfile_id='1092';
20240412@080332.9550 bvfa7ie0n178qm7osopdpo7abv Query : update uploadfiles set whenupdated=current_timestamp where uploadfile_id='1092';
20240412@080332.9710 bvfa7ie0n178qm7osopdpo7abv Query : select concat(rtrim(relative_path),ltrim(name_new)) as valor from uploadfiles where uploadfile_id='1092';
20240412@080332.1001 bvfa7ie0n178qm7osopdpo7abv Query : update uploadfiles set whenupdated=current_timestamp where uploadfile_id='1092';
20240412@080332.1458 l4ghodc18e8h2hi21tod88qbfi Query : insert into uploadfiles ( name_original, name_new, option_type, relative_path, whencreated ) values ( ?, ?, ?, ?, getdate() )
20240412@080332.1474 l4ghodc18e8h2hi21tod88qbfi Query : select uploadfile_id valor from uploadfiles where name_new = ? and option_type = ? 
20240412@080332.1496 l4ghodc18e8h2hi21tod88qbfi Query : select concat(rtrim(relative_path),ltrim(name_new)) as valor from uploadfiles where uploadfile_id='1093';
20240412@080332.1545 l4ghodc18e8h2hi21tod88qbfi Query : update uploadfiles set whenupdated=current_timestamp where uploadfile_id='1093';
20240412@080332.1562 l4ghodc18e8h2hi21tod88qbfi Query : select concat(rtrim(relative_path),ltrim(name_new)) as valor from uploadfiles where uploadfile_id='1093';
20240412@080332.1583 l4ghodc18e8h2hi21tod88qbfi Query : update uploadfiles set whenupdated=current_timestamp where uploadfile_id='1093';
20240412@080332.1599 l4ghodc18e8h2hi21tod88qbfi Query : use flama_phc
20240412@080332.1603 l4ghodc18e8h2hi21tod88qbfi Query : select top 1 secretkey valor from u_wsusers u where u.userid = ? and u.inactivo=0
20240412@080332.1617 l4ghodc18e8h2hi21tod88qbfi Query : use flama_phc
20240412@080332.1621 l4ghodc18e8h2hi21tod88qbfi Query : select no, estab,szadrsdesc from szadrs where u_coddest=4740
20240412@080332.1664 l4ghodc18e8h2hi21tod88qbfi Query : select top 1 isnull(design,'') valor from st (nolock) left join stobs (nolock) on st.ref = stobs.ref where st.ref = '304.4860.00.1'
20240412@080332.1828 l4ghodc18e8h2hi21tod88qbfi Query : select top 1 bistamp valor from bi inner join bo on bo.bostamp=bi.bostamp where bo.ndos =240 and bo.boano =2026 and bo.obrano = 2402672 and bi.ref ='304.4860.00.1' and bi.lordem =1
20240412@080332.2156 l4ghodc18e8h2hi21tod88qbfi Query : select top 1 isnull(design,'') valor from st (nolock) left join stobs (nolock) on st.ref = stobs.ref where st.ref = '304.4860.00.1'
20240412@080332.2170 l4ghodc18e8h2hi21tod88qbfi Query : select top 1 bistamp valor from bi inner join bo on bo.bostamp=bi.bostamp where bo.ndos =240 and bo.boano =2026 and bo.obrano = 2402672 and bi.ref ='304.4860.00.1' and bi.lordem =2
20240412@080332.2518 l4ghodc18e8h2hi21tod88qbfi Query : use flama_phc
20240412@080332.2522 l4ghodc18e8h2hi21tod88qbfi Query : select top 1 convert(date,fdata) valor from ft where ndoc = 39 and anulado= 0 and fno>0 order by fdata desc
20240412@080332.2535 l4ghodc18e8h2hi21tod88qbfi Query : use flama_phc
20240412@080332.2538 l4ghodc18e8h2hi21tod88qbfi Query : select top 1 1 valor from td where td.ndoc = 39
20240412@080332.2548 l4ghodc18e8h2hi21tod88qbfi Query : use flama_phc
20240412@080332.2551 l4ghodc18e8h2hi21tod88qbfi Query : select descricao ,case when valor='s' then 1 else 0 end usalotes from para1 where descricao in ('st_lote')
20240412@080332.2561 l4ghodc18e8h2hi21tod88qbfi Query : select top 1 assinadoc issigned ,td.lancasl stocks ,'cl' origin ,case when (cmsl between 1 and 50 ) then 1 else 0 end entrada ,case when (cmsl>50 ) then 1 else 0 end saida ,~lotestock validatestock ,tiposaft from td inner join td2 on td.tdstamp=td2.td2stamp where td.ndoc =39
20240412@080332.2576 l4ghodc18e8h2hi21tod88qbfi Query : use flama_phc
20240412@080332.2579 l4ghodc18e8h2hi21tod88qbfi Query : select top 1 ~inactivo valor from cl where no = '100810' and estab = 0 order by inactivo desc
20240412@080332.2590 l4ghodc18e8h2hi21tod88qbfi Query : use flama_phc
20240412@080332.2593 l4ghodc18e8h2hi21tod88qbfi Query : select top 1 tipodoc,regrd from td where ndoc = 39
20240412@080332.2603 l4ghodc18e8h2hi21tod88qbfi Query : use flama_phc
20240412@080332.2606 l4ghodc18e8h2hi21tod88qbfi Query : select szadrsstamp valor from szadrs where szadrsdesc='espaÇotrans,lda'
20240412@080332.2617 l4ghodc18e8h2hi21tod88qbfi Query : use flama_phc
20240412@080332.2620 l4ghodc18e8h2hi21tod88qbfi Query : select szadrsstamp valor from szadrs where szadrsdesc='100810 - worten-equipamentos para o lar,sa.'
20240412@080332.2633 l4ghodc18e8h2hi21tod88qbfi Query : use flama_phc
20240412@080332.2636 l4ghodc18e8h2hi21tod88qbfi Query : select 1 valor from td where ndoc = 39
20240412@080332.2645 l4ghodc18e8h2hi21tod88qbfi Query : select top 1 manternumero, tiposaft, nmdos,td.assinadoc from td where td.ndoc = 39
20240412@080332.2683 l4ghodc18e8h2hi21tod88qbfi Query : select 1 valor from information_schema.tables where table_type='base table' and table_name='wsft039fields'
20240412@080332.2763 l4ghodc18e8h2hi21tod88qbfi Query : select fieldkey,fieldname,fieldtype,mandatory from wsft039fields
20240412@080332.2781 l4ghodc18e8h2hi21tod88qbfi Query : select 1 valor from information_schema.tables where table_type='base table' and table_name='wsft2039fields'
20240412@080332.2797 l4ghodc18e8h2hi21tod88qbfi Query : select fieldkey,fieldname,fieldtype,mandatory from wsft2039fields
20240412@080332.2826 l4ghodc18e8h2hi21tod88qbfi Query : select 1 valor from information_schema.tables where table_type='base table' and table_name='wsft3039fields'
20240412@080332.2841 l4ghodc18e8h2hi21tod88qbfi Query : select fieldkey,fieldname,fieldtype,mandatory from wsft3039fields
20240412@080332.2851 l4ghodc18e8h2hi21tod88qbfi Query : select top 1 ft.fno valor from ft ft where ft.ndoc = 39 and ftano=2024 order by fno desc
20240412@080332.2945 l4ghodc18e8h2hi21tod88qbfi Query : select top 1 ft.fno valor from wsft039data ft where ft.ndoc = 39 and ftano=2024 order by fno desc
20240412@080332.2955 l4ghodc18e8h2hi21tod88qbfi Query : select 1 valor from information_schema.tables where table_type='base table' and table_name='wsft3039fields'
20240412@080332.2972 l4ghodc18e8h2hi21tod88qbfi Query : select fieldkey,fieldname,fieldtype,calcformula from wsft3039fields
20240412@080332.2983 l4ghodc18e8h2hi21tod88qbfi Query : insert into wsft3039data (ft3stamp, ousrdata, ousrhora, usrdata,usrhora,ousrinis,usrinis,taxpointdt ) values ('aut6618d288026618dcc445' ,getdate(),convert(char(8),convert (time,getdate())),getdate(),convert(char(8),convert (time,getdate())),'wsv','wsv',?)
20240412@080332.3175 l4ghodc18e8h2hi21tod88qbfi Query : select 1 valor from information_schema.tables where table_type='base table' and table_name='wsft2039fields'
20240412@080332.3191 l4ghodc18e8h2hi21tod88qbfi Query : select fieldkey,fieldname,fieldtype,calcformula from wsft2039fields
20240412@080332.3230 l4ghodc18e8h2hi21tod88qbfi Query : select top 1 bo.u_nomeenv valor from bo where bo.bostamp=''
20240412@080332.3236 l4ghodc18e8h2hi21tod88qbfi Query : select top 1 bo.u_moradaen valor from bo where bo.bostamp=''
20240412@080332.3243 l4ghodc18e8h2hi21tod88qbfi Query : select top 1 bo.u_codposen valor from bo where bo.bostamp=''
20240412@080332.3248 l4ghodc18e8h2hi21tod88qbfi Query : select top 1 bo.u_localenv valor from bo where bo.bostamp=''
20240412@080332.3253 l4ghodc18e8h2hi21tod88qbfi Query : select top 1 bo.trab5 valor from bo where bo.bostamp=''
20240412@080332.3258 l4ghodc18e8h2hi21tod88qbfi Query : select top 1 bo.serie valor from bo where bo.bostamp=''
20240412@080332.3265 l4ghodc18e8h2hi21tod88qbfi Query : insert into wsft2039data (ft2stamp, ousrdata,ousrhora, usrdata,usrhora,ousrinis,usrinis,u_nomeenv ,u_moradaen ,u_codposen ,u_localenv ,u_coddest ,u_codby ) values ('aut6618d288026618dcc445',getdate(),convert(char(8),convert (time,getdate())),getdate(),convert(char(8),convert (time,getdate())),'wsv','wsv',?,?,?,?,?,?)
20240412@080332.3749 l4ghodc18e8h2hi21tod88qbfi Query : select top 1 fno valor from wsft039data order by fno desc
20240412@080332.3769 l4ghodc18e8h2hi21tod88qbfi Query : select 1 valor from information_schema.tables where table_type='base table' and table_name='wsft039fields'
20240412@080332.3786 l4ghodc18e8h2hi21tod88qbfi Query : select fieldkey,fieldname,fieldtype,calcformula from wsft039fields
20240412@080332.3803 l4ghodc18e8h2hi21tod88qbfi Query : insert into wsft039data (ftstamp, ousrdata,ousrhora, usrdata,usrhora,ousrinis,usrinis,fno,no,estab,fdata,ndoc,moeda,cambio,cambiofixo,ftano,cdata,chora,carga,descar,site ,classe ) values ('aut6618d288026618dcc445',getdate(),convert(char(8),convert (time,getdate())),getdate(),convert(char(8),convert (time,getdate())),'wsv','wsv',844,100810,0,'2024-04-12',39,'euro',0,0,2024 ,'20240412','0833',?,?,?,?)
20240412@080332.4164 l4ghodc18e8h2hi21tod88qbfi Query : use flama_phc
20240412@080332.4169 l4ghodc18e8h2hi21tod88qbfi Query : select st.usalote valor from st where st.ref = '304.4860.00.1'
20240412@080332.4188 l4ghodc18e8h2hi21tod88qbfi Query : select top 1 st.tabiva ,st.ivaincl ,st.stns ,st.uni2 ,st.familia ,isnull(tx.taxa, 0) txiva ,unidade ,usalote ,epcpond ,noserie from st left join taxasiva tx on st.tabiva = tx.codigo where st.ref = '304.4860.00.1'
20240412@080332.4358 l4ghodc18e8h2hi21tod88qbfi Query : select 1 valor from information_schema.tables where table_type='base table' and table_name='wsfi039fields'
20240412@080332.4374 l4ghodc18e8h2hi21tod88qbfi Query : select fieldkey,fieldname,fieldtype,mandatory from wsfi039fields
20240412@080332.4400 l4ghodc18e8h2hi21tod88qbfi Query : select 1 valor from information_schema.tables where table_type='base table' and table_name='wsfi2039fields'
20240412@080332.4414 l4ghodc18e8h2hi21tod88qbfi Query : select fieldkey,fieldname,fieldtype,mandatory from wsfi2039fields
20240412@080332.4419 l4ghodc18e8h2hi21tod88qbfi Query : select sestamp valor from se where ref ='304.4860.00.1' and lote = '20210802'
20240412@080332.4463 l4ghodc18e8h2hi21tod88qbfi Query : select top 1 convert(numeric(6,2),t.taxa) valor from taxasiva t where t.codigo='2'
20240412@080332.4474 l4ghodc18e8h2hi21tod88qbfi Query : select 1 valor from information_schema.tables where table_type='base table' and table_name='wsfi039fields'
20240412@080332.4487 l4ghodc18e8h2hi21tod88qbfi Query : select fieldkey,fieldname,fieldtype,calcformula from wsfi039fields
20240412@080332.4510 l4ghodc18e8h2hi21tod88qbfi Query : insert into wsfi039data (fistamp,ousrdata, ousrhora, usrdata,usrhora,ousrinis,usrinis ,qtt ,ftstamp ,epv,pvmoeda ,tabiva,iva,lordem ,ref, design ,lote,armazem,bistamp ) values ('aut6618d300486618dcc46d',getdate(),convert(char(8),convert (time,getdate())),getdate(),convert(char(8),convert (time,getdate())),'wsv','wsv',24.000 ,'aut6618d288026618dcc445' ,0,0 ,2,23.00,10000,?,?,?,?,?)
20240412@080332.4819 l4ghodc18e8h2hi21tod88qbfi Query : select 1 valor from information_schema.tables where table_type='base table' and table_name='wsfi2039fields'
20240412@080332.4834 l4ghodc18e8h2hi21tod88qbfi Query : select fieldkey,fieldname,fieldtype,calcformula from wsfi2039fields
20240412@080332.4838 l4ghodc18e8h2hi21tod88qbfi Query : insert into wsfi2039data (fi2stamp,ftstamp ,ousrdata, ousrhora, usrdata,usrhora,ousrinis,usrinis) values ('aut6618d300486618dcc46d','aut6618d288026618dcc445' ,getdate(),convert(char(8),convert (time,getdate())),getdate(),convert(char(8),convert (time,getdate())),'wsv','wsv')
20240412@080332.4848 l4ghodc18e8h2hi21tod88qbfi Query : use flama_phc
20240412@080332.4852 l4ghodc18e8h2hi21tod88qbfi Query : select st.usalote valor from st where st.ref = '304.4860.00.1'
20240412@080332.4863 l4ghodc18e8h2hi21tod88qbfi Query : select top 1 st.tabiva ,st.ivaincl ,st.stns ,st.uni2 ,st.familia ,isnull(tx.taxa, 0) txiva ,unidade ,usalote ,epcpond ,noserie from st left join taxasiva tx on st.tabiva = tx.codigo where st.ref = '304.4860.00.1'
20240412@080332.4875 l4ghodc18e8h2hi21tod88qbfi Query : select 1 valor from information_schema.tables where table_type='base table' and table_name='wsfi039fields'
20240412@080332.4889 l4ghodc18e8h2hi21tod88qbfi Query : select fieldkey,fieldname,fieldtype,mandatory from wsfi039fields
20240412@080332.4918 l4ghodc18e8h2hi21tod88qbfi Query : select 1 valor from information_schema.tables where table_type='base table' and table_name='wsfi2039fields'
20240412@080332.4934 l4ghodc18e8h2hi21tod88qbfi Query : select fieldkey,fieldname,fieldtype,mandatory from wsfi2039fields
20240412@080332.4939 l4ghodc18e8h2hi21tod88qbfi Query : select sestamp valor from se where ref ='304.4860.00.1' and lote = '20210802'
20240412@080332.4950 l4ghodc18e8h2hi21tod88qbfi Query : select top 1 convert(numeric(6,2),t.taxa) valor from taxasiva t where t.codigo='2'
20240412@080332.4962 l4ghodc18e8h2hi21tod88qbfi Query : select 1 valor from information_schema.tables where table_type='base table' and table_name='wsfi039fields'
20240412@080332.4978 l4ghodc18e8h2hi21tod88qbfi Query : select fieldkey,fieldname,fieldtype,calcformula from wsfi039fields
20240412@080332.5000 l4ghodc18e8h2hi21tod88qbfi Query : insert into wsfi039data (fistamp,ousrdata, ousrhora, usrdata,usrhora,ousrinis,usrinis ,qtt ,ftstamp ,epv,pvmoeda ,tabiva,iva,lordem ,ref, design ,lote,armazem,bistamp ) values ('aut6618d713506618dcc479',getdate(),convert(char(8),convert (time,getdate())),getdate(),convert(char(8),convert (time,getdate())),'wsv','wsv',2.000 ,'aut6618d288026618dcc445' ,0,0 ,2,23.00,20000,?,?,?,?,?)
20240412@080332.5299 l4ghodc18e8h2hi21tod88qbfi Query : select 1 valor from information_schema.tables where table_type='base table' and table_name='wsfi2039fields'
20240412@080332.5314 l4ghodc18e8h2hi21tod88qbfi Query : select fieldkey,fieldname,fieldtype,calcformula from wsfi2039fields
20240412@080332.5319 l4ghodc18e8h2hi21tod88qbfi Query : insert into wsfi2039data (fi2stamp,ftstamp ,ousrdata, ousrhora, usrdata,usrhora,ousrinis,usrinis) values ('aut6618d713506618dcc479','aut6618d288026618dcc445' ,getdate(),convert(char(8),convert (time,getdate())),getdate(),convert(char(8),convert (time,getdate())),'wsv','wsv')
20240412@080332.5324 l4ghodc18e8h2hi21tod88qbfi Query : insert into wsftcreationlog (initialftstamp,externalid,creationstatus,documenttypeid,idustamp) values ('aut6618d288026618dcc445','2402672','wait',39,'ari17112337378,753000005')
20240412@080332.5347 l4ghodc18e8h2hi21tod88qbfi Query : use flama_phc
20240412@080332.5350 l4ghodc18e8h2hi21tod88qbfi Query : update u_wsusers set rqsttoken =? where userid ='userls001'
20240412@080332.5361 l4ghodc18e8h2hi21tod88qbfi Query : select concat(rtrim(relative_path),ltrim(name_new)) as valor from uploadfiles where uploadfile_id='1093';
20240412@080332.5381 l4ghodc18e8h2hi21tod88qbfi Query : update uploadfiles set whenupdated=current_timestamp where uploadfile_id='1093';
20240412@080332.5397 l4ghodc18e8h2hi21tod88qbfi Query : select concat(rtrim(relative_path),ltrim(name_new)) as valor from uploadfiles where uploadfile_id='1093';
20240412@080332.5411 l4ghodc18e8h2hi21tod88qbfi Query : update uploadfiles set whenupdated=current_timestamp where uploadfile_id='1093';
20240412@080332.5999 bi0g2tjvcglde199f5usom7pq8 Query : insert into uploadfiles ( name_original, name_new, option_type, relative_path, whencreated ) values ( ?, ?, ?, ?, getdate() )
20240412@080332.6014 bi0g2tjvcglde199f5usom7pq8 Query : select uploadfile_id valor from uploadfiles where name_new = ? and option_type = ? 
20240412@080332.6037 bi0g2tjvcglde199f5usom7pq8 Query : select concat(rtrim(relative_path),ltrim(name_new)) as valor from uploadfiles where uploadfile_id='1094';
20240412@080332.6078 bi0g2tjvcglde199f5usom7pq8 Query : update uploadfiles set whenupdated=current_timestamp where uploadfile_id='1094';
20240412@080332.6129 bi0g2tjvcglde199f5usom7pq8 Query : select concat(rtrim(relative_path),ltrim(name_new)) as valor from uploadfiles where uploadfile_id='1094';
20240412@080332.6146 bi0g2tjvcglde199f5usom7pq8 Query : update uploadfiles set whenupdated=current_timestamp where uploadfile_id='1094';
20240412@080332.6162 bi0g2tjvcglde199f5usom7pq8 Query : use flama_phc
20240412@080332.6165 bi0g2tjvcglde199f5usom7pq8 Query : select top 1 secretkey valor from u_wsusers u where u.userid = ? and u.inactivo=0
20240412@080332.6178 bi0g2tjvcglde199f5usom7pq8 Query : use flama_phc
20240412@080332.6181 bi0g2tjvcglde199f5usom7pq8 Query : select no, estab,szadrsdesc from szadrs where u_coddest=4740
20240412@080332.6224 bi0g2tjvcglde199f5usom7pq8 Query : select top 1 isnull(design,'') valor from st (nolock) left join stobs (nolock) on st.ref = stobs.ref where st.ref = '304.422.00.07'
20240412@080332.6389 bi0g2tjvcglde199f5usom7pq8 Query : select top 1 bistamp valor from bi inner join bo on bo.bostamp=bi.bostamp where bo.ndos =240 and bo.boano =2026 and bo.obrano = 2402673 and bi.ref ='304.422.00.07' and bi.lordem =1
20240412@080332.6774 bi0g2tjvcglde199f5usom7pq8 Query : use flama_phc
20240412@080332.6779 bi0g2tjvcglde199f5usom7pq8 Query : select top 1 convert(date,fdata) valor from ft where ndoc = 39 and anulado= 0 and fno>0 order by fdata desc
20240412@080332.6792 bi0g2tjvcglde199f5usom7pq8 Query : use flama_phc
20240412@080332.6795 bi0g2tjvcglde199f5usom7pq8 Query : select top 1 1 valor from td where td.ndoc = 39
20240412@080332.6806 bi0g2tjvcglde199f5usom7pq8 Query : use flama_phc
20240412@080332.6809 bi0g2tjvcglde199f5usom7pq8 Query : select descricao ,case when valor='s' then 1 else 0 end usalotes from para1 where descricao in ('st_lote')
20240412@080332.6826 bi0g2tjvcglde199f5usom7pq8 Query : select top 1 assinadoc issigned ,td.lancasl stocks ,'cl' origin ,case when (cmsl between 1 and 50 ) then 1 else 0 end entrada ,case when (cmsl>50 ) then 1 else 0 end saida ,~lotestock validatestock ,tiposaft from td inner join td2 on td.tdstamp=td2.td2stamp where td.ndoc =39
20240412@080332.6843 bi0g2tjvcglde199f5usom7pq8 Query : use flama_phc
20240412@080332.6846 bi0g2tjvcglde199f5usom7pq8 Query : select top 1 ~inactivo valor from cl where no = '100810' and estab = 0 order by inactivo desc
20240412@080332.6857 bi0g2tjvcglde199f5usom7pq8 Query : use flama_phc
20240412@080332.6860 bi0g2tjvcglde199f5usom7pq8 Query : select top 1 tipodoc,regrd from td where ndoc = 39
20240412@080332.6875 bi0g2tjvcglde199f5usom7pq8 Query : use flama_phc
20240412@080332.6879 bi0g2tjvcglde199f5usom7pq8 Query : select szadrsstamp valor from szadrs where szadrsdesc='espaÇotrans,lda'
20240412@080332.6892 bi0g2tjvcglde199f5usom7pq8 Query : use flama_phc
20240412@080332.6895 bi0g2tjvcglde199f5usom7pq8 Query : select szadrsstamp valor from szadrs where szadrsdesc='100810 - worten-equipamentos para o lar,sa.'
20240412@080332.6917 bi0g2tjvcglde199f5usom7pq8 Query : use flama_phc
20240412@080332.6920 bi0g2tjvcglde199f5usom7pq8 Query : select 1 valor from td where ndoc = 39
20240412@080332.6931 bi0g2tjvcglde199f5usom7pq8 Query : select top 1 manternumero, tiposaft, nmdos,td.assinadoc from td where td.ndoc = 39
20240412@080332.6943 bi0g2tjvcglde199f5usom7pq8 Query : select 1 valor from information_schema.tables where table_type='base table' and table_name='wsft039fields'
20240412@080332.6984 bi0g2tjvcglde199f5usom7pq8 Query : select fieldkey,fieldname,fieldtype,mandatory from wsft039fields
20240412@080332.7002 bi0g2tjvcglde199f5usom7pq8 Query : select 1 valor from information_schema.tables where table_type='base table' and table_name='wsft2039fields'
20240412@080332.7022 bi0g2tjvcglde199f5usom7pq8 Query : select fieldkey,fieldname,fieldtype,mandatory from wsft2039fields
20240412@080332.7082 bi0g2tjvcglde199f5usom7pq8 Query : select 1 valor from information_schema.tables where table_type='base table' and table_name='wsft3039fields'
20240412@080332.7097 bi0g2tjvcglde199f5usom7pq8 Query : select fieldkey,fieldname,fieldtype,mandatory from wsft3039fields
20240412@080332.7109 bi0g2tjvcglde199f5usom7pq8 Query : select top 1 ft.fno valor from ft ft where ft.ndoc = 39 and ftano=2024 order by fno desc
20240412@080332.7208 bi0g2tjvcglde199f5usom7pq8 Query : select top 1 ft.fno valor from wsft039data ft where ft.ndoc = 39 and ftano=2024 order by fno desc
20240412@080332.7244 bi0g2tjvcglde199f5usom7pq8 Query : select 1 valor from information_schema.tables where table_type='base table' and table_name='wsft3039fields'
20240412@080332.7261 bi0g2tjvcglde199f5usom7pq8 Query : select fieldkey,fieldname,fieldtype,calcformula from wsft3039fields
20240412@080332.7275 bi0g2tjvcglde199f5usom7pq8 Query : insert into wsft3039data (ft3stamp, ousrdata, ousrhora, usrdata,usrhora,ousrinis,usrinis,taxpointdt ) values ('aut6618d109016618dcc4ad' ,getdate(),convert(char(8),convert (time,getdate())),getdate(),convert(char(8),convert (time,getdate())),'wsv','wsv',?)
20240412@080332.7507 bi0g2tjvcglde199f5usom7pq8 Query : select 1 valor from information_schema.tables where table_type='base table' and table_name='wsft2039fields'
20240412@080332.7523 bi0g2tjvcglde199f5usom7pq8 Query : select fieldkey,fieldname,fieldtype,calcformula from wsft2039fields
20240412@080332.7550 bi0g2tjvcglde199f5usom7pq8 Query : select top 1 bo.u_nomeenv valor from bo where bo.bostamp=''
20240412@080332.7555 bi0g2tjvcglde199f5usom7pq8 Query : select top 1 bo.u_moradaen valor from bo where bo.bostamp=''
20240412@080332.7583 bi0g2tjvcglde199f5usom7pq8 Query : select top 1 bo.u_codposen valor from bo where bo.bostamp=''
20240412@080332.7588 bi0g2tjvcglde199f5usom7pq8 Query : select top 1 bo.u_localenv valor from bo where bo.bostamp=''
20240412@080332.7593 bi0g2tjvcglde199f5usom7pq8 Query : select top 1 bo.trab5 valor from bo where bo.bostamp=''
20240412@080332.7598 bi0g2tjvcglde199f5usom7pq8 Query : select top 1 bo.serie valor from bo where bo.bostamp=''
20240412@080332.7602 bi0g2tjvcglde199f5usom7pq8 Query : insert into wsft2039data (ft2stamp, ousrdata,ousrhora, usrdata,usrhora,ousrinis,usrinis,u_nomeenv ,u_moradaen ,u_codposen ,u_localenv ,u_coddest ,u_codby ) values ('aut6618d109016618dcc4ad',getdate(),convert(char(8),convert (time,getdate())),getdate(),convert(char(8),convert (time,getdate())),'wsv','wsv',?,?,?,?,?,?)
20240412@080332.7911 bi0g2tjvcglde199f5usom7pq8 Query : select top 1 fno valor from wsft039data order by fno desc
20240412@080332.7930 bi0g2tjvcglde199f5usom7pq8 Query : select 1 valor from information_schema.tables where table_type='base table' and table_name='wsft039fields'
20240412@080332.7944 bi0g2tjvcglde199f5usom7pq8 Query : select fieldkey,fieldname,fieldtype,calcformula from wsft039fields
20240412@080332.7961 bi0g2tjvcglde199f5usom7pq8 Query : insert into wsft039data (ftstamp, ousrdata,ousrhora, usrdata,usrhora,ousrinis,usrinis,fno,no,estab,fdata,ndoc,moeda,cambio,cambiofixo,ftano,cdata,chora,carga,descar,site ,classe ) values ('aut6618d109016618dcc4ad',getdate(),convert(char(8),convert (time,getdate())),getdate(),convert(char(8),convert (time,getdate())),'wsv','wsv',845,100810,0,'2024-04-12',39,'euro',0,0,2024 ,'20240412','0833',?,?,?,?)
20240412@080332.8315 bi0g2tjvcglde199f5usom7pq8 Query : use flama_phc
20240412@080332.8342 bi0g2tjvcglde199f5usom7pq8 Query : select st.usalote valor from st where st.ref = '304.422.00.07'
20240412@080332.8354 bi0g2tjvcglde199f5usom7pq8 Query : select top 1 st.tabiva ,st.ivaincl ,st.stns ,st.uni2 ,st.familia ,isnull(tx.taxa, 0) txiva ,unidade ,usalote ,epcpond ,noserie from st left join taxasiva tx on st.tabiva = tx.codigo where st.ref = '304.422.00.07'
20240412@080332.8509 bi0g2tjvcglde199f5usom7pq8 Query : select 1 valor from information_schema.tables where table_type='base table' and table_name='wsfi039fields'
20240412@080332.8525 bi0g2tjvcglde199f5usom7pq8 Query : select fieldkey,fieldname,fieldtype,mandatory from wsfi039fields
20240412@080332.8550 bi0g2tjvcglde199f5usom7pq8 Query : select 1 valor from information_schema.tables where table_type='base table' and table_name='wsfi2039fields'
20240412@080332.8564 bi0g2tjvcglde199f5usom7pq8 Query : select fieldkey,fieldname,fieldtype,mandatory from wsfi2039fields
20240412@080332.8569 bi0g2tjvcglde199f5usom7pq8 Query : select sestamp valor from se where ref ='304.422.00.07' and lote = '240338'
20240412@080332.8586 bi0g2tjvcglde199f5usom7pq8 Query : select top 1 convert(numeric(6,2),t.taxa) valor from taxasiva t where t.codigo='2'
20240412@080332.8595 bi0g2tjvcglde199f5usom7pq8 Query : select 1 valor from information_schema.tables where table_type='base table' and table_name='wsfi039fields'
20240412@080332.8607 bi0g2tjvcglde199f5usom7pq8 Query : select fieldkey,fieldname,fieldtype,calcformula from wsfi039fields
20240412@080332.8655 bi0g2tjvcglde199f5usom7pq8 Query : insert into wsfi039data (fistamp,ousrdata, ousrhora, usrdata,usrhora,ousrinis,usrinis ,qtt ,ftstamp ,epv,pvmoeda ,tabiva,iva,lordem ,ref, design ,lote,armazem,bistamp ) values ('aut6618d245846618dcc4d1',getdate(),convert(char(8),convert (time,getdate())),getdate(),convert(char(8),convert (time,getdate())),'wsv','wsv',24.000 ,'aut6618d109016618dcc4ad' ,0,0 ,2,23.00,10000,?,?,?,?,?)
20240412@080332.8971 bi0g2tjvcglde199f5usom7pq8 Query : select 1 valor from information_schema.tables where table_type='base table' and table_name='wsfi2039fields'
20240412@080332.8987 bi0g2tjvcglde199f5usom7pq8 Query : select fieldkey,fieldname,fieldtype,calcformula from wsfi2039fields
20240412@080332.8991 bi0g2tjvcglde199f5usom7pq8 Query : insert into wsfi2039data (fi2stamp,ftstamp ,ousrdata, ousrhora, usrdata,usrhora,ousrinis,usrinis) values ('aut6618d245846618dcc4d1','aut6618d109016618dcc4ad' ,getdate(),convert(char(8),convert (time,getdate())),getdate(),convert(char(8),convert (time,getdate())),'wsv','wsv')
20240412@080332.8996 bi0g2tjvcglde199f5usom7pq8 Query : insert into wsftcreationlog (initialftstamp,externalid,creationstatus,documenttypeid,idustamp) values ('aut6618d109016618dcc4ad','2402673','wait',39,'ari17112337378,753000005')
20240412@080332.9011 bi0g2tjvcglde199f5usom7pq8 Query : use flama_phc
20240412@080332.9014 bi0g2tjvcglde199f5usom7pq8 Query : update u_wsusers set rqsttoken =? where userid ='userls001'
20240412@080332.9047 bi0g2tjvcglde199f5usom7pq8 Query : select concat(rtrim(relative_path),ltrim(name_new)) as valor from uploadfiles where uploadfile_id='1094';
20240412@080332.9097 bi0g2tjvcglde199f5usom7pq8 Query : update uploadfiles set whenupdated=current_timestamp where uploadfile_id='1094';
20240412@080332.9112 bi0g2tjvcglde199f5usom7pq8 Query : select concat(rtrim(relative_path),ltrim(name_new)) as valor from uploadfiles where uploadfile_id='1094';
20240412@080332.9126 bi0g2tjvcglde199f5usom7pq8 Query : update uploadfiles set whenupdated=current_timestamp where uploadfile_id='1094';
20240412@080332.9596 44cqq477b1ip0hm0cqjop0tn19 Query : insert into uploadfiles ( name_original, name_new, option_type, relative_path, whencreated ) values ( ?, ?, ?, ?, getdate() )
20240412@080332.9666 44cqq477b1ip0hm0cqjop0tn19 Query : select uploadfile_id valor from uploadfiles where name_new = ? and option_type = ? 
20240412@080332.9697 44cqq477b1ip0hm0cqjop0tn19 Query : select concat(rtrim(relative_path),ltrim(name_new)) as valor from uploadfiles where uploadfile_id='1095';
20240412@080332.9771 44cqq477b1ip0hm0cqjop0tn19 Query : update uploadfiles set whenupdated=current_timestamp where uploadfile_id='1095';
20240412@080332.9794 44cqq477b1ip0hm0cqjop0tn19 Query : select concat(rtrim(relative_path),ltrim(name_new)) as valor from uploadfiles where uploadfile_id='1095';
20240412@080332.9810 44cqq477b1ip0hm0cqjop0tn19 Query : update uploadfiles set whenupdated=current_timestamp where uploadfile_id='1095';
20240412@080332.9846 44cqq477b1ip0hm0cqjop0tn19 Query : use flama_phc
20240412@080332.9850 44cqq477b1ip0hm0cqjop0tn19 Query : select top 1 secretkey valor from u_wsusers u where u.userid = ? and u.inactivo=0
20240412@080332.9870 44cqq477b1ip0hm0cqjop0tn19 Query : use flama_phc
20240412@080332.9874 44cqq477b1ip0hm0cqjop0tn19 Query : select no, estab,szadrsdesc from szadrs where u_coddest=4740
20240412@080332.9941 44cqq477b1ip0hm0cqjop0tn19 Query : select top 1 isnull(design,'') valor from st (nolock) left join stobs (nolock) on st.ref = stobs.ref where st.ref = '324.1406.00.1'
20240412@080333.2170 44cqq477b1ip0hm0cqjop0tn19 Query : select top 1 bistamp valor from bi inner join bo on bo.bostamp=bi.bostamp where bo.ndos =240 and bo.boano =2026 and bo.obrano = 2402674 and bi.ref ='324.1406.00.1' and bi.lordem =1
20240412@080333.5860 44cqq477b1ip0hm0cqjop0tn19 Query : select top 1 isnull(design,'') valor from st (nolock) left join stobs (nolock) on st.ref = stobs.ref where st.ref = '324.1406.00.1'
20240412@080333.5980 44cqq477b1ip0hm0cqjop0tn19 Query : select top 1 bistamp valor from bi inner join bo on bo.bostamp=bi.bostamp where bo.ndos =240 and bo.boano =2026 and bo.obrano = 2402674 and bi.ref ='324.1406.00.1' and bi.lordem =1
20240412@080333.6030 44cqq477b1ip0hm0cqjop0tn19 Query : use flama_phc
20240412@080333.6070 44cqq477b1ip0hm0cqjop0tn19 Query : select top 1 convert(date,fdata) valor from ft where ndoc = 39 and anulado= 0 and fno>0 order by fdata desc
20240412@080333.6200 44cqq477b1ip0hm0cqjop0tn19 Query : use flama_phc
20240412@080333.6230 44cqq477b1ip0hm0cqjop0tn19 Query : select top 1 1 valor from td where td.ndoc = 39
20240412@080333.6330 44cqq477b1ip0hm0cqjop0tn19 Query : use flama_phc
20240412@080333.6360 44cqq477b1ip0hm0cqjop0tn19 Query : select descricao ,case when valor='s' then 1 else 0 end usalotes from para1 where descricao in ('st_lote')
20240412@080333.6460 44cqq477b1ip0hm0cqjop0tn19 Query : select top 1 assinadoc issigned ,td.lancasl stocks ,'cl' origin ,case when (cmsl between 1 and 50 ) then 1 else 0 end entrada ,case when (cmsl>50 ) then 1 else 0 end saida ,~lotestock validatestock ,tiposaft from td inner join td2 on td.tdstamp=td2.td2stamp where td.ndoc =39
20240412@080333.6600 44cqq477b1ip0hm0cqjop0tn19 Query : use flama_phc
20240412@080333.6630 44cqq477b1ip0hm0cqjop0tn19 Query : select top 1 ~inactivo valor from cl where no = '100810' and estab = 0 order by inactivo desc
20240412@080333.6740 44cqq477b1ip0hm0cqjop0tn19 Query : use flama_phc
20240412@080333.6770 44cqq477b1ip0hm0cqjop0tn19 Query : select top 1 tipodoc,regrd from td where ndoc = 39
20240412@080333.6860 44cqq477b1ip0hm0cqjop0tn19 Query : use flama_phc
20240412@080333.6890 44cqq477b1ip0hm0cqjop0tn19 Query : select szadrsstamp valor from szadrs where szadrsdesc='espaÇotrans,lda'
20240412@080333.7270 44cqq477b1ip0hm0cqjop0tn19 Query : use flama_phc
20240412@080333.7300 44cqq477b1ip0hm0cqjop0tn19 Query : select szadrsstamp valor from szadrs where szadrsdesc='100810 - worten-equipamentos para o lar,sa.'
20240412@080333.7410 44cqq477b1ip0hm0cqjop0tn19 Query : use flama_phc
20240412@080333.7440 44cqq477b1ip0hm0cqjop0tn19 Query : select 1 valor from td where ndoc = 39
20240412@080333.7540 44cqq477b1ip0hm0cqjop0tn19 Query : select top 1 manternumero, tiposaft, nmdos,td.assinadoc from td where td.ndoc = 39
20240412@080333.7660 44cqq477b1ip0hm0cqjop0tn19 Query : select 1 valor from information_schema.tables where table_type='base table' and table_name='wsft039fields'
20240412@080333.7820 44cqq477b1ip0hm0cqjop0tn19 Query : select fieldkey,fieldname,fieldtype,mandatory from wsft039fields
20240412@080333.7990 44cqq477b1ip0hm0cqjop0tn19 Query : select 1 valor from information_schema.tables where table_type='base table' and table_name='wsft2039fields'
20240412@080333.8130 44cqq477b1ip0hm0cqjop0tn19 Query : select fieldkey,fieldname,fieldtype,mandatory from wsft2039fields
20240412@080333.8400 44cqq477b1ip0hm0cqjop0tn19 Query : select 1 valor from information_schema.tables where table_type='base table' and table_name='wsft3039fields'
20240412@080333.8530 44cqq477b1ip0hm0cqjop0tn19 Query : select fieldkey,fieldname,fieldtype,mandatory from wsft3039fields
20240412@080333.8630 44cqq477b1ip0hm0cqjop0tn19 Query : select top 1 ft.fno valor from ft ft where ft.ndoc = 39 and ftano=2024 order by fno desc
20240412@080333.9840 44cqq477b1ip0hm0cqjop0tn19 Query : select top 1 ft.fno valor from wsft039data ft where ft.ndoc = 39 and ftano=2024 order by fno desc
20240412@080333.9930 44cqq477b1ip0hm0cqjop0tn19 Query : select 1 valor from information_schema.tables where table_type='base table' and table_name='wsft3039fields'
20240412@080333.1007 44cqq477b1ip0hm0cqjop0tn19 Query : select fieldkey,fieldname,fieldtype,calcformula from wsft3039fields
20240412@080333.1018 44cqq477b1ip0hm0cqjop0tn19 Query : insert into wsft3039data (ft3stamp, ousrdata, ousrhora, usrdata,usrhora,ousrinis,usrinis,taxpointdt ) values ('aut6618d633056618dcc515' ,getdate(),convert(char(8),convert (time,getdate())),getdate(),convert(char(8),convert (time,getdate())),'wsv','wsv',?)
20240412@080333.1244 44cqq477b1ip0hm0cqjop0tn19 Query : select 1 valor from information_schema.tables where table_type='base table' and table_name='wsft2039fields'
20240412@080333.1260 44cqq477b1ip0hm0cqjop0tn19 Query : select fieldkey,fieldname,fieldtype,calcformula from wsft2039fields
20240412@080333.1298 44cqq477b1ip0hm0cqjop0tn19 Query : select top 1 bo.u_nomeenv valor from bo where bo.bostamp=''
20240412@080333.1303 44cqq477b1ip0hm0cqjop0tn19 Query : select top 1 bo.u_moradaen valor from bo where bo.bostamp=''
20240412@080333.1308 44cqq477b1ip0hm0cqjop0tn19 Query : select top 1 bo.u_codposen valor from bo where bo.bostamp=''
20240412@080333.1312 44cqq477b1ip0hm0cqjop0tn19 Query : select top 1 bo.u_localenv valor from bo where bo.bostamp=''
20240412@080333.1318 44cqq477b1ip0hm0cqjop0tn19 Query : select top 1 bo.trab5 valor from bo where bo.bostamp=''
20240412@080333.1325 44cqq477b1ip0hm0cqjop0tn19 Query : select top 1 bo.serie valor from bo where bo.bostamp=''
20240412@080333.1330 44cqq477b1ip0hm0cqjop0tn19 Query : insert into wsft2039data (ft2stamp, ousrdata,ousrhora, usrdata,usrhora,ousrinis,usrinis,u_nomeenv ,u_moradaen ,u_codposen ,u_localenv ,u_coddest ,u_codby ) values ('aut6618d633056618dcc515',getdate(),convert(char(8),convert (time,getdate())),getdate(),convert(char(8),convert (time,getdate())),'wsv','wsv',?,?,?,?,?,?)
20240412@080333.1640 44cqq477b1ip0hm0cqjop0tn19 Query : select top 1 fno valor from wsft039data order by fno desc
20240412@080333.1658 44cqq477b1ip0hm0cqjop0tn19 Query : select 1 valor from information_schema.tables where table_type='base table' and table_name='wsft039fields'
20240412@080333.1673 44cqq477b1ip0hm0cqjop0tn19 Query : select fieldkey,fieldname,fieldtype,calcformula from wsft039fields
20240412@080333.1690 44cqq477b1ip0hm0cqjop0tn19 Query : insert into wsft039data (ftstamp, ousrdata,ousrhora, usrdata,usrhora,ousrinis,usrinis,fno,no,estab,fdata,ndoc,moeda,cambio,cambiofixo,ftano,cdata,chora,carga,descar,site ,classe ) values ('aut6618d633056618dcc515',getdate(),convert(char(8),convert (time,getdate())),getdate(),convert(char(8),convert (time,getdate())),'wsv','wsv',846,100810,0,'2024-04-12',39,'euro',0,0,2024 ,'20240412','0833',?,?,?,?)
20240412@080333.2037 44cqq477b1ip0hm0cqjop0tn19 Query : use flama_phc
20240412@080333.2042 44cqq477b1ip0hm0cqjop0tn19 Query : select st.usalote valor from st where st.ref = '324.1406.00.1'
20240412@080333.2080 44cqq477b1ip0hm0cqjop0tn19 Query : select top 1 st.tabiva ,st.ivaincl ,st.stns ,st.uni2 ,st.familia ,isnull(tx.taxa, 0) txiva ,unidade ,usalote ,epcpond ,noserie from st left join taxasiva tx on st.tabiva = tx.codigo where st.ref = '324.1406.00.1'
20240412@080333.2237 44cqq477b1ip0hm0cqjop0tn19 Query : select 1 valor from information_schema.tables where table_type='base table' and table_name='wsfi039fields'
20240412@080333.2250 44cqq477b1ip0hm0cqjop0tn19 Query : select fieldkey,fieldname,fieldtype,mandatory from wsfi039fields
20240412@080333.2307 44cqq477b1ip0hm0cqjop0tn19 Query : select 1 valor from information_schema.tables where table_type='base table' and table_name='wsfi2039fields'
20240412@080333.2321 44cqq477b1ip0hm0cqjop0tn19 Query : select fieldkey,fieldname,fieldtype,mandatory from wsfi2039fields
20240412@080333.2326 44cqq477b1ip0hm0cqjop0tn19 Query : select sestamp valor from se where ref ='324.1406.00.1' and lote = '10/20'
20240412@080333.2387 44cqq477b1ip0hm0cqjop0tn19 Query : select top 1 convert(numeric(6,2),t.taxa) valor from taxasiva t where t.codigo='2'
20240412@080333.2397 44cqq477b1ip0hm0cqjop0tn19 Query : select 1 valor from information_schema.tables where table_type='base table' and table_name='wsfi039fields'
20240412@080333.2411 44cqq477b1ip0hm0cqjop0tn19 Query : select fieldkey,fieldname,fieldtype,calcformula from wsfi039fields
20240412@080333.2434 44cqq477b1ip0hm0cqjop0tn19 Query : insert into wsfi039data (fistamp,ousrdata, ousrhora, usrdata,usrhora,ousrinis,usrinis ,qtt ,ftstamp ,epv,pvmoeda ,tabiva,iva,lordem ,ref, design ,lote,armazem,bistamp ) values ('aut6618d868696618dcc53a',getdate(),convert(char(8),convert (time,getdate())),getdate(),convert(char(8),convert (time,getdate())),'wsv','wsv',60.000 ,'aut6618d633056618dcc515' ,0,0 ,2,23.00,10000,?,?,?,?,?)
20240412@080333.2728 44cqq477b1ip0hm0cqjop0tn19 Query : select 1 valor from information_schema.tables where table_type='base table' and table_name='wsfi2039fields'
20240412@080333.2764 44cqq477b1ip0hm0cqjop0tn19 Query : select fieldkey,fieldname,fieldtype,calcformula from wsfi2039fields
20240412@080333.2769 44cqq477b1ip0hm0cqjop0tn19 Query : insert into wsfi2039data (fi2stamp,ftstamp ,ousrdata, ousrhora, usrdata,usrhora,ousrinis,usrinis) values ('aut6618d868696618dcc53a','aut6618d633056618dcc515' ,getdate(),convert(char(8),convert (time,getdate())),getdate(),convert(char(8),convert (time,getdate())),'wsv','wsv')
20240412@080333.2774 44cqq477b1ip0hm0cqjop0tn19 Query : use flama_phc
20240412@080333.2777 44cqq477b1ip0hm0cqjop0tn19 Query : select st.usalote valor from st where st.ref = '324.1406.00.1'
20240412@080333.2787 44cqq477b1ip0hm0cqjop0tn19 Query : select top 1 st.tabiva ,st.ivaincl ,st.stns ,st.uni2 ,st.familia ,isnull(tx.taxa, 0) txiva ,unidade ,usalote ,epcpond ,noserie from st left join taxasiva tx on st.tabiva = tx.codigo where st.ref = '324.1406.00.1'
20240412@080333.2798 44cqq477b1ip0hm0cqjop0tn19 Query : select 1 valor from information_schema.tables where table_type='base table' and table_name='wsfi039fields'
20240412@080333.2811 44cqq477b1ip0hm0cqjop0tn19 Query : select fieldkey,fieldname,fieldtype,mandatory from wsfi039fields
20240412@080333.2835 44cqq477b1ip0hm0cqjop0tn19 Query : select 1 valor from information_schema.tables where table_type='base table' and table_name='wsfi2039fields'
20240412@080333.2848 44cqq477b1ip0hm0cqjop0tn19 Query : select fieldkey,fieldname,fieldtype,mandatory from wsfi2039fields
20240412@080333.2855 44cqq477b1ip0hm0cqjop0tn19 Query : select sestamp valor from se where ref ='324.1406.00.1' and lote = '10/20'
20240412@080333.3270 44cqq477b1ip0hm0cqjop0tn19 Query : select top 1 convert(numeric(6,2),t.taxa) valor from taxasiva t where t.codigo='2'
20240412@080333.3294 44cqq477b1ip0hm0cqjop0tn19 Query : select 1 valor from information_schema.tables where table_type='base table' and table_name='wsfi039fields'
20240412@080333.3309 44cqq477b1ip0hm0cqjop0tn19 Query : select fieldkey,fieldname,fieldtype,calcformula from wsfi039fields
20240412@080333.3335 44cqq477b1ip0hm0cqjop0tn19 Query : insert into wsfi039data (fistamp,ousrdata, ousrhora, usrdata,usrhora,ousrinis,usrinis ,qtt ,ftstamp ,epv,pvmoeda ,tabiva,iva,lordem ,ref, design ,lote,armazem,bistamp ) values ('aut6618d886786618dcc550',getdate(),convert(char(8),convert (time,getdate())),getdate(),convert(char(8),convert (time,getdate())),'wsv','wsv',42.000 ,'aut6618d633056618dcc515' ,0,0 ,2,23.00,20000,?,?,?,?,?)
20240412@080333.3631 44cqq477b1ip0hm0cqjop0tn19 Query : select 1 valor from information_schema.tables where table_type='base table' and table_name='wsfi2039fields'
20240412@080333.3647 44cqq477b1ip0hm0cqjop0tn19 Query : select fieldkey,fieldname,fieldtype,calcformula from wsfi2039fields
20240412@080333.3651 44cqq477b1ip0hm0cqjop0tn19 Query : insert into wsfi2039data (fi2stamp,ftstamp ,ousrdata, ousrhora, usrdata,usrhora,ousrinis,usrinis) values ('aut6618d886786618dcc550','aut6618d633056618dcc515' ,getdate(),convert(char(8),convert (time,getdate())),getdate(),convert(char(8),convert (time,getdate())),'wsv','wsv')
20240412@080333.3655 44cqq477b1ip0hm0cqjop0tn19 Query : insert into wsftcreationlog (initialftstamp,externalid,creationstatus,documenttypeid,idustamp) values ('aut6618d633056618dcc515','2402674','wait',39,'ari17112337378,753000005')
20240412@080333.3672 44cqq477b1ip0hm0cqjop0tn19 Query : use flama_phc
20240412@080333.3676 44cqq477b1ip0hm0cqjop0tn19 Query : update u_wsusers set rqsttoken =? where userid ='userls001'
20240412@080333.3687 44cqq477b1ip0hm0cqjop0tn19 Query : select concat(rtrim(relative_path),ltrim(name_new)) as valor from uploadfiles where uploadfile_id='1095';
20240412@080333.3712 44cqq477b1ip0hm0cqjop0tn19 Query : update uploadfiles set whenupdated=current_timestamp where uploadfile_id='1095';
20240412@080333.3728 44cqq477b1ip0hm0cqjop0tn19 Query : select concat(rtrim(relative_path),ltrim(name_new)) as valor from uploadfiles where uploadfile_id='1095';
20240412@080333.3746 44cqq477b1ip0hm0cqjop0tn19 Query : update uploadfiles set whenupdated=current_timestamp where uploadfile_id='1095';
20240412@080333.4176 1qptl9sr35i7ri9rq354fnvu8o Query : insert into uploadfiles ( name_original, name_new, option_type, relative_path, whencreated ) values ( ?, ?, ?, ?, getdate() )
20240412@080333.4190 1qptl9sr35i7ri9rq354fnvu8o Query : select uploadfile_id valor from uploadfiles where name_new = ? and option_type = ? 
20240412@080333.4337 1qptl9sr35i7ri9rq354fnvu8o Query : select concat(rtrim(relative_path),ltrim(name_new)) as valor from uploadfiles where uploadfile_id='1096';
20240412@080333.4414 1qptl9sr35i7ri9rq354fnvu8o Query : update uploadfiles set whenupdated=current_timestamp where uploadfile_id='1096';
20240412@080333.4520 1qptl9sr35i7ri9rq354fnvu8o Query : select concat(rtrim(relative_path),ltrim(name_new)) as valor from uploadfiles where uploadfile_id='1096';
20240412@080333.4543 1qptl9sr35i7ri9rq354fnvu8o Query : update uploadfiles set whenupdated=current_timestamp where uploadfile_id='1096';
20240412@080333.4557 1qptl9sr35i7ri9rq354fnvu8o Query : use flama_phc
20240412@080333.4560 1qptl9sr35i7ri9rq354fnvu8o Query : select top 1 secretkey valor from u_wsusers u where u.userid = ? and u.inactivo=0
20240412@080333.4574 1qptl9sr35i7ri9rq354fnvu8o Query : use flama_phc
20240412@080333.4577 1qptl9sr35i7ri9rq354fnvu8o Query : select no, estab,szadrsdesc from szadrs where u_coddest=4740
20240412@080333.4619 1qptl9sr35i7ri9rq354fnvu8o Query : select top 1 isnull(design,'') valor from st (nolock) left join stobs (nolock) on st.ref = stobs.ref where st.ref = '324.2221.00.1'
20240412@080333.4808 1qptl9sr35i7ri9rq354fnvu8o Query : select top 1 bistamp valor from bi inner join bo on bo.bostamp=bi.bostamp where bo.ndos =240 and bo.boano =2026 and bo.obrano = 2402675 and bi.ref ='324.2221.00.1' and bi.lordem =1
20240412@080333.5169 1qptl9sr35i7ri9rq354fnvu8o Query : use flama_phc
20240412@080333.5173 1qptl9sr35i7ri9rq354fnvu8o Query : select top 1 convert(date,fdata) valor from ft where ndoc = 39 and anulado= 0 and fno>0 order by fdata desc
20240412@080333.5187 1qptl9sr35i7ri9rq354fnvu8o Query : use flama_phc
20240412@080333.5190 1qptl9sr35i7ri9rq354fnvu8o Query : select top 1 1 valor from td where td.ndoc = 39
20240412@080333.5201 1qptl9sr35i7ri9rq354fnvu8o Query : use flama_phc
20240412@080333.5204 1qptl9sr35i7ri9rq354fnvu8o Query : select descricao ,case when valor='s' then 1 else 0 end usalotes from para1 where descricao in ('st_lote')
20240412@080333.5218 1qptl9sr35i7ri9rq354fnvu8o Query : select top 1 assinadoc issigned ,td.lancasl stocks ,'cl' origin ,case when (cmsl between 1 and 50 ) then 1 else 0 end entrada ,case when (cmsl>50 ) then 1 else 0 end saida ,~lotestock validatestock ,tiposaft from td inner join td2 on td.tdstamp=td2.td2stamp where td.ndoc =39
20240412@080333.5234 1qptl9sr35i7ri9rq354fnvu8o Query : use flama_phc
20240412@080333.5238 1qptl9sr35i7ri9rq354fnvu8o Query : select top 1 ~inactivo valor from cl where no = '100810' and estab = 0 order by inactivo desc
20240412@080333.5248 1qptl9sr35i7ri9rq354fnvu8o Query : use flama_phc
20240412@080333.5252 1qptl9sr35i7ri9rq354fnvu8o Query : select top 1 tipodoc,regrd from td where ndoc = 39
20240412@080333.5262 1qptl9sr35i7ri9rq354fnvu8o Query : use flama_phc
20240412@080333.5268 1qptl9sr35i7ri9rq354fnvu8o Query : select szadrsstamp valor from szadrs where szadrsdesc='espaÇotrans,lda'
20240412@080333.5279 1qptl9sr35i7ri9rq354fnvu8o Query : use flama_phc
20240412@080333.5282 1qptl9sr35i7ri9rq354fnvu8o Query : select szadrsstamp valor from szadrs where szadrsdesc='100810 - worten-equipamentos para o lar,sa.'
20240412@080333.5295 1qptl9sr35i7ri9rq354fnvu8o Query : use flama_phc
20240412@080333.5297 1qptl9sr35i7ri9rq354fnvu8o Query : select 1 valor from td where ndoc = 39
20240412@080333.5308 1qptl9sr35i7ri9rq354fnvu8o Query : select top 1 manternumero, tiposaft, nmdos,td.assinadoc from td where td.ndoc = 39
20240412@080333.5319 1qptl9sr35i7ri9rq354fnvu8o Query : select 1 valor from information_schema.tables where table_type='base table' and table_name='wsft039fields'
20240412@080333.5333 1qptl9sr35i7ri9rq354fnvu8o Query : select fieldkey,fieldname,fieldtype,mandatory from wsft039fields
20240412@080333.5348 1qptl9sr35i7ri9rq354fnvu8o Query : select 1 valor from information_schema.tables where table_type='base table' and table_name='wsft2039fields'
20240412@080333.5361 1qptl9sr35i7ri9rq354fnvu8o Query : select fieldkey,fieldname,fieldtype,mandatory from wsft2039fields
20240412@080333.5388 1qptl9sr35i7ri9rq354fnvu8o Query : select 1 valor from information_schema.tables where table_type='base table' and table_name='wsft3039fields'
20240412@080333.5440 1qptl9sr35i7ri9rq354fnvu8o Query : select fieldkey,fieldname,fieldtype,mandatory from wsft3039fields
20240412@080333.5450 1qptl9sr35i7ri9rq354fnvu8o Query : select top 1 ft.fno valor from ft ft where ft.ndoc = 39 and ftano=2024 order by fno desc
20240412@080333.5545 1qptl9sr35i7ri9rq354fnvu8o Query : select top 1 ft.fno valor from wsft039data ft where ft.ndoc = 39 and ftano=2024 order by fno desc
20240412@080333.5554 1qptl9sr35i7ri9rq354fnvu8o Query : select 1 valor from information_schema.tables where table_type='base table' and table_name='wsft3039fields'
20240412@080333.5570 1qptl9sr35i7ri9rq354fnvu8o Query : select fieldkey,fieldname,fieldtype,calcformula from wsft3039fields
20240412@080333.5581 1qptl9sr35i7ri9rq354fnvu8o Query : insert into wsft3039data (ft3stamp, ousrdata, ousrhora, usrdata,usrhora,ousrinis,usrinis,taxpointdt ) values ('aut6618d572216618dcc585' ,getdate(),convert(char(8),convert (time,getdate())),getdate(),convert(char(8),convert (time,getdate())),'wsv','wsv',?)
20240412@080333.5794 1qptl9sr35i7ri9rq354fnvu8o Query : select 1 valor from information_schema.tables where table_type='base table' and table_name='wsft2039fields'
20240412@080333.5834 1qptl9sr35i7ri9rq354fnvu8o Query : select fieldkey,fieldname,fieldtype,calcformula from wsft2039fields
20240412@080333.5865 1qptl9sr35i7ri9rq354fnvu8o Query : select top 1 bo.u_nomeenv valor from bo where bo.bostamp=''
20240412@080333.5871 1qptl9sr35i7ri9rq354fnvu8o Query : select top 1 bo.u_moradaen valor from bo where bo.bostamp=''
20240412@080333.5875 1qptl9sr35i7ri9rq354fnvu8o Query : select top 1 bo.u_codposen valor from bo where bo.bostamp=''
20240412@080333.5879 1qptl9sr35i7ri9rq354fnvu8o Query : select top 1 bo.u_localenv valor from bo where bo.bostamp=''
20240412@080333.5884 1qptl9sr35i7ri9rq354fnvu8o Query : select top 1 bo.trab5 valor from bo where bo.bostamp=''
20240412@080333.5888 1qptl9sr35i7ri9rq354fnvu8o Query : select top 1 bo.serie valor from bo where bo.bostamp=''
20240412@080333.5892 1qptl9sr35i7ri9rq354fnvu8o Query : insert into wsft2039data (ft2stamp, ousrdata,ousrhora, usrdata,usrhora,ousrinis,usrinis,u_nomeenv ,u_moradaen ,u_codposen ,u_localenv ,u_coddest ,u_codby ) values ('aut6618d572216618dcc585',getdate(),convert(char(8),convert (time,getdate())),getdate(),convert(char(8),convert (time,getdate())),'wsv','wsv',?,?,?,?,?,?)
20240412@080333.6207 1qptl9sr35i7ri9rq354fnvu8o Query : select top 1 fno valor from wsft039data order by fno desc
20240412@080333.6227 1qptl9sr35i7ri9rq354fnvu8o Query : select 1 valor from information_schema.tables where table_type='base table' and table_name='wsft039fields'
20240412@080333.6242 1qptl9sr35i7ri9rq354fnvu8o Query : select fieldkey,fieldname,fieldtype,calcformula from wsft039fields
20240412@080333.6260 1qptl9sr35i7ri9rq354fnvu8o Query : insert into wsft039data (ftstamp, ousrdata,ousrhora, usrdata,usrhora,ousrinis,usrinis,fno,no,estab,fdata,ndoc,moeda,cambio,cambiofixo,ftano,cdata,chora,carga,descar,site ,classe ) values ('aut6618d572216618dcc585',getdate(),convert(char(8),convert (time,getdate())),getdate(),convert(char(8),convert (time,getdate())),'wsv','wsv',847,100810,0,'2024-04-12',39,'euro',0,0,2024 ,'20240412','0833',?,?,?,?)
20240412@080333.6611 1qptl9sr35i7ri9rq354fnvu8o Query : use flama_phc
20240412@080333.6617 1qptl9sr35i7ri9rq354fnvu8o Query : select st.usalote valor from st where st.ref = '324.2221.00.1'
20240412@080333.6631 1qptl9sr35i7ri9rq354fnvu8o Query : select top 1 st.tabiva ,st.ivaincl ,st.stns ,st.uni2 ,st.familia ,isnull(tx.taxa, 0) txiva ,unidade ,usalote ,epcpond ,noserie from st left join taxasiva tx on st.tabiva = tx.codigo where st.ref = '324.2221.00.1'
20240412@080333.6817 1qptl9sr35i7ri9rq354fnvu8o Query : select 1 valor from information_schema.tables where table_type='base table' and table_name='wsfi039fields'
20240412@080333.6832 1qptl9sr35i7ri9rq354fnvu8o Query : select fieldkey,fieldname,fieldtype,mandatory from wsfi039fields
20240412@080333.6855 1qptl9sr35i7ri9rq354fnvu8o Query : select 1 valor from information_schema.tables where table_type='base table' and table_name='wsfi2039fields'
20240412@080333.6869 1qptl9sr35i7ri9rq354fnvu8o Query : select fieldkey,fieldname,fieldtype,mandatory from wsfi2039fields
20240412@080333.6874 1qptl9sr35i7ri9rq354fnvu8o Query : select sestamp valor from se where ref ='324.2221.00.1' and lote = 'r2301281300a'
20240412@080333.6885 1qptl9sr35i7ri9rq354fnvu8o Query : select top 1 convert(numeric(6,2),t.taxa) valor from taxasiva t where t.codigo='2'
20240412@080333.6895 1qptl9sr35i7ri9rq354fnvu8o Query : select 1 valor from information_schema.tables where table_type='base table' and table_name='wsfi039fields'
20240412@080333.6908 1qptl9sr35i7ri9rq354fnvu8o Query : select fieldkey,fieldname,fieldtype,calcformula from wsfi039fields
20240412@080333.6933 1qptl9sr35i7ri9rq354fnvu8o Query : insert into wsfi039data (fistamp,ousrdata, ousrhora, usrdata,usrhora,ousrinis,usrinis ,qtt ,ftstamp ,epv,pvmoeda ,tabiva,iva,lordem ,ref, design ,lote,armazem,bistamp ) values ('aut6618d350226618dcc5a8',getdate(),convert(char(8),convert (time,getdate())),getdate(),convert(char(8),convert (time,getdate())),'wsv','wsv',16.000 ,'aut6618d572216618dcc585' ,0,0 ,2,23.00,10000,?,?,?,?,?)
20240412@080333.7230 1qptl9sr35i7ri9rq354fnvu8o Query : select 1 valor from information_schema.tables where table_type='base table' and table_name='wsfi2039fields'
20240412@080333.7266 1qptl9sr35i7ri9rq354fnvu8o Query : select fieldkey,fieldname,fieldtype,calcformula from wsfi2039fields
20240412@080333.7271 1qptl9sr35i7ri9rq354fnvu8o Query : insert into wsfi2039data (fi2stamp,ftstamp ,ousrdata, ousrhora, usrdata,usrhora,ousrinis,usrinis) values ('aut6618d350226618dcc5a8','aut6618d572216618dcc585' ,getdate(),convert(char(8),convert (time,getdate())),getdate(),convert(char(8),convert (time,getdate())),'wsv','wsv')
20240412@080333.7275 1qptl9sr35i7ri9rq354fnvu8o Query : insert into wsftcreationlog (initialftstamp,externalid,creationstatus,documenttypeid,idustamp) values ('aut6618d572216618dcc585','2402675','wait',39,'ari17112337378,753000005')
20240412@080333.7291 1qptl9sr35i7ri9rq354fnvu8o Query : use flama_phc
20240412@080333.7294 1qptl9sr35i7ri9rq354fnvu8o Query : update u_wsusers set rqsttoken =? where userid ='userls001'
20240412@080333.7306 1qptl9sr35i7ri9rq354fnvu8o Query : select concat(rtrim(relative_path),ltrim(name_new)) as valor from uploadfiles where uploadfile_id='1096';
20240412@080333.7325 1qptl9sr35i7ri9rq354fnvu8o Query : update uploadfiles set whenupdated=current_timestamp where uploadfile_id='1096';
20240412@080333.7340 1qptl9sr35i7ri9rq354fnvu8o Query : select concat(rtrim(relative_path),ltrim(name_new)) as valor from uploadfiles where uploadfile_id='1096';
20240412@080333.7354 1qptl9sr35i7ri9rq354fnvu8o Query : update uploadfiles set whenupdated=current_timestamp where uploadfile_id='1096';
20240412@080333.7985 q7eqs481l6nq06v5tlad0g6n9q Query : insert into uploadfiles ( name_original, name_new, option_type, relative_path, whencreated ) values ( ?, ?, ?, ?, getdate() )
20240412@080333.8009 q7eqs481l6nq06v5tlad0g6n9q Query : select uploadfile_id valor from uploadfiles where name_new = ? and option_type = ? 
20240412@080333.8033 q7eqs481l6nq06v5tlad0g6n9q Query : select concat(rtrim(relative_path),ltrim(name_new)) as valor from uploadfiles where uploadfile_id='1097';
20240412@080333.8077 q7eqs481l6nq06v5tlad0g6n9q Query : update uploadfiles set whenupdated=current_timestamp where uploadfile_id='1097';
20240412@080333.8095 q7eqs481l6nq06v5tlad0g6n9q Query : select concat(rtrim(relative_path),ltrim(name_new)) as valor from uploadfiles where uploadfile_id='1097';
20240412@080333.8109 q7eqs481l6nq06v5tlad0g6n9q Query : update uploadfiles set whenupdated=current_timestamp where uploadfile_id='1097';
20240412@080333.8124 q7eqs481l6nq06v5tlad0g6n9q Query : use flama_phc
20240412@080333.8128 q7eqs481l6nq06v5tlad0g6n9q Query : select top 1 secretkey valor from u_wsusers u where u.userid = ? and u.inactivo=0
20240412@080333.8140 q7eqs481l6nq06v5tlad0g6n9q Query : use flama_phc
20240412@080333.8144 q7eqs481l6nq06v5tlad0g6n9q Query : select no, estab,szadrsdesc from szadrs where u_coddest=4740
20240412@080333.8188 q7eqs481l6nq06v5tlad0g6n9q Query : select top 1 isnull(design,'') valor from st (nolock) left join stobs (nolock) on st.ref = stobs.ref where st.ref = '324.2222.00.1'
20240412@080333.8408 q7eqs481l6nq06v5tlad0g6n9q Query : select top 1 bistamp valor from bi inner join bo on bo.bostamp=bi.bostamp where bo.ndos =240 and bo.boano =2026 and bo.obrano = 2402676 and bi.ref ='324.2222.00.1' and bi.lordem =1
20240412@080333.8795 q7eqs481l6nq06v5tlad0g6n9q Query : select top 1 isnull(design,'') valor from st (nolock) left join stobs (nolock) on st.ref = stobs.ref where st.ref = '324.2222.00.1'
20240412@080333.8806 q7eqs481l6nq06v5tlad0g6n9q Query : select top 1 bistamp valor from bi inner join bo on bo.bostamp=bi.bostamp where bo.ndos =240 and bo.boano =2026 and bo.obrano = 2402676 and bi.ref ='324.2222.00.1' and bi.lordem =1
20240412@080333.8812 q7eqs481l6nq06v5tlad0g6n9q Query : use flama_phc
20240412@080333.8816 q7eqs481l6nq06v5tlad0g6n9q Query : select top 1 convert(date,fdata) valor from ft where ndoc = 39 and anulado= 0 and fno>0 order by fdata desc
20240412@080333.8870 q7eqs481l6nq06v5tlad0g6n9q Query : use flama_phc
20240412@080333.8873 q7eqs481l6nq06v5tlad0g6n9q Query : select top 1 1 valor from td where td.ndoc = 39
20240412@080333.8882 q7eqs481l6nq06v5tlad0g6n9q Query : use flama_phc
20240412@080333.8885 q7eqs481l6nq06v5tlad0g6n9q Query : select descricao ,case when valor='s' then 1 else 0 end usalotes from para1 where descricao in ('st_lote')
20240412@080333.8895 q7eqs481l6nq06v5tlad0g6n9q Query : select top 1 assinadoc issigned ,td.lancasl stocks ,'cl' origin ,case when (cmsl between 1 and 50 ) then 1 else 0 end entrada ,case when (cmsl>50 ) then 1 else 0 end saida ,~lotestock validatestock ,tiposaft from td inner join td2 on td.tdstamp=td2.td2stamp where td.ndoc =39
20240412@080333.8910 q7eqs481l6nq06v5tlad0g6n9q Query : use flama_phc
20240412@080333.8913 q7eqs481l6nq06v5tlad0g6n9q Query : select top 1 ~inactivo valor from cl where no = '100810' and estab = 0 order by inactivo desc
20240412@080333.8924 q7eqs481l6nq06v5tlad0g6n9q Query : use flama_phc
20240412@080333.8927 q7eqs481l6nq06v5tlad0g6n9q Query : select top 1 tipodoc,regrd from td where ndoc = 39
20240412@080333.8938 q7eqs481l6nq06v5tlad0g6n9q Query : use flama_phc
20240412@080333.8941 q7eqs481l6nq06v5tlad0g6n9q Query : select szadrsstamp valor from szadrs where szadrsdesc='espaÇotrans,lda'
20240412@080333.8952 q7eqs481l6nq06v5tlad0g6n9q Query : use flama_phc
20240412@080333.8955 q7eqs481l6nq06v5tlad0g6n9q Query : select szadrsstamp valor from szadrs where szadrsdesc='100810 - worten-equipamentos para o lar,sa.'
20240412@080333.9042 q7eqs481l6nq06v5tlad0g6n9q Query : use flama_phc
20240412@080333.9045 q7eqs481l6nq06v5tlad0g6n9q Query : select 1 valor from td where ndoc = 39
20240412@080333.9054 q7eqs481l6nq06v5tlad0g6n9q Query : select top 1 manternumero, tiposaft, nmdos,td.assinadoc from td where td.ndoc = 39
20240412@080333.9067 q7eqs481l6nq06v5tlad0g6n9q Query : select 1 valor from information_schema.tables where table_type='base table' and table_name='wsft039fields'
20240412@080333.9080 q7eqs481l6nq06v5tlad0g6n9q Query : select fieldkey,fieldname,fieldtype,mandatory from wsft039fields
20240412@080333.9131 q7eqs481l6nq06v5tlad0g6n9q Query : select 1 valor from information_schema.tables where table_type='base table' and table_name='wsft2039fields'
20240412@080333.9182 q7eqs481l6nq06v5tlad0g6n9q Query : select fieldkey,fieldname,fieldtype,mandatory from wsft2039fields
20240412@080333.9211 q7eqs481l6nq06v5tlad0g6n9q Query : select 1 valor from information_schema.tables where table_type='base table' and table_name='wsft3039fields'
20240412@080333.9230 q7eqs481l6nq06v5tlad0g6n9q Query : select fieldkey,fieldname,fieldtype,mandatory from wsft3039fields
20240412@080333.9240 q7eqs481l6nq06v5tlad0g6n9q Query : select top 1 ft.fno valor from ft ft where ft.ndoc = 39 and ftano=2024 order by fno desc
20240412@080333.9338 q7eqs481l6nq06v5tlad0g6n9q Query : select top 1 ft.fno valor from wsft039data ft where ft.ndoc = 39 and ftano=2024 order by fno desc
20240412@080333.9351 q7eqs481l6nq06v5tlad0g6n9q Query : select 1 valor from information_schema.tables where table_type='base table' and table_name='wsft3039fields'
20240412@080333.9366 q7eqs481l6nq06v5tlad0g6n9q Query : select fieldkey,fieldname,fieldtype,calcformula from wsft3039fields
20240412@080333.9378 q7eqs481l6nq06v5tlad0g6n9q Query : insert into wsft3039data (ft3stamp, ousrdata, ousrhora, usrdata,usrhora,ousrinis,usrinis,taxpointdt ) values ('aut6618d694136618dcc5e1' ,getdate(),convert(char(8),convert (time,getdate())),getdate(),convert(char(8),convert (time,getdate())),'wsv','wsv',?)
20240412@080333.9582 q7eqs481l6nq06v5tlad0g6n9q Query : select 1 valor from information_schema.tables where table_type='base table' and table_name='wsft2039fields'
20240412@080333.9600 q7eqs481l6nq06v5tlad0g6n9q Query : select fieldkey,fieldname,fieldtype,calcformula from wsft2039fields
20240412@080333.9635 q7eqs481l6nq06v5tlad0g6n9q Query : select top 1 bo.u_nomeenv valor from bo where bo.bostamp=''
20240412@080333.9641 q7eqs481l6nq06v5tlad0g6n9q Query : select top 1 bo.u_moradaen valor from bo where bo.bostamp=''
20240412@080333.9645 q7eqs481l6nq06v5tlad0g6n9q Query : select top 1 bo.u_codposen valor from bo where bo.bostamp=''
20240412@080333.9650 q7eqs481l6nq06v5tlad0g6n9q Query : select top 1 bo.u_localenv valor from bo where bo.bostamp=''
20240412@080333.9654 q7eqs481l6nq06v5tlad0g6n9q Query : select top 1 bo.trab5 valor from bo where bo.bostamp=''
20240412@080333.9660 q7eqs481l6nq06v5tlad0g6n9q Query : select top 1 bo.serie valor from bo where bo.bostamp=''
20240412@080333.9666 q7eqs481l6nq06v5tlad0g6n9q Query : insert into wsft2039data (ft2stamp, ousrdata,ousrhora, usrdata,usrhora,ousrinis,usrinis,u_nomeenv ,u_moradaen ,u_codposen ,u_localenv ,u_coddest ,u_codby ) values ('aut6618d694136618dcc5e1',getdate(),convert(char(8),convert (time,getdate())),getdate(),convert(char(8),convert (time,getdate())),'wsv','wsv',?,?,?,?,?,?)
20240412@080334.6300 q7eqs481l6nq06v5tlad0g6n9q Query : select top 1 fno valor from wsft039data order by fno desc
20240412@080334.8300 q7eqs481l6nq06v5tlad0g6n9q Query : select 1 valor from information_schema.tables where table_type='base table' and table_name='wsft039fields'
20240412@080334.9800 q7eqs481l6nq06v5tlad0g6n9q Query : select fieldkey,fieldname,fieldtype,calcformula from wsft039fields
20240412@080334.1470 q7eqs481l6nq06v5tlad0g6n9q Query : insert into wsft039data (ftstamp, ousrdata,ousrhora, usrdata,usrhora,ousrinis,usrinis,fno,no,estab,fdata,ndoc,moeda,cambio,cambiofixo,ftano,cdata,chora,carga,descar,site ,classe ) values ('aut6618d694136618dcc5e1',getdate(),convert(char(8),convert (time,getdate())),getdate(),convert(char(8),convert (time,getdate())),'wsv','wsv',848,100810,0,'2024-04-12',39,'euro',0,0,2024 ,'20240412','0833',?,?,?,?)
20240412@080334.5200 q7eqs481l6nq06v5tlad0g6n9q Query : use flama_phc
20240412@080334.5290 q7eqs481l6nq06v5tlad0g6n9q Query : select st.usalote valor from st where st.ref = '324.2222.00.1'
20240412@080334.5440 q7eqs481l6nq06v5tlad0g6n9q Query : select top 1 st.tabiva ,st.ivaincl ,st.stns ,st.uni2 ,st.familia ,isnull(tx.taxa, 0) txiva ,unidade ,usalote ,epcpond ,noserie from st left join taxasiva tx on st.tabiva = tx.codigo where st.ref = '324.2222.00.1'
20240412@080334.7130 q7eqs481l6nq06v5tlad0g6n9q Query : select 1 valor from information_schema.tables where table_type='base table' and table_name='wsfi039fields'
20240412@080334.7270 q7eqs481l6nq06v5tlad0g6n9q Query : select fieldkey,fieldname,fieldtype,mandatory from wsfi039fields
20240412@080334.7600 q7eqs481l6nq06v5tlad0g6n9q Query : select 1 valor from information_schema.tables where table_type='base table' and table_name='wsfi2039fields'
20240412@080334.7740 q7eqs481l6nq06v5tlad0g6n9q Query : select fieldkey,fieldname,fieldtype,mandatory from wsfi2039fields
20240412@080334.7780 q7eqs481l6nq06v5tlad0g6n9q Query : select sestamp valor from se where ref ='324.2222.00.1' and lote = 'r2301280100a'
20240412@080334.7930 q7eqs481l6nq06v5tlad0g6n9q Query : select top 1 convert(numeric(6,2),t.taxa) valor from taxasiva t where t.codigo='2'
20240412@080334.8030 q7eqs481l6nq06v5tlad0g6n9q Query : select 1 valor from information_schema.tables where table_type='base table' and table_name='wsfi039fields'
20240412@080334.8170 q7eqs481l6nq06v5tlad0g6n9q Query : select fieldkey,fieldname,fieldtype,calcformula from wsfi039fields
20240412@080334.8520 q7eqs481l6nq06v5tlad0g6n9q Query : insert into wsfi039data (fistamp,ousrdata, ousrhora, usrdata,usrhora,ousrinis,usrinis ,qtt ,ftstamp ,epv,pvmoeda ,tabiva,iva,lordem ,ref, design ,lote,armazem,bistamp ) values ('aut6618d900646618dcc613',getdate(),convert(char(8),convert (time,getdate())),getdate(),convert(char(8),convert (time,getdate())),'wsv','wsv',16.000 ,'aut6618d694136618dcc5e1' ,0,0 ,2,23.00,10000,?,?,?,?,?)
20240412@080334.1190 q7eqs481l6nq06v5tlad0g6n9q Query : select 1 valor from information_schema.tables where table_type='base table' and table_name='wsfi2039fields'
20240412@080334.1208 q7eqs481l6nq06v5tlad0g6n9q Query : select fieldkey,fieldname,fieldtype,calcformula from wsfi2039fields
20240412@080334.1213 q7eqs481l6nq06v5tlad0g6n9q Query : insert into wsfi2039data (fi2stamp,ftstamp ,ousrdata, ousrhora, usrdata,usrhora,ousrinis,usrinis) values ('aut6618d900646618dcc613','aut6618d694136618dcc5e1' ,getdate(),convert(char(8),convert (time,getdate())),getdate(),convert(char(8),convert (time,getdate())),'wsv','wsv')
20240412@080334.1220 q7eqs481l6nq06v5tlad0g6n9q Query : use flama_phc
20240412@080334.1224 q7eqs481l6nq06v5tlad0g6n9q Query : select st.usalote valor from st where st.ref = '324.2222.00.1'
20240412@080334.1235 q7eqs481l6nq06v5tlad0g6n9q Query : select top 1 st.tabiva ,st.ivaincl ,st.stns ,st.uni2 ,st.familia ,isnull(tx.taxa, 0) txiva ,unidade ,usalote ,epcpond ,noserie from st left join taxasiva tx on st.tabiva = tx.codigo where st.ref = '324.2222.00.1'
20240412@080334.1255 q7eqs481l6nq06v5tlad0g6n9q Query : select 1 valor from information_schema.tables where table_type='base table' and table_name='wsfi039fields'
20240412@080334.1273 q7eqs481l6nq06v5tlad0g6n9q Query : select fieldkey,fieldname,fieldtype,mandatory from wsfi039fields
20240412@080334.1308 q7eqs481l6nq06v5tlad0g6n9q Query : select 1 valor from information_schema.tables where table_type='base table' and table_name='wsfi2039fields'
20240412@080334.1325 q7eqs481l6nq06v5tlad0g6n9q Query : select fieldkey,fieldname,fieldtype,mandatory from wsfi2039fields
20240412@080334.1332 q7eqs481l6nq06v5tlad0g6n9q Query : select sestamp valor from se where ref ='324.2222.00.1' and lote = 'r2300829100a'
20240412@080334.1352 q7eqs481l6nq06v5tlad0g6n9q Query : select top 1 convert(numeric(6,2),t.taxa) valor from taxasiva t where t.codigo='2'
20240412@080334.1361 q7eqs481l6nq06v5tlad0g6n9q Query : select 1 valor from information_schema.tables where table_type='base table' and table_name='wsfi039fields'
20240412@080334.1375 q7eqs481l6nq06v5tlad0g6n9q Query : select fieldkey,fieldname,fieldtype,calcformula from wsfi039fields
20240412@080334.1400 q7eqs481l6nq06v5tlad0g6n9q Query : insert into wsfi039data (fistamp,ousrdata, ousrhora, usrdata,usrhora,ousrinis,usrinis ,qtt ,ftstamp ,epv,pvmoeda ,tabiva,iva,lordem ,ref, design ,lote,armazem,bistamp ) values ('aut6618d838716618dcc621',getdate(),convert(char(8),convert (time,getdate())),getdate(),convert(char(8),convert (time,getdate())),'wsv','wsv',36.000 ,'aut6618d694136618dcc5e1' ,0,0 ,2,23.00,20000,?,?,?,?,?)
20240412@080334.1705 q7eqs481l6nq06v5tlad0g6n9q Query : select 1 valor from information_schema.tables where table_type='base table' and table_name='wsfi2039fields'
20240412@080334.1723 q7eqs481l6nq06v5tlad0g6n9q Query : select fieldkey,fieldname,fieldtype,calcformula from wsfi2039fields
20240412@080334.1730 q7eqs481l6nq06v5tlad0g6n9q Query : insert into wsfi2039data (fi2stamp,ftstamp ,ousrdata, ousrhora, usrdata,usrhora,ousrinis,usrinis) values ('aut6618d838716618dcc621','aut6618d694136618dcc5e1' ,getdate(),convert(char(8),convert (time,getdate())),getdate(),convert(char(8),convert (time,getdate())),'wsv','wsv')
20240412@080334.1736 q7eqs481l6nq06v5tlad0g6n9q Query : insert into wsftcreationlog (initialftstamp,externalid,creationstatus,documenttypeid,idustamp) values ('aut6618d694136618dcc5e1','2402676','wait',39,'ari17112337378,753000005')
20240412@080334.1754 q7eqs481l6nq06v5tlad0g6n9q Query : use flama_phc
20240412@080334.1758 q7eqs481l6nq06v5tlad0g6n9q Query : update u_wsusers set rqsttoken =? where userid ='userls001'
20240412@080334.1772 q7eqs481l6nq06v5tlad0g6n9q Query : select concat(rtrim(relative_path),ltrim(name_new)) as valor from uploadfiles where uploadfile_id='1097';
20240412@080334.1791 q7eqs481l6nq06v5tlad0g6n9q Query : update uploadfiles set whenupdated=current_timestamp where uploadfile_id='1097';
20240412@080334.1807 q7eqs481l6nq06v5tlad0g6n9q Query : select concat(rtrim(relative_path),ltrim(name_new)) as valor from uploadfiles where uploadfile_id='1097';
20240412@080334.1823 q7eqs481l6nq06v5tlad0g6n9q Query : update uploadfiles set whenupdated=current_timestamp where uploadfile_id='1097';
20240412@080334.2243 4qavrds32mbhbp3pqm0h21m53r Query : insert into uploadfiles ( name_original, name_new, option_type, relative_path, whencreated ) values ( ?, ?, ?, ?, getdate() )
20240412@080334.2258 4qavrds32mbhbp3pqm0h21m53r Query : select uploadfile_id valor from uploadfiles where name_new = ? and option_type = ? 
20240412@080334.2323 4qavrds32mbhbp3pqm0h21m53r Query : select concat(rtrim(relative_path),ltrim(name_new)) as valor from uploadfiles where uploadfile_id='1098';
20240412@080334.2367 4qavrds32mbhbp3pqm0h21m53r Query : update uploadfiles set whenupdated=current_timestamp where uploadfile_id='1098';
20240412@080334.2386 4qavrds32mbhbp3pqm0h21m53r Query : select concat(rtrim(relative_path),ltrim(name_new)) as valor from uploadfiles where uploadfile_id='1098';
20240412@080334.2401 4qavrds32mbhbp3pqm0h21m53r Query : update uploadfiles set whenupdated=current_timestamp where uploadfile_id='1098';
20240412@080334.2421 4qavrds32mbhbp3pqm0h21m53r Query : use flama_phc
20240412@080334.2425 4qavrds32mbhbp3pqm0h21m53r Query : select top 1 secretkey valor from u_wsusers u where u.userid = ? and u.inactivo=0
20240412@080334.2438 4qavrds32mbhbp3pqm0h21m53r Query : use flama_phc
20240412@080334.2463 4qavrds32mbhbp3pqm0h21m53r Query : select no, estab,szadrsdesc from szadrs where u_coddest=4740
20240412@080334.2509 4qavrds32mbhbp3pqm0h21m53r Query : select top 1 isnull(design,'') valor from st (nolock) left join stobs (nolock) on st.ref = stobs.ref where st.ref = '324.2224.00.1'
20240412@080334.2694 4qavrds32mbhbp3pqm0h21m53r Query : select top 1 bistamp valor from bi inner join bo on bo.bostamp=bi.bostamp where bo.ndos =240 and bo.boano =2026 and bo.obrano = 2402677 and bi.ref ='324.2224.00.1' and bi.lordem =1
20240412@080334.3058 4qavrds32mbhbp3pqm0h21m53r Query : select top 1 isnull(design,'') valor from st (nolock) left join stobs (nolock) on st.ref = stobs.ref where st.ref = '324.2224.00.1'
20240412@080334.3073 4qavrds32mbhbp3pqm0h21m53r Query : select top 1 bistamp valor from bi inner join bo on bo.bostamp=bi.bostamp where bo.ndos =240 and bo.boano =2026 and bo.obrano = 2402677 and bi.ref ='324.2224.00.1' and bi.lordem =1
20240412@080334.3080 4qavrds32mbhbp3pqm0h21m53r Query : use flama_phc
20240412@080334.3083 4qavrds32mbhbp3pqm0h21m53r Query : select top 1 convert(date,fdata) valor from ft where ndoc = 39 and anulado= 0 and fno>0 order by fdata desc
20240412@080334.3095 4qavrds32mbhbp3pqm0h21m53r Query : use flama_phc
20240412@080334.3098 4qavrds32mbhbp3pqm0h21m53r Query : select top 1 1 valor from td where td.ndoc = 39
20240412@080334.3107 4qavrds32mbhbp3pqm0h21m53r Query : use flama_phc
20240412@080334.3119 4qavrds32mbhbp3pqm0h21m53r Query : select descricao ,case when valor='s' then 1 else 0 end usalotes from para1 where descricao in ('st_lote')
20240412@080334.3130 4qavrds32mbhbp3pqm0h21m53r Query : select top 1 assinadoc issigned ,td.lancasl stocks ,'cl' origin ,case when (cmsl between 1 and 50 ) then 1 else 0 end entrada ,case when (cmsl>50 ) then 1 else 0 end saida ,~lotestock validatestock ,tiposaft from td inner join td2 on td.tdstamp=td2.td2stamp where td.ndoc =39
20240412@080334.3145 4qavrds32mbhbp3pqm0h21m53r Query : use flama_phc
20240412@080334.3148 4qavrds32mbhbp3pqm0h21m53r Query : select top 1 ~inactivo valor from cl where no = '100810' and estab = 0 order by inactivo desc
20240412@080334.3181 4qavrds32mbhbp3pqm0h21m53r Query : use flama_phc
20240412@080334.3184 4qavrds32mbhbp3pqm0h21m53r Query : select top 1 tipodoc,regrd from td where ndoc = 39
20240412@080334.3194 4qavrds32mbhbp3pqm0h21m53r Query : use flama_phc
20240412@080334.3197 4qavrds32mbhbp3pqm0h21m53r Query : select szadrsstamp valor from szadrs where szadrsdesc='espaÇotrans,lda'
20240412@080334.3207 4qavrds32mbhbp3pqm0h21m53r Query : use flama_phc
20240412@080334.3210 4qavrds32mbhbp3pqm0h21m53r Query : select szadrsstamp valor from szadrs where szadrsdesc='100810 - worten-equipamentos para o lar,sa.'
20240412@080334.3229 4qavrds32mbhbp3pqm0h21m53r Query : use flama_phc
20240412@080334.3237 4qavrds32mbhbp3pqm0h21m53r Query : select 1 valor from td where ndoc = 39
20240412@080334.3249 4qavrds32mbhbp3pqm0h21m53r Query : select top 1 manternumero, tiposaft, nmdos,td.assinadoc from td where td.ndoc = 39
20240412@080334.3260 4qavrds32mbhbp3pqm0h21m53r Query : select 1 valor from information_schema.tables where table_type='base table' and table_name='wsft039fields'
20240412@080334.3303 4qavrds32mbhbp3pqm0h21m53r Query : select fieldkey,fieldname,fieldtype,mandatory from wsft039fields
20240412@080334.3321 4qavrds32mbhbp3pqm0h21m53r Query : select 1 valor from information_schema.tables where table_type='base table' and table_name='wsft2039fields'
20240412@080334.3338 4qavrds32mbhbp3pqm0h21m53r Query : select fieldkey,fieldname,fieldtype,mandatory from wsft2039fields
20240412@080334.4527 4qavrds32mbhbp3pqm0h21m53r Query : select 1 valor from information_schema.tables where table_type='base table' and table_name='wsft3039fields'
20240412@080334.4544 4qavrds32mbhbp3pqm0h21m53r Query : select fieldkey,fieldname,fieldtype,mandatory from wsft3039fields
20240412@080334.4555 4qavrds32mbhbp3pqm0h21m53r Query : select top 1 ft.fno valor from ft ft where ft.ndoc = 39 and ftano=2024 order by fno desc
20240412@080334.4890 4qavrds32mbhbp3pqm0h21m53r Query : select top 1 ft.fno valor from wsft039data ft where ft.ndoc = 39 and ftano=2024 order by fno desc
20240412@080334.4902 4qavrds32mbhbp3pqm0h21m53r Query : select 1 valor from information_schema.tables where table_type='base table' and table_name='wsft3039fields'
20240412@080334.4918 4qavrds32mbhbp3pqm0h21m53r Query : select fieldkey,fieldname,fieldtype,calcformula from wsft3039fields
20240412@080334.4929 4qavrds32mbhbp3pqm0h21m53r Query : insert into wsft3039data (ft3stamp, ousrdata, ousrhora, usrdata,usrhora,ousrinis,usrinis,taxpointdt ) values ('aut6618d553716618dcc66f' ,getdate(),convert(char(8),convert (time,getdate())),getdate(),convert(char(8),convert (time,getdate())),'wsv','wsv',?)
20240412@080334.5121 4qavrds32mbhbp3pqm0h21m53r Query : select 1 valor from information_schema.tables where table_type='base table' and table_name='wsft2039fields'
20240412@080334.5143 4qavrds32mbhbp3pqm0h21m53r Query : select fieldkey,fieldname,fieldtype,calcformula from wsft2039fields
20240412@080334.5198 4qavrds32mbhbp3pqm0h21m53r Query : select top 1 bo.u_nomeenv valor from bo where bo.bostamp=''
20240412@080334.5204 4qavrds32mbhbp3pqm0h21m53r Query : select top 1 bo.u_moradaen valor from bo where bo.bostamp=''
20240412@080334.5209 4qavrds32mbhbp3pqm0h21m53r Query : select top 1 bo.u_codposen valor from bo where bo.bostamp=''
20240412@080334.5215 4qavrds32mbhbp3pqm0h21m53r Query : select top 1 bo.u_localenv valor from bo where bo.bostamp=''
20240412@080334.5221 4qavrds32mbhbp3pqm0h21m53r Query : select top 1 bo.trab5 valor from bo where bo.bostamp=''
20240412@080334.5226 4qavrds32mbhbp3pqm0h21m53r Query : select top 1 bo.serie valor from bo where bo.bostamp=''
20240412@080334.5231 4qavrds32mbhbp3pqm0h21m53r Query : insert into wsft2039data (ft2stamp, ousrdata,ousrhora, usrdata,usrhora,ousrinis,usrinis,u_nomeenv ,u_moradaen ,u_codposen ,u_localenv ,u_coddest ,u_codby ) values ('aut6618d553716618dcc66f',getdate(),convert(char(8),convert (time,getdate())),getdate(),convert(char(8),convert (time,getdate())),'wsv','wsv',?,?,?,?,?,?)
20240412@080334.5515 4qavrds32mbhbp3pqm0h21m53r Query : select top 1 fno valor from wsft039data order by fno desc
20240412@080334.5556 4qavrds32mbhbp3pqm0h21m53r Query : select 1 valor from information_schema.tables where table_type='base table' and table_name='wsft039fields'
20240412@080334.5572 4qavrds32mbhbp3pqm0h21m53r Query : select fieldkey,fieldname,fieldtype,calcformula from wsft039fields
20240412@080334.5593 4qavrds32mbhbp3pqm0h21m53r Query : insert into wsft039data (ftstamp, ousrdata,ousrhora, usrdata,usrhora,ousrinis,usrinis,fno,no,estab,fdata,ndoc,moeda,cambio,cambiofixo,ftano,cdata,chora,carga,descar,site ,classe ) values ('aut6618d553716618dcc66f',getdate(),convert(char(8),convert (time,getdate())),getdate(),convert(char(8),convert (time,getdate())),'wsv','wsv',849,100810,0,'2024-04-12',39,'euro',0,0,2024 ,'20240412','0833',?,?,?,?)
20240412@080334.5990 4qavrds32mbhbp3pqm0h21m53r Query : use flama_phc
20240412@080334.5995 4qavrds32mbhbp3pqm0h21m53r Query : select st.usalote valor from st where st.ref = '324.2224.00.1'
20240412@080334.6036 4qavrds32mbhbp3pqm0h21m53r Query : select top 1 st.tabiva ,st.ivaincl ,st.stns ,st.uni2 ,st.familia ,isnull(tx.taxa, 0) txiva ,unidade ,usalote ,epcpond ,noserie from st left join taxasiva tx on st.tabiva = tx.codigo where st.ref = '324.2224.00.1'
20240412@080334.6192 4qavrds32mbhbp3pqm0h21m53r Query : select 1 valor from information_schema.tables where table_type='base table' and table_name='wsfi039fields'
20240412@080334.6208 4qavrds32mbhbp3pqm0h21m53r Query : select fieldkey,fieldname,fieldtype,mandatory from wsfi039fields
20240412@080334.6233 4qavrds32mbhbp3pqm0h21m53r Query : select 1 valor from information_schema.tables where table_type='base table' and table_name='wsfi2039fields'
20240412@080334.6313 4qavrds32mbhbp3pqm0h21m53r Query : select fieldkey,fieldname,fieldtype,mandatory from wsfi2039fields
20240412@080334.6319 4qavrds32mbhbp3pqm0h21m53r Query : select sestamp valor from se where ref ='324.2224.00.1' and lote = 'r2301281600a'
20240412@080334.6331 4qavrds32mbhbp3pqm0h21m53r Query : select top 1 convert(numeric(6,2),t.taxa) valor from taxasiva t where t.codigo='2'
20240412@080334.6361 4qavrds32mbhbp3pqm0h21m53r Query : select 1 valor from information_schema.tables where table_type='base table' and table_name='wsfi039fields'
20240412@080334.6377 4qavrds32mbhbp3pqm0h21m53r Query : select fieldkey,fieldname,fieldtype,calcformula from wsfi039fields
20240412@080334.6401 4qavrds32mbhbp3pqm0h21m53r Query : insert into wsfi039data (fistamp,ousrdata, ousrhora, usrdata,usrhora,ousrinis,usrinis ,qtt ,ftstamp ,epv,pvmoeda ,tabiva,iva,lordem ,ref, design ,lote,armazem,bistamp ) values ('aut6618d191446618dcc69b',getdate(),convert(char(8),convert (time,getdate())),getdate(),convert(char(8),convert (time,getdate())),'wsv','wsv',4.000 ,'aut6618d553716618dcc66f' ,0,0 ,2,23.00,10000,?,?,?,?,?)
20240412@080334.6694 4qavrds32mbhbp3pqm0h21m53r Query : select 1 valor from information_schema.tables where table_type='base table' and table_name='wsfi2039fields'
20240412@080334.6734 4qavrds32mbhbp3pqm0h21m53r Query : select fieldkey,fieldname,fieldtype,calcformula from wsfi2039fields
20240412@080334.6741 4qavrds32mbhbp3pqm0h21m53r Query : insert into wsfi2039data (fi2stamp,ftstamp ,ousrdata, ousrhora, usrdata,usrhora,ousrinis,usrinis) values ('aut6618d191446618dcc69b','aut6618d553716618dcc66f' ,getdate(),convert(char(8),convert (time,getdate())),getdate(),convert(char(8),convert (time,getdate())),'wsv','wsv')
20240412@080334.6747 4qavrds32mbhbp3pqm0h21m53r Query : use flama_phc
20240412@080334.6751 4qavrds32mbhbp3pqm0h21m53r Query : select st.usalote valor from st where st.ref = '324.2224.00.1'
20240412@080334.6765 4qavrds32mbhbp3pqm0h21m53r Query : select top 1 st.tabiva ,st.ivaincl ,st.stns ,st.uni2 ,st.familia ,isnull(tx.taxa, 0) txiva ,unidade ,usalote ,epcpond ,noserie from st left join taxasiva tx on st.tabiva = tx.codigo where st.ref = '324.2224.00.1'
20240412@080334.6787 4qavrds32mbhbp3pqm0h21m53r Query : select 1 valor from information_schema.tables where table_type='base table' and table_name='wsfi039fields'
20240412@080334.6829 4qavrds32mbhbp3pqm0h21m53r Query : select fieldkey,fieldname,fieldtype,mandatory from wsfi039fields
20240412@080334.6858 4qavrds32mbhbp3pqm0h21m53r Query : select 1 valor from information_schema.tables where table_type='base table' and table_name='wsfi2039fields'
20240412@080334.6879 4qavrds32mbhbp3pqm0h21m53r Query : select fieldkey,fieldname,fieldtype,mandatory from wsfi2039fields
20240412@080334.6884 4qavrds32mbhbp3pqm0h21m53r Query : select sestamp valor from se where ref ='324.2224.00.1' and lote = 'r2301281600a'
20240412@080334.6895 4qavrds32mbhbp3pqm0h21m53r Query : select top 1 convert(numeric(6,2),t.taxa) valor from taxasiva t where t.codigo='2'
20240412@080334.6906 4qavrds32mbhbp3pqm0h21m53r Query : select 1 valor from information_schema.tables where table_type='base table' and table_name='wsfi039fields'
20240412@080334.6922 4qavrds32mbhbp3pqm0h21m53r Query : select fieldkey,fieldname,fieldtype,calcformula from wsfi039fields
20240412@080334.6948 4qavrds32mbhbp3pqm0h21m53r Query : insert into wsfi039data (fistamp,ousrdata, ousrhora, usrdata,usrhora,ousrinis,usrinis ,qtt ,ftstamp ,epv,pvmoeda ,tabiva,iva,lordem ,ref, design ,lote,armazem,bistamp ) values ('aut6618d829676618dcc6a8',getdate(),convert(char(8),convert (time,getdate())),getdate(),convert(char(8),convert (time,getdate())),'wsv','wsv',20.000 ,'aut6618d553716618dcc66f' ,0,0 ,2,23.00,20000,?,?,?,?,?)
20240412@080334.7238 4qavrds32mbhbp3pqm0h21m53r Query : select 1 valor from information_schema.tables where table_type='base table' and table_name='wsfi2039fields'
20240412@080334.7255 4qavrds32mbhbp3pqm0h21m53r Query : select fieldkey,fieldname,fieldtype,calcformula from wsfi2039fields
20240412@080334.7261 4qavrds32mbhbp3pqm0h21m53r Query : insert into wsfi2039data (fi2stamp,ftstamp ,ousrdata, ousrhora, usrdata,usrhora,ousrinis,usrinis) values ('aut6618d829676618dcc6a8','aut6618d553716618dcc66f' ,getdate(),convert(char(8),convert (time,getdate())),getdate(),convert(char(8),convert (time,getdate())),'wsv','wsv')
20240412@080334.7266 4qavrds32mbhbp3pqm0h21m53r Query : insert into wsftcreationlog (initialftstamp,externalid,creationstatus,documenttypeid,idustamp) values ('aut6618d553716618dcc66f','2402677','wait',39,'ari17112337378,753000005')
20240412@080334.7284 4qavrds32mbhbp3pqm0h21m53r Query : use flama_phc
20240412@080334.7287 4qavrds32mbhbp3pqm0h21m53r Query : update u_wsusers set rqsttoken =? where userid ='userls001'
20240412@080334.7297 4qavrds32mbhbp3pqm0h21m53r Query : select concat(rtrim(relative_path),ltrim(name_new)) as valor from uploadfiles where uploadfile_id='1098';
20240412@080334.7316 4qavrds32mbhbp3pqm0h21m53r Query : update uploadfiles set whenupdated=current_timestamp where uploadfile_id='1098';
20240412@080334.7332 4qavrds32mbhbp3pqm0h21m53r Query : select concat(rtrim(relative_path),ltrim(name_new)) as valor from uploadfiles where uploadfile_id='1098';
20240412@080334.7347 4qavrds32mbhbp3pqm0h21m53r Query : update uploadfiles set whenupdated=current_timestamp where uploadfile_id='1098';
20240412@080334.7877 ibognglu2338vk94cs54hibl6r Query : insert into uploadfiles ( name_original, name_new, option_type, relative_path, whencreated ) values ( ?, ?, ?, ?, getdate() )
20240412@080334.7890 ibognglu2338vk94cs54hibl6r Query : select uploadfile_id valor from uploadfiles where name_new = ? and option_type = ? 
20240412@080334.7911 ibognglu2338vk94cs54hibl6r Query : select concat(rtrim(relative_path),ltrim(name_new)) as valor from uploadfiles where uploadfile_id='1099';
20240412@080334.7955 ibognglu2338vk94cs54hibl6r Query : update uploadfiles set whenupdated=current_timestamp where uploadfile_id='1099';
20240412@080334.7973 ibognglu2338vk94cs54hibl6r Query : select concat(rtrim(relative_path),ltrim(name_new)) as valor from uploadfiles where uploadfile_id='1099';
20240412@080334.7986 ibognglu2338vk94cs54hibl6r Query : update uploadfiles set whenupdated=current_timestamp where uploadfile_id='1099';
20240412@080334.8002 ibognglu2338vk94cs54hibl6r Query : use flama_phc
20240412@080334.8005 ibognglu2338vk94cs54hibl6r Query : select top 1 secretkey valor from u_wsusers u where u.userid = ? and u.inactivo=0
20240412@080334.8020 ibognglu2338vk94cs54hibl6r Query : use flama_phc
20240412@080334.8023 ibognglu2338vk94cs54hibl6r Query : select no, estab,szadrsdesc from szadrs where u_coddest=4740
20240412@080334.8063 ibognglu2338vk94cs54hibl6r Query : select top 1 isnull(design,'') valor from st (nolock) left join stobs (nolock) on st.ref = stobs.ref where st.ref = '324.2223.00.1'
20240412@080334.8226 ibognglu2338vk94cs54hibl6r Query : select top 1 bistamp valor from bi inner join bo on bo.bostamp=bi.bostamp where bo.ndos =240 and bo.boano =2026 and bo.obrano = 2402678 and bi.ref ='324.2223.00.1' and bi.lordem =1
20240412@080334.8549 ibognglu2338vk94cs54hibl6r Query : use flama_phc
20240412@080334.8553 ibognglu2338vk94cs54hibl6r Query : select top 1 convert(date,fdata) valor from ft where ndoc = 39 and anulado= 0 and fno>0 order by fdata desc
20240412@080334.8569 ibognglu2338vk94cs54hibl6r Query : use flama_phc
20240412@080334.8572 ibognglu2338vk94cs54hibl6r Query : select top 1 1 valor from td where td.ndoc = 39
20240412@080334.8582 ibognglu2338vk94cs54hibl6r Query : use flama_phc
20240412@080334.8584 ibognglu2338vk94cs54hibl6r Query : select descricao ,case when valor='s' then 1 else 0 end usalotes from para1 where descricao in ('st_lote')
20240412@080334.8595 ibognglu2338vk94cs54hibl6r Query : select top 1 assinadoc issigned ,td.lancasl stocks ,'cl' origin ,case when (cmsl between 1 and 50 ) then 1 else 0 end entrada ,case when (cmsl>50 ) then 1 else 0 end saida ,~lotestock validatestock ,tiposaft from td inner join td2 on td.tdstamp=td2.td2stamp where td.ndoc =39
20240412@080334.8610 ibognglu2338vk94cs54hibl6r Query : use flama_phc
20240412@080334.8613 ibognglu2338vk94cs54hibl6r Query : select top 1 ~inactivo valor from cl where no = '100810' and estab = 0 order by inactivo desc
20240412@080334.8626 ibognglu2338vk94cs54hibl6r Query : use flama_phc
20240412@080334.8629 ibognglu2338vk94cs54hibl6r Query : select top 1 tipodoc,regrd from td where ndoc = 39
20240412@080334.8638 ibognglu2338vk94cs54hibl6r Query : use flama_phc
20240412@080334.8641 ibognglu2338vk94cs54hibl6r Query : select szadrsstamp valor from szadrs where szadrsdesc='espaÇotrans,lda'
20240412@080334.8688 ibognglu2338vk94cs54hibl6r Query : use flama_phc
20240412@080334.8691 ibognglu2338vk94cs54hibl6r Query : select szadrsstamp valor from szadrs where szadrsdesc='100810 - worten-equipamentos para o lar,sa.'
20240412@080334.8702 ibognglu2338vk94cs54hibl6r Query : use flama_phc
20240412@080334.8704 ibognglu2338vk94cs54hibl6r Query : select 1 valor from td where ndoc = 39
20240412@080334.8713 ibognglu2338vk94cs54hibl6r Query : select top 1 manternumero, tiposaft, nmdos,td.assinadoc from td where td.ndoc = 39
20240412@080334.8726 ibognglu2338vk94cs54hibl6r Query : select 1 valor from information_schema.tables where table_type='base table' and table_name='wsft039fields'
20240412@080334.8740 ibognglu2338vk94cs54hibl6r Query : select fieldkey,fieldname,fieldtype,mandatory from wsft039fields
20240412@080334.8757 ibognglu2338vk94cs54hibl6r Query : select 1 valor from information_schema.tables where table_type='base table' and table_name='wsft2039fields'
20240412@080334.8771 ibognglu2338vk94cs54hibl6r Query : select fieldkey,fieldname,fieldtype,mandatory from wsft2039fields
20240412@080334.8798 ibognglu2338vk94cs54hibl6r Query : select 1 valor from information_schema.tables where table_type='base table' and table_name='wsft3039fields'
20240412@080334.8810 ibognglu2338vk94cs54hibl6r Query : select fieldkey,fieldname,fieldtype,mandatory from wsft3039fields
20240412@080334.8858 ibognglu2338vk94cs54hibl6r Query : select top 1 ft.fno valor from ft ft where ft.ndoc = 39 and ftano=2024 order by fno desc
20240412@080334.9112 ibognglu2338vk94cs54hibl6r Query : select top 1 ft.fno valor from wsft039data ft where ft.ndoc = 39 and ftano=2024 order by fno desc
20240412@080334.9123 ibognglu2338vk94cs54hibl6r Query : select 1 valor from information_schema.tables where table_type='base table' and table_name='wsft3039fields'
20240412@080334.9137 ibognglu2338vk94cs54hibl6r Query : select fieldkey,fieldname,fieldtype,calcformula from wsft3039fields
20240412@080334.9146 ibognglu2338vk94cs54hibl6r Query : insert into wsft3039data (ft3stamp, ousrdata, ousrhora, usrdata,usrhora,ousrinis,usrinis,taxpointdt ) values ('aut6618d261396618dcc6d8' ,getdate(),convert(char(8),convert (time,getdate())),getdate(),convert(char(8),convert (time,getdate())),'wsv','wsv',?)
20240412@080334.9366 ibognglu2338vk94cs54hibl6r Query : select 1 valor from information_schema.tables where table_type='base table' and table_name='wsft2039fields'
20240412@080334.9404 ibognglu2338vk94cs54hibl6r Query : select fieldkey,fieldname,fieldtype,calcformula from wsft2039fields
20240412@080334.9455 ibognglu2338vk94cs54hibl6r Query : select top 1 bo.u_nomeenv valor from bo where bo.bostamp=''
20240412@080334.9461 ibognglu2338vk94cs54hibl6r Query : select top 1 bo.u_moradaen valor from bo where bo.bostamp=''
20240412@080334.9544 ibognglu2338vk94cs54hibl6r Query : select top 1 bo.u_codposen valor from bo where bo.bostamp=''
20240412@080334.9615 ibognglu2338vk94cs54hibl6r Query : select top 1 bo.u_localenv valor from bo where bo.bostamp=''
20240412@080334.9624 ibognglu2338vk94cs54hibl6r Query : select top 1 bo.trab5 valor from bo where bo.bostamp=''
20240412@080334.9630 ibognglu2338vk94cs54hibl6r Query : select top 1 bo.serie valor from bo where bo.bostamp=''
20240412@080334.9636 ibognglu2338vk94cs54hibl6r Query : insert into wsft2039data (ft2stamp, ousrdata,ousrhora, usrdata,usrhora,ousrinis,usrinis,u_nomeenv ,u_moradaen ,u_codposen ,u_localenv ,u_coddest ,u_codby ) values ('aut6618d261396618dcc6d8',getdate(),convert(char(8),convert (time,getdate())),getdate(),convert(char(8),convert (time,getdate())),'wsv','wsv',?,?,?,?,?,?)
20240412@080335.1960 ibognglu2338vk94cs54hibl6r Query : select top 1 fno valor from wsft039data order by fno desc
20240412@080335.4740 ibognglu2338vk94cs54hibl6r Query : select 1 valor from information_schema.tables where table_type='base table' and table_name='wsft039fields'
20240412@080335.7390 ibognglu2338vk94cs54hibl6r Query : select fieldkey,fieldname,fieldtype,calcformula from wsft039fields
20240412@080335.1146 ibognglu2338vk94cs54hibl6r Query : insert into wsft039data (ftstamp, ousrdata,ousrhora, usrdata,usrhora,ousrinis,usrinis,fno,no,estab,fdata,ndoc,moeda,cambio,cambiofixo,ftano,cdata,chora,carga,descar,site ,classe ) values ('aut6618d261396618dcc6d8',getdate(),convert(char(8),convert (time,getdate())),getdate(),convert(char(8),convert (time,getdate())),'wsv','wsv',850,100810,0,'2024-04-12',39,'euro',0,0,2024 ,'20240412','0833',?,?,?,?)
20240412@080335.1898 ibognglu2338vk94cs54hibl6r Query : use flama_phc
20240412@080335.1939 ibognglu2338vk94cs54hibl6r Query : select st.usalote valor from st where st.ref = '324.2223.00.1'
20240412@080335.2111 ibognglu2338vk94cs54hibl6r Query : select top 1 st.tabiva ,st.ivaincl ,st.stns ,st.uni2 ,st.familia ,isnull(tx.taxa, 0) txiva ,unidade ,usalote ,epcpond ,noserie from st left join taxasiva tx on st.tabiva = tx.codigo where st.ref = '324.2223.00.1'
20240412@080335.2585 ibognglu2338vk94cs54hibl6r Query : select 1 valor from information_schema.tables where table_type='base table' and table_name='wsfi039fields'
20240412@080335.2815 ibognglu2338vk94cs54hibl6r Query : select fieldkey,fieldname,fieldtype,mandatory from wsfi039fields
20240412@080335.3162 ibognglu2338vk94cs54hibl6r Query : select 1 valor from information_schema.tables where table_type='base table' and table_name='wsfi2039fields'
20240412@080335.3348 ibognglu2338vk94cs54hibl6r Query : select fieldkey,fieldname,fieldtype,mandatory from wsfi2039fields
20240412@080335.3356 ibognglu2338vk94cs54hibl6r Query : select sestamp valor from se where ref ='324.2223.00.1' and lote = 'r2301281500a'
20240412@080335.3374 ibognglu2338vk94cs54hibl6r Query : select top 1 convert(numeric(6,2),t.taxa) valor from taxasiva t where t.codigo='2'
20240412@080335.3393 ibognglu2338vk94cs54hibl6r Query : select 1 valor from information_schema.tables where table_type='base table' and table_name='wsfi039fields'
20240412@080335.3678 ibognglu2338vk94cs54hibl6r Query : select fieldkey,fieldname,fieldtype,calcformula from wsfi039fields
20240412@080335.4046 ibognglu2338vk94cs54hibl6r Query : insert into wsfi039data (fistamp,ousrdata, ousrhora, usrdata,usrhora,ousrinis,usrinis ,qtt ,ftstamp ,epv,pvmoeda ,tabiva,iva,lordem ,ref, design ,lote,armazem,bistamp ) values ('aut6618d171516618dcc752',getdate(),convert(char(8),convert (time,getdate())),getdate(),convert(char(8),convert (time,getdate())),'wsv','wsv',16.000 ,'aut6618d261396618dcc6d8' ,0,0 ,2,23.00,10000,?,?,?,?,?)
20240412@080335.4709 ibognglu2338vk94cs54hibl6r Query : select 1 valor from information_schema.tables where table_type='base table' and table_name='wsfi2039fields'
20240412@080335.4921 ibognglu2338vk94cs54hibl6r Query : select fieldkey,fieldname,fieldtype,calcformula from wsfi2039fields
20240412@080335.5017 ibognglu2338vk94cs54hibl6r Query : insert into wsfi2039data (fi2stamp,ftstamp ,ousrdata, ousrhora, usrdata,usrhora,ousrinis,usrinis) values ('aut6618d171516618dcc752','aut6618d261396618dcc6d8' ,getdate(),convert(char(8),convert (time,getdate())),getdate(),convert(char(8),convert (time,getdate())),'wsv','wsv')
20240412@080335.5044 ibognglu2338vk94cs54hibl6r Query : insert into wsftcreationlog (initialftstamp,externalid,creationstatus,documenttypeid,idustamp) values ('aut6618d261396618dcc6d8','2402678','wait',39,'ari17112337378,753000005')
20240412@080335.5251 ibognglu2338vk94cs54hibl6r Query : use flama_phc
20240412@080335.5254 ibognglu2338vk94cs54hibl6r Query : update u_wsusers set rqsttoken =? where userid ='userls001'
20240412@080335.5268 ibognglu2338vk94cs54hibl6r Query : select concat(rtrim(relative_path),ltrim(name_new)) as valor from uploadfiles where uploadfile_id='1099';
20240412@080335.5287 ibognglu2338vk94cs54hibl6r Query : update uploadfiles set whenupdated=current_timestamp where uploadfile_id='1099';
20240412@080335.5306 ibognglu2338vk94cs54hibl6r Query : select concat(rtrim(relative_path),ltrim(name_new)) as valor from uploadfiles where uploadfile_id='1099';
20240412@080335.5402 ibognglu2338vk94cs54hibl6r Query : update uploadfiles set whenupdated=current_timestamp where uploadfile_id='1099';
20240412@080335.5921 oki91aslru2j76ce999pg7suep Query : insert into uploadfiles ( name_original, name_new, option_type, relative_path, whencreated ) values ( ?, ?, ?, ?, getdate() )
20240412@080335.5937 oki91aslru2j76ce999pg7suep Query : select uploadfile_id valor from uploadfiles where name_new = ? and option_type = ? 
20240412@080335.5961 oki91aslru2j76ce999pg7suep Query : select concat(rtrim(relative_path),ltrim(name_new)) as valor from uploadfiles where uploadfile_id='1100';
20240412@080335.6032 oki91aslru2j76ce999pg7suep Query : update uploadfiles set whenupdated=current_timestamp where uploadfile_id='1100';
20240412@080335.6050 oki91aslru2j76ce999pg7suep Query : select concat(rtrim(relative_path),ltrim(name_new)) as valor from uploadfiles where uploadfile_id='1100';
20240412@080335.6108 oki91aslru2j76ce999pg7suep Query : update uploadfiles set whenupdated=current_timestamp where uploadfile_id='1100';
20240412@080335.6141 oki91aslru2j76ce999pg7suep Query : use flama_phc
20240412@080335.6146 oki91aslru2j76ce999pg7suep Query : select top 1 secretkey valor from u_wsusers u where u.userid = ? and u.inactivo=0
20240412@080335.6214 oki91aslru2j76ce999pg7suep Query : use flama_phc
20240412@080335.6222 oki91aslru2j76ce999pg7suep Query : select no, estab,szadrsdesc from szadrs where u_coddest=4740
20240412@080335.6290 oki91aslru2j76ce999pg7suep Query : select top 1 isnull(design,'') valor from st (nolock) left join stobs (nolock) on st.ref = stobs.ref where st.ref = '324.2231.00.1'
20240412@080335.6455 oki91aslru2j76ce999pg7suep Query : select top 1 bistamp valor from bi inner join bo on bo.bostamp=bi.bostamp where bo.ndos =240 and bo.boano =2026 and bo.obrano = 2402679 and bi.ref ='324.2231.00.1' and bi.lordem =1
20240412@080335.6792 oki91aslru2j76ce999pg7suep Query : select top 1 isnull(design,'') valor from st (nolock) left join stobs (nolock) on st.ref = stobs.ref where st.ref = '324.2231.00.1'
20240412@080335.6806 oki91aslru2j76ce999pg7suep Query : select top 1 bistamp valor from bi inner join bo on bo.bostamp=bi.bostamp where bo.ndos =240 and bo.boano =2026 and bo.obrano = 2402679 and bi.ref ='324.2231.00.1' and bi.lordem =1
20240412@080335.6812 oki91aslru2j76ce999pg7suep Query : use flama_phc
20240412@080335.6816 oki91aslru2j76ce999pg7suep Query : select top 1 convert(date,fdata) valor from ft where ndoc = 39 and anulado= 0 and fno>0 order by fdata desc
20240412@080335.6831 oki91aslru2j76ce999pg7suep Query : use flama_phc
20240412@080335.6835 oki91aslru2j76ce999pg7suep Query : select top 1 1 valor from td where td.ndoc = 39
20240412@080335.6847 oki91aslru2j76ce999pg7suep Query : use flama_phc
20240412@080335.6850 oki91aslru2j76ce999pg7suep Query : select descricao ,case when valor='s' then 1 else 0 end usalotes from para1 where descricao in ('st_lote')
20240412@080335.6862 oki91aslru2j76ce999pg7suep Query : select top 1 assinadoc issigned ,td.lancasl stocks ,'cl' origin ,case when (cmsl between 1 and 50 ) then 1 else 0 end entrada ,case when (cmsl>50 ) then 1 else 0 end saida ,~lotestock validatestock ,tiposaft from td inner join td2 on td.tdstamp=td2.td2stamp where td.ndoc =39
20240412@080335.6881 oki91aslru2j76ce999pg7suep Query : use flama_phc
20240412@080335.6886 oki91aslru2j76ce999pg7suep Query : select top 1 ~inactivo valor from cl where no = '100810' and estab = 0 order by inactivo desc
20240412@080335.6898 oki91aslru2j76ce999pg7suep Query : use flama_phc
20240412@080335.6902 oki91aslru2j76ce999pg7suep Query : select top 1 tipodoc,regrd from td where ndoc = 39
20240412@080335.6914 oki91aslru2j76ce999pg7suep Query : use flama_phc
20240412@080335.6918 oki91aslru2j76ce999pg7suep Query : select szadrsstamp valor from szadrs where szadrsdesc='espaÇotrans,lda'
20240412@080335.6931 oki91aslru2j76ce999pg7suep Query : use flama_phc
20240412@080335.6934 oki91aslru2j76ce999pg7suep Query : select szadrsstamp valor from szadrs where szadrsdesc='100810 - worten-equipamentos para o lar,sa.'
20240412@080335.6969 oki91aslru2j76ce999pg7suep Query : use flama_phc
20240412@080335.6973 oki91aslru2j76ce999pg7suep Query : select 1 valor from td where ndoc = 39
20240412@080335.6986 oki91aslru2j76ce999pg7suep Query : select top 1 manternumero, tiposaft, nmdos,td.assinadoc from td where td.ndoc = 39
20240412@080335.7000 oki91aslru2j76ce999pg7suep Query : select 1 valor from information_schema.tables where table_type='base table' and table_name='wsft039fields'
20240412@080335.7042 oki91aslru2j76ce999pg7suep Query : select fieldkey,fieldname,fieldtype,mandatory from wsft039fields
20240412@080335.7063 oki91aslru2j76ce999pg7suep Query : select 1 valor from information_schema.tables where table_type='base table' and table_name='wsft2039fields'
20240412@080335.7079 oki91aslru2j76ce999pg7suep Query : select fieldkey,fieldname,fieldtype,mandatory from wsft2039fields
20240412@080335.7111 oki91aslru2j76ce999pg7suep Query : select 1 valor from information_schema.tables where table_type='base table' and table_name='wsft3039fields'
20240412@080335.7126 oki91aslru2j76ce999pg7suep Query : select fieldkey,fieldname,fieldtype,mandatory from wsft3039fields
20240412@080335.7144 oki91aslru2j76ce999pg7suep Query : select top 1 ft.fno valor from ft ft where ft.ndoc = 39 and ftano=2024 order by fno desc
20240412@080335.7276 oki91aslru2j76ce999pg7suep Query : select top 1 ft.fno valor from wsft039data ft where ft.ndoc = 39 and ftano=2024 order by fno desc
20240412@080335.7289 oki91aslru2j76ce999pg7suep Query : select 1 valor from information_schema.tables where table_type='base table' and table_name='wsft3039fields'
20240412@080335.7305 oki91aslru2j76ce999pg7suep Query : select fieldkey,fieldname,fieldtype,calcformula from wsft3039fields
20240412@080335.7316 oki91aslru2j76ce999pg7suep Query : insert into wsft3039data (ft3stamp, ousrdata, ousrhora, usrdata,usrhora,ousrinis,usrinis,taxpointdt ) values ('aut6618d711286618dcc7ae' ,getdate(),convert(char(8),convert (time,getdate())),getdate(),convert(char(8),convert (time,getdate())),'wsv','wsv',?)
20240412@080335.7553 oki91aslru2j76ce999pg7suep Query : select 1 valor from information_schema.tables where table_type='base table' and table_name='wsft2039fields'
20240412@080335.8224 oki91aslru2j76ce999pg7suep Query : select fieldkey,fieldname,fieldtype,calcformula from wsft2039fields
20240412@080335.8321 oki91aslru2j76ce999pg7suep Query : select top 1 bo.u_nomeenv valor from bo where bo.bostamp=''
20240412@080335.8397 oki91aslru2j76ce999pg7suep Query : select top 1 bo.u_moradaen valor from bo where bo.bostamp=''
20240412@080335.8688 oki91aslru2j76ce999pg7suep Query : select top 1 bo.u_codposen valor from bo where bo.bostamp=''
20240412@080335.9516 oki91aslru2j76ce999pg7suep Query : select top 1 bo.u_localenv valor from bo where bo.bostamp=''
20240412@080335.9719 oki91aslru2j76ce999pg7suep Query : select top 1 bo.trab5 valor from bo where bo.bostamp=''
20240412@080335.9746 oki91aslru2j76ce999pg7suep Query : select top 1 bo.serie valor from bo where bo.bostamp=''
20240412@080335.9758 oki91aslru2j76ce999pg7suep Query : insert into wsft2039data (ft2stamp, ousrdata,ousrhora, usrdata,usrhora,ousrinis,usrinis,u_nomeenv ,u_moradaen ,u_codposen ,u_localenv ,u_coddest ,u_codby ) values ('aut6618d711286618dcc7ae',getdate(),convert(char(8),convert (time,getdate())),getdate(),convert(char(8),convert (time,getdate())),'wsv','wsv',?,?,?,?,?,?)
20240412@080336.7000 oki91aslru2j76ce999pg7suep Query : select top 1 fno valor from wsft039data order by fno desc
20240412@080336.1120 oki91aslru2j76ce999pg7suep Query : select 1 valor from information_schema.tables where table_type='base table' and table_name='wsft039fields'
20240412@080336.1280 oki91aslru2j76ce999pg7suep Query : select fieldkey,fieldname,fieldtype,calcformula from wsft039fields
20240412@080336.1450 oki91aslru2j76ce999pg7suep Query : insert into wsft039data (ftstamp, ousrdata,ousrhora, usrdata,usrhora,ousrinis,usrinis,fno,no,estab,fdata,ndoc,moeda,cambio,cambiofixo,ftano,cdata,chora,carga,descar,site ,classe ) values ('aut6618d711286618dcc7ae',getdate(),convert(char(8),convert (time,getdate())),getdate(),convert(char(8),convert (time,getdate())),'wsv','wsv',851,100810,0,'2024-04-12',39,'euro',0,0,2024 ,'20240412','0833',?,?,?,?)
20240412@080336.5000 oki91aslru2j76ce999pg7suep Query : use flama_phc
20240412@080336.5050 oki91aslru2j76ce999pg7suep Query : select st.usalote valor from st where st.ref = '324.2231.00.1'
20240412@080336.5180 oki91aslru2j76ce999pg7suep Query : select top 1 st.tabiva ,st.ivaincl ,st.stns ,st.uni2 ,st.familia ,isnull(tx.taxa, 0) txiva ,unidade ,usalote ,epcpond ,noserie from st left join taxasiva tx on st.tabiva = tx.codigo where st.ref = '324.2231.00.1'
20240412@080336.7850 oki91aslru2j76ce999pg7suep Query : select 1 valor from information_schema.tables where table_type='base table' and table_name='wsfi039fields'
20240412@080336.8240 oki91aslru2j76ce999pg7suep Query : select fieldkey,fieldname,fieldtype,mandatory from wsfi039fields
20240412@080336.8490 oki91aslru2j76ce999pg7suep Query : select 1 valor from information_schema.tables where table_type='base table' and table_name='wsfi2039fields'
20240412@080336.8640 oki91aslru2j76ce999pg7suep Query : select fieldkey,fieldname,fieldtype,mandatory from wsfi2039fields
20240412@080336.8690 oki91aslru2j76ce999pg7suep Query : select sestamp valor from se where ref ='324.2231.00.1' and lote = 'r2301141275a'
20240412@080336.8810 oki91aslru2j76ce999pg7suep Query : select top 1 convert(numeric(6,2),t.taxa) valor from taxasiva t where t.codigo='2'
20240412@080336.8910 oki91aslru2j76ce999pg7suep Query : select 1 valor from information_schema.tables where table_type='base table' and table_name='wsfi039fields'
20240412@080336.9040 oki91aslru2j76ce999pg7suep Query : select fieldkey,fieldname,fieldtype,calcformula from wsfi039fields
20240412@080336.9290 oki91aslru2j76ce999pg7suep Query : insert into wsfi039data (fistamp,ousrdata, ousrhora, usrdata,usrhora,ousrinis,usrinis ,qtt ,ftstamp ,epv,pvmoeda ,tabiva,iva,lordem ,ref, design ,lote,armazem,bistamp ) values ('aut6618d025686618dcc815',getdate(),convert(char(8),convert (time,getdate())),getdate(),convert(char(8),convert (time,getdate())),'wsv','wsv',16.000 ,'aut6618d711286618dcc7ae' ,0,0 ,2,23.00,10000,?,?,?,?,?)
20240412@080336.1289 oki91aslru2j76ce999pg7suep Query : use flama_phc
20240412@080336.1293 oki91aslru2j76ce999pg7suep Query : select top 1 errorresult result ,errornumber errornumber ,errorcode code ,descriptionpt description ,isnull(descriptionen,'') descriptionen ,isnull(descriptionfr,'') descriptionfr from wserrorcodes where errornumber = -116
20240412@080336.1357 oki91aslru2j76ce999pg7suep Query : select concat(rtrim(relative_path),ltrim(name_new)) as valor from uploadfiles where uploadfile_id='1100';
20240412@080336.1401 oki91aslru2j76ce999pg7suep Query : update uploadfiles set whenupdated=current_timestamp where uploadfile_id='1100';
20240412@080336.1894 v5ji45i05et2jpni1pvvddnb5p Query : insert into uploadfiles ( name_original, name_new, option_type, relative_path, whencreated ) values ( ?, ?, ?, ?, getdate() )
20240412@080336.1945 v5ji45i05et2jpni1pvvddnb5p Query : select uploadfile_id valor from uploadfiles where name_new = ? and option_type = ? 
20240412@080336.2174 v5ji45i05et2jpni1pvvddnb5p Query : select concat(rtrim(relative_path),ltrim(name_new)) as valor from uploadfiles where uploadfile_id='1101';
20240412@080336.2458 v5ji45i05et2jpni1pvvddnb5p Query : update uploadfiles set whenupdated=current_timestamp where uploadfile_id='1101';
20240412@080336.2759 v5ji45i05et2jpni1pvvddnb5p Query : select concat(rtrim(relative_path),ltrim(name_new)) as valor from uploadfiles where uploadfile_id='1101';
20240412@080336.2781 v5ji45i05et2jpni1pvvddnb5p Query : update uploadfiles set whenupdated=current_timestamp where uploadfile_id='1101';
20240412@080336.2796 v5ji45i05et2jpni1pvvddnb5p Query : use flama_phc
20240412@080336.2817 v5ji45i05et2jpni1pvvddnb5p Query : select top 1 secretkey valor from u_wsusers u where u.userid = ? and u.inactivo=0
20240412@080336.2833 v5ji45i05et2jpni1pvvddnb5p Query : use flama_phc
20240412@080336.2858 v5ji45i05et2jpni1pvvddnb5p Query : select no, estab,szadrsdesc from szadrs where u_coddest=4740
20240412@080336.2940 v5ji45i05et2jpni1pvvddnb5p Query : select top 1 isnull(design,'') valor from st (nolock) left join stobs (nolock) on st.ref = stobs.ref where st.ref = '324.4161.00.1'
20240412@080336.3148 v5ji45i05et2jpni1pvvddnb5p Query : select top 1 bistamp valor from bi inner join bo on bo.bostamp=bi.bostamp where bo.ndos =240 and bo.boano =2026 and bo.obrano = 2402680 and bi.ref ='324.4161.00.1' and bi.lordem =1
20240412@080336.3582 v5ji45i05et2jpni1pvvddnb5p Query : use flama_phc
20240412@080336.3587 v5ji45i05et2jpni1pvvddnb5p Query : select top 1 convert(date,fdata) valor from ft where ndoc = 39 and anulado= 0 and fno>0 order by fdata desc
20240412@080336.3638 v5ji45i05et2jpni1pvvddnb5p Query : use flama_phc
20240412@080336.3643 v5ji45i05et2jpni1pvvddnb5p Query : select top 1 1 valor from td where td.ndoc = 39
20240412@080336.3673 v5ji45i05et2jpni1pvvddnb5p Query : use flama_phc
20240412@080336.3706 v5ji45i05et2jpni1pvvddnb5p Query : select descricao ,case when valor='s' then 1 else 0 end usalotes from para1 where descricao in ('st_lote')
20240412@080336.3743 v5ji45i05et2jpni1pvvddnb5p Query : select top 1 assinadoc issigned ,td.lancasl stocks ,'cl' origin ,case when (cmsl between 1 and 50 ) then 1 else 0 end entrada ,case when (cmsl>50 ) then 1 else 0 end saida ,~lotestock validatestock ,tiposaft from td inner join td2 on td.tdstamp=td2.td2stamp where td.ndoc =39
20240412@080336.3963 v5ji45i05et2jpni1pvvddnb5p Query : use flama_phc
20240412@080336.4082 v5ji45i05et2jpni1pvvddnb5p Query : select top 1 ~inactivo valor from cl where no = '100810' and estab = 0 order by inactivo desc
20240412@080336.4103 v5ji45i05et2jpni1pvvddnb5p Query : use flama_phc
20240412@080336.4107 v5ji45i05et2jpni1pvvddnb5p Query : select top 1 tipodoc,regrd from td where ndoc = 39
20240412@080336.4281 v5ji45i05et2jpni1pvvddnb5p Query : use flama_phc
20240412@080336.4287 v5ji45i05et2jpni1pvvddnb5p Query : select szadrsstamp valor from szadrs where szadrsdesc='espaÇotrans,lda'
20240412@080336.4320 v5ji45i05et2jpni1pvvddnb5p Query : use flama_phc
20240412@080336.4323 v5ji45i05et2jpni1pvvddnb5p Query : select szadrsstamp valor from szadrs where szadrsdesc='100810 - worten-equipamentos para o lar,sa.'
20240412@080336.4338 v5ji45i05et2jpni1pvvddnb5p Query : use flama_phc
20240412@080336.4341 v5ji45i05et2jpni1pvvddnb5p Query : select 1 valor from td where ndoc = 39
20240412@080336.4366 v5ji45i05et2jpni1pvvddnb5p Query : select top 1 manternumero, tiposaft, nmdos,td.assinadoc from td where td.ndoc = 39
20240412@080336.4380 v5ji45i05et2jpni1pvvddnb5p Query : select 1 valor from information_schema.tables where table_type='base table' and table_name='wsft039fields'
20240412@080336.4427 v5ji45i05et2jpni1pvvddnb5p Query : select fieldkey,fieldname,fieldtype,mandatory from wsft039fields
20240412@080336.4444 v5ji45i05et2jpni1pvvddnb5p Query : select 1 valor from information_schema.tables where table_type='base table' and table_name='wsft2039fields'
20240412@080336.4457 v5ji45i05et2jpni1pvvddnb5p Query : select fieldkey,fieldname,fieldtype,mandatory from wsft2039fields
20240412@080336.4641 v5ji45i05et2jpni1pvvddnb5p Query : select 1 valor from information_schema.tables where table_type='base table' and table_name='wsft3039fields'
20240412@080336.4674 v5ji45i05et2jpni1pvvddnb5p Query : select fieldkey,fieldname,fieldtype,mandatory from wsft3039fields
20240412@080336.4708 v5ji45i05et2jpni1pvvddnb5p Query : select top 1 ft.fno valor from ft ft where ft.ndoc = 39 and ftano=2024 order by fno desc
20240412@080336.4899 v5ji45i05et2jpni1pvvddnb5p Query : select top 1 ft.fno valor from wsft039data ft where ft.ndoc = 39 and ftano=2024 order by fno desc
20240412@080336.5080 v5ji45i05et2jpni1pvvddnb5p Query : select 1 valor from information_schema.tables where table_type='base table' and table_name='wsft3039fields'
20240412@080336.5095 v5ji45i05et2jpni1pvvddnb5p Query : select fieldkey,fieldname,fieldtype,calcformula from wsft3039fields
20240412@080336.5107 v5ji45i05et2jpni1pvvddnb5p Query : insert into wsft3039data (ft3stamp, ousrdata, ousrhora, usrdata,usrhora,ousrinis,usrinis,taxpointdt ) values ('aut6618d426576618dcc872' ,getdate(),convert(char(8),convert (time,getdate())),getdate(),convert(char(8),convert (time,getdate())),'wsv','wsv',?)
20240412@080336.5368 v5ji45i05et2jpni1pvvddnb5p Query : select 1 valor from information_schema.tables where table_type='base table' and table_name='wsft2039fields'
20240412@080336.5387 v5ji45i05et2jpni1pvvddnb5p Query : select fieldkey,fieldname,fieldtype,calcformula from wsft2039fields
20240412@080336.5421 v5ji45i05et2jpni1pvvddnb5p Query : select top 1 bo.u_nomeenv valor from bo where bo.bostamp=''
20240412@080336.5428 v5ji45i05et2jpni1pvvddnb5p Query : select top 1 bo.u_moradaen valor from bo where bo.bostamp=''
20240412@080336.5433 v5ji45i05et2jpni1pvvddnb5p Query : select top 1 bo.u_codposen valor from bo where bo.bostamp=''
20240412@080336.5438 v5ji45i05et2jpni1pvvddnb5p Query : select top 1 bo.u_localenv valor from bo where bo.bostamp=''
20240412@080336.5442 v5ji45i05et2jpni1pvvddnb5p Query : select top 1 bo.trab5 valor from bo where bo.bostamp=''
20240412@080336.5447 v5ji45i05et2jpni1pvvddnb5p Query : select top 1 bo.serie valor from bo where bo.bostamp=''
20240412@080336.5451 v5ji45i05et2jpni1pvvddnb5p Query : insert into wsft2039data (ft2stamp, ousrdata,ousrhora, usrdata,usrhora,ousrinis,usrinis,u_nomeenv ,u_moradaen ,u_codposen ,u_localenv ,u_coddest ,u_codby ) values ('aut6618d426576618dcc872',getdate(),convert(char(8),convert (time,getdate())),getdate(),convert(char(8),convert (time,getdate())),'wsv','wsv',?,?,?,?,?,?)
20240412@080336.5737 v5ji45i05et2jpni1pvvddnb5p Query : select top 1 fno valor from wsft039data order by fno desc
20240412@080336.5755 v5ji45i05et2jpni1pvvddnb5p Query : select 1 valor from information_schema.tables where table_type='base table' and table_name='wsft039fields'
20240412@080336.5769 v5ji45i05et2jpni1pvvddnb5p Query : select fieldkey,fieldname,fieldtype,calcformula from wsft039fields
20240412@080336.5801 v5ji45i05et2jpni1pvvddnb5p Query : insert into wsft039data (ftstamp, ousrdata,ousrhora, usrdata,usrhora,ousrinis,usrinis,fno,no,estab,fdata,ndoc,moeda,cambio,cambiofixo,ftano,cdata,chora,carga,descar,site ,classe ) values ('aut6618d426576618dcc872',getdate(),convert(char(8),convert (time,getdate())),getdate(),convert(char(8),convert (time,getdate())),'wsv','wsv',851,100810,0,'2024-04-12',39,'euro',0,0,2024 ,'20240412','0833',?,?,?,?)
20240412@080336.6167 v5ji45i05et2jpni1pvvddnb5p Query : use flama_phc
20240412@080336.6172 v5ji45i05et2jpni1pvvddnb5p Query : select st.usalote valor from st where st.ref = '324.4161.00.1'
20240412@080336.6184 v5ji45i05et2jpni1pvvddnb5p Query : select top 1 st.tabiva ,st.ivaincl ,st.stns ,st.uni2 ,st.familia ,isnull(tx.taxa, 0) txiva ,unidade ,usalote ,epcpond ,noserie from st left join taxasiva tx on st.tabiva = tx.codigo where st.ref = '324.4161.00.1'
20240412@080336.6344 v5ji45i05et2jpni1pvvddnb5p Query : select 1 valor from information_schema.tables where table_type='base table' and table_name='wsfi039fields'
20240412@080336.6357 v5ji45i05et2jpni1pvvddnb5p Query : select fieldkey,fieldname,fieldtype,mandatory from wsfi039fields
20240412@080336.6385 v5ji45i05et2jpni1pvvddnb5p Query : select 1 valor from information_schema.tables where table_type='base table' and table_name='wsfi2039fields'
20240412@080336.6398 v5ji45i05et2jpni1pvvddnb5p Query : select fieldkey,fieldname,fieldtype,mandatory from wsfi2039fields
20240412@080336.6403 v5ji45i05et2jpni1pvvddnb5p Query : select sestamp valor from se where ref ='324.4161.00.1' and lote = 'r2100973100a'
20240412@080336.6426 v5ji45i05et2jpni1pvvddnb5p Query : select top 1 convert(numeric(6,2),t.taxa) valor from taxasiva t where t.codigo='2'
20240412@080336.6435 v5ji45i05et2jpni1pvvddnb5p Query : select 1 valor from information_schema.tables where table_type='base table' and table_name='wsfi039fields'
20240412@080336.6447 v5ji45i05et2jpni1pvvddnb5p Query : select fieldkey,fieldname,fieldtype,calcformula from wsfi039fields
20240412@080336.6472 v5ji45i05et2jpni1pvvddnb5p Query : insert into wsfi039data (fistamp,ousrdata, ousrhora, usrdata,usrhora,ousrinis,usrinis ,qtt ,ftstamp ,epv,pvmoeda ,tabiva,iva,lordem ,ref, design ,lote,armazem,bistamp ) values ('aut6618d410556618dcc89d',getdate(),convert(char(8),convert (time,getdate())),getdate(),convert(char(8),convert (time,getdate())),'wsv','wsv',21.000 ,'aut6618d426576618dcc872' ,0,0 ,2,23.00,10000,?,?,?,?,?)
20240412@080336.6750 v5ji45i05et2jpni1pvvddnb5p Query : select 1 valor from information_schema.tables where table_type='base table' and table_name='wsfi2039fields'
20240412@080336.6768 v5ji45i05et2jpni1pvvddnb5p Query : select fieldkey,fieldname,fieldtype,calcformula from wsfi2039fields
20240412@080336.6773 v5ji45i05et2jpni1pvvddnb5p Query : insert into wsfi2039data (fi2stamp,ftstamp ,ousrdata, ousrhora, usrdata,usrhora,ousrinis,usrinis) values ('aut6618d410556618dcc89d','aut6618d426576618dcc872' ,getdate(),convert(char(8),convert (time,getdate())),getdate(),convert(char(8),convert (time,getdate())),'wsv','wsv')
20240412@080336.6778 v5ji45i05et2jpni1pvvddnb5p Query : select 1 valor from information_schema.tables where table_type='base table' and table_name='wsfi039fields'
20240412@080336.6791 v5ji45i05et2jpni1pvvddnb5p Query : select fieldkey,fieldname,fieldtype,mandatory from wsfi039fields
20240412@080336.6817 v5ji45i05et2jpni1pvvddnb5p Query : select 1 valor from information_schema.tables where table_type='base table' and table_name='wsfi2039fields'
20240412@080336.6831 v5ji45i05et2jpni1pvvddnb5p Query : select fieldkey,fieldname,fieldtype,mandatory from wsfi2039fields
20240412@080336.6836 v5ji45i05et2jpni1pvvddnb5p Query : select top 1 convert(numeric(6,2),t.taxa) valor from taxasiva t where t.codigo='2'
20240412@080336.6846 v5ji45i05et2jpni1pvvddnb5p Query : select 1 valor from information_schema.tables where table_type='base table' and table_name='wsfi039fields'
20240412@080336.6860 v5ji45i05et2jpni1pvvddnb5p Query : select fieldkey,fieldname,fieldtype,calcformula from wsfi039fields
20240412@080336.6887 v5ji45i05et2jpni1pvvddnb5p Query : insert into wsfi039data (fistamp,ousrdata, ousrhora, usrdata,usrhora,ousrinis,usrinis ,qtt ,ftstamp ,epv,pvmoeda ,tabiva,iva,lordem ,ref, design ,armazem) values ('aut6618d270106618dcc8a7',getdate(),convert(char(8),convert (time,getdate())),getdate(),convert(char(8),convert (time,getdate())),'wsv','wsv',0 ,'aut6618d426576618dcc872' ,0,0 ,2,23.00,20000,?,?,?)
20240412@080336.7321 v5ji45i05et2jpni1pvvddnb5p Query : select 1 valor from information_schema.tables where table_type='base table' and table_name='wsfi2039fields'
20240412@080336.7340 v5ji45i05et2jpni1pvvddnb5p Query : select fieldkey,fieldname,fieldtype,calcformula from wsfi2039fields
20240412@080336.7346 v5ji45i05et2jpni1pvvddnb5p Query : insert into wsfi2039data (fi2stamp,ftstamp ,ousrdata, ousrhora, usrdata,usrhora,ousrinis,usrinis) values ('aut6618d270106618dcc8a7','aut6618d426576618dcc872' ,getdate(),convert(char(8),convert (time,getdate())),getdate(),convert(char(8),convert (time,getdate())),'wsv','wsv')
20240412@080336.7351 v5ji45i05et2jpni1pvvddnb5p Query : insert into wsftcreationlog (initialftstamp,externalid,creationstatus,documenttypeid,idustamp) values ('aut6618d426576618dcc872','2402680','wait',39,'ari17112337378,753000005')
20240412@080336.7386 v5ji45i05et2jpni1pvvddnb5p Query : use flama_phc
20240412@080336.7390 v5ji45i05et2jpni1pvvddnb5p Query : update u_wsusers set rqsttoken =? where userid ='userls001'
20240412@080336.7416 v5ji45i05et2jpni1pvvddnb5p Query : select concat(rtrim(relative_path),ltrim(name_new)) as valor from uploadfiles where uploadfile_id='1101';
20240412@080336.7439 v5ji45i05et2jpni1pvvddnb5p Query : update uploadfiles set whenupdated=current_timestamp where uploadfile_id='1101';
20240412@080336.7468 v5ji45i05et2jpni1pvvddnb5p Query : select concat(rtrim(relative_path),ltrim(name_new)) as valor from uploadfiles where uploadfile_id='1101';
20240412@080336.7485 v5ji45i05et2jpni1pvvddnb5p Query : update uploadfiles set whenupdated=current_timestamp where uploadfile_id='1101';
20240412@080336.7926 a0gsvu7pbnm0gr9mplhnea9jj9 Query : insert into uploadfiles ( name_original, name_new, option_type, relative_path, whencreated ) values ( ?, ?, ?, ?, getdate() )
20240412@080336.7956 a0gsvu7pbnm0gr9mplhnea9jj9 Query : select uploadfile_id valor from uploadfiles where name_new = ? and option_type = ? 
20240412@080336.8000 a0gsvu7pbnm0gr9mplhnea9jj9 Query : select concat(rtrim(relative_path),ltrim(name_new)) as valor from uploadfiles where uploadfile_id='1102';
20240412@080336.8057 a0gsvu7pbnm0gr9mplhnea9jj9 Query : update uploadfiles set whenupdated=current_timestamp where uploadfile_id='1102';
20240412@080336.8090 a0gsvu7pbnm0gr9mplhnea9jj9 Query : select concat(rtrim(relative_path),ltrim(name_new)) as valor from uploadfiles where uploadfile_id='1102';
20240412@080336.8112 a0gsvu7pbnm0gr9mplhnea9jj9 Query : update uploadfiles set whenupdated=current_timestamp where uploadfile_id='1102';
20240412@080336.8177 a0gsvu7pbnm0gr9mplhnea9jj9 Query : use flama_phc
20240412@080336.8181 a0gsvu7pbnm0gr9mplhnea9jj9 Query : select top 1 secretkey valor from u_wsusers u where u.userid = ? and u.inactivo=0
20240412@080336.8196 a0gsvu7pbnm0gr9mplhnea9jj9 Query : use flama_phc
20240412@080336.8199 a0gsvu7pbnm0gr9mplhnea9jj9 Query : select no, estab,szadrsdesc from szadrs where u_coddest=4740
20240412@080336.8245 a0gsvu7pbnm0gr9mplhnea9jj9 Query : select top 1 isnull(design,'') valor from st (nolock) left join stobs (nolock) on st.ref = stobs.ref where st.ref = '324.4840.00.1'
20240412@080336.8420 a0gsvu7pbnm0gr9mplhnea9jj9 Query : select top 1 bistamp valor from bi inner join bo on bo.bostamp=bi.bostamp where bo.ndos =240 and bo.boano =2026 and bo.obrano = 2402681 and bi.ref ='324.4840.00.1' and bi.lordem =1
20240412@080336.8754 a0gsvu7pbnm0gr9mplhnea9jj9 Query : select top 1 isnull(design,'') valor from st (nolock) left join stobs (nolock) on st.ref = stobs.ref where st.ref = '324.4840.00.1'
20240412@080336.8767 a0gsvu7pbnm0gr9mplhnea9jj9 Query : select top 1 bistamp valor from bi inner join bo on bo.bostamp=bi.bostamp where bo.ndos =240 and bo.boano =2026 and bo.obrano = 2402681 and bi.ref ='324.4840.00.1' and bi.lordem =1
20240412@080336.8772 a0gsvu7pbnm0gr9mplhnea9jj9 Query : use flama_phc
20240412@080336.8782 a0gsvu7pbnm0gr9mplhnea9jj9 Query : select top 1 convert(date,fdata) valor from ft where ndoc = 39 and anulado= 0 and fno>0 order by fdata desc
20240412@080336.8950 a0gsvu7pbnm0gr9mplhnea9jj9 Query : use flama_phc
20240412@080336.8955 a0gsvu7pbnm0gr9mplhnea9jj9 Query : select top 1 1 valor from td where td.ndoc = 39
20240412@080336.8965 a0gsvu7pbnm0gr9mplhnea9jj9 Query : use flama_phc
20240412@080336.8968 a0gsvu7pbnm0gr9mplhnea9jj9 Query : select descricao ,case when valor='s' then 1 else 0 end usalotes from para1 where descricao in ('st_lote')
20240412@080336.8980 a0gsvu7pbnm0gr9mplhnea9jj9 Query : select top 1 assinadoc issigned ,td.lancasl stocks ,'cl' origin ,case when (cmsl between 1 and 50 ) then 1 else 0 end entrada ,case when (cmsl>50 ) then 1 else 0 end saida ,~lotestock validatestock ,tiposaft from td inner join td2 on td.tdstamp=td2.td2stamp where td.ndoc =39
20240412@080336.8998 a0gsvu7pbnm0gr9mplhnea9jj9 Query : use flama_phc
20240412@080336.9001 a0gsvu7pbnm0gr9mplhnea9jj9 Query : select top 1 ~inactivo valor from cl where no = '100810' and estab = 0 order by inactivo desc
20240412@080336.9011 a0gsvu7pbnm0gr9mplhnea9jj9 Query : use flama_phc
20240412@080336.9014 a0gsvu7pbnm0gr9mplhnea9jj9 Query : select top 1 tipodoc,regrd from td where ndoc = 39
20240412@080336.9025 a0gsvu7pbnm0gr9mplhnea9jj9 Query : use flama_phc
20240412@080336.9028 a0gsvu7pbnm0gr9mplhnea9jj9 Query : select szadrsstamp valor from szadrs where szadrsdesc='espaÇotrans,lda'
20240412@080336.9049 a0gsvu7pbnm0gr9mplhnea9jj9 Query : use flama_phc
20240412@080336.9051 a0gsvu7pbnm0gr9mplhnea9jj9 Query : select szadrsstamp valor from szadrs where szadrsdesc='100810 - worten-equipamentos para o lar,sa.'
20240412@080336.9063 a0gsvu7pbnm0gr9mplhnea9jj9 Query : use flama_phc
20240412@080336.9066 a0gsvu7pbnm0gr9mplhnea9jj9 Query : select 1 valor from td where ndoc = 39
20240412@080336.9077 a0gsvu7pbnm0gr9mplhnea9jj9 Query : select top 1 manternumero, tiposaft, nmdos,td.assinadoc from td where td.ndoc = 39
20240412@080336.9091 a0gsvu7pbnm0gr9mplhnea9jj9 Query : select 1 valor from information_schema.tables where table_type='base table' and table_name='wsft039fields'
20240412@080336.9106 a0gsvu7pbnm0gr9mplhnea9jj9 Query : select fieldkey,fieldname,fieldtype,mandatory from wsft039fields
20240412@080336.9128 a0gsvu7pbnm0gr9mplhnea9jj9 Query : select 1 valor from information_schema.tables where table_type='base table' and table_name='wsft2039fields'
20240412@080336.9143 a0gsvu7pbnm0gr9mplhnea9jj9 Query : select fieldkey,fieldname,fieldtype,mandatory from wsft2039fields
20240412@080336.9178 a0gsvu7pbnm0gr9mplhnea9jj9 Query : select 1 valor from information_schema.tables where table_type='base table' and table_name='wsft3039fields'
20240412@080336.9195 a0gsvu7pbnm0gr9mplhnea9jj9 Query : select fieldkey,fieldname,fieldtype,mandatory from wsft3039fields
20240412@080336.9207 a0gsvu7pbnm0gr9mplhnea9jj9 Query : select top 1 ft.fno valor from ft ft where ft.ndoc = 39 and ftano=2024 order by fno desc
20240412@080336.9338 a0gsvu7pbnm0gr9mplhnea9jj9 Query : select top 1 ft.fno valor from wsft039data ft where ft.ndoc = 39 and ftano=2024 order by fno desc
20240412@080336.9349 a0gsvu7pbnm0gr9mplhnea9jj9 Query : select 1 valor from information_schema.tables where table_type='base table' and table_name='wsft3039fields'
20240412@080336.9365 a0gsvu7pbnm0gr9mplhnea9jj9 Query : select fieldkey,fieldname,fieldtype,calcformula from wsft3039fields
20240412@080336.9375 a0gsvu7pbnm0gr9mplhnea9jj9 Query : insert into wsft3039data (ft3stamp, ousrdata, ousrhora, usrdata,usrhora,ousrinis,usrinis,taxpointdt ) values ('aut6618d586546618dcc8e0' ,getdate(),convert(char(8),convert (time,getdate())),getdate(),convert(char(8),convert (time,getdate())),'wsv','wsv',?)
20240412@080336.9573 a0gsvu7pbnm0gr9mplhnea9jj9 Query : select 1 valor from information_schema.tables where table_type='base table' and table_name='wsft2039fields'
20240412@080336.9801 a0gsvu7pbnm0gr9mplhnea9jj9 Query : select fieldkey,fieldname,fieldtype,calcformula from wsft2039fields
20240412@080336.9843 a0gsvu7pbnm0gr9mplhnea9jj9 Query : select top 1 bo.u_nomeenv valor from bo where bo.bostamp=''
20240412@080336.9849 a0gsvu7pbnm0gr9mplhnea9jj9 Query : select top 1 bo.u_moradaen valor from bo where bo.bostamp=''
20240412@080336.9855 a0gsvu7pbnm0gr9mplhnea9jj9 Query : select top 1 bo.u_codposen valor from bo where bo.bostamp=''
20240412@080336.9860 a0gsvu7pbnm0gr9mplhnea9jj9 Query : select top 1 bo.u_localenv valor from bo where bo.bostamp=''
20240412@080336.9867 a0gsvu7pbnm0gr9mplhnea9jj9 Query : select top 1 bo.trab5 valor from bo where bo.bostamp=''
20240412@080336.9873 a0gsvu7pbnm0gr9mplhnea9jj9 Query : select top 1 bo.serie valor from bo where bo.bostamp=''
20240412@080336.9878 a0gsvu7pbnm0gr9mplhnea9jj9 Query : insert into wsft2039data (ft2stamp, ousrdata,ousrhora, usrdata,usrhora,ousrinis,usrinis,u_nomeenv ,u_moradaen ,u_codposen ,u_localenv ,u_coddest ,u_codby ) values ('aut6618d586546618dcc8e0',getdate(),convert(char(8),convert (time,getdate())),getdate(),convert(char(8),convert (time,getdate())),'wsv','wsv',?,?,?,?,?,?)
20240412@080337.1650 a0gsvu7pbnm0gr9mplhnea9jj9 Query : select top 1 fno valor from wsft039data order by fno desc
20240412@080337.1860 a0gsvu7pbnm0gr9mplhnea9jj9 Query : select 1 valor from information_schema.tables where table_type='base table' and table_name='wsft039fields'
20240412@080337.2020 a0gsvu7pbnm0gr9mplhnea9jj9 Query : select fieldkey,fieldname,fieldtype,calcformula from wsft039fields
20240412@080337.2210 a0gsvu7pbnm0gr9mplhnea9jj9 Query : insert into wsft039data (ftstamp, ousrdata,ousrhora, usrdata,usrhora,ousrinis,usrinis,fno,no,estab,fdata,ndoc,moeda,cambio,cambiofixo,ftano,cdata,chora,carga,descar,site ,classe ) values ('aut6618d586546618dcc8e0',getdate(),convert(char(8),convert (time,getdate())),getdate(),convert(char(8),convert (time,getdate())),'wsv','wsv',852,100810,0,'2024-04-12',39,'euro',0,0,2024 ,'20240412','0833',?,?,?,?)
20240412@080337.5840 a0gsvu7pbnm0gr9mplhnea9jj9 Query : use flama_phc
20240412@080337.5890 a0gsvu7pbnm0gr9mplhnea9jj9 Query : select st.usalote valor from st where st.ref = '324.4840.00.1'
20240412@080337.6750 a0gsvu7pbnm0gr9mplhnea9jj9 Query : select top 1 st.tabiva ,st.ivaincl ,st.stns ,st.uni2 ,st.familia ,isnull(tx.taxa, 0) txiva ,unidade ,usalote ,epcpond ,noserie from st left join taxasiva tx on st.tabiva = tx.codigo where st.ref = '324.4840.00.1'
20240412@080337.8870 a0gsvu7pbnm0gr9mplhnea9jj9 Query : select 1 valor from information_schema.tables where table_type='base table' and table_name='wsfi039fields'
20240412@080337.9020 a0gsvu7pbnm0gr9mplhnea9jj9 Query : select fieldkey,fieldname,fieldtype,mandatory from wsfi039fields
20240412@080337.9400 a0gsvu7pbnm0gr9mplhnea9jj9 Query : select 1 valor from information_schema.tables where table_type='base table' and table_name='wsfi2039fields'
20240412@080337.9590 a0gsvu7pbnm0gr9mplhnea9jj9 Query : select fieldkey,fieldname,fieldtype,mandatory from wsfi2039fields
20240412@080337.9640 a0gsvu7pbnm0gr9mplhnea9jj9 Query : select sestamp valor from se where ref ='324.4840.00.1' and lote = 'r2101353200a'
20240412@080337.9940 a0gsvu7pbnm0gr9mplhnea9jj9 Query : select top 1 convert(numeric(6,2),t.taxa) valor from taxasiva t where t.codigo='2'
20240412@080337.1005 a0gsvu7pbnm0gr9mplhnea9jj9 Query : select 1 valor from information_schema.tables where table_type='base table' and table_name='wsfi039fields'
20240412@080337.1019 a0gsvu7pbnm0gr9mplhnea9jj9 Query : select fieldkey,fieldname,fieldtype,calcformula from wsfi039fields
20240412@080337.1044 a0gsvu7pbnm0gr9mplhnea9jj9 Query : insert into wsfi039data (fistamp,ousrdata, ousrhora, usrdata,usrhora,ousrinis,usrinis ,qtt ,ftstamp ,epv,pvmoeda ,tabiva,iva,lordem ,ref, design ,lote,armazem,bistamp ) values ('aut6618d473396618dcc918',getdate(),convert(char(8),convert (time,getdate())),getdate(),convert(char(8),convert (time,getdate())),'wsv','wsv',6.000 ,'aut6618d586546618dcc8e0' ,0,0 ,2,23.00,10000,?,?,?,?,?)
20240412@080337.1329 a0gsvu7pbnm0gr9mplhnea9jj9 Query : select 1 valor from information_schema.tables where table_type='base table' and table_name='wsfi2039fields'
20240412@080337.1345 a0gsvu7pbnm0gr9mplhnea9jj9 Query : select fieldkey,fieldname,fieldtype,calcformula from wsfi2039fields
20240412@080337.1349 a0gsvu7pbnm0gr9mplhnea9jj9 Query : insert into wsfi2039data (fi2stamp,ftstamp ,ousrdata, ousrhora, usrdata,usrhora,ousrinis,usrinis) values ('aut6618d473396618dcc918','aut6618d586546618dcc8e0' ,getdate(),convert(char(8),convert (time,getdate())),getdate(),convert(char(8),convert (time,getdate())),'wsv','wsv')
20240412@080337.1354 a0gsvu7pbnm0gr9mplhnea9jj9 Query : use flama_phc
20240412@080337.1357 a0gsvu7pbnm0gr9mplhnea9jj9 Query : select st.usalote valor from st where st.ref = '324.4840.00.1'
20240412@080337.1368 a0gsvu7pbnm0gr9mplhnea9jj9 Query : select top 1 st.tabiva ,st.ivaincl ,st.stns ,st.uni2 ,st.familia ,isnull(tx.taxa, 0) txiva ,unidade ,usalote ,epcpond ,noserie from st left join taxasiva tx on st.tabiva = tx.codigo where st.ref = '324.4840.00.1'
20240412@080337.1378 a0gsvu7pbnm0gr9mplhnea9jj9 Query : select 1 valor from information_schema.tables where table_type='base table' and table_name='wsfi039fields'
20240412@080337.1391 a0gsvu7pbnm0gr9mplhnea9jj9 Query : select fieldkey,fieldname,fieldtype,mandatory from wsfi039fields
20240412@080337.1412 a0gsvu7pbnm0gr9mplhnea9jj9 Query : select 1 valor from information_schema.tables where table_type='base table' and table_name='wsfi2039fields'
20240412@080337.1436 a0gsvu7pbnm0gr9mplhnea9jj9 Query : select fieldkey,fieldname,fieldtype,mandatory from wsfi2039fields
20240412@080337.1442 a0gsvu7pbnm0gr9mplhnea9jj9 Query : select sestamp valor from se where ref ='324.4840.00.1' and lote = 'r2101353200a'
20240412@080337.1452 a0gsvu7pbnm0gr9mplhnea9jj9 Query : select top 1 convert(numeric(6,2),t.taxa) valor from taxasiva t where t.codigo='2'
20240412@080337.1462 a0gsvu7pbnm0gr9mplhnea9jj9 Query : select 1 valor from information_schema.tables where table_type='base table' and table_name='wsfi039fields'
20240412@080337.1474 a0gsvu7pbnm0gr9mplhnea9jj9 Query : select fieldkey,fieldname,fieldtype,calcformula from wsfi039fields
20240412@080337.1496 a0gsvu7pbnm0gr9mplhnea9jj9 Query : insert into wsfi039data (fistamp,ousrdata, ousrhora, usrdata,usrhora,ousrinis,usrinis ,qtt ,ftstamp ,epv,pvmoeda ,tabiva,iva,lordem ,ref, design ,lote,armazem,bistamp ) values ('aut6618d921136618dcc923',getdate(),convert(char(8),convert (time,getdate())),getdate(),convert(char(8),convert (time,getdate())),'wsv','wsv',14.000 ,'aut6618d586546618dcc8e0' ,0,0 ,2,23.00,20000,?,?,?,?,?)
20240412@080337.1780 a0gsvu7pbnm0gr9mplhnea9jj9 Query : select 1 valor from information_schema.tables where table_type='base table' and table_name='wsfi2039fields'
20240412@080337.1796 a0gsvu7pbnm0gr9mplhnea9jj9 Query : select fieldkey,fieldname,fieldtype,calcformula from wsfi2039fields
20240412@080337.1801 a0gsvu7pbnm0gr9mplhnea9jj9 Query : insert into wsfi2039data (fi2stamp,ftstamp ,ousrdata, ousrhora, usrdata,usrhora,ousrinis,usrinis) values ('aut6618d921136618dcc923','aut6618d586546618dcc8e0' ,getdate(),convert(char(8),convert (time,getdate())),getdate(),convert(char(8),convert (time,getdate())),'wsv','wsv')
20240412@080337.1806 a0gsvu7pbnm0gr9mplhnea9jj9 Query : insert into wsftcreationlog (initialftstamp,externalid,creationstatus,documenttypeid,idustamp) values ('aut6618d586546618dcc8e0','2402681','wait',39,'ari17112337378,753000005')
20240412@080337.1822 a0gsvu7pbnm0gr9mplhnea9jj9 Query : use flama_phc
20240412@080337.1825 a0gsvu7pbnm0gr9mplhnea9jj9 Query : update u_wsusers set rqsttoken =? where userid ='userls001'
20240412@080337.1836 a0gsvu7pbnm0gr9mplhnea9jj9 Query : select concat(rtrim(relative_path),ltrim(name_new)) as valor from uploadfiles where uploadfile_id='1102';
20240412@080337.1855 a0gsvu7pbnm0gr9mplhnea9jj9 Query : update uploadfiles set whenupdated=current_timestamp where uploadfile_id='1102';
20240412@080337.1870 a0gsvu7pbnm0gr9mplhnea9jj9 Query : select concat(rtrim(relative_path),ltrim(name_new)) as valor from uploadfiles where uploadfile_id='1102';
20240412@080337.1884 a0gsvu7pbnm0gr9mplhnea9jj9 Query : update uploadfiles set whenupdated=current_timestamp where uploadfile_id='1102';
20240412@080337.3734 hsr79gd6e15isbp7dqek5hu5h5 Query : insert into uploadfiles ( name_original, name_new, option_type, relative_path, whencreated ) values ( ?, ?, ?, ?, getdate() )
20240412@080337.4064 hsr79gd6e15isbp7dqek5hu5h5 Query : select uploadfile_id valor from uploadfiles where name_new = ? and option_type = ? 
20240412@080337.4691 hsr79gd6e15isbp7dqek5hu5h5 Query : select concat(rtrim(relative_path),ltrim(name_new)) as valor from uploadfiles where uploadfile_id='1103';
20240412@080337.4941 hsr79gd6e15isbp7dqek5hu5h5 Query : update uploadfiles set whenupdated=current_timestamp where uploadfile_id='1103';
20240412@080337.5034 hsr79gd6e15isbp7dqek5hu5h5 Query : select concat(rtrim(relative_path),ltrim(name_new)) as valor from uploadfiles where uploadfile_id='1103';
20240412@080337.5254 hsr79gd6e15isbp7dqek5hu5h5 Query : update uploadfiles set whenupdated=current_timestamp where uploadfile_id='1103';
20240412@080337.5345 hsr79gd6e15isbp7dqek5hu5h5 Query : use flama_phc
20240412@080337.5386 hsr79gd6e15isbp7dqek5hu5h5 Query : select top 1 secretkey valor from u_wsusers u where u.userid = ? and u.inactivo=0
20240412@080337.5639 hsr79gd6e15isbp7dqek5hu5h5 Query : use flama_phc
20240412@080337.5680 hsr79gd6e15isbp7dqek5hu5h5 Query : select no, estab,szadrsdesc from szadrs where u_coddest=4740
20240412@080337.5808 hsr79gd6e15isbp7dqek5hu5h5 Query : select top 1 isnull(design,'') valor from st (nolock) left join stobs (nolock) on st.ref = stobs.ref where st.ref = '324.4902.00.1'
20240412@080337.6016 hsr79gd6e15isbp7dqek5hu5h5 Query : select top 1 bistamp valor from bi inner join bo on bo.bostamp=bi.bostamp where bo.ndos =240 and bo.boano =2026 and bo.obrano = 2402682 and bi.ref ='324.4902.00.1' and bi.lordem =1
20240412@080337.6609 hsr79gd6e15isbp7dqek5hu5h5 Query : select top 1 isnull(design,'') valor from st (nolock) left join stobs (nolock) on st.ref = stobs.ref where st.ref = '324.4902.00.1'
20240412@080337.6866 hsr79gd6e15isbp7dqek5hu5h5 Query : select top 1 bistamp valor from bi inner join bo on bo.bostamp=bi.bostamp where bo.ndos =240 and bo.boano =2026 and bo.obrano = 2402682 and bi.ref ='324.4902.00.1' and bi.lordem =1
20240412@080337.7447 hsr79gd6e15isbp7dqek5hu5h5 Query : use flama_phc
20240412@080337.7501 hsr79gd6e15isbp7dqek5hu5h5 Query : select top 1 convert(date,fdata) valor from ft where ndoc = 39 and anulado= 0 and fno>0 order by fdata desc
20240412@080337.7708 hsr79gd6e15isbp7dqek5hu5h5 Query : use flama_phc
20240412@080337.7790 hsr79gd6e15isbp7dqek5hu5h5 Query : select top 1 1 valor from td where td.ndoc = 39
20240412@080337.8745 hsr79gd6e15isbp7dqek5hu5h5 Query : use flama_phc
20240412@080337.8750 hsr79gd6e15isbp7dqek5hu5h5 Query : select descricao ,case when valor='s' then 1 else 0 end usalotes from para1 where descricao in ('st_lote')
20240412@080337.8763 hsr79gd6e15isbp7dqek5hu5h5 Query : select top 1 assinadoc issigned ,td.lancasl stocks ,'cl' origin ,case when (cmsl between 1 and 50 ) then 1 else 0 end entrada ,case when (cmsl>50 ) then 1 else 0 end saida ,~lotestock validatestock ,tiposaft from td inner join td2 on td.tdstamp=td2.td2stamp where td.ndoc =39
20240412@080337.8779 hsr79gd6e15isbp7dqek5hu5h5 Query : use flama_phc
20240412@080337.8783 hsr79gd6e15isbp7dqek5hu5h5 Query : select top 1 ~inactivo valor from cl where no = '100810' and estab = 0 order by inactivo desc
20240412@080337.8821 hsr79gd6e15isbp7dqek5hu5h5 Query : use flama_phc
20240412@080337.8826 hsr79gd6e15isbp7dqek5hu5h5 Query : select top 1 tipodoc,regrd from td where ndoc = 39
20240412@080337.8838 hsr79gd6e15isbp7dqek5hu5h5 Query : use flama_phc
20240412@080337.8840 hsr79gd6e15isbp7dqek5hu5h5 Query : select szadrsstamp valor from szadrs where szadrsdesc='espaÇotrans,lda'
20240412@080337.8850 hsr79gd6e15isbp7dqek5hu5h5 Query : use flama_phc
20240412@080337.8853 hsr79gd6e15isbp7dqek5hu5h5 Query : select szadrsstamp valor from szadrs where szadrsdesc='100810 - worten-equipamentos para o lar,sa.'
20240412@080337.8948 hsr79gd6e15isbp7dqek5hu5h5 Query : use flama_phc
20240412@080337.8990 hsr79gd6e15isbp7dqek5hu5h5 Query : select 1 valor from td where ndoc = 39
20240412@080337.9062 hsr79gd6e15isbp7dqek5hu5h5 Query : select top 1 manternumero, tiposaft, nmdos,td.assinadoc from td where td.ndoc = 39
20240412@080337.9081 hsr79gd6e15isbp7dqek5hu5h5 Query : select 1 valor from information_schema.tables where table_type='base table' and table_name='wsft039fields'
20240412@080337.9261 hsr79gd6e15isbp7dqek5hu5h5 Query : select fieldkey,fieldname,fieldtype,mandatory from wsft039fields
20240412@080337.9864 hsr79gd6e15isbp7dqek5hu5h5 Query : select 1 valor from information_schema.tables where table_type='base table' and table_name='wsft2039fields'
20240412@080338.1150 hsr79gd6e15isbp7dqek5hu5h5 Query : select fieldkey,fieldname,fieldtype,mandatory from wsft2039fields
20240412@080338.8060 hsr79gd6e15isbp7dqek5hu5h5 Query : select 1 valor from information_schema.tables where table_type='base table' and table_name='wsft3039fields'
20240412@080338.9260 hsr79gd6e15isbp7dqek5hu5h5 Query : select fieldkey,fieldname,fieldtype,mandatory from wsft3039fields
20240412@080338.9440 hsr79gd6e15isbp7dqek5hu5h5 Query : select top 1 ft.fno valor from ft ft where ft.ndoc = 39 and ftano=2024 order by fno desc
20240412@080338.1470 hsr79gd6e15isbp7dqek5hu5h5 Query : select top 1 ft.fno valor from wsft039data ft where ft.ndoc = 39 and ftano=2024 order by fno desc
20240412@080338.1717 hsr79gd6e15isbp7dqek5hu5h5 Query : select 1 valor from information_schema.tables where table_type='base table' and table_name='wsft3039fields'
20240412@080338.1982 hsr79gd6e15isbp7dqek5hu5h5 Query : select fieldkey,fieldname,fieldtype,calcformula from wsft3039fields
20240412@080338.2124 hsr79gd6e15isbp7dqek5hu5h5 Query : insert into wsft3039data (ft3stamp, ousrdata, ousrhora, usrdata,usrhora,ousrinis,usrinis,taxpointdt ) values ('aut6618d148236618dcca17' ,getdate(),convert(char(8),convert (time,getdate())),getdate(),convert(char(8),convert (time,getdate())),'wsv','wsv',?)
20240412@080338.2490 hsr79gd6e15isbp7dqek5hu5h5 Query : select 1 valor from information_schema.tables where table_type='base table' and table_name='wsft2039fields'
20240412@080338.2513 hsr79gd6e15isbp7dqek5hu5h5 Query : select fieldkey,fieldname,fieldtype,calcformula from wsft2039fields
20240412@080338.2961 hsr79gd6e15isbp7dqek5hu5h5 Query : select top 1 bo.u_nomeenv valor from bo where bo.bostamp=''
20240412@080338.3048 hsr79gd6e15isbp7dqek5hu5h5 Query : select top 1 bo.u_moradaen valor from bo where bo.bostamp=''
20240412@080338.3177 hsr79gd6e15isbp7dqek5hu5h5 Query : select top 1 bo.u_codposen valor from bo where bo.bostamp=''
20240412@080338.3327 hsr79gd6e15isbp7dqek5hu5h5 Query : select top 1 bo.u_localenv valor from bo where bo.bostamp=''
20240412@080338.3416 hsr79gd6e15isbp7dqek5hu5h5 Query : select top 1 bo.trab5 valor from bo where bo.bostamp=''
20240412@080338.3504 hsr79gd6e15isbp7dqek5hu5h5 Query : select top 1 bo.serie valor from bo where bo.bostamp=''
20240412@080338.3591 hsr79gd6e15isbp7dqek5hu5h5 Query : insert into wsft2039data (ft2stamp, ousrdata,ousrhora, usrdata,usrhora,ousrinis,usrinis,u_nomeenv ,u_moradaen ,u_codposen ,u_localenv ,u_coddest ,u_codby ) values ('aut6618d148236618dcca17',getdate(),convert(char(8),convert (time,getdate())),getdate(),convert(char(8),convert (time,getdate())),'wsv','wsv',?,?,?,?,?,?)
20240412@080338.4217 hsr79gd6e15isbp7dqek5hu5h5 Query : select top 1 fno valor from wsft039data order by fno desc
20240412@080338.4360 hsr79gd6e15isbp7dqek5hu5h5 Query : select 1 valor from information_schema.tables where table_type='base table' and table_name='wsft039fields'
20240412@080338.4376 hsr79gd6e15isbp7dqek5hu5h5 Query : select fieldkey,fieldname,fieldtype,calcformula from wsft039fields
20240412@080338.4406 hsr79gd6e15isbp7dqek5hu5h5 Query : insert into wsft039data (ftstamp, ousrdata,ousrhora, usrdata,usrhora,ousrinis,usrinis,fno,no,estab,fdata,ndoc,moeda,cambio,cambiofixo,ftano,cdata,chora,carga,descar,site ,classe ) values ('aut6618d148236618dcca17',getdate(),convert(char(8),convert (time,getdate())),getdate(),convert(char(8),convert (time,getdate())),'wsv','wsv',853,100810,0,'2024-04-12',39,'euro',0,0,2024 ,'20240412','0833',?,?,?,?)
20240412@080338.5298 hsr79gd6e15isbp7dqek5hu5h5 Query : use flama_phc
20240412@080338.5340 hsr79gd6e15isbp7dqek5hu5h5 Query : select st.usalote valor from st where st.ref = '324.4902.00.1'
20240412@080338.5575 hsr79gd6e15isbp7dqek5hu5h5 Query : select top 1 st.tabiva ,st.ivaincl ,st.stns ,st.uni2 ,st.familia ,isnull(tx.taxa, 0) txiva ,unidade ,usalote ,epcpond ,noserie from st left join taxasiva tx on st.tabiva = tx.codigo where st.ref = '324.4902.00.1'
20240412@080338.6088 hsr79gd6e15isbp7dqek5hu5h5 Query : select 1 valor from information_schema.tables where table_type='base table' and table_name='wsfi039fields'
20240412@080338.6291 hsr79gd6e15isbp7dqek5hu5h5 Query : select fieldkey,fieldname,fieldtype,mandatory from wsfi039fields
20240412@080338.6477 hsr79gd6e15isbp7dqek5hu5h5 Query : select 1 valor from information_schema.tables where table_type='base table' and table_name='wsfi2039fields'
20240412@080338.6491 hsr79gd6e15isbp7dqek5hu5h5 Query : select fieldkey,fieldname,fieldtype,mandatory from wsfi2039fields
20240412@080338.6495 hsr79gd6e15isbp7dqek5hu5h5 Query : select sestamp valor from se where ref ='324.4902.00.1' and lote = 'r2300206100a'
20240412@080338.6787 hsr79gd6e15isbp7dqek5hu5h5 Query : select top 1 convert(numeric(6,2),t.taxa) valor from taxasiva t where t.codigo='2'
20240412@080338.6904 hsr79gd6e15isbp7dqek5hu5h5 Query : select 1 valor from information_schema.tables where table_type='base table' and table_name='wsfi039fields'
20240412@080338.7009 hsr79gd6e15isbp7dqek5hu5h5 Query : select fieldkey,fieldname,fieldtype,calcformula from wsfi039fields
20240412@080338.7548 hsr79gd6e15isbp7dqek5hu5h5 Query : insert into wsfi039data (fistamp,ousrdata, ousrhora, usrdata,usrhora,ousrinis,usrinis ,qtt ,ftstamp ,epv,pvmoeda ,tabiva,iva,lordem ,ref, design ,lote,armazem,bistamp ) values ('aut6618d593586618dccaa8',getdate(),convert(char(8),convert (time,getdate())),getdate(),convert(char(8),convert (time,getdate())),'wsv','wsv',4.000 ,'aut6618d148236618dcca17' ,0,0 ,2,23.00,10000,?,?,?,?,?)
20240412@080338.8145 hsr79gd6e15isbp7dqek5hu5h5 Query : select 1 valor from information_schema.tables where table_type='base table' and table_name='wsfi2039fields'
20240412@080338.8185 hsr79gd6e15isbp7dqek5hu5h5 Query : select fieldkey,fieldname,fieldtype,calcformula from wsfi2039fields
20240412@080338.8190 hsr79gd6e15isbp7dqek5hu5h5 Query : insert into wsfi2039data (fi2stamp,ftstamp ,ousrdata, ousrhora, usrdata,usrhora,ousrinis,usrinis) values ('aut6618d593586618dccaa8','aut6618d148236618dcca17' ,getdate(),convert(char(8),convert (time,getdate())),getdate(),convert(char(8),convert (time,getdate())),'wsv','wsv')
20240412@080338.8195 hsr79gd6e15isbp7dqek5hu5h5 Query : select 1 valor from information_schema.tables where table_type='base table' and table_name='wsfi039fields'
20240412@080338.8207 hsr79gd6e15isbp7dqek5hu5h5 Query : select fieldkey,fieldname,fieldtype,mandatory from wsfi039fields
20240412@080338.8476 hsr79gd6e15isbp7dqek5hu5h5 Query : select 1 valor from information_schema.tables where table_type='base table' and table_name='wsfi2039fields'
20240412@080338.8510 hsr79gd6e15isbp7dqek5hu5h5 Query : select fieldkey,fieldname,fieldtype,mandatory from wsfi2039fields
20240412@080338.8515 hsr79gd6e15isbp7dqek5hu5h5 Query : select top 1 convert(numeric(6,2),t.taxa) valor from taxasiva t where t.codigo='2'
20240412@080338.8661 hsr79gd6e15isbp7dqek5hu5h5 Query : select 1 valor from information_schema.tables where table_type='base table' and table_name='wsfi039fields'
20240412@080338.8877 hsr79gd6e15isbp7dqek5hu5h5 Query : select fieldkey,fieldname,fieldtype,calcformula from wsfi039fields
20240412@080338.9467 hsr79gd6e15isbp7dqek5hu5h5 Query : insert into wsfi039data (fistamp,ousrdata, ousrhora, usrdata,usrhora,ousrinis,usrinis ,qtt ,ftstamp ,epv,pvmoeda ,tabiva,iva,lordem ,ref, design ,armazem) values ('aut6618d429996618dccad3',getdate(),convert(char(8),convert (time,getdate())),getdate(),convert(char(8),convert (time,getdate())),'wsv','wsv',0 ,'aut6618d148236618dcca17' ,0,0 ,2,23.00,20000,?,?,?)
20240412@080338.9990 hsr79gd6e15isbp7dqek5hu5h5 Query : select 1 valor from information_schema.tables where table_type='base table' and table_name='wsfi2039fields'
20240412@080339.1810 hsr79gd6e15isbp7dqek5hu5h5 Query : select fieldkey,fieldname,fieldtype,calcformula from wsfi2039fields
20240412@080339.1870 hsr79gd6e15isbp7dqek5hu5h5 Query : insert into wsfi2039data (fi2stamp,ftstamp ,ousrdata, ousrhora, usrdata,usrhora,ousrinis,usrinis) values ('aut6618d429996618dccad3','aut6618d148236618dcca17' ,getdate(),convert(char(8),convert (time,getdate())),getdate(),convert(char(8),convert (time,getdate())),'wsv','wsv')
20240412@080339.1920 hsr79gd6e15isbp7dqek5hu5h5 Query : use flama_phc
20240412@080339.1950 hsr79gd6e15isbp7dqek5hu5h5 Query : select st.usalote valor from st where st.ref = '324.4902.00.1'
20240412@080339.3760 hsr79gd6e15isbp7dqek5hu5h5 Query : select top 1 st.tabiva ,st.ivaincl ,st.stns ,st.uni2 ,st.familia ,isnull(tx.taxa, 0) txiva ,unidade ,usalote ,epcpond ,noserie from st left join taxasiva tx on st.tabiva = tx.codigo where st.ref = '324.4902.00.1'
20240412@080339.5860 hsr79gd6e15isbp7dqek5hu5h5 Query : select 1 valor from information_schema.tables where table_type='base table' and table_name='wsfi039fields'
20240412@080339.8060 hsr79gd6e15isbp7dqek5hu5h5 Query : select fieldkey,fieldname,fieldtype,mandatory from wsfi039fields
20240412@080339.1111 hsr79gd6e15isbp7dqek5hu5h5 Query : select 1 valor from information_schema.tables where table_type='base table' and table_name='wsfi2039fields'
20240412@080339.1236 hsr79gd6e15isbp7dqek5hu5h5 Query : select fieldkey,fieldname,fieldtype,mandatory from wsfi2039fields
20240412@080339.1242 hsr79gd6e15isbp7dqek5hu5h5 Query : select sestamp valor from se where ref ='324.4902.00.1' and lote = 'r2300206100a'
20240412@080339.1252 hsr79gd6e15isbp7dqek5hu5h5 Query : select top 1 convert(numeric(6,2),t.taxa) valor from taxasiva t where t.codigo='2'
20240412@080339.1283 hsr79gd6e15isbp7dqek5hu5h5 Query : select 1 valor from information_schema.tables where table_type='base table' and table_name='wsfi039fields'
20240412@080339.1501 hsr79gd6e15isbp7dqek5hu5h5 Query : select fieldkey,fieldname,fieldtype,calcformula from wsfi039fields
20240412@080339.1732 hsr79gd6e15isbp7dqek5hu5h5 Query : insert into wsfi039data (fistamp,ousrdata, ousrhora, usrdata,usrhora,ousrinis,usrinis ,qtt ,ftstamp ,epv,pvmoeda ,tabiva,iva,lordem ,ref, design ,lote,armazem,bistamp ) values ('aut6618d824836618dccb1f',getdate(),convert(char(8),convert (time,getdate())),getdate(),convert(char(8),convert (time,getdate())),'wsv','wsv',96.000 ,'aut6618d148236618dcca17' ,0,0 ,2,23.00,40000,?,?,?,?,?)
20240412@080339.2541 hsr79gd6e15isbp7dqek5hu5h5 Query : select 1 valor from information_schema.tables where table_type='base table' and table_name='wsfi2039fields'
20240412@080339.2774 hsr79gd6e15isbp7dqek5hu5h5 Query : select fieldkey,fieldname,fieldtype,calcformula from wsfi2039fields
20240412@080339.2860 hsr79gd6e15isbp7dqek5hu5h5 Query : insert into wsfi2039data (fi2stamp,ftstamp ,ousrdata, ousrhora, usrdata,usrhora,ousrinis,usrinis) values ('aut6618d824836618dccb1f','aut6618d148236618dcca17' ,getdate(),convert(char(8),convert (time,getdate())),getdate(),convert(char(8),convert (time,getdate())),'wsv','wsv')
20240412@080339.2909 hsr79gd6e15isbp7dqek5hu5h5 Query : select 1 valor from information_schema.tables where table_type='base table' and table_name='wsfi039fields'
20240412@080339.3047 hsr79gd6e15isbp7dqek5hu5h5 Query : select fieldkey,fieldname,fieldtype,mandatory from wsfi039fields
20240412@080339.3308 hsr79gd6e15isbp7dqek5hu5h5 Query : select 1 valor from information_schema.tables where table_type='base table' and table_name='wsfi2039fields'
20240412@080339.3329 hsr79gd6e15isbp7dqek5hu5h5 Query : select fieldkey,fieldname,fieldtype,mandatory from wsfi2039fields
20240412@080339.3429 hsr79gd6e15isbp7dqek5hu5h5 Query : select top 1 convert(numeric(6,2),t.taxa) valor from taxasiva t where t.codigo='2'
20240412@080339.3651 hsr79gd6e15isbp7dqek5hu5h5 Query : select 1 valor from information_schema.tables where table_type='base table' and table_name='wsfi039fields'
20240412@080339.3899 hsr79gd6e15isbp7dqek5hu5h5 Query : select fieldkey,fieldname,fieldtype,calcformula from wsfi039fields
20240412@080339.4517 hsr79gd6e15isbp7dqek5hu5h5 Query : insert into wsfi039data (fistamp,ousrdata, ousrhora, usrdata,usrhora,ousrinis,usrinis ,qtt ,ftstamp ,epv,pvmoeda ,tabiva,iva,lordem ,ref, design ,armazem) values ('aut6618d354626618dccb59',getdate(),convert(char(8),convert (time,getdate())),getdate(),convert(char(8),convert (time,getdate())),'wsv','wsv',0 ,'aut6618d148236618dcca17' ,0,0 ,2,23.00,50000,?,?,?)
20240412@080339.5201 hsr79gd6e15isbp7dqek5hu5h5 Query : select 1 valor from information_schema.tables where table_type='base table' and table_name='wsfi2039fields'
20240412@080339.5227 hsr79gd6e15isbp7dqek5hu5h5 Query : select fieldkey,fieldname,fieldtype,calcformula from wsfi2039fields
20240412@080339.5315 hsr79gd6e15isbp7dqek5hu5h5 Query : insert into wsfi2039data (fi2stamp,ftstamp ,ousrdata, ousrhora, usrdata,usrhora,ousrinis,usrinis) values ('aut6618d354626618dccb59','aut6618d148236618dcca17' ,getdate(),convert(char(8),convert (time,getdate())),getdate(),convert(char(8),convert (time,getdate())),'wsv','wsv')
20240412@080339.5362 hsr79gd6e15isbp7dqek5hu5h5 Query : insert into wsftcreationlog (initialftstamp,externalid,creationstatus,documenttypeid,idustamp) values ('aut6618d148236618dcca17','2402682','wait',39,'ari17112337378,753000005')
20240412@080339.5546 hsr79gd6e15isbp7dqek5hu5h5 Query : use flama_phc
20240412@080339.5551 hsr79gd6e15isbp7dqek5hu5h5 Query : update u_wsusers set rqsttoken =? where userid ='userls001'
20240412@080339.5563 hsr79gd6e15isbp7dqek5hu5h5 Query : select concat(rtrim(relative_path),ltrim(name_new)) as valor from uploadfiles where uploadfile_id='1103';
20240412@080339.5811 hsr79gd6e15isbp7dqek5hu5h5 Query : update uploadfiles set whenupdated=current_timestamp where uploadfile_id='1103';
20240412@080339.5902 hsr79gd6e15isbp7dqek5hu5h5 Query : select concat(rtrim(relative_path),ltrim(name_new)) as valor from uploadfiles where uploadfile_id='1103';
20240412@080339.6161 hsr79gd6e15isbp7dqek5hu5h5 Query : update uploadfiles set whenupdated=current_timestamp where uploadfile_id='1103';
20240412@080339.6637 41iaci691j7inidgg58r0kgfcc Query : insert into uploadfiles ( name_original, name_new, option_type, relative_path, whencreated ) values ( ?, ?, ?, ?, getdate() )
20240412@080339.6650 41iaci691j7inidgg58r0kgfcc Query : select uploadfile_id valor from uploadfiles where name_new = ? and option_type = ? 
20240412@080339.6678 41iaci691j7inidgg58r0kgfcc Query : select concat(rtrim(relative_path),ltrim(name_new)) as valor from uploadfiles where uploadfile_id='1104';
20240412@080339.6729 41iaci691j7inidgg58r0kgfcc Query : update uploadfiles set whenupdated=current_timestamp where uploadfile_id='1104';
20240412@080339.6748 41iaci691j7inidgg58r0kgfcc Query : select concat(rtrim(relative_path),ltrim(name_new)) as valor from uploadfiles where uploadfile_id='1104';
20240412@080339.6764 41iaci691j7inidgg58r0kgfcc Query : update uploadfiles set whenupdated=current_timestamp where uploadfile_id='1104';
20240412@080339.6785 41iaci691j7inidgg58r0kgfcc Query : use flama_phc
20240412@080339.6790 41iaci691j7inidgg58r0kgfcc Query : select top 1 secretkey valor from u_wsusers u where u.userid = ? and u.inactivo=0
20240412@080339.6806 41iaci691j7inidgg58r0kgfcc Query : use flama_phc
20240412@080339.6811 41iaci691j7inidgg58r0kgfcc Query : select no, estab,szadrsdesc from szadrs where u_coddest=4740
20240412@080339.6854 41iaci691j7inidgg58r0kgfcc Query : select top 1 isnull(design,'') valor from st (nolock) left join stobs (nolock) on st.ref = stobs.ref where st.ref = '324.4967.00.1'
20240412@080339.7018 41iaci691j7inidgg58r0kgfcc Query : select top 1 bistamp valor from bi inner join bo on bo.bostamp=bi.bostamp where bo.ndos =240 and bo.boano =2026 and bo.obrano = 2402683 and bi.ref ='324.4967.00.1' and bi.lordem =1
20240412@080339.7358 41iaci691j7inidgg58r0kgfcc Query : use flama_phc
20240412@080339.7362 41iaci691j7inidgg58r0kgfcc Query : select top 1 convert(date,fdata) valor from ft where ndoc = 39 and anulado= 0 and fno>0 order by fdata desc
20240412@080339.7380 41iaci691j7inidgg58r0kgfcc Query : use flama_phc
20240412@080339.7385 41iaci691j7inidgg58r0kgfcc Query : select top 1 1 valor from td where td.ndoc = 39
20240412@080339.7398 41iaci691j7inidgg58r0kgfcc Query : use flama_phc
20240412@080339.7403 41iaci691j7inidgg58r0kgfcc Query : select descricao ,case when valor='s' then 1 else 0 end usalotes from para1 where descricao in ('st_lote')
20240412@080339.7416 41iaci691j7inidgg58r0kgfcc Query : select top 1 assinadoc issigned ,td.lancasl stocks ,'cl' origin ,case when (cmsl between 1 and 50 ) then 1 else 0 end entrada ,case when (cmsl>50 ) then 1 else 0 end saida ,~lotestock validatestock ,tiposaft from td inner join td2 on td.tdstamp=td2.td2stamp where td.ndoc =39
20240412@080339.7433 41iaci691j7inidgg58r0kgfcc Query : use flama_phc
20240412@080339.7437 41iaci691j7inidgg58r0kgfcc Query : select top 1 ~inactivo valor from cl where no = '100810' and estab = 0 order by inactivo desc
20240412@080339.7449 41iaci691j7inidgg58r0kgfcc Query : use flama_phc
20240412@080339.7452 41iaci691j7inidgg58r0kgfcc Query : select top 1 tipodoc,regrd from td where ndoc = 39
20240412@080339.7465 41iaci691j7inidgg58r0kgfcc Query : use flama_phc
20240412@080339.7469 41iaci691j7inidgg58r0kgfcc Query : select szadrsstamp valor from szadrs where szadrsdesc='espaÇotrans,lda'
20240412@080339.7482 41iaci691j7inidgg58r0kgfcc Query : use flama_phc
20240412@080339.7486 41iaci691j7inidgg58r0kgfcc Query : select szadrsstamp valor from szadrs where szadrsdesc='100810 - worten-equipamentos para o lar,sa.'
20240412@080339.7500 41iaci691j7inidgg58r0kgfcc Query : use flama_phc
20240412@080339.7503 41iaci691j7inidgg58r0kgfcc Query : select 1 valor from td where ndoc = 39
20240412@080339.7517 41iaci691j7inidgg58r0kgfcc Query : select top 1 manternumero, tiposaft, nmdos,td.assinadoc from td where td.ndoc = 39
20240412@080339.7529 41iaci691j7inidgg58r0kgfcc Query : select 1 valor from information_schema.tables where table_type='base table' and table_name='wsft039fields'
20240412@080339.7543 41iaci691j7inidgg58r0kgfcc Query : select fieldkey,fieldname,fieldtype,mandatory from wsft039fields
20240412@080339.7559 41iaci691j7inidgg58r0kgfcc Query : select 1 valor from information_schema.tables where table_type='base table' and table_name='wsft2039fields'
20240412@080339.7573 41iaci691j7inidgg58r0kgfcc Query : select fieldkey,fieldname,fieldtype,mandatory from wsft2039fields
20240412@080339.7601 41iaci691j7inidgg58r0kgfcc Query : select 1 valor from information_schema.tables where table_type='base table' and table_name='wsft3039fields'
20240412@080339.7619 41iaci691j7inidgg58r0kgfcc Query : select fieldkey,fieldname,fieldtype,mandatory from wsft3039fields
20240412@080339.7629 41iaci691j7inidgg58r0kgfcc Query : select top 1 ft.fno valor from ft ft where ft.ndoc = 39 and ftano=2024 order by fno desc
20240412@080339.7728 41iaci691j7inidgg58r0kgfcc Query : select top 1 ft.fno valor from wsft039data ft where ft.ndoc = 39 and ftano=2024 order by fno desc
20240412@080339.7737 41iaci691j7inidgg58r0kgfcc Query : select 1 valor from information_schema.tables where table_type='base table' and table_name='wsft3039fields'
20240412@080339.7751 41iaci691j7inidgg58r0kgfcc Query : select fieldkey,fieldname,fieldtype,calcformula from wsft3039fields
20240412@080339.7762 41iaci691j7inidgg58r0kgfcc Query : insert into wsft3039data (ft3stamp, ousrdata, ousrhora, usrdata,usrhora,ousrinis,usrinis,taxpointdt ) values ('aut6618d863316618dccbba' ,getdate(),convert(char(8),convert (time,getdate())),getdate(),convert(char(8),convert (time,getdate())),'wsv','wsv',?)
20240412@080339.7970 41iaci691j7inidgg58r0kgfcc Query : select 1 valor from information_schema.tables where table_type='base table' and table_name='wsft2039fields'
20240412@080339.7985 41iaci691j7inidgg58r0kgfcc Query : select fieldkey,fieldname,fieldtype,calcformula from wsft2039fields
20240412@080339.8015 41iaci691j7inidgg58r0kgfcc Query : select top 1 bo.u_nomeenv valor from bo where bo.bostamp=''
20240412@080339.8022 41iaci691j7inidgg58r0kgfcc Query : select top 1 bo.u_moradaen valor from bo where bo.bostamp=''
20240412@080339.8027 41iaci691j7inidgg58r0kgfcc Query : select top 1 bo.u_codposen valor from bo where bo.bostamp=''
20240412@080339.8031 41iaci691j7inidgg58r0kgfcc Query : select top 1 bo.u_localenv valor from bo where bo.bostamp=''
20240412@080339.8038 41iaci691j7inidgg58r0kgfcc Query : select top 1 bo.trab5 valor from bo where bo.bostamp=''
20240412@080339.8042 41iaci691j7inidgg58r0kgfcc Query : select top 1 bo.serie valor from bo where bo.bostamp=''
20240412@080339.8046 41iaci691j7inidgg58r0kgfcc Query : insert into wsft2039data (ft2stamp, ousrdata,ousrhora, usrdata,usrhora,ousrinis,usrinis,u_nomeenv ,u_moradaen ,u_codposen ,u_localenv ,u_coddest ,u_codby ) values ('aut6618d863316618dccbba',getdate(),convert(char(8),convert (time,getdate())),getdate(),convert(char(8),convert (time,getdate())),'wsv','wsv',?,?,?,?,?,?)
20240412@080339.8342 41iaci691j7inidgg58r0kgfcc Query : select top 1 fno valor from wsft039data order by fno desc
20240412@080339.8361 41iaci691j7inidgg58r0kgfcc Query : select 1 valor from information_schema.tables where table_type='base table' and table_name='wsft039fields'
20240412@080339.8399 41iaci691j7inidgg58r0kgfcc Query : select fieldkey,fieldname,fieldtype,calcformula from wsft039fields
20240412@080339.8436 41iaci691j7inidgg58r0kgfcc Query : insert into wsft039data (ftstamp, ousrdata,ousrhora, usrdata,usrhora,ousrinis,usrinis,fno,no,estab,fdata,ndoc,moeda,cambio,cambiofixo,ftano,cdata,chora,carga,descar,site ,classe ) values ('aut6618d863316618dccbba',getdate(),convert(char(8),convert (time,getdate())),getdate(),convert(char(8),convert (time,getdate())),'wsv','wsv',854,100810,0,'2024-04-12',39,'euro',0,0,2024 ,'20240412','0833',?,?,?,?)
20240412@080339.8771 41iaci691j7inidgg58r0kgfcc Query : use flama_phc
20240412@080339.8775 41iaci691j7inidgg58r0kgfcc Query : select st.usalote valor from st where st.ref = '324.4967.00.1'
20240412@080339.8788 41iaci691j7inidgg58r0kgfcc Query : select top 1 st.tabiva ,st.ivaincl ,st.stns ,st.uni2 ,st.familia ,isnull(tx.taxa, 0) txiva ,unidade ,usalote ,epcpond ,noserie from st left join taxasiva tx on st.tabiva = tx.codigo where st.ref = '324.4967.00.1'
20240412@080339.8964 41iaci691j7inidgg58r0kgfcc Query : select 1 valor from information_schema.tables where table_type='base table' and table_name='wsfi039fields'
20240412@080339.8983 41iaci691j7inidgg58r0kgfcc Query : select fieldkey,fieldname,fieldtype,mandatory from wsfi039fields
20240412@080339.9009 41iaci691j7inidgg58r0kgfcc Query : select 1 valor from information_schema.tables where table_type='base table' and table_name='wsfi2039fields'
20240412@080339.9028 41iaci691j7inidgg58r0kgfcc Query : select fieldkey,fieldname,fieldtype,mandatory from wsfi2039fields
20240412@080339.9033 41iaci691j7inidgg58r0kgfcc Query : select sestamp valor from se where ref ='324.4967.00.1' and lote = 'r2300825100a'
20240412@080339.9046 41iaci691j7inidgg58r0kgfcc Query : select top 1 convert(numeric(6,2),t.taxa) valor from taxasiva t where t.codigo='2'
20240412@080339.9056 41iaci691j7inidgg58r0kgfcc Query : select 1 valor from information_schema.tables where table_type='base table' and table_name='wsfi039fields'
20240412@080339.9075 41iaci691j7inidgg58r0kgfcc Query : select fieldkey,fieldname,fieldtype,calcformula from wsfi039fields
20240412@080339.9108 41iaci691j7inidgg58r0kgfcc Query : insert into wsfi039data (fistamp,ousrdata, ousrhora, usrdata,usrhora,ousrinis,usrinis ,qtt ,ftstamp ,epv,pvmoeda ,tabiva,iva,lordem ,ref, design ,lote,armazem,bistamp ) values ('aut6618d529596618dccbdd',getdate(),convert(char(8),convert (time,getdate())),getdate(),convert(char(8),convert (time,getdate())),'wsv','wsv',24.000 ,'aut6618d863316618dccbba' ,0,0 ,2,23.00,10000,?,?,?,?,?)
20240412@080339.9422 41iaci691j7inidgg58r0kgfcc Query : select 1 valor from information_schema.tables where table_type='base table' and table_name='wsfi2039fields'
20240412@080339.9442 41iaci691j7inidgg58r0kgfcc Query : select fieldkey,fieldname,fieldtype,calcformula from wsfi2039fields
20240412@080339.9447 41iaci691j7inidgg58r0kgfcc Query : insert into wsfi2039data (fi2stamp,ftstamp ,ousrdata, ousrhora, usrdata,usrhora,ousrinis,usrinis) values ('aut6618d529596618dccbdd','aut6618d863316618dccbba' ,getdate(),convert(char(8),convert (time,getdate())),getdate(),convert(char(8),convert (time,getdate())),'wsv','wsv')
20240412@080339.9453 41iaci691j7inidgg58r0kgfcc Query : insert into wsftcreationlog (initialftstamp,externalid,creationstatus,documenttypeid,idustamp) values ('aut6618d863316618dccbba','2402683','wait',39,'ari17112337378,753000005')
20240412@080339.9477 41iaci691j7inidgg58r0kgfcc Query : use flama_phc
20240412@080339.9480 41iaci691j7inidgg58r0kgfcc Query : update u_wsusers set rqsttoken =? where userid ='userls001'
20240412@080339.9495 41iaci691j7inidgg58r0kgfcc Query : select concat(rtrim(relative_path),ltrim(name_new)) as valor from uploadfiles where uploadfile_id='1104';
20240412@080339.9522 41iaci691j7inidgg58r0kgfcc Query : update uploadfiles set whenupdated=current_timestamp where uploadfile_id='1104';
20240412@080339.9544 41iaci691j7inidgg58r0kgfcc Query : select concat(rtrim(relative_path),ltrim(name_new)) as valor from uploadfiles where uploadfile_id='1104';
20240412@080339.9573 41iaci691j7inidgg58r0kgfcc Query : update uploadfiles set whenupdated=current_timestamp where uploadfile_id='1104';
20240412@080339.9996 cgl3p0gjkbm3mfnvqu4q0ev921 Query : insert into uploadfiles ( name_original, name_new, option_type, relative_path, whencreated ) values ( ?, ?, ?, ?, getdate() )
20240412@080340.1100 cgl3p0gjkbm3mfnvqu4q0ev921 Query : select uploadfile_id valor from uploadfiles where name_new = ? and option_type = ? 
20240412@080340.3500 cgl3p0gjkbm3mfnvqu4q0ev921 Query : select concat(rtrim(relative_path),ltrim(name_new)) as valor from uploadfiles where uploadfile_id='1105';
20240412@080340.8600 cgl3p0gjkbm3mfnvqu4q0ev921 Query : update uploadfiles set whenupdated=current_timestamp where uploadfile_id='1105';
20240412@080340.1050 cgl3p0gjkbm3mfnvqu4q0ev921 Query : select concat(rtrim(relative_path),ltrim(name_new)) as valor from uploadfiles where uploadfile_id='1105';
20240412@080340.1240 cgl3p0gjkbm3mfnvqu4q0ev921 Query : update uploadfiles set whenupdated=current_timestamp where uploadfile_id='1105';
20240412@080340.1380 cgl3p0gjkbm3mfnvqu4q0ev921 Query : use flama_phc
20240412@080340.1420 cgl3p0gjkbm3mfnvqu4q0ev921 Query : select top 1 secretkey valor from u_wsusers u where u.userid = ? and u.inactivo=0
20240412@080340.1550 cgl3p0gjkbm3mfnvqu4q0ev921 Query : use flama_phc
20240412@080340.1580 cgl3p0gjkbm3mfnvqu4q0ev921 Query : select no, estab,szadrsdesc from szadrs where u_coddest=4740
20240412@080340.2060 cgl3p0gjkbm3mfnvqu4q0ev921 Query : select top 1 isnull(design,'') valor from st (nolock) left join stobs (nolock) on st.ref = stobs.ref where st.ref = '324.4968.00.1'
20240412@080340.3910 cgl3p0gjkbm3mfnvqu4q0ev921 Query : select top 1 bistamp valor from bi inner join bo on bo.bostamp=bi.bostamp where bo.ndos =240 and bo.boano =2026 and bo.obrano = 2402684 and bi.ref ='324.4968.00.1' and bi.lordem =1
20240412@080340.7340 cgl3p0gjkbm3mfnvqu4q0ev921 Query : select top 1 isnull(design,'') valor from st (nolock) left join stobs (nolock) on st.ref = stobs.ref where st.ref = '324.4968.00.1'
20240412@080340.7480 cgl3p0gjkbm3mfnvqu4q0ev921 Query : select top 1 bistamp valor from bi inner join bo on bo.bostamp=bi.bostamp where bo.ndos =240 and bo.boano =2026 and bo.obrano = 2402684 and bi.ref ='324.4968.00.1' and bi.lordem =1
20240412@080340.7540 cgl3p0gjkbm3mfnvqu4q0ev921 Query : use flama_phc
20240412@080340.7590 cgl3p0gjkbm3mfnvqu4q0ev921 Query : select top 1 convert(date,fdata) valor from ft where ndoc = 39 and anulado= 0 and fno>0 order by fdata desc
20240412@080340.7740 cgl3p0gjkbm3mfnvqu4q0ev921 Query : use flama_phc
20240412@080340.7780 cgl3p0gjkbm3mfnvqu4q0ev921 Query : select top 1 1 valor from td where td.ndoc = 39
20240412@080340.7940 cgl3p0gjkbm3mfnvqu4q0ev921 Query : use flama_phc
20240412@080340.7980 cgl3p0gjkbm3mfnvqu4q0ev921 Query : select descricao ,case when valor='s' then 1 else 0 end usalotes from para1 where descricao in ('st_lote')
20240412@080340.8110 cgl3p0gjkbm3mfnvqu4q0ev921 Query : select top 1 assinadoc issigned ,td.lancasl stocks ,'cl' origin ,case when (cmsl between 1 and 50 ) then 1 else 0 end entrada ,case when (cmsl>50 ) then 1 else 0 end saida ,~lotestock validatestock ,tiposaft from td inner join td2 on td.tdstamp=td2.td2stamp where td.ndoc =39
20240412@080340.8280 cgl3p0gjkbm3mfnvqu4q0ev921 Query : use flama_phc
20240412@080340.8310 cgl3p0gjkbm3mfnvqu4q0ev921 Query : select top 1 ~inactivo valor from cl where no = '100810' and estab = 0 order by inactivo desc
20240412@080340.8410 cgl3p0gjkbm3mfnvqu4q0ev921 Query : use flama_phc
20240412@080340.8440 cgl3p0gjkbm3mfnvqu4q0ev921 Query : select top 1 tipodoc,regrd from td where ndoc = 39
20240412@080340.8540 cgl3p0gjkbm3mfnvqu4q0ev921 Query : use flama_phc
20240412@080340.8570 cgl3p0gjkbm3mfnvqu4q0ev921 Query : select szadrsstamp valor from szadrs where szadrsdesc='espaÇotrans,lda'
20240412@080340.8680 cgl3p0gjkbm3mfnvqu4q0ev921 Query : use flama_phc
20240412@080340.8710 cgl3p0gjkbm3mfnvqu4q0ev921 Query : select szadrsstamp valor from szadrs where szadrsdesc='100810 - worten-equipamentos para o lar,sa.'
20240412@080340.8840 cgl3p0gjkbm3mfnvqu4q0ev921 Query : use flama_phc
20240412@080340.8870 cgl3p0gjkbm3mfnvqu4q0ev921 Query : select 1 valor from td where ndoc = 39
20240412@080340.8990 cgl3p0gjkbm3mfnvqu4q0ev921 Query : select top 1 manternumero, tiposaft, nmdos,td.assinadoc from td where td.ndoc = 39
20240412@080340.9100 cgl3p0gjkbm3mfnvqu4q0ev921 Query : select 1 valor from information_schema.tables where table_type='base table' and table_name='wsft039fields'
20240412@080340.9260 cgl3p0gjkbm3mfnvqu4q0ev921 Query : select fieldkey,fieldname,fieldtype,mandatory from wsft039fields
20240412@080340.9420 cgl3p0gjkbm3mfnvqu4q0ev921 Query : select 1 valor from information_schema.tables where table_type='base table' and table_name='wsft2039fields'
20240412@080340.9550 cgl3p0gjkbm3mfnvqu4q0ev921 Query : select fieldkey,fieldname,fieldtype,mandatory from wsft2039fields
20240412@080340.9840 cgl3p0gjkbm3mfnvqu4q0ev921 Query : select 1 valor from information_schema.tables where table_type='base table' and table_name='wsft3039fields'
20240412@080340.9970 cgl3p0gjkbm3mfnvqu4q0ev921 Query : select fieldkey,fieldname,fieldtype,mandatory from wsft3039fields
20240412@080340.1008 cgl3p0gjkbm3mfnvqu4q0ev921 Query : select top 1 ft.fno valor from ft ft where ft.ndoc = 39 and ftano=2024 order by fno desc
20240412@080340.1104 cgl3p0gjkbm3mfnvqu4q0ev921 Query : select top 1 ft.fno valor from wsft039data ft where ft.ndoc = 39 and ftano=2024 order by fno desc
20240412@080340.1114 cgl3p0gjkbm3mfnvqu4q0ev921 Query : select 1 valor from information_schema.tables where table_type='base table' and table_name='wsft3039fields'
20240412@080340.1129 cgl3p0gjkbm3mfnvqu4q0ev921 Query : select fieldkey,fieldname,fieldtype,calcformula from wsft3039fields
20240412@080340.1140 cgl3p0gjkbm3mfnvqu4q0ev921 Query : insert into wsft3039data (ft3stamp, ousrdata, ousrhora, usrdata,usrhora,ousrinis,usrinis,taxpointdt ) values ('aut6618d351676618dccc18' ,getdate(),convert(char(8),convert (time,getdate())),getdate(),convert(char(8),convert (time,getdate())),'wsv','wsv',?)
20240412@080340.1344 cgl3p0gjkbm3mfnvqu4q0ev921 Query : select 1 valor from information_schema.tables where table_type='base table' and table_name='wsft2039fields'
20240412@080340.1359 cgl3p0gjkbm3mfnvqu4q0ev921 Query : select fieldkey,fieldname,fieldtype,calcformula from wsft2039fields
20240412@080340.1389 cgl3p0gjkbm3mfnvqu4q0ev921 Query : select top 1 bo.u_nomeenv valor from bo where bo.bostamp=''
20240412@080340.1394 cgl3p0gjkbm3mfnvqu4q0ev921 Query : select top 1 bo.u_moradaen valor from bo where bo.bostamp=''
20240412@080340.1398 cgl3p0gjkbm3mfnvqu4q0ev921 Query : select top 1 bo.u_codposen valor from bo where bo.bostamp=''
20240412@080340.1405 cgl3p0gjkbm3mfnvqu4q0ev921 Query : select top 1 bo.u_localenv valor from bo where bo.bostamp=''
20240412@080340.1410 cgl3p0gjkbm3mfnvqu4q0ev921 Query : select top 1 bo.trab5 valor from bo where bo.bostamp=''
20240412@080340.1415 cgl3p0gjkbm3mfnvqu4q0ev921 Query : select top 1 bo.serie valor from bo where bo.bostamp=''
20240412@080340.1422 cgl3p0gjkbm3mfnvqu4q0ev921 Query : insert into wsft2039data (ft2stamp, ousrdata,ousrhora, usrdata,usrhora,ousrinis,usrinis,u_nomeenv ,u_moradaen ,u_codposen ,u_localenv ,u_coddest ,u_codby ) values ('aut6618d351676618dccc18',getdate(),convert(char(8),convert (time,getdate())),getdate(),convert(char(8),convert (time,getdate())),'wsv','wsv',?,?,?,?,?,?)
20240412@080340.1731 cgl3p0gjkbm3mfnvqu4q0ev921 Query : select top 1 fno valor from wsft039data order by fno desc
20240412@080340.1768 cgl3p0gjkbm3mfnvqu4q0ev921 Query : select 1 valor from information_schema.tables where table_type='base table' and table_name='wsft039fields'
20240412@080340.1796 cgl3p0gjkbm3mfnvqu4q0ev921 Query : select fieldkey,fieldname,fieldtype,calcformula from wsft039fields
20240412@080340.1818 cgl3p0gjkbm3mfnvqu4q0ev921 Query : insert into wsft039data (ftstamp, ousrdata,ousrhora, usrdata,usrhora,ousrinis,usrinis,fno,no,estab,fdata,ndoc,moeda,cambio,cambiofixo,ftano,cdata,chora,carga,descar,site ,classe ) values ('aut6618d351676618dccc18',getdate(),convert(char(8),convert (time,getdate())),getdate(),convert(char(8),convert (time,getdate())),'wsv','wsv',855,100810,0,'2024-04-12',39,'euro',0,0,2024 ,'20240412','0833',?,?,?,?)
20240412@080340.2165 cgl3p0gjkbm3mfnvqu4q0ev921 Query : use flama_phc
20240412@080340.2170 cgl3p0gjkbm3mfnvqu4q0ev921 Query : select st.usalote valor from st where st.ref = '324.4968.00.1'
20240412@080340.2182 cgl3p0gjkbm3mfnvqu4q0ev921 Query : select top 1 st.tabiva ,st.ivaincl ,st.stns ,st.uni2 ,st.familia ,isnull(tx.taxa, 0) txiva ,unidade ,usalote ,epcpond ,noserie from st left join taxasiva tx on st.tabiva = tx.codigo where st.ref = '324.4968.00.1'
20240412@080340.2360 cgl3p0gjkbm3mfnvqu4q0ev921 Query : select 1 valor from information_schema.tables where table_type='base table' and table_name='wsfi039fields'
20240412@080340.2376 cgl3p0gjkbm3mfnvqu4q0ev921 Query : select fieldkey,fieldname,fieldtype,mandatory from wsfi039fields
20240412@080340.2399 cgl3p0gjkbm3mfnvqu4q0ev921 Query : select 1 valor from information_schema.tables where table_type='base table' and table_name='wsfi2039fields'
20240412@080340.2412 cgl3p0gjkbm3mfnvqu4q0ev921 Query : select fieldkey,fieldname,fieldtype,mandatory from wsfi2039fields
20240412@080340.2419 cgl3p0gjkbm3mfnvqu4q0ev921 Query : select sestamp valor from se where ref ='324.4968.00.1' and lote = 'r2300824100a'
20240412@080340.2432 cgl3p0gjkbm3mfnvqu4q0ev921 Query : select top 1 convert(numeric(6,2),t.taxa) valor from taxasiva t where t.codigo='2'
20240412@080340.2444 cgl3p0gjkbm3mfnvqu4q0ev921 Query : select 1 valor from information_schema.tables where table_type='base table' and table_name='wsfi039fields'
20240412@080340.2456 cgl3p0gjkbm3mfnvqu4q0ev921 Query : select fieldkey,fieldname,fieldtype,calcformula from wsfi039fields
20240412@080340.2482 cgl3p0gjkbm3mfnvqu4q0ev921 Query : insert into wsfi039data (fistamp,ousrdata, ousrhora, usrdata,usrhora,ousrinis,usrinis ,qtt ,ftstamp ,epv,pvmoeda ,tabiva,iva,lordem ,ref, design ,lote,armazem,bistamp ) values ('aut6618d498786618dccc3b',getdate(),convert(char(8),convert (time,getdate())),getdate(),convert(char(8),convert (time,getdate())),'wsv','wsv',36.000 ,'aut6618d351676618dccc18' ,0,0 ,2,23.00,10000,?,?,?,?,?)
20240412@080340.2777 cgl3p0gjkbm3mfnvqu4q0ev921 Query : select 1 valor from information_schema.tables where table_type='base table' and table_name='wsfi2039fields'
20240412@080340.2926 cgl3p0gjkbm3mfnvqu4q0ev921 Query : select fieldkey,fieldname,fieldtype,calcformula from wsfi2039fields
20240412@080340.2931 cgl3p0gjkbm3mfnvqu4q0ev921 Query : insert into wsfi2039data (fi2stamp,ftstamp ,ousrdata, ousrhora, usrdata,usrhora,ousrinis,usrinis) values ('aut6618d498786618dccc3b','aut6618d351676618dccc18' ,getdate(),convert(char(8),convert (time,getdate())),getdate(),convert(char(8),convert (time,getdate())),'wsv','wsv')
20240412@080340.2937 cgl3p0gjkbm3mfnvqu4q0ev921 Query : use flama_phc
20240412@080340.2941 cgl3p0gjkbm3mfnvqu4q0ev921 Query : select st.usalote valor from st where st.ref = '324.4968.00.1'
20240412@080340.2951 cgl3p0gjkbm3mfnvqu4q0ev921 Query : select top 1 st.tabiva ,st.ivaincl ,st.stns ,st.uni2 ,st.familia ,isnull(tx.taxa, 0) txiva ,unidade ,usalote ,epcpond ,noserie from st left join taxasiva tx on st.tabiva = tx.codigo where st.ref = '324.4968.00.1'
20240412@080340.2962 cgl3p0gjkbm3mfnvqu4q0ev921 Query : select 1 valor from information_schema.tables where table_type='base table' and table_name='wsfi039fields'
20240412@080340.2978 cgl3p0gjkbm3mfnvqu4q0ev921 Query : select fieldkey,fieldname,fieldtype,mandatory from wsfi039fields
20240412@080340.3001 cgl3p0gjkbm3mfnvqu4q0ev921 Query : select 1 valor from information_schema.tables where table_type='base table' and table_name='wsfi2039fields'
20240412@080340.3016 cgl3p0gjkbm3mfnvqu4q0ev921 Query : select fieldkey,fieldname,fieldtype,mandatory from wsfi2039fields
20240412@080340.3021 cgl3p0gjkbm3mfnvqu4q0ev921 Query : select sestamp valor from se where ref ='324.4968.00.1' and lote = 'r2301277100a'
20240412@080340.3047 cgl3p0gjkbm3mfnvqu4q0ev921 Query : select top 1 convert(numeric(6,2),t.taxa) valor from taxasiva t where t.codigo='2'
20240412@080340.3056 cgl3p0gjkbm3mfnvqu4q0ev921 Query : select 1 valor from information_schema.tables where table_type='base table' and table_name='wsfi039fields'
20240412@080340.3069 cgl3p0gjkbm3mfnvqu4q0ev921 Query : select fieldkey,fieldname,fieldtype,calcformula from wsfi039fields
20240412@080340.3092 cgl3p0gjkbm3mfnvqu4q0ev921 Query : insert into wsfi039data (fistamp,ousrdata, ousrhora, usrdata,usrhora,ousrinis,usrinis ,qtt ,ftstamp ,epv,pvmoeda ,tabiva,iva,lordem ,ref, design ,lote,armazem,bistamp ) values ('aut6618d674736618dccc4a',getdate(),convert(char(8),convert (time,getdate())),getdate(),convert(char(8),convert (time,getdate())),'wsv','wsv',40.000 ,'aut6618d351676618dccc18' ,0,0 ,2,23.00,20000,?,?,?,?,?)
20240412@080340.3394 cgl3p0gjkbm3mfnvqu4q0ev921 Query : select 1 valor from information_schema.tables where table_type='base table' and table_name='wsfi2039fields'
20240412@080340.3415 cgl3p0gjkbm3mfnvqu4q0ev921 Query : select fieldkey,fieldname,fieldtype,calcformula from wsfi2039fields
20240412@080340.3420 cgl3p0gjkbm3mfnvqu4q0ev921 Query : insert into wsfi2039data (fi2stamp,ftstamp ,ousrdata, ousrhora, usrdata,usrhora,ousrinis,usrinis) values ('aut6618d674736618dccc4a','aut6618d351676618dccc18' ,getdate(),convert(char(8),convert (time,getdate())),getdate(),convert(char(8),convert (time,getdate())),'wsv','wsv')
20240412@080340.3425 cgl3p0gjkbm3mfnvqu4q0ev921 Query : insert into wsftcreationlog (initialftstamp,externalid,creationstatus,documenttypeid,idustamp) values ('aut6618d351676618dccc18','2402684','wait',39,'ari17112337378,753000005')
20240412@080340.3442 cgl3p0gjkbm3mfnvqu4q0ev921 Query : use flama_phc
20240412@080340.3445 cgl3p0gjkbm3mfnvqu4q0ev921 Query : update u_wsusers set rqsttoken =? where userid ='userls001'
20240412@080340.3456 cgl3p0gjkbm3mfnvqu4q0ev921 Query : select concat(rtrim(relative_path),ltrim(name_new)) as valor from uploadfiles where uploadfile_id='1105';
20240412@080340.3477 cgl3p0gjkbm3mfnvqu4q0ev921 Query : update uploadfiles set whenupdated=current_timestamp where uploadfile_id='1105';
20240412@080340.3494 cgl3p0gjkbm3mfnvqu4q0ev921 Query : select concat(rtrim(relative_path),ltrim(name_new)) as valor from uploadfiles where uploadfile_id='1105';
20240412@080340.3511 cgl3p0gjkbm3mfnvqu4q0ev921 Query : update uploadfiles set whenupdated=current_timestamp where uploadfile_id='1105';
20240412@080340.3945 9qm0tb444ea3bh7kiasbdp85m8 Query : insert into uploadfiles ( name_original, name_new, option_type, relative_path, whencreated ) values ( ?, ?, ?, ?, getdate() )
20240412@080340.3959 9qm0tb444ea3bh7kiasbdp85m8 Query : select uploadfile_id valor from uploadfiles where name_new = ? and option_type = ? 
20240412@080340.3983 9qm0tb444ea3bh7kiasbdp85m8 Query : select concat(rtrim(relative_path),ltrim(name_new)) as valor from uploadfiles where uploadfile_id='1106';
20240412@080340.4025 9qm0tb444ea3bh7kiasbdp85m8 Query : update uploadfiles set whenupdated=current_timestamp where uploadfile_id='1106';
20240412@080340.4066 9qm0tb444ea3bh7kiasbdp85m8 Query : select concat(rtrim(relative_path),ltrim(name_new)) as valor from uploadfiles where uploadfile_id='1106';
20240412@080340.4083 9qm0tb444ea3bh7kiasbdp85m8 Query : update uploadfiles set whenupdated=current_timestamp where uploadfile_id='1106';
20240412@080340.4097 9qm0tb444ea3bh7kiasbdp85m8 Query : use flama_phc
20240412@080340.4102 9qm0tb444ea3bh7kiasbdp85m8 Query : select top 1 secretkey valor from u_wsusers u where u.userid = ? and u.inactivo=0
20240412@080340.4128 9qm0tb444ea3bh7kiasbdp85m8 Query : use flama_phc
20240412@080340.4131 9qm0tb444ea3bh7kiasbdp85m8 Query : select no, estab,szadrsdesc from szadrs where u_coddest=4740
20240412@080340.4175 9qm0tb444ea3bh7kiasbdp85m8 Query : select top 1 isnull(design,'') valor from st (nolock) left join stobs (nolock) on st.ref = stobs.ref where st.ref = '324.4966.00.1'
20240412@080340.4391 9qm0tb444ea3bh7kiasbdp85m8 Query : select top 1 bistamp valor from bi inner join bo on bo.bostamp=bi.bostamp where bo.ndos =240 and bo.boano =2026 and bo.obrano = 2402685 and bi.ref ='324.4966.00.1' and bi.lordem =1
20240412@080340.4895 9qm0tb444ea3bh7kiasbdp85m8 Query : select top 1 isnull(design,'') valor from st (nolock) left join stobs (nolock) on st.ref = stobs.ref where st.ref = '324.4966.00.1'
20240412@080340.4915 9qm0tb444ea3bh7kiasbdp85m8 Query : select top 1 bistamp valor from bi inner join bo on bo.bostamp=bi.bostamp where bo.ndos =240 and bo.boano =2026 and bo.obrano = 2402685 and bi.ref ='324.4966.00.1' and bi.lordem =1
20240412@080340.4926 9qm0tb444ea3bh7kiasbdp85m8 Query : use flama_phc
20240412@080340.4940 9qm0tb444ea3bh7kiasbdp85m8 Query : select top 1 convert(date,fdata) valor from ft where ndoc = 39 and anulado= 0 and fno>0 order by fdata desc
20240412@080340.4956 9qm0tb444ea3bh7kiasbdp85m8 Query : use flama_phc
20240412@080340.4959 9qm0tb444ea3bh7kiasbdp85m8 Query : select top 1 1 valor from td where td.ndoc = 39
20240412@080340.4977 9qm0tb444ea3bh7kiasbdp85m8 Query : use flama_phc
20240412@080340.4980 9qm0tb444ea3bh7kiasbdp85m8 Query : select descricao ,case when valor='s' then 1 else 0 end usalotes from para1 where descricao in ('st_lote')
20240412@080340.4994 9qm0tb444ea3bh7kiasbdp85m8 Query : select top 1 assinadoc issigned ,td.lancasl stocks ,'cl' origin ,case when (cmsl between 1 and 50 ) then 1 else 0 end entrada ,case when (cmsl>50 ) then 1 else 0 end saida ,~lotestock validatestock ,tiposaft from td inner join td2 on td.tdstamp=td2.td2stamp where td.ndoc =39
20240412@080340.5016 9qm0tb444ea3bh7kiasbdp85m8 Query : use flama_phc
20240412@080340.5019 9qm0tb444ea3bh7kiasbdp85m8 Query : select top 1 ~inactivo valor from cl where no = '100810' and estab = 0 order by inactivo desc
20240412@080340.5033 9qm0tb444ea3bh7kiasbdp85m8 Query : use flama_phc
20240412@080340.5057 9qm0tb444ea3bh7kiasbdp85m8 Query : select top 1 tipodoc,regrd from td where ndoc = 39
20240412@080340.5070 9qm0tb444ea3bh7kiasbdp85m8 Query : use flama_phc
20240412@080340.5076 9qm0tb444ea3bh7kiasbdp85m8 Query : select szadrsstamp valor from szadrs where szadrsdesc='espaÇotrans,lda'
20240412@080340.5088 9qm0tb444ea3bh7kiasbdp85m8 Query : use flama_phc
20240412@080340.5091 9qm0tb444ea3bh7kiasbdp85m8 Query : select szadrsstamp valor from szadrs where szadrsdesc='100810 - worten-equipamentos para o lar,sa.'
20240412@080340.5107 9qm0tb444ea3bh7kiasbdp85m8 Query : use flama_phc
20240412@080340.5110 9qm0tb444ea3bh7kiasbdp85m8 Query : select 1 valor from td where ndoc = 39
20240412@080340.5122 9qm0tb444ea3bh7kiasbdp85m8 Query : select top 1 manternumero, tiposaft, nmdos,td.assinadoc from td where td.ndoc = 39
20240412@080340.5145 9qm0tb444ea3bh7kiasbdp85m8 Query : select 1 valor from information_schema.tables where table_type='base table' and table_name='wsft039fields'
20240412@080340.5169 9qm0tb444ea3bh7kiasbdp85m8 Query : select fieldkey,fieldname,fieldtype,mandatory from wsft039fields
20240412@080340.5195 9qm0tb444ea3bh7kiasbdp85m8 Query : select 1 valor from information_schema.tables where table_type='base table' and table_name='wsft2039fields'
20240412@080340.5213 9qm0tb444ea3bh7kiasbdp85m8 Query : select fieldkey,fieldname,fieldtype,mandatory from wsft2039fields
20240412@080340.5270 9qm0tb444ea3bh7kiasbdp85m8 Query : select 1 valor from information_schema.tables where table_type='base table' and table_name='wsft3039fields'
20240412@080340.5296 9qm0tb444ea3bh7kiasbdp85m8 Query : select fieldkey,fieldname,fieldtype,mandatory from wsft3039fields
20240412@080340.5311 9qm0tb444ea3bh7kiasbdp85m8 Query : select top 1 ft.fno valor from ft ft where ft.ndoc = 39 and ftano=2024 order by fno desc
20240412@080340.5436 9qm0tb444ea3bh7kiasbdp85m8 Query : select top 1 ft.fno valor from wsft039data ft where ft.ndoc = 39 and ftano=2024 order by fno desc
20240412@080340.5467 9qm0tb444ea3bh7kiasbdp85m8 Query : select 1 valor from information_schema.tables where table_type='base table' and table_name='wsft3039fields'
20240412@080340.5481 9qm0tb444ea3bh7kiasbdp85m8 Query : select fieldkey,fieldname,fieldtype,calcformula from wsft3039fields
20240412@080340.5491 9qm0tb444ea3bh7kiasbdp85m8 Query : insert into wsft3039data (ft3stamp, ousrdata, ousrhora, usrdata,usrhora,ousrinis,usrinis,taxpointdt ) values ('aut6618d708876618dccc81' ,getdate(),convert(char(8),convert (time,getdate())),getdate(),convert(char(8),convert (time,getdate())),'wsv','wsv',?)
20240412@080340.5694 9qm0tb444ea3bh7kiasbdp85m8 Query : select 1 valor from information_schema.tables where table_type='base table' and table_name='wsft2039fields'
20240412@080340.5712 9qm0tb444ea3bh7kiasbdp85m8 Query : select fieldkey,fieldname,fieldtype,calcformula from wsft2039fields
20240412@080340.5762 9qm0tb444ea3bh7kiasbdp85m8 Query : select top 1 bo.u_nomeenv valor from bo where bo.bostamp=''
20240412@080340.5773 9qm0tb444ea3bh7kiasbdp85m8 Query : select top 1 bo.u_moradaen valor from bo where bo.bostamp=''
20240412@080340.5784 9qm0tb444ea3bh7kiasbdp85m8 Query : select top 1 bo.u_codposen valor from bo where bo.bostamp=''
20240412@080340.5793 9qm0tb444ea3bh7kiasbdp85m8 Query : select top 1 bo.u_localenv valor from bo where bo.bostamp=''
20240412@080340.5798 9qm0tb444ea3bh7kiasbdp85m8 Query : select top 1 bo.trab5 valor from bo where bo.bostamp=''
20240412@080340.5807 9qm0tb444ea3bh7kiasbdp85m8 Query : select top 1 bo.serie valor from bo where bo.bostamp=''
20240412@080340.5813 9qm0tb444ea3bh7kiasbdp85m8 Query : insert into wsft2039data (ft2stamp, ousrdata,ousrhora, usrdata,usrhora,ousrinis,usrinis,u_nomeenv ,u_moradaen ,u_codposen ,u_localenv ,u_coddest ,u_codby ) values ('aut6618d708876618dccc81',getdate(),convert(char(8),convert (time,getdate())),getdate(),convert(char(8),convert (time,getdate())),'wsv','wsv',?,?,?,?,?,?)
20240412@080340.6159 9qm0tb444ea3bh7kiasbdp85m8 Query : select top 1 fno valor from wsft039data order by fno desc
20240412@080340.6187 9qm0tb444ea3bh7kiasbdp85m8 Query : select 1 valor from information_schema.tables where table_type='base table' and table_name='wsft039fields'
20240412@080340.6208 9qm0tb444ea3bh7kiasbdp85m8 Query : select fieldkey,fieldname,fieldtype,calcformula from wsft039fields
20240412@080340.6234 9qm0tb444ea3bh7kiasbdp85m8 Query : insert into wsft039data (ftstamp, ousrdata,ousrhora, usrdata,usrhora,ousrinis,usrinis,fno,no,estab,fdata,ndoc,moeda,cambio,cambiofixo,ftano,cdata,chora,carga,descar,site ,classe ) values ('aut6618d708876618dccc81',getdate(),convert(char(8),convert (time,getdate())),getdate(),convert(char(8),convert (time,getdate())),'wsv','wsv',856,100810,0,'2024-04-12',39,'euro',0,0,2024 ,'20240412','0833',?,?,?,?)
20240412@080340.6637 9qm0tb444ea3bh7kiasbdp85m8 Query : use flama_phc
20240412@080340.6649 9qm0tb444ea3bh7kiasbdp85m8 Query : select st.usalote valor from st where st.ref = '324.4966.00.1'
20240412@080340.6665 9qm0tb444ea3bh7kiasbdp85m8 Query : select top 1 st.tabiva ,st.ivaincl ,st.stns ,st.uni2 ,st.familia ,isnull(tx.taxa, 0) txiva ,unidade ,usalote ,epcpond ,noserie from st left join taxasiva tx on st.tabiva = tx.codigo where st.ref = '324.4966.00.1'
20240412@080340.6835 9qm0tb444ea3bh7kiasbdp85m8 Query : select 1 valor from information_schema.tables where table_type='base table' and table_name='wsfi039fields'
20240412@080340.6857 9qm0tb444ea3bh7kiasbdp85m8 Query : select fieldkey,fieldname,fieldtype,mandatory from wsfi039fields
20240412@080340.6899 9qm0tb444ea3bh7kiasbdp85m8 Query : select 1 valor from information_schema.tables where table_type='base table' and table_name='wsfi2039fields'
20240412@080340.6935 9qm0tb444ea3bh7kiasbdp85m8 Query : select fieldkey,fieldname,fieldtype,mandatory from wsfi2039fields
20240412@080340.6942 9qm0tb444ea3bh7kiasbdp85m8 Query : select sestamp valor from se where ref ='324.4966.00.1' and lote = 'r2300825100a'
20240412@080340.6960 9qm0tb444ea3bh7kiasbdp85m8 Query : select top 1 convert(numeric(6,2),t.taxa) valor from taxasiva t where t.codigo='2'
20240412@080340.6976 9qm0tb444ea3bh7kiasbdp85m8 Query : select 1 valor from information_schema.tables where table_type='base table' and table_name='wsfi039fields'
20240412@080340.7000 9qm0tb444ea3bh7kiasbdp85m8 Query : select fieldkey,fieldname,fieldtype,calcformula from wsfi039fields
20240412@080340.7063 9qm0tb444ea3bh7kiasbdp85m8 Query : insert into wsfi039data (fistamp,ousrdata, ousrhora, usrdata,usrhora,ousrinis,usrinis ,qtt ,ftstamp ,epv,pvmoeda ,tabiva,iva,lordem ,ref, design ,lote,armazem,bistamp ) values ('aut6618d094236618dcccaa',getdate(),convert(char(8),convert (time,getdate())),getdate(),convert(char(8),convert (time,getdate())),'wsv','wsv',72.000 ,'aut6618d708876618dccc81' ,0,0 ,2,23.00,10000,?,?,?,?,?)
20240412@080340.7591 9qm0tb444ea3bh7kiasbdp85m8 Query : select 1 valor from information_schema.tables where table_type='base table' and table_name='wsfi2039fields'
20240412@080340.7613 9qm0tb444ea3bh7kiasbdp85m8 Query : select fieldkey,fieldname,fieldtype,calcformula from wsfi2039fields
20240412@080340.7618 9qm0tb444ea3bh7kiasbdp85m8 Query : insert into wsfi2039data (fi2stamp,ftstamp ,ousrdata, ousrhora, usrdata,usrhora,ousrinis,usrinis) values ('aut6618d094236618dcccaa','aut6618d708876618dccc81' ,getdate(),convert(char(8),convert (time,getdate())),getdate(),convert(char(8),convert (time,getdate())),'wsv','wsv')
20240412@080340.7624 9qm0tb444ea3bh7kiasbdp85m8 Query : use flama_phc
20240412@080340.7628 9qm0tb444ea3bh7kiasbdp85m8 Query : select st.usalote valor from st where st.ref = '324.4966.00.1'
20240412@080340.7649 9qm0tb444ea3bh7kiasbdp85m8 Query : select top 1 st.tabiva ,st.ivaincl ,st.stns ,st.uni2 ,st.familia ,isnull(tx.taxa, 0) txiva ,unidade ,usalote ,epcpond ,noserie from st left join taxasiva tx on st.tabiva = tx.codigo where st.ref = '324.4966.00.1'
20240412@080340.7665 9qm0tb444ea3bh7kiasbdp85m8 Query : select 1 valor from information_schema.tables where table_type='base table' and table_name='wsfi039fields'
20240412@080340.7680 9qm0tb444ea3bh7kiasbdp85m8 Query : select fieldkey,fieldname,fieldtype,mandatory from wsfi039fields
20240412@080340.7725 9qm0tb444ea3bh7kiasbdp85m8 Query : select 1 valor from information_schema.tables where table_type='base table' and table_name='wsfi2039fields'
20240412@080340.7747 9qm0tb444ea3bh7kiasbdp85m8 Query : select fieldkey,fieldname,fieldtype,mandatory from wsfi2039fields
20240412@080340.7752 9qm0tb444ea3bh7kiasbdp85m8 Query : select sestamp valor from se where ref ='324.4966.00.1' and lote = 'r2301277100a'
20240412@080340.7772 9qm0tb444ea3bh7kiasbdp85m8 Query : select top 1 convert(numeric(6,2),t.taxa) valor from taxasiva t where t.codigo='2'
20240412@080340.7789 9qm0tb444ea3bh7kiasbdp85m8 Query : select 1 valor from information_schema.tables where table_type='base table' and table_name='wsfi039fields'
20240412@080340.7812 9qm0tb444ea3bh7kiasbdp85m8 Query : select fieldkey,fieldname,fieldtype,calcformula from wsfi039fields
20240412@080340.7856 9qm0tb444ea3bh7kiasbdp85m8 Query : insert into wsfi039data (fistamp,ousrdata, ousrhora, usrdata,usrhora,ousrinis,usrinis ,qtt ,ftstamp ,epv,pvmoeda ,tabiva,iva,lordem ,ref, design ,lote,armazem,bistamp ) values ('aut6618d574906618dcccbe',getdate(),convert(char(8),convert (time,getdate())),getdate(),convert(char(8),convert (time,getdate())),'wsv','wsv',4.000 ,'aut6618d708876618dccc81' ,0,0 ,2,23.00,20000,?,?,?,?,?)
20240412@080340.8230 9qm0tb444ea3bh7kiasbdp85m8 Query : select 1 valor from information_schema.tables where table_type='base table' and table_name='wsfi2039fields'
20240412@080340.8288 9qm0tb444ea3bh7kiasbdp85m8 Query : select fieldkey,fieldname,fieldtype,calcformula from wsfi2039fields
20240412@080340.8294 9qm0tb444ea3bh7kiasbdp85m8 Query : insert into wsfi2039data (fi2stamp,ftstamp ,ousrdata, ousrhora, usrdata,usrhora,ousrinis,usrinis) values ('aut6618d574906618dcccbe','aut6618d708876618dccc81' ,getdate(),convert(char(8),convert (time,getdate())),getdate(),convert(char(8),convert (time,getdate())),'wsv','wsv')
20240412@080340.8299 9qm0tb444ea3bh7kiasbdp85m8 Query : insert into wsftcreationlog (initialftstamp,externalid,creationstatus,documenttypeid,idustamp) values ('aut6618d708876618dccc81','2402685','wait',39,'ari17112337378,753000005')
20240412@080340.8325 9qm0tb444ea3bh7kiasbdp85m8 Query : use flama_phc
20240412@080340.8329 9qm0tb444ea3bh7kiasbdp85m8 Query : update u_wsusers set rqsttoken =? where userid ='userls001'
20240412@080340.8341 9qm0tb444ea3bh7kiasbdp85m8 Query : select concat(rtrim(relative_path),ltrim(name_new)) as valor from uploadfiles where uploadfile_id='1106';
20240412@080340.8362 9qm0tb444ea3bh7kiasbdp85m8 Query : update uploadfiles set whenupdated=current_timestamp where uploadfile_id='1106';
20240412@080340.8378 9qm0tb444ea3bh7kiasbdp85m8 Query : select concat(rtrim(relative_path),ltrim(name_new)) as valor from uploadfiles where uploadfile_id='1106';
20240412@080340.8401 9qm0tb444ea3bh7kiasbdp85m8 Query : update uploadfiles set whenupdated=current_timestamp where uploadfile_id='1106';
20240412@080340.8807 7cr14la9lrgrr0cbq0rf3liutn Query : insert into uploadfiles ( name_original, name_new, option_type, relative_path, whencreated ) values ( ?, ?, ?, ?, getdate() )
20240412@080340.8830 7cr14la9lrgrr0cbq0rf3liutn Query : select uploadfile_id valor from uploadfiles where name_new = ? and option_type = ? 
20240412@080340.8879 7cr14la9lrgrr0cbq0rf3liutn Query : select concat(rtrim(relative_path),ltrim(name_new)) as valor from uploadfiles where uploadfile_id='1107';
20240412@080340.8930 7cr14la9lrgrr0cbq0rf3liutn Query : update uploadfiles set whenupdated=current_timestamp where uploadfile_id='1107';
20240412@080340.8950 7cr14la9lrgrr0cbq0rf3liutn Query : select concat(rtrim(relative_path),ltrim(name_new)) as valor from uploadfiles where uploadfile_id='1107';
20240412@080340.8990 7cr14la9lrgrr0cbq0rf3liutn Query : update uploadfiles set whenupdated=current_timestamp where uploadfile_id='1107';
20240412@080340.9005 7cr14la9lrgrr0cbq0rf3liutn Query : use flama_phc
20240412@080340.9016 7cr14la9lrgrr0cbq0rf3liutn Query : select top 1 secretkey valor from u_wsusers u where u.userid = ? and u.inactivo=0
20240412@080340.9037 7cr14la9lrgrr0cbq0rf3liutn Query : use flama_phc
20240412@080340.9039 7cr14la9lrgrr0cbq0rf3liutn Query : select no, estab,szadrsdesc from szadrs where u_coddest=4740
20240412@080340.9083 7cr14la9lrgrr0cbq0rf3liutn Query : select top 1 isnull(design,'') valor from st (nolock) left join stobs (nolock) on st.ref = stobs.ref where st.ref = '324.4965.00.1'
20240412@080340.9341 7cr14la9lrgrr0cbq0rf3liutn Query : select top 1 bistamp valor from bi inner join bo on bo.bostamp=bi.bostamp where bo.ndos =240 and bo.boano =2026 and bo.obrano = 2402686 and bi.ref ='324.4965.00.1' and bi.lordem =1
20240412@080340.9747 7cr14la9lrgrr0cbq0rf3liutn Query : select top 1 isnull(design,'') valor from st (nolock) left join stobs (nolock) on st.ref = stobs.ref where st.ref = '324.4965.00.1'
20240412@080340.9765 7cr14la9lrgrr0cbq0rf3liutn Query : select top 1 bistamp valor from bi inner join bo on bo.bostamp=bi.bostamp where bo.ndos =240 and bo.boano =2026 and bo.obrano = 2402686 and bi.ref ='324.4965.00.1' and bi.lordem =1
20240412@080340.9772 7cr14la9lrgrr0cbq0rf3liutn Query : use flama_phc
20240412@080340.9776 7cr14la9lrgrr0cbq0rf3liutn Query : select top 1 convert(date,fdata) valor from ft where ndoc = 39 and anulado= 0 and fno>0 order by fdata desc
20240412@080340.9825 7cr14la9lrgrr0cbq0rf3liutn Query : use flama_phc
20240412@080340.9828 7cr14la9lrgrr0cbq0rf3liutn Query : select top 1 1 valor from td where td.ndoc = 39
20240412@080340.9846 7cr14la9lrgrr0cbq0rf3liutn Query : use flama_phc
20240412@080340.9849 7cr14la9lrgrr0cbq0rf3liutn Query : select descricao ,case when valor='s' then 1 else 0 end usalotes from para1 where descricao in ('st_lote')
20240412@080340.9924 7cr14la9lrgrr0cbq0rf3liutn Query : select top 1 assinadoc issigned ,td.lancasl stocks ,'cl' origin ,case when (cmsl between 1 and 50 ) then 1 else 0 end entrada ,case when (cmsl>50 ) then 1 else 0 end saida ,~lotestock validatestock ,tiposaft from td inner join td2 on td.tdstamp=td2.td2stamp where td.ndoc =39
20240412@080341.1303 7cr14la9lrgrr0cbq0rf3liutn Query : use flama_phc
20240412@080341.1345 7cr14la9lrgrr0cbq0rf3liutn Query : select top 1 ~inactivo valor from cl where no = '100810' and estab = 0 order by inactivo desc
20240412@080341.2086 7cr14la9lrgrr0cbq0rf3liutn Query : use flama_phc
20240412@080341.2210 7cr14la9lrgrr0cbq0rf3liutn Query : select top 1 tipodoc,regrd from td where ndoc = 39
20240412@080341.2277 7cr14la9lrgrr0cbq0rf3liutn Query : use flama_phc
20240412@080341.2281 7cr14la9lrgrr0cbq0rf3liutn Query : select szadrsstamp valor from szadrs where szadrsdesc='espaÇotrans,lda'
20240412@080341.2301 7cr14la9lrgrr0cbq0rf3liutn Query : use flama_phc
20240412@080341.2306 7cr14la9lrgrr0cbq0rf3liutn Query : select szadrsstamp valor from szadrs where szadrsdesc='100810 - worten-equipamentos para o lar,sa.'
20240412@080341.2326 7cr14la9lrgrr0cbq0rf3liutn Query : use flama_phc
20240412@080341.2330 7cr14la9lrgrr0cbq0rf3liutn Query : select 1 valor from td where ndoc = 39
20240412@080341.2367 7cr14la9lrgrr0cbq0rf3liutn Query : select top 1 manternumero, tiposaft, nmdos,td.assinadoc from td where td.ndoc = 39
20240412@080341.2393 7cr14la9lrgrr0cbq0rf3liutn Query : select 1 valor from information_schema.tables where table_type='base table' and table_name='wsft039fields'
20240412@080341.2415 7cr14la9lrgrr0cbq0rf3liutn Query : select fieldkey,fieldname,fieldtype,mandatory from wsft039fields
20240412@080341.2458 7cr14la9lrgrr0cbq0rf3liutn Query : select 1 valor from information_schema.tables where table_type='base table' and table_name='wsft2039fields'
20240412@080341.2483 7cr14la9lrgrr0cbq0rf3liutn Query : select fieldkey,fieldname,fieldtype,mandatory from wsft2039fields
20240412@080341.2567 7cr14la9lrgrr0cbq0rf3liutn Query : select 1 valor from information_schema.tables where table_type='base table' and table_name='wsft3039fields'
20240412@080341.2590 7cr14la9lrgrr0cbq0rf3liutn Query : select fieldkey,fieldname,fieldtype,mandatory from wsft3039fields
20240412@080341.2602 7cr14la9lrgrr0cbq0rf3liutn Query : select top 1 ft.fno valor from ft ft where ft.ndoc = 39 and ftano=2024 order by fno desc
20240412@080341.2707 7cr14la9lrgrr0cbq0rf3liutn Query : select top 1 ft.fno valor from wsft039data ft where ft.ndoc = 39 and ftano=2024 order by fno desc
20240412@080341.2722 7cr14la9lrgrr0cbq0rf3liutn Query : select 1 valor from information_schema.tables where table_type='base table' and table_name='wsft3039fields'
20240412@080341.2740 7cr14la9lrgrr0cbq0rf3liutn Query : select fieldkey,fieldname,fieldtype,calcformula from wsft3039fields
20240412@080341.2755 7cr14la9lrgrr0cbq0rf3liutn Query : insert into wsft3039data (ft3stamp, ousrdata, ousrhora, usrdata,usrhora,ousrinis,usrinis,taxpointdt ) values ('aut6618d178546618dccd3f' ,getdate(),convert(char(8),convert (time,getdate())),getdate(),convert(char(8),convert (time,getdate())),'wsv','wsv',?)
20240412@080341.2972 7cr14la9lrgrr0cbq0rf3liutn Query : select 1 valor from information_schema.tables where table_type='base table' and table_name='wsft2039fields'
20240412@080341.2991 7cr14la9lrgrr0cbq0rf3liutn Query : select fieldkey,fieldname,fieldtype,calcformula from wsft2039fields
20240412@080341.3041 7cr14la9lrgrr0cbq0rf3liutn Query : select top 1 bo.u_nomeenv valor from bo where bo.bostamp=''
20240412@080341.3047 7cr14la9lrgrr0cbq0rf3liutn Query : select top 1 bo.u_moradaen valor from bo where bo.bostamp=''
20240412@080341.3053 7cr14la9lrgrr0cbq0rf3liutn Query : select top 1 bo.u_codposen valor from bo where bo.bostamp=''
20240412@080341.3059 7cr14la9lrgrr0cbq0rf3liutn Query : select top 1 bo.u_localenv valor from bo where bo.bostamp=''
20240412@080341.3075 7cr14la9lrgrr0cbq0rf3liutn Query : select top 1 bo.trab5 valor from bo where bo.bostamp=''
20240412@080341.3083 7cr14la9lrgrr0cbq0rf3liutn Query : select top 1 bo.serie valor from bo where bo.bostamp=''
20240412@080341.3092 7cr14la9lrgrr0cbq0rf3liutn Query : insert into wsft2039data (ft2stamp, ousrdata,ousrhora, usrdata,usrhora,ousrinis,usrinis,u_nomeenv ,u_moradaen ,u_codposen ,u_localenv ,u_coddest ,u_codby ) values ('aut6618d178546618dccd3f',getdate(),convert(char(8),convert (time,getdate())),getdate(),convert(char(8),convert (time,getdate())),'wsv','wsv',?,?,?,?,?,?)
20240412@080341.3414 7cr14la9lrgrr0cbq0rf3liutn Query : select top 1 fno valor from wsft039data order by fno desc
20240412@080341.3450 7cr14la9lrgrr0cbq0rf3liutn Query : select 1 valor from information_schema.tables where table_type='base table' and table_name='wsft039fields'
20240412@080341.3480 7cr14la9lrgrr0cbq0rf3liutn Query : select fieldkey,fieldname,fieldtype,calcformula from wsft039fields
20240412@080341.3499 7cr14la9lrgrr0cbq0rf3liutn Query : insert into wsft039data (ftstamp, ousrdata,ousrhora, usrdata,usrhora,ousrinis,usrinis,fno,no,estab,fdata,ndoc,moeda,cambio,cambiofixo,ftano,cdata,chora,carga,descar,site ,classe ) values ('aut6618d178546618dccd3f',getdate(),convert(char(8),convert (time,getdate())),getdate(),convert(char(8),convert (time,getdate())),'wsv','wsv',857,100810,0,'2024-04-12',39,'euro',0,0,2024 ,'20240412','0833',?,?,?,?)
20240412@080341.3935 7cr14la9lrgrr0cbq0rf3liutn Query : use flama_phc
20240412@080341.3939 7cr14la9lrgrr0cbq0rf3liutn Query : select st.usalote valor from st where st.ref = '324.4965.00.1'
20240412@080341.3953 7cr14la9lrgrr0cbq0rf3liutn Query : select top 1 st.tabiva ,st.ivaincl ,st.stns ,st.uni2 ,st.familia ,isnull(tx.taxa, 0) txiva ,unidade ,usalote ,epcpond ,noserie from st left join taxasiva tx on st.tabiva = tx.codigo where st.ref = '324.4965.00.1'
20240412@080341.4119 7cr14la9lrgrr0cbq0rf3liutn Query : select 1 valor from information_schema.tables where table_type='base table' and table_name='wsfi039fields'
20240412@080341.4133 7cr14la9lrgrr0cbq0rf3liutn Query : select fieldkey,fieldname,fieldtype,mandatory from wsfi039fields
20240412@080341.4158 7cr14la9lrgrr0cbq0rf3liutn Query : select 1 valor from information_schema.tables where table_type='base table' and table_name='wsfi2039fields'
20240412@080341.4176 7cr14la9lrgrr0cbq0rf3liutn Query : select fieldkey,fieldname,fieldtype,mandatory from wsfi2039fields
20240412@080341.4181 7cr14la9lrgrr0cbq0rf3liutn Query : select sestamp valor from se where ref ='324.4965.00.1' and lote = 'r2300825100a'
20240412@080341.4196 7cr14la9lrgrr0cbq0rf3liutn Query : select top 1 convert(numeric(6,2),t.taxa) valor from taxasiva t where t.codigo='2'
20240412@080341.4207 7cr14la9lrgrr0cbq0rf3liutn Query : select 1 valor from information_schema.tables where table_type='base table' and table_name='wsfi039fields'
20240412@080341.4221 7cr14la9lrgrr0cbq0rf3liutn Query : select fieldkey,fieldname,fieldtype,calcformula from wsfi039fields
20240412@080341.4245 7cr14la9lrgrr0cbq0rf3liutn Query : insert into wsfi039data (fistamp,ousrdata, ousrhora, usrdata,usrhora,ousrinis,usrinis ,qtt ,ftstamp ,epv,pvmoeda ,tabiva,iva,lordem ,ref, design ,lote,armazem,bistamp ) values ('aut6618d112876618dccd66',getdate(),convert(char(8),convert (time,getdate())),getdate(),convert(char(8),convert (time,getdate())),'wsv','wsv',24.000 ,'aut6618d178546618dccd3f' ,0,0 ,2,23.00,10000,?,?,?,?,?)
20240412@080341.4666 7cr14la9lrgrr0cbq0rf3liutn Query : select 1 valor from information_schema.tables where table_type='base table' and table_name='wsfi2039fields'
20240412@080341.4685 7cr14la9lrgrr0cbq0rf3liutn Query : select fieldkey,fieldname,fieldtype,calcformula from wsfi2039fields
20240412@080341.4690 7cr14la9lrgrr0cbq0rf3liutn Query : insert into wsfi2039data (fi2stamp,ftstamp ,ousrdata, ousrhora, usrdata,usrhora,ousrinis,usrinis) values ('aut6618d112876618dccd66','aut6618d178546618dccd3f' ,getdate(),convert(char(8),convert (time,getdate())),getdate(),convert(char(8),convert (time,getdate())),'wsv','wsv')
20240412@080341.4696 7cr14la9lrgrr0cbq0rf3liutn Query : use flama_phc
20240412@080341.4700 7cr14la9lrgrr0cbq0rf3liutn Query : select st.usalote valor from st where st.ref = '324.4965.00.1'
20240412@080341.4712 7cr14la9lrgrr0cbq0rf3liutn Query : select top 1 st.tabiva ,st.ivaincl ,st.stns ,st.uni2 ,st.familia ,isnull(tx.taxa, 0) txiva ,unidade ,usalote ,epcpond ,noserie from st left join taxasiva tx on st.tabiva = tx.codigo where st.ref = '324.4965.00.1'
20240412@080341.4742 7cr14la9lrgrr0cbq0rf3liutn Query : select 1 valor from information_schema.tables where table_type='base table' and table_name='wsfi039fields'
20240412@080341.4756 7cr14la9lrgrr0cbq0rf3liutn Query : select fieldkey,fieldname,fieldtype,mandatory from wsfi039fields
20240412@080341.4788 7cr14la9lrgrr0cbq0rf3liutn Query : select 1 valor from information_schema.tables where table_type='base table' and table_name='wsfi2039fields'
20240412@080341.4805 7cr14la9lrgrr0cbq0rf3liutn Query : select fieldkey,fieldname,fieldtype,mandatory from wsfi2039fields
20240412@080341.4810 7cr14la9lrgrr0cbq0rf3liutn Query : select sestamp valor from se where ref ='324.4965.00.1' and lote = 'r2301277100a'
20240412@080341.4932 7cr14la9lrgrr0cbq0rf3liutn Query : select top 1 convert(numeric(6,2),t.taxa) valor from taxasiva t where t.codigo='2'
20240412@080341.4943 7cr14la9lrgrr0cbq0rf3liutn Query : select 1 valor from information_schema.tables where table_type='base table' and table_name='wsfi039fields'
20240412@080341.4959 7cr14la9lrgrr0cbq0rf3liutn Query : select fieldkey,fieldname,fieldtype,calcformula from wsfi039fields
20240412@080341.4984 7cr14la9lrgrr0cbq0rf3liutn Query : insert into wsfi039data (fistamp,ousrdata, ousrhora, usrdata,usrhora,ousrinis,usrinis ,qtt ,ftstamp ,epv,pvmoeda ,tabiva,iva,lordem ,ref, design ,lote,armazem,bistamp ) values ('aut6618d964486618dccd78',getdate(),convert(char(8),convert (time,getdate())),getdate(),convert(char(8),convert (time,getdate())),'wsv','wsv',52.000 ,'aut6618d178546618dccd3f' ,0,0 ,2,23.00,20000,?,?,?,?,?)
20240412@080341.5330 7cr14la9lrgrr0cbq0rf3liutn Query : select 1 valor from information_schema.tables where table_type='base table' and table_name='wsfi2039fields'
20240412@080341.5352 7cr14la9lrgrr0cbq0rf3liutn Query : select fieldkey,fieldname,fieldtype,calcformula from wsfi2039fields
20240412@080341.5357 7cr14la9lrgrr0cbq0rf3liutn Query : insert into wsfi2039data (fi2stamp,ftstamp ,ousrdata, ousrhora, usrdata,usrhora,ousrinis,usrinis) values ('aut6618d964486618dccd78','aut6618d178546618dccd3f' ,getdate(),convert(char(8),convert (time,getdate())),getdate(),convert(char(8),convert (time,getdate())),'wsv','wsv')
20240412@080341.5362 7cr14la9lrgrr0cbq0rf3liutn Query : insert into wsftcreationlog (initialftstamp,externalid,creationstatus,documenttypeid,idustamp) values ('aut6618d178546618dccd3f','2402686','wait',39,'ari17112337378,753000005')
20240412@080341.5386 7cr14la9lrgrr0cbq0rf3liutn Query : use flama_phc
20240412@080341.5390 7cr14la9lrgrr0cbq0rf3liutn Query : update u_wsusers set rqsttoken =? where userid ='userls001'
20240412@080341.5406 7cr14la9lrgrr0cbq0rf3liutn Query : select concat(rtrim(relative_path),ltrim(name_new)) as valor from uploadfiles where uploadfile_id='1107';
20240412@080341.5428 7cr14la9lrgrr0cbq0rf3liutn Query : update uploadfiles set whenupdated=current_timestamp where uploadfile_id='1107';
20240412@080341.5447 7cr14la9lrgrr0cbq0rf3liutn Query : select concat(rtrim(relative_path),ltrim(name_new)) as valor from uploadfiles where uploadfile_id='1107';
20240412@080341.5467 7cr14la9lrgrr0cbq0rf3liutn Query : update uploadfiles set whenupdated=current_timestamp where uploadfile_id='1107';
20240412@080341.5973 e7bpqig8k31edprpdq49ncbnro Query : insert into uploadfiles ( name_original, name_new, option_type, relative_path, whencreated ) values ( ?, ?, ?, ?, getdate() )
20240412@080341.6001 e7bpqig8k31edprpdq49ncbnro Query : select uploadfile_id valor from uploadfiles where name_new = ? and option_type = ? 
20240412@080341.6026 e7bpqig8k31edprpdq49ncbnro Query : select concat(rtrim(relative_path),ltrim(name_new)) as valor from uploadfiles where uploadfile_id='1108';
20240412@080341.6073 e7bpqig8k31edprpdq49ncbnro Query : update uploadfiles set whenupdated=current_timestamp where uploadfile_id='1108';
20240412@080341.6098 e7bpqig8k31edprpdq49ncbnro Query : select concat(rtrim(relative_path),ltrim(name_new)) as valor from uploadfiles where uploadfile_id='1108';
20240412@080341.6116 e7bpqig8k31edprpdq49ncbnro Query : update uploadfiles set whenupdated=current_timestamp where uploadfile_id='1108';
20240412@080341.6135 e7bpqig8k31edprpdq49ncbnro Query : use flama_phc
20240412@080341.6139 e7bpqig8k31edprpdq49ncbnro Query : select top 1 secretkey valor from u_wsusers u where u.userid = ? and u.inactivo=0
20240412@080341.6154 e7bpqig8k31edprpdq49ncbnro Query : use flama_phc
20240412@080341.6158 e7bpqig8k31edprpdq49ncbnro Query : select no, estab,szadrsdesc from szadrs where u_coddest=4740
20240412@080341.6203 e7bpqig8k31edprpdq49ncbnro Query : select top 1 isnull(design,'') valor from st (nolock) left join stobs (nolock) on st.ref = stobs.ref where st.ref = '324.4970.00.1'
20240412@080341.6363 e7bpqig8k31edprpdq49ncbnro Query : select top 1 bistamp valor from bi inner join bo on bo.bostamp=bi.bostamp where bo.ndos =240 and bo.boano =2026 and bo.obrano = 2402687 and bi.ref ='324.4970.00.1' and bi.lordem =1
20240412@080341.6698 e7bpqig8k31edprpdq49ncbnro Query : select top 1 isnull(design,'') valor from st (nolock) left join stobs (nolock) on st.ref = stobs.ref where st.ref = '324.4970.00.1'
20240412@080341.6711 e7bpqig8k31edprpdq49ncbnro Query : select top 1 bistamp valor from bi inner join bo on bo.bostamp=bi.bostamp where bo.ndos =240 and bo.boano =2026 and bo.obrano = 2402687 and bi.ref ='324.4970.00.1' and bi.lordem =1
20240412@080341.6716 e7bpqig8k31edprpdq49ncbnro Query : select top 1 isnull(design,'') valor from st (nolock) left join stobs (nolock) on st.ref = stobs.ref where st.ref = '324.4970.00.1'
20240412@080341.6727 e7bpqig8k31edprpdq49ncbnro Query : select top 1 bistamp valor from bi inner join bo on bo.bostamp=bi.bostamp where bo.ndos =240 and bo.boano =2026 and bo.obrano = 2402687 and bi.ref ='324.4970.00.1' and bi.lordem =1
20240412@080341.6732 e7bpqig8k31edprpdq49ncbnro Query : use flama_phc
20240412@080341.6749 e7bpqig8k31edprpdq49ncbnro Query : select top 1 convert(date,fdata) valor from ft where ndoc = 39 and anulado= 0 and fno>0 order by fdata desc
20240412@080341.6761 e7bpqig8k31edprpdq49ncbnro Query : use flama_phc
20240412@080341.6765 e7bpqig8k31edprpdq49ncbnro Query : select top 1 1 valor from td where td.ndoc = 39
20240412@080341.6775 e7bpqig8k31edprpdq49ncbnro Query : use flama_phc
20240412@080341.6778 e7bpqig8k31edprpdq49ncbnro Query : select descricao ,case when valor='s' then 1 else 0 end usalotes from para1 where descricao in ('st_lote')
20240412@080341.6789 e7bpqig8k31edprpdq49ncbnro Query : select top 1 assinadoc issigned ,td.lancasl stocks ,'cl' origin ,case when (cmsl between 1 and 50 ) then 1 else 0 end entrada ,case when (cmsl>50 ) then 1 else 0 end saida ,~lotestock validatestock ,tiposaft from td inner join td2 on td.tdstamp=td2.td2stamp where td.ndoc =39
20240412@080341.6804 e7bpqig8k31edprpdq49ncbnro Query : use flama_phc
20240412@080341.6807 e7bpqig8k31edprpdq49ncbnro Query : select top 1 ~inactivo valor from cl where no = '100810' and estab = 0 order by inactivo desc
20240412@080341.6819 e7bpqig8k31edprpdq49ncbnro Query : use flama_phc
20240412@080341.6822 e7bpqig8k31edprpdq49ncbnro Query : select top 1 tipodoc,regrd from td where ndoc = 39
20240412@080341.6832 e7bpqig8k31edprpdq49ncbnro Query : use flama_phc
20240412@080341.6835 e7bpqig8k31edprpdq49ncbnro Query : select szadrsstamp valor from szadrs where szadrsdesc='espaÇotrans,lda'
20240412@080341.6845 e7bpqig8k31edprpdq49ncbnro Query : use flama_phc
20240412@080341.6848 e7bpqig8k31edprpdq49ncbnro Query : select szadrsstamp valor from szadrs where szadrsdesc='100810 - worten-equipamentos para o lar,sa.'
20240412@080341.6860 e7bpqig8k31edprpdq49ncbnro Query : use flama_phc
20240412@080341.6863 e7bpqig8k31edprpdq49ncbnro Query : select 1 valor from td where ndoc = 39
20240412@080341.6879 e7bpqig8k31edprpdq49ncbnro Query : select top 1 manternumero, tiposaft, nmdos,td.assinadoc from td where td.ndoc = 39
20240412@080341.6890 e7bpqig8k31edprpdq49ncbnro Query : select 1 valor from information_schema.tables where table_type='base table' and table_name='wsft039fields'
20240412@080341.6907 e7bpqig8k31edprpdq49ncbnro Query : select fieldkey,fieldname,fieldtype,mandatory from wsft039fields
20240412@080341.6924 e7bpqig8k31edprpdq49ncbnro Query : select 1 valor from information_schema.tables where table_type='base table' and table_name='wsft2039fields'
20240412@080341.6937 e7bpqig8k31edprpdq49ncbnro Query : select fieldkey,fieldname,fieldtype,mandatory from wsft2039fields
20240412@080341.6964 e7bpqig8k31edprpdq49ncbnro Query : select 1 valor from information_schema.tables where table_type='base table' and table_name='wsft3039fields'
20240412@080341.6977 e7bpqig8k31edprpdq49ncbnro Query : select fieldkey,fieldname,fieldtype,mandatory from wsft3039fields
20240412@080341.6987 e7bpqig8k31edprpdq49ncbnro Query : select top 1 ft.fno valor from ft ft where ft.ndoc = 39 and ftano=2024 order by fno desc
20240412@080341.7084 e7bpqig8k31edprpdq49ncbnro Query : select top 1 ft.fno valor from wsft039data ft where ft.ndoc = 39 and ftano=2024 order by fno desc
20240412@080341.7095 e7bpqig8k31edprpdq49ncbnro Query : select 1 valor from information_schema.tables where table_type='base table' and table_name='wsft3039fields'
20240412@080341.7113 e7bpqig8k31edprpdq49ncbnro Query : select fieldkey,fieldname,fieldtype,calcformula from wsft3039fields
20240412@080341.7123 e7bpqig8k31edprpdq49ncbnro Query : insert into wsft3039data (ft3stamp, ousrdata, ousrhora, usrdata,usrhora,ousrinis,usrinis,taxpointdt ) values ('aut6618d954956618dccdaa' ,getdate(),convert(char(8),convert (time,getdate())),getdate(),convert(char(8),convert (time,getdate())),'wsv','wsv',?)
20240412@080341.7393 e7bpqig8k31edprpdq49ncbnro Query : select 1 valor from information_schema.tables where table_type='base table' and table_name='wsft2039fields'
20240412@080341.7484 e7bpqig8k31edprpdq49ncbnro Query : select fieldkey,fieldname,fieldtype,calcformula from wsft2039fields
20240412@080341.7514 e7bpqig8k31edprpdq49ncbnro Query : select top 1 bo.u_nomeenv valor from bo where bo.bostamp=''
20240412@080341.7519 e7bpqig8k31edprpdq49ncbnro Query : select top 1 bo.u_moradaen valor from bo where bo.bostamp=''
20240412@080341.7524 e7bpqig8k31edprpdq49ncbnro Query : select top 1 bo.u_codposen valor from bo where bo.bostamp=''
20240412@080341.7529 e7bpqig8k31edprpdq49ncbnro Query : select top 1 bo.u_localenv valor from bo where bo.bostamp=''
20240412@080341.7534 e7bpqig8k31edprpdq49ncbnro Query : select top 1 bo.trab5 valor from bo where bo.bostamp=''
20240412@080341.7540 e7bpqig8k31edprpdq49ncbnro Query : select top 1 bo.serie valor from bo where bo.bostamp=''
20240412@080341.7545 e7bpqig8k31edprpdq49ncbnro Query : insert into wsft2039data (ft2stamp, ousrdata,ousrhora, usrdata,usrhora,ousrinis,usrinis,u_nomeenv ,u_moradaen ,u_codposen ,u_localenv ,u_coddest ,u_codby ) values ('aut6618d954956618dccdaa',getdate(),convert(char(8),convert (time,getdate())),getdate(),convert(char(8),convert (time,getdate())),'wsv','wsv',?,?,?,?,?,?)
20240412@080341.8090 e7bpqig8k31edprpdq49ncbnro Query : select top 1 fno valor from wsft039data order by fno desc
20240412@080341.8801 e7bpqig8k31edprpdq49ncbnro Query : select 1 valor from information_schema.tables where table_type='base table' and table_name='wsft039fields'
20240412@080341.8823 e7bpqig8k31edprpdq49ncbnro Query : select fieldkey,fieldname,fieldtype,calcformula from wsft039fields
20240412@080341.8840 e7bpqig8k31edprpdq49ncbnro Query : insert into wsft039data (ftstamp, ousrdata,ousrhora, usrdata,usrhora,ousrinis,usrinis,fno,no,estab,fdata,ndoc,moeda,cambio,cambiofixo,ftano,cdata,chora,carga,descar,site ,classe ) values ('aut6618d954956618dccdaa',getdate(),convert(char(8),convert (time,getdate())),getdate(),convert(char(8),convert (time,getdate())),'wsv','wsv',858,100810,0,'2024-04-12',39,'euro',0,0,2024 ,'20240412','0833',?,?,?,?)
20240412@080341.9531 e7bpqig8k31edprpdq49ncbnro Query : use flama_phc
20240412@080341.9538 e7bpqig8k31edprpdq49ncbnro Query : select st.usalote valor from st where st.ref = '324.4970.00.1'
20240412@080341.9617 e7bpqig8k31edprpdq49ncbnro Query : select top 1 st.tabiva ,st.ivaincl ,st.stns ,st.uni2 ,st.familia ,isnull(tx.taxa, 0) txiva ,unidade ,usalote ,epcpond ,noserie from st left join taxasiva tx on st.tabiva = tx.codigo where st.ref = '324.4970.00.1'
20240412@080342.3780 e7bpqig8k31edprpdq49ncbnro Query : select 1 valor from information_schema.tables where table_type='base table' and table_name='wsfi039fields'
20240412@080342.3970 e7bpqig8k31edprpdq49ncbnro Query : select fieldkey,fieldname,fieldtype,mandatory from wsfi039fields
20240412@080342.5900 e7bpqig8k31edprpdq49ncbnro Query : select 1 valor from information_schema.tables where table_type='base table' and table_name='wsfi2039fields'
20240412@080342.9100 e7bpqig8k31edprpdq49ncbnro Query : select fieldkey,fieldname,fieldtype,mandatory from wsfi2039fields
20240412@080342.9160 e7bpqig8k31edprpdq49ncbnro Query : select sestamp valor from se where ref ='324.4970.00.1' and lote = 'r2301074200a'
20240412@080342.9380 e7bpqig8k31edprpdq49ncbnro Query : select top 1 convert(numeric(6,2),t.taxa) valor from taxasiva t where t.codigo='2'
20240412@080342.9480 e7bpqig8k31edprpdq49ncbnro Query : select 1 valor from information_schema.tables where table_type='base table' and table_name='wsfi039fields'
20240412@080342.1075 e7bpqig8k31edprpdq49ncbnro Query : select fieldkey,fieldname,fieldtype,calcformula from wsfi039fields
20240412@080342.1099 e7bpqig8k31edprpdq49ncbnro Query : insert into wsfi039data (fistamp,ousrdata, ousrhora, usrdata,usrhora,ousrinis,usrinis ,qtt ,ftstamp ,epv,pvmoeda ,tabiva,iva,lordem ,ref, design ,lote,armazem,bistamp ) values ('aut6618d798056618dcce17',getdate(),convert(char(8),convert (time,getdate())),getdate(),convert(char(8),convert (time,getdate())),'wsv','wsv',8.000 ,'aut6618d954956618dccdaa' ,0,0 ,2,23.00,10000,?,?,?,?,?)
20240412@080342.1432 e7bpqig8k31edprpdq49ncbnro Query : select 1 valor from information_schema.tables where table_type='base table' and table_name='wsfi2039fields'
20240412@080342.1451 e7bpqig8k31edprpdq49ncbnro Query : select fieldkey,fieldname,fieldtype,calcformula from wsfi2039fields
20240412@080342.1459 e7bpqig8k31edprpdq49ncbnro Query : insert into wsfi2039data (fi2stamp,ftstamp ,ousrdata, ousrhora, usrdata,usrhora,ousrinis,usrinis) values ('aut6618d798056618dcce17','aut6618d954956618dccdaa' ,getdate(),convert(char(8),convert (time,getdate())),getdate(),convert(char(8),convert (time,getdate())),'wsv','wsv')
20240412@080342.1466 e7bpqig8k31edprpdq49ncbnro Query : use flama_phc
20240412@080342.1480 e7bpqig8k31edprpdq49ncbnro Query : select st.usalote valor from st where st.ref = '324.4970.00.1'
20240412@080342.1493 e7bpqig8k31edprpdq49ncbnro Query : select top 1 st.tabiva ,st.ivaincl ,st.stns ,st.uni2 ,st.familia ,isnull(tx.taxa, 0) txiva ,unidade ,usalote ,epcpond ,noserie from st left join taxasiva tx on st.tabiva = tx.codigo where st.ref = '324.4970.00.1'
20240412@080342.1530 e7bpqig8k31edprpdq49ncbnro Query : select 1 valor from information_schema.tables where table_type='base table' and table_name='wsfi039fields'
20240412@080342.1550 e7bpqig8k31edprpdq49ncbnro Query : select fieldkey,fieldname,fieldtype,mandatory from wsfi039fields
20240412@080342.1580 e7bpqig8k31edprpdq49ncbnro Query : select 1 valor from information_schema.tables where table_type='base table' and table_name='wsfi2039fields'
20240412@080342.1602 e7bpqig8k31edprpdq49ncbnro Query : select fieldkey,fieldname,fieldtype,mandatory from wsfi2039fields
20240412@080342.1607 e7bpqig8k31edprpdq49ncbnro Query : select sestamp valor from se where ref ='324.4970.00.1' and lote = 'r2301074200a'
20240412@080342.1617 e7bpqig8k31edprpdq49ncbnro Query : select top 1 convert(numeric(6,2),t.taxa) valor from taxasiva t where t.codigo='2'
20240412@080342.1628 e7bpqig8k31edprpdq49ncbnro Query : select 1 valor from information_schema.tables where table_type='base table' and table_name='wsfi039fields'
20240412@080342.1643 e7bpqig8k31edprpdq49ncbnro Query : select fieldkey,fieldname,fieldtype,calcformula from wsfi039fields
20240412@080342.1688 e7bpqig8k31edprpdq49ncbnro Query : insert into wsfi039data (fistamp,ousrdata, ousrhora, usrdata,usrhora,ousrinis,usrinis ,qtt ,ftstamp ,epv,pvmoeda ,tabiva,iva,lordem ,ref, design ,lote,armazem,bistamp ) values ('aut6618d776856618dcce27',getdate(),convert(char(8),convert (time,getdate())),getdate(),convert(char(8),convert (time,getdate())),'wsv','wsv',96.000 ,'aut6618d954956618dccdaa' ,0,0 ,2,23.00,20000,?,?,?,?,?)
20240412@080342.2000 e7bpqig8k31edprpdq49ncbnro Query : select 1 valor from information_schema.tables where table_type='base table' and table_name='wsfi2039fields'
20240412@080342.2017 e7bpqig8k31edprpdq49ncbnro Query : select fieldkey,fieldname,fieldtype,calcformula from wsfi2039fields
20240412@080342.2022 e7bpqig8k31edprpdq49ncbnro Query : insert into wsfi2039data (fi2stamp,ftstamp ,ousrdata, ousrhora, usrdata,usrhora,ousrinis,usrinis) values ('aut6618d776856618dcce27','aut6618d954956618dccdaa' ,getdate(),convert(char(8),convert (time,getdate())),getdate(),convert(char(8),convert (time,getdate())),'wsv','wsv')
20240412@080342.2027 e7bpqig8k31edprpdq49ncbnro Query : use flama_phc
20240412@080342.2030 e7bpqig8k31edprpdq49ncbnro Query : select st.usalote valor from st where st.ref = '324.4970.00.1'
20240412@080342.2045 e7bpqig8k31edprpdq49ncbnro Query : select top 1 st.tabiva ,st.ivaincl ,st.stns ,st.uni2 ,st.familia ,isnull(tx.taxa, 0) txiva ,unidade ,usalote ,epcpond ,noserie from st left join taxasiva tx on st.tabiva = tx.codigo where st.ref = '324.4970.00.1'
20240412@080342.2057 e7bpqig8k31edprpdq49ncbnro Query : select 1 valor from information_schema.tables where table_type='base table' and table_name='wsfi039fields'
20240412@080342.2072 e7bpqig8k31edprpdq49ncbnro Query : select fieldkey,fieldname,fieldtype,mandatory from wsfi039fields
20240412@080342.2097 e7bpqig8k31edprpdq49ncbnro Query : select 1 valor from information_schema.tables where table_type='base table' and table_name='wsfi2039fields'
20240412@080342.2111 e7bpqig8k31edprpdq49ncbnro Query : select fieldkey,fieldname,fieldtype,mandatory from wsfi2039fields
20240412@080342.2117 e7bpqig8k31edprpdq49ncbnro Query : select sestamp valor from se where ref ='324.4970.00.1' and lote = 'r2301074200a'
20240412@080342.2128 e7bpqig8k31edprpdq49ncbnro Query : select top 1 convert(numeric(6,2),t.taxa) valor from taxasiva t where t.codigo='2'
20240412@080342.2138 e7bpqig8k31edprpdq49ncbnro Query : select 1 valor from information_schema.tables where table_type='base table' and table_name='wsfi039fields'
20240412@080342.2156 e7bpqig8k31edprpdq49ncbnro Query : select fieldkey,fieldname,fieldtype,calcformula from wsfi039fields
20240412@080342.2181 e7bpqig8k31edprpdq49ncbnro Query : insert into wsfi039data (fistamp,ousrdata, ousrhora, usrdata,usrhora,ousrinis,usrinis ,qtt ,ftstamp ,epv,pvmoeda ,tabiva,iva,lordem ,ref, design ,lote,armazem,bistamp ) values ('aut6618d426616618dcce34',getdate(),convert(char(8),convert (time,getdate())),getdate(),convert(char(8),convert (time,getdate())),'wsv','wsv',96.000 ,'aut6618d954956618dccdaa' ,0,0 ,2,23.00,30000,?,?,?,?,?)
20240412@080342.2475 e7bpqig8k31edprpdq49ncbnro Query : select 1 valor from information_schema.tables where table_type='base table' and table_name='wsfi2039fields'
20240412@080342.2495 e7bpqig8k31edprpdq49ncbnro Query : select fieldkey,fieldname,fieldtype,calcformula from wsfi2039fields
20240412@080342.2501 e7bpqig8k31edprpdq49ncbnro Query : insert into wsfi2039data (fi2stamp,ftstamp ,ousrdata, ousrhora, usrdata,usrhora,ousrinis,usrinis) values ('aut6618d426616618dcce34','aut6618d954956618dccdaa' ,getdate(),convert(char(8),convert (time,getdate())),getdate(),convert(char(8),convert (time,getdate())),'wsv','wsv')
20240412@080342.2507 e7bpqig8k31edprpdq49ncbnro Query : insert into wsftcreationlog (initialftstamp,externalid,creationstatus,documenttypeid,idustamp) values ('aut6618d954956618dccdaa','2402687','wait',39,'ari17112337378,753000005')
20240412@080342.2532 e7bpqig8k31edprpdq49ncbnro Query : use flama_phc
20240412@080342.2536 e7bpqig8k31edprpdq49ncbnro Query : update u_wsusers set rqsttoken =? where userid ='userls001'
20240412@080342.2554 e7bpqig8k31edprpdq49ncbnro Query : select concat(rtrim(relative_path),ltrim(name_new)) as valor from uploadfiles where uploadfile_id='1108';
20240412@080342.2583 e7bpqig8k31edprpdq49ncbnro Query : update uploadfiles set whenupdated=current_timestamp where uploadfile_id='1108';
20240412@080342.2610 e7bpqig8k31edprpdq49ncbnro Query : select concat(rtrim(relative_path),ltrim(name_new)) as valor from uploadfiles where uploadfile_id='1108';
20240412@080342.2637 e7bpqig8k31edprpdq49ncbnro Query : update uploadfiles set whenupdated=current_timestamp where uploadfile_id='1108';
20240412@080342.3069 fdqc5rurh7hk8ssrhj22s805gq Query : insert into uploadfiles ( name_original, name_new, option_type, relative_path, whencreated ) values ( ?, ?, ?, ?, getdate() )
20240412@080342.3083 fdqc5rurh7hk8ssrhj22s805gq Query : select uploadfile_id valor from uploadfiles where name_new = ? and option_type = ? 
20240412@080342.3106 fdqc5rurh7hk8ssrhj22s805gq Query : select concat(rtrim(relative_path),ltrim(name_new)) as valor from uploadfiles where uploadfile_id='1109';
20240412@080342.3155 fdqc5rurh7hk8ssrhj22s805gq Query : update uploadfiles set whenupdated=current_timestamp where uploadfile_id='1109';
20240412@080342.3179 fdqc5rurh7hk8ssrhj22s805gq Query : select concat(rtrim(relative_path),ltrim(name_new)) as valor from uploadfiles where uploadfile_id='1109';
20240412@080342.3201 fdqc5rurh7hk8ssrhj22s805gq Query : update uploadfiles set whenupdated=current_timestamp where uploadfile_id='1109';
20240412@080342.3222 fdqc5rurh7hk8ssrhj22s805gq Query : use flama_phc
20240412@080342.3226 fdqc5rurh7hk8ssrhj22s805gq Query : select top 1 secretkey valor from u_wsusers u where u.userid = ? and u.inactivo=0
20240412@080342.3240 fdqc5rurh7hk8ssrhj22s805gq Query : use flama_phc
20240412@080342.3244 fdqc5rurh7hk8ssrhj22s805gq Query : select no, estab,szadrsdesc from szadrs where u_coddest=4740
20240412@080342.3289 fdqc5rurh7hk8ssrhj22s805gq Query : select top 1 isnull(design,'') valor from st (nolock) left join stobs (nolock) on st.ref = stobs.ref where st.ref = '324.4988.00.1'
20240412@080342.3490 fdqc5rurh7hk8ssrhj22s805gq Query : select top 1 bistamp valor from bi inner join bo on bo.bostamp=bi.bostamp where bo.ndos =240 and bo.boano =2026 and bo.obrano = 2402688 and bi.ref ='324.4988.00.1' and bi.lordem =1
20240412@080342.3863 fdqc5rurh7hk8ssrhj22s805gq Query : select top 1 isnull(design,'') valor from st (nolock) left join stobs (nolock) on st.ref = stobs.ref where st.ref = '324.4988.00.1'
20240412@080342.3879 fdqc5rurh7hk8ssrhj22s805gq Query : select top 1 bistamp valor from bi inner join bo on bo.bostamp=bi.bostamp where bo.ndos =240 and bo.boano =2026 and bo.obrano = 2402688 and bi.ref ='324.4988.00.1' and bi.lordem =1
20240412@080342.3885 fdqc5rurh7hk8ssrhj22s805gq Query : use flama_phc
20240412@080342.3890 fdqc5rurh7hk8ssrhj22s805gq Query : select top 1 convert(date,fdata) valor from ft where ndoc = 39 and anulado= 0 and fno>0 order by fdata desc
20240412@080342.3910 fdqc5rurh7hk8ssrhj22s805gq Query : use flama_phc
20240412@080342.3915 fdqc5rurh7hk8ssrhj22s805gq Query : select top 1 1 valor from td where td.ndoc = 39
20240412@080342.3928 fdqc5rurh7hk8ssrhj22s805gq Query : use flama_phc
20240412@080342.3933 fdqc5rurh7hk8ssrhj22s805gq Query : select descricao ,case when valor='s' then 1 else 0 end usalotes from para1 where descricao in ('st_lote')
20240412@080342.3948 fdqc5rurh7hk8ssrhj22s805gq Query : select top 1 assinadoc issigned ,td.lancasl stocks ,'cl' origin ,case when (cmsl between 1 and 50 ) then 1 else 0 end entrada ,case when (cmsl>50 ) then 1 else 0 end saida ,~lotestock validatestock ,tiposaft from td inner join td2 on td.tdstamp=td2.td2stamp where td.ndoc =39
20240412@080342.3966 fdqc5rurh7hk8ssrhj22s805gq Query : use flama_phc
20240412@080342.3970 fdqc5rurh7hk8ssrhj22s805gq Query : select top 1 ~inactivo valor from cl where no = '100810' and estab = 0 order by inactivo desc
20240412@080342.3981 fdqc5rurh7hk8ssrhj22s805gq Query : use flama_phc
20240412@080342.3984 fdqc5rurh7hk8ssrhj22s805gq Query : select top 1 tipodoc,regrd from td where ndoc = 39
20240412@080342.3995 fdqc5rurh7hk8ssrhj22s805gq Query : use flama_phc
20240412@080342.3998 fdqc5rurh7hk8ssrhj22s805gq Query : select szadrsstamp valor from szadrs where szadrsdesc='espaÇotrans,lda'
20240412@080342.4010 fdqc5rurh7hk8ssrhj22s805gq Query : use flama_phc
20240412@080342.4013 fdqc5rurh7hk8ssrhj22s805gq Query : select szadrsstamp valor from szadrs where szadrsdesc='100810 - worten-equipamentos para o lar,sa.'
20240412@080342.4025 fdqc5rurh7hk8ssrhj22s805gq Query : use flama_phc
20240412@080342.4028 fdqc5rurh7hk8ssrhj22s805gq Query : select 1 valor from td where ndoc = 39
20240412@080342.4038 fdqc5rurh7hk8ssrhj22s805gq Query : select top 1 manternumero, tiposaft, nmdos,td.assinadoc from td where td.ndoc = 39
20240412@080342.4055 fdqc5rurh7hk8ssrhj22s805gq Query : select 1 valor from information_schema.tables where table_type='base table' and table_name='wsft039fields'
20240412@080342.4071 fdqc5rurh7hk8ssrhj22s805gq Query : select fieldkey,fieldname,fieldtype,mandatory from wsft039fields
20240412@080342.4094 fdqc5rurh7hk8ssrhj22s805gq Query : select 1 valor from information_schema.tables where table_type='base table' and table_name='wsft2039fields'
20240412@080342.4109 fdqc5rurh7hk8ssrhj22s805gq Query : select fieldkey,fieldname,fieldtype,mandatory from wsft2039fields
20240412@080342.4137 fdqc5rurh7hk8ssrhj22s805gq Query : select 1 valor from information_schema.tables where table_type='base table' and table_name='wsft3039fields'
20240412@080342.4154 fdqc5rurh7hk8ssrhj22s805gq Query : select fieldkey,fieldname,fieldtype,mandatory from wsft3039fields
20240412@080342.4165 fdqc5rurh7hk8ssrhj22s805gq Query : select top 1 ft.fno valor from ft ft where ft.ndoc = 39 and ftano=2024 order by fno desc
20240412@080342.4283 fdqc5rurh7hk8ssrhj22s805gq Query : select top 1 ft.fno valor from wsft039data ft where ft.ndoc = 39 and ftano=2024 order by fno desc
20240412@080342.4293 fdqc5rurh7hk8ssrhj22s805gq Query : select 1 valor from information_schema.tables where table_type='base table' and table_name='wsft3039fields'
20240412@080342.4310 fdqc5rurh7hk8ssrhj22s805gq Query : select fieldkey,fieldname,fieldtype,calcformula from wsft3039fields
20240412@080342.4322 fdqc5rurh7hk8ssrhj22s805gq Query : insert into wsft3039data (ft3stamp, ousrdata, ousrhora, usrdata,usrhora,ousrinis,usrinis,taxpointdt ) values ('aut6618d445136618dcce65' ,getdate(),convert(char(8),convert (time,getdate())),getdate(),convert(char(8),convert (time,getdate())),'wsv','wsv',?)
20240412@080342.4529 fdqc5rurh7hk8ssrhj22s805gq Query : select 1 valor from information_schema.tables where table_type='base table' and table_name='wsft2039fields'
20240412@080342.4549 fdqc5rurh7hk8ssrhj22s805gq Query : select fieldkey,fieldname,fieldtype,calcformula from wsft2039fields
20240412@080342.4592 fdqc5rurh7hk8ssrhj22s805gq Query : select top 1 bo.u_nomeenv valor from bo where bo.bostamp=''
20240412@080342.4598 fdqc5rurh7hk8ssrhj22s805gq Query : select top 1 bo.u_moradaen valor from bo where bo.bostamp=''
20240412@080342.4603 fdqc5rurh7hk8ssrhj22s805gq Query : select top 1 bo.u_codposen valor from bo where bo.bostamp=''
20240412@080342.4608 fdqc5rurh7hk8ssrhj22s805gq Query : select top 1 bo.u_localenv valor from bo where bo.bostamp=''
20240412@080342.4614 fdqc5rurh7hk8ssrhj22s805gq Query : select top 1 bo.trab5 valor from bo where bo.bostamp=''
20240412@080342.4619 fdqc5rurh7hk8ssrhj22s805gq Query : select top 1 bo.serie valor from bo where bo.bostamp=''
20240412@080342.4624 fdqc5rurh7hk8ssrhj22s805gq Query : insert into wsft2039data (ft2stamp, ousrdata,ousrhora, usrdata,usrhora,ousrinis,usrinis,u_nomeenv ,u_moradaen ,u_codposen ,u_localenv ,u_coddest ,u_codby ) values ('aut6618d445136618dcce65',getdate(),convert(char(8),convert (time,getdate())),getdate(),convert(char(8),convert (time,getdate())),'wsv','wsv',?,?,?,?,?,?)
20240412@080342.4933 fdqc5rurh7hk8ssrhj22s805gq Query : select top 1 fno valor from wsft039data order by fno desc
20240412@080342.4953 fdqc5rurh7hk8ssrhj22s805gq Query : select 1 valor from information_schema.tables where table_type='base table' and table_name='wsft039fields'
20240412@080342.4970 fdqc5rurh7hk8ssrhj22s805gq Query : select fieldkey,fieldname,fieldtype,calcformula from wsft039fields
20240412@080342.4994 fdqc5rurh7hk8ssrhj22s805gq Query : insert into wsft039data (ftstamp, ousrdata,ousrhora, usrdata,usrhora,ousrinis,usrinis,fno,no,estab,fdata,ndoc,moeda,cambio,cambiofixo,ftano,cdata,chora,carga,descar,site ,classe ) values ('aut6618d445136618dcce65',getdate(),convert(char(8),convert (time,getdate())),getdate(),convert(char(8),convert (time,getdate())),'wsv','wsv',859,100810,0,'2024-04-12',39,'euro',0,0,2024 ,'20240412','0833',?,?,?,?)
20240412@080342.5349 fdqc5rurh7hk8ssrhj22s805gq Query : use flama_phc
20240412@080342.5355 fdqc5rurh7hk8ssrhj22s805gq Query : select st.usalote valor from st where st.ref = '324.4988.00.1'
20240412@080342.5370 fdqc5rurh7hk8ssrhj22s805gq Query : select top 1 st.tabiva ,st.ivaincl ,st.stns ,st.uni2 ,st.familia ,isnull(tx.taxa, 0) txiva ,unidade ,usalote ,epcpond ,noserie from st left join taxasiva tx on st.tabiva = tx.codigo where st.ref = '324.4988.00.1'
20240412@080342.5655 fdqc5rurh7hk8ssrhj22s805gq Query : select 1 valor from information_schema.tables where table_type='base table' and table_name='wsfi039fields'
20240412@080342.5676 fdqc5rurh7hk8ssrhj22s805gq Query : select fieldkey,fieldname,fieldtype,mandatory from wsfi039fields
20240412@080342.5705 fdqc5rurh7hk8ssrhj22s805gq Query : select 1 valor from information_schema.tables where table_type='base table' and table_name='wsfi2039fields'
20240412@080342.5722 fdqc5rurh7hk8ssrhj22s805gq Query : select fieldkey,fieldname,fieldtype,mandatory from wsfi2039fields
20240412@080342.5727 fdqc5rurh7hk8ssrhj22s805gq Query : select sestamp valor from se where ref ='324.4988.00.1' and lote = 'r2100743100a'
20240412@080342.5752 fdqc5rurh7hk8ssrhj22s805gq Query : select top 1 convert(numeric(6,2),t.taxa) valor from taxasiva t where t.codigo='2'
20240412@080342.5763 fdqc5rurh7hk8ssrhj22s805gq Query : select 1 valor from information_schema.tables where table_type='base table' and table_name='wsfi039fields'
20240412@080342.5776 fdqc5rurh7hk8ssrhj22s805gq Query : select fieldkey,fieldname,fieldtype,calcformula from wsfi039fields
20240412@080342.5805 fdqc5rurh7hk8ssrhj22s805gq Query : insert into wsfi039data (fistamp,ousrdata, ousrhora, usrdata,usrhora,ousrinis,usrinis ,qtt ,ftstamp ,epv,pvmoeda ,tabiva,iva,lordem ,ref, design ,lote,armazem,bistamp ) values ('aut6618d560126618dcce8c',getdate(),convert(char(8),convert (time,getdate())),getdate(),convert(char(8),convert (time,getdate())),'wsv','wsv',36.000 ,'aut6618d445136618dcce65' ,0,0 ,2,23.00,10000,?,?,?,?,?)
20240412@080342.6108 fdqc5rurh7hk8ssrhj22s805gq Query : select 1 valor from information_schema.tables where table_type='base table' and table_name='wsfi2039fields'
20240412@080342.6127 fdqc5rurh7hk8ssrhj22s805gq Query : select fieldkey,fieldname,fieldtype,calcformula from wsfi2039fields
20240412@080342.6132 fdqc5rurh7hk8ssrhj22s805gq Query : insert into wsfi2039data (fi2stamp,ftstamp ,ousrdata, ousrhora, usrdata,usrhora,ousrinis,usrinis) values ('aut6618d560126618dcce8c','aut6618d445136618dcce65' ,getdate(),convert(char(8),convert (time,getdate())),getdate(),convert(char(8),convert (time,getdate())),'wsv','wsv')
20240412@080342.6136 fdqc5rurh7hk8ssrhj22s805gq Query : use flama_phc
20240412@080342.6140 fdqc5rurh7hk8ssrhj22s805gq Query : select st.usalote valor from st where st.ref = '324.4988.00.1'
20240412@080342.6151 fdqc5rurh7hk8ssrhj22s805gq Query : select top 1 st.tabiva ,st.ivaincl ,st.stns ,st.uni2 ,st.familia ,isnull(tx.taxa, 0) txiva ,unidade ,usalote ,epcpond ,noserie from st left join taxasiva tx on st.tabiva = tx.codigo where st.ref = '324.4988.00.1'
20240412@080342.6168 fdqc5rurh7hk8ssrhj22s805gq Query : select 1 valor from information_schema.tables where table_type='base table' and table_name='wsfi039fields'
20240412@080342.6183 fdqc5rurh7hk8ssrhj22s805gq Query : select fieldkey,fieldname,fieldtype,mandatory from wsfi039fields
20240412@080342.6210 fdqc5rurh7hk8ssrhj22s805gq Query : select 1 valor from information_schema.tables where table_type='base table' and table_name='wsfi2039fields'
20240412@080342.6224 fdqc5rurh7hk8ssrhj22s805gq Query : select fieldkey,fieldname,fieldtype,mandatory from wsfi2039fields
20240412@080342.6228 fdqc5rurh7hk8ssrhj22s805gq Query : select sestamp valor from se where ref ='324.4988.00.1' and lote = 'r2100743100a'
20240412@080342.6239 fdqc5rurh7hk8ssrhj22s805gq Query : select top 1 convert(numeric(6,2),t.taxa) valor from taxasiva t where t.codigo='2'
20240412@080342.6251 fdqc5rurh7hk8ssrhj22s805gq Query : select 1 valor from information_schema.tables where table_type='base table' and table_name='wsfi039fields'
20240412@080342.6265 fdqc5rurh7hk8ssrhj22s805gq Query : select fieldkey,fieldname,fieldtype,calcformula from wsfi039fields
20240412@080342.6289 fdqc5rurh7hk8ssrhj22s805gq Query : insert into wsfi039data (fistamp,ousrdata, ousrhora, usrdata,usrhora,ousrinis,usrinis ,qtt ,ftstamp ,epv,pvmoeda ,tabiva,iva,lordem ,ref, design ,lote,armazem,bistamp ) values ('aut6618d787316618dcce98',getdate(),convert(char(8),convert (time,getdate())),getdate(),convert(char(8),convert (time,getdate())),'wsv','wsv',16.000 ,'aut6618d445136618dcce65' ,0,0 ,2,23.00,20000,?,?,?,?,?)
20240412@080342.6591 fdqc5rurh7hk8ssrhj22s805gq Query : select 1 valor from information_schema.tables where table_type='base table' and table_name='wsfi2039fields'
20240412@080342.6609 fdqc5rurh7hk8ssrhj22s805gq Query : select fieldkey,fieldname,fieldtype,calcformula from wsfi2039fields
20240412@080342.6613 fdqc5rurh7hk8ssrhj22s805gq Query : insert into wsfi2039data (fi2stamp,ftstamp ,ousrdata, ousrhora, usrdata,usrhora,ousrinis,usrinis) values ('aut6618d787316618dcce98','aut6618d445136618dcce65' ,getdate(),convert(char(8),convert (time,getdate())),getdate(),convert(char(8),convert (time,getdate())),'wsv','wsv')
20240412@080342.6618 fdqc5rurh7hk8ssrhj22s805gq Query : insert into wsftcreationlog (initialftstamp,externalid,creationstatus,documenttypeid,idustamp) values ('aut6618d445136618dcce65','2402688','wait',39,'ari17112337378,753000005')
20240412@080342.6637 fdqc5rurh7hk8ssrhj22s805gq Query : use flama_phc
20240412@080342.6640 fdqc5rurh7hk8ssrhj22s805gq Query : update u_wsusers set rqsttoken =? where userid ='userls001'
20240412@080342.6651 fdqc5rurh7hk8ssrhj22s805gq Query : select concat(rtrim(relative_path),ltrim(name_new)) as valor from uploadfiles where uploadfile_id='1109';
20240412@080342.6730 fdqc5rurh7hk8ssrhj22s805gq Query : update uploadfiles set whenupdated=current_timestamp where uploadfile_id='1109';
20240412@080342.6747 fdqc5rurh7hk8ssrhj22s805gq Query : select concat(rtrim(relative_path),ltrim(name_new)) as valor from uploadfiles where uploadfile_id='1109';
20240412@080342.6766 fdqc5rurh7hk8ssrhj22s805gq Query : update uploadfiles set whenupdated=current_timestamp where uploadfile_id='1109';
20240412@080342.7161 p5okm3jk1qjf1oci80p581pp70 Query : insert into uploadfiles ( name_original, name_new, option_type, relative_path, whencreated ) values ( ?, ?, ?, ?, getdate() )
20240412@080342.7176 p5okm3jk1qjf1oci80p581pp70 Query : select uploadfile_id valor from uploadfiles where name_new = ? and option_type = ? 
20240412@080342.7202 p5okm3jk1qjf1oci80p581pp70 Query : select concat(rtrim(relative_path),ltrim(name_new)) as valor from uploadfiles where uploadfile_id='1110';
20240412@080342.7249 p5okm3jk1qjf1oci80p581pp70 Query : update uploadfiles set whenupdated=current_timestamp where uploadfile_id='1110';
20240412@080342.7267 p5okm3jk1qjf1oci80p581pp70 Query : select concat(rtrim(relative_path),ltrim(name_new)) as valor from uploadfiles where uploadfile_id='1110';
20240412@080342.7283 p5okm3jk1qjf1oci80p581pp70 Query : update uploadfiles set whenupdated=current_timestamp where uploadfile_id='1110';
20240412@080342.7299 p5okm3jk1qjf1oci80p581pp70 Query : use flama_phc
20240412@080342.7302 p5okm3jk1qjf1oci80p581pp70 Query : select top 1 secretkey valor from u_wsusers u where u.userid = ? and u.inactivo=0
20240412@080342.7317 p5okm3jk1qjf1oci80p581pp70 Query : use flama_phc
20240412@080342.7320 p5okm3jk1qjf1oci80p581pp70 Query : select no, estab,szadrsdesc from szadrs where u_coddest=4740
20240412@080342.7434 p5okm3jk1qjf1oci80p581pp70 Query : select top 1 isnull(design,'') valor from st (nolock) left join stobs (nolock) on st.ref = stobs.ref where st.ref = '324.499.00.01'
20240412@080342.7653 p5okm3jk1qjf1oci80p581pp70 Query : select top 1 bistamp valor from bi inner join bo on bo.bostamp=bi.bostamp where bo.ndos =240 and bo.boano =2026 and bo.obrano = 2402689 and bi.ref ='324.499.00.01' and bi.lordem =1
20240412@080342.8007 p5okm3jk1qjf1oci80p581pp70 Query : select top 1 isnull(design,'') valor from st (nolock) left join stobs (nolock) on st.ref = stobs.ref where st.ref = '324.499.00.01'
20240412@080342.8020 p5okm3jk1qjf1oci80p581pp70 Query : select top 1 bistamp valor from bi inner join bo on bo.bostamp=bi.bostamp where bo.ndos =240 and bo.boano =2026 and bo.obrano = 2402689 and bi.ref ='324.499.00.01' and bi.lordem =1
20240412@080342.8027 p5okm3jk1qjf1oci80p581pp70 Query : use flama_phc
20240412@080342.8031 p5okm3jk1qjf1oci80p581pp70 Query : select top 1 convert(date,fdata) valor from ft where ndoc = 39 and anulado= 0 and fno>0 order by fdata desc
20240412@080342.8044 p5okm3jk1qjf1oci80p581pp70 Query : use flama_phc
20240412@080342.8048 p5okm3jk1qjf1oci80p581pp70 Query : select top 1 1 valor from td where td.ndoc = 39
20240412@080342.8067 p5okm3jk1qjf1oci80p581pp70 Query : use flama_phc
20240412@080342.8070 p5okm3jk1qjf1oci80p581pp70 Query : select descricao ,case when valor='s' then 1 else 0 end usalotes from para1 where descricao in ('st_lote')
20240412@080342.8081 p5okm3jk1qjf1oci80p581pp70 Query : select top 1 assinadoc issigned ,td.lancasl stocks ,'cl' origin ,case when (cmsl between 1 and 50 ) then 1 else 0 end entrada ,case when (cmsl>50 ) then 1 else 0 end saida ,~lotestock validatestock ,tiposaft from td inner join td2 on td.tdstamp=td2.td2stamp where td.ndoc =39
20240412@080342.8095 p5okm3jk1qjf1oci80p581pp70 Query : use flama_phc
20240412@080342.8099 p5okm3jk1qjf1oci80p581pp70 Query : select top 1 ~inactivo valor from cl where no = '100810' and estab = 0 order by inactivo desc
20240412@080342.8110 p5okm3jk1qjf1oci80p581pp70 Query : use flama_phc
20240412@080342.8113 p5okm3jk1qjf1oci80p581pp70 Query : select top 1 tipodoc,regrd from td where ndoc = 39
20240412@080342.8126 p5okm3jk1qjf1oci80p581pp70 Query : use flama_phc
20240412@080342.8130 p5okm3jk1qjf1oci80p581pp70 Query : select szadrsstamp valor from szadrs where szadrsdesc='espaÇotrans,lda'
20240412@080342.8144 p5okm3jk1qjf1oci80p581pp70 Query : use flama_phc
20240412@080342.8149 p5okm3jk1qjf1oci80p581pp70 Query : select szadrsstamp valor from szadrs where szadrsdesc='100810 - worten-equipamentos para o lar,sa.'
20240412@080342.8161 p5okm3jk1qjf1oci80p581pp70 Query : use flama_phc
20240412@080342.8164 p5okm3jk1qjf1oci80p581pp70 Query : select 1 valor from td where ndoc = 39
20240412@080342.8174 p5okm3jk1qjf1oci80p581pp70 Query : select top 1 manternumero, tiposaft, nmdos,td.assinadoc from td where td.ndoc = 39
20240412@080342.8186 p5okm3jk1qjf1oci80p581pp70 Query : select 1 valor from information_schema.tables where table_type='base table' and table_name='wsft039fields'
20240412@080342.8223 p5okm3jk1qjf1oci80p581pp70 Query : select fieldkey,fieldname,fieldtype,mandatory from wsft039fields
20240412@080342.8251 p5okm3jk1qjf1oci80p581pp70 Query : select 1 valor from information_schema.tables where table_type='base table' and table_name='wsft2039fields'
20240412@080342.8268 p5okm3jk1qjf1oci80p581pp70 Query : select fieldkey,fieldname,fieldtype,mandatory from wsft2039fields
20240412@080342.8300 p5okm3jk1qjf1oci80p581pp70 Query : select 1 valor from information_schema.tables where table_type='base table' and table_name='wsft3039fields'
20240412@080342.8316 p5okm3jk1qjf1oci80p581pp70 Query : select fieldkey,fieldname,fieldtype,mandatory from wsft3039fields
20240412@080342.8326 p5okm3jk1qjf1oci80p581pp70 Query : select top 1 ft.fno valor from ft ft where ft.ndoc = 39 and ftano=2024 order by fno desc
20240412@080342.8427 p5okm3jk1qjf1oci80p581pp70 Query : select top 1 ft.fno valor from wsft039data ft where ft.ndoc = 39 and ftano=2024 order by fno desc
20240412@080342.8438 p5okm3jk1qjf1oci80p581pp70 Query : select 1 valor from information_schema.tables where table_type='base table' and table_name='wsft3039fields'
20240412@080342.8457 p5okm3jk1qjf1oci80p581pp70 Query : select fieldkey,fieldname,fieldtype,calcformula from wsft3039fields
20240412@080342.8467 p5okm3jk1qjf1oci80p581pp70 Query : insert into wsft3039data (ft3stamp, ousrdata, ousrhora, usrdata,usrhora,ousrinis,usrinis,taxpointdt ) values ('aut6618d540486618dccecb' ,getdate(),convert(char(8),convert (time,getdate())),getdate(),convert(char(8),convert (time,getdate())),'wsv','wsv',?)
20240412@080342.8697 p5okm3jk1qjf1oci80p581pp70 Query : select 1 valor from information_schema.tables where table_type='base table' and table_name='wsft2039fields'
20240412@080342.8713 p5okm3jk1qjf1oci80p581pp70 Query : select fieldkey,fieldname,fieldtype,calcformula from wsft2039fields
20240412@080342.8745 p5okm3jk1qjf1oci80p581pp70 Query : select top 1 bo.u_nomeenv valor from bo where bo.bostamp=''
20240412@080342.8749 p5okm3jk1qjf1oci80p581pp70 Query : select top 1 bo.u_moradaen valor from bo where bo.bostamp=''
20240412@080342.8754 p5okm3jk1qjf1oci80p581pp70 Query : select top 1 bo.u_codposen valor from bo where bo.bostamp=''
20240412@080342.8759 p5okm3jk1qjf1oci80p581pp70 Query : select top 1 bo.u_localenv valor from bo where bo.bostamp=''
20240412@080342.8767 p5okm3jk1qjf1oci80p581pp70 Query : select top 1 bo.trab5 valor from bo where bo.bostamp=''
20240412@080342.8772 p5okm3jk1qjf1oci80p581pp70 Query : select top 1 bo.serie valor from bo where bo.bostamp=''
20240412@080342.8777 p5okm3jk1qjf1oci80p581pp70 Query : insert into wsft2039data (ft2stamp, ousrdata,ousrhora, usrdata,usrhora,ousrinis,usrinis,u_nomeenv ,u_moradaen ,u_codposen ,u_localenv ,u_coddest ,u_codby ) values ('aut6618d540486618dccecb',getdate(),convert(char(8),convert (time,getdate())),getdate(),convert(char(8),convert (time,getdate())),'wsv','wsv',?,?,?,?,?,?)
20240412@080342.9075 p5okm3jk1qjf1oci80p581pp70 Query : select top 1 fno valor from wsft039data order by fno desc
20240412@080342.9094 p5okm3jk1qjf1oci80p581pp70 Query : select 1 valor from information_schema.tables where table_type='base table' and table_name='wsft039fields'
20240412@080342.9109 p5okm3jk1qjf1oci80p581pp70 Query : select fieldkey,fieldname,fieldtype,calcformula from wsft039fields
20240412@080342.9129 p5okm3jk1qjf1oci80p581pp70 Query : insert into wsft039data (ftstamp, ousrdata,ousrhora, usrdata,usrhora,ousrinis,usrinis,fno,no,estab,fdata,ndoc,moeda,cambio,cambiofixo,ftano,cdata,chora,carga,descar,site ,classe ) values ('aut6618d540486618dccecb',getdate(),convert(char(8),convert (time,getdate())),getdate(),convert(char(8),convert (time,getdate())),'wsv','wsv',860,100810,0,'2024-04-12',39,'euro',0,0,2024 ,'20240412','0833',?,?,?,?)
20240412@080342.9488 p5okm3jk1qjf1oci80p581pp70 Query : use flama_phc
20240412@080342.9492 p5okm3jk1qjf1oci80p581pp70 Query : select st.usalote valor from st where st.ref = '324.499.00.01'
20240412@080342.9508 p5okm3jk1qjf1oci80p581pp70 Query : select top 1 st.tabiva ,st.ivaincl ,st.stns ,st.uni2 ,st.familia ,isnull(tx.taxa, 0) txiva ,unidade ,usalote ,epcpond ,noserie from st left join taxasiva tx on st.tabiva = tx.codigo where st.ref = '324.499.00.01'
20240412@080342.9693 p5okm3jk1qjf1oci80p581pp70 Query : select 1 valor from information_schema.tables where table_type='base table' and table_name='wsfi039fields'
20240412@080342.9710 p5okm3jk1qjf1oci80p581pp70 Query : select fieldkey,fieldname,fieldtype,mandatory from wsfi039fields
20240412@080342.9737 p5okm3jk1qjf1oci80p581pp70 Query : select 1 valor from information_schema.tables where table_type='base table' and table_name='wsfi2039fields'
20240412@080342.9753 p5okm3jk1qjf1oci80p581pp70 Query : select fieldkey,fieldname,fieldtype,mandatory from wsfi2039fields
20240412@080342.9758 p5okm3jk1qjf1oci80p581pp70 Query : select sestamp valor from se where ref ='324.499.00.01' and lote = 'r2100869200a'
20240412@080342.9783 p5okm3jk1qjf1oci80p581pp70 Query : select top 1 convert(numeric(6,2),t.taxa) valor from taxasiva t where t.codigo='2'
20240412@080342.9794 p5okm3jk1qjf1oci80p581pp70 Query : select 1 valor from information_schema.tables where table_type='base table' and table_name='wsfi039fields'
20240412@080342.9811 p5okm3jk1qjf1oci80p581pp70 Query : select fieldkey,fieldname,fieldtype,calcformula from wsfi039fields
20240412@080342.9861 p5okm3jk1qjf1oci80p581pp70 Query : insert into wsfi039data (fistamp,ousrdata, ousrhora, usrdata,usrhora,ousrinis,usrinis ,qtt ,ftstamp ,epv,pvmoeda ,tabiva,iva,lordem ,ref, design ,lote,armazem,bistamp ) values ('aut6618d249356618dcceef',getdate(),convert(char(8),convert (time,getdate())),getdate(),convert(char(8),convert (time,getdate())),'wsv','wsv',16.000 ,'aut6618d540486618dccecb' ,0,0 ,2,23.00,10000,?,?,?,?,?)
20240412@080343.3020 p5okm3jk1qjf1oci80p581pp70 Query : select 1 valor from information_schema.tables where table_type='base table' and table_name='wsfi2039fields'
20240412@080343.4550 p5okm3jk1qjf1oci80p581pp70 Query : select fieldkey,fieldname,fieldtype,calcformula from wsfi2039fields
20240412@080343.4600 p5okm3jk1qjf1oci80p581pp70 Query : insert into wsfi2039data (fi2stamp,ftstamp ,ousrdata, ousrhora, usrdata,usrhora,ousrinis,usrinis) values ('aut6618d249356618dcceef','aut6618d540486618dccecb' ,getdate(),convert(char(8),convert (time,getdate())),getdate(),convert(char(8),convert (time,getdate())),'wsv','wsv')
20240412@080343.4670 p5okm3jk1qjf1oci80p581pp70 Query : use flama_phc
20240412@080343.4710 p5okm3jk1qjf1oci80p581pp70 Query : select st.usalote valor from st where st.ref = '324.499.00.01'
20240412@080343.4830 p5okm3jk1qjf1oci80p581pp70 Query : select top 1 st.tabiva ,st.ivaincl ,st.stns ,st.uni2 ,st.familia ,isnull(tx.taxa, 0) txiva ,unidade ,usalote ,epcpond ,noserie from st left join taxasiva tx on st.tabiva = tx.codigo where st.ref = '324.499.00.01'
20240412@080343.4990 p5okm3jk1qjf1oci80p581pp70 Query : select 1 valor from information_schema.tables where table_type='base table' and table_name='wsfi039fields'
20240412@080343.5180 p5okm3jk1qjf1oci80p581pp70 Query : select fieldkey,fieldname,fieldtype,mandatory from wsfi039fields
20240412@080343.5480 p5okm3jk1qjf1oci80p581pp70 Query : select 1 valor from information_schema.tables where table_type='base table' and table_name='wsfi2039fields'
20240412@080343.5950 p5okm3jk1qjf1oci80p581pp70 Query : select fieldkey,fieldname,fieldtype,mandatory from wsfi2039fields
20240412@080343.6000 p5okm3jk1qjf1oci80p581pp70 Query : select sestamp valor from se where ref ='324.499.00.01' and lote = 'r2100869200a'
20240412@080343.6140 p5okm3jk1qjf1oci80p581pp70 Query : select top 1 convert(numeric(6,2),t.taxa) valor from taxasiva t where t.codigo='2'
20240412@080343.6260 p5okm3jk1qjf1oci80p581pp70 Query : select 1 valor from information_schema.tables where table_type='base table' and table_name='wsfi039fields'
20240412@080343.6420 p5okm3jk1qjf1oci80p581pp70 Query : select fieldkey,fieldname,fieldtype,calcformula from wsfi039fields
20240412@080343.6950 p5okm3jk1qjf1oci80p581pp70 Query : insert into wsfi039data (fistamp,ousrdata, ousrhora, usrdata,usrhora,ousrinis,usrinis ,qtt ,ftstamp ,epv,pvmoeda ,tabiva,iva,lordem ,ref, design ,lote,armazem,bistamp ) values ('aut6618d364036618dccf0f',getdate(),convert(char(8),convert (time,getdate())),getdate(),convert(char(8),convert (time,getdate())),'wsv','wsv',44.000 ,'aut6618d540486618dccecb' ,0,0 ,2,23.00,20000,?,?,?,?,?)
20240412@080343.1015 p5okm3jk1qjf1oci80p581pp70 Query : select 1 valor from information_schema.tables where table_type='base table' and table_name='wsfi2039fields'
20240412@080343.1037 p5okm3jk1qjf1oci80p581pp70 Query : select fieldkey,fieldname,fieldtype,calcformula from wsfi2039fields
20240412@080343.1044 p5okm3jk1qjf1oci80p581pp70 Query : insert into wsfi2039data (fi2stamp,ftstamp ,ousrdata, ousrhora, usrdata,usrhora,ousrinis,usrinis) values ('aut6618d364036618dccf0f','aut6618d540486618dccecb' ,getdate(),convert(char(8),convert (time,getdate())),getdate(),convert(char(8),convert (time,getdate())),'wsv','wsv')
20240412@080343.1049 p5okm3jk1qjf1oci80p581pp70 Query : insert into wsftcreationlog (initialftstamp,externalid,creationstatus,documenttypeid,idustamp) values ('aut6618d540486618dccecb','2402689','wait',39,'ari17112337378,753000005')
20240412@080343.1068 p5okm3jk1qjf1oci80p581pp70 Query : use flama_phc
20240412@080343.1071 p5okm3jk1qjf1oci80p581pp70 Query : update u_wsusers set rqsttoken =? where userid ='userls001'
20240412@080343.1083 p5okm3jk1qjf1oci80p581pp70 Query : select concat(rtrim(relative_path),ltrim(name_new)) as valor from uploadfiles where uploadfile_id='1110';
20240412@080343.1130 p5okm3jk1qjf1oci80p581pp70 Query : update uploadfiles set whenupdated=current_timestamp where uploadfile_id='1110';
20240412@080343.1149 p5okm3jk1qjf1oci80p581pp70 Query : select concat(rtrim(relative_path),ltrim(name_new)) as valor from uploadfiles where uploadfile_id='1110';
20240412@080343.1168 p5okm3jk1qjf1oci80p581pp70 Query : update uploadfiles set whenupdated=current_timestamp where uploadfile_id='1110';
20240412@080343.1558 s5s6jhk9fdnlkb0rmb2u8edvhj Query : insert into uploadfiles ( name_original, name_new, option_type, relative_path, whencreated ) values ( ?, ?, ?, ?, getdate() )
20240412@080343.1572 s5s6jhk9fdnlkb0rmb2u8edvhj Query : select uploadfile_id valor from uploadfiles where name_new = ? and option_type = ? 
20240412@080343.1617 s5s6jhk9fdnlkb0rmb2u8edvhj Query : select concat(rtrim(relative_path),ltrim(name_new)) as valor from uploadfiles where uploadfile_id='1111';
20240412@080343.1669 s5s6jhk9fdnlkb0rmb2u8edvhj Query : update uploadfiles set whenupdated=current_timestamp where uploadfile_id='1111';
20240412@080343.1692 s5s6jhk9fdnlkb0rmb2u8edvhj Query : select concat(rtrim(relative_path),ltrim(name_new)) as valor from uploadfiles where uploadfile_id='1111';
20240412@080343.1709 s5s6jhk9fdnlkb0rmb2u8edvhj Query : update uploadfiles set whenupdated=current_timestamp where uploadfile_id='1111';
20240412@080343.1725 s5s6jhk9fdnlkb0rmb2u8edvhj Query : use flama_phc
20240412@080343.1729 s5s6jhk9fdnlkb0rmb2u8edvhj Query : select top 1 secretkey valor from u_wsusers u where u.userid = ? and u.inactivo=0
20240412@080343.1743 s5s6jhk9fdnlkb0rmb2u8edvhj Query : use flama_phc
20240412@080343.1747 s5s6jhk9fdnlkb0rmb2u8edvhj Query : select no, estab,szadrsdesc from szadrs where u_coddest=4740
20240412@080343.1793 s5s6jhk9fdnlkb0rmb2u8edvhj Query : select top 1 isnull(design,'') valor from st (nolock) left join stobs (nolock) on st.ref = stobs.ref where st.ref = '324.657.00.01'
20240412@080343.2880 s5s6jhk9fdnlkb0rmb2u8edvhj Query : select top 1 bistamp valor from bi inner join bo on bo.bostamp=bi.bostamp where bo.ndos =240 and bo.boano =2026 and bo.obrano = 2402690 and bi.ref ='324.657.00.01' and bi.lordem =1
20240412@080343.3515 s5s6jhk9fdnlkb0rmb2u8edvhj Query : select top 1 isnull(design,'') valor from st (nolock) left join stobs (nolock) on st.ref = stobs.ref where st.ref = '324.657.00.01'
20240412@080343.3527 s5s6jhk9fdnlkb0rmb2u8edvhj Query : select top 1 bistamp valor from bi inner join bo on bo.bostamp=bi.bostamp where bo.ndos =240 and bo.boano =2026 and bo.obrano = 2402690 and bi.ref ='324.657.00.01' and bi.lordem =1
20240412@080343.3533 s5s6jhk9fdnlkb0rmb2u8edvhj Query : select top 1 isnull(design,'') valor from st (nolock) left join stobs (nolock) on st.ref = stobs.ref where st.ref = '324.657.00.01'
20240412@080343.3542 s5s6jhk9fdnlkb0rmb2u8edvhj Query : select top 1 bistamp valor from bi inner join bo on bo.bostamp=bi.bostamp where bo.ndos =240 and bo.boano =2026 and bo.obrano = 2402690 and bi.ref ='324.657.00.01' and bi.lordem =1
20240412@080343.3547 s5s6jhk9fdnlkb0rmb2u8edvhj Query : select top 1 isnull(design,'') valor from st (nolock) left join stobs (nolock) on st.ref = stobs.ref where st.ref = '324.657.00.01'
20240412@080343.3556 s5s6jhk9fdnlkb0rmb2u8edvhj Query : select top 1 bistamp valor from bi inner join bo on bo.bostamp=bi.bostamp where bo.ndos =240 and bo.boano =2026 and bo.obrano = 2402690 and bi.ref ='324.657.00.01' and bi.lordem =1
20240412@080343.3562 s5s6jhk9fdnlkb0rmb2u8edvhj Query : select top 1 isnull(design,'') valor from st (nolock) left join stobs (nolock) on st.ref = stobs.ref where st.ref = '324.657.00.01'
20240412@080343.3573 s5s6jhk9fdnlkb0rmb2u8edvhj Query : select top 1 bistamp valor from bi inner join bo on bo.bostamp=bi.bostamp where bo.ndos =240 and bo.boano =2026 and bo.obrano = 2402690 and bi.ref ='324.657.00.01' and bi.lordem =1
20240412@080343.3578 s5s6jhk9fdnlkb0rmb2u8edvhj Query : select top 1 isnull(design,'') valor from st (nolock) left join stobs (nolock) on st.ref = stobs.ref where st.ref = '324.657.00.01'
20240412@080343.3587 s5s6jhk9fdnlkb0rmb2u8edvhj Query : select top 1 bistamp valor from bi inner join bo on bo.bostamp=bi.bostamp where bo.ndos =240 and bo.boano =2026 and bo.obrano = 2402690 and bi.ref ='324.657.00.01' and bi.lordem =1
20240412@080343.3592 s5s6jhk9fdnlkb0rmb2u8edvhj Query : select top 1 isnull(design,'') valor from st (nolock) left join stobs (nolock) on st.ref = stobs.ref where st.ref = '324.657.00.01'
20240412@080343.3601 s5s6jhk9fdnlkb0rmb2u8edvhj Query : select top 1 bistamp valor from bi inner join bo on bo.bostamp=bi.bostamp where bo.ndos =240 and bo.boano =2026 and bo.obrano = 2402690 and bi.ref ='324.657.00.01' and bi.lordem =1
20240412@080343.3606 s5s6jhk9fdnlkb0rmb2u8edvhj Query : select top 1 isnull(design,'') valor from st (nolock) left join stobs (nolock) on st.ref = stobs.ref where st.ref = '324.657.00.01'
20240412@080343.3620 s5s6jhk9fdnlkb0rmb2u8edvhj Query : select top 1 bistamp valor from bi inner join bo on bo.bostamp=bi.bostamp where bo.ndos =240 and bo.boano =2026 and bo.obrano = 2402690 and bi.ref ='324.657.00.01' and bi.lordem =1
20240412@080343.3625 s5s6jhk9fdnlkb0rmb2u8edvhj Query : select top 1 isnull(design,'') valor from st (nolock) left join stobs (nolock) on st.ref = stobs.ref where st.ref = '324.657.00.01'
20240412@080343.3635 s5s6jhk9fdnlkb0rmb2u8edvhj Query : select top 1 bistamp valor from bi inner join bo on bo.bostamp=bi.bostamp where bo.ndos =240 and bo.boano =2026 and bo.obrano = 2402690 and bi.ref ='324.657.00.01' and bi.lordem =1
20240412@080343.3639 s5s6jhk9fdnlkb0rmb2u8edvhj Query : select top 1 isnull(design,'') valor from st (nolock) left join stobs (nolock) on st.ref = stobs.ref where st.ref = '324.657.00.01'
20240412@080343.3648 s5s6jhk9fdnlkb0rmb2u8edvhj Query : select top 1 bistamp valor from bi inner join bo on bo.bostamp=bi.bostamp where bo.ndos =240 and bo.boano =2026 and bo.obrano = 2402690 and bi.ref ='324.657.00.01' and bi.lordem =1
20240412@080343.3653 s5s6jhk9fdnlkb0rmb2u8edvhj Query : select top 1 isnull(design,'') valor from st (nolock) left join stobs (nolock) on st.ref = stobs.ref where st.ref = '324.657.00.01'
20240412@080343.3662 s5s6jhk9fdnlkb0rmb2u8edvhj Query : select top 1 bistamp valor from bi inner join bo on bo.bostamp=bi.bostamp where bo.ndos =240 and bo.boano =2026 and bo.obrano = 2402690 and bi.ref ='324.657.00.01' and bi.lordem =2
20240412@080343.4024 s5s6jhk9fdnlkb0rmb2u8edvhj Query : select top 1 isnull(design,'') valor from st (nolock) left join stobs (nolock) on st.ref = stobs.ref where st.ref = '324.657.00.01'
20240412@080343.4048 s5s6jhk9fdnlkb0rmb2u8edvhj Query : select top 1 bistamp valor from bi inner join bo on bo.bostamp=bi.bostamp where bo.ndos =240 and bo.boano =2026 and bo.obrano = 2402690 and bi.ref ='324.657.00.01' and bi.lordem =2
20240412@080343.4053 s5s6jhk9fdnlkb0rmb2u8edvhj Query : select top 1 isnull(design,'') valor from st (nolock) left join stobs (nolock) on st.ref = stobs.ref where st.ref = '324.657.00.01'
20240412@080343.4062 s5s6jhk9fdnlkb0rmb2u8edvhj Query : select top 1 bistamp valor from bi inner join bo on bo.bostamp=bi.bostamp where bo.ndos =240 and bo.boano =2026 and bo.obrano = 2402690 and bi.ref ='324.657.00.01' and bi.lordem =2
20240412@080343.4068 s5s6jhk9fdnlkb0rmb2u8edvhj Query : select top 1 isnull(design,'') valor from st (nolock) left join stobs (nolock) on st.ref = stobs.ref where st.ref = '324.657.00.01'
20240412@080343.4077 s5s6jhk9fdnlkb0rmb2u8edvhj Query : select top 1 bistamp valor from bi inner join bo on bo.bostamp=bi.bostamp where bo.ndos =240 and bo.boano =2026 and bo.obrano = 2402690 and bi.ref ='324.657.00.01' and bi.lordem =2
20240412@080343.4084 s5s6jhk9fdnlkb0rmb2u8edvhj Query : use flama_phc
20240412@080343.4095 s5s6jhk9fdnlkb0rmb2u8edvhj Query : select top 1 convert(date,fdata) valor from ft where ndoc = 39 and anulado= 0 and fno>0 order by fdata desc
20240412@080343.4115 s5s6jhk9fdnlkb0rmb2u8edvhj Query : use flama_phc
20240412@080343.4118 s5s6jhk9fdnlkb0rmb2u8edvhj Query : select top 1 1 valor from td where td.ndoc = 39
20240412@080343.4135 s5s6jhk9fdnlkb0rmb2u8edvhj Query : use flama_phc
20240412@080343.4140 s5s6jhk9fdnlkb0rmb2u8edvhj Query : select descricao ,case when valor='s' then 1 else 0 end usalotes from para1 where descricao in ('st_lote')
20240412@080343.4153 s5s6jhk9fdnlkb0rmb2u8edvhj Query : select top 1 assinadoc issigned ,td.lancasl stocks ,'cl' origin ,case when (cmsl between 1 and 50 ) then 1 else 0 end entrada ,case when (cmsl>50 ) then 1 else 0 end saida ,~lotestock validatestock ,tiposaft from td inner join td2 on td.tdstamp=td2.td2stamp where td.ndoc =39
20240412@080343.4172 s5s6jhk9fdnlkb0rmb2u8edvhj Query : use flama_phc
20240412@080343.4177 s5s6jhk9fdnlkb0rmb2u8edvhj Query : select top 1 ~inactivo valor from cl where no = '100810' and estab = 0 order by inactivo desc
20240412@080343.4194 s5s6jhk9fdnlkb0rmb2u8edvhj Query : use flama_phc
20240412@080343.4197 s5s6jhk9fdnlkb0rmb2u8edvhj Query : select top 1 tipodoc,regrd from td where ndoc = 39
20240412@080343.4215 s5s6jhk9fdnlkb0rmb2u8edvhj Query : use flama_phc
20240412@080343.4220 s5s6jhk9fdnlkb0rmb2u8edvhj Query : select szadrsstamp valor from szadrs where szadrsdesc='espaÇotrans,lda'
20240412@080343.4236 s5s6jhk9fdnlkb0rmb2u8edvhj Query : use flama_phc
20240412@080343.4240 s5s6jhk9fdnlkb0rmb2u8edvhj Query : select szadrsstamp valor from szadrs where szadrsdesc='100810 - worten-equipamentos para o lar,sa.'
20240412@080343.4255 s5s6jhk9fdnlkb0rmb2u8edvhj Query : use flama_phc
20240412@080343.4260 s5s6jhk9fdnlkb0rmb2u8edvhj Query : select 1 valor from td where ndoc = 39
20240412@080343.4276 s5s6jhk9fdnlkb0rmb2u8edvhj Query : select top 1 manternumero, tiposaft, nmdos,td.assinadoc from td where td.ndoc = 39
20240412@080343.4290 s5s6jhk9fdnlkb0rmb2u8edvhj Query : select 1 valor from information_schema.tables where table_type='base table' and table_name='wsft039fields'
20240412@080343.4331 s5s6jhk9fdnlkb0rmb2u8edvhj Query : select fieldkey,fieldname,fieldtype,mandatory from wsft039fields
20240412@080343.4364 s5s6jhk9fdnlkb0rmb2u8edvhj Query : select 1 valor from information_schema.tables where table_type='base table' and table_name='wsft2039fields'
20240412@080343.4392 s5s6jhk9fdnlkb0rmb2u8edvhj Query : select fieldkey,fieldname,fieldtype,mandatory from wsft2039fields
20240412@080343.4435 s5s6jhk9fdnlkb0rmb2u8edvhj Query : select 1 valor from information_schema.tables where table_type='base table' and table_name='wsft3039fields'
20240412@080343.4458 s5s6jhk9fdnlkb0rmb2u8edvhj Query : select fieldkey,fieldname,fieldtype,mandatory from wsft3039fields
20240412@080343.4476 s5s6jhk9fdnlkb0rmb2u8edvhj Query : select top 1 ft.fno valor from ft ft where ft.ndoc = 39 and ftano=2024 order by fno desc
20240412@080343.4608 s5s6jhk9fdnlkb0rmb2u8edvhj Query : select top 1 ft.fno valor from wsft039data ft where ft.ndoc = 39 and ftano=2024 order by fno desc
20240412@080343.4626 s5s6jhk9fdnlkb0rmb2u8edvhj Query : select 1 valor from information_schema.tables where table_type='base table' and table_name='wsft3039fields'
20240412@080343.4645 s5s6jhk9fdnlkb0rmb2u8edvhj Query : select fieldkey,fieldname,fieldtype,calcformula from wsft3039fields
20240412@080343.4660 s5s6jhk9fdnlkb0rmb2u8edvhj Query : insert into wsft3039data (ft3stamp, ousrdata, ousrhora, usrdata,usrhora,ousrinis,usrinis,taxpointdt ) values ('aut6618d765576618dccf6d' ,getdate(),convert(char(8),convert (time,getdate())),getdate(),convert(char(8),convert (time,getdate())),'wsv','wsv',?)
20240412@080343.4905 s5s6jhk9fdnlkb0rmb2u8edvhj Query : select 1 valor from information_schema.tables where table_type='base table' and table_name='wsft2039fields'
20240412@080343.4926 s5s6jhk9fdnlkb0rmb2u8edvhj Query : select fieldkey,fieldname,fieldtype,calcformula from wsft2039fields
20240412@080343.4966 s5s6jhk9fdnlkb0rmb2u8edvhj Query : select top 1 bo.u_nomeenv valor from bo where bo.bostamp=''
20240412@080343.4973 s5s6jhk9fdnlkb0rmb2u8edvhj Query : select top 1 bo.u_moradaen valor from bo where bo.bostamp=''
20240412@080343.4985 s5s6jhk9fdnlkb0rmb2u8edvhj Query : select top 1 bo.u_codposen valor from bo where bo.bostamp=''
20240412@080343.4989 s5s6jhk9fdnlkb0rmb2u8edvhj Query : select top 1 bo.u_localenv valor from bo where bo.bostamp=''
20240412@080343.5015 s5s6jhk9fdnlkb0rmb2u8edvhj Query : select top 1 bo.trab5 valor from bo where bo.bostamp=''
20240412@080343.5020 s5s6jhk9fdnlkb0rmb2u8edvhj Query : select top 1 bo.serie valor from bo where bo.bostamp=''
20240412@080343.5025 s5s6jhk9fdnlkb0rmb2u8edvhj Query : insert into wsft2039data (ft2stamp, ousrdata,ousrhora, usrdata,usrhora,ousrinis,usrinis,u_nomeenv ,u_moradaen ,u_codposen ,u_localenv ,u_coddest ,u_codby ) values ('aut6618d765576618dccf6d',getdate(),convert(char(8),convert (time,getdate())),getdate(),convert(char(8),convert (time,getdate())),'wsv','wsv',?,?,?,?,?,?)
20240412@080343.5307 s5s6jhk9fdnlkb0rmb2u8edvhj Query : select top 1 fno valor from wsft039data order by fno desc
20240412@080343.5335 s5s6jhk9fdnlkb0rmb2u8edvhj Query : select 1 valor from information_schema.tables where table_type='base table' and table_name='wsft039fields'
20240412@080343.5361 s5s6jhk9fdnlkb0rmb2u8edvhj Query : select fieldkey,fieldname,fieldtype,calcformula from wsft039fields
20240412@080343.5415 s5s6jhk9fdnlkb0rmb2u8edvhj Query : insert into wsft039data (ftstamp, ousrdata,ousrhora, usrdata,usrhora,ousrinis,usrinis,fno,no,estab,fdata,ndoc,moeda,cambio,cambiofixo,ftano,cdata,chora,carga,descar,site ,classe ) values ('aut6618d765576618dccf6d',getdate(),convert(char(8),convert (time,getdate())),getdate(),convert(char(8),convert (time,getdate())),'wsv','wsv',861,100810,0,'2024-04-12',39,'euro',0,0,2024 ,'20240412','0833',?,?,?,?)
20240412@080343.5809 s5s6jhk9fdnlkb0rmb2u8edvhj Query : use flama_phc
20240412@080343.5817 s5s6jhk9fdnlkb0rmb2u8edvhj Query : select st.usalote valor from st where st.ref = '324.657.00.01'
20240412@080343.5846 s5s6jhk9fdnlkb0rmb2u8edvhj Query : select top 1 st.tabiva ,st.ivaincl ,st.stns ,st.uni2 ,st.familia ,isnull(tx.taxa, 0) txiva ,unidade ,usalote ,epcpond ,noserie from st left join taxasiva tx on st.tabiva = tx.codigo where st.ref = '324.657.00.01'
20240412@080343.6086 s5s6jhk9fdnlkb0rmb2u8edvhj Query : select 1 valor from information_schema.tables where table_type='base table' and table_name='wsfi039fields'
20240412@080343.6108 s5s6jhk9fdnlkb0rmb2u8edvhj Query : select fieldkey,fieldname,fieldtype,mandatory from wsfi039fields
20240412@080343.6144 s5s6jhk9fdnlkb0rmb2u8edvhj Query : select 1 valor from information_schema.tables where table_type='base table' and table_name='wsfi2039fields'
20240412@080343.6171 s5s6jhk9fdnlkb0rmb2u8edvhj Query : select fieldkey,fieldname,fieldtype,mandatory from wsfi2039fields
20240412@080343.6176 s5s6jhk9fdnlkb0rmb2u8edvhj Query : select sestamp valor from se where ref ='324.657.00.01' and lote = 'r2301176100a'
20240412@080343.6206 s5s6jhk9fdnlkb0rmb2u8edvhj Query : select top 1 convert(numeric(6,2),t.taxa) valor from taxasiva t where t.codigo='2'
20240412@080343.6223 s5s6jhk9fdnlkb0rmb2u8edvhj Query : select 1 valor from information_schema.tables where table_type='base table' and table_name='wsfi039fields'
20240412@080343.6242 s5s6jhk9fdnlkb0rmb2u8edvhj Query : select fieldkey,fieldname,fieldtype,calcformula from wsfi039fields
20240412@080343.6272 s5s6jhk9fdnlkb0rmb2u8edvhj Query : insert into wsfi039data (fistamp,ousrdata, ousrhora, usrdata,usrhora,ousrinis,usrinis ,qtt ,ftstamp ,epv,pvmoeda ,tabiva,iva,lordem ,ref, design ,lote,armazem,bistamp ) values ('aut6618d274166618dccf97',getdate(),convert(char(8),convert (time,getdate())),getdate(),convert(char(8),convert (time,getdate())),'wsv','wsv',1.000 ,'aut6618d765576618dccf6d' ,0,0 ,2,23.00,10000,?,?,?,?,?)
20240412@080343.6579 s5s6jhk9fdnlkb0rmb2u8edvhj Query : select 1 valor from information_schema.tables where table_type='base table' and table_name='wsfi2039fields'
20240412@080343.6595 s5s6jhk9fdnlkb0rmb2u8edvhj Query : select fieldkey,fieldname,fieldtype,calcformula from wsfi2039fields
20240412@080343.6602 s5s6jhk9fdnlkb0rmb2u8edvhj Query : insert into wsfi2039data (fi2stamp,ftstamp ,ousrdata, ousrhora, usrdata,usrhora,ousrinis,usrinis) values ('aut6618d274166618dccf97','aut6618d765576618dccf6d' ,getdate(),convert(char(8),convert (time,getdate())),getdate(),convert(char(8),convert (time,getdate())),'wsv','wsv')
20240412@080343.6607 s5s6jhk9fdnlkb0rmb2u8edvhj Query : select 1 valor from information_schema.tables where table_type='base table' and table_name='wsfi039fields'
20240412@080343.6639 s5s6jhk9fdnlkb0rmb2u8edvhj Query : select fieldkey,fieldname,fieldtype,mandatory from wsfi039fields
20240412@080343.6686 s5s6jhk9fdnlkb0rmb2u8edvhj Query : select 1 valor from information_schema.tables where table_type='base table' and table_name='wsfi2039fields'
20240412@080343.6706 s5s6jhk9fdnlkb0rmb2u8edvhj Query : select fieldkey,fieldname,fieldtype,mandatory from wsfi2039fields
20240412@080343.6714 s5s6jhk9fdnlkb0rmb2u8edvhj Query : select top 1 convert(numeric(6,2),t.taxa) valor from taxasiva t where t.codigo='2'
20240412@080343.6749 s5s6jhk9fdnlkb0rmb2u8edvhj Query : select 1 valor from information_schema.tables where table_type='base table' and table_name='wsfi039fields'
20240412@080343.6768 s5s6jhk9fdnlkb0rmb2u8edvhj Query : select fieldkey,fieldname,fieldtype,calcformula from wsfi039fields
20240412@080343.6819 s5s6jhk9fdnlkb0rmb2u8edvhj Query : insert into wsfi039data (fistamp,ousrdata, ousrhora, usrdata,usrhora,ousrinis,usrinis ,qtt ,ftstamp ,epv,pvmoeda ,tabiva,iva,lordem ,ref, design ,armazem) values ('aut6618d912256618dccfa4',getdate(),convert(char(8),convert (time,getdate())),getdate(),convert(char(8),convert (time,getdate())),'wsv','wsv',0 ,'aut6618d765576618dccf6d' ,0,0 ,2,23.00,20000,?,?,?)
20240412@080343.7110 s5s6jhk9fdnlkb0rmb2u8edvhj Query : select 1 valor from information_schema.tables where table_type='base table' and table_name='wsfi2039fields'
20240412@080343.7155 s5s6jhk9fdnlkb0rmb2u8edvhj Query : select fieldkey,fieldname,fieldtype,calcformula from wsfi2039fields
20240412@080343.7160 s5s6jhk9fdnlkb0rmb2u8edvhj Query : insert into wsfi2039data (fi2stamp,ftstamp ,ousrdata, ousrhora, usrdata,usrhora,ousrinis,usrinis) values ('aut6618d912256618dccfa4','aut6618d765576618dccf6d' ,getdate(),convert(char(8),convert (time,getdate())),getdate(),convert(char(8),convert (time,getdate())),'wsv','wsv')
20240412@080343.7165 s5s6jhk9fdnlkb0rmb2u8edvhj Query : use flama_phc
20240412@080343.7169 s5s6jhk9fdnlkb0rmb2u8edvhj Query : select st.usalote valor from st where st.ref = '324.657.00.01'
20240412@080343.7180 s5s6jhk9fdnlkb0rmb2u8edvhj Query : select top 1 st.tabiva ,st.ivaincl ,st.stns ,st.uni2 ,st.familia ,isnull(tx.taxa, 0) txiva ,unidade ,usalote ,epcpond ,noserie from st left join taxasiva tx on st.tabiva = tx.codigo where st.ref = '324.657.00.01'
20240412@080343.7255 s5s6jhk9fdnlkb0rmb2u8edvhj Query : select 1 valor from information_schema.tables where table_type='base table' and table_name='wsfi039fields'
20240412@080343.7279 s5s6jhk9fdnlkb0rmb2u8edvhj Query : select fieldkey,fieldname,fieldtype,mandatory from wsfi039fields
20240412@080343.7314 s5s6jhk9fdnlkb0rmb2u8edvhj Query : select 1 valor from information_schema.tables where table_type='base table' and table_name='wsfi2039fields'
20240412@080343.7334 s5s6jhk9fdnlkb0rmb2u8edvhj Query : select fieldkey,fieldname,fieldtype,mandatory from wsfi2039fields
20240412@080343.7342 s5s6jhk9fdnlkb0rmb2u8edvhj Query : select sestamp valor from se where ref ='324.657.00.01' and lote = 'r2301176100a'
20240412@080343.7355 s5s6jhk9fdnlkb0rmb2u8edvhj Query : select top 1 convert(numeric(6,2),t.taxa) valor from taxasiva t where t.codigo='2'
20240412@080343.7366 s5s6jhk9fdnlkb0rmb2u8edvhj Query : select 1 valor from information_schema.tables where table_type='base table' and table_name='wsfi039fields'
20240412@080343.7384 s5s6jhk9fdnlkb0rmb2u8edvhj Query : select fieldkey,fieldname,fieldtype,calcformula from wsfi039fields
20240412@080343.7444 s5s6jhk9fdnlkb0rmb2u8edvhj Query : insert into wsfi039data (fistamp,ousrdata, ousrhora, usrdata,usrhora,ousrinis,usrinis ,qtt ,ftstamp ,epv,pvmoeda ,tabiva,iva,lordem ,ref, design ,lote,armazem,bistamp ) values ('aut6618d613886618dccfb3',getdate(),convert(char(8),convert (time,getdate())),getdate(),convert(char(8),convert (time,getdate())),'wsv','wsv',24.000 ,'aut6618d765576618dccf6d' ,0,0 ,2,23.00,40000,?,?,?,?,?)
20240412@080343.7737 s5s6jhk9fdnlkb0rmb2u8edvhj Query : select 1 valor from information_schema.tables where table_type='base table' and table_name='wsfi2039fields'
20240412@080343.7759 s5s6jhk9fdnlkb0rmb2u8edvhj Query : select fieldkey,fieldname,fieldtype,calcformula from wsfi2039fields
20240412@080343.7764 s5s6jhk9fdnlkb0rmb2u8edvhj Query : insert into wsfi2039data (fi2stamp,ftstamp ,ousrdata, ousrhora, usrdata,usrhora,ousrinis,usrinis) values ('aut6618d613886618dccfb3','aut6618d765576618dccf6d' ,getdate(),convert(char(8),convert (time,getdate())),getdate(),convert(char(8),convert (time,getdate())),'wsv','wsv')
20240412@080343.7769 s5s6jhk9fdnlkb0rmb2u8edvhj Query : select 1 valor from information_schema.tables where table_type='base table' and table_name='wsfi039fields'
20240412@080343.7796 s5s6jhk9fdnlkb0rmb2u8edvhj Query : select fieldkey,fieldname,fieldtype,mandatory from wsfi039fields
20240412@080343.7824 s5s6jhk9fdnlkb0rmb2u8edvhj Query : select 1 valor from information_schema.tables where table_type='base table' and table_name='wsfi2039fields'
20240412@080343.7840 s5s6jhk9fdnlkb0rmb2u8edvhj Query : select fieldkey,fieldname,fieldtype,mandatory from wsfi2039fields
20240412@080343.7847 s5s6jhk9fdnlkb0rmb2u8edvhj Query : select top 1 convert(numeric(6,2),t.taxa) valor from taxasiva t where t.codigo='2'
20240412@080343.7857 s5s6jhk9fdnlkb0rmb2u8edvhj Query : select 1 valor from information_schema.tables where table_type='base table' and table_name='wsfi039fields'
20240412@080343.7894 s5s6jhk9fdnlkb0rmb2u8edvhj Query : select fieldkey,fieldname,fieldtype,calcformula from wsfi039fields
20240412@080343.7927 s5s6jhk9fdnlkb0rmb2u8edvhj Query : insert into wsfi039data (fistamp,ousrdata, ousrhora, usrdata,usrhora,ousrinis,usrinis ,qtt ,ftstamp ,epv,pvmoeda ,tabiva,iva,lordem ,ref, design ,armazem) values ('aut6618d364596618dccfbf',getdate(),convert(char(8),convert (time,getdate())),getdate(),convert(char(8),convert (time,getdate())),'wsv','wsv',0 ,'aut6618d765576618dccf6d' ,0,0 ,2,23.00,50000,?,?,?)
20240412@080343.8218 s5s6jhk9fdnlkb0rmb2u8edvhj Query : select 1 valor from information_schema.tables where table_type='base table' and table_name='wsfi2039fields'
20240412@080343.8240 s5s6jhk9fdnlkb0rmb2u8edvhj Query : select fieldkey,fieldname,fieldtype,calcformula from wsfi2039fields
20240412@080343.8244 s5s6jhk9fdnlkb0rmb2u8edvhj Query : insert into wsfi2039data (fi2stamp,ftstamp ,ousrdata, ousrhora, usrdata,usrhora,ousrinis,usrinis) values ('aut6618d364596618dccfbf','aut6618d765576618dccf6d' ,getdate(),convert(char(8),convert (time,getdate())),getdate(),convert(char(8),convert (time,getdate())),'wsv','wsv')
20240412@080343.8249 s5s6jhk9fdnlkb0rmb2u8edvhj Query : use flama_phc
20240412@080343.8252 s5s6jhk9fdnlkb0rmb2u8edvhj Query : select st.usalote valor from st where st.ref = '324.657.00.01'
20240412@080343.8271 s5s6jhk9fdnlkb0rmb2u8edvhj Query : select top 1 st.tabiva ,st.ivaincl ,st.stns ,st.uni2 ,st.familia ,isnull(tx.taxa, 0) txiva ,unidade ,usalote ,epcpond ,noserie from st left join taxasiva tx on st.tabiva = tx.codigo where st.ref = '324.657.00.01'
20240412@080343.8293 s5s6jhk9fdnlkb0rmb2u8edvhj Query : select 1 valor from information_schema.tables where table_type='base table' and table_name='wsfi039fields'
20240412@080343.8308 s5s6jhk9fdnlkb0rmb2u8edvhj Query : select fieldkey,fieldname,fieldtype,mandatory from wsfi039fields
20240412@080343.8347 s5s6jhk9fdnlkb0rmb2u8edvhj Query : select 1 valor from information_schema.tables where table_type='base table' and table_name='wsfi2039fields'
20240412@080343.8363 s5s6jhk9fdnlkb0rmb2u8edvhj Query : select fieldkey,fieldname,fieldtype,mandatory from wsfi2039fields
20240412@080343.8369 s5s6jhk9fdnlkb0rmb2u8edvhj Query : select sestamp valor from se where ref ='324.657.00.01' and lote = 'r2301176100a'
20240412@080343.8381 s5s6jhk9fdnlkb0rmb2u8edvhj Query : select top 1 convert(numeric(6,2),t.taxa) valor from taxasiva t where t.codigo='2'
20240412@080343.8392 s5s6jhk9fdnlkb0rmb2u8edvhj Query : select 1 valor from information_schema.tables where table_type='base table' and table_name='wsfi039fields'
20240412@080343.8410 s5s6jhk9fdnlkb0rmb2u8edvhj Query : select fieldkey,fieldname,fieldtype,calcformula from wsfi039fields
20240412@080343.8441 s5s6jhk9fdnlkb0rmb2u8edvhj Query : insert into wsfi039data (fistamp,ousrdata, ousrhora, usrdata,usrhora,ousrinis,usrinis ,qtt ,ftstamp ,epv,pvmoeda ,tabiva,iva,lordem ,ref, design ,lote,armazem,bistamp ) values ('aut6618d823596618dccfcc',getdate(),convert(char(8),convert (time,getdate())),getdate(),convert(char(8),convert (time,getdate())),'wsv','wsv',24.000 ,'aut6618d765576618dccf6d' ,0,0 ,2,23.00,70000,?,?,?,?,?)
20240412@080343.8756 s5s6jhk9fdnlkb0rmb2u8edvhj Query : select 1 valor from information_schema.tables where table_type='base table' and table_name='wsfi2039fields'
20240412@080343.8789 s5s6jhk9fdnlkb0rmb2u8edvhj Query : select fieldkey,fieldname,fieldtype,calcformula from wsfi2039fields
20240412@080343.8802 s5s6jhk9fdnlkb0rmb2u8edvhj Query : insert into wsfi2039data (fi2stamp,ftstamp ,ousrdata, ousrhora, usrdata,usrhora,ousrinis,usrinis) values ('aut6618d823596618dccfcc','aut6618d765576618dccf6d' ,getdate(),convert(char(8),convert (time,getdate())),getdate(),convert(char(8),convert (time,getdate())),'wsv','wsv')
20240412@080343.8807 s5s6jhk9fdnlkb0rmb2u8edvhj Query : select 1 valor from information_schema.tables where table_type='base table' and table_name='wsfi039fields'
20240412@080343.8855 s5s6jhk9fdnlkb0rmb2u8edvhj Query : select fieldkey,fieldname,fieldtype,mandatory from wsfi039fields
20240412@080343.8892 s5s6jhk9fdnlkb0rmb2u8edvhj Query : select 1 valor from information_schema.tables where table_type='base table' and table_name='wsfi2039fields'
20240412@080343.8910 s5s6jhk9fdnlkb0rmb2u8edvhj Query : select fieldkey,fieldname,fieldtype,mandatory from wsfi2039fields
20240412@080343.8919 s5s6jhk9fdnlkb0rmb2u8edvhj Query : select top 1 convert(numeric(6,2),t.taxa) valor from taxasiva t where t.codigo='2'
20240412@080343.8929 s5s6jhk9fdnlkb0rmb2u8edvhj Query : select 1 valor from information_schema.tables where table_type='base table' and table_name='wsfi039fields'
20240412@080343.8954 s5s6jhk9fdnlkb0rmb2u8edvhj Query : select fieldkey,fieldname,fieldtype,calcformula from wsfi039fields
20240412@080343.8996 s5s6jhk9fdnlkb0rmb2u8edvhj Query : insert into wsfi039data (fistamp,ousrdata, ousrhora, usrdata,usrhora,ousrinis,usrinis ,qtt ,ftstamp ,epv,pvmoeda ,tabiva,iva,lordem ,ref, design ,armazem) values ('aut6618d030306618dccfd9',getdate(),convert(char(8),convert (time,getdate())),getdate(),convert(char(8),convert (time,getdate())),'wsv','wsv',0 ,'aut6618d765576618dccf6d' ,0,0 ,2,23.00,80000,?,?,?)
20240412@080343.9354 s5s6jhk9fdnlkb0rmb2u8edvhj Query : select 1 valor from information_schema.tables where table_type='base table' and table_name='wsfi2039fields'
20240412@080343.9386 s5s6jhk9fdnlkb0rmb2u8edvhj Query : select fieldkey,fieldname,fieldtype,calcformula from wsfi2039fields
20240412@080343.9399 s5s6jhk9fdnlkb0rmb2u8edvhj Query : insert into wsfi2039data (fi2stamp,ftstamp ,ousrdata, ousrhora, usrdata,usrhora,ousrinis,usrinis) values ('aut6618d030306618dccfd9','aut6618d765576618dccf6d' ,getdate(),convert(char(8),convert (time,getdate())),getdate(),convert(char(8),convert (time,getdate())),'wsv','wsv')
20240412@080343.9405 s5s6jhk9fdnlkb0rmb2u8edvhj Query : use flama_phc
20240412@080343.9409 s5s6jhk9fdnlkb0rmb2u8edvhj Query : select st.usalote valor from st where st.ref = '324.657.00.01'
20240412@080343.9447 s5s6jhk9fdnlkb0rmb2u8edvhj Query : select top 1 st.tabiva ,st.ivaincl ,st.stns ,st.uni2 ,st.familia ,isnull(tx.taxa, 0) txiva ,unidade ,usalote ,epcpond ,noserie from st left join taxasiva tx on st.tabiva = tx.codigo where st.ref = '324.657.00.01'
20240412@080343.9466 s5s6jhk9fdnlkb0rmb2u8edvhj Query : select 1 valor from information_schema.tables where table_type='base table' and table_name='wsfi039fields'
20240412@080343.9491 s5s6jhk9fdnlkb0rmb2u8edvhj Query : select fieldkey,fieldname,fieldtype,mandatory from wsfi039fields
20240412@080343.9540 s5s6jhk9fdnlkb0rmb2u8edvhj Query : select 1 valor from information_schema.tables where table_type='base table' and table_name='wsfi2039fields'
20240412@080343.9562 s5s6jhk9fdnlkb0rmb2u8edvhj Query : select fieldkey,fieldname,fieldtype,mandatory from wsfi2039fields
20240412@080343.9568 s5s6jhk9fdnlkb0rmb2u8edvhj Query : select sestamp valor from se where ref ='324.657.00.01' and lote = 'r2301176100a'
20240412@080343.9584 s5s6jhk9fdnlkb0rmb2u8edvhj Query : select top 1 convert(numeric(6,2),t.taxa) valor from taxasiva t where t.codigo='2'
20240412@080343.9598 s5s6jhk9fdnlkb0rmb2u8edvhj Query : select 1 valor from information_schema.tables where table_type='base table' and table_name='wsfi039fields'
20240412@080343.9624 s5s6jhk9fdnlkb0rmb2u8edvhj Query : select fieldkey,fieldname,fieldtype,calcformula from wsfi039fields
20240412@080343.9687 s5s6jhk9fdnlkb0rmb2u8edvhj Query : insert into wsfi039data (fistamp,ousrdata, ousrhora, usrdata,usrhora,ousrinis,usrinis ,qtt ,ftstamp ,epv,pvmoeda ,tabiva,iva,lordem ,ref, design ,lote,armazem,bistamp ) values ('aut6618d534136618dccfea',getdate(),convert(char(8),convert (time,getdate())),getdate(),convert(char(8),convert (time,getdate())),'wsv','wsv',24.000 ,'aut6618d765576618dccf6d' ,0,0 ,2,23.00,100000,?,?,?,?,?)
20240412@080344.1100 s5s6jhk9fdnlkb0rmb2u8edvhj Query : select 1 valor from information_schema.tables where table_type='base table' and table_name='wsfi2039fields'
20240412@080344.3300 s5s6jhk9fdnlkb0rmb2u8edvhj Query : select fieldkey,fieldname,fieldtype,calcformula from wsfi2039fields
20240412@080344.4500 s5s6jhk9fdnlkb0rmb2u8edvhj Query : insert into wsfi2039data (fi2stamp,ftstamp ,ousrdata, ousrhora, usrdata,usrhora,ousrinis,usrinis) values ('aut6618d534136618dccfea','aut6618d765576618dccf6d' ,getdate(),convert(char(8),convert (time,getdate())),getdate(),convert(char(8),convert (time,getdate())),'wsv','wsv')
20240412@080344.5700 s5s6jhk9fdnlkb0rmb2u8edvhj Query : select 1 valor from information_schema.tables where table_type='base table' and table_name='wsfi039fields'
20240412@080344.7900 s5s6jhk9fdnlkb0rmb2u8edvhj Query : select fieldkey,fieldname,fieldtype,mandatory from wsfi039fields
20240412@080344.1140 s5s6jhk9fdnlkb0rmb2u8edvhj Query : select 1 valor from information_schema.tables where table_type='base table' and table_name='wsfi2039fields'
20240412@080344.1620 s5s6jhk9fdnlkb0rmb2u8edvhj Query : select fieldkey,fieldname,fieldtype,mandatory from wsfi2039fields
20240412@080344.2420 s5s6jhk9fdnlkb0rmb2u8edvhj Query : select top 1 convert(numeric(6,2),t.taxa) valor from taxasiva t where t.codigo='2'
20240412@080344.2670 s5s6jhk9fdnlkb0rmb2u8edvhj Query : select 1 valor from information_schema.tables where table_type='base table' and table_name='wsfi039fields'
20240412@080344.2980 s5s6jhk9fdnlkb0rmb2u8edvhj Query : select fieldkey,fieldname,fieldtype,calcformula from wsfi039fields
20240412@080344.3400 s5s6jhk9fdnlkb0rmb2u8edvhj Query : insert into wsfi039data (fistamp,ousrdata, ousrhora, usrdata,usrhora,ousrinis,usrinis ,qtt ,ftstamp ,epv,pvmoeda ,tabiva,iva,lordem ,ref, design ,armazem) values ('aut6618d624116618dcd006',getdate(),convert(char(8),convert (time,getdate())),getdate(),convert(char(8),convert (time,getdate())),'wsv','wsv',0 ,'aut6618d765576618dccf6d' ,0,0 ,2,23.00,110000,?,?,?)
20240412@080344.6530 s5s6jhk9fdnlkb0rmb2u8edvhj Query : select 1 valor from information_schema.tables where table_type='base table' and table_name='wsfi2039fields'
20240412@080344.7530 s5s6jhk9fdnlkb0rmb2u8edvhj Query : select fieldkey,fieldname,fieldtype,calcformula from wsfi2039fields
20240412@080344.7610 s5s6jhk9fdnlkb0rmb2u8edvhj Query : insert into wsfi2039data (fi2stamp,ftstamp ,ousrdata, ousrhora, usrdata,usrhora,ousrinis,usrinis) values ('aut6618d624116618dcd006','aut6618d765576618dccf6d' ,getdate(),convert(char(8),convert (time,getdate())),getdate(),convert(char(8),convert (time,getdate())),'wsv','wsv')
20240412@080344.7680 s5s6jhk9fdnlkb0rmb2u8edvhj Query : use flama_phc
20240412@080344.7710 s5s6jhk9fdnlkb0rmb2u8edvhj Query : select st.usalote valor from st where st.ref = '324.657.00.01'
20240412@080344.8080 s5s6jhk9fdnlkb0rmb2u8edvhj Query : select top 1 st.tabiva ,st.ivaincl ,st.stns ,st.uni2 ,st.familia ,isnull(tx.taxa, 0) txiva ,unidade ,usalote ,epcpond ,noserie from st left join taxasiva tx on st.tabiva = tx.codigo where st.ref = '324.657.00.01'
20240412@080344.8240 s5s6jhk9fdnlkb0rmb2u8edvhj Query : select 1 valor from information_schema.tables where table_type='base table' and table_name='wsfi039fields'
20240412@080344.8610 s5s6jhk9fdnlkb0rmb2u8edvhj Query : select fieldkey,fieldname,fieldtype,mandatory from wsfi039fields
20240412@080344.1178 s5s6jhk9fdnlkb0rmb2u8edvhj Query : select 1 valor from information_schema.tables where table_type='base table' and table_name='wsfi2039fields'
20240412@080344.1201 s5s6jhk9fdnlkb0rmb2u8edvhj Query : select fieldkey,fieldname,fieldtype,mandatory from wsfi2039fields
20240412@080344.1263 s5s6jhk9fdnlkb0rmb2u8edvhj Query : select sestamp valor from se where ref ='324.657.00.01' and lote = 'r2301176100a'
20240412@080344.1418 s5s6jhk9fdnlkb0rmb2u8edvhj Query : select top 1 convert(numeric(6,2),t.taxa) valor from taxasiva t where t.codigo='2'
20240412@080344.1648 s5s6jhk9fdnlkb0rmb2u8edvhj Query : select 1 valor from information_schema.tables where table_type='base table' and table_name='wsfi039fields'
20240412@080344.1690 s5s6jhk9fdnlkb0rmb2u8edvhj Query : select fieldkey,fieldname,fieldtype,calcformula from wsfi039fields
20240412@080344.1755 s5s6jhk9fdnlkb0rmb2u8edvhj Query : insert into wsfi039data (fistamp,ousrdata, ousrhora, usrdata,usrhora,ousrinis,usrinis ,qtt ,ftstamp ,epv,pvmoeda ,tabiva,iva,lordem ,ref, design ,lote,armazem,bistamp ) values ('aut6618d779506618dcd028',getdate(),convert(char(8),convert (time,getdate())),getdate(),convert(char(8),convert (time,getdate())),'wsv','wsv',24.000 ,'aut6618d765576618dccf6d' ,0,0 ,2,23.00,130000,?,?,?,?,?)
20240412@080344.2083 s5s6jhk9fdnlkb0rmb2u8edvhj Query : select 1 valor from information_schema.tables where table_type='base table' and table_name='wsfi2039fields'
20240412@080344.2108 s5s6jhk9fdnlkb0rmb2u8edvhj Query : select fieldkey,fieldname,fieldtype,calcformula from wsfi2039fields
20240412@080344.2114 s5s6jhk9fdnlkb0rmb2u8edvhj Query : insert into wsfi2039data (fi2stamp,ftstamp ,ousrdata, ousrhora, usrdata,usrhora,ousrinis,usrinis) values ('aut6618d779506618dcd028','aut6618d765576618dccf6d' ,getdate(),convert(char(8),convert (time,getdate())),getdate(),convert(char(8),convert (time,getdate())),'wsv','wsv')
20240412@080344.2120 s5s6jhk9fdnlkb0rmb2u8edvhj Query : select 1 valor from information_schema.tables where table_type='base table' and table_name='wsfi039fields'
20240412@080344.2155 s5s6jhk9fdnlkb0rmb2u8edvhj Query : select fieldkey,fieldname,fieldtype,mandatory from wsfi039fields
20240412@080344.2216 s5s6jhk9fdnlkb0rmb2u8edvhj Query : select 1 valor from information_schema.tables where table_type='base table' and table_name='wsfi2039fields'
20240412@080344.2328 s5s6jhk9fdnlkb0rmb2u8edvhj Query : select fieldkey,fieldname,fieldtype,mandatory from wsfi2039fields
20240412@080344.2374 s5s6jhk9fdnlkb0rmb2u8edvhj Query : select top 1 convert(numeric(6,2),t.taxa) valor from taxasiva t where t.codigo='2'
20240412@080344.2398 s5s6jhk9fdnlkb0rmb2u8edvhj Query : select 1 valor from information_schema.tables where table_type='base table' and table_name='wsfi039fields'
20240412@080344.2418 s5s6jhk9fdnlkb0rmb2u8edvhj Query : select fieldkey,fieldname,fieldtype,calcformula from wsfi039fields
20240412@080344.2585 s5s6jhk9fdnlkb0rmb2u8edvhj Query : insert into wsfi039data (fistamp,ousrdata, ousrhora, usrdata,usrhora,ousrinis,usrinis ,qtt ,ftstamp ,epv,pvmoeda ,tabiva,iva,lordem ,ref, design ,armazem) values ('aut6618d299546618dcd03a',getdate(),convert(char(8),convert (time,getdate())),getdate(),convert(char(8),convert (time,getdate())),'wsv','wsv',0 ,'aut6618d765576618dccf6d' ,0,0 ,2,23.00,140000,?,?,?)
20240412@080344.3050 s5s6jhk9fdnlkb0rmb2u8edvhj Query : select 1 valor from information_schema.tables where table_type='base table' and table_name='wsfi2039fields'
20240412@080344.3268 s5s6jhk9fdnlkb0rmb2u8edvhj Query : select fieldkey,fieldname,fieldtype,calcformula from wsfi2039fields
20240412@080344.3298 s5s6jhk9fdnlkb0rmb2u8edvhj Query : insert into wsfi2039data (fi2stamp,ftstamp ,ousrdata, ousrhora, usrdata,usrhora,ousrinis,usrinis) values ('aut6618d299546618dcd03a','aut6618d765576618dccf6d' ,getdate(),convert(char(8),convert (time,getdate())),getdate(),convert(char(8),convert (time,getdate())),'wsv','wsv')
20240412@080344.3306 s5s6jhk9fdnlkb0rmb2u8edvhj Query : use flama_phc
20240412@080344.3311 s5s6jhk9fdnlkb0rmb2u8edvhj Query : select st.usalote valor from st where st.ref = '324.657.00.01'
20240412@080344.3777 s5s6jhk9fdnlkb0rmb2u8edvhj Query : select top 1 st.tabiva ,st.ivaincl ,st.stns ,st.uni2 ,st.familia ,isnull(tx.taxa, 0) txiva ,unidade ,usalote ,epcpond ,noserie from st left join taxasiva tx on st.tabiva = tx.codigo where st.ref = '324.657.00.01'
20240412@080344.3792 s5s6jhk9fdnlkb0rmb2u8edvhj Query : select 1 valor from information_schema.tables where table_type='base table' and table_name='wsfi039fields'
20240412@080344.3806 s5s6jhk9fdnlkb0rmb2u8edvhj Query : select fieldkey,fieldname,fieldtype,mandatory from wsfi039fields
20240412@080344.3837 s5s6jhk9fdnlkb0rmb2u8edvhj Query : select 1 valor from information_schema.tables where table_type='base table' and table_name='wsfi2039fields'
20240412@080344.3854 s5s6jhk9fdnlkb0rmb2u8edvhj Query : select fieldkey,fieldname,fieldtype,mandatory from wsfi2039fields
20240412@080344.3858 s5s6jhk9fdnlkb0rmb2u8edvhj Query : select sestamp valor from se where ref ='324.657.00.01' and lote = 'r2301176100a'
20240412@080344.3868 s5s6jhk9fdnlkb0rmb2u8edvhj Query : select top 1 convert(numeric(6,2),t.taxa) valor from taxasiva t where t.codigo='2'
20240412@080344.3877 s5s6jhk9fdnlkb0rmb2u8edvhj Query : select 1 valor from information_schema.tables where table_type='base table' and table_name='wsfi039fields'
20240412@080344.3890 s5s6jhk9fdnlkb0rmb2u8edvhj Query : select fieldkey,fieldname,fieldtype,calcformula from wsfi039fields
20240412@080344.3913 s5s6jhk9fdnlkb0rmb2u8edvhj Query : insert into wsfi039data (fistamp,ousrdata, ousrhora, usrdata,usrhora,ousrinis,usrinis ,qtt ,ftstamp ,epv,pvmoeda ,tabiva,iva,lordem ,ref, design ,lote,armazem,bistamp ) values ('aut6618d874986618dcd05e',getdate(),convert(char(8),convert (time,getdate())),getdate(),convert(char(8),convert (time,getdate())),'wsv','wsv',24.000 ,'aut6618d765576618dccf6d' ,0,0 ,2,23.00,160000,?,?,?,?,?)
20240412@080344.4223 s5s6jhk9fdnlkb0rmb2u8edvhj Query : select 1 valor from information_schema.tables where table_type='base table' and table_name='wsfi2039fields'
20240412@080344.4312 s5s6jhk9fdnlkb0rmb2u8edvhj Query : select fieldkey,fieldname,fieldtype,calcformula from wsfi2039fields
20240412@080344.4357 s5s6jhk9fdnlkb0rmb2u8edvhj Query : insert into wsfi2039data (fi2stamp,ftstamp ,ousrdata, ousrhora, usrdata,usrhora,ousrinis,usrinis) values ('aut6618d874986618dcd05e','aut6618d765576618dccf6d' ,getdate(),convert(char(8),convert (time,getdate())),getdate(),convert(char(8),convert (time,getdate())),'wsv','wsv')
20240412@080344.4398 s5s6jhk9fdnlkb0rmb2u8edvhj Query : select 1 valor from information_schema.tables where table_type='base table' and table_name='wsfi039fields'
20240412@080344.4419 s5s6jhk9fdnlkb0rmb2u8edvhj Query : select fieldkey,fieldname,fieldtype,mandatory from wsfi039fields
20240412@080344.4443 s5s6jhk9fdnlkb0rmb2u8edvhj Query : select 1 valor from information_schema.tables where table_type='base table' and table_name='wsfi2039fields'
20240412@080344.4460 s5s6jhk9fdnlkb0rmb2u8edvhj Query : select fieldkey,fieldname,fieldtype,mandatory from wsfi2039fields
20240412@080344.4465 s5s6jhk9fdnlkb0rmb2u8edvhj Query : select top 1 convert(numeric(6,2),t.taxa) valor from taxasiva t where t.codigo='2'
20240412@080344.4477 s5s6jhk9fdnlkb0rmb2u8edvhj Query : select 1 valor from information_schema.tables where table_type='base table' and table_name='wsfi039fields'
20240412@080344.4490 s5s6jhk9fdnlkb0rmb2u8edvhj Query : select fieldkey,fieldname,fieldtype,calcformula from wsfi039fields
20240412@080344.4514 s5s6jhk9fdnlkb0rmb2u8edvhj Query : insert into wsfi039data (fistamp,ousrdata, ousrhora, usrdata,usrhora,ousrinis,usrinis ,qtt ,ftstamp ,epv,pvmoeda ,tabiva,iva,lordem ,ref, design ,armazem) values ('aut6618d775956618dcd06d',getdate(),convert(char(8),convert (time,getdate())),getdate(),convert(char(8),convert (time,getdate())),'wsv','wsv',0 ,'aut6618d765576618dccf6d' ,0,0 ,2,23.00,170000,?,?,?)
20240412@080344.4833 s5s6jhk9fdnlkb0rmb2u8edvhj Query : select 1 valor from information_schema.tables where table_type='base table' and table_name='wsfi2039fields'
20240412@080344.4849 s5s6jhk9fdnlkb0rmb2u8edvhj Query : select fieldkey,fieldname,fieldtype,calcformula from wsfi2039fields
20240412@080344.4854 s5s6jhk9fdnlkb0rmb2u8edvhj Query : insert into wsfi2039data (fi2stamp,ftstamp ,ousrdata, ousrhora, usrdata,usrhora,ousrinis,usrinis) values ('aut6618d775956618dcd06d','aut6618d765576618dccf6d' ,getdate(),convert(char(8),convert (time,getdate())),getdate(),convert(char(8),convert (time,getdate())),'wsv','wsv')
20240412@080344.4858 s5s6jhk9fdnlkb0rmb2u8edvhj Query : use flama_phc
20240412@080344.4862 s5s6jhk9fdnlkb0rmb2u8edvhj Query : select st.usalote valor from st where st.ref = '324.657.00.01'
20240412@080344.4874 s5s6jhk9fdnlkb0rmb2u8edvhj Query : select top 1 st.tabiva ,st.ivaincl ,st.stns ,st.uni2 ,st.familia ,isnull(tx.taxa, 0) txiva ,unidade ,usalote ,epcpond ,noserie from st left join taxasiva tx on st.tabiva = tx.codigo where st.ref = '324.657.00.01'
20240412@080344.4885 s5s6jhk9fdnlkb0rmb2u8edvhj Query : select 1 valor from information_schema.tables where table_type='base table' and table_name='wsfi039fields'
20240412@080344.4899 s5s6jhk9fdnlkb0rmb2u8edvhj Query : select fieldkey,fieldname,fieldtype,mandatory from wsfi039fields
20240412@080344.4927 s5s6jhk9fdnlkb0rmb2u8edvhj Query : select 1 valor from information_schema.tables where table_type='base table' and table_name='wsfi2039fields'
20240412@080344.4941 s5s6jhk9fdnlkb0rmb2u8edvhj Query : select fieldkey,fieldname,fieldtype,mandatory from wsfi2039fields
20240412@080344.4946 s5s6jhk9fdnlkb0rmb2u8edvhj Query : select sestamp valor from se where ref ='324.657.00.01' and lote = 'r2301176100a'
20240412@080344.4958 s5s6jhk9fdnlkb0rmb2u8edvhj Query : select top 1 convert(numeric(6,2),t.taxa) valor from taxasiva t where t.codigo='2'
20240412@080344.4972 s5s6jhk9fdnlkb0rmb2u8edvhj Query : select 1 valor from information_schema.tables where table_type='base table' and table_name='wsfi039fields'
20240412@080344.4986 s5s6jhk9fdnlkb0rmb2u8edvhj Query : select fieldkey,fieldname,fieldtype,calcformula from wsfi039fields
20240412@080344.5239 s5s6jhk9fdnlkb0rmb2u8edvhj Query : insert into wsfi039data (fistamp,ousrdata, ousrhora, usrdata,usrhora,ousrinis,usrinis ,qtt ,ftstamp ,epv,pvmoeda ,tabiva,iva,lordem ,ref, design ,lote,armazem,bistamp ) values ('aut6618d678026618dcd079',getdate(),convert(char(8),convert (time,getdate())),getdate(),convert(char(8),convert (time,getdate())),'wsv','wsv',24.000 ,'aut6618d765576618dccf6d' ,0,0 ,2,23.00,190000,?,?,?,?,?)
20240412@080344.5594 s5s6jhk9fdnlkb0rmb2u8edvhj Query : select 1 valor from information_schema.tables where table_type='base table' and table_name='wsfi2039fields'
20240412@080344.5614 s5s6jhk9fdnlkb0rmb2u8edvhj Query : select fieldkey,fieldname,fieldtype,calcformula from wsfi2039fields
20240412@080344.5619 s5s6jhk9fdnlkb0rmb2u8edvhj Query : insert into wsfi2039data (fi2stamp,ftstamp ,ousrdata, ousrhora, usrdata,usrhora,ousrinis,usrinis) values ('aut6618d678026618dcd079','aut6618d765576618dccf6d' ,getdate(),convert(char(8),convert (time,getdate())),getdate(),convert(char(8),convert (time,getdate())),'wsv','wsv')
20240412@080344.5626 s5s6jhk9fdnlkb0rmb2u8edvhj Query : select 1 valor from information_schema.tables where table_type='base table' and table_name='wsfi039fields'
20240412@080344.5642 s5s6jhk9fdnlkb0rmb2u8edvhj Query : select fieldkey,fieldname,fieldtype,mandatory from wsfi039fields
20240412@080344.5670 s5s6jhk9fdnlkb0rmb2u8edvhj Query : select 1 valor from information_schema.tables where table_type='base table' and table_name='wsfi2039fields'
20240412@080344.5706 s5s6jhk9fdnlkb0rmb2u8edvhj Query : select fieldkey,fieldname,fieldtype,mandatory from wsfi2039fields
20240412@080344.5710 s5s6jhk9fdnlkb0rmb2u8edvhj Query : select top 1 convert(numeric(6,2),t.taxa) valor from taxasiva t where t.codigo='2'
20240412@080344.5722 s5s6jhk9fdnlkb0rmb2u8edvhj Query : select 1 valor from information_schema.tables where table_type='base table' and table_name='wsfi039fields'
20240412@080344.5735 s5s6jhk9fdnlkb0rmb2u8edvhj Query : select fieldkey,fieldname,fieldtype,calcformula from wsfi039fields
20240412@080344.5760 s5s6jhk9fdnlkb0rmb2u8edvhj Query : insert into wsfi039data (fistamp,ousrdata, ousrhora, usrdata,usrhora,ousrinis,usrinis ,qtt ,ftstamp ,epv,pvmoeda ,tabiva,iva,lordem ,ref, design ,armazem) values ('aut6618d301416618dcd08b',getdate(),convert(char(8),convert (time,getdate())),getdate(),convert(char(8),convert (time,getdate())),'wsv','wsv',0 ,'aut6618d765576618dccf6d' ,0,0 ,2,23.00,200000,?,?,?)
20240412@080344.6069 s5s6jhk9fdnlkb0rmb2u8edvhj Query : select 1 valor from information_schema.tables where table_type='base table' and table_name='wsfi2039fields'
20240412@080344.6087 s5s6jhk9fdnlkb0rmb2u8edvhj Query : select fieldkey,fieldname,fieldtype,calcformula from wsfi2039fields
20240412@080344.6091 s5s6jhk9fdnlkb0rmb2u8edvhj Query : insert into wsfi2039data (fi2stamp,ftstamp ,ousrdata, ousrhora, usrdata,usrhora,ousrinis,usrinis) values ('aut6618d301416618dcd08b','aut6618d765576618dccf6d' ,getdate(),convert(char(8),convert (time,getdate())),getdate(),convert(char(8),convert (time,getdate())),'wsv','wsv')
20240412@080344.6096 s5s6jhk9fdnlkb0rmb2u8edvhj Query : use flama_phc
20240412@080344.6099 s5s6jhk9fdnlkb0rmb2u8edvhj Query : select st.usalote valor from st where st.ref = '324.657.00.01'
20240412@080344.6109 s5s6jhk9fdnlkb0rmb2u8edvhj Query : select top 1 st.tabiva ,st.ivaincl ,st.stns ,st.uni2 ,st.familia ,isnull(tx.taxa, 0) txiva ,unidade ,usalote ,epcpond ,noserie from st left join taxasiva tx on st.tabiva = tx.codigo where st.ref = '324.657.00.01'
20240412@080344.6191 s5s6jhk9fdnlkb0rmb2u8edvhj Query : select 1 valor from information_schema.tables where table_type='base table' and table_name='wsfi039fields'
20240412@080344.6565 s5s6jhk9fdnlkb0rmb2u8edvhj Query : select fieldkey,fieldname,fieldtype,mandatory from wsfi039fields
20240412@080344.7685 s5s6jhk9fdnlkb0rmb2u8edvhj Query : select 1 valor from information_schema.tables where table_type='base table' and table_name='wsfi2039fields'
20240412@080344.7701 s5s6jhk9fdnlkb0rmb2u8edvhj Query : select fieldkey,fieldname,fieldtype,mandatory from wsfi2039fields
20240412@080344.7706 s5s6jhk9fdnlkb0rmb2u8edvhj Query : select sestamp valor from se where ref ='324.657.00.01' and lote = 'r2301176100a'
20240412@080344.7719 s5s6jhk9fdnlkb0rmb2u8edvhj Query : select top 1 convert(numeric(6,2),t.taxa) valor from taxasiva t where t.codigo='2'
20240412@080344.7768 s5s6jhk9fdnlkb0rmb2u8edvhj Query : select 1 valor from information_schema.tables where table_type='base table' and table_name='wsfi039fields'
20240412@080344.7788 s5s6jhk9fdnlkb0rmb2u8edvhj Query : select fieldkey,fieldname,fieldtype,calcformula from wsfi039fields
20240412@080344.7822 s5s6jhk9fdnlkb0rmb2u8edvhj Query : insert into wsfi039data (fistamp,ousrdata, ousrhora, usrdata,usrhora,ousrinis,usrinis ,qtt ,ftstamp ,epv,pvmoeda ,tabiva,iva,lordem ,ref, design ,lote,armazem,bistamp ) values ('aut6618d722486618dcd0bd',getdate(),convert(char(8),convert (time,getdate())),getdate(),convert(char(8),convert (time,getdate())),'wsv','wsv',24.000 ,'aut6618d765576618dccf6d' ,0,0 ,2,23.00,220000,?,?,?,?,?)
20240412@080344.8132 s5s6jhk9fdnlkb0rmb2u8edvhj Query : select 1 valor from information_schema.tables where table_type='base table' and table_name='wsfi2039fields'
20240412@080344.8152 s5s6jhk9fdnlkb0rmb2u8edvhj Query : select fieldkey,fieldname,fieldtype,calcformula from wsfi2039fields
20240412@080344.8157 s5s6jhk9fdnlkb0rmb2u8edvhj Query : insert into wsfi2039data (fi2stamp,ftstamp ,ousrdata, ousrhora, usrdata,usrhora,ousrinis,usrinis) values ('aut6618d722486618dcd0bd','aut6618d765576618dccf6d' ,getdate(),convert(char(8),convert (time,getdate())),getdate(),convert(char(8),convert (time,getdate())),'wsv','wsv')
20240412@080344.8162 s5s6jhk9fdnlkb0rmb2u8edvhj Query : select 1 valor from information_schema.tables where table_type='base table' and table_name='wsfi039fields'
20240412@080344.8179 s5s6jhk9fdnlkb0rmb2u8edvhj Query : select fieldkey,fieldname,fieldtype,mandatory from wsfi039fields
20240412@080344.8202 s5s6jhk9fdnlkb0rmb2u8edvhj Query : select 1 valor from information_schema.tables where table_type='base table' and table_name='wsfi2039fields'
20240412@080344.8236 s5s6jhk9fdnlkb0rmb2u8edvhj Query : select fieldkey,fieldname,fieldtype,mandatory from wsfi2039fields
20240412@080344.8240 s5s6jhk9fdnlkb0rmb2u8edvhj Query : select top 1 convert(numeric(6,2),t.taxa) valor from taxasiva t where t.codigo='2'
20240412@080344.8253 s5s6jhk9fdnlkb0rmb2u8edvhj Query : select 1 valor from information_schema.tables where table_type='base table' and table_name='wsfi039fields'
20240412@080344.8267 s5s6jhk9fdnlkb0rmb2u8edvhj Query : select fieldkey,fieldname,fieldtype,calcformula from wsfi039fields
20240412@080344.8296 s5s6jhk9fdnlkb0rmb2u8edvhj Query : insert into wsfi039data (fistamp,ousrdata, ousrhora, usrdata,usrhora,ousrinis,usrinis ,qtt ,ftstamp ,epv,pvmoeda ,tabiva,iva,lordem ,ref, design ,armazem) values ('aut6618d327066618dcd0c9',getdate(),convert(char(8),convert (time,getdate())),getdate(),convert(char(8),convert (time,getdate())),'wsv','wsv',0 ,'aut6618d765576618dccf6d' ,0,0 ,2,23.00,230000,?,?,?)
20240412@080344.8584 s5s6jhk9fdnlkb0rmb2u8edvhj Query : select 1 valor from information_schema.tables where table_type='base table' and table_name='wsfi2039fields'
20240412@080344.8601 s5s6jhk9fdnlkb0rmb2u8edvhj Query : select fieldkey,fieldname,fieldtype,calcformula from wsfi2039fields
20240412@080344.8606 s5s6jhk9fdnlkb0rmb2u8edvhj Query : insert into wsfi2039data (fi2stamp,ftstamp ,ousrdata, ousrhora, usrdata,usrhora,ousrinis,usrinis) values ('aut6618d327066618dcd0c9','aut6618d765576618dccf6d' ,getdate(),convert(char(8),convert (time,getdate())),getdate(),convert(char(8),convert (time,getdate())),'wsv','wsv')
20240412@080344.8611 s5s6jhk9fdnlkb0rmb2u8edvhj Query : use flama_phc
20240412@080344.8616 s5s6jhk9fdnlkb0rmb2u8edvhj Query : select st.usalote valor from st where st.ref = '324.657.00.01'
20240412@080344.8629 s5s6jhk9fdnlkb0rmb2u8edvhj Query : select top 1 st.tabiva ,st.ivaincl ,st.stns ,st.uni2 ,st.familia ,isnull(tx.taxa, 0) txiva ,unidade ,usalote ,epcpond ,noserie from st left join taxasiva tx on st.tabiva = tx.codigo where st.ref = '324.657.00.01'
20240412@080344.8644 s5s6jhk9fdnlkb0rmb2u8edvhj Query : select 1 valor from information_schema.tables where table_type='base table' and table_name='wsfi039fields'
20240412@080344.8661 s5s6jhk9fdnlkb0rmb2u8edvhj Query : select fieldkey,fieldname,fieldtype,mandatory from wsfi039fields
20240412@080344.8692 s5s6jhk9fdnlkb0rmb2u8edvhj Query : select 1 valor from information_schema.tables where table_type='base table' and table_name='wsfi2039fields'
20240412@080344.8708 s5s6jhk9fdnlkb0rmb2u8edvhj Query : select fieldkey,fieldname,fieldtype,mandatory from wsfi2039fields
20240412@080344.8714 s5s6jhk9fdnlkb0rmb2u8edvhj Query : select sestamp valor from se where ref ='324.657.00.01' and lote = 'r2301261100a'
20240412@080344.8750 s5s6jhk9fdnlkb0rmb2u8edvhj Query : select top 1 convert(numeric(6,2),t.taxa) valor from taxasiva t where t.codigo='2'
20240412@080344.8762 s5s6jhk9fdnlkb0rmb2u8edvhj Query : select 1 valor from information_schema.tables where table_type='base table' and table_name='wsfi039fields'
20240412@080344.8858 s5s6jhk9fdnlkb0rmb2u8edvhj Query : select fieldkey,fieldname,fieldtype,calcformula from wsfi039fields
20240412@080344.8922 s5s6jhk9fdnlkb0rmb2u8edvhj Query : insert into wsfi039data (fistamp,ousrdata, ousrhora, usrdata,usrhora,ousrinis,usrinis ,qtt ,ftstamp ,epv,pvmoeda ,tabiva,iva,lordem ,ref, design ,lote,armazem,bistamp ) values ('aut6618d172266618dcd0d5',getdate(),convert(char(8),convert (time,getdate())),getdate(),convert(char(8),convert (time,getdate())),'wsv','wsv',24.000 ,'aut6618d765576618dccf6d' ,0,0 ,2,23.00,250000,?,?,?,?,?)
20240412@080344.9248 s5s6jhk9fdnlkb0rmb2u8edvhj Query : select 1 valor from information_schema.tables where table_type='base table' and table_name='wsfi2039fields'
20240412@080344.9269 s5s6jhk9fdnlkb0rmb2u8edvhj Query : select fieldkey,fieldname,fieldtype,calcformula from wsfi2039fields
20240412@080344.9274 s5s6jhk9fdnlkb0rmb2u8edvhj Query : insert into wsfi2039data (fi2stamp,ftstamp ,ousrdata, ousrhora, usrdata,usrhora,ousrinis,usrinis) values ('aut6618d172266618dcd0d5','aut6618d765576618dccf6d' ,getdate(),convert(char(8),convert (time,getdate())),getdate(),convert(char(8),convert (time,getdate())),'wsv','wsv')
20240412@080344.9279 s5s6jhk9fdnlkb0rmb2u8edvhj Query : select 1 valor from information_schema.tables where table_type='base table' and table_name='wsfi039fields'
20240412@080344.9292 s5s6jhk9fdnlkb0rmb2u8edvhj Query : select fieldkey,fieldname,fieldtype,mandatory from wsfi039fields
20240412@080344.9339 s5s6jhk9fdnlkb0rmb2u8edvhj Query : select 1 valor from information_schema.tables where table_type='base table' and table_name='wsfi2039fields'
20240412@080344.9352 s5s6jhk9fdnlkb0rmb2u8edvhj Query : select fieldkey,fieldname,fieldtype,mandatory from wsfi2039fields
20240412@080344.9356 s5s6jhk9fdnlkb0rmb2u8edvhj Query : select top 1 convert(numeric(6,2),t.taxa) valor from taxasiva t where t.codigo='2'
20240412@080344.9366 s5s6jhk9fdnlkb0rmb2u8edvhj Query : select 1 valor from information_schema.tables where table_type='base table' and table_name='wsfi039fields'
20240412@080344.9378 s5s6jhk9fdnlkb0rmb2u8edvhj Query : select fieldkey,fieldname,fieldtype,calcformula from wsfi039fields
20240412@080344.9405 s5s6jhk9fdnlkb0rmb2u8edvhj Query : insert into wsfi039data (fistamp,ousrdata, ousrhora, usrdata,usrhora,ousrinis,usrinis ,qtt ,ftstamp ,epv,pvmoeda ,tabiva,iva,lordem ,ref, design ,armazem) values ('aut6618d405896618dcd0e4',getdate(),convert(char(8),convert (time,getdate())),getdate(),convert(char(8),convert (time,getdate())),'wsv','wsv',0 ,'aut6618d765576618dccf6d' ,0,0 ,2,23.00,260000,?,?,?)
20240412@080344.9707 s5s6jhk9fdnlkb0rmb2u8edvhj Query : select 1 valor from information_schema.tables where table_type='base table' and table_name='wsfi2039fields'
20240412@080344.9728 s5s6jhk9fdnlkb0rmb2u8edvhj Query : select fieldkey,fieldname,fieldtype,calcformula from wsfi2039fields
20240412@080344.9734 s5s6jhk9fdnlkb0rmb2u8edvhj Query : insert into wsfi2039data (fi2stamp,ftstamp ,ousrdata, ousrhora, usrdata,usrhora,ousrinis,usrinis) values ('aut6618d405896618dcd0e4','aut6618d765576618dccf6d' ,getdate(),convert(char(8),convert (time,getdate())),getdate(),convert(char(8),convert (time,getdate())),'wsv','wsv')
20240412@080344.9739 s5s6jhk9fdnlkb0rmb2u8edvhj Query : use flama_phc
20240412@080344.9742 s5s6jhk9fdnlkb0rmb2u8edvhj Query : select st.usalote valor from st where st.ref = '324.657.00.01'
20240412@080344.9753 s5s6jhk9fdnlkb0rmb2u8edvhj Query : select top 1 st.tabiva ,st.ivaincl ,st.stns ,st.uni2 ,st.familia ,isnull(tx.taxa, 0) txiva ,unidade ,usalote ,epcpond ,noserie from st left join taxasiva tx on st.tabiva = tx.codigo where st.ref = '324.657.00.01'
20240412@080344.9765 s5s6jhk9fdnlkb0rmb2u8edvhj Query : select 1 valor from information_schema.tables where table_type='base table' and table_name='wsfi039fields'
20240412@080344.9778 s5s6jhk9fdnlkb0rmb2u8edvhj Query : select fieldkey,fieldname,fieldtype,mandatory from wsfi039fields
20240412@080344.9803 s5s6jhk9fdnlkb0rmb2u8edvhj Query : select 1 valor from information_schema.tables where table_type='base table' and table_name='wsfi2039fields'
20240412@080344.9816 s5s6jhk9fdnlkb0rmb2u8edvhj Query : select fieldkey,fieldname,fieldtype,mandatory from wsfi2039fields
20240412@080344.9821 s5s6jhk9fdnlkb0rmb2u8edvhj Query : select sestamp valor from se where ref ='324.657.00.01' and lote = 'r2301261100a'
20240412@080344.9831 s5s6jhk9fdnlkb0rmb2u8edvhj Query : select top 1 convert(numeric(6,2),t.taxa) valor from taxasiva t where t.codigo='2'
20240412@080344.9842 s5s6jhk9fdnlkb0rmb2u8edvhj Query : select 1 valor from information_schema.tables where table_type='base table' and table_name='wsfi039fields'
20240412@080344.9854 s5s6jhk9fdnlkb0rmb2u8edvhj Query : select fieldkey,fieldname,fieldtype,calcformula from wsfi039fields
20240412@080344.9907 s5s6jhk9fdnlkb0rmb2u8edvhj Query : insert into wsfi039data (fistamp,ousrdata, ousrhora, usrdata,usrhora,ousrinis,usrinis ,qtt ,ftstamp ,epv,pvmoeda ,tabiva,iva,lordem ,ref, design ,lote,armazem,bistamp ) values ('aut6618d780716618dcd0f0',getdate(),convert(char(8),convert (time,getdate())),getdate(),convert(char(8),convert (time,getdate())),'wsv','wsv',24.000 ,'aut6618d765576618dccf6d' ,0,0 ,2,23.00,280000,?,?,?,?,?)
20240412@080345.2290 s5s6jhk9fdnlkb0rmb2u8edvhj Query : select 1 valor from information_schema.tables where table_type='base table' and table_name='wsfi2039fields'
20240412@080345.2440 s5s6jhk9fdnlkb0rmb2u8edvhj Query : select fieldkey,fieldname,fieldtype,calcformula from wsfi2039fields
20240412@080345.2490 s5s6jhk9fdnlkb0rmb2u8edvhj Query : insert into wsfi2039data (fi2stamp,ftstamp ,ousrdata, ousrhora, usrdata,usrhora,ousrinis,usrinis) values ('aut6618d780716618dcd0f0','aut6618d765576618dccf6d' ,getdate(),convert(char(8),convert (time,getdate())),getdate(),convert(char(8),convert (time,getdate())),'wsv','wsv')
20240412@080345.2550 s5s6jhk9fdnlkb0rmb2u8edvhj Query : select 1 valor from information_schema.tables where table_type='base table' and table_name='wsfi039fields'
20240412@080345.2720 s5s6jhk9fdnlkb0rmb2u8edvhj Query : select fieldkey,fieldname,fieldtype,mandatory from wsfi039fields
20240412@080345.3060 s5s6jhk9fdnlkb0rmb2u8edvhj Query : select 1 valor from information_schema.tables where table_type='base table' and table_name='wsfi2039fields'
20240412@080345.3230 s5s6jhk9fdnlkb0rmb2u8edvhj Query : select fieldkey,fieldname,fieldtype,mandatory from wsfi2039fields
20240412@080345.3280 s5s6jhk9fdnlkb0rmb2u8edvhj Query : select top 1 convert(numeric(6,2),t.taxa) valor from taxasiva t where t.codigo='2'
20240412@080345.3400 s5s6jhk9fdnlkb0rmb2u8edvhj Query : select 1 valor from information_schema.tables where table_type='base table' and table_name='wsfi039fields'
20240412@080345.3540 s5s6jhk9fdnlkb0rmb2u8edvhj Query : select fieldkey,fieldname,fieldtype,calcformula from wsfi039fields
20240412@080345.3830 s5s6jhk9fdnlkb0rmb2u8edvhj Query : insert into wsfi039data (fistamp,ousrdata, ousrhora, usrdata,usrhora,ousrinis,usrinis ,qtt ,ftstamp ,epv,pvmoeda ,tabiva,iva,lordem ,ref, design ,armazem) values ('aut6618d075696618dcd108',getdate(),convert(char(8),convert (time,getdate())),getdate(),convert(char(8),convert (time,getdate())),'wsv','wsv',0 ,'aut6618d765576618dccf6d' ,0,0 ,2,23.00,290000,?,?,?)
20240412@080345.7340 s5s6jhk9fdnlkb0rmb2u8edvhj Query : select 1 valor from information_schema.tables where table_type='base table' and table_name='wsfi2039fields'
20240412@080345.7500 s5s6jhk9fdnlkb0rmb2u8edvhj Query : select fieldkey,fieldname,fieldtype,calcformula from wsfi2039fields
20240412@080345.7550 s5s6jhk9fdnlkb0rmb2u8edvhj Query : insert into wsfi2039data (fi2stamp,ftstamp ,ousrdata, ousrhora, usrdata,usrhora,ousrinis,usrinis) values ('aut6618d075696618dcd108','aut6618d765576618dccf6d' ,getdate(),convert(char(8),convert (time,getdate())),getdate(),convert(char(8),convert (time,getdate())),'wsv','wsv')
20240412@080345.7590 s5s6jhk9fdnlkb0rmb2u8edvhj Query : use flama_phc
20240412@080345.7630 s5s6jhk9fdnlkb0rmb2u8edvhj Query : select st.usalote valor from st where st.ref = '324.657.00.01'
20240412@080345.7750 s5s6jhk9fdnlkb0rmb2u8edvhj Query : select top 1 st.tabiva ,st.ivaincl ,st.stns ,st.uni2 ,st.familia ,isnull(tx.taxa, 0) txiva ,unidade ,usalote ,epcpond ,noserie from st left join taxasiva tx on st.tabiva = tx.codigo where st.ref = '324.657.00.01'
20240412@080345.7900 s5s6jhk9fdnlkb0rmb2u8edvhj Query : select 1 valor from information_schema.tables where table_type='base table' and table_name='wsfi039fields'
20240412@080345.8040 s5s6jhk9fdnlkb0rmb2u8edvhj Query : select fieldkey,fieldname,fieldtype,mandatory from wsfi039fields
20240412@080345.8270 s5s6jhk9fdnlkb0rmb2u8edvhj Query : select 1 valor from information_schema.tables where table_type='base table' and table_name='wsfi2039fields'
20240412@080345.8400 s5s6jhk9fdnlkb0rmb2u8edvhj Query : select fieldkey,fieldname,fieldtype,mandatory from wsfi2039fields
20240412@080345.8460 s5s6jhk9fdnlkb0rmb2u8edvhj Query : select sestamp valor from se where ref ='324.657.00.01' and lote = 'r2301261100a'
20240412@080345.8560 s5s6jhk9fdnlkb0rmb2u8edvhj Query : select top 1 convert(numeric(6,2),t.taxa) valor from taxasiva t where t.codigo='2'
20240412@080345.8660 s5s6jhk9fdnlkb0rmb2u8edvhj Query : select 1 valor from information_schema.tables where table_type='base table' and table_name='wsfi039fields'
20240412@080345.8780 s5s6jhk9fdnlkb0rmb2u8edvhj Query : select fieldkey,fieldname,fieldtype,calcformula from wsfi039fields
20240412@080345.9000 s5s6jhk9fdnlkb0rmb2u8edvhj Query : insert into wsfi039data (fistamp,ousrdata, ousrhora, usrdata,usrhora,ousrinis,usrinis ,qtt ,ftstamp ,epv,pvmoeda ,tabiva,iva,lordem ,ref, design ,lote,armazem,bistamp ) values ('aut6618d062616618dcd115',getdate(),convert(char(8),convert (time,getdate())),getdate(),convert(char(8),convert (time,getdate())),'wsv','wsv',24.000 ,'aut6618d765576618dccf6d' ,0,0 ,2,23.00,310000,?,?,?,?,?)
20240412@080345.1227 s5s6jhk9fdnlkb0rmb2u8edvhj Query : select 1 valor from information_schema.tables where table_type='base table' and table_name='wsfi2039fields'
20240412@080345.1243 s5s6jhk9fdnlkb0rmb2u8edvhj Query : select fieldkey,fieldname,fieldtype,calcformula from wsfi2039fields
20240412@080345.1248 s5s6jhk9fdnlkb0rmb2u8edvhj Query : insert into wsfi2039data (fi2stamp,ftstamp ,ousrdata, ousrhora, usrdata,usrhora,ousrinis,usrinis) values ('aut6618d062616618dcd115','aut6618d765576618dccf6d' ,getdate(),convert(char(8),convert (time,getdate())),getdate(),convert(char(8),convert (time,getdate())),'wsv','wsv')
20240412@080345.1254 s5s6jhk9fdnlkb0rmb2u8edvhj Query : select 1 valor from information_schema.tables where table_type='base table' and table_name='wsfi039fields'
20240412@080345.1268 s5s6jhk9fdnlkb0rmb2u8edvhj Query : select fieldkey,fieldname,fieldtype,mandatory from wsfi039fields
20240412@080345.1293 s5s6jhk9fdnlkb0rmb2u8edvhj Query : select 1 valor from information_schema.tables where table_type='base table' and table_name='wsfi2039fields'
20240412@080345.1306 s5s6jhk9fdnlkb0rmb2u8edvhj Query : select fieldkey,fieldname,fieldtype,mandatory from wsfi2039fields
20240412@080345.1311 s5s6jhk9fdnlkb0rmb2u8edvhj Query : select top 1 convert(numeric(6,2),t.taxa) valor from taxasiva t where t.codigo='2'
20240412@080345.1321 s5s6jhk9fdnlkb0rmb2u8edvhj Query : select 1 valor from information_schema.tables where table_type='base table' and table_name='wsfi039fields'
20240412@080345.1333 s5s6jhk9fdnlkb0rmb2u8edvhj Query : select fieldkey,fieldname,fieldtype,calcformula from wsfi039fields
20240412@080345.1357 s5s6jhk9fdnlkb0rmb2u8edvhj Query : insert into wsfi039data (fistamp,ousrdata, ousrhora, usrdata,usrhora,ousrinis,usrinis ,qtt ,ftstamp ,epv,pvmoeda ,tabiva,iva,lordem ,ref, design ,armazem) values ('aut6618d819416618dcd120',getdate(),convert(char(8),convert (time,getdate())),getdate(),convert(char(8),convert (time,getdate())),'wsv','wsv',0 ,'aut6618d765576618dccf6d' ,0,0 ,2,23.00,320000,?,?,?)
20240412@080345.1677 s5s6jhk9fdnlkb0rmb2u8edvhj Query : select 1 valor from information_schema.tables where table_type='base table' and table_name='wsfi2039fields'
20240412@080345.1694 s5s6jhk9fdnlkb0rmb2u8edvhj Query : select fieldkey,fieldname,fieldtype,calcformula from wsfi2039fields
20240412@080345.1699 s5s6jhk9fdnlkb0rmb2u8edvhj Query : insert into wsfi2039data (fi2stamp,ftstamp ,ousrdata, ousrhora, usrdata,usrhora,ousrinis,usrinis) values ('aut6618d819416618dcd120','aut6618d765576618dccf6d' ,getdate(),convert(char(8),convert (time,getdate())),getdate(),convert(char(8),convert (time,getdate())),'wsv','wsv')
20240412@080345.1705 s5s6jhk9fdnlkb0rmb2u8edvhj Query : use flama_phc
20240412@080345.1713 s5s6jhk9fdnlkb0rmb2u8edvhj Query : select st.usalote valor from st where st.ref = '324.657.00.01'
20240412@080345.1725 s5s6jhk9fdnlkb0rmb2u8edvhj Query : select top 1 st.tabiva ,st.ivaincl ,st.stns ,st.uni2 ,st.familia ,isnull(tx.taxa, 0) txiva ,unidade ,usalote ,epcpond ,noserie from st left join taxasiva tx on st.tabiva = tx.codigo where st.ref = '324.657.00.01'
20240412@080345.1939 s5s6jhk9fdnlkb0rmb2u8edvhj Query : select 1 valor from information_schema.tables where table_type='base table' and table_name='wsfi039fields'
20240412@080345.2256 s5s6jhk9fdnlkb0rmb2u8edvhj Query : select fieldkey,fieldname,fieldtype,mandatory from wsfi039fields
20240412@080345.2974 s5s6jhk9fdnlkb0rmb2u8edvhj Query : select 1 valor from information_schema.tables where table_type='base table' and table_name='wsfi2039fields'
20240412@080345.3358 s5s6jhk9fdnlkb0rmb2u8edvhj Query : select fieldkey,fieldname,fieldtype,mandatory from wsfi2039fields
20240412@080345.4278 s5s6jhk9fdnlkb0rmb2u8edvhj Query : select sestamp valor from se where ref ='324.657.00.01' and lote = 'r2301261100a'
20240412@080345.4790 s5s6jhk9fdnlkb0rmb2u8edvhj Query : select top 1 convert(numeric(6,2),t.taxa) valor from taxasiva t where t.codigo='2'
20240412@080345.4810 s5s6jhk9fdnlkb0rmb2u8edvhj Query : select 1 valor from information_schema.tables where table_type='base table' and table_name='wsfi039fields'
20240412@080345.4828 s5s6jhk9fdnlkb0rmb2u8edvhj Query : select fieldkey,fieldname,fieldtype,calcformula from wsfi039fields
20240412@080345.4855 s5s6jhk9fdnlkb0rmb2u8edvhj Query : insert into wsfi039data (fistamp,ousrdata, ousrhora, usrdata,usrhora,ousrinis,usrinis ,qtt ,ftstamp ,epv,pvmoeda ,tabiva,iva,lordem ,ref, design ,lote,armazem,bistamp ) values ('aut6618d212996618dcd175',getdate(),convert(char(8),convert (time,getdate())),getdate(),convert(char(8),convert (time,getdate())),'wsv','wsv',24.000 ,'aut6618d765576618dccf6d' ,0,0 ,2,23.00,340000,?,?,?,?,?)
20240412@080345.5157 s5s6jhk9fdnlkb0rmb2u8edvhj Query : select 1 valor from information_schema.tables where table_type='base table' and table_name='wsfi2039fields'
20240412@080345.5176 s5s6jhk9fdnlkb0rmb2u8edvhj Query : select fieldkey,fieldname,fieldtype,calcformula from wsfi2039fields
20240412@080345.5181 s5s6jhk9fdnlkb0rmb2u8edvhj Query : insert into wsfi2039data (fi2stamp,ftstamp ,ousrdata, ousrhora, usrdata,usrhora,ousrinis,usrinis) values ('aut6618d212996618dcd175','aut6618d765576618dccf6d' ,getdate(),convert(char(8),convert (time,getdate())),getdate(),convert(char(8),convert (time,getdate())),'wsv','wsv')
20240412@080345.5187 s5s6jhk9fdnlkb0rmb2u8edvhj Query : select 1 valor from information_schema.tables where table_type='base table' and table_name='wsfi039fields'
20240412@080345.5225 s5s6jhk9fdnlkb0rmb2u8edvhj Query : select fieldkey,fieldname,fieldtype,mandatory from wsfi039fields
20240412@080345.5253 s5s6jhk9fdnlkb0rmb2u8edvhj Query : select 1 valor from information_schema.tables where table_type='base table' and table_name='wsfi2039fields'
20240412@080345.5267 s5s6jhk9fdnlkb0rmb2u8edvhj Query : select fieldkey,fieldname,fieldtype,mandatory from wsfi2039fields
20240412@080345.5272 s5s6jhk9fdnlkb0rmb2u8edvhj Query : select top 1 convert(numeric(6,2),t.taxa) valor from taxasiva t where t.codigo='2'
20240412@080345.5283 s5s6jhk9fdnlkb0rmb2u8edvhj Query : select 1 valor from information_schema.tables where table_type='base table' and table_name='wsfi039fields'
20240412@080345.5297 s5s6jhk9fdnlkb0rmb2u8edvhj Query : select fieldkey,fieldname,fieldtype,calcformula from wsfi039fields
20240412@080345.5328 s5s6jhk9fdnlkb0rmb2u8edvhj Query : insert into wsfi039data (fistamp,ousrdata, ousrhora, usrdata,usrhora,ousrinis,usrinis ,qtt ,ftstamp ,epv,pvmoeda ,tabiva,iva,lordem ,ref, design ,armazem) values ('aut6618d562366618dcd180',getdate(),convert(char(8),convert (time,getdate())),getdate(),convert(char(8),convert (time,getdate())),'wsv','wsv',0 ,'aut6618d765576618dccf6d' ,0,0 ,2,23.00,350000,?,?,?)
20240412@080345.5620 s5s6jhk9fdnlkb0rmb2u8edvhj Query : select 1 valor from information_schema.tables where table_type='base table' and table_name='wsfi2039fields'
20240412@080345.5657 s5s6jhk9fdnlkb0rmb2u8edvhj Query : select fieldkey,fieldname,fieldtype,calcformula from wsfi2039fields
20240412@080345.5662 s5s6jhk9fdnlkb0rmb2u8edvhj Query : insert into wsfi2039data (fi2stamp,ftstamp ,ousrdata, ousrhora, usrdata,usrhora,ousrinis,usrinis) values ('aut6618d562366618dcd180','aut6618d765576618dccf6d' ,getdate(),convert(char(8),convert (time,getdate())),getdate(),convert(char(8),convert (time,getdate())),'wsv','wsv')
20240412@080345.5668 s5s6jhk9fdnlkb0rmb2u8edvhj Query : use flama_phc
20240412@080345.5672 s5s6jhk9fdnlkb0rmb2u8edvhj Query : select st.usalote valor from st where st.ref = '324.657.00.01'
20240412@080345.5683 s5s6jhk9fdnlkb0rmb2u8edvhj Query : select top 1 st.tabiva ,st.ivaincl ,st.stns ,st.uni2 ,st.familia ,isnull(tx.taxa, 0) txiva ,unidade ,usalote ,epcpond ,noserie from st left join taxasiva tx on st.tabiva = tx.codigo where st.ref = '324.657.00.01'
20240412@080345.5693 s5s6jhk9fdnlkb0rmb2u8edvhj Query : select 1 valor from information_schema.tables where table_type='base table' and table_name='wsfi039fields'
20240412@080345.5707 s5s6jhk9fdnlkb0rmb2u8edvhj Query : select fieldkey,fieldname,fieldtype,mandatory from wsfi039fields
20240412@080345.5736 s5s6jhk9fdnlkb0rmb2u8edvhj Query : select 1 valor from information_schema.tables where table_type='base table' and table_name='wsfi2039fields'
20240412@080345.5754 s5s6jhk9fdnlkb0rmb2u8edvhj Query : select fieldkey,fieldname,fieldtype,mandatory from wsfi2039fields
20240412@080345.5759 s5s6jhk9fdnlkb0rmb2u8edvhj Query : select sestamp valor from se where ref ='324.657.00.01' and lote = 'r2301261100a'
20240412@080345.5773 s5s6jhk9fdnlkb0rmb2u8edvhj Query : select top 1 convert(numeric(6,2),t.taxa) valor from taxasiva t where t.codigo='2'
20240412@080345.5787 s5s6jhk9fdnlkb0rmb2u8edvhj Query : select 1 valor from information_schema.tables where table_type='base table' and table_name='wsfi039fields'
20240412@080345.5824 s5s6jhk9fdnlkb0rmb2u8edvhj Query : select fieldkey,fieldname,fieldtype,calcformula from wsfi039fields
20240412@080345.5850 s5s6jhk9fdnlkb0rmb2u8edvhj Query : insert into wsfi039data (fistamp,ousrdata, ousrhora, usrdata,usrhora,ousrinis,usrinis ,qtt ,ftstamp ,epv,pvmoeda ,tabiva,iva,lordem ,ref, design ,lote,armazem,bistamp ) values ('aut6618d063886618dcd18d',getdate(),convert(char(8),convert (time,getdate())),getdate(),convert(char(8),convert (time,getdate())),'wsv','wsv',24.000 ,'aut6618d765576618dccf6d' ,0,0 ,2,23.00,370000,?,?,?,?,?)
20240412@080345.6178 s5s6jhk9fdnlkb0rmb2u8edvhj Query : select 1 valor from information_schema.tables where table_type='base table' and table_name='wsfi2039fields'
20240412@080345.6199 s5s6jhk9fdnlkb0rmb2u8edvhj Query : select fieldkey,fieldname,fieldtype,calcformula from wsfi2039fields
20240412@080345.6204 s5s6jhk9fdnlkb0rmb2u8edvhj Query : insert into wsfi2039data (fi2stamp,ftstamp ,ousrdata, ousrhora, usrdata,usrhora,ousrinis,usrinis) values ('aut6618d063886618dcd18d','aut6618d765576618dccf6d' ,getdate(),convert(char(8),convert (time,getdate())),getdate(),convert(char(8),convert (time,getdate())),'wsv','wsv')
20240412@080345.6210 s5s6jhk9fdnlkb0rmb2u8edvhj Query : select 1 valor from information_schema.tables where table_type='base table' and table_name='wsfi039fields'
20240412@080345.6227 s5s6jhk9fdnlkb0rmb2u8edvhj Query : select fieldkey,fieldname,fieldtype,mandatory from wsfi039fields
20240412@080345.6254 s5s6jhk9fdnlkb0rmb2u8edvhj Query : select 1 valor from information_schema.tables where table_type='base table' and table_name='wsfi2039fields'
20240412@080345.6268 s5s6jhk9fdnlkb0rmb2u8edvhj Query : select fieldkey,fieldname,fieldtype,mandatory from wsfi2039fields
20240412@080345.6273 s5s6jhk9fdnlkb0rmb2u8edvhj Query : select top 1 convert(numeric(6,2),t.taxa) valor from taxasiva t where t.codigo='2'
20240412@080345.6284 s5s6jhk9fdnlkb0rmb2u8edvhj Query : select 1 valor from information_schema.tables where table_type='base table' and table_name='wsfi039fields'
20240412@080345.6322 s5s6jhk9fdnlkb0rmb2u8edvhj Query : select fieldkey,fieldname,fieldtype,calcformula from wsfi039fields
20240412@080345.6350 s5s6jhk9fdnlkb0rmb2u8edvhj Query : insert into wsfi039data (fistamp,ousrdata, ousrhora, usrdata,usrhora,ousrinis,usrinis ,qtt ,ftstamp ,epv,pvmoeda ,tabiva,iva,lordem ,ref, design ,armazem) values ('aut6618d857816618dcd199',getdate(),convert(char(8),convert (time,getdate())),getdate(),convert(char(8),convert (time,getdate())),'wsv','wsv',0 ,'aut6618d765576618dccf6d' ,0,0 ,2,23.00,380000,?,?,?)
20240412@080345.6681 s5s6jhk9fdnlkb0rmb2u8edvhj Query : select 1 valor from information_schema.tables where table_type='base table' and table_name='wsfi2039fields'
20240412@080345.6704 s5s6jhk9fdnlkb0rmb2u8edvhj Query : select fieldkey,fieldname,fieldtype,calcformula from wsfi2039fields
20240412@080345.6709 s5s6jhk9fdnlkb0rmb2u8edvhj Query : insert into wsfi2039data (fi2stamp,ftstamp ,ousrdata, ousrhora, usrdata,usrhora,ousrinis,usrinis) values ('aut6618d857816618dcd199','aut6618d765576618dccf6d' ,getdate(),convert(char(8),convert (time,getdate())),getdate(),convert(char(8),convert (time,getdate())),'wsv','wsv')
20240412@080345.6715 s5s6jhk9fdnlkb0rmb2u8edvhj Query : use flama_phc
20240412@080345.6719 s5s6jhk9fdnlkb0rmb2u8edvhj Query : select st.usalote valor from st where st.ref = '324.657.00.01'
20240412@080345.6733 s5s6jhk9fdnlkb0rmb2u8edvhj Query : select top 1 st.tabiva ,st.ivaincl ,st.stns ,st.uni2 ,st.familia ,isnull(tx.taxa, 0) txiva ,unidade ,usalote ,epcpond ,noserie from st left join taxasiva tx on st.tabiva = tx.codigo where st.ref = '324.657.00.01'
20240412@080345.6746 s5s6jhk9fdnlkb0rmb2u8edvhj Query : select 1 valor from information_schema.tables where table_type='base table' and table_name='wsfi039fields'
20240412@080345.6762 s5s6jhk9fdnlkb0rmb2u8edvhj Query : select fieldkey,fieldname,fieldtype,mandatory from wsfi039fields
20240412@080345.6795 s5s6jhk9fdnlkb0rmb2u8edvhj Query : select 1 valor from information_schema.tables where table_type='base table' and table_name='wsfi2039fields'
20240412@080345.6836 s5s6jhk9fdnlkb0rmb2u8edvhj Query : select fieldkey,fieldname,fieldtype,mandatory from wsfi2039fields
20240412@080345.6841 s5s6jhk9fdnlkb0rmb2u8edvhj Query : select sestamp valor from se where ref ='324.657.00.01' and lote = 'r2301261100a'
20240412@080345.6855 s5s6jhk9fdnlkb0rmb2u8edvhj Query : select top 1 convert(numeric(6,2),t.taxa) valor from taxasiva t where t.codigo='2'
20240412@080345.6871 s5s6jhk9fdnlkb0rmb2u8edvhj Query : select 1 valor from information_schema.tables where table_type='base table' and table_name='wsfi039fields'
20240412@080345.6889 s5s6jhk9fdnlkb0rmb2u8edvhj Query : select fieldkey,fieldname,fieldtype,calcformula from wsfi039fields
20240412@080345.6921 s5s6jhk9fdnlkb0rmb2u8edvhj Query : insert into wsfi039data (fistamp,ousrdata, ousrhora, usrdata,usrhora,ousrinis,usrinis ,qtt ,ftstamp ,epv,pvmoeda ,tabiva,iva,lordem ,ref, design ,lote,armazem,bistamp ) values ('aut6618d417906618dcd1a7',getdate(),convert(char(8),convert (time,getdate())),getdate(),convert(char(8),convert (time,getdate())),'wsv','wsv',11.000 ,'aut6618d765576618dccf6d' ,0,0 ,2,23.00,400000,?,?,?,?,?)
20240412@080345.7254 s5s6jhk9fdnlkb0rmb2u8edvhj Query : select 1 valor from information_schema.tables where table_type='base table' and table_name='wsfi2039fields'
20240412@080345.7275 s5s6jhk9fdnlkb0rmb2u8edvhj Query : select fieldkey,fieldname,fieldtype,calcformula from wsfi2039fields
20240412@080345.7280 s5s6jhk9fdnlkb0rmb2u8edvhj Query : insert into wsfi2039data (fi2stamp,ftstamp ,ousrdata, ousrhora, usrdata,usrhora,ousrinis,usrinis) values ('aut6618d417906618dcd1a7','aut6618d765576618dccf6d' ,getdate(),convert(char(8),convert (time,getdate())),getdate(),convert(char(8),convert (time,getdate())),'wsv','wsv')
20240412@080345.7286 s5s6jhk9fdnlkb0rmb2u8edvhj Query : select 1 valor from information_schema.tables where table_type='base table' and table_name='wsfi039fields'
20240412@080345.7301 s5s6jhk9fdnlkb0rmb2u8edvhj Query : select fieldkey,fieldname,fieldtype,mandatory from wsfi039fields
20240412@080345.7326 s5s6jhk9fdnlkb0rmb2u8edvhj Query : select 1 valor from information_schema.tables where table_type='base table' and table_name='wsfi2039fields'
20240412@080345.7339 s5s6jhk9fdnlkb0rmb2u8edvhj Query : select fieldkey,fieldname,fieldtype,mandatory from wsfi2039fields
20240412@080345.7344 s5s6jhk9fdnlkb0rmb2u8edvhj Query : select top 1 convert(numeric(6,2),t.taxa) valor from taxasiva t where t.codigo='2'
20240412@080345.7380 s5s6jhk9fdnlkb0rmb2u8edvhj Query : select 1 valor from information_schema.tables where table_type='base table' and table_name='wsfi039fields'
20240412@080345.7395 s5s6jhk9fdnlkb0rmb2u8edvhj Query : select fieldkey,fieldname,fieldtype,calcformula from wsfi039fields
20240412@080345.7421 s5s6jhk9fdnlkb0rmb2u8edvhj Query : insert into wsfi039data (fistamp,ousrdata, ousrhora, usrdata,usrhora,ousrinis,usrinis ,qtt ,ftstamp ,epv,pvmoeda ,tabiva,iva,lordem ,ref, design ,armazem) values ('aut6618d875726618dcd1b4',getdate(),convert(char(8),convert (time,getdate())),getdate(),convert(char(8),convert (time,getdate())),'wsv','wsv',0 ,'aut6618d765576618dccf6d' ,0,0 ,2,23.00,410000,?,?,?)
20240412@080345.7708 s5s6jhk9fdnlkb0rmb2u8edvhj Query : select 1 valor from information_schema.tables where table_type='base table' and table_name='wsfi2039fields'
20240412@080345.7729 s5s6jhk9fdnlkb0rmb2u8edvhj Query : select fieldkey,fieldname,fieldtype,calcformula from wsfi2039fields
20240412@080345.7733 s5s6jhk9fdnlkb0rmb2u8edvhj Query : insert into wsfi2039data (fi2stamp,ftstamp ,ousrdata, ousrhora, usrdata,usrhora,ousrinis,usrinis) values ('aut6618d875726618dcd1b4','aut6618d765576618dccf6d' ,getdate(),convert(char(8),convert (time,getdate())),getdate(),convert(char(8),convert (time,getdate())),'wsv','wsv')
20240412@080345.7738 s5s6jhk9fdnlkb0rmb2u8edvhj Query : insert into wsftcreationlog (initialftstamp,externalid,creationstatus,documenttypeid,idustamp) values ('aut6618d765576618dccf6d','2402690','wait',39,'ari17112337378,753000005')
20240412@080345.7756 s5s6jhk9fdnlkb0rmb2u8edvhj Query : use flama_phc
20240412@080345.7759 s5s6jhk9fdnlkb0rmb2u8edvhj Query : update u_wsusers set rqsttoken =? where userid ='userls001'
20240412@080345.7775 s5s6jhk9fdnlkb0rmb2u8edvhj Query : select concat(rtrim(relative_path),ltrim(name_new)) as valor from uploadfiles where uploadfile_id='1111';
20240412@080345.7796 s5s6jhk9fdnlkb0rmb2u8edvhj Query : update uploadfiles set whenupdated=current_timestamp where uploadfile_id='1111';
20240412@080345.7812 s5s6jhk9fdnlkb0rmb2u8edvhj Query : select concat(rtrim(relative_path),ltrim(name_new)) as valor from uploadfiles where uploadfile_id='1111';
20240412@080345.7826 s5s6jhk9fdnlkb0rmb2u8edvhj Query : update uploadfiles set whenupdated=current_timestamp where uploadfile_id='1111';
20240412@080345.8613 b8mhglv2aks2uklh3gsdl1vrs2 Query : insert into uploadfiles ( name_original, name_new, option_type, relative_path, whencreated ) values ( ?, ?, ?, ?, getdate() )
20240412@080345.8628 b8mhglv2aks2uklh3gsdl1vrs2 Query : select uploadfile_id valor from uploadfiles where name_new = ? and option_type = ? 
20240412@080345.8651 b8mhglv2aks2uklh3gsdl1vrs2 Query : select concat(rtrim(relative_path),ltrim(name_new)) as valor from uploadfiles where uploadfile_id='1112';
20240412@080345.8699 b8mhglv2aks2uklh3gsdl1vrs2 Query : update uploadfiles set whenupdated=current_timestamp where uploadfile_id='1112';
20240412@080345.8717 b8mhglv2aks2uklh3gsdl1vrs2 Query : select concat(rtrim(relative_path),ltrim(name_new)) as valor from uploadfiles where uploadfile_id='1112';
20240412@080345.8732 b8mhglv2aks2uklh3gsdl1vrs2 Query : update uploadfiles set whenupdated=current_timestamp where uploadfile_id='1112';
20240412@080345.8745 b8mhglv2aks2uklh3gsdl1vrs2 Query : use flama_phc
20240412@080345.8750 b8mhglv2aks2uklh3gsdl1vrs2 Query : select top 1 secretkey valor from u_wsusers u where u.userid = ? and u.inactivo=0
20240412@080345.8779 b8mhglv2aks2uklh3gsdl1vrs2 Query : use flama_phc
20240412@080345.8782 b8mhglv2aks2uklh3gsdl1vrs2 Query : select no, estab,szadrsdesc from szadrs where u_coddest=4740
20240412@080345.8831 b8mhglv2aks2uklh3gsdl1vrs2 Query : select top 1 isnull(design,'') valor from st (nolock) left join stobs (nolock) on st.ref = stobs.ref where st.ref = '324.682.00.01'
20240412@080345.9038 b8mhglv2aks2uklh3gsdl1vrs2 Query : select top 1 bistamp valor from bi inner join bo on bo.bostamp=bi.bostamp where bo.ndos =240 and bo.boano =2026 and bo.obrano = 2402691 and bi.ref ='324.682.00.01' and bi.lordem =1
20240412@080345.9429 b8mhglv2aks2uklh3gsdl1vrs2 Query : select top 1 isnull(design,'') valor from st (nolock) left join stobs (nolock) on st.ref = stobs.ref where st.ref = '324.682.00.01'
20240412@080345.9442 b8mhglv2aks2uklh3gsdl1vrs2 Query : select top 1 bistamp valor from bi inner join bo on bo.bostamp=bi.bostamp where bo.ndos =240 and bo.boano =2026 and bo.obrano = 2402691 and bi.ref ='324.682.00.01' and bi.lordem =1
20240412@080345.9449 b8mhglv2aks2uklh3gsdl1vrs2 Query : select top 1 isnull(design,'') valor from st (nolock) left join stobs (nolock) on st.ref = stobs.ref where st.ref = '324.682.00.01'
20240412@080345.9460 b8mhglv2aks2uklh3gsdl1vrs2 Query : select top 1 bistamp valor from bi inner join bo on bo.bostamp=bi.bostamp where bo.ndos =240 and bo.boano =2026 and bo.obrano = 2402691 and bi.ref ='324.682.00.01' and bi.lordem =1
20240412@080345.9466 b8mhglv2aks2uklh3gsdl1vrs2 Query : select top 1 isnull(design,'') valor from st (nolock) left join stobs (nolock) on st.ref = stobs.ref where st.ref = '324.682.00.01'
20240412@080345.9477 b8mhglv2aks2uklh3gsdl1vrs2 Query : select top 1 bistamp valor from bi inner join bo on bo.bostamp=bi.bostamp where bo.ndos =240 and bo.boano =2026 and bo.obrano = 2402691 and bi.ref ='324.682.00.01' and bi.lordem =1
20240412@080345.9509 b8mhglv2aks2uklh3gsdl1vrs2 Query : select top 1 isnull(design,'') valor from st (nolock) left join stobs (nolock) on st.ref = stobs.ref where st.ref = '324.682.00.01'
20240412@080345.9522 b8mhglv2aks2uklh3gsdl1vrs2 Query : select top 1 bistamp valor from bi inner join bo on bo.bostamp=bi.bostamp where bo.ndos =240 and bo.boano =2026 and bo.obrano = 2402691 and bi.ref ='324.682.00.01' and bi.lordem =1
20240412@080345.9528 b8mhglv2aks2uklh3gsdl1vrs2 Query : select top 1 isnull(design,'') valor from st (nolock) left join stobs (nolock) on st.ref = stobs.ref where st.ref = '324.682.00.01'
20240412@080345.9541 b8mhglv2aks2uklh3gsdl1vrs2 Query : select top 1 bistamp valor from bi inner join bo on bo.bostamp=bi.bostamp where bo.ndos =240 and bo.boano =2026 and bo.obrano = 2402691 and bi.ref ='324.682.00.01' and bi.lordem =1
20240412@080345.9548 b8mhglv2aks2uklh3gsdl1vrs2 Query : select top 1 isnull(design,'') valor from st (nolock) left join stobs (nolock) on st.ref = stobs.ref where st.ref = '324.682.00.01'
20240412@080345.9561 b8mhglv2aks2uklh3gsdl1vrs2 Query : select top 1 bistamp valor from bi inner join bo on bo.bostamp=bi.bostamp where bo.ndos =240 and bo.boano =2026 and bo.obrano = 2402691 and bi.ref ='324.682.00.01' and bi.lordem =1
20240412@080345.9568 b8mhglv2aks2uklh3gsdl1vrs2 Query : select top 1 isnull(design,'') valor from st (nolock) left join stobs (nolock) on st.ref = stobs.ref where st.ref = '324.682.00.01'
20240412@080345.9579 b8mhglv2aks2uklh3gsdl1vrs2 Query : select top 1 bistamp valor from bi inner join bo on bo.bostamp=bi.bostamp where bo.ndos =240 and bo.boano =2026 and bo.obrano = 2402691 and bi.ref ='324.682.00.01' and bi.lordem =1
20240412@080345.9586 b8mhglv2aks2uklh3gsdl1vrs2 Query : select top 1 isnull(design,'') valor from st (nolock) left join stobs (nolock) on st.ref = stobs.ref where st.ref = '324.682.00.01'
20240412@080345.9597 b8mhglv2aks2uklh3gsdl1vrs2 Query : select top 1 bistamp valor from bi inner join bo on bo.bostamp=bi.bostamp where bo.ndos =240 and bo.boano =2026 and bo.obrano = 2402691 and bi.ref ='324.682.00.01' and bi.lordem =1
20240412@080345.9603 b8mhglv2aks2uklh3gsdl1vrs2 Query : select top 1 isnull(design,'') valor from st (nolock) left join stobs (nolock) on st.ref = stobs.ref where st.ref = '324.682.00.01'
20240412@080345.9613 b8mhglv2aks2uklh3gsdl1vrs2 Query : select top 1 bistamp valor from bi inner join bo on bo.bostamp=bi.bostamp where bo.ndos =240 and bo.boano =2026 and bo.obrano = 2402691 and bi.ref ='324.682.00.01' and bi.lordem =1
20240412@080345.9620 b8mhglv2aks2uklh3gsdl1vrs2 Query : select top 1 isnull(design,'') valor from st (nolock) left join stobs (nolock) on st.ref = stobs.ref where st.ref = '324.682.00.01'
20240412@080345.9641 b8mhglv2aks2uklh3gsdl1vrs2 Query : select top 1 bistamp valor from bi inner join bo on bo.bostamp=bi.bostamp where bo.ndos =240 and bo.boano =2026 and bo.obrano = 2402691 and bi.ref ='324.682.00.01' and bi.lordem =1
20240412@080345.9648 b8mhglv2aks2uklh3gsdl1vrs2 Query : select top 1 isnull(design,'') valor from st (nolock) left join stobs (nolock) on st.ref = stobs.ref where st.ref = '324.682.00.01'
20240412@080345.9663 b8mhglv2aks2uklh3gsdl1vrs2 Query : select top 1 bistamp valor from bi inner join bo on bo.bostamp=bi.bostamp where bo.ndos =240 and bo.boano =2026 and bo.obrano = 2402691 and bi.ref ='324.682.00.01' and bi.lordem =1
20240412@080345.9671 b8mhglv2aks2uklh3gsdl1vrs2 Query : select top 1 isnull(design,'') valor from st (nolock) left join stobs (nolock) on st.ref = stobs.ref where st.ref = '324.682.00.01'
20240412@080345.9686 b8mhglv2aks2uklh3gsdl1vrs2 Query : select top 1 bistamp valor from bi inner join bo on bo.bostamp=bi.bostamp where bo.ndos =240 and bo.boano =2026 and bo.obrano = 2402691 and bi.ref ='324.682.00.01' and bi.lordem =1
20240412@080345.9693 b8mhglv2aks2uklh3gsdl1vrs2 Query : select top 1 isnull(design,'') valor from st (nolock) left join stobs (nolock) on st.ref = stobs.ref where st.ref = '324.682.00.01'
20240412@080345.9704 b8mhglv2aks2uklh3gsdl1vrs2 Query : select top 1 bistamp valor from bi inner join bo on bo.bostamp=bi.bostamp where bo.ndos =240 and bo.boano =2026 and bo.obrano = 2402691 and bi.ref ='324.682.00.01' and bi.lordem =1
20240412@080345.9710 b8mhglv2aks2uklh3gsdl1vrs2 Query : select top 1 isnull(design,'') valor from st (nolock) left join stobs (nolock) on st.ref = stobs.ref where st.ref = '324.682.00.01'
20240412@080345.9807 b8mhglv2aks2uklh3gsdl1vrs2 Query : select top 1 bistamp valor from bi inner join bo on bo.bostamp=bi.bostamp where bo.ndos =240 and bo.boano =2026 and bo.obrano = 2402691 and bi.ref ='324.682.00.01' and bi.lordem =1
20240412@080345.9890 b8mhglv2aks2uklh3gsdl1vrs2 Query : use flama_phc
20240412@080345.9934 b8mhglv2aks2uklh3gsdl1vrs2 Query : select top 1 convert(date,fdata) valor from ft where ndoc = 39 and anulado= 0 and fno>0 order by fdata desc
20240412@080345.9955 b8mhglv2aks2uklh3gsdl1vrs2 Query : use flama_phc
20240412@080345.9959 b8mhglv2aks2uklh3gsdl1vrs2 Query : select top 1 1 valor from td where td.ndoc = 39
20240412@080345.9974 b8mhglv2aks2uklh3gsdl1vrs2 Query : use flama_phc
20240412@080345.9984 b8mhglv2aks2uklh3gsdl1vrs2 Query : select descricao ,case when valor='s' then 1 else 0 end usalotes from para1 where descricao in ('st_lote')
20240412@080345.9998 b8mhglv2aks2uklh3gsdl1vrs2 Query : select top 1 assinadoc issigned ,td.lancasl stocks ,'cl' origin ,case when (cmsl between 1 and 50 ) then 1 else 0 end entrada ,case when (cmsl>50 ) then 1 else 0 end saida ,~lotestock validatestock ,tiposaft from td inner join td2 on td.tdstamp=td2.td2stamp where td.ndoc =39
20240412@080346.1900 b8mhglv2aks2uklh3gsdl1vrs2 Query : use flama_phc
20240412@080346.2400 b8mhglv2aks2uklh3gsdl1vrs2 Query : select top 1 ~inactivo valor from cl where no = '100810' and estab = 0 order by inactivo desc
20240412@080346.3800 b8mhglv2aks2uklh3gsdl1vrs2 Query : use flama_phc
20240412@080346.4300 b8mhglv2aks2uklh3gsdl1vrs2 Query : select top 1 tipodoc,regrd from td where ndoc = 39
20240412@080346.5700 b8mhglv2aks2uklh3gsdl1vrs2 Query : use flama_phc
20240412@080346.6100 b8mhglv2aks2uklh3gsdl1vrs2 Query : select szadrsstamp valor from szadrs where szadrsdesc='espaÇotrans,lda'
20240412@080346.7600 b8mhglv2aks2uklh3gsdl1vrs2 Query : use flama_phc
20240412@080346.8400 b8mhglv2aks2uklh3gsdl1vrs2 Query : select szadrsstamp valor from szadrs where szadrsdesc='100810 - worten-equipamentos para o lar,sa.'
20240412@080346.9800 b8mhglv2aks2uklh3gsdl1vrs2 Query : use flama_phc
20240412@080346.1020 b8mhglv2aks2uklh3gsdl1vrs2 Query : select 1 valor from td where ndoc = 39
20240412@080346.1200 b8mhglv2aks2uklh3gsdl1vrs2 Query : select top 1 manternumero, tiposaft, nmdos,td.assinadoc from td where td.ndoc = 39
20240412@080346.1370 b8mhglv2aks2uklh3gsdl1vrs2 Query : select 1 valor from information_schema.tables where table_type='base table' and table_name='wsft039fields'
20240412@080346.3670 b8mhglv2aks2uklh3gsdl1vrs2 Query : select fieldkey,fieldname,fieldtype,mandatory from wsft039fields
20240412@080346.6110 b8mhglv2aks2uklh3gsdl1vrs2 Query : select 1 valor from information_schema.tables where table_type='base table' and table_name='wsft2039fields'
20240412@080346.6300 b8mhglv2aks2uklh3gsdl1vrs2 Query : select fieldkey,fieldname,fieldtype,mandatory from wsft2039fields
20240412@080346.6650 b8mhglv2aks2uklh3gsdl1vrs2 Query : select 1 valor from information_schema.tables where table_type='base table' and table_name='wsft3039fields'
20240412@080346.6850 b8mhglv2aks2uklh3gsdl1vrs2 Query : select fieldkey,fieldname,fieldtype,mandatory from wsft3039fields
20240412@080346.6980 b8mhglv2aks2uklh3gsdl1vrs2 Query : select top 1 ft.fno valor from ft ft where ft.ndoc = 39 and ftano=2024 order by fno desc
20240412@080346.8260 b8mhglv2aks2uklh3gsdl1vrs2 Query : select top 1 ft.fno valor from wsft039data ft where ft.ndoc = 39 and ftano=2024 order by fno desc
20240412@080346.8370 b8mhglv2aks2uklh3gsdl1vrs2 Query : select 1 valor from information_schema.tables where table_type='base table' and table_name='wsft3039fields'
20240412@080346.8520 b8mhglv2aks2uklh3gsdl1vrs2 Query : select fieldkey,fieldname,fieldtype,calcformula from wsft3039fields
20240412@080346.8670 b8mhglv2aks2uklh3gsdl1vrs2 Query : insert into wsft3039data (ft3stamp, ousrdata, ousrhora, usrdata,usrhora,ousrinis,usrinis,taxpointdt ) values ('aut6618d846886618dcd211' ,getdate(),convert(char(8),convert (time,getdate())),getdate(),convert(char(8),convert (time,getdate())),'wsv','wsv',?)
20240412@080346.1116 b8mhglv2aks2uklh3gsdl1vrs2 Query : select 1 valor from information_schema.tables where table_type='base table' and table_name='wsft2039fields'
20240412@080346.1135 b8mhglv2aks2uklh3gsdl1vrs2 Query : select fieldkey,fieldname,fieldtype,calcformula from wsft2039fields
20240412@080346.1188 b8mhglv2aks2uklh3gsdl1vrs2 Query : select top 1 bo.u_nomeenv valor from bo where bo.bostamp=''
20240412@080346.1195 b8mhglv2aks2uklh3gsdl1vrs2 Query : select top 1 bo.u_moradaen valor from bo where bo.bostamp=''
20240412@080346.1209 b8mhglv2aks2uklh3gsdl1vrs2 Query : select top 1 bo.u_codposen valor from bo where bo.bostamp=''
20240412@080346.1216 b8mhglv2aks2uklh3gsdl1vrs2 Query : select top 1 bo.u_localenv valor from bo where bo.bostamp=''
20240412@080346.1223 b8mhglv2aks2uklh3gsdl1vrs2 Query : select top 1 bo.trab5 valor from bo where bo.bostamp=''
20240412@080346.1239 b8mhglv2aks2uklh3gsdl1vrs2 Query : select top 1 bo.serie valor from bo where bo.bostamp=''
20240412@080346.1245 b8mhglv2aks2uklh3gsdl1vrs2 Query : insert into wsft2039data (ft2stamp, ousrdata,ousrhora, usrdata,usrhora,ousrinis,usrinis,u_nomeenv ,u_moradaen ,u_codposen ,u_localenv ,u_coddest ,u_codby ) values ('aut6618d846886618dcd211',getdate(),convert(char(8),convert (time,getdate())),getdate(),convert(char(8),convert (time,getdate())),'wsv','wsv',?,?,?,?,?,?)
20240412@080346.1541 b8mhglv2aks2uklh3gsdl1vrs2 Query : select top 1 fno valor from wsft039data order by fno desc
20240412@080346.1562 b8mhglv2aks2uklh3gsdl1vrs2 Query : select 1 valor from information_schema.tables where table_type='base table' and table_name='wsft039fields'
20240412@080346.1582 b8mhglv2aks2uklh3gsdl1vrs2 Query : select fieldkey,fieldname,fieldtype,calcformula from wsft039fields
20240412@080346.1606 b8mhglv2aks2uklh3gsdl1vrs2 Query : insert into wsft039data (ftstamp, ousrdata,ousrhora, usrdata,usrhora,ousrinis,usrinis,fno,no,estab,fdata,ndoc,moeda,cambio,cambiofixo,ftano,cdata,chora,carga,descar,site ,classe ) values ('aut6618d846886618dcd211',getdate(),convert(char(8),convert (time,getdate())),getdate(),convert(char(8),convert (time,getdate())),'wsv','wsv',862,100810,0,'2024-04-12',39,'euro',0,0,2024 ,'20240412','0833',?,?,?,?)
20240412@080346.1968 b8mhglv2aks2uklh3gsdl1vrs2 Query : use flama_phc
20240412@080346.1973 b8mhglv2aks2uklh3gsdl1vrs2 Query : select st.usalote valor from st where st.ref = '324.682.00.01'
20240412@080346.1988 b8mhglv2aks2uklh3gsdl1vrs2 Query : select top 1 st.tabiva ,st.ivaincl ,st.stns ,st.uni2 ,st.familia ,isnull(tx.taxa, 0) txiva ,unidade ,usalote ,epcpond ,noserie from st left join taxasiva tx on st.tabiva = tx.codigo where st.ref = '324.682.00.01'
20240412@080346.2164 b8mhglv2aks2uklh3gsdl1vrs2 Query : select 1 valor from information_schema.tables where table_type='base table' and table_name='wsfi039fields'
20240412@080346.2180 b8mhglv2aks2uklh3gsdl1vrs2 Query : select fieldkey,fieldname,fieldtype,mandatory from wsfi039fields
20240412@080346.2206 b8mhglv2aks2uklh3gsdl1vrs2 Query : select 1 valor from information_schema.tables where table_type='base table' and table_name='wsfi2039fields'
20240412@080346.2222 b8mhglv2aks2uklh3gsdl1vrs2 Query : select fieldkey,fieldname,fieldtype,mandatory from wsfi2039fields
20240412@080346.2227 b8mhglv2aks2uklh3gsdl1vrs2 Query : select sestamp valor from se where ref ='324.682.00.01' and lote = 'r2301262200a'
20240412@080346.2239 b8mhglv2aks2uklh3gsdl1vrs2 Query : select top 1 convert(numeric(6,2),t.taxa) valor from taxasiva t where t.codigo='2'
20240412@080346.2251 b8mhglv2aks2uklh3gsdl1vrs2 Query : select 1 valor from information_schema.tables where table_type='base table' and table_name='wsfi039fields'
20240412@080346.2265 b8mhglv2aks2uklh3gsdl1vrs2 Query : select fieldkey,fieldname,fieldtype,calcformula from wsfi039fields
20240412@080346.2295 b8mhglv2aks2uklh3gsdl1vrs2 Query : insert into wsfi039data (fistamp,ousrdata, ousrhora, usrdata,usrhora,ousrinis,usrinis ,qtt ,ftstamp ,epv,pvmoeda ,tabiva,iva,lordem ,ref, design ,lote,armazem,bistamp ) values ('aut6618d274536618dcd236',getdate(),convert(char(8),convert (time,getdate())),getdate(),convert(char(8),convert (time,getdate())),'wsv','wsv',14.000 ,'aut6618d846886618dcd211' ,0,0 ,2,23.00,10000,?,?,?,?,?)
20240412@080346.2584 b8mhglv2aks2uklh3gsdl1vrs2 Query : select 1 valor from information_schema.tables where table_type='base table' and table_name='wsfi2039fields'
20240412@080346.2601 b8mhglv2aks2uklh3gsdl1vrs2 Query : select fieldkey,fieldname,fieldtype,calcformula from wsfi2039fields
20240412@080346.2606 b8mhglv2aks2uklh3gsdl1vrs2 Query : insert into wsfi2039data (fi2stamp,ftstamp ,ousrdata, ousrhora, usrdata,usrhora,ousrinis,usrinis) values ('aut6618d274536618dcd236','aut6618d846886618dcd211' ,getdate(),convert(char(8),convert (time,getdate())),getdate(),convert(char(8),convert (time,getdate())),'wsv','wsv')
20240412@080346.2612 b8mhglv2aks2uklh3gsdl1vrs2 Query : select 1 valor from information_schema.tables where table_type='base table' and table_name='wsfi039fields'
20240412@080346.2629 b8mhglv2aks2uklh3gsdl1vrs2 Query : select fieldkey,fieldname,fieldtype,mandatory from wsfi039fields
20240412@080346.2658 b8mhglv2aks2uklh3gsdl1vrs2 Query : select 1 valor from information_schema.tables where table_type='base table' and table_name='wsfi2039fields'
20240412@080346.2675 b8mhglv2aks2uklh3gsdl1vrs2 Query : select fieldkey,fieldname,fieldtype,mandatory from wsfi2039fields
20240412@080346.2681 b8mhglv2aks2uklh3gsdl1vrs2 Query : select top 1 convert(numeric(6,2),t.taxa) valor from taxasiva t where t.codigo='2'
20240412@080346.2692 b8mhglv2aks2uklh3gsdl1vrs2 Query : select 1 valor from information_schema.tables where table_type='base table' and table_name='wsfi039fields'
20240412@080346.2707 b8mhglv2aks2uklh3gsdl1vrs2 Query : select fieldkey,fieldname,fieldtype,calcformula from wsfi039fields
20240412@080346.2736 b8mhglv2aks2uklh3gsdl1vrs2 Query : insert into wsfi039data (fistamp,ousrdata, ousrhora, usrdata,usrhora,ousrinis,usrinis ,qtt ,ftstamp ,epv,pvmoeda ,tabiva,iva,lordem ,ref, design ,armazem) values ('aut6618d057796618dcd241',getdate(),convert(char(8),convert (time,getdate())),getdate(),convert(char(8),convert (time,getdate())),'wsv','wsv',0 ,'aut6618d846886618dcd211' ,0,0 ,2,23.00,20000,?,?,?)
20240412@080346.3057 b8mhglv2aks2uklh3gsdl1vrs2 Query : select 1 valor from information_schema.tables where table_type='base table' and table_name='wsfi2039fields'
20240412@080346.3074 b8mhglv2aks2uklh3gsdl1vrs2 Query : select fieldkey,fieldname,fieldtype,calcformula from wsfi2039fields
20240412@080346.3079 b8mhglv2aks2uklh3gsdl1vrs2 Query : insert into wsfi2039data (fi2stamp,ftstamp ,ousrdata, ousrhora, usrdata,usrhora,ousrinis,usrinis) values ('aut6618d057796618dcd241','aut6618d846886618dcd211' ,getdate(),convert(char(8),convert (time,getdate())),getdate(),convert(char(8),convert (time,getdate())),'wsv','wsv')
20240412@080346.3084 b8mhglv2aks2uklh3gsdl1vrs2 Query : use flama_phc
20240412@080346.3088 b8mhglv2aks2uklh3gsdl1vrs2 Query : select st.usalote valor from st where st.ref = '324.682.00.01'
20240412@080346.3102 b8mhglv2aks2uklh3gsdl1vrs2 Query : select top 1 st.tabiva ,st.ivaincl ,st.stns ,st.uni2 ,st.familia ,isnull(tx.taxa, 0) txiva ,unidade ,usalote ,epcpond ,noserie from st left join taxasiva tx on st.tabiva = tx.codigo where st.ref = '324.682.00.01'
20240412@080346.3114 b8mhglv2aks2uklh3gsdl1vrs2 Query : select 1 valor from information_schema.tables where table_type='base table' and table_name='wsfi039fields'
20240412@080346.3129 b8mhglv2aks2uklh3gsdl1vrs2 Query : select fieldkey,fieldname,fieldtype,mandatory from wsfi039fields
20240412@080346.3155 b8mhglv2aks2uklh3gsdl1vrs2 Query : select 1 valor from information_schema.tables where table_type='base table' and table_name='wsfi2039fields'
20240412@080346.3170 b8mhglv2aks2uklh3gsdl1vrs2 Query : select fieldkey,fieldname,fieldtype,mandatory from wsfi2039fields
20240412@080346.3174 b8mhglv2aks2uklh3gsdl1vrs2 Query : select sestamp valor from se where ref ='324.682.00.01' and lote = 'r2301262200a'
20240412@080346.3188 b8mhglv2aks2uklh3gsdl1vrs2 Query : select top 1 convert(numeric(6,2),t.taxa) valor from taxasiva t where t.codigo='2'
20240412@080346.3201 b8mhglv2aks2uklh3gsdl1vrs2 Query : select 1 valor from information_schema.tables where table_type='base table' and table_name='wsfi039fields'
20240412@080346.3215 b8mhglv2aks2uklh3gsdl1vrs2 Query : select fieldkey,fieldname,fieldtype,calcformula from wsfi039fields
20240412@080346.3244 b8mhglv2aks2uklh3gsdl1vrs2 Query : insert into wsfi039data (fistamp,ousrdata, ousrhora, usrdata,usrhora,ousrinis,usrinis ,qtt ,ftstamp ,epv,pvmoeda ,tabiva,iva,lordem ,ref, design ,lote,armazem,bistamp ) values ('aut6618d394326618dcd24e',getdate(),convert(char(8),convert (time,getdate())),getdate(),convert(char(8),convert (time,getdate())),'wsv','wsv',24.000 ,'aut6618d846886618dcd211' ,0,0 ,2,23.00,40000,?,?,?,?,?)
20240412@080346.3547 b8mhglv2aks2uklh3gsdl1vrs2 Query : select 1 valor from information_schema.tables where table_type='base table' and table_name='wsfi2039fields'
20240412@080346.3564 b8mhglv2aks2uklh3gsdl1vrs2 Query : select fieldkey,fieldname,fieldtype,calcformula from wsfi2039fields
20240412@080346.3569 b8mhglv2aks2uklh3gsdl1vrs2 Query : insert into wsfi2039data (fi2stamp,ftstamp ,ousrdata, ousrhora, usrdata,usrhora,ousrinis,usrinis) values ('aut6618d394326618dcd24e','aut6618d846886618dcd211' ,getdate(),convert(char(8),convert (time,getdate())),getdate(),convert(char(8),convert (time,getdate())),'wsv','wsv')
20240412@080346.3575 b8mhglv2aks2uklh3gsdl1vrs2 Query : select 1 valor from information_schema.tables where table_type='base table' and table_name='wsfi039fields'
20240412@080346.3591 b8mhglv2aks2uklh3gsdl1vrs2 Query : select fieldkey,fieldname,fieldtype,mandatory from wsfi039fields
20240412@080346.3612 b8mhglv2aks2uklh3gsdl1vrs2 Query : select 1 valor from information_schema.tables where table_type='base table' and table_name='wsfi2039fields'
20240412@080346.3629 b8mhglv2aks2uklh3gsdl1vrs2 Query : select fieldkey,fieldname,fieldtype,mandatory from wsfi2039fields
20240412@080346.3633 b8mhglv2aks2uklh3gsdl1vrs2 Query : select top 1 convert(numeric(6,2),t.taxa) valor from taxasiva t where t.codigo='2'
20240412@080346.3644 b8mhglv2aks2uklh3gsdl1vrs2 Query : select 1 valor from information_schema.tables where table_type='base table' and table_name='wsfi039fields'
20240412@080346.3657 b8mhglv2aks2uklh3gsdl1vrs2 Query : select fieldkey,fieldname,fieldtype,calcformula from wsfi039fields
20240412@080346.3687 b8mhglv2aks2uklh3gsdl1vrs2 Query : insert into wsfi039data (fistamp,ousrdata, ousrhora, usrdata,usrhora,ousrinis,usrinis ,qtt ,ftstamp ,epv,pvmoeda ,tabiva,iva,lordem ,ref, design ,armazem) values ('aut6618d101116618dcd258',getdate(),convert(char(8),convert (time,getdate())),getdate(),convert(char(8),convert (time,getdate())),'wsv','wsv',0 ,'aut6618d846886618dcd211' ,0,0 ,2,23.00,50000,?,?,?)
20240412@080346.4036 b8mhglv2aks2uklh3gsdl1vrs2 Query : select 1 valor from information_schema.tables where table_type='base table' and table_name='wsfi2039fields'
20240412@080346.4055 b8mhglv2aks2uklh3gsdl1vrs2 Query : select fieldkey,fieldname,fieldtype,calcformula from wsfi2039fields
20240412@080346.4060 b8mhglv2aks2uklh3gsdl1vrs2 Query : insert into wsfi2039data (fi2stamp,ftstamp ,ousrdata, ousrhora, usrdata,usrhora,ousrinis,usrinis) values ('aut6618d101116618dcd258','aut6618d846886618dcd211' ,getdate(),convert(char(8),convert (time,getdate())),getdate(),convert(char(8),convert (time,getdate())),'wsv','wsv')
20240412@080346.4066 b8mhglv2aks2uklh3gsdl1vrs2 Query : use flama_phc
20240412@080346.4069 b8mhglv2aks2uklh3gsdl1vrs2 Query : select st.usalote valor from st where st.ref = '324.682.00.01'
20240412@080346.4083 b8mhglv2aks2uklh3gsdl1vrs2 Query : select top 1 st.tabiva ,st.ivaincl ,st.stns ,st.uni2 ,st.familia ,isnull(tx.taxa, 0) txiva ,unidade ,usalote ,epcpond ,noserie from st left join taxasiva tx on st.tabiva = tx.codigo where st.ref = '324.682.00.01'
20240412@080346.4094 b8mhglv2aks2uklh3gsdl1vrs2 Query : select 1 valor from information_schema.tables where table_type='base table' and table_name='wsfi039fields'
20240412@080346.4108 b8mhglv2aks2uklh3gsdl1vrs2 Query : select fieldkey,fieldname,fieldtype,mandatory from wsfi039fields
20240412@080346.4136 b8mhglv2aks2uklh3gsdl1vrs2 Query : select 1 valor from information_schema.tables where table_type='base table' and table_name='wsfi2039fields'
20240412@080346.4249 b8mhglv2aks2uklh3gsdl1vrs2 Query : select fieldkey,fieldname,fieldtype,mandatory from wsfi2039fields
20240412@080346.4255 b8mhglv2aks2uklh3gsdl1vrs2 Query : select sestamp valor from se where ref ='324.682.00.01' and lote = 'r2301262200a'
20240412@080346.4272 b8mhglv2aks2uklh3gsdl1vrs2 Query : select top 1 convert(numeric(6,2),t.taxa) valor from taxasiva t where t.codigo='2'
20240412@080346.4282 b8mhglv2aks2uklh3gsdl1vrs2 Query : select 1 valor from information_schema.tables where table_type='base table' and table_name='wsfi039fields'
20240412@080346.4298 b8mhglv2aks2uklh3gsdl1vrs2 Query : select fieldkey,fieldname,fieldtype,calcformula from wsfi039fields
20240412@080346.4325 b8mhglv2aks2uklh3gsdl1vrs2 Query : insert into wsfi039data (fistamp,ousrdata, ousrhora, usrdata,usrhora,ousrinis,usrinis ,qtt ,ftstamp ,epv,pvmoeda ,tabiva,iva,lordem ,ref, design ,lote,armazem,bistamp ) values ('aut6618d698886618dcd268',getdate(),convert(char(8),convert (time,getdate())),getdate(),convert(char(8),convert (time,getdate())),'wsv','wsv',24.000 ,'aut6618d846886618dcd211' ,0,0 ,2,23.00,70000,?,?,?,?,?)
20240412@080346.4624 b8mhglv2aks2uklh3gsdl1vrs2 Query : select 1 valor from information_schema.tables where table_type='base table' and table_name='wsfi2039fields'
20240412@080346.4641 b8mhglv2aks2uklh3gsdl1vrs2 Query : select fieldkey,fieldname,fieldtype,calcformula from wsfi2039fields
20240412@080346.4646 b8mhglv2aks2uklh3gsdl1vrs2 Query : insert into wsfi2039data (fi2stamp,ftstamp ,ousrdata, ousrhora, usrdata,usrhora,ousrinis,usrinis) values ('aut6618d698886618dcd268','aut6618d846886618dcd211' ,getdate(),convert(char(8),convert (time,getdate())),getdate(),convert(char(8),convert (time,getdate())),'wsv','wsv')
20240412@080346.4651 b8mhglv2aks2uklh3gsdl1vrs2 Query : select 1 valor from information_schema.tables where table_type='base table' and table_name='wsfi039fields'
20240412@080346.4674 b8mhglv2aks2uklh3gsdl1vrs2 Query : select fieldkey,fieldname,fieldtype,mandatory from wsfi039fields
20240412@080346.4703 b8mhglv2aks2uklh3gsdl1vrs2 Query : select 1 valor from information_schema.tables where table_type='base table' and table_name='wsfi2039fields'
20240412@080346.4716 b8mhglv2aks2uklh3gsdl1vrs2 Query : select fieldkey,fieldname,fieldtype,mandatory from wsfi2039fields
20240412@080346.4720 b8mhglv2aks2uklh3gsdl1vrs2 Query : select top 1 convert(numeric(6,2),t.taxa) valor from taxasiva t where t.codigo='2'
20240412@080346.4730 b8mhglv2aks2uklh3gsdl1vrs2 Query : select 1 valor from information_schema.tables where table_type='base table' and table_name='wsfi039fields'
20240412@080346.4742 b8mhglv2aks2uklh3gsdl1vrs2 Query : select fieldkey,fieldname,fieldtype,calcformula from wsfi039fields
20240412@080346.4765 b8mhglv2aks2uklh3gsdl1vrs2 Query : insert into wsfi039data (fistamp,ousrdata, ousrhora, usrdata,usrhora,ousrinis,usrinis ,qtt ,ftstamp ,epv,pvmoeda ,tabiva,iva,lordem ,ref, design ,armazem) values ('aut6618d090106618dcd273',getdate(),convert(char(8),convert (time,getdate())),getdate(),convert(char(8),convert (time,getdate())),'wsv','wsv',0 ,'aut6618d846886618dcd211' ,0,0 ,2,23.00,80000,?,?,?)
20240412@080346.5075 b8mhglv2aks2uklh3gsdl1vrs2 Query : select 1 valor from information_schema.tables where table_type='base table' and table_name='wsfi2039fields'
20240412@080346.5093 b8mhglv2aks2uklh3gsdl1vrs2 Query : select fieldkey,fieldname,fieldtype,calcformula from wsfi2039fields
20240412@080346.5100 b8mhglv2aks2uklh3gsdl1vrs2 Query : insert into wsfi2039data (fi2stamp,ftstamp ,ousrdata, ousrhora, usrdata,usrhora,ousrinis,usrinis) values ('aut6618d090106618dcd273','aut6618d846886618dcd211' ,getdate(),convert(char(8),convert (time,getdate())),getdate(),convert(char(8),convert (time,getdate())),'wsv','wsv')
20240412@080346.5105 b8mhglv2aks2uklh3gsdl1vrs2 Query : use flama_phc
20240412@080346.5109 b8mhglv2aks2uklh3gsdl1vrs2 Query : select st.usalote valor from st where st.ref = '324.682.00.01'
20240412@080346.5122 b8mhglv2aks2uklh3gsdl1vrs2 Query : select top 1 st.tabiva ,st.ivaincl ,st.stns ,st.uni2 ,st.familia ,isnull(tx.taxa, 0) txiva ,unidade ,usalote ,epcpond ,noserie from st left join taxasiva tx on st.tabiva = tx.codigo where st.ref = '324.682.00.01'
20240412@080346.5138 b8mhglv2aks2uklh3gsdl1vrs2 Query : select 1 valor from information_schema.tables where table_type='base table' and table_name='wsfi039fields'
20240412@080346.5152 b8mhglv2aks2uklh3gsdl1vrs2 Query : select fieldkey,fieldname,fieldtype,mandatory from wsfi039fields
20240412@080346.5181 b8mhglv2aks2uklh3gsdl1vrs2 Query : select 1 valor from information_schema.tables where table_type='base table' and table_name='wsfi2039fields'
20240412@080346.5195 b8mhglv2aks2uklh3gsdl1vrs2 Query : select fieldkey,fieldname,fieldtype,mandatory from wsfi2039fields
20240412@080346.5200 b8mhglv2aks2uklh3gsdl1vrs2 Query : select sestamp valor from se where ref ='324.682.00.01' and lote = 'r2301262200a'
20240412@080346.5209 b8mhglv2aks2uklh3gsdl1vrs2 Query : select top 1 convert(numeric(6,2),t.taxa) valor from taxasiva t where t.codigo='2'
20240412@080346.5223 b8mhglv2aks2uklh3gsdl1vrs2 Query : select 1 valor from information_schema.tables where table_type='base table' and table_name='wsfi039fields'
20240412@080346.5235 b8mhglv2aks2uklh3gsdl1vrs2 Query : select fieldkey,fieldname,fieldtype,calcformula from wsfi039fields
20240412@080346.5258 b8mhglv2aks2uklh3gsdl1vrs2 Query : insert into wsfi039data (fistamp,ousrdata, ousrhora, usrdata,usrhora,ousrinis,usrinis ,qtt ,ftstamp ,epv,pvmoeda ,tabiva,iva,lordem ,ref, design ,lote,armazem,bistamp ) values ('aut6618d237136618dcd27f',getdate(),convert(char(8),convert (time,getdate())),getdate(),convert(char(8),convert (time,getdate())),'wsv','wsv',24.000 ,'aut6618d846886618dcd211' ,0,0 ,2,23.00,100000,?,?,?,?,?)
20240412@080346.5565 b8mhglv2aks2uklh3gsdl1vrs2 Query : select 1 valor from information_schema.tables where table_type='base table' and table_name='wsfi2039fields'
20240412@080346.5595 b8mhglv2aks2uklh3gsdl1vrs2 Query : select fieldkey,fieldname,fieldtype,calcformula from wsfi2039fields
20240412@080346.5600 b8mhglv2aks2uklh3gsdl1vrs2 Query : insert into wsfi2039data (fi2stamp,ftstamp ,ousrdata, ousrhora, usrdata,usrhora,ousrinis,usrinis) values ('aut6618d237136618dcd27f','aut6618d846886618dcd211' ,getdate(),convert(char(8),convert (time,getdate())),getdate(),convert(char(8),convert (time,getdate())),'wsv','wsv')
20240412@080346.5605 b8mhglv2aks2uklh3gsdl1vrs2 Query : select 1 valor from information_schema.tables where table_type='base table' and table_name='wsfi039fields'
20240412@080346.5641 b8mhglv2aks2uklh3gsdl1vrs2 Query : select fieldkey,fieldname,fieldtype,mandatory from wsfi039fields
20240412@080346.5666 b8mhglv2aks2uklh3gsdl1vrs2 Query : select 1 valor from information_schema.tables where table_type='base table' and table_name='wsfi2039fields'
20240412@080346.5683 b8mhglv2aks2uklh3gsdl1vrs2 Query : select fieldkey,fieldname,fieldtype,mandatory from wsfi2039fields
20240412@080346.5688 b8mhglv2aks2uklh3gsdl1vrs2 Query : select top 1 convert(numeric(6,2),t.taxa) valor from taxasiva t where t.codigo='2'
20240412@080346.5698 b8mhglv2aks2uklh3gsdl1vrs2 Query : select 1 valor from information_schema.tables where table_type='base table' and table_name='wsfi039fields'
20240412@080346.5711 b8mhglv2aks2uklh3gsdl1vrs2 Query : select fieldkey,fieldname,fieldtype,calcformula from wsfi039fields
20240412@080346.5736 b8mhglv2aks2uklh3gsdl1vrs2 Query : insert into wsfi039data (fistamp,ousrdata, ousrhora, usrdata,usrhora,ousrinis,usrinis ,qtt ,ftstamp ,epv,pvmoeda ,tabiva,iva,lordem ,ref, design ,armazem) values ('aut6618d667216618dcd28b',getdate(),convert(char(8),convert (time,getdate())),getdate(),convert(char(8),convert (time,getdate())),'wsv','wsv',0 ,'aut6618d846886618dcd211' ,0,0 ,2,23.00,110000,?,?,?)
20240412@080346.6046 b8mhglv2aks2uklh3gsdl1vrs2 Query : select 1 valor from information_schema.tables where table_type='base table' and table_name='wsfi2039fields'
20240412@080346.6061 b8mhglv2aks2uklh3gsdl1vrs2 Query : select fieldkey,fieldname,fieldtype,calcformula from wsfi2039fields
20240412@080346.6068 b8mhglv2aks2uklh3gsdl1vrs2 Query : insert into wsfi2039data (fi2stamp,ftstamp ,ousrdata, ousrhora, usrdata,usrhora,ousrinis,usrinis) values ('aut6618d667216618dcd28b','aut6618d846886618dcd211' ,getdate(),convert(char(8),convert (time,getdate())),getdate(),convert(char(8),convert (time,getdate())),'wsv','wsv')
20240412@080346.6073 b8mhglv2aks2uklh3gsdl1vrs2 Query : use flama_phc
20240412@080346.6076 b8mhglv2aks2uklh3gsdl1vrs2 Query : select st.usalote valor from st where st.ref = '324.682.00.01'
20240412@080346.6087 b8mhglv2aks2uklh3gsdl1vrs2 Query : select top 1 st.tabiva ,st.ivaincl ,st.stns ,st.uni2 ,st.familia ,isnull(tx.taxa, 0) txiva ,unidade ,usalote ,epcpond ,noserie from st left join taxasiva tx on st.tabiva = tx.codigo where st.ref = '324.682.00.01'
20240412@080346.6099 b8mhglv2aks2uklh3gsdl1vrs2 Query : select 1 valor from information_schema.tables where table_type='base table' and table_name='wsfi039fields'
20240412@080346.6114 b8mhglv2aks2uklh3gsdl1vrs2 Query : select fieldkey,fieldname,fieldtype,mandatory from wsfi039fields
20240412@080346.6135 b8mhglv2aks2uklh3gsdl1vrs2 Query : select 1 valor from information_schema.tables where table_type='base table' and table_name='wsfi2039fields'
20240412@080346.6148 b8mhglv2aks2uklh3gsdl1vrs2 Query : select fieldkey,fieldname,fieldtype,mandatory from wsfi2039fields
20240412@080346.6152 b8mhglv2aks2uklh3gsdl1vrs2 Query : select sestamp valor from se where ref ='324.682.00.01' and lote = 'r2301262200a'
20240412@080346.6161 b8mhglv2aks2uklh3gsdl1vrs2 Query : select top 1 convert(numeric(6,2),t.taxa) valor from taxasiva t where t.codigo='2'
20240412@080346.6171 b8mhglv2aks2uklh3gsdl1vrs2 Query : select 1 valor from information_schema.tables where table_type='base table' and table_name='wsfi039fields'
20240412@080346.6182 b8mhglv2aks2uklh3gsdl1vrs2 Query : select fieldkey,fieldname,fieldtype,calcformula from wsfi039fields
20240412@080346.6203 b8mhglv2aks2uklh3gsdl1vrs2 Query : insert into wsfi039data (fistamp,ousrdata, ousrhora, usrdata,usrhora,ousrinis,usrinis ,qtt ,ftstamp ,epv,pvmoeda ,tabiva,iva,lordem ,ref, design ,lote,armazem,bistamp ) values ('aut6618d118966618dcd296',getdate(),convert(char(8),convert (time,getdate())),getdate(),convert(char(8),convert (time,getdate())),'wsv','wsv',24.000 ,'aut6618d846886618dcd211' ,0,0 ,2,23.00,130000,?,?,?,?,?)
20240412@080346.6482 b8mhglv2aks2uklh3gsdl1vrs2 Query : select 1 valor from information_schema.tables where table_type='base table' and table_name='wsfi2039fields'
20240412@080346.6497 b8mhglv2aks2uklh3gsdl1vrs2 Query : select fieldkey,fieldname,fieldtype,calcformula from wsfi2039fields
20240412@080346.6501 b8mhglv2aks2uklh3gsdl1vrs2 Query : insert into wsfi2039data (fi2stamp,ftstamp ,ousrdata, ousrhora, usrdata,usrhora,ousrinis,usrinis) values ('aut6618d118966618dcd296','aut6618d846886618dcd211' ,getdate(),convert(char(8),convert (time,getdate())),getdate(),convert(char(8),convert (time,getdate())),'wsv','wsv')
20240412@080346.6507 b8mhglv2aks2uklh3gsdl1vrs2 Query : select 1 valor from information_schema.tables where table_type='base table' and table_name='wsfi039fields'
20240412@080346.6520 b8mhglv2aks2uklh3gsdl1vrs2 Query : select fieldkey,fieldname,fieldtype,mandatory from wsfi039fields
20240412@080346.6548 b8mhglv2aks2uklh3gsdl1vrs2 Query : select 1 valor from information_schema.tables where table_type='base table' and table_name='wsfi2039fields'
20240412@080346.6561 b8mhglv2aks2uklh3gsdl1vrs2 Query : select fieldkey,fieldname,fieldtype,mandatory from wsfi2039fields
20240412@080346.6571 b8mhglv2aks2uklh3gsdl1vrs2 Query : select top 1 convert(numeric(6,2),t.taxa) valor from taxasiva t where t.codigo='2'
20240412@080346.6583 b8mhglv2aks2uklh3gsdl1vrs2 Query : select 1 valor from information_schema.tables where table_type='base table' and table_name='wsfi039fields'
20240412@080346.6596 b8mhglv2aks2uklh3gsdl1vrs2 Query : select fieldkey,fieldname,fieldtype,calcformula from wsfi039fields
20240412@080346.6649 b8mhglv2aks2uklh3gsdl1vrs2 Query : insert into wsfi039data (fistamp,ousrdata, ousrhora, usrdata,usrhora,ousrinis,usrinis ,qtt ,ftstamp ,epv,pvmoeda ,tabiva,iva,lordem ,ref, design ,armazem) values ('aut6618d847256618dcd2a0',getdate(),convert(char(8),convert (time,getdate())),getdate(),convert(char(8),convert (time,getdate())),'wsv','wsv',0 ,'aut6618d846886618dcd211' ,0,0 ,2,23.00,140000,?,?,?)
20240412@080346.6960 b8mhglv2aks2uklh3gsdl1vrs2 Query : select 1 valor from information_schema.tables where table_type='base table' and table_name='wsfi2039fields'
20240412@080346.6977 b8mhglv2aks2uklh3gsdl1vrs2 Query : select fieldkey,fieldname,fieldtype,calcformula from wsfi2039fields
20240412@080346.6981 b8mhglv2aks2uklh3gsdl1vrs2 Query : insert into wsfi2039data (fi2stamp,ftstamp ,ousrdata, ousrhora, usrdata,usrhora,ousrinis,usrinis) values ('aut6618d847256618dcd2a0','aut6618d846886618dcd211' ,getdate(),convert(char(8),convert (time,getdate())),getdate(),convert(char(8),convert (time,getdate())),'wsv','wsv')
20240412@080346.6988 b8mhglv2aks2uklh3gsdl1vrs2 Query : use flama_phc
20240412@080346.6991 b8mhglv2aks2uklh3gsdl1vrs2 Query : select st.usalote valor from st where st.ref = '324.682.00.01'
20240412@080346.7006 b8mhglv2aks2uklh3gsdl1vrs2 Query : select top 1 st.tabiva ,st.ivaincl ,st.stns ,st.uni2 ,st.familia ,isnull(tx.taxa, 0) txiva ,unidade ,usalote ,epcpond ,noserie from st left join taxasiva tx on st.tabiva = tx.codigo where st.ref = '324.682.00.01'
20240412@080346.7017 b8mhglv2aks2uklh3gsdl1vrs2 Query : select 1 valor from information_schema.tables where table_type='base table' and table_name='wsfi039fields'
20240412@080346.7029 b8mhglv2aks2uklh3gsdl1vrs2 Query : select fieldkey,fieldname,fieldtype,mandatory from wsfi039fields
20240412@080346.7055 b8mhglv2aks2uklh3gsdl1vrs2 Query : select 1 valor from information_schema.tables where table_type='base table' and table_name='wsfi2039fields'
20240412@080346.7068 b8mhglv2aks2uklh3gsdl1vrs2 Query : select fieldkey,fieldname,fieldtype,mandatory from wsfi2039fields
20240412@080346.7077 b8mhglv2aks2uklh3gsdl1vrs2 Query : select sestamp valor from se where ref ='324.682.00.01' and lote = 'r2301262200a'
20240412@080346.7088 b8mhglv2aks2uklh3gsdl1vrs2 Query : select top 1 convert(numeric(6,2),t.taxa) valor from taxasiva t where t.codigo='2'
20240412@080346.7101 b8mhglv2aks2uklh3gsdl1vrs2 Query : select 1 valor from information_schema.tables where table_type='base table' and table_name='wsfi039fields'
20240412@080346.7115 b8mhglv2aks2uklh3gsdl1vrs2 Query : select fieldkey,fieldname,fieldtype,calcformula from wsfi039fields
20240412@080346.7142 b8mhglv2aks2uklh3gsdl1vrs2 Query : insert into wsfi039data (fistamp,ousrdata, ousrhora, usrdata,usrhora,ousrinis,usrinis ,qtt ,ftstamp ,epv,pvmoeda ,tabiva,iva,lordem ,ref, design ,lote,armazem,bistamp ) values ('aut6618d141746618dcd2ad',getdate(),convert(char(8),convert (time,getdate())),getdate(),convert(char(8),convert (time,getdate())),'wsv','wsv',24.000 ,'aut6618d846886618dcd211' ,0,0 ,2,23.00,160000,?,?,?,?,?)
20240412@080346.7444 b8mhglv2aks2uklh3gsdl1vrs2 Query : select 1 valor from information_schema.tables where table_type='base table' and table_name='wsfi2039fields'
20240412@080346.7461 b8mhglv2aks2uklh3gsdl1vrs2 Query : select fieldkey,fieldname,fieldtype,calcformula from wsfi2039fields
20240412@080346.7466 b8mhglv2aks2uklh3gsdl1vrs2 Query : insert into wsfi2039data (fi2stamp,ftstamp ,ousrdata, ousrhora, usrdata,usrhora,ousrinis,usrinis) values ('aut6618d141746618dcd2ad','aut6618d846886618dcd211' ,getdate(),convert(char(8),convert (time,getdate())),getdate(),convert(char(8),convert (time,getdate())),'wsv','wsv')
20240412@080346.7471 b8mhglv2aks2uklh3gsdl1vrs2 Query : select 1 valor from information_schema.tables where table_type='base table' and table_name='wsfi039fields'
20240412@080346.7486 b8mhglv2aks2uklh3gsdl1vrs2 Query : select fieldkey,fieldname,fieldtype,mandatory from wsfi039fields
20240412@080346.7513 b8mhglv2aks2uklh3gsdl1vrs2 Query : select 1 valor from information_schema.tables where table_type='base table' and table_name='wsfi2039fields'
20240412@080346.7531 b8mhglv2aks2uklh3gsdl1vrs2 Query : select fieldkey,fieldname,fieldtype,mandatory from wsfi2039fields
20240412@080346.7536 b8mhglv2aks2uklh3gsdl1vrs2 Query : select top 1 convert(numeric(6,2),t.taxa) valor from taxasiva t where t.codigo='2'
20240412@080346.7548 b8mhglv2aks2uklh3gsdl1vrs2 Query : select 1 valor from information_schema.tables where table_type='base table' and table_name='wsfi039fields'
20240412@080346.7562 b8mhglv2aks2uklh3gsdl1vrs2 Query : select fieldkey,fieldname,fieldtype,calcformula from wsfi039fields
20240412@080346.7587 b8mhglv2aks2uklh3gsdl1vrs2 Query : insert into wsfi039data (fistamp,ousrdata, ousrhora, usrdata,usrhora,ousrinis,usrinis ,qtt ,ftstamp ,epv,pvmoeda ,tabiva,iva,lordem ,ref, design ,armazem) values ('aut6618d997736618dcd2b8',getdate(),convert(char(8),convert (time,getdate())),getdate(),convert(char(8),convert (time,getdate())),'wsv','wsv',0 ,'aut6618d846886618dcd211' ,0,0 ,2,23.00,170000,?,?,?)
20240412@080346.7970 b8mhglv2aks2uklh3gsdl1vrs2 Query : select 1 valor from information_schema.tables where table_type='base table' and table_name='wsfi2039fields'
20240412@080346.7993 b8mhglv2aks2uklh3gsdl1vrs2 Query : select fieldkey,fieldname,fieldtype,calcformula from wsfi2039fields
20240412@080346.7999 b8mhglv2aks2uklh3gsdl1vrs2 Query : insert into wsfi2039data (fi2stamp,ftstamp ,ousrdata, ousrhora, usrdata,usrhora,ousrinis,usrinis) values ('aut6618d997736618dcd2b8','aut6618d846886618dcd211' ,getdate(),convert(char(8),convert (time,getdate())),getdate(),convert(char(8),convert (time,getdate())),'wsv','wsv')
20240412@080346.8005 b8mhglv2aks2uklh3gsdl1vrs2 Query : use flama_phc
20240412@080346.8009 b8mhglv2aks2uklh3gsdl1vrs2 Query : select st.usalote valor from st where st.ref = '324.682.00.01'
20240412@080346.8021 b8mhglv2aks2uklh3gsdl1vrs2 Query : select top 1 st.tabiva ,st.ivaincl ,st.stns ,st.uni2 ,st.familia ,isnull(tx.taxa, 0) txiva ,unidade ,usalote ,epcpond ,noserie from st left join taxasiva tx on st.tabiva = tx.codigo where st.ref = '324.682.00.01'
20240412@080346.8035 b8mhglv2aks2uklh3gsdl1vrs2 Query : select 1 valor from information_schema.tables where table_type='base table' and table_name='wsfi039fields'
20240412@080346.8050 b8mhglv2aks2uklh3gsdl1vrs2 Query : select fieldkey,fieldname,fieldtype,mandatory from wsfi039fields
20240412@080346.8080 b8mhglv2aks2uklh3gsdl1vrs2 Query : select 1 valor from information_schema.tables where table_type='base table' and table_name='wsfi2039fields'
20240412@080346.8100 b8mhglv2aks2uklh3gsdl1vrs2 Query : select fieldkey,fieldname,fieldtype,mandatory from wsfi2039fields
20240412@080346.8107 b8mhglv2aks2uklh3gsdl1vrs2 Query : select sestamp valor from se where ref ='324.682.00.01' and lote = 'r2301181200a'
20240412@080346.8124 b8mhglv2aks2uklh3gsdl1vrs2 Query : select top 1 convert(numeric(6,2),t.taxa) valor from taxasiva t where t.codigo='2'
20240412@080346.8201 b8mhglv2aks2uklh3gsdl1vrs2 Query : select 1 valor from information_schema.tables where table_type='base table' and table_name='wsfi039fields'
20240412@080346.8217 b8mhglv2aks2uklh3gsdl1vrs2 Query : select fieldkey,fieldname,fieldtype,calcformula from wsfi039fields
20240412@080346.8246 b8mhglv2aks2uklh3gsdl1vrs2 Query : insert into wsfi039data (fistamp,ousrdata, ousrhora, usrdata,usrhora,ousrinis,usrinis ,qtt ,ftstamp ,epv,pvmoeda ,tabiva,iva,lordem ,ref, design ,lote,armazem,bistamp ) values ('aut6618d333716618dcd2c8',getdate(),convert(char(8),convert (time,getdate())),getdate(),convert(char(8),convert (time,getdate())),'wsv','wsv',24.000 ,'aut6618d846886618dcd211' ,0,0 ,2,23.00,190000,?,?,?,?,?)
20240412@080346.8727 b8mhglv2aks2uklh3gsdl1vrs2 Query : select 1 valor from information_schema.tables where table_type='base table' and table_name='wsfi2039fields'
20240412@080346.8743 b8mhglv2aks2uklh3gsdl1vrs2 Query : select fieldkey,fieldname,fieldtype,calcformula from wsfi2039fields
20240412@080346.8747 b8mhglv2aks2uklh3gsdl1vrs2 Query : insert into wsfi2039data (fi2stamp,ftstamp ,ousrdata, ousrhora, usrdata,usrhora,ousrinis,usrinis) values ('aut6618d333716618dcd2c8','aut6618d846886618dcd211' ,getdate(),convert(char(8),convert (time,getdate())),getdate(),convert(char(8),convert (time,getdate())),'wsv','wsv')
20240412@080346.8752 b8mhglv2aks2uklh3gsdl1vrs2 Query : select 1 valor from information_schema.tables where table_type='base table' and table_name='wsfi039fields'
20240412@080346.8771 b8mhglv2aks2uklh3gsdl1vrs2 Query : select fieldkey,fieldname,fieldtype,mandatory from wsfi039fields
20240412@080346.8794 b8mhglv2aks2uklh3gsdl1vrs2 Query : select 1 valor from information_schema.tables where table_type='base table' and table_name='wsfi2039fields'
20240412@080346.8809 b8mhglv2aks2uklh3gsdl1vrs2 Query : select fieldkey,fieldname,fieldtype,mandatory from wsfi2039fields
20240412@080346.8813 b8mhglv2aks2uklh3gsdl1vrs2 Query : select top 1 convert(numeric(6,2),t.taxa) valor from taxasiva t where t.codigo='2'
20240412@080346.8824 b8mhglv2aks2uklh3gsdl1vrs2 Query : select 1 valor from information_schema.tables where table_type='base table' and table_name='wsfi039fields'
20240412@080346.8836 b8mhglv2aks2uklh3gsdl1vrs2 Query : select fieldkey,fieldname,fieldtype,calcformula from wsfi039fields
20240412@080346.8860 b8mhglv2aks2uklh3gsdl1vrs2 Query : insert into wsfi039data (fistamp,ousrdata, ousrhora, usrdata,usrhora,ousrinis,usrinis ,qtt ,ftstamp ,epv,pvmoeda ,tabiva,iva,lordem ,ref, design ,armazem) values ('aut6618d924166618dcd2d7',getdate(),convert(char(8),convert (time,getdate())),getdate(),convert(char(8),convert (time,getdate())),'wsv','wsv',0 ,'aut6618d846886618dcd211' ,0,0 ,2,23.00,200000,?,?,?)
20240412@080346.9155 b8mhglv2aks2uklh3gsdl1vrs2 Query : select 1 valor from information_schema.tables where table_type='base table' and table_name='wsfi2039fields'
20240412@080346.9176 b8mhglv2aks2uklh3gsdl1vrs2 Query : select fieldkey,fieldname,fieldtype,calcformula from wsfi2039fields
20240412@080346.9184 b8mhglv2aks2uklh3gsdl1vrs2 Query : insert into wsfi2039data (fi2stamp,ftstamp ,ousrdata, ousrhora, usrdata,usrhora,ousrinis,usrinis) values ('aut6618d924166618dcd2d7','aut6618d846886618dcd211' ,getdate(),convert(char(8),convert (time,getdate())),getdate(),convert(char(8),convert (time,getdate())),'wsv','wsv')
20240412@080346.9190 b8mhglv2aks2uklh3gsdl1vrs2 Query : use flama_phc
20240412@080346.9194 b8mhglv2aks2uklh3gsdl1vrs2 Query : select st.usalote valor from st where st.ref = '324.682.00.01'
20240412@080346.9206 b8mhglv2aks2uklh3gsdl1vrs2 Query : select top 1 st.tabiva ,st.ivaincl ,st.stns ,st.uni2 ,st.familia ,isnull(tx.taxa, 0) txiva ,unidade ,usalote ,epcpond ,noserie from st left join taxasiva tx on st.tabiva = tx.codigo where st.ref = '324.682.00.01'
20240412@080346.9262 b8mhglv2aks2uklh3gsdl1vrs2 Query : select 1 valor from information_schema.tables where table_type='base table' and table_name='wsfi039fields'
20240412@080346.9282 b8mhglv2aks2uklh3gsdl1vrs2 Query : select fieldkey,fieldname,fieldtype,mandatory from wsfi039fields
20240412@080346.9310 b8mhglv2aks2uklh3gsdl1vrs2 Query : select 1 valor from information_schema.tables where table_type='base table' and table_name='wsfi2039fields'
20240412@080346.9325 b8mhglv2aks2uklh3gsdl1vrs2 Query : select fieldkey,fieldname,fieldtype,mandatory from wsfi2039fields
20240412@080346.9329 b8mhglv2aks2uklh3gsdl1vrs2 Query : select sestamp valor from se where ref ='324.682.00.01' and lote = 'r2301181200a'
20240412@080346.9340 b8mhglv2aks2uklh3gsdl1vrs2 Query : select top 1 convert(numeric(6,2),t.taxa) valor from taxasiva t where t.codigo='2'
20240412@080346.9354 b8mhglv2aks2uklh3gsdl1vrs2 Query : select 1 valor from information_schema.tables where table_type='base table' and table_name='wsfi039fields'
20240412@080346.9369 b8mhglv2aks2uklh3gsdl1vrs2 Query : select fieldkey,fieldname,fieldtype,calcformula from wsfi039fields
20240412@080346.9396 b8mhglv2aks2uklh3gsdl1vrs2 Query : insert into wsfi039data (fistamp,ousrdata, ousrhora, usrdata,usrhora,ousrinis,usrinis ,qtt ,ftstamp ,epv,pvmoeda ,tabiva,iva,lordem ,ref, design ,lote,armazem,bistamp ) values ('aut6618d217146618dcd2e4',getdate(),convert(char(8),convert (time,getdate())),getdate(),convert(char(8),convert (time,getdate())),'wsv','wsv',24.000 ,'aut6618d846886618dcd211' ,0,0 ,2,23.00,220000,?,?,?,?,?)
20240412@080346.9721 b8mhglv2aks2uklh3gsdl1vrs2 Query : select 1 valor from information_schema.tables where table_type='base table' and table_name='wsfi2039fields'
20240412@080346.9740 b8mhglv2aks2uklh3gsdl1vrs2 Query : select fieldkey,fieldname,fieldtype,calcformula from wsfi2039fields
20240412@080346.9745 b8mhglv2aks2uklh3gsdl1vrs2 Query : insert into wsfi2039data (fi2stamp,ftstamp ,ousrdata, ousrhora, usrdata,usrhora,ousrinis,usrinis) values ('aut6618d217146618dcd2e4','aut6618d846886618dcd211' ,getdate(),convert(char(8),convert (time,getdate())),getdate(),convert(char(8),convert (time,getdate())),'wsv','wsv')
20240412@080346.9750 b8mhglv2aks2uklh3gsdl1vrs2 Query : select 1 valor from information_schema.tables where table_type='base table' and table_name='wsfi039fields'
20240412@080346.9765 b8mhglv2aks2uklh3gsdl1vrs2 Query : select fieldkey,fieldname,fieldtype,mandatory from wsfi039fields
20240412@080346.9791 b8mhglv2aks2uklh3gsdl1vrs2 Query : select 1 valor from information_schema.tables where table_type='base table' and table_name='wsfi2039fields'
20240412@080346.9804 b8mhglv2aks2uklh3gsdl1vrs2 Query : select fieldkey,fieldname,fieldtype,mandatory from wsfi2039fields
20240412@080346.9809 b8mhglv2aks2uklh3gsdl1vrs2 Query : select top 1 convert(numeric(6,2),t.taxa) valor from taxasiva t where t.codigo='2'
20240412@080346.9820 b8mhglv2aks2uklh3gsdl1vrs2 Query : select 1 valor from information_schema.tables where table_type='base table' and table_name='wsfi039fields'
20240412@080346.9835 b8mhglv2aks2uklh3gsdl1vrs2 Query : select fieldkey,fieldname,fieldtype,calcformula from wsfi039fields
20240412@080346.9859 b8mhglv2aks2uklh3gsdl1vrs2 Query : insert into wsfi039data (fistamp,ousrdata, ousrhora, usrdata,usrhora,ousrinis,usrinis ,qtt ,ftstamp ,epv,pvmoeda ,tabiva,iva,lordem ,ref, design ,armazem) values ('aut6618d192326618dcd2ef',getdate(),convert(char(8),convert (time,getdate())),getdate(),convert(char(8),convert (time,getdate())),'wsv','wsv',0 ,'aut6618d846886618dcd211' ,0,0 ,2,23.00,230000,?,?,?)
20240412@080347.1700 b8mhglv2aks2uklh3gsdl1vrs2 Query : select 1 valor from information_schema.tables where table_type='base table' and table_name='wsfi2039fields'
20240412@080347.1870 b8mhglv2aks2uklh3gsdl1vrs2 Query : select fieldkey,fieldname,fieldtype,calcformula from wsfi2039fields
20240412@080347.1920 b8mhglv2aks2uklh3gsdl1vrs2 Query : insert into wsfi2039data (fi2stamp,ftstamp ,ousrdata, ousrhora, usrdata,usrhora,ousrinis,usrinis) values ('aut6618d192326618dcd2ef','aut6618d846886618dcd211' ,getdate(),convert(char(8),convert (time,getdate())),getdate(),convert(char(8),convert (time,getdate())),'wsv','wsv')
20240412@080347.1970 b8mhglv2aks2uklh3gsdl1vrs2 Query : use flama_phc
20240412@080347.2000 b8mhglv2aks2uklh3gsdl1vrs2 Query : select st.usalote valor from st where st.ref = '324.682.00.01'
20240412@080347.2140 b8mhglv2aks2uklh3gsdl1vrs2 Query : select top 1 st.tabiva ,st.ivaincl ,st.stns ,st.uni2 ,st.familia ,isnull(tx.taxa, 0) txiva ,unidade ,usalote ,epcpond ,noserie from st left join taxasiva tx on st.tabiva = tx.codigo where st.ref = '324.682.00.01'
20240412@080347.2260 b8mhglv2aks2uklh3gsdl1vrs2 Query : select 1 valor from information_schema.tables where table_type='base table' and table_name='wsfi039fields'
20240412@080347.2400 b8mhglv2aks2uklh3gsdl1vrs2 Query : select fieldkey,fieldname,fieldtype,mandatory from wsfi039fields
20240412@080347.2760 b8mhglv2aks2uklh3gsdl1vrs2 Query : select 1 valor from information_schema.tables where table_type='base table' and table_name='wsfi2039fields'
20240412@080347.2900 b8mhglv2aks2uklh3gsdl1vrs2 Query : select fieldkey,fieldname,fieldtype,mandatory from wsfi2039fields
20240412@080347.2940 b8mhglv2aks2uklh3gsdl1vrs2 Query : select sestamp valor from se where ref ='324.682.00.01' and lote = 'r2301181200a'
20240412@080347.3210 b8mhglv2aks2uklh3gsdl1vrs2 Query : select top 1 convert(numeric(6,2),t.taxa) valor from taxasiva t where t.codigo='2'
20240412@080347.3320 b8mhglv2aks2uklh3gsdl1vrs2 Query : select 1 valor from information_schema.tables where table_type='base table' and table_name='wsfi039fields'
20240412@080347.3480 b8mhglv2aks2uklh3gsdl1vrs2 Query : select fieldkey,fieldname,fieldtype,calcformula from wsfi039fields
20240412@080347.3830 b8mhglv2aks2uklh3gsdl1vrs2 Query : insert into wsfi039data (fistamp,ousrdata, ousrhora, usrdata,usrhora,ousrinis,usrinis ,qtt ,ftstamp ,epv,pvmoeda ,tabiva,iva,lordem ,ref, design ,lote,armazem,bistamp ) values ('aut6618d267196618dcd308',getdate(),convert(char(8),convert (time,getdate())),getdate(),convert(char(8),convert (time,getdate())),'wsv','wsv',24.000 ,'aut6618d846886618dcd211' ,0,0 ,2,23.00,250000,?,?,?,?,?)
20240412@080347.6860 b8mhglv2aks2uklh3gsdl1vrs2 Query : select 1 valor from information_schema.tables where table_type='base table' and table_name='wsfi2039fields'
20240412@080347.7060 b8mhglv2aks2uklh3gsdl1vrs2 Query : select fieldkey,fieldname,fieldtype,calcformula from wsfi2039fields
20240412@080347.7110 b8mhglv2aks2uklh3gsdl1vrs2 Query : insert into wsfi2039data (fi2stamp,ftstamp ,ousrdata, ousrhora, usrdata,usrhora,ousrinis,usrinis) values ('aut6618d267196618dcd308','aut6618d846886618dcd211' ,getdate(),convert(char(8),convert (time,getdate())),getdate(),convert(char(8),convert (time,getdate())),'wsv','wsv')
20240412@080347.7170 b8mhglv2aks2uklh3gsdl1vrs2 Query : select 1 valor from information_schema.tables where table_type='base table' and table_name='wsfi039fields'
20240412@080347.7320 b8mhglv2aks2uklh3gsdl1vrs2 Query : select fieldkey,fieldname,fieldtype,mandatory from wsfi039fields
20240412@080347.7570 b8mhglv2aks2uklh3gsdl1vrs2 Query : select 1 valor from information_schema.tables where table_type='base table' and table_name='wsfi2039fields'
20240412@080347.7790 b8mhglv2aks2uklh3gsdl1vrs2 Query : select fieldkey,fieldname,fieldtype,mandatory from wsfi2039fields
20240412@080347.7860 b8mhglv2aks2uklh3gsdl1vrs2 Query : select top 1 convert(numeric(6,2),t.taxa) valor from taxasiva t where t.codigo='2'
20240412@080347.7990 b8mhglv2aks2uklh3gsdl1vrs2 Query : select 1 valor from information_schema.tables where table_type='base table' and table_name='wsfi039fields'
20240412@080347.8120 b8mhglv2aks2uklh3gsdl1vrs2 Query : select fieldkey,fieldname,fieldtype,calcformula from wsfi039fields
20240412@080347.8390 b8mhglv2aks2uklh3gsdl1vrs2 Query : insert into wsfi039data (fistamp,ousrdata, ousrhora, usrdata,usrhora,ousrinis,usrinis ,qtt ,ftstamp ,epv,pvmoeda ,tabiva,iva,lordem ,ref, design ,armazem) values ('aut6618d303586618dcd313',getdate(),convert(char(8),convert (time,getdate())),getdate(),convert(char(8),convert (time,getdate())),'wsv','wsv',0 ,'aut6618d846886618dcd211' ,0,0 ,2,23.00,260000,?,?,?)
20240412@080347.1139 b8mhglv2aks2uklh3gsdl1vrs2 Query : select 1 valor from information_schema.tables where table_type='base table' and table_name='wsfi2039fields'
20240412@080347.1155 b8mhglv2aks2uklh3gsdl1vrs2 Query : select fieldkey,fieldname,fieldtype,calcformula from wsfi2039fields
20240412@080347.1159 b8mhglv2aks2uklh3gsdl1vrs2 Query : insert into wsfi2039data (fi2stamp,ftstamp ,ousrdata, ousrhora, usrdata,usrhora,ousrinis,usrinis) values ('aut6618d303586618dcd313','aut6618d846886618dcd211' ,getdate(),convert(char(8),convert (time,getdate())),getdate(),convert(char(8),convert (time,getdate())),'wsv','wsv')
20240412@080347.1164 b8mhglv2aks2uklh3gsdl1vrs2 Query : use flama_phc
20240412@080347.1168 b8mhglv2aks2uklh3gsdl1vrs2 Query : select st.usalote valor from st where st.ref = '324.682.00.01'
20240412@080347.1192 b8mhglv2aks2uklh3gsdl1vrs2 Query : select top 1 st.tabiva ,st.ivaincl ,st.stns ,st.uni2 ,st.familia ,isnull(tx.taxa, 0) txiva ,unidade ,usalote ,epcpond ,noserie from st left join taxasiva tx on st.tabiva = tx.codigo where st.ref = '324.682.00.01'
20240412@080347.1204 b8mhglv2aks2uklh3gsdl1vrs2 Query : select 1 valor from information_schema.tables where table_type='base table' and table_name='wsfi039fields'
20240412@080347.1220 b8mhglv2aks2uklh3gsdl1vrs2 Query : select fieldkey,fieldname,fieldtype,mandatory from wsfi039fields
20240412@080347.1244 b8mhglv2aks2uklh3gsdl1vrs2 Query : select 1 valor from information_schema.tables where table_type='base table' and table_name='wsfi2039fields'
20240412@080347.1260 b8mhglv2aks2uklh3gsdl1vrs2 Query : select fieldkey,fieldname,fieldtype,mandatory from wsfi2039fields
20240412@080347.1265 b8mhglv2aks2uklh3gsdl1vrs2 Query : select sestamp valor from se where ref ='324.682.00.01' and lote = 'r2301181200a'
20240412@080347.1275 b8mhglv2aks2uklh3gsdl1vrs2 Query : select top 1 convert(numeric(6,2),t.taxa) valor from taxasiva t where t.codigo='2'
20240412@080347.1284 b8mhglv2aks2uklh3gsdl1vrs2 Query : select 1 valor from information_schema.tables where table_type='base table' and table_name='wsfi039fields'
20240412@080347.1308 b8mhglv2aks2uklh3gsdl1vrs2 Query : select fieldkey,fieldname,fieldtype,calcformula from wsfi039fields
20240412@080347.1464 b8mhglv2aks2uklh3gsdl1vrs2 Query : insert into wsfi039data (fistamp,ousrdata, ousrhora, usrdata,usrhora,ousrinis,usrinis ,qtt ,ftstamp ,epv,pvmoeda ,tabiva,iva,lordem ,ref, design ,lote,armazem,bistamp ) values ('aut6618d727406618dcd31f',getdate(),convert(char(8),convert (time,getdate())),getdate(),convert(char(8),convert (time,getdate())),'wsv','wsv',24.000 ,'aut6618d846886618dcd211' ,0,0 ,2,23.00,280000,?,?,?,?,?)
20240412@080347.1768 b8mhglv2aks2uklh3gsdl1vrs2 Query : select 1 valor from information_schema.tables where table_type='base table' and table_name='wsfi2039fields'
20240412@080347.1786 b8mhglv2aks2uklh3gsdl1vrs2 Query : select fieldkey,fieldname,fieldtype,calcformula from wsfi2039fields
20240412@080347.1791 b8mhglv2aks2uklh3gsdl1vrs2 Query : insert into wsfi2039data (fi2stamp,ftstamp ,ousrdata, ousrhora, usrdata,usrhora,ousrinis,usrinis) values ('aut6618d727406618dcd31f','aut6618d846886618dcd211' ,getdate(),convert(char(8),convert (time,getdate())),getdate(),convert(char(8),convert (time,getdate())),'wsv','wsv')
20240412@080347.1796 b8mhglv2aks2uklh3gsdl1vrs2 Query : select 1 valor from information_schema.tables where table_type='base table' and table_name='wsfi039fields'
20240412@080347.1809 b8mhglv2aks2uklh3gsdl1vrs2 Query : select fieldkey,fieldname,fieldtype,mandatory from wsfi039fields
20240412@080347.1838 b8mhglv2aks2uklh3gsdl1vrs2 Query : select 1 valor from information_schema.tables where table_type='base table' and table_name='wsfi2039fields'
20240412@080347.1850 b8mhglv2aks2uklh3gsdl1vrs2 Query : select fieldkey,fieldname,fieldtype,mandatory from wsfi2039fields
20240412@080347.1855 b8mhglv2aks2uklh3gsdl1vrs2 Query : select top 1 convert(numeric(6,2),t.taxa) valor from taxasiva t where t.codigo='2'
20240412@080347.1864 b8mhglv2aks2uklh3gsdl1vrs2 Query : select 1 valor from information_schema.tables where table_type='base table' and table_name='wsfi039fields'
20240412@080347.1879 b8mhglv2aks2uklh3gsdl1vrs2 Query : select fieldkey,fieldname,fieldtype,calcformula from wsfi039fields
20240412@080347.1903 b8mhglv2aks2uklh3gsdl1vrs2 Query : insert into wsfi039data (fistamp,ousrdata, ousrhora, usrdata,usrhora,ousrinis,usrinis ,qtt ,ftstamp ,epv,pvmoeda ,tabiva,iva,lordem ,ref, design ,armazem) values ('aut6618d741226618dcd32d',getdate(),convert(char(8),convert (time,getdate())),getdate(),convert(char(8),convert (time,getdate())),'wsv','wsv',0 ,'aut6618d846886618dcd211' ,0,0 ,2,23.00,290000,?,?,?)
20240412@080347.2201 b8mhglv2aks2uklh3gsdl1vrs2 Query : select 1 valor from information_schema.tables where table_type='base table' and table_name='wsfi2039fields'
20240412@080347.2218 b8mhglv2aks2uklh3gsdl1vrs2 Query : select fieldkey,fieldname,fieldtype,calcformula from wsfi2039fields
20240412@080347.2222 b8mhglv2aks2uklh3gsdl1vrs2 Query : insert into wsfi2039data (fi2stamp,ftstamp ,ousrdata, ousrhora, usrdata,usrhora,ousrinis,usrinis) values ('aut6618d741226618dcd32d','aut6618d846886618dcd211' ,getdate(),convert(char(8),convert (time,getdate())),getdate(),convert(char(8),convert (time,getdate())),'wsv','wsv')
20240412@080347.2227 b8mhglv2aks2uklh3gsdl1vrs2 Query : use flama_phc
20240412@080347.2231 b8mhglv2aks2uklh3gsdl1vrs2 Query : select st.usalote valor from st where st.ref = '324.682.00.01'
20240412@080347.2241 b8mhglv2aks2uklh3gsdl1vrs2 Query : select top 1 st.tabiva ,st.ivaincl ,st.stns ,st.uni2 ,st.familia ,isnull(tx.taxa, 0) txiva ,unidade ,usalote ,epcpond ,noserie from st left join taxasiva tx on st.tabiva = tx.codigo where st.ref = '324.682.00.01'
20240412@080347.2255 b8mhglv2aks2uklh3gsdl1vrs2 Query : select 1 valor from information_schema.tables where table_type='base table' and table_name='wsfi039fields'
20240412@080347.2269 b8mhglv2aks2uklh3gsdl1vrs2 Query : select fieldkey,fieldname,fieldtype,mandatory from wsfi039fields
20240412@080347.2292 b8mhglv2aks2uklh3gsdl1vrs2 Query : select 1 valor from information_schema.tables where table_type='base table' and table_name='wsfi2039fields'
20240412@080347.2304 b8mhglv2aks2uklh3gsdl1vrs2 Query : select fieldkey,fieldname,fieldtype,mandatory from wsfi2039fields
20240412@080347.2308 b8mhglv2aks2uklh3gsdl1vrs2 Query : select sestamp valor from se where ref ='324.682.00.01' and lote = 'r2301181200a'
20240412@080347.2319 b8mhglv2aks2uklh3gsdl1vrs2 Query : select top 1 convert(numeric(6,2),t.taxa) valor from taxasiva t where t.codigo='2'
20240412@080347.2329 b8mhglv2aks2uklh3gsdl1vrs2 Query : select 1 valor from information_schema.tables where table_type='base table' and table_name='wsfi039fields'
20240412@080347.2343 b8mhglv2aks2uklh3gsdl1vrs2 Query : select fieldkey,fieldname,fieldtype,calcformula from wsfi039fields
20240412@080347.2370 b8mhglv2aks2uklh3gsdl1vrs2 Query : insert into wsfi039data (fistamp,ousrdata, ousrhora, usrdata,usrhora,ousrinis,usrinis ,qtt ,ftstamp ,epv,pvmoeda ,tabiva,iva,lordem ,ref, design ,lote,armazem,bistamp ) values ('aut6618d606176618dcd338',getdate(),convert(char(8),convert (time,getdate())),getdate(),convert(char(8),convert (time,getdate())),'wsv','wsv',24.000 ,'aut6618d846886618dcd211' ,0,0 ,2,23.00,310000,?,?,?,?,?)
20240412@080347.2766 b8mhglv2aks2uklh3gsdl1vrs2 Query : select 1 valor from information_schema.tables where table_type='base table' and table_name='wsfi2039fields'
20240412@080347.2783 b8mhglv2aks2uklh3gsdl1vrs2 Query : select fieldkey,fieldname,fieldtype,calcformula from wsfi2039fields
20240412@080347.2788 b8mhglv2aks2uklh3gsdl1vrs2 Query : insert into wsfi2039data (fi2stamp,ftstamp ,ousrdata, ousrhora, usrdata,usrhora,ousrinis,usrinis) values ('aut6618d606176618dcd338','aut6618d846886618dcd211' ,getdate(),convert(char(8),convert (time,getdate())),getdate(),convert(char(8),convert (time,getdate())),'wsv','wsv')
20240412@080347.2794 b8mhglv2aks2uklh3gsdl1vrs2 Query : select 1 valor from information_schema.tables where table_type='base table' and table_name='wsfi039fields'
20240412@080347.2808 b8mhglv2aks2uklh3gsdl1vrs2 Query : select fieldkey,fieldname,fieldtype,mandatory from wsfi039fields
20240412@080347.2893 b8mhglv2aks2uklh3gsdl1vrs2 Query : select 1 valor from information_schema.tables where table_type='base table' and table_name='wsfi2039fields'
20240412@080347.2910 b8mhglv2aks2uklh3gsdl1vrs2 Query : select fieldkey,fieldname,fieldtype,mandatory from wsfi2039fields
20240412@080347.2915 b8mhglv2aks2uklh3gsdl1vrs2 Query : select top 1 convert(numeric(6,2),t.taxa) valor from taxasiva t where t.codigo='2'
20240412@080347.2928 b8mhglv2aks2uklh3gsdl1vrs2 Query : select 1 valor from information_schema.tables where table_type='base table' and table_name='wsfi039fields'
20240412@080347.2943 b8mhglv2aks2uklh3gsdl1vrs2 Query : select fieldkey,fieldname,fieldtype,calcformula from wsfi039fields
20240412@080347.2971 b8mhglv2aks2uklh3gsdl1vrs2 Query : insert into wsfi039data (fistamp,ousrdata, ousrhora, usrdata,usrhora,ousrinis,usrinis ,qtt ,ftstamp ,epv,pvmoeda ,tabiva,iva,lordem ,ref, design ,armazem) values ('aut6618d675166618dcd347',getdate(),convert(char(8),convert (time,getdate())),getdate(),convert(char(8),convert (time,getdate())),'wsv','wsv',0 ,'aut6618d846886618dcd211' ,0,0 ,2,23.00,320000,?,?,?)
20240412@080347.3257 b8mhglv2aks2uklh3gsdl1vrs2 Query : select 1 valor from information_schema.tables where table_type='base table' and table_name='wsfi2039fields'
20240412@080347.3273 b8mhglv2aks2uklh3gsdl1vrs2 Query : select fieldkey,fieldname,fieldtype,calcformula from wsfi2039fields
20240412@080347.3278 b8mhglv2aks2uklh3gsdl1vrs2 Query : insert into wsfi2039data (fi2stamp,ftstamp ,ousrdata, ousrhora, usrdata,usrhora,ousrinis,usrinis) values ('aut6618d675166618dcd347','aut6618d846886618dcd211' ,getdate(),convert(char(8),convert (time,getdate())),getdate(),convert(char(8),convert (time,getdate())),'wsv','wsv')
20240412@080347.3285 b8mhglv2aks2uklh3gsdl1vrs2 Query : use flama_phc
20240412@080347.3289 b8mhglv2aks2uklh3gsdl1vrs2 Query : select st.usalote valor from st where st.ref = '324.682.00.01'
20240412@080347.3300 b8mhglv2aks2uklh3gsdl1vrs2 Query : select top 1 st.tabiva ,st.ivaincl ,st.stns ,st.uni2 ,st.familia ,isnull(tx.taxa, 0) txiva ,unidade ,usalote ,epcpond ,noserie from st left join taxasiva tx on st.tabiva = tx.codigo where st.ref = '324.682.00.01'
20240412@080347.3313 b8mhglv2aks2uklh3gsdl1vrs2 Query : select 1 valor from information_schema.tables where table_type='base table' and table_name='wsfi039fields'
20240412@080347.3328 b8mhglv2aks2uklh3gsdl1vrs2 Query : select fieldkey,fieldname,fieldtype,mandatory from wsfi039fields
20240412@080347.3352 b8mhglv2aks2uklh3gsdl1vrs2 Query : select 1 valor from information_schema.tables where table_type='base table' and table_name='wsfi2039fields'
20240412@080347.3366 b8mhglv2aks2uklh3gsdl1vrs2 Query : select fieldkey,fieldname,fieldtype,mandatory from wsfi2039fields
20240412@080347.3372 b8mhglv2aks2uklh3gsdl1vrs2 Query : select sestamp valor from se where ref ='324.682.00.01' and lote = 'r2301181200a'
20240412@080347.3383 b8mhglv2aks2uklh3gsdl1vrs2 Query : select top 1 convert(numeric(6,2),t.taxa) valor from taxasiva t where t.codigo='2'
20240412@080347.3393 b8mhglv2aks2uklh3gsdl1vrs2 Query : select 1 valor from information_schema.tables where table_type='base table' and table_name='wsfi039fields'
20240412@080347.3406 b8mhglv2aks2uklh3gsdl1vrs2 Query : select fieldkey,fieldname,fieldtype,calcformula from wsfi039fields
20240412@080347.3436 b8mhglv2aks2uklh3gsdl1vrs2 Query : insert into wsfi039data (fistamp,ousrdata, ousrhora, usrdata,usrhora,ousrinis,usrinis ,qtt ,ftstamp ,epv,pvmoeda ,tabiva,iva,lordem ,ref, design ,lote,armazem,bistamp ) values ('aut6618d632896618dcd352',getdate(),convert(char(8),convert (time,getdate())),getdate(),convert(char(8),convert (time,getdate())),'wsv','wsv',24.000 ,'aut6618d846886618dcd211' ,0,0 ,2,23.00,340000,?,?,?,?,?)
20240412@080347.3723 b8mhglv2aks2uklh3gsdl1vrs2 Query : select 1 valor from information_schema.tables where table_type='base table' and table_name='wsfi2039fields'
20240412@080347.3742 b8mhglv2aks2uklh3gsdl1vrs2 Query : select fieldkey,fieldname,fieldtype,calcformula from wsfi2039fields
20240412@080347.3747 b8mhglv2aks2uklh3gsdl1vrs2 Query : insert into wsfi2039data (fi2stamp,ftstamp ,ousrdata, ousrhora, usrdata,usrhora,ousrinis,usrinis) values ('aut6618d632896618dcd352','aut6618d846886618dcd211' ,getdate(),convert(char(8),convert (time,getdate())),getdate(),convert(char(8),convert (time,getdate())),'wsv','wsv')
20240412@080347.3753 b8mhglv2aks2uklh3gsdl1vrs2 Query : select 1 valor from information_schema.tables where table_type='base table' and table_name='wsfi039fields'
20240412@080347.3769 b8mhglv2aks2uklh3gsdl1vrs2 Query : select fieldkey,fieldname,fieldtype,mandatory from wsfi039fields
20240412@080347.3794 b8mhglv2aks2uklh3gsdl1vrs2 Query : select 1 valor from information_schema.tables where table_type='base table' and table_name='wsfi2039fields'
20240412@080347.3807 b8mhglv2aks2uklh3gsdl1vrs2 Query : select fieldkey,fieldname,fieldtype,mandatory from wsfi2039fields
20240412@080347.3812 b8mhglv2aks2uklh3gsdl1vrs2 Query : select top 1 convert(numeric(6,2),t.taxa) valor from taxasiva t where t.codigo='2'
20240412@080347.3826 b8mhglv2aks2uklh3gsdl1vrs2 Query : select 1 valor from information_schema.tables where table_type='base table' and table_name='wsfi039fields'
20240412@080347.3840 b8mhglv2aks2uklh3gsdl1vrs2 Query : select fieldkey,fieldname,fieldtype,calcformula from wsfi039fields
20240412@080347.3868 b8mhglv2aks2uklh3gsdl1vrs2 Query : insert into wsfi039data (fistamp,ousrdata, ousrhora, usrdata,usrhora,ousrinis,usrinis ,qtt ,ftstamp ,epv,pvmoeda ,tabiva,iva,lordem ,ref, design ,armazem) values ('aut6618d083606618dcd35d',getdate(),convert(char(8),convert (time,getdate())),getdate(),convert(char(8),convert (time,getdate())),'wsv','wsv',0 ,'aut6618d846886618dcd211' ,0,0 ,2,23.00,350000,?,?,?)
20240412@080347.4156 b8mhglv2aks2uklh3gsdl1vrs2 Query : select 1 valor from information_schema.tables where table_type='base table' and table_name='wsfi2039fields'
20240412@080347.4178 b8mhglv2aks2uklh3gsdl1vrs2 Query : select fieldkey,fieldname,fieldtype,calcformula from wsfi2039fields
20240412@080347.4184 b8mhglv2aks2uklh3gsdl1vrs2 Query : insert into wsfi2039data (fi2stamp,ftstamp ,ousrdata, ousrhora, usrdata,usrhora,ousrinis,usrinis) values ('aut6618d083606618dcd35d','aut6618d846886618dcd211' ,getdate(),convert(char(8),convert (time,getdate())),getdate(),convert(char(8),convert (time,getdate())),'wsv','wsv')
20240412@080347.4190 b8mhglv2aks2uklh3gsdl1vrs2 Query : use flama_phc
20240412@080347.4193 b8mhglv2aks2uklh3gsdl1vrs2 Query : select st.usalote valor from st where st.ref = '324.682.00.01'
20240412@080347.4207 b8mhglv2aks2uklh3gsdl1vrs2 Query : select top 1 st.tabiva ,st.ivaincl ,st.stns ,st.uni2 ,st.familia ,isnull(tx.taxa, 0) txiva ,unidade ,usalote ,epcpond ,noserie from st left join taxasiva tx on st.tabiva = tx.codigo where st.ref = '324.682.00.01'
20240412@080347.4222 b8mhglv2aks2uklh3gsdl1vrs2 Query : select 1 valor from information_schema.tables where table_type='base table' and table_name='wsfi039fields'
20240412@080347.4237 b8mhglv2aks2uklh3gsdl1vrs2 Query : select fieldkey,fieldname,fieldtype,mandatory from wsfi039fields
20240412@080347.4265 b8mhglv2aks2uklh3gsdl1vrs2 Query : select 1 valor from information_schema.tables where table_type='base table' and table_name='wsfi2039fields'
20240412@080347.4279 b8mhglv2aks2uklh3gsdl1vrs2 Query : select fieldkey,fieldname,fieldtype,mandatory from wsfi2039fields
20240412@080347.4284 b8mhglv2aks2uklh3gsdl1vrs2 Query : select sestamp valor from se where ref ='324.682.00.01' and lote = 'r2301181200a'
20240412@080347.4296 b8mhglv2aks2uklh3gsdl1vrs2 Query : select top 1 convert(numeric(6,2),t.taxa) valor from taxasiva t where t.codigo='2'
20240412@080347.4310 b8mhglv2aks2uklh3gsdl1vrs2 Query : select 1 valor from information_schema.tables where table_type='base table' and table_name='wsfi039fields'
20240412@080347.4328 b8mhglv2aks2uklh3gsdl1vrs2 Query : select fieldkey,fieldname,fieldtype,calcformula from wsfi039fields
20240412@080347.4359 b8mhglv2aks2uklh3gsdl1vrs2 Query : insert into wsfi039data (fistamp,ousrdata, ousrhora, usrdata,usrhora,ousrinis,usrinis ,qtt ,ftstamp ,epv,pvmoeda ,tabiva,iva,lordem ,ref, design ,lote,armazem,bistamp ) values ('aut6618d644516618dcd369',getdate(),convert(char(8),convert (time,getdate())),getdate(),convert(char(8),convert (time,getdate())),'wsv','wsv',24.000 ,'aut6618d846886618dcd211' ,0,0 ,2,23.00,370000,?,?,?,?,?)
20240412@080347.4822 b8mhglv2aks2uklh3gsdl1vrs2 Query : select 1 valor from information_schema.tables where table_type='base table' and table_name='wsfi2039fields'
20240412@080347.4843 b8mhglv2aks2uklh3gsdl1vrs2 Query : select fieldkey,fieldname,fieldtype,calcformula from wsfi2039fields
20240412@080347.4848 b8mhglv2aks2uklh3gsdl1vrs2 Query : insert into wsfi2039data (fi2stamp,ftstamp ,ousrdata, ousrhora, usrdata,usrhora,ousrinis,usrinis) values ('aut6618d644516618dcd369','aut6618d846886618dcd211' ,getdate(),convert(char(8),convert (time,getdate())),getdate(),convert(char(8),convert (time,getdate())),'wsv','wsv')
20240412@080347.4855 b8mhglv2aks2uklh3gsdl1vrs2 Query : select 1 valor from information_schema.tables where table_type='base table' and table_name='wsfi039fields'
20240412@080347.4883 b8mhglv2aks2uklh3gsdl1vrs2 Query : select fieldkey,fieldname,fieldtype,mandatory from wsfi039fields
20240412@080347.4913 b8mhglv2aks2uklh3gsdl1vrs2 Query : select 1 valor from information_schema.tables where table_type='base table' and table_name='wsfi2039fields'
20240412@080347.4931 b8mhglv2aks2uklh3gsdl1vrs2 Query : select fieldkey,fieldname,fieldtype,mandatory from wsfi2039fields
20240412@080347.4936 b8mhglv2aks2uklh3gsdl1vrs2 Query : select top 1 convert(numeric(6,2),t.taxa) valor from taxasiva t where t.codigo='2'
20240412@080347.4949 b8mhglv2aks2uklh3gsdl1vrs2 Query : select 1 valor from information_schema.tables where table_type='base table' and table_name='wsfi039fields'
20240412@080347.4965 b8mhglv2aks2uklh3gsdl1vrs2 Query : select fieldkey,fieldname,fieldtype,calcformula from wsfi039fields
20240412@080347.4997 b8mhglv2aks2uklh3gsdl1vrs2 Query : insert into wsfi039data (fistamp,ousrdata, ousrhora, usrdata,usrhora,ousrinis,usrinis ,qtt ,ftstamp ,epv,pvmoeda ,tabiva,iva,lordem ,ref, design ,armazem) values ('aut6618d631426618dcd378',getdate(),convert(char(8),convert (time,getdate())),getdate(),convert(char(8),convert (time,getdate())),'wsv','wsv',0 ,'aut6618d846886618dcd211' ,0,0 ,2,23.00,380000,?,?,?)
20240412@080347.5542 b8mhglv2aks2uklh3gsdl1vrs2 Query : select 1 valor from information_schema.tables where table_type='base table' and table_name='wsfi2039fields'
20240412@080347.6010 b8mhglv2aks2uklh3gsdl1vrs2 Query : select fieldkey,fieldname,fieldtype,calcformula from wsfi2039fields
20240412@080347.6015 b8mhglv2aks2uklh3gsdl1vrs2 Query : insert into wsfi2039data (fi2stamp,ftstamp ,ousrdata, ousrhora, usrdata,usrhora,ousrinis,usrinis) values ('aut6618d631426618dcd378','aut6618d846886618dcd211' ,getdate(),convert(char(8),convert (time,getdate())),getdate(),convert(char(8),convert (time,getdate())),'wsv','wsv')
20240412@080347.6020 b8mhglv2aks2uklh3gsdl1vrs2 Query : use flama_phc
20240412@080347.6040 b8mhglv2aks2uklh3gsdl1vrs2 Query : select st.usalote valor from st where st.ref = '324.682.00.01'
20240412@080347.6051 b8mhglv2aks2uklh3gsdl1vrs2 Query : select top 1 st.tabiva ,st.ivaincl ,st.stns ,st.uni2 ,st.familia ,isnull(tx.taxa, 0) txiva ,unidade ,usalote ,epcpond ,noserie from st left join taxasiva tx on st.tabiva = tx.codigo where st.ref = '324.682.00.01'
20240412@080347.6062 b8mhglv2aks2uklh3gsdl1vrs2 Query : select 1 valor from information_schema.tables where table_type='base table' and table_name='wsfi039fields'
20240412@080347.6095 b8mhglv2aks2uklh3gsdl1vrs2 Query : select fieldkey,fieldname,fieldtype,mandatory from wsfi039fields
20240412@080347.6119 b8mhglv2aks2uklh3gsdl1vrs2 Query : select 1 valor from information_schema.tables where table_type='base table' and table_name='wsfi2039fields'
20240412@080347.6133 b8mhglv2aks2uklh3gsdl1vrs2 Query : select fieldkey,fieldname,fieldtype,mandatory from wsfi2039fields
20240412@080347.6175 b8mhglv2aks2uklh3gsdl1vrs2 Query : select sestamp valor from se where ref ='324.682.00.01' and lote = 'r2301181200a'
20240412@080347.6185 b8mhglv2aks2uklh3gsdl1vrs2 Query : select top 1 convert(numeric(6,2),t.taxa) valor from taxasiva t where t.codigo='2'
20240412@080347.6212 b8mhglv2aks2uklh3gsdl1vrs2 Query : select 1 valor from information_schema.tables where table_type='base table' and table_name='wsfi039fields'
20240412@080347.6228 b8mhglv2aks2uklh3gsdl1vrs2 Query : select fieldkey,fieldname,fieldtype,calcformula from wsfi039fields
20240412@080347.6274 b8mhglv2aks2uklh3gsdl1vrs2 Query : insert into wsfi039data (fistamp,ousrdata, ousrhora, usrdata,usrhora,ousrinis,usrinis ,qtt ,ftstamp ,epv,pvmoeda ,tabiva,iva,lordem ,ref, design ,lote,armazem,bistamp ) values ('aut6618d425726618dcd397',getdate(),convert(char(8),convert (time,getdate())),getdate(),convert(char(8),convert (time,getdate())),'wsv','wsv',24.000 ,'aut6618d846886618dcd211' ,0,0 ,2,23.00,400000,?,?,?,?,?)
20240412@080347.6709 b8mhglv2aks2uklh3gsdl1vrs2 Query : select 1 valor from information_schema.tables where table_type='base table' and table_name='wsfi2039fields'
20240412@080347.6944 b8mhglv2aks2uklh3gsdl1vrs2 Query : select fieldkey,fieldname,fieldtype,calcformula from wsfi2039fields
20240412@080347.6950 b8mhglv2aks2uklh3gsdl1vrs2 Query : insert into wsfi2039data (fi2stamp,ftstamp ,ousrdata, ousrhora, usrdata,usrhora,ousrinis,usrinis) values ('aut6618d425726618dcd397','aut6618d846886618dcd211' ,getdate(),convert(char(8),convert (time,getdate())),getdate(),convert(char(8),convert (time,getdate())),'wsv','wsv')
20240412@080347.6958 b8mhglv2aks2uklh3gsdl1vrs2 Query : select 1 valor from information_schema.tables where table_type='base table' and table_name='wsfi039fields'
20240412@080347.6977 b8mhglv2aks2uklh3gsdl1vrs2 Query : select fieldkey,fieldname,fieldtype,mandatory from wsfi039fields
20240412@080347.7008 b8mhglv2aks2uklh3gsdl1vrs2 Query : select 1 valor from information_schema.tables where table_type='base table' and table_name='wsfi2039fields'
20240412@080347.7025 b8mhglv2aks2uklh3gsdl1vrs2 Query : select fieldkey,fieldname,fieldtype,mandatory from wsfi2039fields
20240412@080347.7030 b8mhglv2aks2uklh3gsdl1vrs2 Query : select top 1 convert(numeric(6,2),t.taxa) valor from taxasiva t where t.codigo='2'
20240412@080347.7045 b8mhglv2aks2uklh3gsdl1vrs2 Query : select 1 valor from information_schema.tables where table_type='base table' and table_name='wsfi039fields'
20240412@080347.7061 b8mhglv2aks2uklh3gsdl1vrs2 Query : select fieldkey,fieldname,fieldtype,calcformula from wsfi039fields
20240412@080347.7102 b8mhglv2aks2uklh3gsdl1vrs2 Query : insert into wsfi039data (fistamp,ousrdata, ousrhora, usrdata,usrhora,ousrinis,usrinis ,qtt ,ftstamp ,epv,pvmoeda ,tabiva,iva,lordem ,ref, design ,armazem) values ('aut6618d773906618dcd3ab',getdate(),convert(char(8),convert (time,getdate())),getdate(),convert(char(8),convert (time,getdate())),'wsv','wsv',0 ,'aut6618d846886618dcd211' ,0,0 ,2,23.00,410000,?,?,?)
20240412@080347.7394 b8mhglv2aks2uklh3gsdl1vrs2 Query : select 1 valor from information_schema.tables where table_type='base table' and table_name='wsfi2039fields'
20240412@080347.7412 b8mhglv2aks2uklh3gsdl1vrs2 Query : select fieldkey,fieldname,fieldtype,calcformula from wsfi2039fields
20240412@080347.7419 b8mhglv2aks2uklh3gsdl1vrs2 Query : insert into wsfi2039data (fi2stamp,ftstamp ,ousrdata, ousrhora, usrdata,usrhora,ousrinis,usrinis) values ('aut6618d773906618dcd3ab','aut6618d846886618dcd211' ,getdate(),convert(char(8),convert (time,getdate())),getdate(),convert(char(8),convert (time,getdate())),'wsv','wsv')
20240412@080347.7425 b8mhglv2aks2uklh3gsdl1vrs2 Query : use flama_phc
20240412@080347.7428 b8mhglv2aks2uklh3gsdl1vrs2 Query : select st.usalote valor from st where st.ref = '324.682.00.01'
20240412@080347.7441 b8mhglv2aks2uklh3gsdl1vrs2 Query : select top 1 st.tabiva ,st.ivaincl ,st.stns ,st.uni2 ,st.familia ,isnull(tx.taxa, 0) txiva ,unidade ,usalote ,epcpond ,noserie from st left join taxasiva tx on st.tabiva = tx.codigo where st.ref = '324.682.00.01'
20240412@080347.7452 b8mhglv2aks2uklh3gsdl1vrs2 Query : select 1 valor from information_schema.tables where table_type='base table' and table_name='wsfi039fields'
20240412@080347.7466 b8mhglv2aks2uklh3gsdl1vrs2 Query : select fieldkey,fieldname,fieldtype,mandatory from wsfi039fields
20240412@080347.7493 b8mhglv2aks2uklh3gsdl1vrs2 Query : select 1 valor from information_schema.tables where table_type='base table' and table_name='wsfi2039fields'
20240412@080347.7507 b8mhglv2aks2uklh3gsdl1vrs2 Query : select fieldkey,fieldname,fieldtype,mandatory from wsfi2039fields
20240412@080347.7512 b8mhglv2aks2uklh3gsdl1vrs2 Query : select sestamp valor from se where ref ='324.682.00.01' and lote = 'r2301181200a'
20240412@080347.7524 b8mhglv2aks2uklh3gsdl1vrs2 Query : select top 1 convert(numeric(6,2),t.taxa) valor from taxasiva t where t.codigo='2'
20240412@080347.7534 b8mhglv2aks2uklh3gsdl1vrs2 Query : select 1 valor from information_schema.tables where table_type='base table' and table_name='wsfi039fields'
20240412@080347.7548 b8mhglv2aks2uklh3gsdl1vrs2 Query : select fieldkey,fieldname,fieldtype,calcformula from wsfi039fields
20240412@080347.7576 b8mhglv2aks2uklh3gsdl1vrs2 Query : insert into wsfi039data (fistamp,ousrdata, ousrhora, usrdata,usrhora,ousrinis,usrinis ,qtt ,ftstamp ,epv,pvmoeda ,tabiva,iva,lordem ,ref, design ,lote,armazem,bistamp ) values ('aut6618d168206618dcd3b7',getdate(),convert(char(8),convert (time,getdate())),getdate(),convert(char(8),convert (time,getdate())),'wsv','wsv',24.000 ,'aut6618d846886618dcd211' ,0,0 ,2,23.00,430000,?,?,?,?,?)
20240412@080347.7881 b8mhglv2aks2uklh3gsdl1vrs2 Query : select 1 valor from information_schema.tables where table_type='base table' and table_name='wsfi2039fields'
20240412@080347.7897 b8mhglv2aks2uklh3gsdl1vrs2 Query : select fieldkey,fieldname,fieldtype,calcformula from wsfi2039fields
20240412@080347.7901 b8mhglv2aks2uklh3gsdl1vrs2 Query : insert into wsfi2039data (fi2stamp,ftstamp ,ousrdata, ousrhora, usrdata,usrhora,ousrinis,usrinis) values ('aut6618d168206618dcd3b7','aut6618d846886618dcd211' ,getdate(),convert(char(8),convert (time,getdate())),getdate(),convert(char(8),convert (time,getdate())),'wsv','wsv')
20240412@080347.7907 b8mhglv2aks2uklh3gsdl1vrs2 Query : select 1 valor from information_schema.tables where table_type='base table' and table_name='wsfi039fields'
20240412@080347.7928 b8mhglv2aks2uklh3gsdl1vrs2 Query : select fieldkey,fieldname,fieldtype,mandatory from wsfi039fields
20240412@080347.7954 b8mhglv2aks2uklh3gsdl1vrs2 Query : select 1 valor from information_schema.tables where table_type='base table' and table_name='wsfi2039fields'
20240412@080347.7970 b8mhglv2aks2uklh3gsdl1vrs2 Query : select fieldkey,fieldname,fieldtype,mandatory from wsfi2039fields
20240412@080347.7975 b8mhglv2aks2uklh3gsdl1vrs2 Query : select top 1 convert(numeric(6,2),t.taxa) valor from taxasiva t where t.codigo='2'
20240412@080347.7985 b8mhglv2aks2uklh3gsdl1vrs2 Query : select 1 valor from information_schema.tables where table_type='base table' and table_name='wsfi039fields'
20240412@080347.7998 b8mhglv2aks2uklh3gsdl1vrs2 Query : select fieldkey,fieldname,fieldtype,calcformula from wsfi039fields
20240412@080347.8024 b8mhglv2aks2uklh3gsdl1vrs2 Query : insert into wsfi039data (fistamp,ousrdata, ousrhora, usrdata,usrhora,ousrinis,usrinis ,qtt ,ftstamp ,epv,pvmoeda ,tabiva,iva,lordem ,ref, design ,armazem) values ('aut6618d119456618dcd3c2',getdate(),convert(char(8),convert (time,getdate())),getdate(),convert(char(8),convert (time,getdate())),'wsv','wsv',0 ,'aut6618d846886618dcd211' ,0,0 ,2,23.00,440000,?,?,?)
20240412@080347.8323 b8mhglv2aks2uklh3gsdl1vrs2 Query : select 1 valor from information_schema.tables where table_type='base table' and table_name='wsfi2039fields'
20240412@080347.8342 b8mhglv2aks2uklh3gsdl1vrs2 Query : select fieldkey,fieldname,fieldtype,calcformula from wsfi2039fields
20240412@080347.8346 b8mhglv2aks2uklh3gsdl1vrs2 Query : insert into wsfi2039data (fi2stamp,ftstamp ,ousrdata, ousrhora, usrdata,usrhora,ousrinis,usrinis) values ('aut6618d119456618dcd3c2','aut6618d846886618dcd211' ,getdate(),convert(char(8),convert (time,getdate())),getdate(),convert(char(8),convert (time,getdate())),'wsv','wsv')
20240412@080347.8351 b8mhglv2aks2uklh3gsdl1vrs2 Query : insert into wsftcreationlog (initialftstamp,externalid,creationstatus,documenttypeid,idustamp) values ('aut6618d846886618dcd211','2402691','wait',39,'ari17112337378,753000005')
20240412@080347.8370 b8mhglv2aks2uklh3gsdl1vrs2 Query : use flama_phc
20240412@080347.8373 b8mhglv2aks2uklh3gsdl1vrs2 Query : update u_wsusers set rqsttoken =? where userid ='userls001'
20240412@080347.8384 b8mhglv2aks2uklh3gsdl1vrs2 Query : select concat(rtrim(relative_path),ltrim(name_new)) as valor from uploadfiles where uploadfile_id='1112';
20240412@080347.8406 b8mhglv2aks2uklh3gsdl1vrs2 Query : update uploadfiles set whenupdated=current_timestamp where uploadfile_id='1112';
20240412@080347.8422 b8mhglv2aks2uklh3gsdl1vrs2 Query : select concat(rtrim(relative_path),ltrim(name_new)) as valor from uploadfiles where uploadfile_id='1112';
20240412@080347.8436 b8mhglv2aks2uklh3gsdl1vrs2 Query : update uploadfiles set whenupdated=current_timestamp where uploadfile_id='1112';
20240412@080347.8868 u8ms9dpqsd4741j3fs5q0kglnf Query : insert into uploadfiles ( name_original, name_new, option_type, relative_path, whencreated ) values ( ?, ?, ?, ?, getdate() )
20240412@080347.8881 u8ms9dpqsd4741j3fs5q0kglnf Query : select uploadfile_id valor from uploadfiles where name_new = ? and option_type = ? 
20240412@080347.8903 u8ms9dpqsd4741j3fs5q0kglnf Query : select concat(rtrim(relative_path),ltrim(name_new)) as valor from uploadfiles where uploadfile_id='1113';
20240412@080347.8950 u8ms9dpqsd4741j3fs5q0kglnf Query : update uploadfiles set whenupdated=current_timestamp where uploadfile_id='1113';
20240412@080347.8967 u8ms9dpqsd4741j3fs5q0kglnf Query : select concat(rtrim(relative_path),ltrim(name_new)) as valor from uploadfiles where uploadfile_id='1113';
20240412@080347.8985 u8ms9dpqsd4741j3fs5q0kglnf Query : update uploadfiles set whenupdated=current_timestamp where uploadfile_id='1113';
20240412@080347.8999 u8ms9dpqsd4741j3fs5q0kglnf Query : use flama_phc
20240412@080347.9003 u8ms9dpqsd4741j3fs5q0kglnf Query : select top 1 secretkey valor from u_wsusers u where u.userid = ? and u.inactivo=0
20240412@080347.9016 u8ms9dpqsd4741j3fs5q0kglnf Query : use flama_phc
20240412@080347.9019 u8ms9dpqsd4741j3fs5q0kglnf Query : select no, estab,szadrsdesc from szadrs where u_coddest=4740
20240412@080347.9222 u8ms9dpqsd4741j3fs5q0kglnf Query : select top 1 isnull(design,'') valor from st (nolock) left join stobs (nolock) on st.ref = stobs.ref where st.ref = '324.4906.00.1'
20240412@080347.9424 u8ms9dpqsd4741j3fs5q0kglnf Query : select top 1 bistamp valor from bi inner join bo on bo.bostamp=bi.bostamp where bo.ndos =240 and bo.boano =2026 and bo.obrano = 2402692 and bi.ref ='324.4906.00.1' and bi.lordem =1
20240412@080347.9764 u8ms9dpqsd4741j3fs5q0kglnf Query : select top 1 isnull(design,'') valor from st (nolock) left join stobs (nolock) on st.ref = stobs.ref where st.ref = '324.4906.00.1'
20240412@080347.9776 u8ms9dpqsd4741j3fs5q0kglnf Query : select top 1 bistamp valor from bi inner join bo on bo.bostamp=bi.bostamp where bo.ndos =240 and bo.boano =2026 and bo.obrano = 2402692 and bi.ref ='324.4906.00.1' and bi.lordem =1
20240412@080347.9781 u8ms9dpqsd4741j3fs5q0kglnf Query : use flama_phc
20240412@080347.9784 u8ms9dpqsd4741j3fs5q0kglnf Query : select top 1 convert(date,fdata) valor from ft where ndoc = 39 and anulado= 0 and fno>0 order by fdata desc
20240412@080347.9800 u8ms9dpqsd4741j3fs5q0kglnf Query : use flama_phc
20240412@080347.9803 u8ms9dpqsd4741j3fs5q0kglnf Query : select top 1 1 valor from td where td.ndoc = 39
20240412@080347.9813 u8ms9dpqsd4741j3fs5q0kglnf Query : use flama_phc
20240412@080347.9817 u8ms9dpqsd4741j3fs5q0kglnf Query : select descricao ,case when valor='s' then 1 else 0 end usalotes from para1 where descricao in ('st_lote')
20240412@080347.9854 u8ms9dpqsd4741j3fs5q0kglnf Query : select top 1 assinadoc issigned ,td.lancasl stocks ,'cl' origin ,case when (cmsl between 1 and 50 ) then 1 else 0 end entrada ,case when (cmsl>50 ) then 1 else 0 end saida ,~lotestock validatestock ,tiposaft from td inner join td2 on td.tdstamp=td2.td2stamp where td.ndoc =39
20240412@080347.9869 u8ms9dpqsd4741j3fs5q0kglnf Query : use flama_phc
20240412@080347.9872 u8ms9dpqsd4741j3fs5q0kglnf Query : select top 1 ~inactivo valor from cl where no = '100810' and estab = 0 order by inactivo desc
20240412@080347.9882 u8ms9dpqsd4741j3fs5q0kglnf Query : use flama_phc
20240412@080347.9885 u8ms9dpqsd4741j3fs5q0kglnf Query : select top 1 tipodoc,regrd from td where ndoc = 39
20240412@080347.9896 u8ms9dpqsd4741j3fs5q0kglnf Query : use flama_phc
20240412@080347.9898 u8ms9dpqsd4741j3fs5q0kglnf Query : select szadrsstamp valor from szadrs where szadrsdesc='espaÇotrans,lda'
20240412@080347.9909 u8ms9dpqsd4741j3fs5q0kglnf Query : use flama_phc
20240412@080347.9911 u8ms9dpqsd4741j3fs5q0kglnf Query : select szadrsstamp valor from szadrs where szadrsdesc='100810 - worten-equipamentos para o lar,sa.'
20240412@080347.9923 u8ms9dpqsd4741j3fs5q0kglnf Query : use flama_phc
20240412@080347.9926 u8ms9dpqsd4741j3fs5q0kglnf Query : select 1 valor from td where ndoc = 39
20240412@080347.9935 u8ms9dpqsd4741j3fs5q0kglnf Query : select top 1 manternumero, tiposaft, nmdos,td.assinadoc from td where td.ndoc = 39
20240412@080347.9950 u8ms9dpqsd4741j3fs5q0kglnf Query : select 1 valor from information_schema.tables where table_type='base table' and table_name='wsft039fields'
20240412@080347.9963 u8ms9dpqsd4741j3fs5q0kglnf Query : select fieldkey,fieldname,fieldtype,mandatory from wsft039fields
20240412@080347.9982 u8ms9dpqsd4741j3fs5q0kglnf Query : select 1 valor from information_schema.tables where table_type='base table' and table_name='wsft2039fields'
20240412@080347.9995 u8ms9dpqsd4741j3fs5q0kglnf Query : select fieldkey,fieldname,fieldtype,mandatory from wsft2039fields
20240412@080348.4100 u8ms9dpqsd4741j3fs5q0kglnf Query : select 1 valor from information_schema.tables where table_type='base table' and table_name='wsft3039fields'
20240412@080348.5500 u8ms9dpqsd4741j3fs5q0kglnf Query : select fieldkey,fieldname,fieldtype,mandatory from wsft3039fields
20240412@080348.6500 u8ms9dpqsd4741j3fs5q0kglnf Query : select top 1 ft.fno valor from ft ft where ft.ndoc = 39 and ftano=2024 order by fno desc
20240412@080348.1590 u8ms9dpqsd4741j3fs5q0kglnf Query : select top 1 ft.fno valor from wsft039data ft where ft.ndoc = 39 and ftano=2024 order by fno desc
20240412@080348.1700 u8ms9dpqsd4741j3fs5q0kglnf Query : select 1 valor from information_schema.tables where table_type='base table' and table_name='wsft3039fields'
20240412@080348.1880 u8ms9dpqsd4741j3fs5q0kglnf Query : select fieldkey,fieldname,fieldtype,calcformula from wsft3039fields
20240412@080348.1980 u8ms9dpqsd4741j3fs5q0kglnf Query : insert into wsft3039data (ft3stamp, ousrdata, ousrhora, usrdata,usrhora,ousrinis,usrinis,taxpointdt ) values ('aut6618d844676618dcd401' ,getdate(),convert(char(8),convert (time,getdate())),getdate(),convert(char(8),convert (time,getdate())),'wsv','wsv',?)
20240412@080348.3900 u8ms9dpqsd4741j3fs5q0kglnf Query : select 1 valor from information_schema.tables where table_type='base table' and table_name='wsft2039fields'
20240412@080348.4060 u8ms9dpqsd4741j3fs5q0kglnf Query : select fieldkey,fieldname,fieldtype,calcformula from wsft2039fields
20240412@080348.4380 u8ms9dpqsd4741j3fs5q0kglnf Query : select top 1 bo.u_nomeenv valor from bo where bo.bostamp=''
20240412@080348.4650 u8ms9dpqsd4741j3fs5q0kglnf Query : select top 1 bo.u_moradaen valor from bo where bo.bostamp=''
20240412@080348.4710 u8ms9dpqsd4741j3fs5q0kglnf Query : select top 1 bo.u_codposen valor from bo where bo.bostamp=''
20240412@080348.4760 u8ms9dpqsd4741j3fs5q0kglnf Query : select top 1 bo.u_localenv valor from bo where bo.bostamp=''
20240412@080348.4820 u8ms9dpqsd4741j3fs5q0kglnf Query : select top 1 bo.trab5 valor from bo where bo.bostamp=''
20240412@080348.4870 u8ms9dpqsd4741j3fs5q0kglnf Query : select top 1 bo.serie valor from bo where bo.bostamp=''
20240412@080348.4920 u8ms9dpqsd4741j3fs5q0kglnf Query : insert into wsft2039data (ft2stamp, ousrdata,ousrhora, usrdata,usrhora,ousrinis,usrinis,u_nomeenv ,u_moradaen ,u_codposen ,u_localenv ,u_coddest ,u_codby ) values ('aut6618d844676618dcd401',getdate(),convert(char(8),convert (time,getdate())),getdate(),convert(char(8),convert (time,getdate())),'wsv','wsv',?,?,?,?,?,?)
20240412@080348.7680 u8ms9dpqsd4741j3fs5q0kglnf Query : select top 1 fno valor from wsft039data order by fno desc
20240412@080348.7920 u8ms9dpqsd4741j3fs5q0kglnf Query : select 1 valor from information_schema.tables where table_type='base table' and table_name='wsft039fields'
20240412@080348.8060 u8ms9dpqsd4741j3fs5q0kglnf Query : select fieldkey,fieldname,fieldtype,calcformula from wsft039fields
20240412@080348.8240 u8ms9dpqsd4741j3fs5q0kglnf Query : insert into wsft039data (ftstamp, ousrdata,ousrhora, usrdata,usrhora,ousrinis,usrinis,fno,no,estab,fdata,ndoc,moeda,cambio,cambiofixo,ftano,cdata,chora,carga,descar,site ,classe ) values ('aut6618d844676618dcd401',getdate(),convert(char(8),convert (time,getdate())),getdate(),convert(char(8),convert (time,getdate())),'wsv','wsv',863,100810,0,'2024-04-12',39,'euro',0,0,2024 ,'20240412','0833',?,?,?,?)
20240412@080348.1362 u8ms9dpqsd4741j3fs5q0kglnf Query : use flama_phc
20240412@080348.1421 u8ms9dpqsd4741j3fs5q0kglnf Query : select st.usalote valor from st where st.ref = '324.4906.00.1'
20240412@080348.1629 u8ms9dpqsd4741j3fs5q0kglnf Query : select top 1 st.tabiva ,st.ivaincl ,st.stns ,st.uni2 ,st.familia ,isnull(tx.taxa, 0) txiva ,unidade ,usalote ,epcpond ,noserie from st left join taxasiva tx on st.tabiva = tx.codigo where st.ref = '324.4906.00.1'
20240412@080348.2200 u8ms9dpqsd4741j3fs5q0kglnf Query : select 1 valor from information_schema.tables where table_type='base table' and table_name='wsfi039fields'
20240412@080348.2591 u8ms9dpqsd4741j3fs5q0kglnf Query : select fieldkey,fieldname,fieldtype,mandatory from wsfi039fields
20240412@080348.2908 u8ms9dpqsd4741j3fs5q0kglnf Query : select 1 valor from information_schema.tables where table_type='base table' and table_name='wsfi2039fields'
20240412@080348.3038 u8ms9dpqsd4741j3fs5q0kglnf Query : select fieldkey,fieldname,fieldtype,mandatory from wsfi2039fields
20240412@080348.3043 u8ms9dpqsd4741j3fs5q0kglnf Query : select sestamp valor from se where ref ='324.4906.00.1' and lote = 'r2300207200a'
20240412@080348.3063 u8ms9dpqsd4741j3fs5q0kglnf Query : select top 1 convert(numeric(6,2),t.taxa) valor from taxasiva t where t.codigo='2'
20240412@080348.3195 u8ms9dpqsd4741j3fs5q0kglnf Query : select 1 valor from information_schema.tables where table_type='base table' and table_name='wsfi039fields'
20240412@080348.3434 u8ms9dpqsd4741j3fs5q0kglnf Query : select fieldkey,fieldname,fieldtype,calcformula from wsfi039fields
20240412@080348.3676 u8ms9dpqsd4741j3fs5q0kglnf Query : insert into wsfi039data (fistamp,ousrdata, ousrhora, usrdata,usrhora,ousrinis,usrinis ,qtt ,ftstamp ,epv,pvmoeda ,tabiva,iva,lordem ,ref, design ,lote,armazem,bistamp ) values ('aut6618d010326618dcd44e',getdate(),convert(char(8),convert (time,getdate())),getdate(),convert(char(8),convert (time,getdate())),'wsv','wsv',28.000 ,'aut6618d844676618dcd401' ,0,0 ,2,23.00,10000,?,?,?,?,?)
20240412@080348.4367 u8ms9dpqsd4741j3fs5q0kglnf Query : select 1 valor from information_schema.tables where table_type='base table' and table_name='wsfi2039fields'
20240412@080348.4592 u8ms9dpqsd4741j3fs5q0kglnf Query : select fieldkey,fieldname,fieldtype,calcformula from wsfi2039fields
20240412@080348.4686 u8ms9dpqsd4741j3fs5q0kglnf Query : insert into wsfi2039data (fi2stamp,ftstamp ,ousrdata, ousrhora, usrdata,usrhora,ousrinis,usrinis) values ('aut6618d010326618dcd44e','aut6618d844676618dcd401' ,getdate(),convert(char(8),convert (time,getdate())),getdate(),convert(char(8),convert (time,getdate())),'wsv','wsv')
20240412@080348.4697 u8ms9dpqsd4741j3fs5q0kglnf Query : select 1 valor from information_schema.tables where table_type='base table' and table_name='wsfi039fields'
20240412@080348.4888 u8ms9dpqsd4741j3fs5q0kglnf Query : select fieldkey,fieldname,fieldtype,mandatory from wsfi039fields
20240412@080348.4910 u8ms9dpqsd4741j3fs5q0kglnf Query : select 1 valor from information_schema.tables where table_type='base table' and table_name='wsfi2039fields'
20240412@080348.4942 u8ms9dpqsd4741j3fs5q0kglnf Query : select fieldkey,fieldname,fieldtype,mandatory from wsfi2039fields
20240412@080348.5085 u8ms9dpqsd4741j3fs5q0kglnf Query : select top 1 convert(numeric(6,2),t.taxa) valor from taxasiva t where t.codigo='2'
20240412@080348.5334 u8ms9dpqsd4741j3fs5q0kglnf Query : select 1 valor from information_schema.tables where table_type='base table' and table_name='wsfi039fields'
20240412@080348.5350 u8ms9dpqsd4741j3fs5q0kglnf Query : select fieldkey,fieldname,fieldtype,calcformula from wsfi039fields
20240412@080348.5404 u8ms9dpqsd4741j3fs5q0kglnf Query : insert into wsfi039data (fistamp,ousrdata, ousrhora, usrdata,usrhora,ousrinis,usrinis ,qtt ,ftstamp ,epv,pvmoeda ,tabiva,iva,lordem ,ref, design ,armazem) values ('aut6618d151216618dcd482',getdate(),convert(char(8),convert (time,getdate())),getdate(),convert(char(8),convert (time,getdate())),'wsv','wsv',0 ,'aut6618d844676618dcd401' ,0,0 ,2,23.00,20000,?,?,?)
20240412@080348.5744 u8ms9dpqsd4741j3fs5q0kglnf Query : select 1 valor from information_schema.tables where table_type='base table' and table_name='wsfi2039fields'
20240412@080348.5885 u8ms9dpqsd4741j3fs5q0kglnf Query : select fieldkey,fieldname,fieldtype,calcformula from wsfi2039fields
20240412@080348.5891 u8ms9dpqsd4741j3fs5q0kglnf Query : insert into wsfi2039data (fi2stamp,ftstamp ,ousrdata, ousrhora, usrdata,usrhora,ousrinis,usrinis) values ('aut6618d151216618dcd482','aut6618d844676618dcd401' ,getdate(),convert(char(8),convert (time,getdate())),getdate(),convert(char(8),convert (time,getdate())),'wsv','wsv')
20240412@080348.5896 u8ms9dpqsd4741j3fs5q0kglnf Query : use flama_phc
20240412@080348.5900 u8ms9dpqsd4741j3fs5q0kglnf Query : select st.usalote valor from st where st.ref = '324.4906.00.1'
20240412@080348.5911 u8ms9dpqsd4741j3fs5q0kglnf Query : select top 1 st.tabiva ,st.ivaincl ,st.stns ,st.uni2 ,st.familia ,isnull(tx.taxa, 0) txiva ,unidade ,usalote ,epcpond ,noserie from st left join taxasiva tx on st.tabiva = tx.codigo where st.ref = '324.4906.00.1'
20240412@080348.5940 u8ms9dpqsd4741j3fs5q0kglnf Query : select 1 valor from information_schema.tables where table_type='base table' and table_name='wsfi039fields'
20240412@080348.5954 u8ms9dpqsd4741j3fs5q0kglnf Query : select fieldkey,fieldname,fieldtype,mandatory from wsfi039fields
20240412@080348.6084 u8ms9dpqsd4741j3fs5q0kglnf Query : select 1 valor from information_schema.tables where table_type='base table' and table_name='wsfi2039fields'
20240412@080348.6099 u8ms9dpqsd4741j3fs5q0kglnf Query : select fieldkey,fieldname,fieldtype,mandatory from wsfi2039fields
20240412@080348.6103 u8ms9dpqsd4741j3fs5q0kglnf Query : select sestamp valor from se where ref ='324.4906.00.1' and lote = 'r2300207200a'
20240412@080348.6232 u8ms9dpqsd4741j3fs5q0kglnf Query : select top 1 convert(numeric(6,2),t.taxa) valor from taxasiva t where t.codigo='2'
20240412@080348.6266 u8ms9dpqsd4741j3fs5q0kglnf Query : select 1 valor from information_schema.tables where table_type='base table' and table_name='wsfi039fields'
20240412@080348.6282 u8ms9dpqsd4741j3fs5q0kglnf Query : select fieldkey,fieldname,fieldtype,calcformula from wsfi039fields
20240412@080348.6817 u8ms9dpqsd4741j3fs5q0kglnf Query : insert into wsfi039data (fistamp,ousrdata, ousrhora, usrdata,usrhora,ousrinis,usrinis ,qtt ,ftstamp ,epv,pvmoeda ,tabiva,iva,lordem ,ref, design ,lote,armazem,bistamp ) values ('aut6618d762006618dcd498',getdate(),convert(char(8),convert (time,getdate())),getdate(),convert(char(8),convert (time,getdate())),'wsv','wsv',4.000 ,'aut6618d844676618dcd401' ,0,0 ,2,23.00,40000,?,?,?,?,?)
20240412@080348.7284 u8ms9dpqsd4741j3fs5q0kglnf Query : select 1 valor from information_schema.tables where table_type='base table' and table_name='wsfi2039fields'
20240412@080348.7302 u8ms9dpqsd4741j3fs5q0kglnf Query : select fieldkey,fieldname,fieldtype,calcformula from wsfi2039fields
20240412@080348.7316 u8ms9dpqsd4741j3fs5q0kglnf Query : insert into wsfi2039data (fi2stamp,ftstamp ,ousrdata, ousrhora, usrdata,usrhora,ousrinis,usrinis) values ('aut6618d762006618dcd498','aut6618d844676618dcd401' ,getdate(),convert(char(8),convert (time,getdate())),getdate(),convert(char(8),convert (time,getdate())),'wsv','wsv')
20240412@080348.7338 u8ms9dpqsd4741j3fs5q0kglnf Query : select 1 valor from information_schema.tables where table_type='base table' and table_name='wsfi039fields'
20240412@080348.7356 u8ms9dpqsd4741j3fs5q0kglnf Query : select fieldkey,fieldname,fieldtype,mandatory from wsfi039fields
20240412@080348.7394 u8ms9dpqsd4741j3fs5q0kglnf Query : select 1 valor from information_schema.tables where table_type='base table' and table_name='wsfi2039fields'
20240412@080348.7408 u8ms9dpqsd4741j3fs5q0kglnf Query : select fieldkey,fieldname,fieldtype,mandatory from wsfi2039fields
20240412@080348.7412 u8ms9dpqsd4741j3fs5q0kglnf Query : select top 1 convert(numeric(6,2),t.taxa) valor from taxasiva t where t.codigo='2'
20240412@080348.7422 u8ms9dpqsd4741j3fs5q0kglnf Query : select 1 valor from information_schema.tables where table_type='base table' and table_name='wsfi039fields'
20240412@080348.7453 u8ms9dpqsd4741j3fs5q0kglnf Query : select fieldkey,fieldname,fieldtype,calcformula from wsfi039fields
20240412@080348.7570 u8ms9dpqsd4741j3fs5q0kglnf Query : insert into wsfi039data (fistamp,ousrdata, ousrhora, usrdata,usrhora,ousrinis,usrinis ,qtt ,ftstamp ,epv,pvmoeda ,tabiva,iva,lordem ,ref, design ,armazem) values ('aut6618d699756618dcd4b5',getdate(),convert(char(8),convert (time,getdate())),getdate(),convert(char(8),convert (time,getdate())),'wsv','wsv',0 ,'aut6618d844676618dcd401' ,0,0 ,2,23.00,50000,?,?,?)
20240412@080348.7931 u8ms9dpqsd4741j3fs5q0kglnf Query : select 1 valor from information_schema.tables where table_type='base table' and table_name='wsfi2039fields'
20240412@080348.7949 u8ms9dpqsd4741j3fs5q0kglnf Query : select fieldkey,fieldname,fieldtype,calcformula from wsfi2039fields
20240412@080348.7953 u8ms9dpqsd4741j3fs5q0kglnf Query : insert into wsfi2039data (fi2stamp,ftstamp ,ousrdata, ousrhora, usrdata,usrhora,ousrinis,usrinis) values ('aut6618d699756618dcd4b5','aut6618d844676618dcd401' ,getdate(),convert(char(8),convert (time,getdate())),getdate(),convert(char(8),convert (time,getdate())),'wsv','wsv')
20240412@080348.7958 u8ms9dpqsd4741j3fs5q0kglnf Query : insert into wsftcreationlog (initialftstamp,externalid,creationstatus,documenttypeid,idustamp) values ('aut6618d844676618dcd401','2402692','wait',39,'ari17112337378,753000005')
20240412@080348.8049 u8ms9dpqsd4741j3fs5q0kglnf Query : use flama_phc
20240412@080348.8096 u8ms9dpqsd4741j3fs5q0kglnf Query : update u_wsusers set rqsttoken =? where userid ='userls001'
20240412@080348.8170 u8ms9dpqsd4741j3fs5q0kglnf Query : select concat(rtrim(relative_path),ltrim(name_new)) as valor from uploadfiles where uploadfile_id='1113';
20240412@080348.8304 u8ms9dpqsd4741j3fs5q0kglnf Query : update uploadfiles set whenupdated=current_timestamp where uploadfile_id='1113';
20240412@080348.8324 u8ms9dpqsd4741j3fs5q0kglnf Query : select concat(rtrim(relative_path),ltrim(name_new)) as valor from uploadfiles where uploadfile_id='1113';
20240412@080348.8384 u8ms9dpqsd4741j3fs5q0kglnf Query : update uploadfiles set whenupdated=current_timestamp where uploadfile_id='1113';
20240412@080348.9086 deocbfqi0anpen4arqts379jiq Query : insert into uploadfiles ( name_original, name_new, option_type, relative_path, whencreated ) values ( ?, ?, ?, ?, getdate() )
20240412@080348.9101 deocbfqi0anpen4arqts379jiq Query : select uploadfile_id valor from uploadfiles where name_new = ? and option_type = ? 
20240412@080348.9127 deocbfqi0anpen4arqts379jiq Query : select concat(rtrim(relative_path),ltrim(name_new)) as valor from uploadfiles where uploadfile_id='1114';
20240412@080348.9272 deocbfqi0anpen4arqts379jiq Query : update uploadfiles set whenupdated=current_timestamp where uploadfile_id='1114';
20240412@080348.9306 deocbfqi0anpen4arqts379jiq Query : select concat(rtrim(relative_path),ltrim(name_new)) as valor from uploadfiles where uploadfile_id='1114';
20240412@080348.9324 deocbfqi0anpen4arqts379jiq Query : update uploadfiles set whenupdated=current_timestamp where uploadfile_id='1114';
20240412@080348.9341 deocbfqi0anpen4arqts379jiq Query : use flama_phc
20240412@080348.9344 deocbfqi0anpen4arqts379jiq Query : select top 1 secretkey valor from u_wsusers u where u.userid = ? and u.inactivo=0
20240412@080348.9358 deocbfqi0anpen4arqts379jiq Query : use flama_phc
20240412@080348.9361 deocbfqi0anpen4arqts379jiq Query : select no, estab,szadrsdesc from szadrs where u_coddest=4740
20240412@080348.9422 deocbfqi0anpen4arqts379jiq Query : select top 1 isnull(design,'') valor from st (nolock) left join stobs (nolock) on st.ref = stobs.ref where st.ref = '324.497.00.01'
20240412@080348.9593 deocbfqi0anpen4arqts379jiq Query : select top 1 bistamp valor from bi inner join bo on bo.bostamp=bi.bostamp where bo.ndos =240 and bo.boano =2026 and bo.obrano = 2402693 and bi.ref ='324.497.00.01' and bi.lordem =1
20240412@080348.9931 deocbfqi0anpen4arqts379jiq Query : select top 1 isnull(design,'') valor from st (nolock) left join stobs (nolock) on st.ref = stobs.ref where st.ref = '324.497.00.01'
20240412@080348.9944 deocbfqi0anpen4arqts379jiq Query : select top 1 bistamp valor from bi inner join bo on bo.bostamp=bi.bostamp where bo.ndos =240 and bo.boano =2026 and bo.obrano = 2402693 and bi.ref ='324.497.00.01' and bi.lordem =1
20240412@080348.9950 deocbfqi0anpen4arqts379jiq Query : use flama_phc
20240412@080348.9954 deocbfqi0anpen4arqts379jiq Query : select top 1 convert(date,fdata) valor from ft where ndoc = 39 and anulado= 0 and fno>0 order by fdata desc
20240412@080348.9970 deocbfqi0anpen4arqts379jiq Query : use flama_phc
20240412@080348.9974 deocbfqi0anpen4arqts379jiq Query : select top 1 1 valor from td where td.ndoc = 39
20240412@080348.9985 deocbfqi0anpen4arqts379jiq Query : use flama_phc
20240412@080348.9988 deocbfqi0anpen4arqts379jiq Query : select descricao ,case when valor='s' then 1 else 0 end usalotes from para1 where descricao in ('st_lote')
20240412@080349.0000 deocbfqi0anpen4arqts379jiq Query : select top 1 assinadoc issigned ,td.lancasl stocks ,'cl' origin ,case when (cmsl between 1 and 50 ) then 1 else 0 end entrada ,case when (cmsl>50 ) then 1 else 0 end saida ,~lotestock validatestock ,tiposaft from td inner join td2 on td.tdstamp=td2.td2stamp where td.ndoc =39
20240412@080349.1500 deocbfqi0anpen4arqts379jiq Query : use flama_phc
20240412@080349.1900 deocbfqi0anpen4arqts379jiq Query : select top 1 ~inactivo valor from cl where no = '100810' and estab = 0 order by inactivo desc
20240412@080349.5200 deocbfqi0anpen4arqts379jiq Query : use flama_phc
20240412@080349.5500 deocbfqi0anpen4arqts379jiq Query : select top 1 tipodoc,regrd from td where ndoc = 39
20240412@080349.6900 deocbfqi0anpen4arqts379jiq Query : use flama_phc
20240412@080349.7600 deocbfqi0anpen4arqts379jiq Query : select szadrsstamp valor from szadrs where szadrsdesc='espaÇotrans,lda'
20240412@080349.8900 deocbfqi0anpen4arqts379jiq Query : use flama_phc
20240412@080349.9300 deocbfqi0anpen4arqts379jiq Query : select szadrsstamp valor from szadrs where szadrsdesc='100810 - worten-equipamentos para o lar,sa.'
20240412@080349.1060 deocbfqi0anpen4arqts379jiq Query : use flama_phc
20240412@080349.1090 deocbfqi0anpen4arqts379jiq Query : select 1 valor from td where ndoc = 39
20240412@080349.1220 deocbfqi0anpen4arqts379jiq Query : select top 1 manternumero, tiposaft, nmdos,td.assinadoc from td where td.ndoc = 39
20240412@080349.1350 deocbfqi0anpen4arqts379jiq Query : select 1 valor from information_schema.tables where table_type='base table' and table_name='wsft039fields'
20240412@080349.1510 deocbfqi0anpen4arqts379jiq Query : select fieldkey,fieldname,fieldtype,mandatory from wsft039fields
20240412@080349.1700 deocbfqi0anpen4arqts379jiq Query : select 1 valor from information_schema.tables where table_type='base table' and table_name='wsft2039fields'
20240412@080349.1830 deocbfqi0anpen4arqts379jiq Query : select fieldkey,fieldname,fieldtype,mandatory from wsft2039fields
20240412@080349.2090 deocbfqi0anpen4arqts379jiq Query : select 1 valor from information_schema.tables where table_type='base table' and table_name='wsft3039fields'
20240412@080349.2220 deocbfqi0anpen4arqts379jiq Query : select fieldkey,fieldname,fieldtype,mandatory from wsft3039fields
20240412@080349.2330 deocbfqi0anpen4arqts379jiq Query : select top 1 ft.fno valor from ft ft where ft.ndoc = 39 and ftano=2024 order by fno desc
20240412@080349.3800 deocbfqi0anpen4arqts379jiq Query : select top 1 ft.fno valor from wsft039data ft where ft.ndoc = 39 and ftano=2024 order by fno desc
20240412@080349.3910 deocbfqi0anpen4arqts379jiq Query : select 1 valor from information_schema.tables where table_type='base table' and table_name='wsft3039fields'
20240412@080349.4040 deocbfqi0anpen4arqts379jiq Query : select fieldkey,fieldname,fieldtype,calcformula from wsft3039fields
20240412@080349.4140 deocbfqi0anpen4arqts379jiq Query : insert into wsft3039data (ft3stamp, ousrdata, ousrhora, usrdata,usrhora,ousrinis,usrinis,taxpointdt ) values ('aut6618d267506618dcd505' ,getdate(),convert(char(8),convert (time,getdate())),getdate(),convert(char(8),convert (time,getdate())),'wsv','wsv',?)
20240412@080349.6620 deocbfqi0anpen4arqts379jiq Query : select 1 valor from information_schema.tables where table_type='base table' and table_name='wsft2039fields'
20240412@080349.6970 deocbfqi0anpen4arqts379jiq Query : select fieldkey,fieldname,fieldtype,calcformula from wsft2039fields
20240412@080349.7860 deocbfqi0anpen4arqts379jiq Query : select top 1 bo.u_nomeenv valor from bo where bo.bostamp=''
20240412@080349.8320 deocbfqi0anpen4arqts379jiq Query : select top 1 bo.u_moradaen valor from bo where bo.bostamp=''
20240412@080349.8620 deocbfqi0anpen4arqts379jiq Query : select top 1 bo.u_codposen valor from bo where bo.bostamp=''
20240412@080349.8680 deocbfqi0anpen4arqts379jiq Query : select top 1 bo.u_localenv valor from bo where bo.bostamp=''
20240412@080349.9980 deocbfqi0anpen4arqts379jiq Query : select top 1 bo.trab5 valor from bo where bo.bostamp=''
20240412@080349.1121 deocbfqi0anpen4arqts379jiq Query : select top 1 bo.serie valor from bo where bo.bostamp=''
20240412@080349.1203 deocbfqi0anpen4arqts379jiq Query : insert into wsft2039data (ft2stamp, ousrdata,ousrhora, usrdata,usrhora,ousrinis,usrinis,u_nomeenv ,u_moradaen ,u_codposen ,u_localenv ,u_coddest ,u_codby ) values ('aut6618d267506618dcd505',getdate(),convert(char(8),convert (time,getdate())),getdate(),convert(char(8),convert (time,getdate())),'wsv','wsv',?,?,?,?,?,?)
20240412@080349.1769 deocbfqi0anpen4arqts379jiq Query : select top 1 fno valor from wsft039data order by fno desc
20240412@080349.2009 deocbfqi0anpen4arqts379jiq Query : select 1 valor from information_schema.tables where table_type='base table' and table_name='wsft039fields'
20240412@080349.2074 deocbfqi0anpen4arqts379jiq Query : select fieldkey,fieldname,fieldtype,calcformula from wsft039fields
20240412@080349.2095 deocbfqi0anpen4arqts379jiq Query : insert into wsft039data (ftstamp, ousrdata,ousrhora, usrdata,usrhora,ousrinis,usrinis,fno,no,estab,fdata,ndoc,moeda,cambio,cambiofixo,ftano,cdata,chora,carga,descar,site ,classe ) values ('aut6618d267506618dcd505',getdate(),convert(char(8),convert (time,getdate())),getdate(),convert(char(8),convert (time,getdate())),'wsv','wsv',864,100810,0,'2024-04-12',39,'euro',0,0,2024 ,'20240412','0833',?,?,?,?)
20240412@080349.2782 deocbfqi0anpen4arqts379jiq Query : use flama_phc
20240412@080349.2795 deocbfqi0anpen4arqts379jiq Query : select st.usalote valor from st where st.ref = '324.497.00.01'
20240412@080349.2828 deocbfqi0anpen4arqts379jiq Query : select top 1 st.tabiva ,st.ivaincl ,st.stns ,st.uni2 ,st.familia ,isnull(tx.taxa, 0) txiva ,unidade ,usalote ,epcpond ,noserie from st left join taxasiva tx on st.tabiva = tx.codigo where st.ref = '324.497.00.01'
20240412@080349.3011 deocbfqi0anpen4arqts379jiq Query : select 1 valor from information_schema.tables where table_type='base table' and table_name='wsfi039fields'
20240412@080349.3028 deocbfqi0anpen4arqts379jiq Query : select fieldkey,fieldname,fieldtype,mandatory from wsfi039fields
20240412@080349.3053 deocbfqi0anpen4arqts379jiq Query : select 1 valor from information_schema.tables where table_type='base table' and table_name='wsfi2039fields'
20240412@080349.3068 deocbfqi0anpen4arqts379jiq Query : select fieldkey,fieldname,fieldtype,mandatory from wsfi2039fields
20240412@080349.3073 deocbfqi0anpen4arqts379jiq Query : select sestamp valor from se where ref ='324.497.00.01' and lote = 'r2300022100a'
20240412@080349.3091 deocbfqi0anpen4arqts379jiq Query : select top 1 convert(numeric(6,2),t.taxa) valor from taxasiva t where t.codigo='2'
20240412@080349.3103 deocbfqi0anpen4arqts379jiq Query : select 1 valor from information_schema.tables where table_type='base table' and table_name='wsfi039fields'
20240412@080349.3117 deocbfqi0anpen4arqts379jiq Query : select fieldkey,fieldname,fieldtype,calcformula from wsfi039fields
20240412@080349.3142 deocbfqi0anpen4arqts379jiq Query : insert into wsfi039data (fistamp,ousrdata, ousrhora, usrdata,usrhora,ousrinis,usrinis ,qtt ,ftstamp ,epv,pvmoeda ,tabiva,iva,lordem ,ref, design ,lote,armazem,bistamp ) values ('aut6618d895706618dcd54b',getdate(),convert(char(8),convert (time,getdate())),getdate(),convert(char(8),convert (time,getdate())),'wsv','wsv',20.000 ,'aut6618d267506618dcd505' ,0,0 ,2,23.00,10000,?,?,?,?,?)
20240412@080349.3436 deocbfqi0anpen4arqts379jiq Query : select 1 valor from information_schema.tables where table_type='base table' and table_name='wsfi2039fields'
20240412@080349.3452 deocbfqi0anpen4arqts379jiq Query : select fieldkey,fieldname,fieldtype,calcformula from wsfi2039fields
20240412@080349.3457 deocbfqi0anpen4arqts379jiq Query : insert into wsfi2039data (fi2stamp,ftstamp ,ousrdata, ousrhora, usrdata,usrhora,ousrinis,usrinis) values ('aut6618d895706618dcd54b','aut6618d267506618dcd505' ,getdate(),convert(char(8),convert (time,getdate())),getdate(),convert(char(8),convert (time,getdate())),'wsv','wsv')
20240412@080349.3462 deocbfqi0anpen4arqts379jiq Query : use flama_phc
20240412@080349.3466 deocbfqi0anpen4arqts379jiq Query : select st.usalote valor from st where st.ref = '324.497.00.01'
20240412@080349.3478 deocbfqi0anpen4arqts379jiq Query : select top 1 st.tabiva ,st.ivaincl ,st.stns ,st.uni2 ,st.familia ,isnull(tx.taxa, 0) txiva ,unidade ,usalote ,epcpond ,noserie from st left join taxasiva tx on st.tabiva = tx.codigo where st.ref = '324.497.00.01'
