20240429@094917.5011 djtlpu2qbdmvlng0tmf09fhkvr Query : select fieldkey,fieldname,fieldtype,mandatory from wsfi2039fields
20240429@094917.5016 djtlpu2qbdmvlng0tmf09fhkvr Query : select top 1 convert(numeric(6,2),t.taxa) valor from taxasiva t where t.codigo='2'
20240429@094917.5028 djtlpu2qbdmvlng0tmf09fhkvr Query : select 1 valor from information_schema.tables where table_type='base table' and table_name='wsfi039fields'
20240429@094917.5047 djtlpu2qbdmvlng0tmf09fhkvr Query : select fieldkey,fieldname,fieldtype,calcformula from wsfi039fields
20240429@094917.5093 djtlpu2qbdmvlng0tmf09fhkvr Query : insert into wsfi039data (fistamp,ousrdata, ousrhora, usrdata,usrhora,ousrinis,usrinis ,qtt ,ftstamp ,epv,pvmoeda ,tabiva,iva,lordem ,ref, design ,armazem) values ('aut662f561545662f5f0d7a',getdate(),convert(char(8),convert (time,getdate())),getdate(),convert(char(8),convert (time,getdate())),'wsv','wsv',0 ,'aut662f560539662f5f0d29' ,0,0 ,2,23.00,50000,?,?,?)
20240429@094917.5370 djtlpu2qbdmvlng0tmf09fhkvr Query : select 1 valor from information_schema.tables where table_type='base table' and table_name='wsfi2039fields'
20240429@094917.5401 djtlpu2qbdmvlng0tmf09fhkvr Query : select fieldkey,fieldname,fieldtype,calcformula from wsfi2039fields
20240429@094917.5415 djtlpu2qbdmvlng0tmf09fhkvr Query : insert into wsfi2039data (fi2stamp,ftstamp ,ousrdata, ousrhora, usrdata,usrhora,ousrinis,usrinis) values ('aut662f561545662f5f0d7a','aut662f560539662f5f0d29' ,getdate(),convert(char(8),convert (time,getdate())),getdate(),convert(char(8),convert (time,getdate())),'wsv','wsv')
20240429@094917.5420 djtlpu2qbdmvlng0tmf09fhkvr Query : insert into wsftcreationlog (initialftstamp,externalid,creationstatus,documenttypeid,idustamp) values ('aut662f560539662f5f0d29','2403018','wait',39,'ari17112337378,753000005')
20240429@094917.5456 djtlpu2qbdmvlng0tmf09fhkvr Query : use flama_phc
20240429@094917.5459 djtlpu2qbdmvlng0tmf09fhkvr Query : update u_wsusers set rqsttoken =? where userid ='userls001'
20240429@094917.5476 djtlpu2qbdmvlng0tmf09fhkvr Query : select concat(rtrim(relative_path),ltrim(name_new)) as valor from uploadfiles where uploadfile_id='1367';
20240429@094917.5520 djtlpu2qbdmvlng0tmf09fhkvr Query : update uploadfiles set whenupdated=current_timestamp where uploadfile_id='1367';
20240429@094917.5541 djtlpu2qbdmvlng0tmf09fhkvr Query : select concat(rtrim(relative_path),ltrim(name_new)) as valor from uploadfiles where uploadfile_id='1367';
20240429@094917.5575 djtlpu2qbdmvlng0tmf09fhkvr Query : update uploadfiles set whenupdated=current_timestamp where uploadfile_id='1367';
20240429@094917.6001 bor5a33d9ce997rf8p8m2526hp Query : insert into uploadfiles ( name_original, name_new, option_type, relative_path, whencreated ) values ( ?, ?, ?, ?, getdate() )
20240429@094917.6030 bor5a33d9ce997rf8p8m2526hp Query : select uploadfile_id valor from uploadfiles where name_new = ? and option_type = ? 
20240429@094917.6087 bor5a33d9ce997rf8p8m2526hp Query : select concat(rtrim(relative_path),ltrim(name_new)) as valor from uploadfiles where uploadfile_id='1368';
20240429@094917.6153 bor5a33d9ce997rf8p8m2526hp Query : update uploadfiles set whenupdated=current_timestamp where uploadfile_id='1368';
20240429@094917.6172 bor5a33d9ce997rf8p8m2526hp Query : select concat(rtrim(relative_path),ltrim(name_new)) as valor from uploadfiles where uploadfile_id='1368';
20240429@094917.6197 bor5a33d9ce997rf8p8m2526hp Query : update uploadfiles set whenupdated=current_timestamp where uploadfile_id='1368';
20240429@094917.6212 bor5a33d9ce997rf8p8m2526hp Query : use flama_phc
20240429@094917.6215 bor5a33d9ce997rf8p8m2526hp Query : select top 1 secretkey valor from u_wsusers u where u.userid = ? and u.inactivo=0
20240429@094917.6228 bor5a33d9ce997rf8p8m2526hp Query : use flama_phc
20240429@094917.6241 bor5a33d9ce997rf8p8m2526hp Query : select no, estab,szadrsdesc from szadrs where u_coddest=4740
20240429@094917.6303 bor5a33d9ce997rf8p8m2526hp Query : select top 1 isnull(design,'') valor from st (nolock) left join stobs (nolock) on st.ref = stobs.ref where st.ref = '324.1847.00.1'
20240429@094917.6490 bor5a33d9ce997rf8p8m2526hp Query : select top 1 bistamp valor from bi inner join bo on bo.bostamp=bi.bostamp where bo.ndos =240 and bo.boano =2030 and bo.obrano = 2403019 and bi.ref ='324.1847.00.1' and bi.lordem =1
20240429@094917.6892 bor5a33d9ce997rf8p8m2526hp Query : select top 1 isnull(design,'') valor from st (nolock) left join stobs (nolock) on st.ref = stobs.ref where st.ref = '324.1847.00.1'
20240429@094917.6905 bor5a33d9ce997rf8p8m2526hp Query : select top 1 bistamp valor from bi inner join bo on bo.bostamp=bi.bostamp where bo.ndos =240 and bo.boano =2030 and bo.obrano = 2403019 and bi.ref ='324.1847.00.1' and bi.lordem =1
20240429@094917.6911 bor5a33d9ce997rf8p8m2526hp Query : select top 1 isnull(design,'') valor from st (nolock) left join stobs (nolock) on st.ref = stobs.ref where st.ref = '324.1847.00.1'
20240429@094917.6921 bor5a33d9ce997rf8p8m2526hp Query : select top 1 bistamp valor from bi inner join bo on bo.bostamp=bi.bostamp where bo.ndos =240 and bo.boano =2030 and bo.obrano = 2403019 and bi.ref ='324.1847.00.1' and bi.lordem =1
20240429@094917.6926 bor5a33d9ce997rf8p8m2526hp Query : select top 1 isnull(design,'') valor from st (nolock) left join stobs (nolock) on st.ref = stobs.ref where st.ref = '324.1847.00.1'
20240429@094917.6936 bor5a33d9ce997rf8p8m2526hp Query : select top 1 bistamp valor from bi inner join bo on bo.bostamp=bi.bostamp where bo.ndos =240 and bo.boano =2030 and bo.obrano = 2403019 and bi.ref ='324.1847.00.1' and bi.lordem =1
20240429@094917.6942 bor5a33d9ce997rf8p8m2526hp Query : select top 1 isnull(design,'') valor from st (nolock) left join stobs (nolock) on st.ref = stobs.ref where st.ref = '324.1847.00.1'
20240429@094917.6960 bor5a33d9ce997rf8p8m2526hp Query : select top 1 bistamp valor from bi inner join bo on bo.bostamp=bi.bostamp where bo.ndos =240 and bo.boano =2030 and bo.obrano = 2403019 and bi.ref ='324.1847.00.1' and bi.lordem =1
20240429@094917.6965 bor5a33d9ce997rf8p8m2526hp Query : select top 1 isnull(design,'') valor from st (nolock) left join stobs (nolock) on st.ref = stobs.ref where st.ref = '324.1847.00.1'
20240429@094917.6977 bor5a33d9ce997rf8p8m2526hp Query : select top 1 bistamp valor from bi inner join bo on bo.bostamp=bi.bostamp where bo.ndos =240 and bo.boano =2030 and bo.obrano = 2403019 and bi.ref ='324.1847.00.1' and bi.lordem =1
20240429@094917.6982 bor5a33d9ce997rf8p8m2526hp Query : select top 1 isnull(design,'') valor from st (nolock) left join stobs (nolock) on st.ref = stobs.ref where st.ref = '324.1847.00.1'
20240429@094917.6991 bor5a33d9ce997rf8p8m2526hp Query : select top 1 bistamp valor from bi inner join bo on bo.bostamp=bi.bostamp where bo.ndos =240 and bo.boano =2030 and bo.obrano = 2403019 and bi.ref ='324.1847.00.1' and bi.lordem =1
20240429@094917.6996 bor5a33d9ce997rf8p8m2526hp Query : select top 1 isnull(design,'') valor from st (nolock) left join stobs (nolock) on st.ref = stobs.ref where st.ref = '324.1847.00.1'
20240429@094917.7005 bor5a33d9ce997rf8p8m2526hp Query : select top 1 bistamp valor from bi inner join bo on bo.bostamp=bi.bostamp where bo.ndos =240 and bo.boano =2030 and bo.obrano = 2403019 and bi.ref ='324.1847.00.1' and bi.lordem =1
20240429@094917.7010 bor5a33d9ce997rf8p8m2526hp Query : select top 1 isnull(design,'') valor from st (nolock) left join stobs (nolock) on st.ref = stobs.ref where st.ref = '324.1847.00.1'
20240429@094917.7018 bor5a33d9ce997rf8p8m2526hp Query : select top 1 bistamp valor from bi inner join bo on bo.bostamp=bi.bostamp where bo.ndos =240 and bo.boano =2030 and bo.obrano = 2403019 and bi.ref ='324.1847.00.1' and bi.lordem =1
20240429@094917.7025 bor5a33d9ce997rf8p8m2526hp Query : select top 1 isnull(design,'') valor from st (nolock) left join stobs (nolock) on st.ref = stobs.ref where st.ref = '324.1847.00.1'
20240429@094917.7035 bor5a33d9ce997rf8p8m2526hp Query : select top 1 bistamp valor from bi inner join bo on bo.bostamp=bi.bostamp where bo.ndos =240 and bo.boano =2030 and bo.obrano = 2403019 and bi.ref ='324.1847.00.1' and bi.lordem =1
20240429@094917.7041 bor5a33d9ce997rf8p8m2526hp Query : select top 1 isnull(design,'') valor from st (nolock) left join stobs (nolock) on st.ref = stobs.ref where st.ref = '324.1847.00.1'
20240429@094917.7074 bor5a33d9ce997rf8p8m2526hp Query : select top 1 bistamp valor from bi inner join bo on bo.bostamp=bi.bostamp where bo.ndos =240 and bo.boano =2030 and bo.obrano = 2403019 and bi.ref ='324.1847.00.1' and bi.lordem =1
20240429@094917.7081 bor5a33d9ce997rf8p8m2526hp Query : select top 1 isnull(design,'') valor from st (nolock) left join stobs (nolock) on st.ref = stobs.ref where st.ref = '324.1847.00.1'
20240429@094917.7121 bor5a33d9ce997rf8p8m2526hp Query : select top 1 bistamp valor from bi inner join bo on bo.bostamp=bi.bostamp where bo.ndos =240 and bo.boano =2030 and bo.obrano = 2403019 and bi.ref ='324.1847.00.1' and bi.lordem =1
20240429@094917.7161 bor5a33d9ce997rf8p8m2526hp Query : select top 1 isnull(design,'') valor from st (nolock) left join stobs (nolock) on st.ref = stobs.ref where st.ref = '324.1847.00.1'
20240429@094917.7515 bor5a33d9ce997rf8p8m2526hp Query : select top 1 bistamp valor from bi inner join bo on bo.bostamp=bi.bostamp where bo.ndos =240 and bo.boano =2030 and bo.obrano = 2403019 and bi.ref ='324.1847.00.1' and bi.lordem =1
20240429@094917.7702 bor5a33d9ce997rf8p8m2526hp Query : select top 1 isnull(design,'') valor from st (nolock) left join stobs (nolock) on st.ref = stobs.ref where st.ref = '324.1847.00.1'
20240429@094917.8626 bor5a33d9ce997rf8p8m2526hp Query : select top 1 bistamp valor from bi inner join bo on bo.bostamp=bi.bostamp where bo.ndos =240 and bo.boano =2030 and bo.obrano = 2403019 and bi.ref ='324.1847.00.1' and bi.lordem =1
20240429@094917.8640 bor5a33d9ce997rf8p8m2526hp Query : select top 1 isnull(design,'') valor from st (nolock) left join stobs (nolock) on st.ref = stobs.ref where st.ref = '324.1847.00.1'
20240429@094917.8734 bor5a33d9ce997rf8p8m2526hp Query : select top 1 bistamp valor from bi inner join bo on bo.bostamp=bi.bostamp where bo.ndos =240 and bo.boano =2030 and bo.obrano = 2403019 and bi.ref ='324.1847.00.1' and bi.lordem =2
20240429@094917.9110 bor5a33d9ce997rf8p8m2526hp Query : select top 1 isnull(design,'') valor from st (nolock) left join stobs (nolock) on st.ref = stobs.ref where st.ref = '324.1847.00.1'
20240429@094917.9127 bor5a33d9ce997rf8p8m2526hp Query : select top 1 bistamp valor from bi inner join bo on bo.bostamp=bi.bostamp where bo.ndos =240 and bo.boano =2030 and bo.obrano = 2403019 and bi.ref ='324.1847.00.1' and bi.lordem =2
20240429@094917.9134 bor5a33d9ce997rf8p8m2526hp Query : select top 1 isnull(design,'') valor from st (nolock) left join stobs (nolock) on st.ref = stobs.ref where st.ref = '324.1847.00.1'
20240429@094917.9174 bor5a33d9ce997rf8p8m2526hp Query : select top 1 bistamp valor from bi inner join bo on bo.bostamp=bi.bostamp where bo.ndos =240 and bo.boano =2030 and bo.obrano = 2403019 and bi.ref ='324.1847.00.1' and bi.lordem =2
20240429@094917.9192 bor5a33d9ce997rf8p8m2526hp Query : select top 1 isnull(design,'') valor from st (nolock) left join stobs (nolock) on st.ref = stobs.ref where st.ref = '324.1847.00.1'
20240429@094917.9203 bor5a33d9ce997rf8p8m2526hp Query : select top 1 bistamp valor from bi inner join bo on bo.bostamp=bi.bostamp where bo.ndos =240 and bo.boano =2030 and bo.obrano = 2403019 and bi.ref ='324.1847.00.1' and bi.lordem =2
20240429@094917.9208 bor5a33d9ce997rf8p8m2526hp Query : select top 1 isnull(design,'') valor from st (nolock) left join stobs (nolock) on st.ref = stobs.ref where st.ref = '324.1847.00.1'
20240429@094917.9217 bor5a33d9ce997rf8p8m2526hp Query : select top 1 bistamp valor from bi inner join bo on bo.bostamp=bi.bostamp where bo.ndos =240 and bo.boano =2030 and bo.obrano = 2403019 and bi.ref ='324.1847.00.1' and bi.lordem =2
20240429@094917.9222 bor5a33d9ce997rf8p8m2526hp Query : select top 1 isnull(design,'') valor from st (nolock) left join stobs (nolock) on st.ref = stobs.ref where st.ref = '324.1847.00.1'
20240429@094917.9246 bor5a33d9ce997rf8p8m2526hp Query : select top 1 bistamp valor from bi inner join bo on bo.bostamp=bi.bostamp where bo.ndos =240 and bo.boano =2030 and bo.obrano = 2403019 and bi.ref ='324.1847.00.1' and bi.lordem =2
20240429@094917.9252 bor5a33d9ce997rf8p8m2526hp Query : select top 1 isnull(design,'') valor from st (nolock) left join stobs (nolock) on st.ref = stobs.ref where st.ref = '324.1847.00.1'
20240429@094917.9273 bor5a33d9ce997rf8p8m2526hp Query : select top 1 bistamp valor from bi inner join bo on bo.bostamp=bi.bostamp where bo.ndos =240 and bo.boano =2030 and bo.obrano = 2403019 and bi.ref ='324.1847.00.1' and bi.lordem =2
20240429@094917.9290 bor5a33d9ce997rf8p8m2526hp Query : select top 1 isnull(design,'') valor from st (nolock) left join stobs (nolock) on st.ref = stobs.ref where st.ref = '324.1847.00.1'
20240429@094917.9320 bor5a33d9ce997rf8p8m2526hp Query : select top 1 bistamp valor from bi inner join bo on bo.bostamp=bi.bostamp where bo.ndos =240 and bo.boano =2030 and bo.obrano = 2403019 and bi.ref ='324.1847.00.1' and bi.lordem =2
20240429@094917.9335 bor5a33d9ce997rf8p8m2526hp Query : select top 1 isnull(design,'') valor from st (nolock) left join stobs (nolock) on st.ref = stobs.ref where st.ref = '324.1847.00.1'
20240429@094917.9351 bor5a33d9ce997rf8p8m2526hp Query : select top 1 bistamp valor from bi inner join bo on bo.bostamp=bi.bostamp where bo.ndos =240 and bo.boano =2030 and bo.obrano = 2403019 and bi.ref ='324.1847.00.1' and bi.lordem =2
20240429@094917.9357 bor5a33d9ce997rf8p8m2526hp Query : select top 1 isnull(design,'') valor from st (nolock) left join stobs (nolock) on st.ref = stobs.ref where st.ref = '324.1847.00.1'
20240429@094917.9368 bor5a33d9ce997rf8p8m2526hp Query : select top 1 bistamp valor from bi inner join bo on bo.bostamp=bi.bostamp where bo.ndos =240 and bo.boano =2030 and bo.obrano = 2403019 and bi.ref ='324.1847.00.1' and bi.lordem =2
20240429@094917.9374 bor5a33d9ce997rf8p8m2526hp Query : select top 1 isnull(design,'') valor from st (nolock) left join stobs (nolock) on st.ref = stobs.ref where st.ref = '324.1847.00.1'
20240429@094917.9386 bor5a33d9ce997rf8p8m2526hp Query : select top 1 bistamp valor from bi inner join bo on bo.bostamp=bi.bostamp where bo.ndos =240 and bo.boano =2030 and bo.obrano = 2403019 and bi.ref ='324.1847.00.1' and bi.lordem =2
20240429@094917.9394 bor5a33d9ce997rf8p8m2526hp Query : select top 1 isnull(design,'') valor from st (nolock) left join stobs (nolock) on st.ref = stobs.ref where st.ref = '324.1847.00.1'
20240429@094917.9405 bor5a33d9ce997rf8p8m2526hp Query : select top 1 bistamp valor from bi inner join bo on bo.bostamp=bi.bostamp where bo.ndos =240 and bo.boano =2030 and bo.obrano = 2403019 and bi.ref ='324.1847.00.1' and bi.lordem =2
20240429@094917.9412 bor5a33d9ce997rf8p8m2526hp Query : select top 1 isnull(design,'') valor from st (nolock) left join stobs (nolock) on st.ref = stobs.ref where st.ref = '324.1847.00.1'
20240429@094917.9423 bor5a33d9ce997rf8p8m2526hp Query : select top 1 bistamp valor from bi inner join bo on bo.bostamp=bi.bostamp where bo.ndos =240 and bo.boano =2030 and bo.obrano = 2403019 and bi.ref ='324.1847.00.1' and bi.lordem =2
20240429@094917.9428 bor5a33d9ce997rf8p8m2526hp Query : select top 1 isnull(design,'') valor from st (nolock) left join stobs (nolock) on st.ref = stobs.ref where st.ref = '324.1847.00.1'
20240429@094917.9512 bor5a33d9ce997rf8p8m2526hp Query : select top 1 bistamp valor from bi inner join bo on bo.bostamp=bi.bostamp where bo.ndos =240 and bo.boano =2030 and bo.obrano = 2403019 and bi.ref ='324.1847.00.1' and bi.lordem =2
20240429@094917.9541 bor5a33d9ce997rf8p8m2526hp Query : select top 1 isnull(design,'') valor from st (nolock) left join stobs (nolock) on st.ref = stobs.ref where st.ref = '324.1847.00.1'
20240429@094917.9582 bor5a33d9ce997rf8p8m2526hp Query : select top 1 bistamp valor from bi inner join bo on bo.bostamp=bi.bostamp where bo.ndos =240 and bo.boano =2030 and bo.obrano = 2403019 and bi.ref ='324.1847.00.1' and bi.lordem =2
20240429@094917.9588 bor5a33d9ce997rf8p8m2526hp Query : select top 1 isnull(design,'') valor from st (nolock) left join stobs (nolock) on st.ref = stobs.ref where st.ref = '324.1847.00.1'
20240429@094917.9601 bor5a33d9ce997rf8p8m2526hp Query : select top 1 bistamp valor from bi inner join bo on bo.bostamp=bi.bostamp where bo.ndos =240 and bo.boano =2030 and bo.obrano = 2403019 and bi.ref ='324.1847.00.1' and bi.lordem =2
20240429@094917.9606 bor5a33d9ce997rf8p8m2526hp Query : select top 1 isnull(design,'') valor from st (nolock) left join stobs (nolock) on st.ref = stobs.ref where st.ref = '324.1847.00.1'
20240429@094917.9617 bor5a33d9ce997rf8p8m2526hp Query : select top 1 bistamp valor from bi inner join bo on bo.bostamp=bi.bostamp where bo.ndos =240 and bo.boano =2030 and bo.obrano = 2403019 and bi.ref ='324.1847.00.1' and bi.lordem =2
20240429@094917.9622 bor5a33d9ce997rf8p8m2526hp Query : use flama_phc
20240429@094917.9627 bor5a33d9ce997rf8p8m2526hp Query : select top 1 convert(date,fdata) valor from ft where ndoc = 39 and anulado= 0 and fno>0 order by fdata desc
20240429@094917.9640 bor5a33d9ce997rf8p8m2526hp Query : use flama_phc
20240429@094917.9643 bor5a33d9ce997rf8p8m2526hp Query : select top 1 1 valor from td where td.ndoc = 39
20240429@094917.9654 bor5a33d9ce997rf8p8m2526hp Query : use flama_phc
20240429@094917.9657 bor5a33d9ce997rf8p8m2526hp Query : select descricao ,case when valor='s' then 1 else 0 end usalotes from para1 where descricao in ('st_lote')
20240429@094917.9668 bor5a33d9ce997rf8p8m2526hp Query : select top 1 assinadoc issigned ,td.lancasl stocks ,'cl' origin ,case when (cmsl between 1 and 50 ) then 1 else 0 end entrada ,case when (cmsl>50 ) then 1 else 0 end saida ,~lotestock validatestock ,tiposaft from td inner join td2 on td.tdstamp=td2.td2stamp where td.ndoc =39
20240429@094917.9682 bor5a33d9ce997rf8p8m2526hp Query : use flama_phc
20240429@094917.9685 bor5a33d9ce997rf8p8m2526hp Query : select top 1 ~inactivo valor from cl where no = '100810' and estab = 0 order by inactivo desc
20240429@094917.9704 bor5a33d9ce997rf8p8m2526hp Query : use flama_phc
20240429@094917.9707 bor5a33d9ce997rf8p8m2526hp Query : select top 1 tipodoc,regrd from td where ndoc = 39
20240429@094917.9717 bor5a33d9ce997rf8p8m2526hp Query : use flama_phc
20240429@094917.9720 bor5a33d9ce997rf8p8m2526hp Query : select szadrsstamp valor from szadrs where szadrsdesc='espaÇotrans,lda'
20240429@094917.9736 bor5a33d9ce997rf8p8m2526hp Query : use flama_phc
20240429@094917.9740 bor5a33d9ce997rf8p8m2526hp Query : select szadrsstamp valor from szadrs where szadrsdesc='100810 - worten-equipamentos para o lar,sa.'
20240429@094917.9752 bor5a33d9ce997rf8p8m2526hp Query : use flama_phc
20240429@094917.9755 bor5a33d9ce997rf8p8m2526hp Query : select 1 valor from td where ndoc = 39
20240429@094917.9779 bor5a33d9ce997rf8p8m2526hp Query : select top 1 manternumero, tiposaft, nmdos,td.assinadoc from td where td.ndoc = 39
20240429@094917.9799 bor5a33d9ce997rf8p8m2526hp Query : select 1 valor from information_schema.tables where table_type='base table' and table_name='wsft039fields'
20240429@094917.9838 bor5a33d9ce997rf8p8m2526hp Query : select fieldkey,fieldname,fieldtype,mandatory from wsft039fields
20240429@094917.9857 bor5a33d9ce997rf8p8m2526hp Query : select 1 valor from information_schema.tables where table_type='base table' and table_name='wsft2039fields'
20240429@094917.9881 bor5a33d9ce997rf8p8m2526hp Query : select fieldkey,fieldname,fieldtype,mandatory from wsft2039fields
20240429@094918.8600 bor5a33d9ce997rf8p8m2526hp Query : select 1 valor from information_schema.tables where table_type='base table' and table_name='wsft3039fields'
20240429@094918.3560 bor5a33d9ce997rf8p8m2526hp Query : select fieldkey,fieldname,fieldtype,mandatory from wsft3039fields
20240429@094918.4600 bor5a33d9ce997rf8p8m2526hp Query : select top 1 ft.fno valor from ft ft where ft.ndoc = 39 and ftano=2024 order by fno desc
20240429@094918.6600 bor5a33d9ce997rf8p8m2526hp Query : select top 1 ft.fno valor from wsft039data ft where ft.ndoc = 39 and ftano=2024 order by fno desc
20240429@094918.9130 bor5a33d9ce997rf8p8m2526hp Query : select 1 valor from information_schema.tables where table_type='base table' and table_name='wsft3039fields'
20240429@094918.1160 bor5a33d9ce997rf8p8m2526hp Query : select fieldkey,fieldname,fieldtype,calcformula from wsft3039fields
20240429@094918.1172 bor5a33d9ce997rf8p8m2526hp Query : insert into wsft3039data (ft3stamp, ousrdata, ousrhora, usrdata,usrhora,ousrinis,usrinis,taxpointdt ) values ('aut662f521173662f5f0e0b' ,getdate(),convert(char(8),convert (time,getdate())),getdate(),convert(char(8),convert (time,getdate())),'wsv','wsv',?)
20240429@094918.1405 bor5a33d9ce997rf8p8m2526hp Query : select 1 valor from information_schema.tables where table_type='base table' and table_name='wsft2039fields'
20240429@094918.1420 bor5a33d9ce997rf8p8m2526hp Query : select fieldkey,fieldname,fieldtype,calcformula from wsft2039fields
20240429@094918.1471 bor5a33d9ce997rf8p8m2526hp Query : select top 1 bo.u_nomeenv valor from bo where bo.bostamp=''
20240429@094918.1476 bor5a33d9ce997rf8p8m2526hp Query : select top 1 bo.u_moradaen valor from bo where bo.bostamp=''
20240429@094918.1481 bor5a33d9ce997rf8p8m2526hp Query : select top 1 bo.u_codposen valor from bo where bo.bostamp=''
20240429@094918.1486 bor5a33d9ce997rf8p8m2526hp Query : select top 1 bo.u_localenv valor from bo where bo.bostamp=''
20240429@094918.1501 bor5a33d9ce997rf8p8m2526hp Query : select top 1 bo.trab5 valor from bo where bo.bostamp=''
20240429@094918.1506 bor5a33d9ce997rf8p8m2526hp Query : select top 1 bo.serie valor from bo where bo.bostamp=''
20240429@094918.1512 bor5a33d9ce997rf8p8m2526hp Query : insert into wsft2039data (ft2stamp, ousrdata,ousrhora, usrdata,usrhora,ousrinis,usrinis,u_nomeenv ,u_moradaen ,u_codposen ,u_localenv ,u_coddest ,u_codby ) values ('aut662f521173662f5f0e0b',getdate(),convert(char(8),convert (time,getdate())),getdate(),convert(char(8),convert (time,getdate())),'wsv','wsv',?,?,?,?,?,?)
20240429@094918.1839 bor5a33d9ce997rf8p8m2526hp Query : select top 1 fno valor from wsft039data order by fno desc
20240429@094918.1859 bor5a33d9ce997rf8p8m2526hp Query : select 1 valor from information_schema.tables where table_type='base table' and table_name='wsft039fields'
20240429@094918.1877 bor5a33d9ce997rf8p8m2526hp Query : select fieldkey,fieldname,fieldtype,calcformula from wsft039fields
20240429@094918.1897 bor5a33d9ce997rf8p8m2526hp Query : insert into wsft039data (ftstamp, ousrdata,ousrhora, usrdata,usrhora,ousrinis,usrinis,fno,no,estab,fdata,ndoc,moeda,cambio,cambiofixo,ftano,cdata,chora,carga,descar,site ,classe ) values ('aut662f521173662f5f0e0b',getdate(),convert(char(8),convert (time,getdate())),getdate(),convert(char(8),convert (time,getdate())),'wsv','wsv',1074,100810,0,'2024-04-29',39,'euro',0,0,2024 ,'20240429','1019',?,?,?,?)
20240429@094918.2191 bor5a33d9ce997rf8p8m2526hp Query : use flama_phc
20240429@094918.2198 bor5a33d9ce997rf8p8m2526hp Query : select st.usalote valor from st where st.ref = '324.1847.00.1'
20240429@094918.2213 bor5a33d9ce997rf8p8m2526hp Query : select top 1 st.tabiva ,st.ivaincl ,st.stns ,st.uni2 ,st.familia ,isnull(tx.taxa, 0) txiva ,unidade ,usalote ,epcpond ,noserie from st left join taxasiva tx on st.tabiva = tx.codigo where st.ref = '324.1847.00.1'
20240429@094918.2386 bor5a33d9ce997rf8p8m2526hp Query : select 1 valor from information_schema.tables where table_type='base table' and table_name='wsfi039fields'
20240429@094918.2411 bor5a33d9ce997rf8p8m2526hp Query : select fieldkey,fieldname,fieldtype,mandatory from wsfi039fields
20240429@094918.2464 bor5a33d9ce997rf8p8m2526hp Query : select 1 valor from information_schema.tables where table_type='base table' and table_name='wsfi2039fields'
20240429@094918.2487 bor5a33d9ce997rf8p8m2526hp Query : select fieldkey,fieldname,fieldtype,mandatory from wsfi2039fields
20240429@094918.2498 bor5a33d9ce997rf8p8m2526hp Query : select sestamp valor from se where ref ='324.1847.00.1' and lote = 'r2301210300a'
20240429@094918.2513 bor5a33d9ce997rf8p8m2526hp Query : select top 1 convert(numeric(6,2),t.taxa) valor from taxasiva t where t.codigo='2'
20240429@094918.2572 bor5a33d9ce997rf8p8m2526hp Query : select 1 valor from information_schema.tables where table_type='base table' and table_name='wsfi039fields'
20240429@094918.2587 bor5a33d9ce997rf8p8m2526hp Query : select fieldkey,fieldname,fieldtype,calcformula from wsfi039fields
20240429@094918.2634 bor5a33d9ce997rf8p8m2526hp Query : insert into wsfi039data (fistamp,ousrdata, ousrhora, usrdata,usrhora,ousrinis,usrinis ,qtt ,ftstamp ,epv,pvmoeda ,tabiva,iva,lordem ,ref, design ,lote,armazem,bistamp ) values ('aut662f519635662f5f0e3e',getdate(),convert(char(8),convert (time,getdate())),getdate(),convert(char(8),convert (time,getdate())),'wsv','wsv',20.000 ,'aut662f521173662f5f0e0b' ,0,0 ,2,23.00,10000,?,?,?,?,?)
20240429@094918.2891 bor5a33d9ce997rf8p8m2526hp Query : select 1 valor from information_schema.tables where table_type='base table' and table_name='wsfi2039fields'
20240429@094918.2968 bor5a33d9ce997rf8p8m2526hp Query : select fieldkey,fieldname,fieldtype,calcformula from wsfi2039fields
20240429@094918.2973 bor5a33d9ce997rf8p8m2526hp Query : insert into wsfi2039data (fi2stamp,ftstamp ,ousrdata, ousrhora, usrdata,usrhora,ousrinis,usrinis) values ('aut662f519635662f5f0e3e','aut662f521173662f5f0e0b' ,getdate(),convert(char(8),convert (time,getdate())),getdate(),convert(char(8),convert (time,getdate())),'wsv','wsv')
20240429@094918.2979 bor5a33d9ce997rf8p8m2526hp Query : select 1 valor from information_schema.tables where table_type='base table' and table_name='wsfi039fields'
20240429@094918.2998 bor5a33d9ce997rf8p8m2526hp Query : select fieldkey,fieldname,fieldtype,mandatory from wsfi039fields
20240429@094918.3046 bor5a33d9ce997rf8p8m2526hp Query : select 1 valor from information_schema.tables where table_type='base table' and table_name='wsfi2039fields'
20240429@094918.3065 bor5a33d9ce997rf8p8m2526hp Query : select fieldkey,fieldname,fieldtype,mandatory from wsfi2039fields
20240429@094918.3070 bor5a33d9ce997rf8p8m2526hp Query : select top 1 convert(numeric(6,2),t.taxa) valor from taxasiva t where t.codigo='2'
20240429@094918.3080 bor5a33d9ce997rf8p8m2526hp Query : select 1 valor from information_schema.tables where table_type='base table' and table_name='wsfi039fields'
20240429@094918.3114 bor5a33d9ce997rf8p8m2526hp Query : select fieldkey,fieldname,fieldtype,calcformula from wsfi039fields
20240429@094918.3139 bor5a33d9ce997rf8p8m2526hp Query : insert into wsfi039data (fistamp,ousrdata, ousrhora, usrdata,usrhora,ousrinis,usrinis ,qtt ,ftstamp ,epv,pvmoeda ,tabiva,iva,lordem ,ref, design ,armazem) values ('aut662f524814662f5f0e4b',getdate(),convert(char(8),convert (time,getdate())),getdate(),convert(char(8),convert (time,getdate())),'wsv','wsv',0 ,'aut662f521173662f5f0e0b' ,0,0 ,2,23.00,20000,?,?,?)
20240429@094918.3390 bor5a33d9ce997rf8p8m2526hp Query : select 1 valor from information_schema.tables where table_type='base table' and table_name='wsfi2039fields'
20240429@094918.3414 bor5a33d9ce997rf8p8m2526hp Query : select fieldkey,fieldname,fieldtype,calcformula from wsfi2039fields
20240429@094918.3419 bor5a33d9ce997rf8p8m2526hp Query : insert into wsfi2039data (fi2stamp,ftstamp ,ousrdata, ousrhora, usrdata,usrhora,ousrinis,usrinis) values ('aut662f524814662f5f0e4b','aut662f521173662f5f0e0b' ,getdate(),convert(char(8),convert (time,getdate())),getdate(),convert(char(8),convert (time,getdate())),'wsv','wsv')
20240429@094918.3456 bor5a33d9ce997rf8p8m2526hp Query : use flama_phc
20240429@094918.3459 bor5a33d9ce997rf8p8m2526hp Query : select st.usalote valor from st where st.ref = '324.1847.00.1'
20240429@094918.3498 bor5a33d9ce997rf8p8m2526hp Query : select top 1 st.tabiva ,st.ivaincl ,st.stns ,st.uni2 ,st.familia ,isnull(tx.taxa, 0) txiva ,unidade ,usalote ,epcpond ,noserie from st left join taxasiva tx on st.tabiva = tx.codigo where st.ref = '324.1847.00.1'
20240429@094918.3510 bor5a33d9ce997rf8p8m2526hp Query : select 1 valor from information_schema.tables where table_type='base table' and table_name='wsfi039fields'
20240429@094918.3560 bor5a33d9ce997rf8p8m2526hp Query : select fieldkey,fieldname,fieldtype,mandatory from wsfi039fields
20240429@094918.3587 bor5a33d9ce997rf8p8m2526hp Query : select 1 valor from information_schema.tables where table_type='base table' and table_name='wsfi2039fields'
20240429@094918.3603 bor5a33d9ce997rf8p8m2526hp Query : select fieldkey,fieldname,fieldtype,mandatory from wsfi2039fields
20240429@094918.3610 bor5a33d9ce997rf8p8m2526hp Query : select sestamp valor from se where ref ='324.1847.00.1' and lote = 'r2301210300a'
20240429@094918.3646 bor5a33d9ce997rf8p8m2526hp Query : select top 1 convert(numeric(6,2),t.taxa) valor from taxasiva t where t.codigo='2'
20240429@094918.3670 bor5a33d9ce997rf8p8m2526hp Query : select 1 valor from information_schema.tables where table_type='base table' and table_name='wsfi039fields'
20240429@094918.3685 bor5a33d9ce997rf8p8m2526hp Query : select fieldkey,fieldname,fieldtype,calcformula from wsfi039fields
20240429@094918.3767 bor5a33d9ce997rf8p8m2526hp Query : insert into wsfi039data (fistamp,ousrdata, ousrhora, usrdata,usrhora,ousrinis,usrinis ,qtt ,ftstamp ,epv,pvmoeda ,tabiva,iva,lordem ,ref, design ,lote,armazem,bistamp ) values ('aut662f522750662f5f0e59',getdate(),convert(char(8),convert (time,getdate())),getdate(),convert(char(8),convert (time,getdate())),'wsv','wsv',20.000 ,'aut662f521173662f5f0e0b' ,0,0 ,2,23.00,40000,?,?,?,?,?)
20240429@094918.4032 bor5a33d9ce997rf8p8m2526hp Query : select 1 valor from information_schema.tables where table_type='base table' and table_name='wsfi2039fields'
20240429@094918.4049 bor5a33d9ce997rf8p8m2526hp Query : select fieldkey,fieldname,fieldtype,calcformula from wsfi2039fields
20240429@094918.4054 bor5a33d9ce997rf8p8m2526hp Query : insert into wsfi2039data (fi2stamp,ftstamp ,ousrdata, ousrhora, usrdata,usrhora,ousrinis,usrinis) values ('aut662f522750662f5f0e59','aut662f521173662f5f0e0b' ,getdate(),convert(char(8),convert (time,getdate())),getdate(),convert(char(8),convert (time,getdate())),'wsv','wsv')
20240429@094918.4060 bor5a33d9ce997rf8p8m2526hp Query : select 1 valor from information_schema.tables where table_type='base table' and table_name='wsfi039fields'
20240429@094918.4082 bor5a33d9ce997rf8p8m2526hp Query : select fieldkey,fieldname,fieldtype,mandatory from wsfi039fields
20240429@094918.4108 bor5a33d9ce997rf8p8m2526hp Query : select 1 valor from information_schema.tables where table_type='base table' and table_name='wsfi2039fields'
20240429@094918.4122 bor5a33d9ce997rf8p8m2526hp Query : select fieldkey,fieldname,fieldtype,mandatory from wsfi2039fields
20240429@094918.4127 bor5a33d9ce997rf8p8m2526hp Query : select top 1 convert(numeric(6,2),t.taxa) valor from taxasiva t where t.codigo='2'
20240429@094918.4140 bor5a33d9ce997rf8p8m2526hp Query : select 1 valor from information_schema.tables where table_type='base table' and table_name='wsfi039fields'
20240429@094918.4156 bor5a33d9ce997rf8p8m2526hp Query : select fieldkey,fieldname,fieldtype,calcformula from wsfi039fields
20240429@094918.4256 bor5a33d9ce997rf8p8m2526hp Query : insert into wsfi039data (fistamp,ousrdata, ousrhora, usrdata,usrhora,ousrinis,usrinis ,qtt ,ftstamp ,epv,pvmoeda ,tabiva,iva,lordem ,ref, design ,armazem) values ('aut662f510566662f5f0e65',getdate(),convert(char(8),convert (time,getdate())),getdate(),convert(char(8),convert (time,getdate())),'wsv','wsv',0 ,'aut662f521173662f5f0e0b' ,0,0 ,2,23.00,50000,?,?,?)
20240429@094918.4510 bor5a33d9ce997rf8p8m2526hp Query : select 1 valor from information_schema.tables where table_type='base table' and table_name='wsfi2039fields'
20240429@094918.4528 bor5a33d9ce997rf8p8m2526hp Query : select fieldkey,fieldname,fieldtype,calcformula from wsfi2039fields
20240429@094918.4533 bor5a33d9ce997rf8p8m2526hp Query : insert into wsfi2039data (fi2stamp,ftstamp ,ousrdata, ousrhora, usrdata,usrhora,ousrinis,usrinis) values ('aut662f510566662f5f0e65','aut662f521173662f5f0e0b' ,getdate(),convert(char(8),convert (time,getdate())),getdate(),convert(char(8),convert (time,getdate())),'wsv','wsv')
20240429@094918.4539 bor5a33d9ce997rf8p8m2526hp Query : use flama_phc
20240429@094918.4550 bor5a33d9ce997rf8p8m2526hp Query : select st.usalote valor from st where st.ref = '324.1847.00.1'
20240429@094918.4563 bor5a33d9ce997rf8p8m2526hp Query : select top 1 st.tabiva ,st.ivaincl ,st.stns ,st.uni2 ,st.familia ,isnull(tx.taxa, 0) txiva ,unidade ,usalote ,epcpond ,noserie from st left join taxasiva tx on st.tabiva = tx.codigo where st.ref = '324.1847.00.1'
20240429@094918.4576 bor5a33d9ce997rf8p8m2526hp Query : select 1 valor from information_schema.tables where table_type='base table' and table_name='wsfi039fields'
20240429@094918.4594 bor5a33d9ce997rf8p8m2526hp Query : select fieldkey,fieldname,fieldtype,mandatory from wsfi039fields
20240429@094918.4620 bor5a33d9ce997rf8p8m2526hp Query : select 1 valor from information_schema.tables where table_type='base table' and table_name='wsfi2039fields'
20240429@094918.4685 bor5a33d9ce997rf8p8m2526hp Query : select fieldkey,fieldname,fieldtype,mandatory from wsfi2039fields
20240429@094918.4691 bor5a33d9ce997rf8p8m2526hp Query : select sestamp valor from se where ref ='324.1847.00.1' and lote = 'r2301210300a'
20240429@094918.4703 bor5a33d9ce997rf8p8m2526hp Query : select top 1 convert(numeric(6,2),t.taxa) valor from taxasiva t where t.codigo='2'
20240429@094918.4714 bor5a33d9ce997rf8p8m2526hp Query : select 1 valor from information_schema.tables where table_type='base table' and table_name='wsfi039fields'
20240429@094918.4730 bor5a33d9ce997rf8p8m2526hp Query : select fieldkey,fieldname,fieldtype,calcformula from wsfi039fields
20240429@094918.4756 bor5a33d9ce997rf8p8m2526hp Query : insert into wsfi039data (fistamp,ousrdata, ousrhora, usrdata,usrhora,ousrinis,usrinis ,qtt ,ftstamp ,epv,pvmoeda ,tabiva,iva,lordem ,ref, design ,lote,armazem,bistamp ) values ('aut662f521398662f5f0e73',getdate(),convert(char(8),convert (time,getdate())),getdate(),convert(char(8),convert (time,getdate())),'wsv','wsv',20.000 ,'aut662f521173662f5f0e0b' ,0,0 ,2,23.00,70000,?,?,?,?,?)
20240429@094918.6029 bor5a33d9ce997rf8p8m2526hp Query : select 1 valor from information_schema.tables where table_type='base table' and table_name='wsfi2039fields'
20240429@094918.7301 bor5a33d9ce997rf8p8m2526hp Query : select fieldkey,fieldname,fieldtype,calcformula from wsfi2039fields
20240429@094918.7816 bor5a33d9ce997rf8p8m2526hp Query : insert into wsfi2039data (fi2stamp,ftstamp ,ousrdata, ousrhora, usrdata,usrhora,ousrinis,usrinis) values ('aut662f521398662f5f0e73','aut662f521173662f5f0e0b' ,getdate(),convert(char(8),convert (time,getdate())),getdate(),convert(char(8),convert (time,getdate())),'wsv','wsv')
20240429@094918.7823 bor5a33d9ce997rf8p8m2526hp Query : select 1 valor from information_schema.tables where table_type='base table' and table_name='wsfi039fields'
20240429@094918.7842 bor5a33d9ce997rf8p8m2526hp Query : select fieldkey,fieldname,fieldtype,mandatory from wsfi039fields
20240429@094918.7867 bor5a33d9ce997rf8p8m2526hp Query : select 1 valor from information_schema.tables where table_type='base table' and table_name='wsfi2039fields'
20240429@094918.7880 bor5a33d9ce997rf8p8m2526hp Query : select fieldkey,fieldname,fieldtype,mandatory from wsfi2039fields
20240429@094918.7885 bor5a33d9ce997rf8p8m2526hp Query : select top 1 convert(numeric(6,2),t.taxa) valor from taxasiva t where t.codigo='2'
20240429@094918.7895 bor5a33d9ce997rf8p8m2526hp Query : select 1 valor from information_schema.tables where table_type='base table' and table_name='wsfi039fields'
20240429@094918.7908 bor5a33d9ce997rf8p8m2526hp Query : select fieldkey,fieldname,fieldtype,calcformula from wsfi039fields
20240429@094918.7934 bor5a33d9ce997rf8p8m2526hp Query : insert into wsfi039data (fistamp,ousrdata, ousrhora, usrdata,usrhora,ousrinis,usrinis ,qtt ,ftstamp ,epv,pvmoeda ,tabiva,iva,lordem ,ref, design ,armazem) values ('aut662f579003662f5f0ec0',getdate(),convert(char(8),convert (time,getdate())),getdate(),convert(char(8),convert (time,getdate())),'wsv','wsv',0 ,'aut662f521173662f5f0e0b' ,0,0 ,2,23.00,80000,?,?,?)
20240429@094918.8237 bor5a33d9ce997rf8p8m2526hp Query : select 1 valor from information_schema.tables where table_type='base table' and table_name='wsfi2039fields'
20240429@094918.8253 bor5a33d9ce997rf8p8m2526hp Query : select fieldkey,fieldname,fieldtype,calcformula from wsfi2039fields
20240429@094918.8260 bor5a33d9ce997rf8p8m2526hp Query : insert into wsfi2039data (fi2stamp,ftstamp ,ousrdata, ousrhora, usrdata,usrhora,ousrinis,usrinis) values ('aut662f579003662f5f0ec0','aut662f521173662f5f0e0b' ,getdate(),convert(char(8),convert (time,getdate())),getdate(),convert(char(8),convert (time,getdate())),'wsv','wsv')
20240429@094918.8264 bor5a33d9ce997rf8p8m2526hp Query : use flama_phc
20240429@094918.8267 bor5a33d9ce997rf8p8m2526hp Query : select st.usalote valor from st where st.ref = '324.1847.00.1'
20240429@094918.8278 bor5a33d9ce997rf8p8m2526hp Query : select top 1 st.tabiva ,st.ivaincl ,st.stns ,st.uni2 ,st.familia ,isnull(tx.taxa, 0) txiva ,unidade ,usalote ,epcpond ,noserie from st left join taxasiva tx on st.tabiva = tx.codigo where st.ref = '324.1847.00.1'
20240429@094918.8289 bor5a33d9ce997rf8p8m2526hp Query : select 1 valor from information_schema.tables where table_type='base table' and table_name='wsfi039fields'
20240429@094918.8302 bor5a33d9ce997rf8p8m2526hp Query : select fieldkey,fieldname,fieldtype,mandatory from wsfi039fields
20240429@094918.8328 bor5a33d9ce997rf8p8m2526hp Query : select 1 valor from information_schema.tables where table_type='base table' and table_name='wsfi2039fields'
20240429@094918.8343 bor5a33d9ce997rf8p8m2526hp Query : select fieldkey,fieldname,fieldtype,mandatory from wsfi2039fields
20240429@094918.8347 bor5a33d9ce997rf8p8m2526hp Query : select sestamp valor from se where ref ='324.1847.00.1' and lote = 'r2301210300a'
20240429@094918.8357 bor5a33d9ce997rf8p8m2526hp Query : select top 1 convert(numeric(6,2),t.taxa) valor from taxasiva t where t.codigo='2'
20240429@094918.8367 bor5a33d9ce997rf8p8m2526hp Query : select 1 valor from information_schema.tables where table_type='base table' and table_name='wsfi039fields'
20240429@094918.8380 bor5a33d9ce997rf8p8m2526hp Query : select fieldkey,fieldname,fieldtype,calcformula from wsfi039fields
20240429@094918.8405 bor5a33d9ce997rf8p8m2526hp Query : insert into wsfi039data (fistamp,ousrdata, ousrhora, usrdata,usrhora,ousrinis,usrinis ,qtt ,ftstamp ,epv,pvmoeda ,tabiva,iva,lordem ,ref, design ,lote,armazem,bistamp ) values ('aut662f574437662f5f0ecc',getdate(),convert(char(8),convert (time,getdate())),getdate(),convert(char(8),convert (time,getdate())),'wsv','wsv',20.000 ,'aut662f521173662f5f0e0b' ,0,0 ,2,23.00,100000,?,?,?,?,?)
20240429@094918.8651 bor5a33d9ce997rf8p8m2526hp Query : select 1 valor from information_schema.tables where table_type='base table' and table_name='wsfi2039fields'
20240429@094918.8681 bor5a33d9ce997rf8p8m2526hp Query : select fieldkey,fieldname,fieldtype,calcformula from wsfi2039fields
20240429@094918.8686 bor5a33d9ce997rf8p8m2526hp Query : insert into wsfi2039data (fi2stamp,ftstamp ,ousrdata, ousrhora, usrdata,usrhora,ousrinis,usrinis) values ('aut662f574437662f5f0ecc','aut662f521173662f5f0e0b' ,getdate(),convert(char(8),convert (time,getdate())),getdate(),convert(char(8),convert (time,getdate())),'wsv','wsv')
20240429@094918.8691 bor5a33d9ce997rf8p8m2526hp Query : select 1 valor from information_schema.tables where table_type='base table' and table_name='wsfi039fields'
20240429@094918.8712 bor5a33d9ce997rf8p8m2526hp Query : select fieldkey,fieldname,fieldtype,mandatory from wsfi039fields
20240429@094918.8735 bor5a33d9ce997rf8p8m2526hp Query : select 1 valor from information_schema.tables where table_type='base table' and table_name='wsfi2039fields'
20240429@094918.8748 bor5a33d9ce997rf8p8m2526hp Query : select fieldkey,fieldname,fieldtype,mandatory from wsfi2039fields
20240429@094918.8752 bor5a33d9ce997rf8p8m2526hp Query : select top 1 convert(numeric(6,2),t.taxa) valor from taxasiva t where t.codigo='2'
20240429@094918.8762 bor5a33d9ce997rf8p8m2526hp Query : select 1 valor from information_schema.tables where table_type='base table' and table_name='wsfi039fields'
20240429@094918.8775 bor5a33d9ce997rf8p8m2526hp Query : select fieldkey,fieldname,fieldtype,calcformula from wsfi039fields
20240429@094918.8798 bor5a33d9ce997rf8p8m2526hp Query : insert into wsfi039data (fistamp,ousrdata, ousrhora, usrdata,usrhora,ousrinis,usrinis ,qtt ,ftstamp ,epv,pvmoeda ,tabiva,iva,lordem ,ref, design ,armazem) values ('aut662f552471662f5f0ed5',getdate(),convert(char(8),convert (time,getdate())),getdate(),convert(char(8),convert (time,getdate())),'wsv','wsv',0 ,'aut662f521173662f5f0e0b' ,0,0 ,2,23.00,110000,?,?,?)
20240429@094918.9055 bor5a33d9ce997rf8p8m2526hp Query : select 1 valor from information_schema.tables where table_type='base table' and table_name='wsfi2039fields'
20240429@094918.9072 bor5a33d9ce997rf8p8m2526hp Query : select fieldkey,fieldname,fieldtype,calcformula from wsfi2039fields
20240429@094918.9077 bor5a33d9ce997rf8p8m2526hp Query : insert into wsfi2039data (fi2stamp,ftstamp ,ousrdata, ousrhora, usrdata,usrhora,ousrinis,usrinis) values ('aut662f552471662f5f0ed5','aut662f521173662f5f0e0b' ,getdate(),convert(char(8),convert (time,getdate())),getdate(),convert(char(8),convert (time,getdate())),'wsv','wsv')
20240429@094918.9083 bor5a33d9ce997rf8p8m2526hp Query : use flama_phc
20240429@094918.9137 bor5a33d9ce997rf8p8m2526hp Query : select st.usalote valor from st where st.ref = '324.1847.00.1'
20240429@094918.9225 bor5a33d9ce997rf8p8m2526hp Query : select top 1 st.tabiva ,st.ivaincl ,st.stns ,st.uni2 ,st.familia ,isnull(tx.taxa, 0) txiva ,unidade ,usalote ,epcpond ,noserie from st left join taxasiva tx on st.tabiva = tx.codigo where st.ref = '324.1847.00.1'
20240429@094918.9239 bor5a33d9ce997rf8p8m2526hp Query : select 1 valor from information_schema.tables where table_type='base table' and table_name='wsfi039fields'
20240429@094918.9252 bor5a33d9ce997rf8p8m2526hp Query : select fieldkey,fieldname,fieldtype,mandatory from wsfi039fields
20240429@094918.9275 bor5a33d9ce997rf8p8m2526hp Query : select 1 valor from information_schema.tables where table_type='base table' and table_name='wsfi2039fields'
20240429@094918.9288 bor5a33d9ce997rf8p8m2526hp Query : select fieldkey,fieldname,fieldtype,mandatory from wsfi2039fields
20240429@094918.9292 bor5a33d9ce997rf8p8m2526hp Query : select sestamp valor from se where ref ='324.1847.00.1' and lote = 'r2301210300a'
20240429@094918.9301 bor5a33d9ce997rf8p8m2526hp Query : select top 1 convert(numeric(6,2),t.taxa) valor from taxasiva t where t.codigo='2'
20240429@094918.9310 bor5a33d9ce997rf8p8m2526hp Query : select 1 valor from information_schema.tables where table_type='base table' and table_name='wsfi039fields'
20240429@094918.9323 bor5a33d9ce997rf8p8m2526hp Query : select fieldkey,fieldname,fieldtype,calcformula from wsfi039fields
20240429@094918.9344 bor5a33d9ce997rf8p8m2526hp Query : insert into wsfi039data (fistamp,ousrdata, ousrhora, usrdata,usrhora,ousrinis,usrinis ,qtt ,ftstamp ,epv,pvmoeda ,tabiva,iva,lordem ,ref, design ,lote,armazem,bistamp ) values ('aut662f565523662f5f0ee3',getdate(),convert(char(8),convert (time,getdate())),getdate(),convert(char(8),convert (time,getdate())),'wsv','wsv',20.000 ,'aut662f521173662f5f0e0b' ,0,0 ,2,23.00,130000,?,?,?,?,?)
20240429@094918.9614 bor5a33d9ce997rf8p8m2526hp Query : select 1 valor from information_schema.tables where table_type='base table' and table_name='wsfi2039fields'
20240429@094918.9630 bor5a33d9ce997rf8p8m2526hp Query : select fieldkey,fieldname,fieldtype,calcformula from wsfi2039fields
20240429@094918.9635 bor5a33d9ce997rf8p8m2526hp Query : insert into wsfi2039data (fi2stamp,ftstamp ,ousrdata, ousrhora, usrdata,usrhora,ousrinis,usrinis) values ('aut662f565523662f5f0ee3','aut662f521173662f5f0e0b' ,getdate(),convert(char(8),convert (time,getdate())),getdate(),convert(char(8),convert (time,getdate())),'wsv','wsv')
20240429@094918.9640 bor5a33d9ce997rf8p8m2526hp Query : select 1 valor from information_schema.tables where table_type='base table' and table_name='wsfi039fields'
20240429@094918.9655 bor5a33d9ce997rf8p8m2526hp Query : select fieldkey,fieldname,fieldtype,mandatory from wsfi039fields
20240429@094918.9699 bor5a33d9ce997rf8p8m2526hp Query : select 1 valor from information_schema.tables where table_type='base table' and table_name='wsfi2039fields'
20240429@094918.9973 bor5a33d9ce997rf8p8m2526hp Query : select fieldkey,fieldname,fieldtype,mandatory from wsfi2039fields
20240429@094918.9981 bor5a33d9ce997rf8p8m2526hp Query : select top 1 convert(numeric(6,2),t.taxa) valor from taxasiva t where t.codigo='2'
20240429@094919.1480 bor5a33d9ce997rf8p8m2526hp Query : select 1 valor from information_schema.tables where table_type='base table' and table_name='wsfi039fields'
20240429@094919.1860 bor5a33d9ce997rf8p8m2526hp Query : select fieldkey,fieldname,fieldtype,calcformula from wsfi039fields
20240429@094919.2560 bor5a33d9ce997rf8p8m2526hp Query : insert into wsfi039data (fistamp,ousrdata, ousrhora, usrdata,usrhora,ousrinis,usrinis ,qtt ,ftstamp ,epv,pvmoeda ,tabiva,iva,lordem ,ref, design ,armazem) values ('aut662f534723662f5f0f03',getdate(),convert(char(8),convert (time,getdate())),getdate(),convert(char(8),convert (time,getdate())),'wsv','wsv',0 ,'aut662f521173662f5f0e0b' ,0,0 ,2,23.00,140000,?,?,?)
20240429@094919.5540 bor5a33d9ce997rf8p8m2526hp Query : select 1 valor from information_schema.tables where table_type='base table' and table_name='wsfi2039fields'
20240429@094919.5820 bor5a33d9ce997rf8p8m2526hp Query : select fieldkey,fieldname,fieldtype,calcformula from wsfi2039fields
20240429@094919.5900 bor5a33d9ce997rf8p8m2526hp Query : insert into wsfi2039data (fi2stamp,ftstamp ,ousrdata, ousrhora, usrdata,usrhora,ousrinis,usrinis) values ('aut662f534723662f5f0f03','aut662f521173662f5f0e0b' ,getdate(),convert(char(8),convert (time,getdate())),getdate(),convert(char(8),convert (time,getdate())),'wsv','wsv')
20240429@094919.5940 bor5a33d9ce997rf8p8m2526hp Query : use flama_phc
20240429@094919.5980 bor5a33d9ce997rf8p8m2526hp Query : select st.usalote valor from st where st.ref = '324.1847.00.1'
20240429@094919.6080 bor5a33d9ce997rf8p8m2526hp Query : select top 1 st.tabiva ,st.ivaincl ,st.stns ,st.uni2 ,st.familia ,isnull(tx.taxa, 0) txiva ,unidade ,usalote ,epcpond ,noserie from st left join taxasiva tx on st.tabiva = tx.codigo where st.ref = '324.1847.00.1'
20240429@094919.6420 bor5a33d9ce997rf8p8m2526hp Query : select 1 valor from information_schema.tables where table_type='base table' and table_name='wsfi039fields'
20240429@094919.6570 bor5a33d9ce997rf8p8m2526hp Query : select fieldkey,fieldname,fieldtype,mandatory from wsfi039fields
20240429@094919.6900 bor5a33d9ce997rf8p8m2526hp Query : select 1 valor from information_schema.tables where table_type='base table' and table_name='wsfi2039fields'
20240429@094919.7040 bor5a33d9ce997rf8p8m2526hp Query : select fieldkey,fieldname,fieldtype,mandatory from wsfi2039fields
20240429@094919.7080 bor5a33d9ce997rf8p8m2526hp Query : select sestamp valor from se where ref ='324.1847.00.1' and lote = 'r2301210300a'
20240429@094919.7180 bor5a33d9ce997rf8p8m2526hp Query : select top 1 convert(numeric(6,2),t.taxa) valor from taxasiva t where t.codigo='2'
20240429@094919.7280 bor5a33d9ce997rf8p8m2526hp Query : select 1 valor from information_schema.tables where table_type='base table' and table_name='wsfi039fields'
20240429@094919.7410 bor5a33d9ce997rf8p8m2526hp Query : select fieldkey,fieldname,fieldtype,calcformula from wsfi039fields
20240429@094919.7670 bor5a33d9ce997rf8p8m2526hp Query : insert into wsfi039data (fistamp,ousrdata, ousrhora, usrdata,usrhora,ousrinis,usrinis ,qtt ,ftstamp ,epv,pvmoeda ,tabiva,iva,lordem ,ref, design ,lote,armazem,bistamp ) values ('aut662f561768662f5f0f11',getdate(),convert(char(8),convert (time,getdate())),getdate(),convert(char(8),convert (time,getdate())),'wsv','wsv',20.000 ,'aut662f521173662f5f0e0b' ,0,0 ,2,23.00,160000,?,?,?,?,?)
20240429@094919.1051 bor5a33d9ce997rf8p8m2526hp Query : select 1 valor from information_schema.tables where table_type='base table' and table_name='wsfi2039fields'
20240429@094919.1070 bor5a33d9ce997rf8p8m2526hp Query : select fieldkey,fieldname,fieldtype,calcformula from wsfi2039fields
20240429@094919.1076 bor5a33d9ce997rf8p8m2526hp Query : insert into wsfi2039data (fi2stamp,ftstamp ,ousrdata, ousrhora, usrdata,usrhora,ousrinis,usrinis) values ('aut662f561768662f5f0f11','aut662f521173662f5f0e0b' ,getdate(),convert(char(8),convert (time,getdate())),getdate(),convert(char(8),convert (time,getdate())),'wsv','wsv')
20240429@094919.1083 bor5a33d9ce997rf8p8m2526hp Query : select 1 valor from information_schema.tables where table_type='base table' and table_name='wsfi039fields'
20240429@094919.1099 bor5a33d9ce997rf8p8m2526hp Query : select fieldkey,fieldname,fieldtype,mandatory from wsfi039fields
20240429@094919.1125 bor5a33d9ce997rf8p8m2526hp Query : select 1 valor from information_schema.tables where table_type='base table' and table_name='wsfi2039fields'
20240429@094919.1138 bor5a33d9ce997rf8p8m2526hp Query : select fieldkey,fieldname,fieldtype,mandatory from wsfi2039fields
20240429@094919.1142 bor5a33d9ce997rf8p8m2526hp Query : select top 1 convert(numeric(6,2),t.taxa) valor from taxasiva t where t.codigo='2'
20240429@094919.1151 bor5a33d9ce997rf8p8m2526hp Query : select 1 valor from information_schema.tables where table_type='base table' and table_name='wsfi039fields'
20240429@094919.1164 bor5a33d9ce997rf8p8m2526hp Query : select fieldkey,fieldname,fieldtype,calcformula from wsfi039fields
20240429@094919.1224 bor5a33d9ce997rf8p8m2526hp Query : insert into wsfi039data (fistamp,ousrdata, ousrhora, usrdata,usrhora,ousrinis,usrinis ,qtt ,ftstamp ,epv,pvmoeda ,tabiva,iva,lordem ,ref, design ,armazem) values ('aut662f546128662f5f0f1c',getdate(),convert(char(8),convert (time,getdate())),getdate(),convert(char(8),convert (time,getdate())),'wsv','wsv',0 ,'aut662f521173662f5f0e0b' ,0,0 ,2,23.00,170000,?,?,?)
20240429@094919.1465 bor5a33d9ce997rf8p8m2526hp Query : select 1 valor from information_schema.tables where table_type='base table' and table_name='wsfi2039fields'
20240429@094919.1481 bor5a33d9ce997rf8p8m2526hp Query : select fieldkey,fieldname,fieldtype,calcformula from wsfi2039fields
20240429@094919.1486 bor5a33d9ce997rf8p8m2526hp Query : insert into wsfi2039data (fi2stamp,ftstamp ,ousrdata, ousrhora, usrdata,usrhora,ousrinis,usrinis) values ('aut662f546128662f5f0f1c','aut662f521173662f5f0e0b' ,getdate(),convert(char(8),convert (time,getdate())),getdate(),convert(char(8),convert (time,getdate())),'wsv','wsv')
20240429@094919.1491 bor5a33d9ce997rf8p8m2526hp Query : use flama_phc
20240429@094919.1494 bor5a33d9ce997rf8p8m2526hp Query : select st.usalote valor from st where st.ref = '324.1847.00.1'
20240429@094919.1506 bor5a33d9ce997rf8p8m2526hp Query : select top 1 st.tabiva ,st.ivaincl ,st.stns ,st.uni2 ,st.familia ,isnull(tx.taxa, 0) txiva ,unidade ,usalote ,epcpond ,noserie from st left join taxasiva tx on st.tabiva = tx.codigo where st.ref = '324.1847.00.1'
20240429@094919.1517 bor5a33d9ce997rf8p8m2526hp Query : select 1 valor from information_schema.tables where table_type='base table' and table_name='wsfi039fields'
20240429@094919.1531 bor5a33d9ce997rf8p8m2526hp Query : select fieldkey,fieldname,fieldtype,mandatory from wsfi039fields
20240429@094919.1554 bor5a33d9ce997rf8p8m2526hp Query : select 1 valor from information_schema.tables where table_type='base table' and table_name='wsfi2039fields'
20240429@094919.1571 bor5a33d9ce997rf8p8m2526hp Query : select fieldkey,fieldname,fieldtype,mandatory from wsfi2039fields
20240429@094919.1576 bor5a33d9ce997rf8p8m2526hp Query : select sestamp valor from se where ref ='324.1847.00.1' and lote = 'r2301210300a'
20240429@094919.1586 bor5a33d9ce997rf8p8m2526hp Query : select top 1 convert(numeric(6,2),t.taxa) valor from taxasiva t where t.codigo='2'
20240429@094919.1597 bor5a33d9ce997rf8p8m2526hp Query : select 1 valor from information_schema.tables where table_type='base table' and table_name='wsfi039fields'
20240429@094919.1610 bor5a33d9ce997rf8p8m2526hp Query : select fieldkey,fieldname,fieldtype,calcformula from wsfi039fields
20240429@094919.1634 bor5a33d9ce997rf8p8m2526hp Query : insert into wsfi039data (fistamp,ousrdata, ousrhora, usrdata,usrhora,ousrinis,usrinis ,qtt ,ftstamp ,epv,pvmoeda ,tabiva,iva,lordem ,ref, design ,lote,armazem,bistamp ) values ('aut662f521290662f5f0f26',getdate(),convert(char(8),convert (time,getdate())),getdate(),convert(char(8),convert (time,getdate())),'wsv','wsv',20.000 ,'aut662f521173662f5f0e0b' ,0,0 ,2,23.00,190000,?,?,?,?,?)
20240429@094919.1906 bor5a33d9ce997rf8p8m2526hp Query : select 1 valor from information_schema.tables where table_type='base table' and table_name='wsfi2039fields'
20240429@094919.1922 bor5a33d9ce997rf8p8m2526hp Query : select fieldkey,fieldname,fieldtype,calcformula from wsfi2039fields
20240429@094919.1926 bor5a33d9ce997rf8p8m2526hp Query : insert into wsfi2039data (fi2stamp,ftstamp ,ousrdata, ousrhora, usrdata,usrhora,ousrinis,usrinis) values ('aut662f521290662f5f0f26','aut662f521173662f5f0e0b' ,getdate(),convert(char(8),convert (time,getdate())),getdate(),convert(char(8),convert (time,getdate())),'wsv','wsv')
20240429@094919.1931 bor5a33d9ce997rf8p8m2526hp Query : select 1 valor from information_schema.tables where table_type='base table' and table_name='wsfi039fields'
20240429@094919.1953 bor5a33d9ce997rf8p8m2526hp Query : select fieldkey,fieldname,fieldtype,mandatory from wsfi039fields
20240429@094919.2369 bor5a33d9ce997rf8p8m2526hp Query : select 1 valor from information_schema.tables where table_type='base table' and table_name='wsfi2039fields'
20240429@094919.2891 bor5a33d9ce997rf8p8m2526hp Query : select fieldkey,fieldname,fieldtype,mandatory from wsfi2039fields
20240429@094919.2921 bor5a33d9ce997rf8p8m2526hp Query : select top 1 convert(numeric(6,2),t.taxa) valor from taxasiva t where t.codigo='2'
20240429@094919.2971 bor5a33d9ce997rf8p8m2526hp Query : select 1 valor from information_schema.tables where table_type='base table' and table_name='wsfi039fields'
20240429@094919.3417 bor5a33d9ce997rf8p8m2526hp Query : select fieldkey,fieldname,fieldtype,calcformula from wsfi039fields
20240429@094919.3960 bor5a33d9ce997rf8p8m2526hp Query : insert into wsfi039data (fistamp,ousrdata, ousrhora, usrdata,usrhora,ousrinis,usrinis ,qtt ,ftstamp ,epv,pvmoeda ,tabiva,iva,lordem ,ref, design ,armazem) values ('aut662f512587662f5f0f48',getdate(),convert(char(8),convert (time,getdate())),getdate(),convert(char(8),convert (time,getdate())),'wsv','wsv',0 ,'aut662f521173662f5f0e0b' ,0,0 ,2,23.00,200000,?,?,?)
20240429@094919.4208 bor5a33d9ce997rf8p8m2526hp Query : select 1 valor from information_schema.tables where table_type='base table' and table_name='wsfi2039fields'
20240429@094919.4228 bor5a33d9ce997rf8p8m2526hp Query : select fieldkey,fieldname,fieldtype,calcformula from wsfi2039fields
20240429@094919.4233 bor5a33d9ce997rf8p8m2526hp Query : insert into wsfi2039data (fi2stamp,ftstamp ,ousrdata, ousrhora, usrdata,usrhora,ousrinis,usrinis) values ('aut662f512587662f5f0f48','aut662f521173662f5f0e0b' ,getdate(),convert(char(8),convert (time,getdate())),getdate(),convert(char(8),convert (time,getdate())),'wsv','wsv')
20240429@094919.4238 bor5a33d9ce997rf8p8m2526hp Query : use flama_phc
20240429@094919.4242 bor5a33d9ce997rf8p8m2526hp Query : select st.usalote valor from st where st.ref = '324.1847.00.1'
20240429@094919.4254 bor5a33d9ce997rf8p8m2526hp Query : select top 1 st.tabiva ,st.ivaincl ,st.stns ,st.uni2 ,st.familia ,isnull(tx.taxa, 0) txiva ,unidade ,usalote ,epcpond ,noserie from st left join taxasiva tx on st.tabiva = tx.codigo where st.ref = '324.1847.00.1'
20240429@094919.4265 bor5a33d9ce997rf8p8m2526hp Query : select 1 valor from information_schema.tables where table_type='base table' and table_name='wsfi039fields'
20240429@094919.4279 bor5a33d9ce997rf8p8m2526hp Query : select fieldkey,fieldname,fieldtype,mandatory from wsfi039fields
20240429@094919.4302 bor5a33d9ce997rf8p8m2526hp Query : select 1 valor from information_schema.tables where table_type='base table' and table_name='wsfi2039fields'
20240429@094919.4315 bor5a33d9ce997rf8p8m2526hp Query : select fieldkey,fieldname,fieldtype,mandatory from wsfi2039fields
20240429@094919.4319 bor5a33d9ce997rf8p8m2526hp Query : select sestamp valor from se where ref ='324.1847.00.1' and lote = 'r2301210300a'
20240429@094919.4329 bor5a33d9ce997rf8p8m2526hp Query : select top 1 convert(numeric(6,2),t.taxa) valor from taxasiva t where t.codigo='2'
20240429@094919.4340 bor5a33d9ce997rf8p8m2526hp Query : select 1 valor from information_schema.tables where table_type='base table' and table_name='wsfi039fields'
20240429@094919.4353 bor5a33d9ce997rf8p8m2526hp Query : select fieldkey,fieldname,fieldtype,calcformula from wsfi039fields
20240429@094919.4377 bor5a33d9ce997rf8p8m2526hp Query : insert into wsfi039data (fistamp,ousrdata, ousrhora, usrdata,usrhora,ousrinis,usrinis ,qtt ,ftstamp ,epv,pvmoeda ,tabiva,iva,lordem ,ref, design ,lote,armazem,bistamp ) values ('aut662f548829662f5f0f69',getdate(),convert(char(8),convert (time,getdate())),getdate(),convert(char(8),convert (time,getdate())),'wsv','wsv',20.000 ,'aut662f521173662f5f0e0b' ,0,0 ,2,23.00,220000,?,?,?,?,?)
20240429@094919.4653 bor5a33d9ce997rf8p8m2526hp Query : select 1 valor from information_schema.tables where table_type='base table' and table_name='wsfi2039fields'
20240429@094919.4670 bor5a33d9ce997rf8p8m2526hp Query : select fieldkey,fieldname,fieldtype,calcformula from wsfi2039fields
20240429@094919.4675 bor5a33d9ce997rf8p8m2526hp Query : insert into wsfi2039data (fi2stamp,ftstamp ,ousrdata, ousrhora, usrdata,usrhora,ousrinis,usrinis) values ('aut662f548829662f5f0f69','aut662f521173662f5f0e0b' ,getdate(),convert(char(8),convert (time,getdate())),getdate(),convert(char(8),convert (time,getdate())),'wsv','wsv')
20240429@094919.4681 bor5a33d9ce997rf8p8m2526hp Query : select 1 valor from information_schema.tables where table_type='base table' and table_name='wsfi039fields'
20240429@094919.4695 bor5a33d9ce997rf8p8m2526hp Query : select fieldkey,fieldname,fieldtype,mandatory from wsfi039fields
20240429@094919.4738 bor5a33d9ce997rf8p8m2526hp Query : select 1 valor from information_schema.tables where table_type='base table' and table_name='wsfi2039fields'
20240429@094919.4751 bor5a33d9ce997rf8p8m2526hp Query : select fieldkey,fieldname,fieldtype,mandatory from wsfi2039fields
20240429@094919.4756 bor5a33d9ce997rf8p8m2526hp Query : select top 1 convert(numeric(6,2),t.taxa) valor from taxasiva t where t.codigo='2'
20240429@094919.4767 bor5a33d9ce997rf8p8m2526hp Query : select 1 valor from information_schema.tables where table_type='base table' and table_name='wsfi039fields'
20240429@094919.4780 bor5a33d9ce997rf8p8m2526hp Query : select fieldkey,fieldname,fieldtype,calcformula from wsfi039fields
20240429@094919.4804 bor5a33d9ce997rf8p8m2526hp Query : insert into wsfi039data (fistamp,ousrdata, ousrhora, usrdata,usrhora,ousrinis,usrinis ,qtt ,ftstamp ,epv,pvmoeda ,tabiva,iva,lordem ,ref, design ,armazem) values ('aut662f511506662f5f0f74',getdate(),convert(char(8),convert (time,getdate())),getdate(),convert(char(8),convert (time,getdate())),'wsv','wsv',0 ,'aut662f521173662f5f0e0b' ,0,0 ,2,23.00,230000,?,?,?)
20240429@094919.5051 bor5a33d9ce997rf8p8m2526hp Query : select 1 valor from information_schema.tables where table_type='base table' and table_name='wsfi2039fields'
20240429@094919.5068 bor5a33d9ce997rf8p8m2526hp Query : select fieldkey,fieldname,fieldtype,calcformula from wsfi2039fields
20240429@094919.5072 bor5a33d9ce997rf8p8m2526hp Query : insert into wsfi2039data (fi2stamp,ftstamp ,ousrdata, ousrhora, usrdata,usrhora,ousrinis,usrinis) values ('aut662f511506662f5f0f74','aut662f521173662f5f0e0b' ,getdate(),convert(char(8),convert (time,getdate())),getdate(),convert(char(8),convert (time,getdate())),'wsv','wsv')
20240429@094919.5078 bor5a33d9ce997rf8p8m2526hp Query : use flama_phc
20240429@094919.5081 bor5a33d9ce997rf8p8m2526hp Query : select st.usalote valor from st where st.ref = '324.1847.00.1'
20240429@094919.5095 bor5a33d9ce997rf8p8m2526hp Query : select top 1 st.tabiva ,st.ivaincl ,st.stns ,st.uni2 ,st.familia ,isnull(tx.taxa, 0) txiva ,unidade ,usalote ,epcpond ,noserie from st left join taxasiva tx on st.tabiva = tx.codigo where st.ref = '324.1847.00.1'
20240429@094919.5106 bor5a33d9ce997rf8p8m2526hp Query : select 1 valor from information_schema.tables where table_type='base table' and table_name='wsfi039fields'
20240429@094919.5120 bor5a33d9ce997rf8p8m2526hp Query : select fieldkey,fieldname,fieldtype,mandatory from wsfi039fields
20240429@094919.5143 bor5a33d9ce997rf8p8m2526hp Query : select 1 valor from information_schema.tables where table_type='base table' and table_name='wsfi2039fields'
20240429@094919.5156 bor5a33d9ce997rf8p8m2526hp Query : select fieldkey,fieldname,fieldtype,mandatory from wsfi2039fields
20240429@094919.5160 bor5a33d9ce997rf8p8m2526hp Query : select sestamp valor from se where ref ='324.1847.00.1' and lote = 'r2301210300a'
20240429@094919.5170 bor5a33d9ce997rf8p8m2526hp Query : select top 1 convert(numeric(6,2),t.taxa) valor from taxasiva t where t.codigo='2'
20240429@094919.5179 bor5a33d9ce997rf8p8m2526hp Query : select 1 valor from information_schema.tables where table_type='base table' and table_name='wsfi039fields'
20240429@094919.5191 bor5a33d9ce997rf8p8m2526hp Query : select fieldkey,fieldname,fieldtype,calcformula from wsfi039fields
20240429@094919.5214 bor5a33d9ce997rf8p8m2526hp Query : insert into wsfi039data (fistamp,ousrdata, ousrhora, usrdata,usrhora,ousrinis,usrinis ,qtt ,ftstamp ,epv,pvmoeda ,tabiva,iva,lordem ,ref, design ,lote,armazem,bistamp ) values ('aut662f594758662f5f0f7e',getdate(),convert(char(8),convert (time,getdate())),getdate(),convert(char(8),convert (time,getdate())),'wsv','wsv',20.000 ,'aut662f521173662f5f0e0b' ,0,0 ,2,23.00,250000,?,?,?,?,?)
20240429@094919.5471 bor5a33d9ce997rf8p8m2526hp Query : select 1 valor from information_schema.tables where table_type='base table' and table_name='wsfi2039fields'
20240429@094919.5493 bor5a33d9ce997rf8p8m2526hp Query : select fieldkey,fieldname,fieldtype,calcformula from wsfi2039fields
20240429@094919.5498 bor5a33d9ce997rf8p8m2526hp Query : insert into wsfi2039data (fi2stamp,ftstamp ,ousrdata, ousrhora, usrdata,usrhora,ousrinis,usrinis) values ('aut662f594758662f5f0f7e','aut662f521173662f5f0e0b' ,getdate(),convert(char(8),convert (time,getdate())),getdate(),convert(char(8),convert (time,getdate())),'wsv','wsv')
20240429@094919.5503 bor5a33d9ce997rf8p8m2526hp Query : select 1 valor from information_schema.tables where table_type='base table' and table_name='wsfi039fields'
20240429@094919.5516 bor5a33d9ce997rf8p8m2526hp Query : select fieldkey,fieldname,fieldtype,mandatory from wsfi039fields
20240429@094919.5542 bor5a33d9ce997rf8p8m2526hp Query : select 1 valor from information_schema.tables where table_type='base table' and table_name='wsfi2039fields'
20240429@094919.5555 bor5a33d9ce997rf8p8m2526hp Query : select fieldkey,fieldname,fieldtype,mandatory from wsfi2039fields
20240429@094919.5559 bor5a33d9ce997rf8p8m2526hp Query : select top 1 convert(numeric(6,2),t.taxa) valor from taxasiva t where t.codigo='2'
20240429@094919.5569 bor5a33d9ce997rf8p8m2526hp Query : select 1 valor from information_schema.tables where table_type='base table' and table_name='wsfi039fields'
20240429@094919.5582 bor5a33d9ce997rf8p8m2526hp Query : select fieldkey,fieldname,fieldtype,calcformula from wsfi039fields
20240429@094919.5608 bor5a33d9ce997rf8p8m2526hp Query : insert into wsfi039data (fistamp,ousrdata, ousrhora, usrdata,usrhora,ousrinis,usrinis ,qtt ,ftstamp ,epv,pvmoeda ,tabiva,iva,lordem ,ref, design ,armazem) values ('aut662f524498662f5f0f87',getdate(),convert(char(8),convert (time,getdate())),getdate(),convert(char(8),convert (time,getdate())),'wsv','wsv',0 ,'aut662f521173662f5f0e0b' ,0,0 ,2,23.00,260000,?,?,?)
20240429@094919.5897 bor5a33d9ce997rf8p8m2526hp Query : select 1 valor from information_schema.tables where table_type='base table' and table_name='wsfi2039fields'
20240429@094919.5921 bor5a33d9ce997rf8p8m2526hp Query : select fieldkey,fieldname,fieldtype,calcformula from wsfi2039fields
20240429@094919.5955 bor5a33d9ce997rf8p8m2526hp Query : insert into wsfi2039data (fi2stamp,ftstamp ,ousrdata, ousrhora, usrdata,usrhora,ousrinis,usrinis) values ('aut662f524498662f5f0f87','aut662f521173662f5f0e0b' ,getdate(),convert(char(8),convert (time,getdate())),getdate(),convert(char(8),convert (time,getdate())),'wsv','wsv')
20240429@094919.5969 bor5a33d9ce997rf8p8m2526hp Query : use flama_phc
20240429@094919.5973 bor5a33d9ce997rf8p8m2526hp Query : select st.usalote valor from st where st.ref = '324.1847.00.1'
20240429@094919.5986 bor5a33d9ce997rf8p8m2526hp Query : select top 1 st.tabiva ,st.ivaincl ,st.stns ,st.uni2 ,st.familia ,isnull(tx.taxa, 0) txiva ,unidade ,usalote ,epcpond ,noserie from st left join taxasiva tx on st.tabiva = tx.codigo where st.ref = '324.1847.00.1'
20240429@094919.5999 bor5a33d9ce997rf8p8m2526hp Query : select 1 valor from information_schema.tables where table_type='base table' and table_name='wsfi039fields'
20240429@094919.6022 bor5a33d9ce997rf8p8m2526hp Query : select fieldkey,fieldname,fieldtype,mandatory from wsfi039fields
20240429@094919.6048 bor5a33d9ce997rf8p8m2526hp Query : select 1 valor from information_schema.tables where table_type='base table' and table_name='wsfi2039fields'
20240429@094919.6062 bor5a33d9ce997rf8p8m2526hp Query : select fieldkey,fieldname,fieldtype,mandatory from wsfi2039fields
20240429@094919.6066 bor5a33d9ce997rf8p8m2526hp Query : select sestamp valor from se where ref ='324.1847.00.1' and lote = 'r2301210300a'
20240429@094919.6077 bor5a33d9ce997rf8p8m2526hp Query : select top 1 convert(numeric(6,2),t.taxa) valor from taxasiva t where t.codigo='2'
20240429@094919.6087 bor5a33d9ce997rf8p8m2526hp Query : select 1 valor from information_schema.tables where table_type='base table' and table_name='wsfi039fields'
20240429@094919.6100 bor5a33d9ce997rf8p8m2526hp Query : select fieldkey,fieldname,fieldtype,calcformula from wsfi039fields
20240429@094919.6125 bor5a33d9ce997rf8p8m2526hp Query : insert into wsfi039data (fistamp,ousrdata, ousrhora, usrdata,usrhora,ousrinis,usrinis ,qtt ,ftstamp ,epv,pvmoeda ,tabiva,iva,lordem ,ref, design ,lote,armazem,bistamp ) values ('aut662f513529662f5f0f94',getdate(),convert(char(8),convert (time,getdate())),getdate(),convert(char(8),convert (time,getdate())),'wsv','wsv',20.000 ,'aut662f521173662f5f0e0b' ,0,0 ,2,23.00,280000,?,?,?,?,?)
20240429@094919.6374 bor5a33d9ce997rf8p8m2526hp Query : select 1 valor from information_schema.tables where table_type='base table' and table_name='wsfi2039fields'
20240429@094919.6390 bor5a33d9ce997rf8p8m2526hp Query : select fieldkey,fieldname,fieldtype,calcformula from wsfi2039fields
20240429@094919.6395 bor5a33d9ce997rf8p8m2526hp Query : insert into wsfi2039data (fi2stamp,ftstamp ,ousrdata, ousrhora, usrdata,usrhora,ousrinis,usrinis) values ('aut662f513529662f5f0f94','aut662f521173662f5f0e0b' ,getdate(),convert(char(8),convert (time,getdate())),getdate(),convert(char(8),convert (time,getdate())),'wsv','wsv')
20240429@094919.6401 bor5a33d9ce997rf8p8m2526hp Query : select 1 valor from information_schema.tables where table_type='base table' and table_name='wsfi039fields'
20240429@094919.6416 bor5a33d9ce997rf8p8m2526hp Query : select fieldkey,fieldname,fieldtype,mandatory from wsfi039fields
20240429@094919.6441 bor5a33d9ce997rf8p8m2526hp Query : select 1 valor from information_schema.tables where table_type='base table' and table_name='wsfi2039fields'
20240429@094919.6455 bor5a33d9ce997rf8p8m2526hp Query : select fieldkey,fieldname,fieldtype,mandatory from wsfi2039fields
20240429@094919.6459 bor5a33d9ce997rf8p8m2526hp Query : select top 1 convert(numeric(6,2),t.taxa) valor from taxasiva t where t.codigo='2'
20240429@094919.6471 bor5a33d9ce997rf8p8m2526hp Query : select 1 valor from information_schema.tables where table_type='base table' and table_name='wsfi039fields'
20240429@094919.6483 bor5a33d9ce997rf8p8m2526hp Query : select fieldkey,fieldname,fieldtype,calcformula from wsfi039fields
20240429@094919.6510 bor5a33d9ce997rf8p8m2526hp Query : insert into wsfi039data (fistamp,ousrdata, ousrhora, usrdata,usrhora,ousrinis,usrinis ,qtt ,ftstamp ,epv,pvmoeda ,tabiva,iva,lordem ,ref, design ,armazem) values ('aut662f555864662f5f0f9d',getdate(),convert(char(8),convert (time,getdate())),getdate(),convert(char(8),convert (time,getdate())),'wsv','wsv',0 ,'aut662f521173662f5f0e0b' ,0,0 ,2,23.00,290000,?,?,?)
20240429@094919.6759 bor5a33d9ce997rf8p8m2526hp Query : select 1 valor from information_schema.tables where table_type='base table' and table_name='wsfi2039fields'
20240429@094919.6775 bor5a33d9ce997rf8p8m2526hp Query : select fieldkey,fieldname,fieldtype,calcformula from wsfi2039fields
20240429@094919.6780 bor5a33d9ce997rf8p8m2526hp Query : insert into wsfi2039data (fi2stamp,ftstamp ,ousrdata, ousrhora, usrdata,usrhora,ousrinis,usrinis) values ('aut662f555864662f5f0f9d','aut662f521173662f5f0e0b' ,getdate(),convert(char(8),convert (time,getdate())),getdate(),convert(char(8),convert (time,getdate())),'wsv','wsv')
20240429@094919.6785 bor5a33d9ce997rf8p8m2526hp Query : use flama_phc
20240429@094919.6788 bor5a33d9ce997rf8p8m2526hp Query : select st.usalote valor from st where st.ref = '324.1847.00.1'
20240429@094919.6800 bor5a33d9ce997rf8p8m2526hp Query : select top 1 st.tabiva ,st.ivaincl ,st.stns ,st.uni2 ,st.familia ,isnull(tx.taxa, 0) txiva ,unidade ,usalote ,epcpond ,noserie from st left join taxasiva tx on st.tabiva = tx.codigo where st.ref = '324.1847.00.1'
20240429@094919.6814 bor5a33d9ce997rf8p8m2526hp Query : select 1 valor from information_schema.tables where table_type='base table' and table_name='wsfi039fields'
20240429@094919.6831 bor5a33d9ce997rf8p8m2526hp Query : select fieldkey,fieldname,fieldtype,mandatory from wsfi039fields
20240429@094919.6883 bor5a33d9ce997rf8p8m2526hp Query : select 1 valor from information_schema.tables where table_type='base table' and table_name='wsfi2039fields'
20240429@094919.6900 bor5a33d9ce997rf8p8m2526hp Query : select fieldkey,fieldname,fieldtype,mandatory from wsfi2039fields
20240429@094919.6905 bor5a33d9ce997rf8p8m2526hp Query : select sestamp valor from se where ref ='324.1847.00.1' and lote = 'r2301210300a'
20240429@094919.6915 bor5a33d9ce997rf8p8m2526hp Query : select top 1 convert(numeric(6,2),t.taxa) valor from taxasiva t where t.codigo='2'
20240429@094919.6926 bor5a33d9ce997rf8p8m2526hp Query : select 1 valor from information_schema.tables where table_type='base table' and table_name='wsfi039fields'
20240429@094919.6941 bor5a33d9ce997rf8p8m2526hp Query : select fieldkey,fieldname,fieldtype,calcformula from wsfi039fields
20240429@094919.6966 bor5a33d9ce997rf8p8m2526hp Query : insert into wsfi039data (fistamp,ousrdata, ousrhora, usrdata,usrhora,ousrinis,usrinis ,qtt ,ftstamp ,epv,pvmoeda ,tabiva,iva,lordem ,ref, design ,lote,armazem,bistamp ) values ('aut662f552947662f5f0fa9',getdate(),convert(char(8),convert (time,getdate())),getdate(),convert(char(8),convert (time,getdate())),'wsv','wsv',20.000 ,'aut662f521173662f5f0e0b' ,0,0 ,2,23.00,310000,?,?,?,?,?)
20240429@094919.7251 bor5a33d9ce997rf8p8m2526hp Query : select 1 valor from information_schema.tables where table_type='base table' and table_name='wsfi2039fields'
20240429@094919.7267 bor5a33d9ce997rf8p8m2526hp Query : select fieldkey,fieldname,fieldtype,calcformula from wsfi2039fields
20240429@094919.7272 bor5a33d9ce997rf8p8m2526hp Query : insert into wsfi2039data (fi2stamp,ftstamp ,ousrdata, ousrhora, usrdata,usrhora,ousrinis,usrinis) values ('aut662f552947662f5f0fa9','aut662f521173662f5f0e0b' ,getdate(),convert(char(8),convert (time,getdate())),getdate(),convert(char(8),convert (time,getdate())),'wsv','wsv')
20240429@094919.7285 bor5a33d9ce997rf8p8m2526hp Query : select 1 valor from information_schema.tables where table_type='base table' and table_name='wsfi039fields'
20240429@094919.7299 bor5a33d9ce997rf8p8m2526hp Query : select fieldkey,fieldname,fieldtype,mandatory from wsfi039fields
20240429@094919.7322 bor5a33d9ce997rf8p8m2526hp Query : select 1 valor from information_schema.tables where table_type='base table' and table_name='wsfi2039fields'
20240429@094919.7335 bor5a33d9ce997rf8p8m2526hp Query : select fieldkey,fieldname,fieldtype,mandatory from wsfi2039fields
20240429@094919.7339 bor5a33d9ce997rf8p8m2526hp Query : select top 1 convert(numeric(6,2),t.taxa) valor from taxasiva t where t.codigo='2'
20240429@094919.7349 bor5a33d9ce997rf8p8m2526hp Query : select 1 valor from information_schema.tables where table_type='base table' and table_name='wsfi039fields'
20240429@094919.7362 bor5a33d9ce997rf8p8m2526hp Query : select fieldkey,fieldname,fieldtype,calcformula from wsfi039fields
20240429@094919.7387 bor5a33d9ce997rf8p8m2526hp Query : insert into wsfi039data (fistamp,ousrdata, ousrhora, usrdata,usrhora,ousrinis,usrinis ,qtt ,ftstamp ,epv,pvmoeda ,tabiva,iva,lordem ,ref, design ,armazem) values ('aut662f551699662f5f0fb3',getdate(),convert(char(8),convert (time,getdate())),getdate(),convert(char(8),convert (time,getdate())),'wsv','wsv',0 ,'aut662f521173662f5f0e0b' ,0,0 ,2,23.00,320000,?,?,?)
20240429@094919.7653 bor5a33d9ce997rf8p8m2526hp Query : select 1 valor from information_schema.tables where table_type='base table' and table_name='wsfi2039fields'
20240429@094919.7670 bor5a33d9ce997rf8p8m2526hp Query : select fieldkey,fieldname,fieldtype,calcformula from wsfi2039fields
20240429@094919.7674 bor5a33d9ce997rf8p8m2526hp Query : insert into wsfi2039data (fi2stamp,ftstamp ,ousrdata, ousrhora, usrdata,usrhora,ousrinis,usrinis) values ('aut662f551699662f5f0fb3','aut662f521173662f5f0e0b' ,getdate(),convert(char(8),convert (time,getdate())),getdate(),convert(char(8),convert (time,getdate())),'wsv','wsv')
20240429@094919.7679 bor5a33d9ce997rf8p8m2526hp Query : use flama_phc
20240429@094919.7683 bor5a33d9ce997rf8p8m2526hp Query : select st.usalote valor from st where st.ref = '324.1847.00.1'
20240429@094919.7694 bor5a33d9ce997rf8p8m2526hp Query : select top 1 st.tabiva ,st.ivaincl ,st.stns ,st.uni2 ,st.familia ,isnull(tx.taxa, 0) txiva ,unidade ,usalote ,epcpond ,noserie from st left join taxasiva tx on st.tabiva = tx.codigo where st.ref = '324.1847.00.1'
20240429@094919.7705 bor5a33d9ce997rf8p8m2526hp Query : select 1 valor from information_schema.tables where table_type='base table' and table_name='wsfi039fields'
20240429@094919.7719 bor5a33d9ce997rf8p8m2526hp Query : select fieldkey,fieldname,fieldtype,mandatory from wsfi039fields
20240429@094919.7742 bor5a33d9ce997rf8p8m2526hp Query : select 1 valor from information_schema.tables where table_type='base table' and table_name='wsfi2039fields'
20240429@094919.7756 bor5a33d9ce997rf8p8m2526hp Query : select fieldkey,fieldname,fieldtype,mandatory from wsfi2039fields
20240429@094919.7760 bor5a33d9ce997rf8p8m2526hp Query : select sestamp valor from se where ref ='324.1847.00.1' and lote = 'r2301210300a'
20240429@094919.7770 bor5a33d9ce997rf8p8m2526hp Query : select top 1 convert(numeric(6,2),t.taxa) valor from taxasiva t where t.codigo='2'
20240429@094919.7780 bor5a33d9ce997rf8p8m2526hp Query : select 1 valor from information_schema.tables where table_type='base table' and table_name='wsfi039fields'
20240429@094919.7792 bor5a33d9ce997rf8p8m2526hp Query : select fieldkey,fieldname,fieldtype,calcformula from wsfi039fields
20240429@094919.7821 bor5a33d9ce997rf8p8m2526hp Query : insert into wsfi039data (fistamp,ousrdata, ousrhora, usrdata,usrhora,ousrinis,usrinis ,qtt ,ftstamp ,epv,pvmoeda ,tabiva,iva,lordem ,ref, design ,lote,armazem,bistamp ) values ('aut662f524341662f5f0fbd',getdate(),convert(char(8),convert (time,getdate())),getdate(),convert(char(8),convert (time,getdate())),'wsv','wsv',20.000 ,'aut662f521173662f5f0e0b' ,0,0 ,2,23.00,340000,?,?,?,?,?)
20240429@094919.8079 bor5a33d9ce997rf8p8m2526hp Query : select 1 valor from information_schema.tables where table_type='base table' and table_name='wsfi2039fields'
20240429@094919.8094 bor5a33d9ce997rf8p8m2526hp Query : select fieldkey,fieldname,fieldtype,calcformula from wsfi2039fields
20240429@094919.8099 bor5a33d9ce997rf8p8m2526hp Query : insert into wsfi2039data (fi2stamp,ftstamp ,ousrdata, ousrhora, usrdata,usrhora,ousrinis,usrinis) values ('aut662f524341662f5f0fbd','aut662f521173662f5f0e0b' ,getdate(),convert(char(8),convert (time,getdate())),getdate(),convert(char(8),convert (time,getdate())),'wsv','wsv')
20240429@094919.8104 bor5a33d9ce997rf8p8m2526hp Query : select 1 valor from information_schema.tables where table_type='base table' and table_name='wsfi039fields'
20240429@094919.8145 bor5a33d9ce997rf8p8m2526hp Query : select fieldkey,fieldname,fieldtype,mandatory from wsfi039fields
20240429@094919.8170 bor5a33d9ce997rf8p8m2526hp Query : select 1 valor from information_schema.tables where table_type='base table' and table_name='wsfi2039fields'
20240429@094919.8196 bor5a33d9ce997rf8p8m2526hp Query : select fieldkey,fieldname,fieldtype,mandatory from wsfi2039fields
20240429@094919.8214 bor5a33d9ce997rf8p8m2526hp Query : select top 1 convert(numeric(6,2),t.taxa) valor from taxasiva t where t.codigo='2'
20240429@094919.8228 bor5a33d9ce997rf8p8m2526hp Query : select 1 valor from information_schema.tables where table_type='base table' and table_name='wsfi039fields'
20240429@094919.8244 bor5a33d9ce997rf8p8m2526hp Query : select fieldkey,fieldname,fieldtype,calcformula from wsfi039fields
20240429@094919.8274 bor5a33d9ce997rf8p8m2526hp Query : insert into wsfi039data (fistamp,ousrdata, ousrhora, usrdata,usrhora,ousrinis,usrinis ,qtt ,ftstamp ,epv,pvmoeda ,tabiva,iva,lordem ,ref, design ,armazem) values ('aut662f599336662f5f0fc8',getdate(),convert(char(8),convert (time,getdate())),getdate(),convert(char(8),convert (time,getdate())),'wsv','wsv',0 ,'aut662f521173662f5f0e0b' ,0,0 ,2,23.00,350000,?,?,?)
20240429@094919.8534 bor5a33d9ce997rf8p8m2526hp Query : select 1 valor from information_schema.tables where table_type='base table' and table_name='wsfi2039fields'
20240429@094919.8621 bor5a33d9ce997rf8p8m2526hp Query : select fieldkey,fieldname,fieldtype,calcformula from wsfi2039fields
20240429@094919.8626 bor5a33d9ce997rf8p8m2526hp Query : insert into wsfi2039data (fi2stamp,ftstamp ,ousrdata, ousrhora, usrdata,usrhora,ousrinis,usrinis) values ('aut662f599336662f5f0fc8','aut662f521173662f5f0e0b' ,getdate(),convert(char(8),convert (time,getdate())),getdate(),convert(char(8),convert (time,getdate())),'wsv','wsv')
20240429@094919.8631 bor5a33d9ce997rf8p8m2526hp Query : use flama_phc
20240429@094919.8634 bor5a33d9ce997rf8p8m2526hp Query : select st.usalote valor from st where st.ref = '324.1847.00.1'
20240429@094919.8654 bor5a33d9ce997rf8p8m2526hp Query : select top 1 st.tabiva ,st.ivaincl ,st.stns ,st.uni2 ,st.familia ,isnull(tx.taxa, 0) txiva ,unidade ,usalote ,epcpond ,noserie from st left join taxasiva tx on st.tabiva = tx.codigo where st.ref = '324.1847.00.1'
20240429@094919.8666 bor5a33d9ce997rf8p8m2526hp Query : select 1 valor from information_schema.tables where table_type='base table' and table_name='wsfi039fields'
20240429@094919.8680 bor5a33d9ce997rf8p8m2526hp Query : select fieldkey,fieldname,fieldtype,mandatory from wsfi039fields
20240429@094919.8702 bor5a33d9ce997rf8p8m2526hp Query : select 1 valor from information_schema.tables where table_type='base table' and table_name='wsfi2039fields'
20240429@094919.8718 bor5a33d9ce997rf8p8m2526hp Query : select fieldkey,fieldname,fieldtype,mandatory from wsfi2039fields
20240429@094919.8722 bor5a33d9ce997rf8p8m2526hp Query : select sestamp valor from se where ref ='324.1847.00.1' and lote = 'r2301210300a'
20240429@094919.8732 bor5a33d9ce997rf8p8m2526hp Query : select top 1 convert(numeric(6,2),t.taxa) valor from taxasiva t where t.codigo='2'
20240429@094919.8741 bor5a33d9ce997rf8p8m2526hp Query : select 1 valor from information_schema.tables where table_type='base table' and table_name='wsfi039fields'
20240429@094919.8753 bor5a33d9ce997rf8p8m2526hp Query : select fieldkey,fieldname,fieldtype,calcformula from wsfi039fields
20240429@094919.8781 bor5a33d9ce997rf8p8m2526hp Query : insert into wsfi039data (fistamp,ousrdata, ousrhora, usrdata,usrhora,ousrinis,usrinis ,qtt ,ftstamp ,epv,pvmoeda ,tabiva,iva,lordem ,ref, design ,lote,armazem,bistamp ) values ('aut662f586706662f5f0fd5',getdate(),convert(char(8),convert (time,getdate())),getdate(),convert(char(8),convert (time,getdate())),'wsv','wsv',20.000 ,'aut662f521173662f5f0e0b' ,0,0 ,2,23.00,370000,?,?,?,?,?)
20240429@094919.9058 bor5a33d9ce997rf8p8m2526hp Query : select 1 valor from information_schema.tables where table_type='base table' and table_name='wsfi2039fields'
20240429@094919.9101 bor5a33d9ce997rf8p8m2526hp Query : select fieldkey,fieldname,fieldtype,calcformula from wsfi2039fields
20240429@094919.9106 bor5a33d9ce997rf8p8m2526hp Query : insert into wsfi2039data (fi2stamp,ftstamp ,ousrdata, ousrhora, usrdata,usrhora,ousrinis,usrinis) values ('aut662f586706662f5f0fd5','aut662f521173662f5f0e0b' ,getdate(),convert(char(8),convert (time,getdate())),getdate(),convert(char(8),convert (time,getdate())),'wsv','wsv')
20240429@094919.9111 bor5a33d9ce997rf8p8m2526hp Query : select 1 valor from information_schema.tables where table_type='base table' and table_name='wsfi039fields'
20240429@094919.9123 bor5a33d9ce997rf8p8m2526hp Query : select fieldkey,fieldname,fieldtype,mandatory from wsfi039fields
20240429@094919.9149 bor5a33d9ce997rf8p8m2526hp Query : select 1 valor from information_schema.tables where table_type='base table' and table_name='wsfi2039fields'
20240429@094919.9164 bor5a33d9ce997rf8p8m2526hp Query : select fieldkey,fieldname,fieldtype,mandatory from wsfi2039fields
20240429@094919.9169 bor5a33d9ce997rf8p8m2526hp Query : select top 1 convert(numeric(6,2),t.taxa) valor from taxasiva t where t.codigo='2'
20240429@094919.9203 bor5a33d9ce997rf8p8m2526hp Query : select 1 valor from information_schema.tables where table_type='base table' and table_name='wsfi039fields'
20240429@094919.9216 bor5a33d9ce997rf8p8m2526hp Query : select fieldkey,fieldname,fieldtype,calcformula from wsfi039fields
20240429@094919.9239 bor5a33d9ce997rf8p8m2526hp Query : insert into wsfi039data (fistamp,ousrdata, ousrhora, usrdata,usrhora,ousrinis,usrinis ,qtt ,ftstamp ,epv,pvmoeda ,tabiva,iva,lordem ,ref, design ,armazem) values ('aut662f599920662f5f0fe0',getdate(),convert(char(8),convert (time,getdate())),getdate(),convert(char(8),convert (time,getdate())),'wsv','wsv',0 ,'aut662f521173662f5f0e0b' ,0,0 ,2,23.00,380000,?,?,?)
20240429@094919.9489 bor5a33d9ce997rf8p8m2526hp Query : select 1 valor from information_schema.tables where table_type='base table' and table_name='wsfi2039fields'
20240429@094919.9552 bor5a33d9ce997rf8p8m2526hp Query : select fieldkey,fieldname,fieldtype,calcformula from wsfi2039fields
20240429@094919.9557 bor5a33d9ce997rf8p8m2526hp Query : insert into wsfi2039data (fi2stamp,ftstamp ,ousrdata, ousrhora, usrdata,usrhora,ousrinis,usrinis) values ('aut662f599920662f5f0fe0','aut662f521173662f5f0e0b' ,getdate(),convert(char(8),convert (time,getdate())),getdate(),convert(char(8),convert (time,getdate())),'wsv','wsv')
20240429@094919.9562 bor5a33d9ce997rf8p8m2526hp Query : use flama_phc
20240429@094919.9565 bor5a33d9ce997rf8p8m2526hp Query : select st.usalote valor from st where st.ref = '324.1847.00.1'
20240429@094919.9575 bor5a33d9ce997rf8p8m2526hp Query : select top 1 st.tabiva ,st.ivaincl ,st.stns ,st.uni2 ,st.familia ,isnull(tx.taxa, 0) txiva ,unidade ,usalote ,epcpond ,noserie from st left join taxasiva tx on st.tabiva = tx.codigo where st.ref = '324.1847.00.1'
20240429@094919.9585 bor5a33d9ce997rf8p8m2526hp Query : select 1 valor from information_schema.tables where table_type='base table' and table_name='wsfi039fields'
20240429@094919.9598 bor5a33d9ce997rf8p8m2526hp Query : select fieldkey,fieldname,fieldtype,mandatory from wsfi039fields
20240429@094919.9622 bor5a33d9ce997rf8p8m2526hp Query : select 1 valor from information_schema.tables where table_type='base table' and table_name='wsfi2039fields'
20240429@094919.9636 bor5a33d9ce997rf8p8m2526hp Query : select fieldkey,fieldname,fieldtype,mandatory from wsfi2039fields
20240429@094919.9640 bor5a33d9ce997rf8p8m2526hp Query : select sestamp valor from se where ref ='324.1847.00.1' and lote = 'r2301210300a'
20240429@094919.9650 bor5a33d9ce997rf8p8m2526hp Query : select top 1 convert(numeric(6,2),t.taxa) valor from taxasiva t where t.codigo='2'
20240429@094919.9660 bor5a33d9ce997rf8p8m2526hp Query : select 1 valor from information_schema.tables where table_type='base table' and table_name='wsfi039fields'
20240429@094919.9674 bor5a33d9ce997rf8p8m2526hp Query : select fieldkey,fieldname,fieldtype,calcformula from wsfi039fields
20240429@094919.9702 bor5a33d9ce997rf8p8m2526hp Query : insert into wsfi039data (fistamp,ousrdata, ousrhora, usrdata,usrhora,ousrinis,usrinis ,qtt ,ftstamp ,epv,pvmoeda ,tabiva,iva,lordem ,ref, design ,lote,armazem,bistamp ) values ('aut662f529838662f5f0feb',getdate(),convert(char(8),convert (time,getdate())),getdate(),convert(char(8),convert (time,getdate())),'wsv','wsv',18.000 ,'aut662f521173662f5f0e0b' ,0,0 ,2,23.00,400000,?,?,?,?,?)
20240429@094919.9960 bor5a33d9ce997rf8p8m2526hp Query : select 1 valor from information_schema.tables where table_type='base table' and table_name='wsfi2039fields'
20240429@094920.3600 bor5a33d9ce997rf8p8m2526hp Query : select fieldkey,fieldname,fieldtype,calcformula from wsfi2039fields
20240429@094920.4100 bor5a33d9ce997rf8p8m2526hp Query : insert into wsfi2039data (fi2stamp,ftstamp ,ousrdata, ousrhora, usrdata,usrhora,ousrinis,usrinis) values ('aut662f529838662f5f0feb','aut662f521173662f5f0e0b' ,getdate(),convert(char(8),convert (time,getdate())),getdate(),convert(char(8),convert (time,getdate())),'wsv','wsv')
20240429@094920.4800 bor5a33d9ce997rf8p8m2526hp Query : select 1 valor from information_schema.tables where table_type='base table' and table_name='wsfi039fields'
20240429@094920.6500 bor5a33d9ce997rf8p8m2526hp Query : select fieldkey,fieldname,fieldtype,mandatory from wsfi039fields
20240429@094920.9800 bor5a33d9ce997rf8p8m2526hp Query : select 1 valor from information_schema.tables where table_type='base table' and table_name='wsfi2039fields'
20240429@094920.1120 bor5a33d9ce997rf8p8m2526hp Query : select fieldkey,fieldname,fieldtype,mandatory from wsfi2039fields
20240429@094920.1180 bor5a33d9ce997rf8p8m2526hp Query : select top 1 convert(numeric(6,2),t.taxa) valor from taxasiva t where t.codigo='2'
20240429@094920.1300 bor5a33d9ce997rf8p8m2526hp Query : select 1 valor from information_schema.tables where table_type='base table' and table_name='wsfi039fields'
20240429@094920.1520 bor5a33d9ce997rf8p8m2526hp Query : select fieldkey,fieldname,fieldtype,calcformula from wsfi039fields
20240429@094920.1790 bor5a33d9ce997rf8p8m2526hp Query : insert into wsfi039data (fistamp,ousrdata, ousrhora, usrdata,usrhora,ousrinis,usrinis ,qtt ,ftstamp ,epv,pvmoeda ,tabiva,iva,lordem ,ref, design ,armazem) values ('aut662f527148662f5f1003',getdate(),convert(char(8),convert (time,getdate())),getdate(),convert(char(8),convert (time,getdate())),'wsv','wsv',0 ,'aut662f521173662f5f0e0b' ,0,0 ,2,23.00,410000,?,?,?)
20240429@094920.5120 bor5a33d9ce997rf8p8m2526hp Query : select 1 valor from information_schema.tables where table_type='base table' and table_name='wsfi2039fields'
20240429@094920.1793 bor5a33d9ce997rf8p8m2526hp Query : select fieldkey,fieldname,fieldtype,calcformula from wsfi2039fields
20240429@094920.1799 bor5a33d9ce997rf8p8m2526hp Query : insert into wsfi2039data (fi2stamp,ftstamp ,ousrdata, ousrhora, usrdata,usrhora,ousrinis,usrinis) values ('aut662f527148662f5f1003','aut662f521173662f5f0e0b' ,getdate(),convert(char(8),convert (time,getdate())),getdate(),convert(char(8),convert (time,getdate())),'wsv','wsv')
20240429@094920.1803 bor5a33d9ce997rf8p8m2526hp Query : use flama_phc
20240429@094920.1807 bor5a33d9ce997rf8p8m2526hp Query : select st.usalote valor from st where st.ref = '324.1847.00.1'
20240429@094920.1820 bor5a33d9ce997rf8p8m2526hp Query : select top 1 st.tabiva ,st.ivaincl ,st.stns ,st.uni2 ,st.familia ,isnull(tx.taxa, 0) txiva ,unidade ,usalote ,epcpond ,noserie from st left join taxasiva tx on st.tabiva = tx.codigo where st.ref = '324.1847.00.1'
20240429@094920.1832 bor5a33d9ce997rf8p8m2526hp Query : select 1 valor from information_schema.tables where table_type='base table' and table_name='wsfi039fields'
20240429@094920.2003 bor5a33d9ce997rf8p8m2526hp Query : select fieldkey,fieldname,fieldtype,mandatory from wsfi039fields
20240429@094920.4117 bor5a33d9ce997rf8p8m2526hp Query : select 1 valor from information_schema.tables where table_type='base table' and table_name='wsfi2039fields'
20240429@094920.4506 bor5a33d9ce997rf8p8m2526hp Query : select fieldkey,fieldname,fieldtype,mandatory from wsfi2039fields
20240429@094920.4513 bor5a33d9ce997rf8p8m2526hp Query : select sestamp valor from se where ref ='324.1847.00.1' and lote = 'r2301210300a'
20240429@094920.4529 bor5a33d9ce997rf8p8m2526hp Query : select top 1 convert(numeric(6,2),t.taxa) valor from taxasiva t where t.codigo='2'
20240429@094920.4543 bor5a33d9ce997rf8p8m2526hp Query : select 1 valor from information_schema.tables where table_type='base table' and table_name='wsfi039fields'
20240429@094920.4560 bor5a33d9ce997rf8p8m2526hp Query : select fieldkey,fieldname,fieldtype,calcformula from wsfi039fields
20240429@094920.4584 bor5a33d9ce997rf8p8m2526hp Query : insert into wsfi039data (fistamp,ousrdata, ousrhora, usrdata,usrhora,ousrinis,usrinis ,qtt ,ftstamp ,epv,pvmoeda ,tabiva,iva,lordem ,ref, design ,lote,armazem,bistamp ) values ('aut662f527213662f5f106e',getdate(),convert(char(8),convert (time,getdate())),getdate(),convert(char(8),convert (time,getdate())),'wsv','wsv',20.000 ,'aut662f521173662f5f0e0b' ,0,0 ,2,23.00,430000,?,?,?,?,?)
20240429@094920.4939 bor5a33d9ce997rf8p8m2526hp Query : select 1 valor from information_schema.tables where table_type='base table' and table_name='wsfi2039fields'
20240429@094920.5045 bor5a33d9ce997rf8p8m2526hp Query : select fieldkey,fieldname,fieldtype,calcformula from wsfi2039fields
20240429@094920.5095 bor5a33d9ce997rf8p8m2526hp Query : insert into wsfi2039data (fi2stamp,ftstamp ,ousrdata, ousrhora, usrdata,usrhora,ousrinis,usrinis) values ('aut662f527213662f5f106e','aut662f521173662f5f0e0b' ,getdate(),convert(char(8),convert (time,getdate())),getdate(),convert(char(8),convert (time,getdate())),'wsv','wsv')
20240429@094920.5106 bor5a33d9ce997rf8p8m2526hp Query : select 1 valor from information_schema.tables where table_type='base table' and table_name='wsfi039fields'
20240429@094920.5262 bor5a33d9ce997rf8p8m2526hp Query : select fieldkey,fieldname,fieldtype,mandatory from wsfi039fields
20240429@094920.5504 bor5a33d9ce997rf8p8m2526hp Query : select 1 valor from information_schema.tables where table_type='base table' and table_name='wsfi2039fields'
20240429@094920.5657 bor5a33d9ce997rf8p8m2526hp Query : select fieldkey,fieldname,fieldtype,mandatory from wsfi2039fields
20240429@094920.5755 bor5a33d9ce997rf8p8m2526hp Query : select top 1 convert(numeric(6,2),t.taxa) valor from taxasiva t where t.codigo='2'
20240429@094920.6012 bor5a33d9ce997rf8p8m2526hp Query : select 1 valor from information_schema.tables where table_type='base table' and table_name='wsfi039fields'
20240429@094920.6165 bor5a33d9ce997rf8p8m2526hp Query : select fieldkey,fieldname,fieldtype,calcformula from wsfi039fields
20240429@094920.6605 bor5a33d9ce997rf8p8m2526hp Query : insert into wsfi039data (fistamp,ousrdata, ousrhora, usrdata,usrhora,ousrinis,usrinis ,qtt ,ftstamp ,epv,pvmoeda ,tabiva,iva,lordem ,ref, design ,armazem) values ('aut662f561035662f5f1092',getdate(),convert(char(8),convert (time,getdate())),getdate(),convert(char(8),convert (time,getdate())),'wsv','wsv',0 ,'aut662f521173662f5f0e0b' ,0,0 ,2,23.00,440000,?,?,?)
20240429@094920.6964 bor5a33d9ce997rf8p8m2526hp Query : select 1 valor from information_schema.tables where table_type='base table' and table_name='wsfi2039fields'
20240429@094920.7056 bor5a33d9ce997rf8p8m2526hp Query : select fieldkey,fieldname,fieldtype,calcformula from wsfi2039fields
20240429@094920.7062 bor5a33d9ce997rf8p8m2526hp Query : insert into wsfi2039data (fi2stamp,ftstamp ,ousrdata, ousrhora, usrdata,usrhora,ousrinis,usrinis) values ('aut662f561035662f5f1092','aut662f521173662f5f0e0b' ,getdate(),convert(char(8),convert (time,getdate())),getdate(),convert(char(8),convert (time,getdate())),'wsv','wsv')
20240429@094920.7094 bor5a33d9ce997rf8p8m2526hp Query : use flama_phc
20240429@094920.7138 bor5a33d9ce997rf8p8m2526hp Query : select st.usalote valor from st where st.ref = '324.1847.00.1'
20240429@094920.7187 bor5a33d9ce997rf8p8m2526hp Query : select top 1 st.tabiva ,st.ivaincl ,st.stns ,st.uni2 ,st.familia ,isnull(tx.taxa, 0) txiva ,unidade ,usalote ,epcpond ,noserie from st left join taxasiva tx on st.tabiva = tx.codigo where st.ref = '324.1847.00.1'
20240429@094920.7199 bor5a33d9ce997rf8p8m2526hp Query : select 1 valor from information_schema.tables where table_type='base table' and table_name='wsfi039fields'
20240429@094920.7213 bor5a33d9ce997rf8p8m2526hp Query : select fieldkey,fieldname,fieldtype,mandatory from wsfi039fields
20240429@094920.7237 bor5a33d9ce997rf8p8m2526hp Query : select 1 valor from information_schema.tables where table_type='base table' and table_name='wsfi2039fields'
20240429@094920.7250 bor5a33d9ce997rf8p8m2526hp Query : select fieldkey,fieldname,fieldtype,mandatory from wsfi2039fields
20240429@094920.7254 bor5a33d9ce997rf8p8m2526hp Query : select sestamp valor from se where ref ='324.1847.00.1' and lote = 'r2301210300a'
20240429@094920.7265 bor5a33d9ce997rf8p8m2526hp Query : select top 1 convert(numeric(6,2),t.taxa) valor from taxasiva t where t.codigo='2'
20240429@094920.7277 bor5a33d9ce997rf8p8m2526hp Query : select 1 valor from information_schema.tables where table_type='base table' and table_name='wsfi039fields'
20240429@094920.7290 bor5a33d9ce997rf8p8m2526hp Query : select fieldkey,fieldname,fieldtype,calcformula from wsfi039fields
20240429@094920.7324 bor5a33d9ce997rf8p8m2526hp Query : insert into wsfi039data (fistamp,ousrdata, ousrhora, usrdata,usrhora,ousrinis,usrinis ,qtt ,ftstamp ,epv,pvmoeda ,tabiva,iva,lordem ,ref, design ,lote,armazem,bistamp ) values ('aut662f564124662f5f10b1',getdate(),convert(char(8),convert (time,getdate())),getdate(),convert(char(8),convert (time,getdate())),'wsv','wsv',20.000 ,'aut662f521173662f5f0e0b' ,0,0 ,2,23.00,460000,?,?,?,?,?)
20240429@094920.7578 bor5a33d9ce997rf8p8m2526hp Query : select 1 valor from information_schema.tables where table_type='base table' and table_name='wsfi2039fields'
20240429@094920.7596 bor5a33d9ce997rf8p8m2526hp Query : select fieldkey,fieldname,fieldtype,calcformula from wsfi2039fields
20240429@094920.7601 bor5a33d9ce997rf8p8m2526hp Query : insert into wsfi2039data (fi2stamp,ftstamp ,ousrdata, ousrhora, usrdata,usrhora,ousrinis,usrinis) values ('aut662f564124662f5f10b1','aut662f521173662f5f0e0b' ,getdate(),convert(char(8),convert (time,getdate())),getdate(),convert(char(8),convert (time,getdate())),'wsv','wsv')
20240429@094920.7605 bor5a33d9ce997rf8p8m2526hp Query : select 1 valor from information_schema.tables where table_type='base table' and table_name='wsfi039fields'
20240429@094920.7620 bor5a33d9ce997rf8p8m2526hp Query : select fieldkey,fieldname,fieldtype,mandatory from wsfi039fields
20240429@094920.7645 bor5a33d9ce997rf8p8m2526hp Query : select 1 valor from information_schema.tables where table_type='base table' and table_name='wsfi2039fields'
20240429@094920.7666 bor5a33d9ce997rf8p8m2526hp Query : select fieldkey,fieldname,fieldtype,mandatory from wsfi2039fields
20240429@094920.7670 bor5a33d9ce997rf8p8m2526hp Query : select top 1 convert(numeric(6,2),t.taxa) valor from taxasiva t where t.codigo='2'
20240429@094920.7679 bor5a33d9ce997rf8p8m2526hp Query : select 1 valor from information_schema.tables where table_type='base table' and table_name='wsfi039fields'
20240429@094920.7692 bor5a33d9ce997rf8p8m2526hp Query : select fieldkey,fieldname,fieldtype,calcformula from wsfi039fields
20240429@094920.7714 bor5a33d9ce997rf8p8m2526hp Query : insert into wsfi039data (fistamp,ousrdata, ousrhora, usrdata,usrhora,ousrinis,usrinis ,qtt ,ftstamp ,epv,pvmoeda ,tabiva,iva,lordem ,ref, design ,armazem) values ('aut662f542057662f5f10bb',getdate(),convert(char(8),convert (time,getdate())),getdate(),convert(char(8),convert (time,getdate())),'wsv','wsv',0 ,'aut662f521173662f5f0e0b' ,0,0 ,2,23.00,470000,?,?,?)
20240429@094920.7972 bor5a33d9ce997rf8p8m2526hp Query : select 1 valor from information_schema.tables where table_type='base table' and table_name='wsfi2039fields'
20240429@094920.7990 bor5a33d9ce997rf8p8m2526hp Query : select fieldkey,fieldname,fieldtype,calcformula from wsfi2039fields
20240429@094920.7996 bor5a33d9ce997rf8p8m2526hp Query : insert into wsfi2039data (fi2stamp,ftstamp ,ousrdata, ousrhora, usrdata,usrhora,ousrinis,usrinis) values ('aut662f542057662f5f10bb','aut662f521173662f5f0e0b' ,getdate(),convert(char(8),convert (time,getdate())),getdate(),convert(char(8),convert (time,getdate())),'wsv','wsv')
20240429@094920.8000 bor5a33d9ce997rf8p8m2526hp Query : use flama_phc
20240429@094920.8004 bor5a33d9ce997rf8p8m2526hp Query : select st.usalote valor from st where st.ref = '324.1847.00.1'
20240429@094920.8016 bor5a33d9ce997rf8p8m2526hp Query : select top 1 st.tabiva ,st.ivaincl ,st.stns ,st.uni2 ,st.familia ,isnull(tx.taxa, 0) txiva ,unidade ,usalote ,epcpond ,noserie from st left join taxasiva tx on st.tabiva = tx.codigo where st.ref = '324.1847.00.1'
20240429@094920.8026 bor5a33d9ce997rf8p8m2526hp Query : select 1 valor from information_schema.tables where table_type='base table' and table_name='wsfi039fields'
20240429@094920.8051 bor5a33d9ce997rf8p8m2526hp Query : select fieldkey,fieldname,fieldtype,mandatory from wsfi039fields
20240429@094920.8079 bor5a33d9ce997rf8p8m2526hp Query : select 1 valor from information_schema.tables where table_type='base table' and table_name='wsfi2039fields'
20240429@094920.8101 bor5a33d9ce997rf8p8m2526hp Query : select fieldkey,fieldname,fieldtype,mandatory from wsfi2039fields
20240429@094920.8111 bor5a33d9ce997rf8p8m2526hp Query : select sestamp valor from se where ref ='324.1847.00.1' and lote = 'r2301210300a'
20240429@094920.8140 bor5a33d9ce997rf8p8m2526hp Query : select top 1 convert(numeric(6,2),t.taxa) valor from taxasiva t where t.codigo='2'
20240429@094920.8150 bor5a33d9ce997rf8p8m2526hp Query : select 1 valor from information_schema.tables where table_type='base table' and table_name='wsfi039fields'
20240429@094920.8164 bor5a33d9ce997rf8p8m2526hp Query : select fieldkey,fieldname,fieldtype,calcformula from wsfi039fields
20240429@094920.8191 bor5a33d9ce997rf8p8m2526hp Query : insert into wsfi039data (fistamp,ousrdata, ousrhora, usrdata,usrhora,ousrinis,usrinis ,qtt ,ftstamp ,epv,pvmoeda ,tabiva,iva,lordem ,ref, design ,lote,armazem,bistamp ) values ('aut662f586701662f5f10c6',getdate(),convert(char(8),convert (time,getdate())),getdate(),convert(char(8),convert (time,getdate())),'wsv','wsv',20.000 ,'aut662f521173662f5f0e0b' ,0,0 ,2,23.00,490000,?,?,?,?,?)
20240429@094920.8451 bor5a33d9ce997rf8p8m2526hp Query : select 1 valor from information_schema.tables where table_type='base table' and table_name='wsfi2039fields'
20240429@094920.8481 bor5a33d9ce997rf8p8m2526hp Query : select fieldkey,fieldname,fieldtype,calcformula from wsfi2039fields
20240429@094920.8486 bor5a33d9ce997rf8p8m2526hp Query : insert into wsfi2039data (fi2stamp,ftstamp ,ousrdata, ousrhora, usrdata,usrhora,ousrinis,usrinis) values ('aut662f586701662f5f10c6','aut662f521173662f5f0e0b' ,getdate(),convert(char(8),convert (time,getdate())),getdate(),convert(char(8),convert (time,getdate())),'wsv','wsv')
20240429@094920.8492 bor5a33d9ce997rf8p8m2526hp Query : select 1 valor from information_schema.tables where table_type='base table' and table_name='wsfi039fields'
20240429@094920.8505 bor5a33d9ce997rf8p8m2526hp Query : select fieldkey,fieldname,fieldtype,mandatory from wsfi039fields
20240429@094920.8543 bor5a33d9ce997rf8p8m2526hp Query : select 1 valor from information_schema.tables where table_type='base table' and table_name='wsfi2039fields'
20240429@094920.8557 bor5a33d9ce997rf8p8m2526hp Query : select fieldkey,fieldname,fieldtype,mandatory from wsfi2039fields
20240429@094920.8561 bor5a33d9ce997rf8p8m2526hp Query : select top 1 convert(numeric(6,2),t.taxa) valor from taxasiva t where t.codigo='2'
20240429@094920.8571 bor5a33d9ce997rf8p8m2526hp Query : select 1 valor from information_schema.tables where table_type='base table' and table_name='wsfi039fields'
20240429@094920.8588 bor5a33d9ce997rf8p8m2526hp Query : select fieldkey,fieldname,fieldtype,calcformula from wsfi039fields
20240429@094920.8615 bor5a33d9ce997rf8p8m2526hp Query : insert into wsfi039data (fistamp,ousrdata, ousrhora, usrdata,usrhora,ousrinis,usrinis ,qtt ,ftstamp ,epv,pvmoeda ,tabiva,iva,lordem ,ref, design ,armazem) values ('aut662f568518662f5f10d1',getdate(),convert(char(8),convert (time,getdate())),getdate(),convert(char(8),convert (time,getdate())),'wsv','wsv',0 ,'aut662f521173662f5f0e0b' ,0,0 ,2,23.00,500000,?,?,?)
20240429@094920.9001 bor5a33d9ce997rf8p8m2526hp Query : select 1 valor from information_schema.tables where table_type='base table' and table_name='wsfi2039fields'
20240429@094920.9018 bor5a33d9ce997rf8p8m2526hp Query : select fieldkey,fieldname,fieldtype,calcformula from wsfi2039fields
20240429@094920.9022 bor5a33d9ce997rf8p8m2526hp Query : insert into wsfi2039data (fi2stamp,ftstamp ,ousrdata, ousrhora, usrdata,usrhora,ousrinis,usrinis) values ('aut662f568518662f5f10d1','aut662f521173662f5f0e0b' ,getdate(),convert(char(8),convert (time,getdate())),getdate(),convert(char(8),convert (time,getdate())),'wsv','wsv')
20240429@094920.9026 bor5a33d9ce997rf8p8m2526hp Query : use flama_phc
20240429@094920.9038 bor5a33d9ce997rf8p8m2526hp Query : select st.usalote valor from st where st.ref = '324.1847.00.1'
20240429@094920.9051 bor5a33d9ce997rf8p8m2526hp Query : select top 1 st.tabiva ,st.ivaincl ,st.stns ,st.uni2 ,st.familia ,isnull(tx.taxa, 0) txiva ,unidade ,usalote ,epcpond ,noserie from st left join taxasiva tx on st.tabiva = tx.codigo where st.ref = '324.1847.00.1'
20240429@094920.9063 bor5a33d9ce997rf8p8m2526hp Query : select 1 valor from information_schema.tables where table_type='base table' and table_name='wsfi039fields'
20240429@094920.9078 bor5a33d9ce997rf8p8m2526hp Query : select fieldkey,fieldname,fieldtype,mandatory from wsfi039fields
20240429@094920.9100 bor5a33d9ce997rf8p8m2526hp Query : select 1 valor from information_schema.tables where table_type='base table' and table_name='wsfi2039fields'
20240429@094920.9159 bor5a33d9ce997rf8p8m2526hp Query : select fieldkey,fieldname,fieldtype,mandatory from wsfi2039fields
20240429@094920.9163 bor5a33d9ce997rf8p8m2526hp Query : select sestamp valor from se where ref ='324.1847.00.1' and lote = 'r2301210300a'
20240429@094920.9173 bor5a33d9ce997rf8p8m2526hp Query : select top 1 convert(numeric(6,2),t.taxa) valor from taxasiva t where t.codigo='2'
20240429@094920.9183 bor5a33d9ce997rf8p8m2526hp Query : select 1 valor from information_schema.tables where table_type='base table' and table_name='wsfi039fields'
20240429@094920.9198 bor5a33d9ce997rf8p8m2526hp Query : select fieldkey,fieldname,fieldtype,calcformula from wsfi039fields
20240429@094920.9299 bor5a33d9ce997rf8p8m2526hp Query : insert into wsfi039data (fistamp,ousrdata, ousrhora, usrdata,usrhora,ousrinis,usrinis ,qtt ,ftstamp ,epv,pvmoeda ,tabiva,iva,lordem ,ref, design ,lote,armazem,bistamp ) values ('aut662f564954662f5f10e0',getdate(),convert(char(8),convert (time,getdate())),getdate(),convert(char(8),convert (time,getdate())),'wsv','wsv',20.000 ,'aut662f521173662f5f0e0b' ,0,0 ,2,23.00,520000,?,?,?,?,?)
20240429@094920.9612 bor5a33d9ce997rf8p8m2526hp Query : select 1 valor from information_schema.tables where table_type='base table' and table_name='wsfi2039fields'
20240429@094920.9628 bor5a33d9ce997rf8p8m2526hp Query : select fieldkey,fieldname,fieldtype,calcformula from wsfi2039fields
20240429@094920.9632 bor5a33d9ce997rf8p8m2526hp Query : insert into wsfi2039data (fi2stamp,ftstamp ,ousrdata, ousrhora, usrdata,usrhora,ousrinis,usrinis) values ('aut662f564954662f5f10e0','aut662f521173662f5f0e0b' ,getdate(),convert(char(8),convert (time,getdate())),getdate(),convert(char(8),convert (time,getdate())),'wsv','wsv')
20240429@094920.9637 bor5a33d9ce997rf8p8m2526hp Query : select 1 valor from information_schema.tables where table_type='base table' and table_name='wsfi039fields'
20240429@094920.9652 bor5a33d9ce997rf8p8m2526hp Query : select fieldkey,fieldname,fieldtype,mandatory from wsfi039fields
20240429@094920.9678 bor5a33d9ce997rf8p8m2526hp Query : select 1 valor from information_schema.tables where table_type='base table' and table_name='wsfi2039fields'
20240429@094920.9691 bor5a33d9ce997rf8p8m2526hp Query : select fieldkey,fieldname,fieldtype,mandatory from wsfi2039fields
20240429@094920.9695 bor5a33d9ce997rf8p8m2526hp Query : select top 1 convert(numeric(6,2),t.taxa) valor from taxasiva t where t.codigo='2'
20240429@094920.9707 bor5a33d9ce997rf8p8m2526hp Query : select 1 valor from information_schema.tables where table_type='base table' and table_name='wsfi039fields'
20240429@094920.9720 bor5a33d9ce997rf8p8m2526hp Query : select fieldkey,fieldname,fieldtype,calcformula from wsfi039fields
20240429@094920.9752 bor5a33d9ce997rf8p8m2526hp Query : insert into wsfi039data (fistamp,ousrdata, ousrhora, usrdata,usrhora,ousrinis,usrinis ,qtt ,ftstamp ,epv,pvmoeda ,tabiva,iva,lordem ,ref, design ,armazem) values ('aut662f551977662f5f10ec',getdate(),convert(char(8),convert (time,getdate())),getdate(),convert(char(8),convert (time,getdate())),'wsv','wsv',0 ,'aut662f521173662f5f0e0b' ,0,0 ,2,23.00,530000,?,?,?)
20240429@094921.4000 bor5a33d9ce997rf8p8m2526hp Query : select 1 valor from information_schema.tables where table_type='base table' and table_name='wsfi2039fields'
20240429@094921.2000 bor5a33d9ce997rf8p8m2526hp Query : select fieldkey,fieldname,fieldtype,calcformula from wsfi2039fields
20240429@094921.2500 bor5a33d9ce997rf8p8m2526hp Query : insert into wsfi2039data (fi2stamp,ftstamp ,ousrdata, ousrhora, usrdata,usrhora,ousrinis,usrinis) values ('aut662f551977662f5f10ec','aut662f521173662f5f0e0b' ,getdate(),convert(char(8),convert (time,getdate())),getdate(),convert(char(8),convert (time,getdate())),'wsv','wsv')
20240429@094921.2900 bor5a33d9ce997rf8p8m2526hp Query : use flama_phc
20240429@094921.3300 bor5a33d9ce997rf8p8m2526hp Query : select st.usalote valor from st where st.ref = '324.1847.00.1'
20240429@094921.4300 bor5a33d9ce997rf8p8m2526hp Query : select top 1 st.tabiva ,st.ivaincl ,st.stns ,st.uni2 ,st.familia ,isnull(tx.taxa, 0) txiva ,unidade ,usalote ,epcpond ,noserie from st left join taxasiva tx on st.tabiva = tx.codigo where st.ref = '324.1847.00.1'
20240429@094921.5400 bor5a33d9ce997rf8p8m2526hp Query : select 1 valor from information_schema.tables where table_type='base table' and table_name='wsfi039fields'
20240429@094921.6800 bor5a33d9ce997rf8p8m2526hp Query : select fieldkey,fieldname,fieldtype,mandatory from wsfi039fields
20240429@094921.9300 bor5a33d9ce997rf8p8m2526hp Query : select 1 valor from information_schema.tables where table_type='base table' and table_name='wsfi2039fields'
20240429@094921.1080 bor5a33d9ce997rf8p8m2526hp Query : select fieldkey,fieldname,fieldtype,mandatory from wsfi2039fields
20240429@094921.1130 bor5a33d9ce997rf8p8m2526hp Query : select sestamp valor from se where ref ='324.1847.00.1' and lote = 'r2301210300a'
20240429@094921.1220 bor5a33d9ce997rf8p8m2526hp Query : select top 1 convert(numeric(6,2),t.taxa) valor from taxasiva t where t.codigo='2'
20240429@094921.1320 bor5a33d9ce997rf8p8m2526hp Query : select 1 valor from information_schema.tables where table_type='base table' and table_name='wsfi039fields'
20240429@094921.1440 bor5a33d9ce997rf8p8m2526hp Query : select fieldkey,fieldname,fieldtype,calcformula from wsfi039fields
20240429@094921.1770 bor5a33d9ce997rf8p8m2526hp Query : insert into wsfi039data (fistamp,ousrdata, ousrhora, usrdata,usrhora,ousrinis,usrinis ,qtt ,ftstamp ,epv,pvmoeda ,tabiva,iva,lordem ,ref, design ,lote,armazem,bistamp ) values ('aut662f522500662f5f1103',getdate(),convert(char(8),convert (time,getdate())),getdate(),convert(char(8),convert (time,getdate())),'wsv','wsv',20.000 ,'aut662f521173662f5f0e0b' ,0,0 ,2,23.00,550000,?,?,?,?,?)
20240429@094921.4220 bor5a33d9ce997rf8p8m2526hp Query : select 1 valor from information_schema.tables where table_type='base table' and table_name='wsfi2039fields'
20240429@094921.4390 bor5a33d9ce997rf8p8m2526hp Query : select fieldkey,fieldname,fieldtype,calcformula from wsfi2039fields
20240429@094921.4440 bor5a33d9ce997rf8p8m2526hp Query : insert into wsfi2039data (fi2stamp,ftstamp ,ousrdata, ousrhora, usrdata,usrhora,ousrinis,usrinis) values ('aut662f522500662f5f1103','aut662f521173662f5f0e0b' ,getdate(),convert(char(8),convert (time,getdate())),getdate(),convert(char(8),convert (time,getdate())),'wsv','wsv')
20240429@094921.4500 bor5a33d9ce997rf8p8m2526hp Query : select 1 valor from information_schema.tables where table_type='base table' and table_name='wsfi039fields'
20240429@094921.4640 bor5a33d9ce997rf8p8m2526hp Query : select fieldkey,fieldname,fieldtype,mandatory from wsfi039fields
20240429@094921.5040 bor5a33d9ce997rf8p8m2526hp Query : select 1 valor from information_schema.tables where table_type='base table' and table_name='wsfi2039fields'
20240429@094921.5180 bor5a33d9ce997rf8p8m2526hp Query : select fieldkey,fieldname,fieldtype,mandatory from wsfi2039fields
20240429@094921.5230 bor5a33d9ce997rf8p8m2526hp Query : select top 1 convert(numeric(6,2),t.taxa) valor from taxasiva t where t.codigo='2'
20240429@094921.5330 bor5a33d9ce997rf8p8m2526hp Query : select 1 valor from information_schema.tables where table_type='base table' and table_name='wsfi039fields'
20240429@094921.5510 bor5a33d9ce997rf8p8m2526hp Query : select fieldkey,fieldname,fieldtype,calcformula from wsfi039fields
20240429@094921.5860 bor5a33d9ce997rf8p8m2526hp Query : insert into wsfi039data (fistamp,ousrdata, ousrhora, usrdata,usrhora,ousrinis,usrinis ,qtt ,ftstamp ,epv,pvmoeda ,tabiva,iva,lordem ,ref, design ,armazem) values ('aut662f518523662f5f110d',getdate(),convert(char(8),convert (time,getdate())),getdate(),convert(char(8),convert (time,getdate())),'wsv','wsv',0 ,'aut662f521173662f5f0e0b' ,0,0 ,2,23.00,560000,?,?,?)
20240429@094921.8390 bor5a33d9ce997rf8p8m2526hp Query : select 1 valor from information_schema.tables where table_type='base table' and table_name='wsfi2039fields'
20240429@094921.8590 bor5a33d9ce997rf8p8m2526hp Query : select fieldkey,fieldname,fieldtype,calcformula from wsfi2039fields
20240429@094921.8630 bor5a33d9ce997rf8p8m2526hp Query : insert into wsfi2039data (fi2stamp,ftstamp ,ousrdata, ousrhora, usrdata,usrhora,ousrinis,usrinis) values ('aut662f518523662f5f110d','aut662f521173662f5f0e0b' ,getdate(),convert(char(8),convert (time,getdate())),getdate(),convert(char(8),convert (time,getdate())),'wsv','wsv')
20240429@094921.8690 bor5a33d9ce997rf8p8m2526hp Query : use flama_phc
20240429@094921.8730 bor5a33d9ce997rf8p8m2526hp Query : select st.usalote valor from st where st.ref = '324.1847.00.1'
20240429@094921.8840 bor5a33d9ce997rf8p8m2526hp Query : select top 1 st.tabiva ,st.ivaincl ,st.stns ,st.uni2 ,st.familia ,isnull(tx.taxa, 0) txiva ,unidade ,usalote ,epcpond ,noserie from st left join taxasiva tx on st.tabiva = tx.codigo where st.ref = '324.1847.00.1'
20240429@094921.8950 bor5a33d9ce997rf8p8m2526hp Query : select 1 valor from information_schema.tables where table_type='base table' and table_name='wsfi039fields'
20240429@094921.9090 bor5a33d9ce997rf8p8m2526hp Query : select fieldkey,fieldname,fieldtype,mandatory from wsfi039fields
20240429@094921.9330 bor5a33d9ce997rf8p8m2526hp Query : select 1 valor from information_schema.tables where table_type='base table' and table_name='wsfi2039fields'
20240429@094921.9480 bor5a33d9ce997rf8p8m2526hp Query : select fieldkey,fieldname,fieldtype,mandatory from wsfi2039fields
20240429@094921.9520 bor5a33d9ce997rf8p8m2526hp Query : select sestamp valor from se where ref ='324.1847.00.1' and lote = 'r2301210300a'
20240429@094921.9620 bor5a33d9ce997rf8p8m2526hp Query : select top 1 convert(numeric(6,2),t.taxa) valor from taxasiva t where t.codigo='2'
20240429@094921.1048 bor5a33d9ce997rf8p8m2526hp Query : select 1 valor from information_schema.tables where table_type='base table' and table_name='wsfi039fields'
20240429@094921.1063 bor5a33d9ce997rf8p8m2526hp Query : select fieldkey,fieldname,fieldtype,calcformula from wsfi039fields
20240429@094921.1089 bor5a33d9ce997rf8p8m2526hp Query : insert into wsfi039data (fistamp,ousrdata, ousrhora, usrdata,usrhora,ousrinis,usrinis ,qtt ,ftstamp ,epv,pvmoeda ,tabiva,iva,lordem ,ref, design ,lote,armazem,bistamp ) values ('aut662f596890662f5f1119',getdate(),convert(char(8),convert (time,getdate())),getdate(),convert(char(8),convert (time,getdate())),'wsv','wsv',20.000 ,'aut662f521173662f5f0e0b' ,0,0 ,2,23.00,580000,?,?,?,?,?)
20240429@094921.1371 bor5a33d9ce997rf8p8m2526hp Query : select 1 valor from information_schema.tables where table_type='base table' and table_name='wsfi2039fields'
20240429@094921.1466 bor5a33d9ce997rf8p8m2526hp Query : select fieldkey,fieldname,fieldtype,calcformula from wsfi2039fields
20240429@094921.1471 bor5a33d9ce997rf8p8m2526hp Query : insert into wsfi2039data (fi2stamp,ftstamp ,ousrdata, ousrhora, usrdata,usrhora,ousrinis,usrinis) values ('aut662f596890662f5f1119','aut662f521173662f5f0e0b' ,getdate(),convert(char(8),convert (time,getdate())),getdate(),convert(char(8),convert (time,getdate())),'wsv','wsv')
20240429@094921.1478 bor5a33d9ce997rf8p8m2526hp Query : select 1 valor from information_schema.tables where table_type='base table' and table_name='wsfi039fields'
20240429@094921.1492 bor5a33d9ce997rf8p8m2526hp Query : select fieldkey,fieldname,fieldtype,mandatory from wsfi039fields
20240429@094921.1520 bor5a33d9ce997rf8p8m2526hp Query : select 1 valor from information_schema.tables where table_type='base table' and table_name='wsfi2039fields'
20240429@094921.1545 bor5a33d9ce997rf8p8m2526hp Query : select fieldkey,fieldname,fieldtype,mandatory from wsfi2039fields
20240429@094921.1550 bor5a33d9ce997rf8p8m2526hp Query : select top 1 convert(numeric(6,2),t.taxa) valor from taxasiva t where t.codigo='2'
20240429@094921.1560 bor5a33d9ce997rf8p8m2526hp Query : select 1 valor from information_schema.tables where table_type='base table' and table_name='wsfi039fields'
20240429@094921.1575 bor5a33d9ce997rf8p8m2526hp Query : select fieldkey,fieldname,fieldtype,calcformula from wsfi039fields
20240429@094921.1597 bor5a33d9ce997rf8p8m2526hp Query : insert into wsfi039data (fistamp,ousrdata, ousrhora, usrdata,usrhora,ousrinis,usrinis ,qtt ,ftstamp ,epv,pvmoeda ,tabiva,iva,lordem ,ref, design ,armazem) values ('aut662f594672662f5f1126',getdate(),convert(char(8),convert (time,getdate())),getdate(),convert(char(8),convert (time,getdate())),'wsv','wsv',0 ,'aut662f521173662f5f0e0b' ,0,0 ,2,23.00,590000,?,?,?)
20240429@094921.1842 bor5a33d9ce997rf8p8m2526hp Query : select 1 valor from information_schema.tables where table_type='base table' and table_name='wsfi2039fields'
20240429@094921.1859 bor5a33d9ce997rf8p8m2526hp Query : select fieldkey,fieldname,fieldtype,calcformula from wsfi2039fields
20240429@094921.1863 bor5a33d9ce997rf8p8m2526hp Query : insert into wsfi2039data (fi2stamp,ftstamp ,ousrdata, ousrhora, usrdata,usrhora,ousrinis,usrinis) values ('aut662f594672662f5f1126','aut662f521173662f5f0e0b' ,getdate(),convert(char(8),convert (time,getdate())),getdate(),convert(char(8),convert (time,getdate())),'wsv','wsv')
20240429@094921.1868 bor5a33d9ce997rf8p8m2526hp Query : use flama_phc
20240429@094921.1873 bor5a33d9ce997rf8p8m2526hp Query : select st.usalote valor from st where st.ref = '324.1847.00.1'
20240429@094921.1884 bor5a33d9ce997rf8p8m2526hp Query : select top 1 st.tabiva ,st.ivaincl ,st.stns ,st.uni2 ,st.familia ,isnull(tx.taxa, 0) txiva ,unidade ,usalote ,epcpond ,noserie from st left join taxasiva tx on st.tabiva = tx.codigo where st.ref = '324.1847.00.1'
20240429@094921.1895 bor5a33d9ce997rf8p8m2526hp Query : select 1 valor from information_schema.tables where table_type='base table' and table_name='wsfi039fields'
20240429@094921.1908 bor5a33d9ce997rf8p8m2526hp Query : select fieldkey,fieldname,fieldtype,mandatory from wsfi039fields
20240429@094921.1940 bor5a33d9ce997rf8p8m2526hp Query : select 1 valor from information_schema.tables where table_type='base table' and table_name='wsfi2039fields'
20240429@094921.1954 bor5a33d9ce997rf8p8m2526hp Query : select fieldkey,fieldname,fieldtype,mandatory from wsfi2039fields
20240429@094921.1958 bor5a33d9ce997rf8p8m2526hp Query : select sestamp valor from se where ref ='324.1847.00.1' and lote = 'r2301210300a'
20240429@094921.1968 bor5a33d9ce997rf8p8m2526hp Query : select top 1 convert(numeric(6,2),t.taxa) valor from taxasiva t where t.codigo='2'
20240429@094921.1977 bor5a33d9ce997rf8p8m2526hp Query : select 1 valor from information_schema.tables where table_type='base table' and table_name='wsfi039fields'
20240429@094921.1990 bor5a33d9ce997rf8p8m2526hp Query : select fieldkey,fieldname,fieldtype,calcformula from wsfi039fields
20240429@094921.2012 bor5a33d9ce997rf8p8m2526hp Query : insert into wsfi039data (fistamp,ousrdata, ousrhora, usrdata,usrhora,ousrinis,usrinis ,qtt ,ftstamp ,epv,pvmoeda ,tabiva,iva,lordem ,ref, design ,lote,armazem,bistamp ) values ('aut662f527610662f5f1130',getdate(),convert(char(8),convert (time,getdate())),getdate(),convert(char(8),convert (time,getdate())),'wsv','wsv',20.000 ,'aut662f521173662f5f0e0b' ,0,0 ,2,23.00,610000,?,?,?,?,?)
20240429@094921.2257 bor5a33d9ce997rf8p8m2526hp Query : select 1 valor from information_schema.tables where table_type='base table' and table_name='wsfi2039fields'
20240429@094921.2272 bor5a33d9ce997rf8p8m2526hp Query : select fieldkey,fieldname,fieldtype,calcformula from wsfi2039fields
20240429@094921.2276 bor5a33d9ce997rf8p8m2526hp Query : insert into wsfi2039data (fi2stamp,ftstamp ,ousrdata, ousrhora, usrdata,usrhora,ousrinis,usrinis) values ('aut662f527610662f5f1130','aut662f521173662f5f0e0b' ,getdate(),convert(char(8),convert (time,getdate())),getdate(),convert(char(8),convert (time,getdate())),'wsv','wsv')
20240429@094921.2281 bor5a33d9ce997rf8p8m2526hp Query : select 1 valor from information_schema.tables where table_type='base table' and table_name='wsfi039fields'
20240429@094921.2295 bor5a33d9ce997rf8p8m2526hp Query : select fieldkey,fieldname,fieldtype,mandatory from wsfi039fields
20240429@094921.2322 bor5a33d9ce997rf8p8m2526hp Query : select 1 valor from information_schema.tables where table_type='base table' and table_name='wsfi2039fields'
20240429@094921.2334 bor5a33d9ce997rf8p8m2526hp Query : select fieldkey,fieldname,fieldtype,mandatory from wsfi2039fields
20240429@094921.2337 bor5a33d9ce997rf8p8m2526hp Query : select top 1 convert(numeric(6,2),t.taxa) valor from taxasiva t where t.codigo='2'
20240429@094921.2346 bor5a33d9ce997rf8p8m2526hp Query : select 1 valor from information_schema.tables where table_type='base table' and table_name='wsfi039fields'
20240429@094921.2367 bor5a33d9ce997rf8p8m2526hp Query : select fieldkey,fieldname,fieldtype,calcformula from wsfi039fields
20240429@094921.2389 bor5a33d9ce997rf8p8m2526hp Query : insert into wsfi039data (fistamp,ousrdata, ousrhora, usrdata,usrhora,ousrinis,usrinis ,qtt ,ftstamp ,epv,pvmoeda ,tabiva,iva,lordem ,ref, design ,armazem) values ('aut662f532751662f5f1139',getdate(),convert(char(8),convert (time,getdate())),getdate(),convert(char(8),convert (time,getdate())),'wsv','wsv',0 ,'aut662f521173662f5f0e0b' ,0,0 ,2,23.00,620000,?,?,?)
20240429@094921.2646 bor5a33d9ce997rf8p8m2526hp Query : select 1 valor from information_schema.tables where table_type='base table' and table_name='wsfi2039fields'
20240429@094921.2661 bor5a33d9ce997rf8p8m2526hp Query : select fieldkey,fieldname,fieldtype,calcformula from wsfi2039fields
20240429@094921.2666 bor5a33d9ce997rf8p8m2526hp Query : insert into wsfi2039data (fi2stamp,ftstamp ,ousrdata, ousrhora, usrdata,usrhora,ousrinis,usrinis) values ('aut662f532751662f5f1139','aut662f521173662f5f0e0b' ,getdate(),convert(char(8),convert (time,getdate())),getdate(),convert(char(8),convert (time,getdate())),'wsv','wsv')
20240429@094921.2670 bor5a33d9ce997rf8p8m2526hp Query : use flama_phc
20240429@094921.2673 bor5a33d9ce997rf8p8m2526hp Query : select st.usalote valor from st where st.ref = '324.1847.00.1'
20240429@094921.2684 bor5a33d9ce997rf8p8m2526hp Query : select top 1 st.tabiva ,st.ivaincl ,st.stns ,st.uni2 ,st.familia ,isnull(tx.taxa, 0) txiva ,unidade ,usalote ,epcpond ,noserie from st left join taxasiva tx on st.tabiva = tx.codigo where st.ref = '324.1847.00.1'
20240429@094921.2695 bor5a33d9ce997rf8p8m2526hp Query : select 1 valor from information_schema.tables where table_type='base table' and table_name='wsfi039fields'
20240429@094921.2710 bor5a33d9ce997rf8p8m2526hp Query : select fieldkey,fieldname,fieldtype,mandatory from wsfi039fields
20240429@094921.2740 bor5a33d9ce997rf8p8m2526hp Query : select 1 valor from information_schema.tables where table_type='base table' and table_name='wsfi2039fields'
20240429@094921.2762 bor5a33d9ce997rf8p8m2526hp Query : select fieldkey,fieldname,fieldtype,mandatory from wsfi2039fields
20240429@094921.2772 bor5a33d9ce997rf8p8m2526hp Query : select sestamp valor from se where ref ='324.1847.00.1' and lote = 'r2301210300a'
20240429@094921.2783 bor5a33d9ce997rf8p8m2526hp Query : select top 1 convert(numeric(6,2),t.taxa) valor from taxasiva t where t.codigo='2'
20240429@094921.2793 bor5a33d9ce997rf8p8m2526hp Query : select 1 valor from information_schema.tables where table_type='base table' and table_name='wsfi039fields'
20240429@094921.2807 bor5a33d9ce997rf8p8m2526hp Query : select fieldkey,fieldname,fieldtype,calcformula from wsfi039fields
20240429@094921.2834 bor5a33d9ce997rf8p8m2526hp Query : insert into wsfi039data (fistamp,ousrdata, ousrhora, usrdata,usrhora,ousrinis,usrinis ,qtt ,ftstamp ,epv,pvmoeda ,tabiva,iva,lordem ,ref, design ,lote,armazem,bistamp ) values ('aut662f563871662f5f1144',getdate(),convert(char(8),convert (time,getdate())),getdate(),convert(char(8),convert (time,getdate())),'wsv','wsv',20.000 ,'aut662f521173662f5f0e0b' ,0,0 ,2,23.00,640000,?,?,?,?,?)
20240429@094921.3106 bor5a33d9ce997rf8p8m2526hp Query : select 1 valor from information_schema.tables where table_type='base table' and table_name='wsfi2039fields'
20240429@094921.3125 bor5a33d9ce997rf8p8m2526hp Query : select fieldkey,fieldname,fieldtype,calcformula from wsfi2039fields
20240429@094921.3130 bor5a33d9ce997rf8p8m2526hp Query : insert into wsfi2039data (fi2stamp,ftstamp ,ousrdata, ousrhora, usrdata,usrhora,ousrinis,usrinis) values ('aut662f563871662f5f1144','aut662f521173662f5f0e0b' ,getdate(),convert(char(8),convert (time,getdate())),getdate(),convert(char(8),convert (time,getdate())),'wsv','wsv')
20240429@094921.3136 bor5a33d9ce997rf8p8m2526hp Query : select 1 valor from information_schema.tables where table_type='base table' and table_name='wsfi039fields'
20240429@094921.3150 bor5a33d9ce997rf8p8m2526hp Query : select fieldkey,fieldname,fieldtype,mandatory from wsfi039fields
20240429@094921.3177 bor5a33d9ce997rf8p8m2526hp Query : select 1 valor from information_schema.tables where table_type='base table' and table_name='wsfi2039fields'
20240429@094921.3193 bor5a33d9ce997rf8p8m2526hp Query : select fieldkey,fieldname,fieldtype,mandatory from wsfi2039fields
20240429@094921.3198 bor5a33d9ce997rf8p8m2526hp Query : select top 1 convert(numeric(6,2),t.taxa) valor from taxasiva t where t.codigo='2'
20240429@094921.3208 bor5a33d9ce997rf8p8m2526hp Query : select 1 valor from information_schema.tables where table_type='base table' and table_name='wsfi039fields'
20240429@094921.3222 bor5a33d9ce997rf8p8m2526hp Query : select fieldkey,fieldname,fieldtype,calcformula from wsfi039fields
20240429@094921.3249 bor5a33d9ce997rf8p8m2526hp Query : insert into wsfi039data (fistamp,ousrdata, ousrhora, usrdata,usrhora,ousrinis,usrinis ,qtt ,ftstamp ,epv,pvmoeda ,tabiva,iva,lordem ,ref, design ,armazem) values ('aut662f599339662f5f114e',getdate(),convert(char(8),convert (time,getdate())),getdate(),convert(char(8),convert (time,getdate())),'wsv','wsv',0 ,'aut662f521173662f5f0e0b' ,0,0 ,2,23.00,650000,?,?,?)
20240429@094921.3537 bor5a33d9ce997rf8p8m2526hp Query : select 1 valor from information_schema.tables where table_type='base table' and table_name='wsfi2039fields'
20240429@094921.3555 bor5a33d9ce997rf8p8m2526hp Query : select fieldkey,fieldname,fieldtype,calcformula from wsfi2039fields
20240429@094921.3561 bor5a33d9ce997rf8p8m2526hp Query : insert into wsfi2039data (fi2stamp,ftstamp ,ousrdata, ousrhora, usrdata,usrhora,ousrinis,usrinis) values ('aut662f599339662f5f114e','aut662f521173662f5f0e0b' ,getdate(),convert(char(8),convert (time,getdate())),getdate(),convert(char(8),convert (time,getdate())),'wsv','wsv')
20240429@094921.3566 bor5a33d9ce997rf8p8m2526hp Query : use flama_phc
20240429@094921.3577 bor5a33d9ce997rf8p8m2526hp Query : select st.usalote valor from st where st.ref = '324.1847.00.1'
20240429@094921.3588 bor5a33d9ce997rf8p8m2526hp Query : select top 1 st.tabiva ,st.ivaincl ,st.stns ,st.uni2 ,st.familia ,isnull(tx.taxa, 0) txiva ,unidade ,usalote ,epcpond ,noserie from st left join taxasiva tx on st.tabiva = tx.codigo where st.ref = '324.1847.00.1'
20240429@094921.3600 bor5a33d9ce997rf8p8m2526hp Query : select 1 valor from information_schema.tables where table_type='base table' and table_name='wsfi039fields'
20240429@094921.3614 bor5a33d9ce997rf8p8m2526hp Query : select fieldkey,fieldname,fieldtype,mandatory from wsfi039fields
20240429@094921.3641 bor5a33d9ce997rf8p8m2526hp Query : select 1 valor from information_schema.tables where table_type='base table' and table_name='wsfi2039fields'
20240429@094921.3656 bor5a33d9ce997rf8p8m2526hp Query : select fieldkey,fieldname,fieldtype,mandatory from wsfi2039fields
20240429@094921.3661 bor5a33d9ce997rf8p8m2526hp Query : select sestamp valor from se where ref ='324.1847.00.1' and lote = 'r2301210300a'
20240429@094921.3672 bor5a33d9ce997rf8p8m2526hp Query : select top 1 convert(numeric(6,2),t.taxa) valor from taxasiva t where t.codigo='2'
20240429@094921.3682 bor5a33d9ce997rf8p8m2526hp Query : select 1 valor from information_schema.tables where table_type='base table' and table_name='wsfi039fields'
20240429@094921.3695 bor5a33d9ce997rf8p8m2526hp Query : select fieldkey,fieldname,fieldtype,calcformula from wsfi039fields
20240429@094921.3793 bor5a33d9ce997rf8p8m2526hp Query : insert into wsfi039data (fistamp,ousrdata, ousrhora, usrdata,usrhora,ousrinis,usrinis ,qtt ,ftstamp ,epv,pvmoeda ,tabiva,iva,lordem ,ref, design ,lote,armazem,bistamp ) values ('aut662f569766662f5f1159',getdate(),convert(char(8),convert (time,getdate())),getdate(),convert(char(8),convert (time,getdate())),'wsv','wsv',20.000 ,'aut662f521173662f5f0e0b' ,0,0 ,2,23.00,670000,?,?,?,?,?)
20240429@094921.4041 bor5a33d9ce997rf8p8m2526hp Query : select 1 valor from information_schema.tables where table_type='base table' and table_name='wsfi2039fields'
20240429@094921.4058 bor5a33d9ce997rf8p8m2526hp Query : select fieldkey,fieldname,fieldtype,calcformula from wsfi2039fields
20240429@094921.4063 bor5a33d9ce997rf8p8m2526hp Query : insert into wsfi2039data (fi2stamp,ftstamp ,ousrdata, ousrhora, usrdata,usrhora,ousrinis,usrinis) values ('aut662f569766662f5f1159','aut662f521173662f5f0e0b' ,getdate(),convert(char(8),convert (time,getdate())),getdate(),convert(char(8),convert (time,getdate())),'wsv','wsv')
20240429@094921.4068 bor5a33d9ce997rf8p8m2526hp Query : select 1 valor from information_schema.tables where table_type='base table' and table_name='wsfi039fields'
20240429@094921.4088 bor5a33d9ce997rf8p8m2526hp Query : select fieldkey,fieldname,fieldtype,mandatory from wsfi039fields
20240429@094921.4114 bor5a33d9ce997rf8p8m2526hp Query : select 1 valor from information_schema.tables where table_type='base table' and table_name='wsfi2039fields'
20240429@094921.4141 bor5a33d9ce997rf8p8m2526hp Query : select fieldkey,fieldname,fieldtype,mandatory from wsfi2039fields
20240429@094921.4146 bor5a33d9ce997rf8p8m2526hp Query : select top 1 convert(numeric(6,2),t.taxa) valor from taxasiva t where t.codigo='2'
20240429@094921.4158 bor5a33d9ce997rf8p8m2526hp Query : select 1 valor from information_schema.tables where table_type='base table' and table_name='wsfi039fields'
20240429@094921.4172 bor5a33d9ce997rf8p8m2526hp Query : select fieldkey,fieldname,fieldtype,calcformula from wsfi039fields
20240429@094921.4197 bor5a33d9ce997rf8p8m2526hp Query : insert into wsfi039data (fistamp,ousrdata, ousrhora, usrdata,usrhora,ousrinis,usrinis ,qtt ,ftstamp ,epv,pvmoeda ,tabiva,iva,lordem ,ref, design ,armazem) values ('aut662f545950662f5f1165',getdate(),convert(char(8),convert (time,getdate())),getdate(),convert(char(8),convert (time,getdate())),'wsv','wsv',0 ,'aut662f521173662f5f0e0b' ,0,0 ,2,23.00,680000,?,?,?)
20240429@094921.4457 bor5a33d9ce997rf8p8m2526hp Query : select 1 valor from information_schema.tables where table_type='base table' and table_name='wsfi2039fields'
20240429@094921.4473 bor5a33d9ce997rf8p8m2526hp Query : select fieldkey,fieldname,fieldtype,calcformula from wsfi2039fields
20240429@094921.4477 bor5a33d9ce997rf8p8m2526hp Query : insert into wsfi2039data (fi2stamp,ftstamp ,ousrdata, ousrhora, usrdata,usrhora,ousrinis,usrinis) values ('aut662f545950662f5f1165','aut662f521173662f5f0e0b' ,getdate(),convert(char(8),convert (time,getdate())),getdate(),convert(char(8),convert (time,getdate())),'wsv','wsv')
20240429@094921.4481 bor5a33d9ce997rf8p8m2526hp Query : use flama_phc
20240429@094921.4484 bor5a33d9ce997rf8p8m2526hp Query : select st.usalote valor from st where st.ref = '324.1847.00.1'
20240429@094921.4495 bor5a33d9ce997rf8p8m2526hp Query : select top 1 st.tabiva ,st.ivaincl ,st.stns ,st.uni2 ,st.familia ,isnull(tx.taxa, 0) txiva ,unidade ,usalote ,epcpond ,noserie from st left join taxasiva tx on st.tabiva = tx.codigo where st.ref = '324.1847.00.1'
20240429@094921.4506 bor5a33d9ce997rf8p8m2526hp Query : select 1 valor from information_schema.tables where table_type='base table' and table_name='wsfi039fields'
20240429@094921.4519 bor5a33d9ce997rf8p8m2526hp Query : select fieldkey,fieldname,fieldtype,mandatory from wsfi039fields
20240429@094921.4551 bor5a33d9ce997rf8p8m2526hp Query : select 1 valor from information_schema.tables where table_type='base table' and table_name='wsfi2039fields'
20240429@094921.4564 bor5a33d9ce997rf8p8m2526hp Query : select fieldkey,fieldname,fieldtype,mandatory from wsfi2039fields
20240429@094921.4568 bor5a33d9ce997rf8p8m2526hp Query : select sestamp valor from se where ref ='324.1847.00.1' and lote = 'r2301210300a'
20240429@094921.4577 bor5a33d9ce997rf8p8m2526hp Query : select top 1 convert(numeric(6,2),t.taxa) valor from taxasiva t where t.codigo='2'
20240429@094921.4586 bor5a33d9ce997rf8p8m2526hp Query : select 1 valor from information_schema.tables where table_type='base table' and table_name='wsfi039fields'
20240429@094921.4598 bor5a33d9ce997rf8p8m2526hp Query : select fieldkey,fieldname,fieldtype,calcformula from wsfi039fields
20240429@094921.4621 bor5a33d9ce997rf8p8m2526hp Query : insert into wsfi039data (fistamp,ousrdata, ousrhora, usrdata,usrhora,ousrinis,usrinis ,qtt ,ftstamp ,epv,pvmoeda ,tabiva,iva,lordem ,ref, design ,lote,armazem,bistamp ) values ('aut662f590156662f5f116f',getdate(),convert(char(8),convert (time,getdate())),getdate(),convert(char(8),convert (time,getdate())),'wsv','wsv',20.000 ,'aut662f521173662f5f0e0b' ,0,0 ,2,23.00,700000,?,?,?,?,?)
20240429@094921.4965 bor5a33d9ce997rf8p8m2526hp Query : select 1 valor from information_schema.tables where table_type='base table' and table_name='wsfi2039fields'
20240429@094921.4999 bor5a33d9ce997rf8p8m2526hp Query : select fieldkey,fieldname,fieldtype,calcformula from wsfi2039fields
20240429@094921.5003 bor5a33d9ce997rf8p8m2526hp Query : insert into wsfi2039data (fi2stamp,ftstamp ,ousrdata, ousrhora, usrdata,usrhora,ousrinis,usrinis) values ('aut662f590156662f5f116f','aut662f521173662f5f0e0b' ,getdate(),convert(char(8),convert (time,getdate())),getdate(),convert(char(8),convert (time,getdate())),'wsv','wsv')
20240429@094921.5008 bor5a33d9ce997rf8p8m2526hp Query : select 1 valor from information_schema.tables where table_type='base table' and table_name='wsfi039fields'
20240429@094921.5023 bor5a33d9ce997rf8p8m2526hp Query : select fieldkey,fieldname,fieldtype,mandatory from wsfi039fields
20240429@094921.5047 bor5a33d9ce997rf8p8m2526hp Query : select 1 valor from information_schema.tables where table_type='base table' and table_name='wsfi2039fields'
20240429@094921.5061 bor5a33d9ce997rf8p8m2526hp Query : select fieldkey,fieldname,fieldtype,mandatory from wsfi2039fields
20240429@094921.5066 bor5a33d9ce997rf8p8m2526hp Query : select top 1 convert(numeric(6,2),t.taxa) valor from taxasiva t where t.codigo='2'
20240429@094921.5076 bor5a33d9ce997rf8p8m2526hp Query : select 1 valor from information_schema.tables where table_type='base table' and table_name='wsfi039fields'
20240429@094921.5093 bor5a33d9ce997rf8p8m2526hp Query : select fieldkey,fieldname,fieldtype,calcformula from wsfi039fields
20240429@094921.5130 bor5a33d9ce997rf8p8m2526hp Query : insert into wsfi039data (fistamp,ousrdata, ousrhora, usrdata,usrhora,ousrinis,usrinis ,qtt ,ftstamp ,epv,pvmoeda ,tabiva,iva,lordem ,ref, design ,armazem) values ('aut662f534815662f5f117b',getdate(),convert(char(8),convert (time,getdate())),getdate(),convert(char(8),convert (time,getdate())),'wsv','wsv',0 ,'aut662f521173662f5f0e0b' ,0,0 ,2,23.00,710000,?,?,?)
20240429@094921.5386 bor5a33d9ce997rf8p8m2526hp Query : select 1 valor from information_schema.tables where table_type='base table' and table_name='wsfi2039fields'
20240429@094921.5401 bor5a33d9ce997rf8p8m2526hp Query : select fieldkey,fieldname,fieldtype,calcformula from wsfi2039fields
20240429@094921.5406 bor5a33d9ce997rf8p8m2526hp Query : insert into wsfi2039data (fi2stamp,ftstamp ,ousrdata, ousrhora, usrdata,usrhora,ousrinis,usrinis) values ('aut662f534815662f5f117b','aut662f521173662f5f0e0b' ,getdate(),convert(char(8),convert (time,getdate())),getdate(),convert(char(8),convert (time,getdate())),'wsv','wsv')
20240429@094921.5490 bor5a33d9ce997rf8p8m2526hp Query : use flama_phc
20240429@094921.5494 bor5a33d9ce997rf8p8m2526hp Query : select st.usalote valor from st where st.ref = '324.1847.00.1'
20240429@094921.5506 bor5a33d9ce997rf8p8m2526hp Query : select top 1 st.tabiva ,st.ivaincl ,st.stns ,st.uni2 ,st.familia ,isnull(tx.taxa, 0) txiva ,unidade ,usalote ,epcpond ,noserie from st left join taxasiva tx on st.tabiva = tx.codigo where st.ref = '324.1847.00.1'
20240429@094921.5520 bor5a33d9ce997rf8p8m2526hp Query : select 1 valor from information_schema.tables where table_type='base table' and table_name='wsfi039fields'
20240429@094921.5534 bor5a33d9ce997rf8p8m2526hp Query : select fieldkey,fieldname,fieldtype,mandatory from wsfi039fields
20240429@094921.5577 bor5a33d9ce997rf8p8m2526hp Query : select 1 valor from information_schema.tables where table_type='base table' and table_name='wsfi2039fields'
20240429@094921.5591 bor5a33d9ce997rf8p8m2526hp Query : select fieldkey,fieldname,fieldtype,mandatory from wsfi2039fields
20240429@094921.5595 bor5a33d9ce997rf8p8m2526hp Query : select sestamp valor from se where ref ='324.1847.00.1' and lote = 'r2301210300a'
20240429@094921.5604 bor5a33d9ce997rf8p8m2526hp Query : select top 1 convert(numeric(6,2),t.taxa) valor from taxasiva t where t.codigo='2'
20240429@094921.5613 bor5a33d9ce997rf8p8m2526hp Query : select 1 valor from information_schema.tables where table_type='base table' and table_name='wsfi039fields'
20240429@094921.5625 bor5a33d9ce997rf8p8m2526hp Query : select fieldkey,fieldname,fieldtype,calcformula from wsfi039fields
20240429@094921.5649 bor5a33d9ce997rf8p8m2526hp Query : insert into wsfi039data (fistamp,ousrdata, ousrhora, usrdata,usrhora,ousrinis,usrinis ,qtt ,ftstamp ,epv,pvmoeda ,tabiva,iva,lordem ,ref, design ,lote,armazem,bistamp ) values ('aut662f550176662f5f1189',getdate(),convert(char(8),convert (time,getdate())),getdate(),convert(char(8),convert (time,getdate())),'wsv','wsv',20.000 ,'aut662f521173662f5f0e0b' ,0,0 ,2,23.00,730000,?,?,?,?,?)
20240429@094921.5900 bor5a33d9ce997rf8p8m2526hp Query : select 1 valor from information_schema.tables where table_type='base table' and table_name='wsfi2039fields'
20240429@094921.5916 bor5a33d9ce997rf8p8m2526hp Query : select fieldkey,fieldname,fieldtype,calcformula from wsfi2039fields
20240429@094921.5920 bor5a33d9ce997rf8p8m2526hp Query : insert into wsfi2039data (fi2stamp,ftstamp ,ousrdata, ousrhora, usrdata,usrhora,ousrinis,usrinis) values ('aut662f550176662f5f1189','aut662f521173662f5f0e0b' ,getdate(),convert(char(8),convert (time,getdate())),getdate(),convert(char(8),convert (time,getdate())),'wsv','wsv')
20240429@094921.5927 bor5a33d9ce997rf8p8m2526hp Query : select 1 valor from information_schema.tables where table_type='base table' and table_name='wsfi039fields'
20240429@094921.5941 bor5a33d9ce997rf8p8m2526hp Query : select fieldkey,fieldname,fieldtype,mandatory from wsfi039fields
20240429@094921.5966 bor5a33d9ce997rf8p8m2526hp Query : select 1 valor from information_schema.tables where table_type='base table' and table_name='wsfi2039fields'
20240429@094921.5978 bor5a33d9ce997rf8p8m2526hp Query : select fieldkey,fieldname,fieldtype,mandatory from wsfi2039fields
20240429@094921.5983 bor5a33d9ce997rf8p8m2526hp Query : select top 1 convert(numeric(6,2),t.taxa) valor from taxasiva t where t.codigo='2'
20240429@094921.5993 bor5a33d9ce997rf8p8m2526hp Query : select 1 valor from information_schema.tables where table_type='base table' and table_name='wsfi039fields'
20240429@094921.6005 bor5a33d9ce997rf8p8m2526hp Query : select fieldkey,fieldname,fieldtype,calcformula from wsfi039fields
20240429@094921.6031 bor5a33d9ce997rf8p8m2526hp Query : insert into wsfi039data (fistamp,ousrdata, ousrhora, usrdata,usrhora,ousrinis,usrinis ,qtt ,ftstamp ,epv,pvmoeda ,tabiva,iva,lordem ,ref, design ,armazem) values ('aut662f508419662f5f1192',getdate(),convert(char(8),convert (time,getdate())),getdate(),convert(char(8),convert (time,getdate())),'wsv','wsv',0 ,'aut662f521173662f5f0e0b' ,0,0 ,2,23.00,740000,?,?,?)
20240429@094921.6395 bor5a33d9ce997rf8p8m2526hp Query : select 1 valor from information_schema.tables where table_type='base table' and table_name='wsfi2039fields'
20240429@094921.8747 bor5a33d9ce997rf8p8m2526hp Query : select fieldkey,fieldname,fieldtype,calcformula from wsfi2039fields
20240429@094921.8754 bor5a33d9ce997rf8p8m2526hp Query : insert into wsfi2039data (fi2stamp,ftstamp ,ousrdata, ousrhora, usrdata,usrhora,ousrinis,usrinis) values ('aut662f508419662f5f1192','aut662f521173662f5f0e0b' ,getdate(),convert(char(8),convert (time,getdate())),getdate(),convert(char(8),convert (time,getdate())),'wsv','wsv')
20240429@094921.8760 bor5a33d9ce997rf8p8m2526hp Query : use flama_phc
20240429@094921.8763 bor5a33d9ce997rf8p8m2526hp Query : select st.usalote valor from st where st.ref = '324.1847.00.1'
20240429@094921.8774 bor5a33d9ce997rf8p8m2526hp Query : select top 1 st.tabiva ,st.ivaincl ,st.stns ,st.uni2 ,st.familia ,isnull(tx.taxa, 0) txiva ,unidade ,usalote ,epcpond ,noserie from st left join taxasiva tx on st.tabiva = tx.codigo where st.ref = '324.1847.00.1'
20240429@094921.8785 bor5a33d9ce997rf8p8m2526hp Query : select 1 valor from information_schema.tables where table_type='base table' and table_name='wsfi039fields'
20240429@094921.8809 bor5a33d9ce997rf8p8m2526hp Query : select fieldkey,fieldname,fieldtype,mandatory from wsfi039fields
20240429@094921.8892 bor5a33d9ce997rf8p8m2526hp Query : select 1 valor from information_schema.tables where table_type='base table' and table_name='wsfi2039fields'
20240429@094921.8908 bor5a33d9ce997rf8p8m2526hp Query : select fieldkey,fieldname,fieldtype,mandatory from wsfi2039fields
20240429@094921.8914 bor5a33d9ce997rf8p8m2526hp Query : select sestamp valor from se where ref ='324.1847.00.1' and lote = 'r2301210300a'
20240429@094921.9432 bor5a33d9ce997rf8p8m2526hp Query : select top 1 convert(numeric(6,2),t.taxa) valor from taxasiva t where t.codigo='2'
20240429@094922.1697 bor5a33d9ce997rf8p8m2526hp Query : select 1 valor from information_schema.tables where table_type='base table' and table_name='wsfi039fields'
20240429@094922.1715 bor5a33d9ce997rf8p8m2526hp Query : select fieldkey,fieldname,fieldtype,calcformula from wsfi039fields
20240429@094922.1808 bor5a33d9ce997rf8p8m2526hp Query : insert into wsfi039data (fistamp,ousrdata, ousrhora, usrdata,usrhora,ousrinis,usrinis ,qtt ,ftstamp ,epv,pvmoeda ,tabiva,iva,lordem ,ref, design ,lote,armazem,bistamp ) values ('aut662f578911662f5f1229',getdate(),convert(char(8),convert (time,getdate())),getdate(),convert(char(8),convert (time,getdate())),'wsv','wsv',20.000 ,'aut662f521173662f5f0e0b' ,0,0 ,2,23.00,760000,?,?,?,?,?)
20240429@094922.2587 bor5a33d9ce997rf8p8m2526hp Query : select 1 valor from information_schema.tables where table_type='base table' and table_name='wsfi2039fields'
20240429@094922.2889 bor5a33d9ce997rf8p8m2526hp Query : select fieldkey,fieldname,fieldtype,calcformula from wsfi2039fields
20240429@094922.2975 bor5a33d9ce997rf8p8m2526hp Query : insert into wsfi2039data (fi2stamp,ftstamp ,ousrdata, ousrhora, usrdata,usrhora,ousrinis,usrinis) values ('aut662f578911662f5f1229','aut662f521173662f5f0e0b' ,getdate(),convert(char(8),convert (time,getdate())),getdate(),convert(char(8),convert (time,getdate())),'wsv','wsv')
20240429@094922.3022 bor5a33d9ce997rf8p8m2526hp Query : select 1 valor from information_schema.tables where table_type='base table' and table_name='wsfi039fields'
20240429@094922.3155 bor5a33d9ce997rf8p8m2526hp Query : select fieldkey,fieldname,fieldtype,mandatory from wsfi039fields
20240429@094922.3183 bor5a33d9ce997rf8p8m2526hp Query : select 1 valor from information_schema.tables where table_type='base table' and table_name='wsfi2039fields'
20240429@094922.3197 bor5a33d9ce997rf8p8m2526hp Query : select fieldkey,fieldname,fieldtype,mandatory from wsfi2039fields
20240429@094922.3201 bor5a33d9ce997rf8p8m2526hp Query : select top 1 convert(numeric(6,2),t.taxa) valor from taxasiva t where t.codigo='2'
20240429@094922.3255 bor5a33d9ce997rf8p8m2526hp Query : select 1 valor from information_schema.tables where table_type='base table' and table_name='wsfi039fields'
20240429@094922.3270 bor5a33d9ce997rf8p8m2526hp Query : select fieldkey,fieldname,fieldtype,calcformula from wsfi039fields
20240429@094922.3293 bor5a33d9ce997rf8p8m2526hp Query : insert into wsfi039data (fistamp,ousrdata, ousrhora, usrdata,usrhora,ousrinis,usrinis ,qtt ,ftstamp ,epv,pvmoeda ,tabiva,iva,lordem ,ref, design ,armazem) values ('aut662f546175662f5f124f',getdate(),convert(char(8),convert (time,getdate())),getdate(),convert(char(8),convert (time,getdate())),'wsv','wsv',0 ,'aut662f521173662f5f0e0b' ,0,0 ,2,23.00,770000,?,?,?)
20240429@094922.3530 bor5a33d9ce997rf8p8m2526hp Query : select 1 valor from information_schema.tables where table_type='base table' and table_name='wsfi2039fields'
20240429@094922.3547 bor5a33d9ce997rf8p8m2526hp Query : select fieldkey,fieldname,fieldtype,calcformula from wsfi2039fields
20240429@094922.3551 bor5a33d9ce997rf8p8m2526hp Query : insert into wsfi2039data (fi2stamp,ftstamp ,ousrdata, ousrhora, usrdata,usrhora,ousrinis,usrinis) values ('aut662f546175662f5f124f','aut662f521173662f5f0e0b' ,getdate(),convert(char(8),convert (time,getdate())),getdate(),convert(char(8),convert (time,getdate())),'wsv','wsv')
20240429@094922.3555 bor5a33d9ce997rf8p8m2526hp Query : use flama_phc
20240429@094922.3558 bor5a33d9ce997rf8p8m2526hp Query : select st.usalote valor from st where st.ref = '324.1847.00.1'
20240429@094922.3569 bor5a33d9ce997rf8p8m2526hp Query : select top 1 st.tabiva ,st.ivaincl ,st.stns ,st.uni2 ,st.familia ,isnull(tx.taxa, 0) txiva ,unidade ,usalote ,epcpond ,noserie from st left join taxasiva tx on st.tabiva = tx.codigo where st.ref = '324.1847.00.1'
20240429@094922.3581 bor5a33d9ce997rf8p8m2526hp Query : select 1 valor from information_schema.tables where table_type='base table' and table_name='wsfi039fields'
20240429@094922.3593 bor5a33d9ce997rf8p8m2526hp Query : select fieldkey,fieldname,fieldtype,mandatory from wsfi039fields
20240429@094922.3656 bor5a33d9ce997rf8p8m2526hp Query : select 1 valor from information_schema.tables where table_type='base table' and table_name='wsfi2039fields'
20240429@094922.3670 bor5a33d9ce997rf8p8m2526hp Query : select fieldkey,fieldname,fieldtype,mandatory from wsfi2039fields
20240429@094922.3675 bor5a33d9ce997rf8p8m2526hp Query : select sestamp valor from se where ref ='324.1847.00.1' and lote = 'r2301210300a'
20240429@094922.3685 bor5a33d9ce997rf8p8m2526hp Query : select top 1 convert(numeric(6,2),t.taxa) valor from taxasiva t where t.codigo='2'
20240429@094922.3694 bor5a33d9ce997rf8p8m2526hp Query : select 1 valor from information_schema.tables where table_type='base table' and table_name='wsfi039fields'
20240429@094922.3706 bor5a33d9ce997rf8p8m2526hp Query : select fieldkey,fieldname,fieldtype,calcformula from wsfi039fields
20240429@094922.3806 bor5a33d9ce997rf8p8m2526hp Query : insert into wsfi039data (fistamp,ousrdata, ousrhora, usrdata,usrhora,ousrinis,usrinis ,qtt ,ftstamp ,epv,pvmoeda ,tabiva,iva,lordem ,ref, design ,lote,armazem,bistamp ) values ('aut662f547322662f5f125a',getdate(),convert(char(8),convert (time,getdate())),getdate(),convert(char(8),convert (time,getdate())),'wsv','wsv',20.000 ,'aut662f521173662f5f0e0b' ,0,0 ,2,23.00,790000,?,?,?,?,?)
20240429@094922.4083 bor5a33d9ce997rf8p8m2526hp Query : select 1 valor from information_schema.tables where table_type='base table' and table_name='wsfi2039fields'
20240429@094922.4101 bor5a33d9ce997rf8p8m2526hp Query : select fieldkey,fieldname,fieldtype,calcformula from wsfi2039fields
20240429@094922.4106 bor5a33d9ce997rf8p8m2526hp Query : insert into wsfi2039data (fi2stamp,ftstamp ,ousrdata, ousrhora, usrdata,usrhora,ousrinis,usrinis) values ('aut662f547322662f5f125a','aut662f521173662f5f0e0b' ,getdate(),convert(char(8),convert (time,getdate())),getdate(),convert(char(8),convert (time,getdate())),'wsv','wsv')
20240429@094922.4111 bor5a33d9ce997rf8p8m2526hp Query : select 1 valor from information_schema.tables where table_type='base table' and table_name='wsfi039fields'
20240429@094922.4125 bor5a33d9ce997rf8p8m2526hp Query : select fieldkey,fieldname,fieldtype,mandatory from wsfi039fields
20240429@094922.4158 bor5a33d9ce997rf8p8m2526hp Query : select 1 valor from information_schema.tables where table_type='base table' and table_name='wsfi2039fields'
20240429@094922.4172 bor5a33d9ce997rf8p8m2526hp Query : select fieldkey,fieldname,fieldtype,mandatory from wsfi2039fields
20240429@094922.4176 bor5a33d9ce997rf8p8m2526hp Query : select top 1 convert(numeric(6,2),t.taxa) valor from taxasiva t where t.codigo='2'
20240429@094922.4185 bor5a33d9ce997rf8p8m2526hp Query : select 1 valor from information_schema.tables where table_type='base table' and table_name='wsfi039fields'
20240429@094922.4197 bor5a33d9ce997rf8p8m2526hp Query : select fieldkey,fieldname,fieldtype,calcformula from wsfi039fields
20240429@094922.4220 bor5a33d9ce997rf8p8m2526hp Query : insert into wsfi039data (fistamp,ousrdata, ousrhora, usrdata,usrhora,ousrinis,usrinis ,qtt ,ftstamp ,epv,pvmoeda ,tabiva,iva,lordem ,ref, design ,armazem) values ('aut662f500581662f5f1266',getdate(),convert(char(8),convert (time,getdate())),getdate(),convert(char(8),convert (time,getdate())),'wsv','wsv',0 ,'aut662f521173662f5f0e0b' ,0,0 ,2,23.00,800000,?,?,?)
20240429@094922.4489 bor5a33d9ce997rf8p8m2526hp Query : select 1 valor from information_schema.tables where table_type='base table' and table_name='wsfi2039fields'
20240429@094922.4504 bor5a33d9ce997rf8p8m2526hp Query : select fieldkey,fieldname,fieldtype,calcformula from wsfi2039fields
20240429@094922.4508 bor5a33d9ce997rf8p8m2526hp Query : insert into wsfi2039data (fi2stamp,ftstamp ,ousrdata, ousrhora, usrdata,usrhora,ousrinis,usrinis) values ('aut662f500581662f5f1266','aut662f521173662f5f0e0b' ,getdate(),convert(char(8),convert (time,getdate())),getdate(),convert(char(8),convert (time,getdate())),'wsv','wsv')
20240429@094922.4512 bor5a33d9ce997rf8p8m2526hp Query : use flama_phc
20240429@094922.4516 bor5a33d9ce997rf8p8m2526hp Query : select st.usalote valor from st where st.ref = '324.1847.00.1'
20240429@094922.4531 bor5a33d9ce997rf8p8m2526hp Query : select top 1 st.tabiva ,st.ivaincl ,st.stns ,st.uni2 ,st.familia ,isnull(tx.taxa, 0) txiva ,unidade ,usalote ,epcpond ,noserie from st left join taxasiva tx on st.tabiva = tx.codigo where st.ref = '324.1847.00.1'
20240429@094922.4543 bor5a33d9ce997rf8p8m2526hp Query : select 1 valor from information_schema.tables where table_type='base table' and table_name='wsfi039fields'
20240429@094922.4555 bor5a33d9ce997rf8p8m2526hp Query : select fieldkey,fieldname,fieldtype,mandatory from wsfi039fields
20240429@094922.4579 bor5a33d9ce997rf8p8m2526hp Query : select 1 valor from information_schema.tables where table_type='base table' and table_name='wsfi2039fields'
20240429@094922.4592 bor5a33d9ce997rf8p8m2526hp Query : select fieldkey,fieldname,fieldtype,mandatory from wsfi2039fields
20240429@094922.4596 bor5a33d9ce997rf8p8m2526hp Query : select sestamp valor from se where ref ='324.1847.00.1' and lote = 'r2301210300a'
20240429@094922.4605 bor5a33d9ce997rf8p8m2526hp Query : select top 1 convert(numeric(6,2),t.taxa) valor from taxasiva t where t.codigo='2'
20240429@094922.4614 bor5a33d9ce997rf8p8m2526hp Query : select 1 valor from information_schema.tables where table_type='base table' and table_name='wsfi039fields'
20240429@094922.4625 bor5a33d9ce997rf8p8m2526hp Query : select fieldkey,fieldname,fieldtype,calcformula from wsfi039fields
20240429@094922.4647 bor5a33d9ce997rf8p8m2526hp Query : insert into wsfi039data (fistamp,ousrdata, ousrhora, usrdata,usrhora,ousrinis,usrinis ,qtt ,ftstamp ,epv,pvmoeda ,tabiva,iva,lordem ,ref, design ,lote,armazem,bistamp ) values ('aut662f552291662f5f1270',getdate(),convert(char(8),convert (time,getdate())),getdate(),convert(char(8),convert (time,getdate())),'wsv','wsv',20.000 ,'aut662f521173662f5f0e0b' ,0,0 ,2,23.00,820000,?,?,?,?,?)
20240429@094922.4935 bor5a33d9ce997rf8p8m2526hp Query : select 1 valor from information_schema.tables where table_type='base table' and table_name='wsfi2039fields'
20240429@094922.4952 bor5a33d9ce997rf8p8m2526hp Query : select fieldkey,fieldname,fieldtype,calcformula from wsfi2039fields
20240429@094922.4956 bor5a33d9ce997rf8p8m2526hp Query : insert into wsfi2039data (fi2stamp,ftstamp ,ousrdata, ousrhora, usrdata,usrhora,ousrinis,usrinis) values ('aut662f552291662f5f1270','aut662f521173662f5f0e0b' ,getdate(),convert(char(8),convert (time,getdate())),getdate(),convert(char(8),convert (time,getdate())),'wsv','wsv')
20240429@094922.4960 bor5a33d9ce997rf8p8m2526hp Query : select 1 valor from information_schema.tables where table_type='base table' and table_name='wsfi039fields'
20240429@094922.4974 bor5a33d9ce997rf8p8m2526hp Query : select fieldkey,fieldname,fieldtype,mandatory from wsfi039fields
20240429@094922.4996 bor5a33d9ce997rf8p8m2526hp Query : select 1 valor from information_schema.tables where table_type='base table' and table_name='wsfi2039fields'
20240429@094922.5008 bor5a33d9ce997rf8p8m2526hp Query : select fieldkey,fieldname,fieldtype,mandatory from wsfi2039fields
20240429@094922.5014 bor5a33d9ce997rf8p8m2526hp Query : select top 1 convert(numeric(6,2),t.taxa) valor from taxasiva t where t.codigo='2'
20240429@094922.5025 bor5a33d9ce997rf8p8m2526hp Query : select 1 valor from information_schema.tables where table_type='base table' and table_name='wsfi039fields'
20240429@094922.5039 bor5a33d9ce997rf8p8m2526hp Query : select fieldkey,fieldname,fieldtype,calcformula from wsfi039fields
20240429@094922.5063 bor5a33d9ce997rf8p8m2526hp Query : insert into wsfi039data (fistamp,ousrdata, ousrhora, usrdata,usrhora,ousrinis,usrinis ,qtt ,ftstamp ,epv,pvmoeda ,tabiva,iva,lordem ,ref, design ,armazem) values ('aut662f585560662f5f127a',getdate(),convert(char(8),convert (time,getdate())),getdate(),convert(char(8),convert (time,getdate())),'wsv','wsv',0 ,'aut662f521173662f5f0e0b' ,0,0 ,2,23.00,830000,?,?,?)
20240429@094922.5341 bor5a33d9ce997rf8p8m2526hp Query : select 1 valor from information_schema.tables where table_type='base table' and table_name='wsfi2039fields'
20240429@094922.5356 bor5a33d9ce997rf8p8m2526hp Query : select fieldkey,fieldname,fieldtype,calcformula from wsfi2039fields
20240429@094922.5360 bor5a33d9ce997rf8p8m2526hp Query : insert into wsfi2039data (fi2stamp,ftstamp ,ousrdata, ousrhora, usrdata,usrhora,ousrinis,usrinis) values ('aut662f585560662f5f127a','aut662f521173662f5f0e0b' ,getdate(),convert(char(8),convert (time,getdate())),getdate(),convert(char(8),convert (time,getdate())),'wsv','wsv')
20240429@094922.5364 bor5a33d9ce997rf8p8m2526hp Query : use flama_phc
20240429@094922.5367 bor5a33d9ce997rf8p8m2526hp Query : select st.usalote valor from st where st.ref = '324.1847.00.1'
20240429@094922.5378 bor5a33d9ce997rf8p8m2526hp Query : select top 1 st.tabiva ,st.ivaincl ,st.stns ,st.uni2 ,st.familia ,isnull(tx.taxa, 0) txiva ,unidade ,usalote ,epcpond ,noserie from st left join taxasiva tx on st.tabiva = tx.codigo where st.ref = '324.1847.00.1'
20240429@094922.5389 bor5a33d9ce997rf8p8m2526hp Query : select 1 valor from information_schema.tables where table_type='base table' and table_name='wsfi039fields'
20240429@094922.5402 bor5a33d9ce997rf8p8m2526hp Query : select fieldkey,fieldname,fieldtype,mandatory from wsfi039fields
20240429@094922.5424 bor5a33d9ce997rf8p8m2526hp Query : select 1 valor from information_schema.tables where table_type='base table' and table_name='wsfi2039fields'
20240429@094922.5445 bor5a33d9ce997rf8p8m2526hp Query : select fieldkey,fieldname,fieldtype,mandatory from wsfi2039fields
20240429@094922.5449 bor5a33d9ce997rf8p8m2526hp Query : select sestamp valor from se where ref ='324.1847.00.1' and lote = 'r2301210300a'
20240429@094922.5459 bor5a33d9ce997rf8p8m2526hp Query : select top 1 convert(numeric(6,2),t.taxa) valor from taxasiva t where t.codigo='2'
20240429@094922.5470 bor5a33d9ce997rf8p8m2526hp Query : select 1 valor from information_schema.tables where table_type='base table' and table_name='wsfi039fields'
20240429@094922.5491 bor5a33d9ce997rf8p8m2526hp Query : select fieldkey,fieldname,fieldtype,calcformula from wsfi039fields
20240429@094922.5515 bor5a33d9ce997rf8p8m2526hp Query : insert into wsfi039data (fistamp,ousrdata, ousrhora, usrdata,usrhora,ousrinis,usrinis ,qtt ,ftstamp ,epv,pvmoeda ,tabiva,iva,lordem ,ref, design ,lote,armazem,bistamp ) values ('aut662f512225662f5f1285',getdate(),convert(char(8),convert (time,getdate())),getdate(),convert(char(8),convert (time,getdate())),'wsv','wsv',20.000 ,'aut662f521173662f5f0e0b' ,0,0 ,2,23.00,850000,?,?,?,?,?)
20240429@094922.5784 bor5a33d9ce997rf8p8m2526hp Query : select 1 valor from information_schema.tables where table_type='base table' and table_name='wsfi2039fields'
20240429@094922.5801 bor5a33d9ce997rf8p8m2526hp Query : select fieldkey,fieldname,fieldtype,calcformula from wsfi2039fields
20240429@094922.5807 bor5a33d9ce997rf8p8m2526hp Query : insert into wsfi2039data (fi2stamp,ftstamp ,ousrdata, ousrhora, usrdata,usrhora,ousrinis,usrinis) values ('aut662f512225662f5f1285','aut662f521173662f5f0e0b' ,getdate(),convert(char(8),convert (time,getdate())),getdate(),convert(char(8),convert (time,getdate())),'wsv','wsv')
20240429@094922.5812 bor5a33d9ce997rf8p8m2526hp Query : select 1 valor from information_schema.tables where table_type='base table' and table_name='wsfi039fields'
20240429@094922.5825 bor5a33d9ce997rf8p8m2526hp Query : select fieldkey,fieldname,fieldtype,mandatory from wsfi039fields
20240429@094922.5847 bor5a33d9ce997rf8p8m2526hp Query : select 1 valor from information_schema.tables where table_type='base table' and table_name='wsfi2039fields'
20240429@094922.5860 bor5a33d9ce997rf8p8m2526hp Query : select fieldkey,fieldname,fieldtype,mandatory from wsfi2039fields
20240429@094922.5864 bor5a33d9ce997rf8p8m2526hp Query : select top 1 convert(numeric(6,2),t.taxa) valor from taxasiva t where t.codigo='2'
20240429@094922.5874 bor5a33d9ce997rf8p8m2526hp Query : select 1 valor from information_schema.tables where table_type='base table' and table_name='wsfi039fields'
20240429@094922.5905 bor5a33d9ce997rf8p8m2526hp Query : select fieldkey,fieldname,fieldtype,calcformula from wsfi039fields
20240429@094922.5930 bor5a33d9ce997rf8p8m2526hp Query : insert into wsfi039data (fistamp,ousrdata, ousrhora, usrdata,usrhora,ousrinis,usrinis ,qtt ,ftstamp ,epv,pvmoeda ,tabiva,iva,lordem ,ref, design ,armazem) values ('aut662f503345662f5f128f',getdate(),convert(char(8),convert (time,getdate())),getdate(),convert(char(8),convert (time,getdate())),'wsv','wsv',0 ,'aut662f521173662f5f0e0b' ,0,0 ,2,23.00,860000,?,?,?)
20240429@094922.6177 bor5a33d9ce997rf8p8m2526hp Query : select 1 valor from information_schema.tables where table_type='base table' and table_name='wsfi2039fields'
20240429@094922.6198 bor5a33d9ce997rf8p8m2526hp Query : select fieldkey,fieldname,fieldtype,calcformula from wsfi2039fields
20240429@094922.6203 bor5a33d9ce997rf8p8m2526hp Query : insert into wsfi2039data (fi2stamp,ftstamp ,ousrdata, ousrhora, usrdata,usrhora,ousrinis,usrinis) values ('aut662f503345662f5f128f','aut662f521173662f5f0e0b' ,getdate(),convert(char(8),convert (time,getdate())),getdate(),convert(char(8),convert (time,getdate())),'wsv','wsv')
20240429@094922.6207 bor5a33d9ce997rf8p8m2526hp Query : use flama_phc
20240429@094922.6210 bor5a33d9ce997rf8p8m2526hp Query : select st.usalote valor from st where st.ref = '324.1847.00.1'
20240429@094922.6222 bor5a33d9ce997rf8p8m2526hp Query : select top 1 st.tabiva ,st.ivaincl ,st.stns ,st.uni2 ,st.familia ,isnull(tx.taxa, 0) txiva ,unidade ,usalote ,epcpond ,noserie from st left join taxasiva tx on st.tabiva = tx.codigo where st.ref = '324.1847.00.1'
20240429@094922.6233 bor5a33d9ce997rf8p8m2526hp Query : select 1 valor from information_schema.tables where table_type='base table' and table_name='wsfi039fields'
20240429@094922.6247 bor5a33d9ce997rf8p8m2526hp Query : select fieldkey,fieldname,fieldtype,mandatory from wsfi039fields
20240429@094922.6271 bor5a33d9ce997rf8p8m2526hp Query : select 1 valor from information_schema.tables where table_type='base table' and table_name='wsfi2039fields'
20240429@094922.6285 bor5a33d9ce997rf8p8m2526hp Query : select fieldkey,fieldname,fieldtype,mandatory from wsfi2039fields
20240429@094922.6290 bor5a33d9ce997rf8p8m2526hp Query : select sestamp valor from se where ref ='324.1847.00.1' and lote = 'r2301210300a'
20240429@094922.6302 bor5a33d9ce997rf8p8m2526hp Query : select top 1 convert(numeric(6,2),t.taxa) valor from taxasiva t where t.codigo='2'
20240429@094922.6311 bor5a33d9ce997rf8p8m2526hp Query : select 1 valor from information_schema.tables where table_type='base table' and table_name='wsfi039fields'
20240429@094922.6327 bor5a33d9ce997rf8p8m2526hp Query : select fieldkey,fieldname,fieldtype,calcformula from wsfi039fields
20240429@094922.6352 bor5a33d9ce997rf8p8m2526hp Query : insert into wsfi039data (fistamp,ousrdata, ousrhora, usrdata,usrhora,ousrinis,usrinis ,qtt ,ftstamp ,epv,pvmoeda ,tabiva,iva,lordem ,ref, design ,lote,armazem,bistamp ) values ('aut662f554493662f5f129a',getdate(),convert(char(8),convert (time,getdate())),getdate(),convert(char(8),convert (time,getdate())),'wsv','wsv',20.000 ,'aut662f521173662f5f0e0b' ,0,0 ,2,23.00,880000,?,?,?,?,?)
20240429@094922.6621 bor5a33d9ce997rf8p8m2526hp Query : select 1 valor from information_schema.tables where table_type='base table' and table_name='wsfi2039fields'
20240429@094922.6636 bor5a33d9ce997rf8p8m2526hp Query : select fieldkey,fieldname,fieldtype,calcformula from wsfi2039fields
20240429@094922.6640 bor5a33d9ce997rf8p8m2526hp Query : insert into wsfi2039data (fi2stamp,ftstamp ,ousrdata, ousrhora, usrdata,usrhora,ousrinis,usrinis) values ('aut662f554493662f5f129a','aut662f521173662f5f0e0b' ,getdate(),convert(char(8),convert (time,getdate())),getdate(),convert(char(8),convert (time,getdate())),'wsv','wsv')
20240429@094922.6645 bor5a33d9ce997rf8p8m2526hp Query : select 1 valor from information_schema.tables where table_type='base table' and table_name='wsfi039fields'
20240429@094922.6658 bor5a33d9ce997rf8p8m2526hp Query : select fieldkey,fieldname,fieldtype,mandatory from wsfi039fields
20240429@094922.6682 bor5a33d9ce997rf8p8m2526hp Query : select 1 valor from information_schema.tables where table_type='base table' and table_name='wsfi2039fields'
20240429@094922.6694 bor5a33d9ce997rf8p8m2526hp Query : select fieldkey,fieldname,fieldtype,mandatory from wsfi2039fields
20240429@094922.6698 bor5a33d9ce997rf8p8m2526hp Query : select top 1 convert(numeric(6,2),t.taxa) valor from taxasiva t where t.codigo='2'
20240429@094922.6712 bor5a33d9ce997rf8p8m2526hp Query : select 1 valor from information_schema.tables where table_type='base table' and table_name='wsfi039fields'
20240429@094922.6725 bor5a33d9ce997rf8p8m2526hp Query : select fieldkey,fieldname,fieldtype,calcformula from wsfi039fields
20240429@094922.6760 bor5a33d9ce997rf8p8m2526hp Query : insert into wsfi039data (fistamp,ousrdata, ousrhora, usrdata,usrhora,ousrinis,usrinis ,qtt ,ftstamp ,epv,pvmoeda ,tabiva,iva,lordem ,ref, design ,armazem) values ('aut662f531187662f5f12a3',getdate(),convert(char(8),convert (time,getdate())),getdate(),convert(char(8),convert (time,getdate())),'wsv','wsv',0 ,'aut662f521173662f5f0e0b' ,0,0 ,2,23.00,890000,?,?,?)
20240429@094922.7016 bor5a33d9ce997rf8p8m2526hp Query : select 1 valor from information_schema.tables where table_type='base table' and table_name='wsfi2039fields'
20240429@094922.7032 bor5a33d9ce997rf8p8m2526hp Query : select fieldkey,fieldname,fieldtype,calcformula from wsfi2039fields
20240429@094922.7036 bor5a33d9ce997rf8p8m2526hp Query : insert into wsfi2039data (fi2stamp,ftstamp ,ousrdata, ousrhora, usrdata,usrhora,ousrinis,usrinis) values ('aut662f531187662f5f12a3','aut662f521173662f5f0e0b' ,getdate(),convert(char(8),convert (time,getdate())),getdate(),convert(char(8),convert (time,getdate())),'wsv','wsv')
20240429@094922.7041 bor5a33d9ce997rf8p8m2526hp Query : use flama_phc
20240429@094922.7047 bor5a33d9ce997rf8p8m2526hp Query : select st.usalote valor from st where st.ref = '324.1847.00.1'
20240429@094922.7060 bor5a33d9ce997rf8p8m2526hp Query : select top 1 st.tabiva ,st.ivaincl ,st.stns ,st.uni2 ,st.familia ,isnull(tx.taxa, 0) txiva ,unidade ,usalote ,epcpond ,noserie from st left join taxasiva tx on st.tabiva = tx.codigo where st.ref = '324.1847.00.1'
20240429@094922.7072 bor5a33d9ce997rf8p8m2526hp Query : select 1 valor from information_schema.tables where table_type='base table' and table_name='wsfi039fields'
20240429@094922.7086 bor5a33d9ce997rf8p8m2526hp Query : select fieldkey,fieldname,fieldtype,mandatory from wsfi039fields
20240429@094922.7110 bor5a33d9ce997rf8p8m2526hp Query : select 1 valor from information_schema.tables where table_type='base table' and table_name='wsfi2039fields'
20240429@094922.7123 bor5a33d9ce997rf8p8m2526hp Query : select fieldkey,fieldname,fieldtype,mandatory from wsfi2039fields
20240429@094922.7127 bor5a33d9ce997rf8p8m2526hp Query : select sestamp valor from se where ref ='324.1847.00.1' and lote = 'r2301210300a'
20240429@094922.7137 bor5a33d9ce997rf8p8m2526hp Query : select top 1 convert(numeric(6,2),t.taxa) valor from taxasiva t where t.codigo='2'
20240429@094922.7147 bor5a33d9ce997rf8p8m2526hp Query : select 1 valor from information_schema.tables where table_type='base table' and table_name='wsfi039fields'
20240429@094922.7160 bor5a33d9ce997rf8p8m2526hp Query : select fieldkey,fieldname,fieldtype,calcformula from wsfi039fields
20240429@094922.7182 bor5a33d9ce997rf8p8m2526hp Query : insert into wsfi039data (fistamp,ousrdata, ousrhora, usrdata,usrhora,ousrinis,usrinis ,qtt ,ftstamp ,epv,pvmoeda ,tabiva,iva,lordem ,ref, design ,lote,armazem,bistamp ) values ('aut662f590160662f5f12ae',getdate(),convert(char(8),convert (time,getdate())),getdate(),convert(char(8),convert (time,getdate())),'wsv','wsv',2.000 ,'aut662f521173662f5f0e0b' ,0,0 ,2,23.00,910000,?,?,?,?,?)
20240429@094922.7440 bor5a33d9ce997rf8p8m2526hp Query : select 1 valor from information_schema.tables where table_type='base table' and table_name='wsfi2039fields'
20240429@094922.7457 bor5a33d9ce997rf8p8m2526hp Query : select fieldkey,fieldname,fieldtype,calcformula from wsfi2039fields
20240429@094922.7462 bor5a33d9ce997rf8p8m2526hp Query : insert into wsfi2039data (fi2stamp,ftstamp ,ousrdata, ousrhora, usrdata,usrhora,ousrinis,usrinis) values ('aut662f590160662f5f12ae','aut662f521173662f5f0e0b' ,getdate(),convert(char(8),convert (time,getdate())),getdate(),convert(char(8),convert (time,getdate())),'wsv','wsv')
20240429@094922.7467 bor5a33d9ce997rf8p8m2526hp Query : select 1 valor from information_schema.tables where table_type='base table' and table_name='wsfi039fields'
20240429@094922.7502 bor5a33d9ce997rf8p8m2526hp Query : select fieldkey,fieldname,fieldtype,mandatory from wsfi039fields
20240429@094922.7528 bor5a33d9ce997rf8p8m2526hp Query : select 1 valor from information_schema.tables where table_type='base table' and table_name='wsfi2039fields'
20240429@094922.7543 bor5a33d9ce997rf8p8m2526hp Query : select fieldkey,fieldname,fieldtype,mandatory from wsfi2039fields
20240429@094922.7547 bor5a33d9ce997rf8p8m2526hp Query : select top 1 convert(numeric(6,2),t.taxa) valor from taxasiva t where t.codigo='2'
20240429@094922.7557 bor5a33d9ce997rf8p8m2526hp Query : select 1 valor from information_schema.tables where table_type='base table' and table_name='wsfi039fields'
20240429@094922.7568 bor5a33d9ce997rf8p8m2526hp Query : select fieldkey,fieldname,fieldtype,calcformula from wsfi039fields
20240429@094922.7594 bor5a33d9ce997rf8p8m2526hp Query : insert into wsfi039data (fistamp,ousrdata, ousrhora, usrdata,usrhora,ousrinis,usrinis ,qtt ,ftstamp ,epv,pvmoeda ,tabiva,iva,lordem ,ref, design ,armazem) values ('aut662f564167662f5f12b8',getdate(),convert(char(8),convert (time,getdate())),getdate(),convert(char(8),convert (time,getdate())),'wsv','wsv',0 ,'aut662f521173662f5f0e0b' ,0,0 ,2,23.00,920000,?,?,?)
20240429@094922.7849 bor5a33d9ce997rf8p8m2526hp Query : select 1 valor from information_schema.tables where table_type='base table' and table_name='wsfi2039fields'
20240429@094922.7864 bor5a33d9ce997rf8p8m2526hp Query : select fieldkey,fieldname,fieldtype,calcformula from wsfi2039fields
20240429@094922.7868 bor5a33d9ce997rf8p8m2526hp Query : insert into wsfi2039data (fi2stamp,ftstamp ,ousrdata, ousrhora, usrdata,usrhora,ousrinis,usrinis) values ('aut662f564167662f5f12b8','aut662f521173662f5f0e0b' ,getdate(),convert(char(8),convert (time,getdate())),getdate(),convert(char(8),convert (time,getdate())),'wsv','wsv')
20240429@094922.7873 bor5a33d9ce997rf8p8m2526hp Query : insert into wsftcreationlog (initialftstamp,externalid,creationstatus,documenttypeid,idustamp) values ('aut662f521173662f5f0e0b','2403019','wait',39,'ari17112337378,753000005')
20240429@094922.7894 bor5a33d9ce997rf8p8m2526hp Query : use flama_phc
20240429@094922.7897 bor5a33d9ce997rf8p8m2526hp Query : update u_wsusers set rqsttoken =? where userid ='userls001'
20240429@094922.7908 bor5a33d9ce997rf8p8m2526hp Query : select concat(rtrim(relative_path),ltrim(name_new)) as valor from uploadfiles where uploadfile_id='1368';
20240429@094922.7928 bor5a33d9ce997rf8p8m2526hp Query : update uploadfiles set whenupdated=current_timestamp where uploadfile_id='1368';
20240429@094922.7945 bor5a33d9ce997rf8p8m2526hp Query : select concat(rtrim(relative_path),ltrim(name_new)) as valor from uploadfiles where uploadfile_id='1368';
20240429@094922.7961 bor5a33d9ce997rf8p8m2526hp Query : update uploadfiles set whenupdated=current_timestamp where uploadfile_id='1368';
20240429@094922.8389 qi4uhcppp4ns4ha7skuftt76go Query : insert into uploadfiles ( name_original, name_new, option_type, relative_path, whencreated ) values ( ?, ?, ?, ?, getdate() )
20240429@094922.8408 qi4uhcppp4ns4ha7skuftt76go Query : select uploadfile_id valor from uploadfiles where name_new = ? and option_type = ? 
20240429@094922.8432 qi4uhcppp4ns4ha7skuftt76go Query : select concat(rtrim(relative_path),ltrim(name_new)) as valor from uploadfiles where uploadfile_id='1369';
20240429@094922.8486 qi4uhcppp4ns4ha7skuftt76go Query : update uploadfiles set whenupdated=current_timestamp where uploadfile_id='1369';
20240429@094922.8514 qi4uhcppp4ns4ha7skuftt76go Query : select concat(rtrim(relative_path),ltrim(name_new)) as valor from uploadfiles where uploadfile_id='1369';
20240429@094922.8529 qi4uhcppp4ns4ha7skuftt76go Query : update uploadfiles set whenupdated=current_timestamp where uploadfile_id='1369';
20240429@094922.8546 qi4uhcppp4ns4ha7skuftt76go Query : use flama_phc
20240429@094922.8550 qi4uhcppp4ns4ha7skuftt76go Query : select top 1 secretkey valor from u_wsusers u where u.userid = ? and u.inactivo=0
20240429@094922.8563 qi4uhcppp4ns4ha7skuftt76go Query : use flama_phc
20240429@094922.8566 qi4uhcppp4ns4ha7skuftt76go Query : select no, estab,szadrsdesc from szadrs where u_coddest=4740
20240429@094922.8610 qi4uhcppp4ns4ha7skuftt76go Query : select top 1 isnull(design,'') valor from st (nolock) left join stobs (nolock) on st.ref = stobs.ref where st.ref = '324.2221.00.1'
20240429@094922.8766 qi4uhcppp4ns4ha7skuftt76go Query : select top 1 bistamp valor from bi inner join bo on bo.bostamp=bi.bostamp where bo.ndos =240 and bo.boano =2030 and bo.obrano = 2403020 and bi.ref ='324.2221.00.1' and bi.lordem =1
20240429@094922.9123 qi4uhcppp4ns4ha7skuftt76go Query : use flama_phc
20240429@094922.9127 qi4uhcppp4ns4ha7skuftt76go Query : select top 1 convert(date,fdata) valor from ft where ndoc = 39 and anulado= 0 and fno>0 order by fdata desc
20240429@094922.9139 qi4uhcppp4ns4ha7skuftt76go Query : use flama_phc
20240429@094922.9142 qi4uhcppp4ns4ha7skuftt76go Query : select top 1 1 valor from td where td.ndoc = 39
20240429@094922.9155 qi4uhcppp4ns4ha7skuftt76go Query : use flama_phc
20240429@094922.9157 qi4uhcppp4ns4ha7skuftt76go Query : select descricao ,case when valor='s' then 1 else 0 end usalotes from para1 where descricao in ('st_lote')
20240429@094922.9168 qi4uhcppp4ns4ha7skuftt76go Query : select top 1 assinadoc issigned ,td.lancasl stocks ,'cl' origin ,case when (cmsl between 1 and 50 ) then 1 else 0 end entrada ,case when (cmsl>50 ) then 1 else 0 end saida ,~lotestock validatestock ,tiposaft from td inner join td2 on td.tdstamp=td2.td2stamp where td.ndoc =39
20240429@094922.9183 qi4uhcppp4ns4ha7skuftt76go Query : use flama_phc
20240429@094922.9186 qi4uhcppp4ns4ha7skuftt76go Query : select top 1 ~inactivo valor from cl where no = '100810' and estab = 0 order by inactivo desc
20240429@094922.9196 qi4uhcppp4ns4ha7skuftt76go Query : use flama_phc
20240429@094922.9198 qi4uhcppp4ns4ha7skuftt76go Query : select top 1 tipodoc,regrd from td where ndoc = 39
20240429@094922.9208 qi4uhcppp4ns4ha7skuftt76go Query : use flama_phc
20240429@094922.9211 qi4uhcppp4ns4ha7skuftt76go Query : select szadrsstamp valor from szadrs where szadrsdesc='espaÇotrans,lda'
20240429@094922.9221 qi4uhcppp4ns4ha7skuftt76go Query : use flama_phc
20240429@094922.9223 qi4uhcppp4ns4ha7skuftt76go Query : select szadrsstamp valor from szadrs where szadrsdesc='100810 - worten-equipamentos para o lar,sa.'
20240429@094922.9234 qi4uhcppp4ns4ha7skuftt76go Query : use flama_phc
20240429@094922.9237 qi4uhcppp4ns4ha7skuftt76go Query : select 1 valor from td where ndoc = 39
20240429@094922.9246 qi4uhcppp4ns4ha7skuftt76go Query : select top 1 manternumero, tiposaft, nmdos,td.assinadoc from td where td.ndoc = 39
20240429@094922.9257 qi4uhcppp4ns4ha7skuftt76go Query : select 1 valor from information_schema.tables where table_type='base table' and table_name='wsft039fields'
20240429@094922.9294 qi4uhcppp4ns4ha7skuftt76go Query : select fieldkey,fieldname,fieldtype,mandatory from wsft039fields
20240429@094922.9312 qi4uhcppp4ns4ha7skuftt76go Query : select 1 valor from information_schema.tables where table_type='base table' and table_name='wsft2039fields'
20240429@094922.9327 qi4uhcppp4ns4ha7skuftt76go Query : select fieldkey,fieldname,fieldtype,mandatory from wsft2039fields
20240429@094923.6520 qi4uhcppp4ns4ha7skuftt76go Query : select 1 valor from information_schema.tables where table_type='base table' and table_name='wsft3039fields'
20240429@094923.6960 qi4uhcppp4ns4ha7skuftt76go Query : select fieldkey,fieldname,fieldtype,mandatory from wsft3039fields
20240429@094923.7090 qi4uhcppp4ns4ha7skuftt76go Query : select top 1 ft.fno valor from ft ft where ft.ndoc = 39 and ftano=2024 order by fno desc
20240429@094923.8230 qi4uhcppp4ns4ha7skuftt76go Query : select top 1 ft.fno valor from wsft039data ft where ft.ndoc = 39 and ftano=2024 order by fno desc
20240429@094923.8340 qi4uhcppp4ns4ha7skuftt76go Query : select 1 valor from information_schema.tables where table_type='base table' and table_name='wsft3039fields'
20240429@094923.8500 qi4uhcppp4ns4ha7skuftt76go Query : select fieldkey,fieldname,fieldtype,calcformula from wsft3039fields
20240429@094923.8700 qi4uhcppp4ns4ha7skuftt76go Query : insert into wsft3039data (ft3stamp, ousrdata, ousrhora, usrdata,usrhora,ousrinis,usrinis,taxpointdt ) values ('aut662f526379662f5f1311' ,getdate(),convert(char(8),convert (time,getdate())),getdate(),convert(char(8),convert (time,getdate())),'wsv','wsv',?)
20240429@094923.1040 qi4uhcppp4ns4ha7skuftt76go Query : select 1 valor from information_schema.tables where table_type='base table' and table_name='wsft2039fields'
20240429@094923.1055 qi4uhcppp4ns4ha7skuftt76go Query : select fieldkey,fieldname,fieldtype,calcformula from wsft2039fields
20240429@094923.1087 qi4uhcppp4ns4ha7skuftt76go Query : select top 1 bo.u_nomeenv valor from bo where bo.bostamp=''
20240429@094923.1093 qi4uhcppp4ns4ha7skuftt76go Query : select top 1 bo.u_moradaen valor from bo where bo.bostamp=''
20240429@094923.1098 qi4uhcppp4ns4ha7skuftt76go Query : select top 1 bo.u_codposen valor from bo where bo.bostamp=''
20240429@094923.1103 qi4uhcppp4ns4ha7skuftt76go Query : select top 1 bo.u_localenv valor from bo where bo.bostamp=''
20240429@094923.1108 qi4uhcppp4ns4ha7skuftt76go Query : select top 1 bo.trab5 valor from bo where bo.bostamp=''
20240429@094923.1114 qi4uhcppp4ns4ha7skuftt76go Query : select top 1 bo.serie valor from bo where bo.bostamp=''
20240429@094923.1122 qi4uhcppp4ns4ha7skuftt76go Query : insert into wsft2039data (ft2stamp, ousrdata,ousrhora, usrdata,usrhora,ousrinis,usrinis,u_nomeenv ,u_moradaen ,u_codposen ,u_localenv ,u_coddest ,u_codby ) values ('aut662f526379662f5f1311',getdate(),convert(char(8),convert (time,getdate())),getdate(),convert(char(8),convert (time,getdate())),'wsv','wsv',?,?,?,?,?,?)
20240429@094923.1435 qi4uhcppp4ns4ha7skuftt76go Query : select top 1 fno valor from wsft039data order by fno desc
20240429@094923.1938 qi4uhcppp4ns4ha7skuftt76go Query : select 1 valor from information_schema.tables where table_type='base table' and table_name='wsft039fields'
20240429@094923.2006 qi4uhcppp4ns4ha7skuftt76go Query : select fieldkey,fieldname,fieldtype,calcformula from wsft039fields
20240429@094923.2027 qi4uhcppp4ns4ha7skuftt76go Query : insert into wsft039data (ftstamp, ousrdata,ousrhora, usrdata,usrhora,ousrinis,usrinis,fno,no,estab,fdata,ndoc,moeda,cambio,cambiofixo,ftano,cdata,chora,carga,descar,site ,classe ) values ('aut662f526379662f5f1311',getdate(),convert(char(8),convert (time,getdate())),getdate(),convert(char(8),convert (time,getdate())),'wsv','wsv',1075,100810,0,'2024-04-29',39,'euro',0,0,2024 ,'20240429','1019',?,?,?,?)
20240429@094923.2321 qi4uhcppp4ns4ha7skuftt76go Query : use flama_phc
20240429@094923.2327 qi4uhcppp4ns4ha7skuftt76go Query : select st.usalote valor from st where st.ref = '324.2221.00.1'
20240429@094923.2340 qi4uhcppp4ns4ha7skuftt76go Query : select top 1 st.tabiva ,st.ivaincl ,st.stns ,st.uni2 ,st.familia ,isnull(tx.taxa, 0) txiva ,unidade ,usalote ,epcpond ,noserie from st left join taxasiva tx on st.tabiva = tx.codigo where st.ref = '324.2221.00.1'
20240429@094923.2491 qi4uhcppp4ns4ha7skuftt76go Query : select 1 valor from information_schema.tables where table_type='base table' and table_name='wsfi039fields'
20240429@094923.2506 qi4uhcppp4ns4ha7skuftt76go Query : select fieldkey,fieldname,fieldtype,mandatory from wsfi039fields
20240429@094923.2537 qi4uhcppp4ns4ha7skuftt76go Query : select 1 valor from information_schema.tables where table_type='base table' and table_name='wsfi2039fields'
20240429@094923.2551 qi4uhcppp4ns4ha7skuftt76go Query : select fieldkey,fieldname,fieldtype,mandatory from wsfi2039fields
20240429@094923.2555 qi4uhcppp4ns4ha7skuftt76go Query : select sestamp valor from se where ref ='324.2221.00.1' and lote = 'r2301281300a'
20240429@094923.2566 qi4uhcppp4ns4ha7skuftt76go Query : select top 1 convert(numeric(6,2),t.taxa) valor from taxasiva t where t.codigo='2'
20240429@094923.2576 qi4uhcppp4ns4ha7skuftt76go Query : select 1 valor from information_schema.tables where table_type='base table' and table_name='wsfi039fields'
20240429@094923.2589 qi4uhcppp4ns4ha7skuftt76go Query : select fieldkey,fieldname,fieldtype,calcformula from wsfi039fields
20240429@094923.2614 qi4uhcppp4ns4ha7skuftt76go Query : insert into wsfi039data (fistamp,ousrdata, ousrhora, usrdata,usrhora,ousrinis,usrinis ,qtt ,ftstamp ,epv,pvmoeda ,tabiva,iva,lordem ,ref, design ,lote,armazem,bistamp ) values ('aut662f505180662f5f133e',getdate(),convert(char(8),convert (time,getdate())),getdate(),convert(char(8),convert (time,getdate())),'wsv','wsv',16.000 ,'aut662f526379662f5f1311' ,0,0 ,2,23.00,10000,?,?,?,?,?)
20240429@094923.3081 qi4uhcppp4ns4ha7skuftt76go Query : select 1 valor from information_schema.tables where table_type='base table' and table_name='wsfi2039fields'
20240429@094923.3183 qi4uhcppp4ns4ha7skuftt76go Query : select fieldkey,fieldname,fieldtype,calcformula from wsfi2039fields
20240429@094923.3196 qi4uhcppp4ns4ha7skuftt76go Query : insert into wsfi2039data (fi2stamp,ftstamp ,ousrdata, ousrhora, usrdata,usrhora,ousrinis,usrinis) values ('aut662f505180662f5f133e','aut662f526379662f5f1311' ,getdate(),convert(char(8),convert (time,getdate())),getdate(),convert(char(8),convert (time,getdate())),'wsv','wsv')
20240429@094923.3203 qi4uhcppp4ns4ha7skuftt76go Query : insert into wsftcreationlog (initialftstamp,externalid,creationstatus,documenttypeid,idustamp) values ('aut662f526379662f5f1311','2403020','wait',39,'ari17112337378,753000005')
20240429@094923.3304 qi4uhcppp4ns4ha7skuftt76go Query : use flama_phc
20240429@094923.3310 qi4uhcppp4ns4ha7skuftt76go Query : update u_wsusers set rqsttoken =? where userid ='userls001'
20240429@094923.3394 qi4uhcppp4ns4ha7skuftt76go Query : select concat(rtrim(relative_path),ltrim(name_new)) as valor from uploadfiles where uploadfile_id='1369';
20240429@094923.3465 qi4uhcppp4ns4ha7skuftt76go Query : update uploadfiles set whenupdated=current_timestamp where uploadfile_id='1369';
20240429@094923.3484 qi4uhcppp4ns4ha7skuftt76go Query : select concat(rtrim(relative_path),ltrim(name_new)) as valor from uploadfiles where uploadfile_id='1369';
20240429@094923.3501 qi4uhcppp4ns4ha7skuftt76go Query : update uploadfiles set whenupdated=current_timestamp where uploadfile_id='1369';
20240429@094923.4826 sp8gvfcm3r83eoc8ae6206166j Query : insert into uploadfiles ( name_original, name_new, option_type, relative_path, whencreated ) values ( ?, ?, ?, ?, getdate() )
20240429@094923.4845 sp8gvfcm3r83eoc8ae6206166j Query : select uploadfile_id valor from uploadfiles where name_new = ? and option_type = ? 
20240429@094923.4869 sp8gvfcm3r83eoc8ae6206166j Query : select concat(rtrim(relative_path),ltrim(name_new)) as valor from uploadfiles where uploadfile_id='1370';
20240429@094923.4919 sp8gvfcm3r83eoc8ae6206166j Query : update uploadfiles set whenupdated=current_timestamp where uploadfile_id='1370';
20240429@094923.4975 sp8gvfcm3r83eoc8ae6206166j Query : select concat(rtrim(relative_path),ltrim(name_new)) as valor from uploadfiles where uploadfile_id='1370';
20240429@094923.5005 sp8gvfcm3r83eoc8ae6206166j Query : update uploadfiles set whenupdated=current_timestamp where uploadfile_id='1370';
20240429@094923.5023 sp8gvfcm3r83eoc8ae6206166j Query : use flama_phc
20240429@094923.5027 sp8gvfcm3r83eoc8ae6206166j Query : select top 1 secretkey valor from u_wsusers u where u.userid = ? and u.inactivo=0
20240429@094923.5040 sp8gvfcm3r83eoc8ae6206166j Query : use flama_phc
20240429@094923.5043 sp8gvfcm3r83eoc8ae6206166j Query : select no, estab,szadrsdesc from szadrs where u_coddest=4740
20240429@094923.5086 sp8gvfcm3r83eoc8ae6206166j Query : select top 1 isnull(design,'') valor from st (nolock) left join stobs (nolock) on st.ref = stobs.ref where st.ref = '324.2222.00.1'
20240429@094923.5240 sp8gvfcm3r83eoc8ae6206166j Query : select top 1 bistamp valor from bi inner join bo on bo.bostamp=bi.bostamp where bo.ndos =240 and bo.boano =2030 and bo.obrano = 2403021 and bi.ref ='324.2222.00.1' and bi.lordem =1
20240429@094923.5578 sp8gvfcm3r83eoc8ae6206166j Query : use flama_phc
20240429@094923.5588 sp8gvfcm3r83eoc8ae6206166j Query : select top 1 convert(date,fdata) valor from ft where ndoc = 39 and anulado= 0 and fno>0 order by fdata desc
20240429@094923.5601 sp8gvfcm3r83eoc8ae6206166j Query : use flama_phc
20240429@094923.5604 sp8gvfcm3r83eoc8ae6206166j Query : select top 1 1 valor from td where td.ndoc = 39
20240429@094923.5614 sp8gvfcm3r83eoc8ae6206166j Query : use flama_phc
20240429@094923.5617 sp8gvfcm3r83eoc8ae6206166j Query : select descricao ,case when valor='s' then 1 else 0 end usalotes from para1 where descricao in ('st_lote')
20240429@094923.5628 sp8gvfcm3r83eoc8ae6206166j Query : select top 1 assinadoc issigned ,td.lancasl stocks ,'cl' origin ,case when (cmsl between 1 and 50 ) then 1 else 0 end entrada ,case when (cmsl>50 ) then 1 else 0 end saida ,~lotestock validatestock ,tiposaft from td inner join td2 on td.tdstamp=td2.td2stamp where td.ndoc =39
20240429@094923.5642 sp8gvfcm3r83eoc8ae6206166j Query : use flama_phc
20240429@094923.5645 sp8gvfcm3r83eoc8ae6206166j Query : select top 1 ~inactivo valor from cl where no = '100810' and estab = 0 order by inactivo desc
20240429@094923.5655 sp8gvfcm3r83eoc8ae6206166j Query : use flama_phc
20240429@094923.5658 sp8gvfcm3r83eoc8ae6206166j Query : select top 1 tipodoc,regrd from td where ndoc = 39
20240429@094923.5668 sp8gvfcm3r83eoc8ae6206166j Query : use flama_phc
20240429@094923.5672 sp8gvfcm3r83eoc8ae6206166j Query : select szadrsstamp valor from szadrs where szadrsdesc='espaÇotrans,lda'
20240429@094923.5683 sp8gvfcm3r83eoc8ae6206166j Query : use flama_phc
20240429@094923.5687 sp8gvfcm3r83eoc8ae6206166j Query : select szadrsstamp valor from szadrs where szadrsdesc='100810 - worten-equipamentos para o lar,sa.'
20240429@094923.5699 sp8gvfcm3r83eoc8ae6206166j Query : use flama_phc
20240429@094923.5702 sp8gvfcm3r83eoc8ae6206166j Query : select 1 valor from td where ndoc = 39
20240429@094923.5714 sp8gvfcm3r83eoc8ae6206166j Query : select top 1 manternumero, tiposaft, nmdos,td.assinadoc from td where td.ndoc = 39
20240429@094923.5726 sp8gvfcm3r83eoc8ae6206166j Query : select 1 valor from information_schema.tables where table_type='base table' and table_name='wsft039fields'
20240429@094923.5743 sp8gvfcm3r83eoc8ae6206166j Query : select fieldkey,fieldname,fieldtype,mandatory from wsft039fields
20240429@094923.7354 sp8gvfcm3r83eoc8ae6206166j Query : select 1 valor from information_schema.tables where table_type='base table' and table_name='wsft2039fields'
20240429@094923.7370 sp8gvfcm3r83eoc8ae6206166j Query : select fieldkey,fieldname,fieldtype,mandatory from wsft2039fields
20240429@094923.7401 sp8gvfcm3r83eoc8ae6206166j Query : select 1 valor from information_schema.tables where table_type='base table' and table_name='wsft3039fields'
20240429@094923.7438 sp8gvfcm3r83eoc8ae6206166j Query : select fieldkey,fieldname,fieldtype,mandatory from wsft3039fields
20240429@094923.7449 sp8gvfcm3r83eoc8ae6206166j Query : select top 1 ft.fno valor from ft ft where ft.ndoc = 39 and ftano=2024 order by fno desc
20240429@094923.7543 sp8gvfcm3r83eoc8ae6206166j Query : select top 1 ft.fno valor from wsft039data ft where ft.ndoc = 39 and ftano=2024 order by fno desc
20240429@094923.7553 sp8gvfcm3r83eoc8ae6206166j Query : select 1 valor from information_schema.tables where table_type='base table' and table_name='wsft3039fields'
20240429@094923.7569 sp8gvfcm3r83eoc8ae6206166j Query : select fieldkey,fieldname,fieldtype,calcformula from wsft3039fields
20240429@094923.7579 sp8gvfcm3r83eoc8ae6206166j Query : insert into wsft3039data (ft3stamp, ousrdata, ousrhora, usrdata,usrhora,ousrinis,usrinis,taxpointdt ) values ('aut662f502288662f5f13b5' ,getdate(),convert(char(8),convert (time,getdate())),getdate(),convert(char(8),convert (time,getdate())),'wsv','wsv',?)
20240429@094923.7769 sp8gvfcm3r83eoc8ae6206166j Query : select 1 valor from information_schema.tables where table_type='base table' and table_name='wsft2039fields'
20240429@094923.7784 sp8gvfcm3r83eoc8ae6206166j Query : select fieldkey,fieldname,fieldtype,calcformula from wsft2039fields
20240429@094923.7889 sp8gvfcm3r83eoc8ae6206166j Query : select top 1 bo.u_nomeenv valor from bo where bo.bostamp=''
20240429@094923.7894 sp8gvfcm3r83eoc8ae6206166j Query : select top 1 bo.u_moradaen valor from bo where bo.bostamp=''
20240429@094923.7899 sp8gvfcm3r83eoc8ae6206166j Query : select top 1 bo.u_codposen valor from bo where bo.bostamp=''
20240429@094923.7904 sp8gvfcm3r83eoc8ae6206166j Query : select top 1 bo.u_localenv valor from bo where bo.bostamp=''
20240429@094923.7909 sp8gvfcm3r83eoc8ae6206166j Query : select top 1 bo.trab5 valor from bo where bo.bostamp=''
20240429@094923.7914 sp8gvfcm3r83eoc8ae6206166j Query : select top 1 bo.serie valor from bo where bo.bostamp=''
20240429@094923.7919 sp8gvfcm3r83eoc8ae6206166j Query : insert into wsft2039data (ft2stamp, ousrdata,ousrhora, usrdata,usrhora,ousrinis,usrinis,u_nomeenv ,u_moradaen ,u_codposen ,u_localenv ,u_coddest ,u_codby ) values ('aut662f502288662f5f13b5',getdate(),convert(char(8),convert (time,getdate())),getdate(),convert(char(8),convert (time,getdate())),'wsv','wsv',?,?,?,?,?,?)
20240429@094923.8199 sp8gvfcm3r83eoc8ae6206166j Query : select top 1 fno valor from wsft039data order by fno desc
20240429@094923.8235 sp8gvfcm3r83eoc8ae6206166j Query : select 1 valor from information_schema.tables where table_type='base table' and table_name='wsft039fields'
20240429@094923.8265 sp8gvfcm3r83eoc8ae6206166j Query : select fieldkey,fieldname,fieldtype,calcformula from wsft039fields
20240429@094923.8613 sp8gvfcm3r83eoc8ae6206166j Query : insert into wsft039data (ftstamp, ousrdata,ousrhora, usrdata,usrhora,ousrinis,usrinis,fno,no,estab,fdata,ndoc,moeda,cambio,cambiofixo,ftano,cdata,chora,carga,descar,site ,classe ) values ('aut662f502288662f5f13b5',getdate(),convert(char(8),convert (time,getdate())),getdate(),convert(char(8),convert (time,getdate())),'wsv','wsv',1076,100810,0,'2024-04-29',39,'euro',0,0,2024 ,'20240429','1019',?,?,?,?)
20240429@094923.8976 sp8gvfcm3r83eoc8ae6206166j Query : use flama_phc
20240429@094923.9005 sp8gvfcm3r83eoc8ae6206166j Query : select st.usalote valor from st where st.ref = '324.2222.00.1'
20240429@094923.9444 sp8gvfcm3r83eoc8ae6206166j Query : select top 1 st.tabiva ,st.ivaincl ,st.stns ,st.uni2 ,st.familia ,isnull(tx.taxa, 0) txiva ,unidade ,usalote ,epcpond ,noserie from st left join taxasiva tx on st.tabiva = tx.codigo where st.ref = '324.2222.00.1'
20240429@094923.9621 sp8gvfcm3r83eoc8ae6206166j Query : select 1 valor from information_schema.tables where table_type='base table' and table_name='wsfi039fields'
20240429@094923.9635 sp8gvfcm3r83eoc8ae6206166j Query : select fieldkey,fieldname,fieldtype,mandatory from wsfi039fields
20240429@094923.9656 sp8gvfcm3r83eoc8ae6206166j Query : select 1 valor from information_schema.tables where table_type='base table' and table_name='wsfi2039fields'
20240429@094923.9757 sp8gvfcm3r83eoc8ae6206166j Query : select fieldkey,fieldname,fieldtype,mandatory from wsfi2039fields
20240429@094923.9762 sp8gvfcm3r83eoc8ae6206166j Query : select sestamp valor from se where ref ='324.2222.00.1' and lote = 'r2300829100a'
20240429@094923.9777 sp8gvfcm3r83eoc8ae6206166j Query : select top 1 convert(numeric(6,2),t.taxa) valor from taxasiva t where t.codigo='2'
20240429@094923.9789 sp8gvfcm3r83eoc8ae6206166j Query : select 1 valor from information_schema.tables where table_type='base table' and table_name='wsfi039fields'
20240429@094923.9807 sp8gvfcm3r83eoc8ae6206166j Query : select fieldkey,fieldname,fieldtype,calcformula from wsfi039fields
20240429@094923.9870 sp8gvfcm3r83eoc8ae6206166j Query : insert into wsfi039data (fistamp,ousrdata, ousrhora, usrdata,usrhora,ousrinis,usrinis ,qtt ,ftstamp ,epv,pvmoeda ,tabiva,iva,lordem ,ref, design ,lote,armazem,bistamp ) values ('aut662f576383662f5f13ee',getdate(),convert(char(8),convert (time,getdate())),getdate(),convert(char(8),convert (time,getdate())),'wsv','wsv',52.000 ,'aut662f502288662f5f13b5' ,0,0 ,2,23.00,10000,?,?,?,?,?)
20240429@094924.1240 sp8gvfcm3r83eoc8ae6206166j Query : select 1 valor from information_schema.tables where table_type='base table' and table_name='wsfi2039fields'
20240429@094924.3250 sp8gvfcm3r83eoc8ae6206166j Query : select fieldkey,fieldname,fieldtype,calcformula from wsfi2039fields
20240429@094924.3380 sp8gvfcm3r83eoc8ae6206166j Query : insert into wsfi2039data (fi2stamp,ftstamp ,ousrdata, ousrhora, usrdata,usrhora,ousrinis,usrinis) values ('aut662f576383662f5f13ee','aut662f502288662f5f13b5' ,getdate(),convert(char(8),convert (time,getdate())),getdate(),convert(char(8),convert (time,getdate())),'wsv','wsv')
20240429@094924.3450 sp8gvfcm3r83eoc8ae6206166j Query : insert into wsftcreationlog (initialftstamp,externalid,creationstatus,documenttypeid,idustamp) values ('aut662f502288662f5f13b5','2403021','wait',39,'ari17112337378,753000005')
20240429@094924.3820 sp8gvfcm3r83eoc8ae6206166j Query : use flama_phc
20240429@094924.3910 sp8gvfcm3r83eoc8ae6206166j Query : update u_wsusers set rqsttoken =? where userid ='userls001'
20240429@094924.4210 sp8gvfcm3r83eoc8ae6206166j Query : select concat(rtrim(relative_path),ltrim(name_new)) as valor from uploadfiles where uploadfile_id='1370';
20240429@094924.4620 sp8gvfcm3r83eoc8ae6206166j Query : update uploadfiles set whenupdated=current_timestamp where uploadfile_id='1370';
20240429@094924.4870 sp8gvfcm3r83eoc8ae6206166j Query : select concat(rtrim(relative_path),ltrim(name_new)) as valor from uploadfiles where uploadfile_id='1370';
20240429@094924.5130 sp8gvfcm3r83eoc8ae6206166j Query : update uploadfiles set whenupdated=current_timestamp where uploadfile_id='1370';
20240429@094924.9470 dr339sgm6heubks12vk3av4i3u Query : insert into uploadfiles ( name_original, name_new, option_type, relative_path, whencreated ) values ( ?, ?, ?, ?, getdate() )
20240429@094924.9660 dr339sgm6heubks12vk3av4i3u Query : select uploadfile_id valor from uploadfiles where name_new = ? and option_type = ? 
20240429@094924.9880 dr339sgm6heubks12vk3av4i3u Query : select concat(rtrim(relative_path),ltrim(name_new)) as valor from uploadfiles where uploadfile_id='1371';
20240429@094924.1034 dr339sgm6heubks12vk3av4i3u Query : update uploadfiles set whenupdated=current_timestamp where uploadfile_id='1371';
20240429@094924.1055 dr339sgm6heubks12vk3av4i3u Query : select concat(rtrim(relative_path),ltrim(name_new)) as valor from uploadfiles where uploadfile_id='1371';
20240429@094924.1070 dr339sgm6heubks12vk3av4i3u Query : update uploadfiles set whenupdated=current_timestamp where uploadfile_id='1371';
20240429@094924.1088 dr339sgm6heubks12vk3av4i3u Query : use flama_phc
20240429@094924.1092 dr339sgm6heubks12vk3av4i3u Query : select top 1 secretkey valor from u_wsusers u where u.userid = ? and u.inactivo=0
20240429@094924.1104 dr339sgm6heubks12vk3av4i3u Query : use flama_phc
20240429@094924.1107 dr339sgm6heubks12vk3av4i3u Query : select no, estab,szadrsdesc from szadrs where u_coddest=4740
20240429@094924.1147 dr339sgm6heubks12vk3av4i3u Query : select top 1 isnull(design,'') valor from st (nolock) left join stobs (nolock) on st.ref = stobs.ref where st.ref = '324.2224.00.1'
20240429@094924.1299 dr339sgm6heubks12vk3av4i3u Query : select top 1 bistamp valor from bi inner join bo on bo.bostamp=bi.bostamp where bo.ndos =240 and bo.boano =2030 and bo.obrano = 2403022 and bi.ref ='324.2224.00.1' and bi.lordem =1
20240429@094924.1659 dr339sgm6heubks12vk3av4i3u Query : select top 1 isnull(design,'') valor from st (nolock) left join stobs (nolock) on st.ref = stobs.ref where st.ref = '324.2224.00.1'
20240429@094924.1671 dr339sgm6heubks12vk3av4i3u Query : select top 1 bistamp valor from bi inner join bo on bo.bostamp=bi.bostamp where bo.ndos =240 and bo.boano =2030 and bo.obrano = 2403022 and bi.ref ='324.2224.00.1' and bi.lordem =2
20240429@094924.2043 dr339sgm6heubks12vk3av4i3u Query : use flama_phc
20240429@094924.2047 dr339sgm6heubks12vk3av4i3u Query : select top 1 convert(date,fdata) valor from ft where ndoc = 39 and anulado= 0 and fno>0 order by fdata desc
20240429@094924.2061 dr339sgm6heubks12vk3av4i3u Query : use flama_phc
20240429@094924.2064 dr339sgm6heubks12vk3av4i3u Query : select top 1 1 valor from td where td.ndoc = 39
20240429@094924.2074 dr339sgm6heubks12vk3av4i3u Query : use flama_phc
20240429@094924.2077 dr339sgm6heubks12vk3av4i3u Query : select descricao ,case when valor='s' then 1 else 0 end usalotes from para1 where descricao in ('st_lote')
20240429@094924.2091 dr339sgm6heubks12vk3av4i3u Query : select top 1 assinadoc issigned ,td.lancasl stocks ,'cl' origin ,case when (cmsl between 1 and 50 ) then 1 else 0 end entrada ,case when (cmsl>50 ) then 1 else 0 end saida ,~lotestock validatestock ,tiposaft from td inner join td2 on td.tdstamp=td2.td2stamp where td.ndoc =39
20240429@094924.2106 dr339sgm6heubks12vk3av4i3u Query : use flama_phc
20240429@094924.2110 dr339sgm6heubks12vk3av4i3u Query : select top 1 ~inactivo valor from cl where no = '100810' and estab = 0 order by inactivo desc
20240429@094924.2120 dr339sgm6heubks12vk3av4i3u Query : use flama_phc
20240429@094924.2124 dr339sgm6heubks12vk3av4i3u Query : select top 1 tipodoc,regrd from td where ndoc = 39
20240429@094924.2139 dr339sgm6heubks12vk3av4i3u Query : use flama_phc
20240429@094924.2143 dr339sgm6heubks12vk3av4i3u Query : select szadrsstamp valor from szadrs where szadrsdesc='espaÇotrans,lda'
20240429@094924.2154 dr339sgm6heubks12vk3av4i3u Query : use flama_phc
20240429@094924.2157 dr339sgm6heubks12vk3av4i3u Query : select szadrsstamp valor from szadrs where szadrsdesc='100810 - worten-equipamentos para o lar,sa.'
20240429@094924.2173 dr339sgm6heubks12vk3av4i3u Query : use flama_phc
20240429@094924.2176 dr339sgm6heubks12vk3av4i3u Query : select 1 valor from td where ndoc = 39
20240429@094924.2188 dr339sgm6heubks12vk3av4i3u Query : select top 1 manternumero, tiposaft, nmdos,td.assinadoc from td where td.ndoc = 39
20240429@094924.2201 dr339sgm6heubks12vk3av4i3u Query : select 1 valor from information_schema.tables where table_type='base table' and table_name='wsft039fields'
20240429@094924.2216 dr339sgm6heubks12vk3av4i3u Query : select fieldkey,fieldname,fieldtype,mandatory from wsft039fields
20240429@094924.2234 dr339sgm6heubks12vk3av4i3u Query : select 1 valor from information_schema.tables where table_type='base table' and table_name='wsft2039fields'
20240429@094924.2248 dr339sgm6heubks12vk3av4i3u Query : select fieldkey,fieldname,fieldtype,mandatory from wsft2039fields
20240429@094924.2275 dr339sgm6heubks12vk3av4i3u Query : select 1 valor from information_schema.tables where table_type='base table' and table_name='wsft3039fields'
20240429@094924.2288 dr339sgm6heubks12vk3av4i3u Query : select fieldkey,fieldname,fieldtype,mandatory from wsft3039fields
20240429@094924.2298 dr339sgm6heubks12vk3av4i3u Query : select top 1 ft.fno valor from ft ft where ft.ndoc = 39 and ftano=2024 order by fno desc
20240429@094924.2400 dr339sgm6heubks12vk3av4i3u Query : select top 1 ft.fno valor from wsft039data ft where ft.ndoc = 39 and ftano=2024 order by fno desc
20240429@094924.2420 dr339sgm6heubks12vk3av4i3u Query : select 1 valor from information_schema.tables where table_type='base table' and table_name='wsft3039fields'
20240429@094924.2454 dr339sgm6heubks12vk3av4i3u Query : select fieldkey,fieldname,fieldtype,calcformula from wsft3039fields
20240429@094924.2465 dr339sgm6heubks12vk3av4i3u Query : insert into wsft3039data (ft3stamp, ousrdata, ousrhora, usrdata,usrhora,ousrinis,usrinis,taxpointdt ) values ('aut662f562933662f5f1438' ,getdate(),convert(char(8),convert (time,getdate())),getdate(),convert(char(8),convert (time,getdate())),'wsv','wsv',?)
20240429@094924.2641 dr339sgm6heubks12vk3av4i3u Query : select 1 valor from information_schema.tables where table_type='base table' and table_name='wsft2039fields'
20240429@094924.2660 dr339sgm6heubks12vk3av4i3u Query : select fieldkey,fieldname,fieldtype,calcformula from wsft2039fields
20240429@094924.2690 dr339sgm6heubks12vk3av4i3u Query : select top 1 bo.u_nomeenv valor from bo where bo.bostamp=''
20240429@094924.2695 dr339sgm6heubks12vk3av4i3u Query : select top 1 bo.u_moradaen valor from bo where bo.bostamp=''
20240429@094924.2700 dr339sgm6heubks12vk3av4i3u Query : select top 1 bo.u_codposen valor from bo where bo.bostamp=''
20240429@094924.2705 dr339sgm6heubks12vk3av4i3u Query : select top 1 bo.u_localenv valor from bo where bo.bostamp=''
20240429@094924.2710 dr339sgm6heubks12vk3av4i3u Query : select top 1 bo.trab5 valor from bo where bo.bostamp=''
20240429@094924.2717 dr339sgm6heubks12vk3av4i3u Query : select top 1 bo.serie valor from bo where bo.bostamp=''
20240429@094924.2722 dr339sgm6heubks12vk3av4i3u Query : insert into wsft2039data (ft2stamp, ousrdata,ousrhora, usrdata,usrhora,ousrinis,usrinis,u_nomeenv ,u_moradaen ,u_codposen ,u_localenv ,u_coddest ,u_codby ) values ('aut662f562933662f5f1438',getdate(),convert(char(8),convert (time,getdate())),getdate(),convert(char(8),convert (time,getdate())),'wsv','wsv',?,?,?,?,?,?)
20240429@094924.2977 dr339sgm6heubks12vk3av4i3u Query : select top 1 fno valor from wsft039data order by fno desc
20240429@094924.3001 dr339sgm6heubks12vk3av4i3u Query : select 1 valor from information_schema.tables where table_type='base table' and table_name='wsft039fields'
20240429@094924.3016 dr339sgm6heubks12vk3av4i3u Query : select fieldkey,fieldname,fieldtype,calcformula from wsft039fields
20240429@094924.3035 dr339sgm6heubks12vk3av4i3u Query : insert into wsft039data (ftstamp, ousrdata,ousrhora, usrdata,usrhora,ousrinis,usrinis,fno,no,estab,fdata,ndoc,moeda,cambio,cambiofixo,ftano,cdata,chora,carga,descar,site ,classe ) values ('aut662f562933662f5f1438',getdate(),convert(char(8),convert (time,getdate())),getdate(),convert(char(8),convert (time,getdate())),'wsv','wsv',1077,100810,0,'2024-04-29',39,'euro',0,0,2024 ,'20240429','1019',?,?,?,?)
20240429@094924.3315 dr339sgm6heubks12vk3av4i3u Query : use flama_phc
20240429@094924.3320 dr339sgm6heubks12vk3av4i3u Query : select st.usalote valor from st where st.ref = '324.2224.00.1'
20240429@094924.3332 dr339sgm6heubks12vk3av4i3u Query : select top 1 st.tabiva ,st.ivaincl ,st.stns ,st.uni2 ,st.familia ,isnull(tx.taxa, 0) txiva ,unidade ,usalote ,epcpond ,noserie from st left join taxasiva tx on st.tabiva = tx.codigo where st.ref = '324.2224.00.1'
20240429@094924.3482 dr339sgm6heubks12vk3av4i3u Query : select 1 valor from information_schema.tables where table_type='base table' and table_name='wsfi039fields'
20240429@094924.3496 dr339sgm6heubks12vk3av4i3u Query : select fieldkey,fieldname,fieldtype,mandatory from wsfi039fields
20240429@094924.3523 dr339sgm6heubks12vk3av4i3u Query : select 1 valor from information_schema.tables where table_type='base table' and table_name='wsfi2039fields'
20240429@094924.3537 dr339sgm6heubks12vk3av4i3u Query : select fieldkey,fieldname,fieldtype,mandatory from wsfi2039fields
20240429@094924.3542 dr339sgm6heubks12vk3av4i3u Query : select sestamp valor from se where ref ='324.2224.00.1' and lote = 'r2301281600a'
20240429@094924.3561 dr339sgm6heubks12vk3av4i3u Query : select top 1 convert(numeric(6,2),t.taxa) valor from taxasiva t where t.codigo='2'
20240429@094924.3571 dr339sgm6heubks12vk3av4i3u Query : select 1 valor from information_schema.tables where table_type='base table' and table_name='wsfi039fields'
20240429@094924.3584 dr339sgm6heubks12vk3av4i3u Query : select fieldkey,fieldname,fieldtype,calcformula from wsfi039fields
20240429@094924.3608 dr339sgm6heubks12vk3av4i3u Query : insert into wsfi039data (fistamp,ousrdata, ousrhora, usrdata,usrhora,ousrinis,usrinis ,qtt ,ftstamp ,epv,pvmoeda ,tabiva,iva,lordem ,ref, design ,lote,armazem,bistamp ) values ('aut662f516608662f5f1457',getdate(),convert(char(8),convert (time,getdate())),getdate(),convert(char(8),convert (time,getdate())),'wsv','wsv',12.000 ,'aut662f562933662f5f1438' ,0,0 ,2,23.00,10000,?,?,?,?,?)
20240429@094924.3850 dr339sgm6heubks12vk3av4i3u Query : select 1 valor from information_schema.tables where table_type='base table' and table_name='wsfi2039fields'
20240429@094924.3866 dr339sgm6heubks12vk3av4i3u Query : select fieldkey,fieldname,fieldtype,calcformula from wsfi2039fields
20240429@094924.3871 dr339sgm6heubks12vk3av4i3u Query : insert into wsfi2039data (fi2stamp,ftstamp ,ousrdata, ousrhora, usrdata,usrhora,ousrinis,usrinis) values ('aut662f516608662f5f1457','aut662f562933662f5f1438' ,getdate(),convert(char(8),convert (time,getdate())),getdate(),convert(char(8),convert (time,getdate())),'wsv','wsv')
20240429@094924.3876 dr339sgm6heubks12vk3av4i3u Query : use flama_phc
20240429@094924.3879 dr339sgm6heubks12vk3av4i3u Query : select st.usalote valor from st where st.ref = '324.2224.00.1'
20240429@094924.3890 dr339sgm6heubks12vk3av4i3u Query : select top 1 st.tabiva ,st.ivaincl ,st.stns ,st.uni2 ,st.familia ,isnull(tx.taxa, 0) txiva ,unidade ,usalote ,epcpond ,noserie from st left join taxasiva tx on st.tabiva = tx.codigo where st.ref = '324.2224.00.1'
20240429@094924.3907 dr339sgm6heubks12vk3av4i3u Query : select 1 valor from information_schema.tables where table_type='base table' and table_name='wsfi039fields'
20240429@094924.3922 dr339sgm6heubks12vk3av4i3u Query : select fieldkey,fieldname,fieldtype,mandatory from wsfi039fields
20240429@094924.3946 dr339sgm6heubks12vk3av4i3u Query : select 1 valor from information_schema.tables where table_type='base table' and table_name='wsfi2039fields'
20240429@094924.3962 dr339sgm6heubks12vk3av4i3u Query : select fieldkey,fieldname,fieldtype,mandatory from wsfi2039fields
20240429@094924.3967 dr339sgm6heubks12vk3av4i3u Query : select sestamp valor from se where ref ='324.2224.00.1' and lote = 'r2301281600a'
20240429@094924.3978 dr339sgm6heubks12vk3av4i3u Query : select top 1 convert(numeric(6,2),t.taxa) valor from taxasiva t where t.codigo='2'
20240429@094924.3990 dr339sgm6heubks12vk3av4i3u Query : select 1 valor from information_schema.tables where table_type='base table' and table_name='wsfi039fields'
20240429@094924.4007 dr339sgm6heubks12vk3av4i3u Query : select fieldkey,fieldname,fieldtype,calcformula from wsfi039fields
20240429@094924.4034 dr339sgm6heubks12vk3av4i3u Query : insert into wsfi039data (fistamp,ousrdata, ousrhora, usrdata,usrhora,ousrinis,usrinis ,qtt ,ftstamp ,epv,pvmoeda ,tabiva,iva,lordem ,ref, design ,lote,armazem,bistamp ) values ('aut662f594658662f5f1461',getdate(),convert(char(8),convert (time,getdate())),getdate(),convert(char(8),convert (time,getdate())),'wsv','wsv',12.000 ,'aut662f562933662f5f1438' ,0,0 ,2,23.00,20000,?,?,?,?,?)
20240429@094924.4337 dr339sgm6heubks12vk3av4i3u Query : select 1 valor from information_schema.tables where table_type='base table' and table_name='wsfi2039fields'
20240429@094924.4353 dr339sgm6heubks12vk3av4i3u Query : select fieldkey,fieldname,fieldtype,calcformula from wsfi2039fields
20240429@094924.4358 dr339sgm6heubks12vk3av4i3u Query : insert into wsfi2039data (fi2stamp,ftstamp ,ousrdata, ousrhora, usrdata,usrhora,ousrinis,usrinis) values ('aut662f594658662f5f1461','aut662f562933662f5f1438' ,getdate(),convert(char(8),convert (time,getdate())),getdate(),convert(char(8),convert (time,getdate())),'wsv','wsv')
20240429@094924.4363 dr339sgm6heubks12vk3av4i3u Query : insert into wsftcreationlog (initialftstamp,externalid,creationstatus,documenttypeid,idustamp) values ('aut662f562933662f5f1438','2403022','wait',39,'ari17112337378,753000005')
20240429@094924.4381 dr339sgm6heubks12vk3av4i3u Query : use flama_phc
20240429@094924.4385 dr339sgm6heubks12vk3av4i3u Query : update u_wsusers set rqsttoken =? where userid ='userls001'
20240429@094924.4397 dr339sgm6heubks12vk3av4i3u Query : select concat(rtrim(relative_path),ltrim(name_new)) as valor from uploadfiles where uploadfile_id='1371';
20240429@094924.4427 dr339sgm6heubks12vk3av4i3u Query : update uploadfiles set whenupdated=current_timestamp where uploadfile_id='1371';
20240429@094924.4445 dr339sgm6heubks12vk3av4i3u Query : select concat(rtrim(relative_path),ltrim(name_new)) as valor from uploadfiles where uploadfile_id='1371';
20240429@094924.4465 dr339sgm6heubks12vk3av4i3u Query : update uploadfiles set whenupdated=current_timestamp where uploadfile_id='1371';
20240429@094924.6907 n1vvtfrspap7ccmtv5aagg4r5v Query : insert into uploadfiles ( name_original, name_new, option_type, relative_path, whencreated ) values ( ?, ?, ?, ?, getdate() )
20240429@094924.6926 n1vvtfrspap7ccmtv5aagg4r5v Query : select uploadfile_id valor from uploadfiles where name_new = ? and option_type = ? 
20240429@094924.6950 n1vvtfrspap7ccmtv5aagg4r5v Query : select concat(rtrim(relative_path),ltrim(name_new)) as valor from uploadfiles where uploadfile_id='1372';
20240429@094924.6995 n1vvtfrspap7ccmtv5aagg4r5v Query : update uploadfiles set whenupdated=current_timestamp where uploadfile_id='1372';
20240429@094924.7014 n1vvtfrspap7ccmtv5aagg4r5v Query : select concat(rtrim(relative_path),ltrim(name_new)) as valor from uploadfiles where uploadfile_id='1372';
20240429@094924.7030 n1vvtfrspap7ccmtv5aagg4r5v Query : update uploadfiles set whenupdated=current_timestamp where uploadfile_id='1372';
20240429@094924.7049 n1vvtfrspap7ccmtv5aagg4r5v Query : use flama_phc
20240429@094924.7059 n1vvtfrspap7ccmtv5aagg4r5v Query : select top 1 secretkey valor from u_wsusers u where u.userid = ? and u.inactivo=0
20240429@094924.7073 n1vvtfrspap7ccmtv5aagg4r5v Query : use flama_phc
20240429@094924.7076 n1vvtfrspap7ccmtv5aagg4r5v Query : select no, estab,szadrsdesc from szadrs where u_coddest=4740
20240429@094924.7116 n1vvtfrspap7ccmtv5aagg4r5v Query : select top 1 isnull(design,'') valor from st (nolock) left join stobs (nolock) on st.ref = stobs.ref where st.ref = '324.4910.00.1'
20240429@094924.7274 n1vvtfrspap7ccmtv5aagg4r5v Query : select top 1 bistamp valor from bi inner join bo on bo.bostamp=bi.bostamp where bo.ndos =240 and bo.boano =2030 and bo.obrano = 2403023 and bi.ref ='324.4910.00.1' and bi.lordem =1
20240429@094924.7602 n1vvtfrspap7ccmtv5aagg4r5v Query : select top 1 isnull(design,'') valor from st (nolock) left join stobs (nolock) on st.ref = stobs.ref where st.ref = '324.4910.00.1'
20240429@094924.7613 n1vvtfrspap7ccmtv5aagg4r5v Query : select top 1 bistamp valor from bi inner join bo on bo.bostamp=bi.bostamp where bo.ndos =240 and bo.boano =2030 and bo.obrano = 2403023 and bi.ref ='324.4910.00.1' and bi.lordem =1
20240429@094924.7619 n1vvtfrspap7ccmtv5aagg4r5v Query : select top 1 isnull(design,'') valor from st (nolock) left join stobs (nolock) on st.ref = stobs.ref where st.ref = '324.4910.00.1'
20240429@094924.7629 n1vvtfrspap7ccmtv5aagg4r5v Query : select top 1 bistamp valor from bi inner join bo on bo.bostamp=bi.bostamp where bo.ndos =240 and bo.boano =2030 and bo.obrano = 2403023 and bi.ref ='324.4910.00.1' and bi.lordem =1
20240429@094924.7636 n1vvtfrspap7ccmtv5aagg4r5v Query : use flama_phc
20240429@094924.7639 n1vvtfrspap7ccmtv5aagg4r5v Query : select top 1 convert(date,fdata) valor from ft where ndoc = 39 and anulado= 0 and fno>0 order by fdata desc
20240429@094924.7651 n1vvtfrspap7ccmtv5aagg4r5v Query : use flama_phc
20240429@094924.7654 n1vvtfrspap7ccmtv5aagg4r5v Query : select top 1 1 valor from td where td.ndoc = 39
20240429@094924.7664 n1vvtfrspap7ccmtv5aagg4r5v Query : use flama_phc
20240429@094924.7667 n1vvtfrspap7ccmtv5aagg4r5v Query : select descricao ,case when valor='s' then 1 else 0 end usalotes from para1 where descricao in ('st_lote')
20240429@094924.7677 n1vvtfrspap7ccmtv5aagg4r5v Query : select top 1 assinadoc issigned ,td.lancasl stocks ,'cl' origin ,case when (cmsl between 1 and 50 ) then 1 else 0 end entrada ,case when (cmsl>50 ) then 1 else 0 end saida ,~lotestock validatestock ,tiposaft from td inner join td2 on td.tdstamp=td2.td2stamp where td.ndoc =39
20240429@094924.7692 n1vvtfrspap7ccmtv5aagg4r5v Query : use flama_phc
20240429@094924.7695 n1vvtfrspap7ccmtv5aagg4r5v Query : select top 1 ~inactivo valor from cl where no = '100810' and estab = 0 order by inactivo desc
20240429@094924.7704 n1vvtfrspap7ccmtv5aagg4r5v Query : use flama_phc
20240429@094924.7707 n1vvtfrspap7ccmtv5aagg4r5v Query : select top 1 tipodoc,regrd from td where ndoc = 39
20240429@094924.7717 n1vvtfrspap7ccmtv5aagg4r5v Query : use flama_phc
20240429@094924.7720 n1vvtfrspap7ccmtv5aagg4r5v Query : select szadrsstamp valor from szadrs where szadrsdesc='espaÇotrans,lda'
20240429@094924.7729 n1vvtfrspap7ccmtv5aagg4r5v Query : use flama_phc
20240429@094924.7732 n1vvtfrspap7ccmtv5aagg4r5v Query : select szadrsstamp valor from szadrs where szadrsdesc='100810 - worten-equipamentos para o lar,sa.'
20240429@094924.7744 n1vvtfrspap7ccmtv5aagg4r5v Query : use flama_phc
20240429@094924.7746 n1vvtfrspap7ccmtv5aagg4r5v Query : select 1 valor from td where ndoc = 39
20240429@094924.7756 n1vvtfrspap7ccmtv5aagg4r5v Query : select top 1 manternumero, tiposaft, nmdos,td.assinadoc from td where td.ndoc = 39
20240429@094924.7767 n1vvtfrspap7ccmtv5aagg4r5v Query : select 1 valor from information_schema.tables where table_type='base table' and table_name='wsft039fields'
20240429@094924.7781 n1vvtfrspap7ccmtv5aagg4r5v Query : select fieldkey,fieldname,fieldtype,mandatory from wsft039fields
20240429@094924.7798 n1vvtfrspap7ccmtv5aagg4r5v Query : select 1 valor from information_schema.tables where table_type='base table' and table_name='wsft2039fields'
20240429@094924.7812 n1vvtfrspap7ccmtv5aagg4r5v Query : select fieldkey,fieldname,fieldtype,mandatory from wsft2039fields
20240429@094924.7846 n1vvtfrspap7ccmtv5aagg4r5v Query : select 1 valor from information_schema.tables where table_type='base table' and table_name='wsft3039fields'
20240429@094924.7871 n1vvtfrspap7ccmtv5aagg4r5v Query : select fieldkey,fieldname,fieldtype,mandatory from wsft3039fields
20240429@094924.7881 n1vvtfrspap7ccmtv5aagg4r5v Query : select top 1 ft.fno valor from ft ft where ft.ndoc = 39 and ftano=2024 order by fno desc
20240429@094924.7973 n1vvtfrspap7ccmtv5aagg4r5v Query : select top 1 ft.fno valor from wsft039data ft where ft.ndoc = 39 and ftano=2024 order by fno desc
20240429@094924.7985 n1vvtfrspap7ccmtv5aagg4r5v Query : select 1 valor from information_schema.tables where table_type='base table' and table_name='wsft3039fields'
20240429@094924.7998 n1vvtfrspap7ccmtv5aagg4r5v Query : select fieldkey,fieldname,fieldtype,calcformula from wsft3039fields
20240429@094924.8008 n1vvtfrspap7ccmtv5aagg4r5v Query : insert into wsft3039data (ft3stamp, ousrdata, ousrhora, usrdata,usrhora,ousrinis,usrinis,taxpointdt ) values ('aut662f597590662f5f14c0' ,getdate(),convert(char(8),convert (time,getdate())),getdate(),convert(char(8),convert (time,getdate())),'wsv','wsv',?)
20240429@094924.8278 n1vvtfrspap7ccmtv5aagg4r5v Query : select 1 valor from information_schema.tables where table_type='base table' and table_name='wsft2039fields'
20240429@094924.8580 n1vvtfrspap7ccmtv5aagg4r5v Query : select fieldkey,fieldname,fieldtype,calcformula from wsft2039fields
20240429@094924.8684 n1vvtfrspap7ccmtv5aagg4r5v Query : select top 1 bo.u_nomeenv valor from bo where bo.bostamp=''
20240429@094924.8689 n1vvtfrspap7ccmtv5aagg4r5v Query : select top 1 bo.u_moradaen valor from bo where bo.bostamp=''
20240429@094924.8694 n1vvtfrspap7ccmtv5aagg4r5v Query : select top 1 bo.u_codposen valor from bo where bo.bostamp=''
20240429@094924.8698 n1vvtfrspap7ccmtv5aagg4r5v Query : select top 1 bo.u_localenv valor from bo where bo.bostamp=''
20240429@094924.8702 n1vvtfrspap7ccmtv5aagg4r5v Query : select top 1 bo.trab5 valor from bo where bo.bostamp=''
20240429@094924.8741 n1vvtfrspap7ccmtv5aagg4r5v Query : select top 1 bo.serie valor from bo where bo.bostamp=''
20240429@094924.8787 n1vvtfrspap7ccmtv5aagg4r5v Query : insert into wsft2039data (ft2stamp, ousrdata,ousrhora, usrdata,usrhora,ousrinis,usrinis,u_nomeenv ,u_moradaen ,u_codposen ,u_localenv ,u_coddest ,u_codby ) values ('aut662f597590662f5f14c0',getdate(),convert(char(8),convert (time,getdate())),getdate(),convert(char(8),convert (time,getdate())),'wsv','wsv',?,?,?,?,?,?)
20240429@094924.9220 n1vvtfrspap7ccmtv5aagg4r5v Query : select top 1 fno valor from wsft039data order by fno desc
20240429@094924.9258 n1vvtfrspap7ccmtv5aagg4r5v Query : select 1 valor from information_schema.tables where table_type='base table' and table_name='wsft039fields'
20240429@094924.9357 n1vvtfrspap7ccmtv5aagg4r5v Query : select fieldkey,fieldname,fieldtype,calcformula from wsft039fields
20240429@094924.9436 n1vvtfrspap7ccmtv5aagg4r5v Query : insert into wsft039data (ftstamp, ousrdata,ousrhora, usrdata,usrhora,ousrinis,usrinis,fno,no,estab,fdata,ndoc,moeda,cambio,cambiofixo,ftano,cdata,chora,carga,descar,site ,classe ) values ('aut662f597590662f5f14c0',getdate(),convert(char(8),convert (time,getdate())),getdate(),convert(char(8),convert (time,getdate())),'wsv','wsv',1078,100810,0,'2024-04-29',39,'euro',0,0,2024 ,'20240429','1019',?,?,?,?)
20240429@094924.9731 n1vvtfrspap7ccmtv5aagg4r5v Query : use flama_phc
20240429@094924.9753 n1vvtfrspap7ccmtv5aagg4r5v Query : select st.usalote valor from st where st.ref = '324.4910.00.1'
20240429@094924.9905 n1vvtfrspap7ccmtv5aagg4r5v Query : select top 1 st.tabiva ,st.ivaincl ,st.stns ,st.uni2 ,st.familia ,isnull(tx.taxa, 0) txiva ,unidade ,usalote ,epcpond ,noserie from st left join taxasiva tx on st.tabiva = tx.codigo where st.ref = '324.4910.00.1'
20240429@094925.2280 n1vvtfrspap7ccmtv5aagg4r5v Query : select 1 valor from information_schema.tables where table_type='base table' and table_name='wsfi039fields'
20240429@094925.2470 n1vvtfrspap7ccmtv5aagg4r5v Query : select fieldkey,fieldname,fieldtype,mandatory from wsfi039fields
20240429@094925.2870 n1vvtfrspap7ccmtv5aagg4r5v Query : select 1 valor from information_schema.tables where table_type='base table' and table_name='wsfi2039fields'
20240429@094925.3090 n1vvtfrspap7ccmtv5aagg4r5v Query : select fieldkey,fieldname,fieldtype,mandatory from wsfi2039fields
20240429@094925.3180 n1vvtfrspap7ccmtv5aagg4r5v Query : select sestamp valor from se where ref ='324.4910.00.1' and lote = 'r2100754100a'
20240429@094925.3370 n1vvtfrspap7ccmtv5aagg4r5v Query : select top 1 convert(numeric(6,2),t.taxa) valor from taxasiva t where t.codigo='2'
20240429@094925.3460 n1vvtfrspap7ccmtv5aagg4r5v Query : select 1 valor from information_schema.tables where table_type='base table' and table_name='wsfi039fields'
20240429@094925.3590 n1vvtfrspap7ccmtv5aagg4r5v Query : select fieldkey,fieldname,fieldtype,calcformula from wsfi039fields
20240429@094925.3810 n1vvtfrspap7ccmtv5aagg4r5v Query : insert into wsfi039data (fistamp,ousrdata, ousrhora, usrdata,usrhora,ousrinis,usrinis ,qtt ,ftstamp ,epv,pvmoeda ,tabiva,iva,lordem ,ref, design ,lote,armazem,bistamp ) values ('aut662f599243662f5f1508',getdate(),convert(char(8),convert (time,getdate())),getdate(),convert(char(8),convert (time,getdate())),'wsv','wsv',42.000 ,'aut662f597590662f5f14c0' ,0,0 ,2,23.00,10000,?,?,?,?,?)
20240429@094925.6470 n1vvtfrspap7ccmtv5aagg4r5v Query : select 1 valor from information_schema.tables where table_type='base table' and table_name='wsfi2039fields'
20240429@094925.6620 n1vvtfrspap7ccmtv5aagg4r5v Query : select fieldkey,fieldname,fieldtype,calcformula from wsfi2039fields
20240429@094925.6660 n1vvtfrspap7ccmtv5aagg4r5v Query : insert into wsfi2039data (fi2stamp,ftstamp ,ousrdata, ousrhora, usrdata,usrhora,ousrinis,usrinis) values ('aut662f599243662f5f1508','aut662f597590662f5f14c0' ,getdate(),convert(char(8),convert (time,getdate())),getdate(),convert(char(8),convert (time,getdate())),'wsv','wsv')
20240429@094925.6710 n1vvtfrspap7ccmtv5aagg4r5v Query : use flama_phc
20240429@094925.6740 n1vvtfrspap7ccmtv5aagg4r5v Query : select st.usalote valor from st where st.ref = '324.4910.00.1'
20240429@094925.6840 n1vvtfrspap7ccmtv5aagg4r5v Query : select top 1 st.tabiva ,st.ivaincl ,st.stns ,st.uni2 ,st.familia ,isnull(tx.taxa, 0) txiva ,unidade ,usalote ,epcpond ,noserie from st left join taxasiva tx on st.tabiva = tx.codigo where st.ref = '324.4910.00.1'
20240429@094925.6950 n1vvtfrspap7ccmtv5aagg4r5v Query : select 1 valor from information_schema.tables where table_type='base table' and table_name='wsfi039fields'
20240429@094925.7080 n1vvtfrspap7ccmtv5aagg4r5v Query : select fieldkey,fieldname,fieldtype,mandatory from wsfi039fields
20240429@094925.7300 n1vvtfrspap7ccmtv5aagg4r5v Query : select 1 valor from information_schema.tables where table_type='base table' and table_name='wsfi2039fields'
20240429@094925.7420 n1vvtfrspap7ccmtv5aagg4r5v Query : select fieldkey,fieldname,fieldtype,mandatory from wsfi2039fields
20240429@094925.7460 n1vvtfrspap7ccmtv5aagg4r5v Query : select sestamp valor from se where ref ='324.4910.00.1' and lote = 'r2100754100a'
20240429@094925.8400 n1vvtfrspap7ccmtv5aagg4r5v Query : select top 1 convert(numeric(6,2),t.taxa) valor from taxasiva t where t.codigo='2'
20240429@094925.8510 n1vvtfrspap7ccmtv5aagg4r5v Query : select 1 valor from information_schema.tables where table_type='base table' and table_name='wsfi039fields'
20240429@094925.8640 n1vvtfrspap7ccmtv5aagg4r5v Query : select fieldkey,fieldname,fieldtype,calcformula from wsfi039fields
20240429@094925.9210 n1vvtfrspap7ccmtv5aagg4r5v Query : insert into wsfi039data (fistamp,ousrdata, ousrhora, usrdata,usrhora,ousrinis,usrinis ,qtt ,ftstamp ,epv,pvmoeda ,tabiva,iva,lordem ,ref, design ,lote,armazem,bistamp ) values ('aut662f503607662f5f1514',getdate(),convert(char(8),convert (time,getdate())),getdate(),convert(char(8),convert (time,getdate())),'wsv','wsv',12.000 ,'aut662f597590662f5f14c0' ,0,0 ,2,23.00,20000,?,?,?,?,?)
20240429@094925.1165 n1vvtfrspap7ccmtv5aagg4r5v Query : select 1 valor from information_schema.tables where table_type='base table' and table_name='wsfi2039fields'
20240429@094925.1180 n1vvtfrspap7ccmtv5aagg4r5v Query : select fieldkey,fieldname,fieldtype,calcformula from wsfi2039fields
20240429@094925.1184 n1vvtfrspap7ccmtv5aagg4r5v Query : insert into wsfi2039data (fi2stamp,ftstamp ,ousrdata, ousrhora, usrdata,usrhora,ousrinis,usrinis) values ('aut662f503607662f5f1514','aut662f597590662f5f14c0' ,getdate(),convert(char(8),convert (time,getdate())),getdate(),convert(char(8),convert (time,getdate())),'wsv','wsv')
20240429@094925.1188 n1vvtfrspap7ccmtv5aagg4r5v Query : use flama_phc
20240429@094925.1192 n1vvtfrspap7ccmtv5aagg4r5v Query : select st.usalote valor from st where st.ref = '324.4910.00.1'
20240429@094925.1202 n1vvtfrspap7ccmtv5aagg4r5v Query : select top 1 st.tabiva ,st.ivaincl ,st.stns ,st.uni2 ,st.familia ,isnull(tx.taxa, 0) txiva ,unidade ,usalote ,epcpond ,noserie from st left join taxasiva tx on st.tabiva = tx.codigo where st.ref = '324.4910.00.1'
20240429@094925.1213 n1vvtfrspap7ccmtv5aagg4r5v Query : select 1 valor from information_schema.tables where table_type='base table' and table_name='wsfi039fields'
20240429@094925.1225 n1vvtfrspap7ccmtv5aagg4r5v Query : select fieldkey,fieldname,fieldtype,mandatory from wsfi039fields
20240429@094925.1247 n1vvtfrspap7ccmtv5aagg4r5v Query : select 1 valor from information_schema.tables where table_type='base table' and table_name='wsfi2039fields'
20240429@094925.1259 n1vvtfrspap7ccmtv5aagg4r5v Query : select fieldkey,fieldname,fieldtype,mandatory from wsfi2039fields
20240429@094925.1263 n1vvtfrspap7ccmtv5aagg4r5v Query : select sestamp valor from se where ref ='324.4910.00.1' and lote = 'r2100754100a'
20240429@094925.1311 n1vvtfrspap7ccmtv5aagg4r5v Query : select top 1 convert(numeric(6,2),t.taxa) valor from taxasiva t where t.codigo='2'
20240429@094925.1321 n1vvtfrspap7ccmtv5aagg4r5v Query : select 1 valor from information_schema.tables where table_type='base table' and table_name='wsfi039fields'
20240429@094925.1335 n1vvtfrspap7ccmtv5aagg4r5v Query : select fieldkey,fieldname,fieldtype,calcformula from wsfi039fields
20240429@094925.1359 n1vvtfrspap7ccmtv5aagg4r5v Query : insert into wsfi039data (fistamp,ousrdata, ousrhora, usrdata,usrhora,ousrinis,usrinis ,qtt ,ftstamp ,epv,pvmoeda ,tabiva,iva,lordem ,ref, design ,lote,armazem,bistamp ) values ('aut662f528223662f5f1520',getdate(),convert(char(8),convert (time,getdate())),getdate(),convert(char(8),convert (time,getdate())),'wsv','wsv',144.000 ,'aut662f597590662f5f14c0' ,0,0 ,2,23.00,30000,?,?,?,?,?)
20240429@094925.1604 n1vvtfrspap7ccmtv5aagg4r5v Query : select 1 valor from information_schema.tables where table_type='base table' and table_name='wsfi2039fields'
20240429@094925.1619 n1vvtfrspap7ccmtv5aagg4r5v Query : select fieldkey,fieldname,fieldtype,calcformula from wsfi2039fields
20240429@094925.1624 n1vvtfrspap7ccmtv5aagg4r5v Query : insert into wsfi2039data (fi2stamp,ftstamp ,ousrdata, ousrhora, usrdata,usrhora,ousrinis,usrinis) values ('aut662f528223662f5f1520','aut662f597590662f5f14c0' ,getdate(),convert(char(8),convert (time,getdate())),getdate(),convert(char(8),convert (time,getdate())),'wsv','wsv')
20240429@094925.1628 n1vvtfrspap7ccmtv5aagg4r5v Query : insert into wsftcreationlog (initialftstamp,externalid,creationstatus,documenttypeid,idustamp) values ('aut662f597590662f5f14c0','2403023','wait',39,'ari17112337378,753000005')
20240429@094925.1645 n1vvtfrspap7ccmtv5aagg4r5v Query : use flama_phc
20240429@094925.1648 n1vvtfrspap7ccmtv5aagg4r5v Query : update u_wsusers set rqsttoken =? where userid ='userls001'
20240429@094925.1659 n1vvtfrspap7ccmtv5aagg4r5v Query : select concat(rtrim(relative_path),ltrim(name_new)) as valor from uploadfiles where uploadfile_id='1372';
20240429@094925.1677 n1vvtfrspap7ccmtv5aagg4r5v Query : update uploadfiles set whenupdated=current_timestamp where uploadfile_id='1372';
20240429@094925.1693 n1vvtfrspap7ccmtv5aagg4r5v Query : select concat(rtrim(relative_path),ltrim(name_new)) as valor from uploadfiles where uploadfile_id='1372';
20240429@094925.1711 n1vvtfrspap7ccmtv5aagg4r5v Query : update uploadfiles set whenupdated=current_timestamp where uploadfile_id='1372';
20240429@094925.2197 bo83he6qpu05to83n581auhrba Query : insert into uploadfiles ( name_original, name_new, option_type, relative_path, whencreated ) values ( ?, ?, ?, ?, getdate() )
20240429@094925.2216 bo83he6qpu05to83n581auhrba Query : select uploadfile_id valor from uploadfiles where name_new = ? and option_type = ? 
20240429@094925.2238 bo83he6qpu05to83n581auhrba Query : select concat(rtrim(relative_path),ltrim(name_new)) as valor from uploadfiles where uploadfile_id='1373';
20240429@094925.2281 bo83he6qpu05to83n581auhrba Query : update uploadfiles set whenupdated=current_timestamp where uploadfile_id='1373';
20240429@094925.2301 bo83he6qpu05to83n581auhrba Query : select concat(rtrim(relative_path),ltrim(name_new)) as valor from uploadfiles where uploadfile_id='1373';
20240429@094925.2317 bo83he6qpu05to83n581auhrba Query : update uploadfiles set whenupdated=current_timestamp where uploadfile_id='1373';
20240429@094925.2339 bo83he6qpu05to83n581auhrba Query : use flama_phc
20240429@094925.2343 bo83he6qpu05to83n581auhrba Query : select top 1 secretkey valor from u_wsusers u where u.userid = ? and u.inactivo=0
20240429@094925.2356 bo83he6qpu05to83n581auhrba Query : use flama_phc
20240429@094925.2359 bo83he6qpu05to83n581auhrba Query : select no, estab,szadrsdesc from szadrs where u_coddest=4740
20240429@094925.2397 bo83he6qpu05to83n581auhrba Query : select top 1 isnull(design,'') valor from st (nolock) left join stobs (nolock) on st.ref = stobs.ref where st.ref = '324.2223.00.1'
20240429@094925.2565 bo83he6qpu05to83n581auhrba Query : select top 1 bistamp valor from bi inner join bo on bo.bostamp=bi.bostamp where bo.ndos =240 and bo.boano =2030 and bo.obrano = 2403024 and bi.ref ='324.2223.00.1' and bi.lordem =1
20240429@094925.2902 bo83he6qpu05to83n581auhrba Query : use flama_phc
20240429@094925.2905 bo83he6qpu05to83n581auhrba Query : select top 1 convert(date,fdata) valor from ft where ndoc = 39 and anulado= 0 and fno>0 order by fdata desc
20240429@094925.2918 bo83he6qpu05to83n581auhrba Query : use flama_phc
20240429@094925.2922 bo83he6qpu05to83n581auhrba Query : select top 1 1 valor from td where td.ndoc = 39
20240429@094925.2931 bo83he6qpu05to83n581auhrba Query : use flama_phc
20240429@094925.2934 bo83he6qpu05to83n581auhrba Query : select descricao ,case when valor='s' then 1 else 0 end usalotes from para1 where descricao in ('st_lote')
20240429@094925.2946 bo83he6qpu05to83n581auhrba Query : select top 1 assinadoc issigned ,td.lancasl stocks ,'cl' origin ,case when (cmsl between 1 and 50 ) then 1 else 0 end entrada ,case when (cmsl>50 ) then 1 else 0 end saida ,~lotestock validatestock ,tiposaft from td inner join td2 on td.tdstamp=td2.td2stamp where td.ndoc =39
20240429@094925.2960 bo83he6qpu05to83n581auhrba Query : use flama_phc
20240429@094925.2963 bo83he6qpu05to83n581auhrba Query : select top 1 ~inactivo valor from cl where no = '100810' and estab = 0 order by inactivo desc
20240429@094925.2981 bo83he6qpu05to83n581auhrba Query : use flama_phc
20240429@094925.2984 bo83he6qpu05to83n581auhrba Query : select top 1 tipodoc,regrd from td where ndoc = 39
20240429@094925.2994 bo83he6qpu05to83n581auhrba Query : use flama_phc
20240429@094925.2997 bo83he6qpu05to83n581auhrba Query : select szadrsstamp valor from szadrs where szadrsdesc='espaÇotrans,lda'
20240429@094925.3007 bo83he6qpu05to83n581auhrba Query : use flama_phc
20240429@094925.3011 bo83he6qpu05to83n581auhrba Query : select szadrsstamp valor from szadrs where szadrsdesc='100810 - worten-equipamentos para o lar,sa.'
20240429@094925.3023 bo83he6qpu05to83n581auhrba Query : use flama_phc
20240429@094925.3026 bo83he6qpu05to83n581auhrba Query : select 1 valor from td where ndoc = 39
20240429@094925.3063 bo83he6qpu05to83n581auhrba Query : select top 1 manternumero, tiposaft, nmdos,td.assinadoc from td where td.ndoc = 39
20240429@094925.3076 bo83he6qpu05to83n581auhrba Query : select 1 valor from information_schema.tables where table_type='base table' and table_name='wsft039fields'
20240429@094925.3091 bo83he6qpu05to83n581auhrba Query : select fieldkey,fieldname,fieldtype,mandatory from wsft039fields
20240429@094925.3108 bo83he6qpu05to83n581auhrba Query : select 1 valor from information_schema.tables where table_type='base table' and table_name='wsft2039fields'
20240429@094925.3121 bo83he6qpu05to83n581auhrba Query : select fieldkey,fieldname,fieldtype,mandatory from wsft2039fields
20240429@094925.3151 bo83he6qpu05to83n581auhrba Query : select 1 valor from information_schema.tables where table_type='base table' and table_name='wsft3039fields'
20240429@094925.3165 bo83he6qpu05to83n581auhrba Query : select fieldkey,fieldname,fieldtype,mandatory from wsft3039fields
20240429@094925.3176 bo83he6qpu05to83n581auhrba Query : select top 1 ft.fno valor from ft ft where ft.ndoc = 39 and ftano=2024 order by fno desc
20240429@094925.3270 bo83he6qpu05to83n581auhrba Query : select top 1 ft.fno valor from wsft039data ft where ft.ndoc = 39 and ftano=2024 order by fno desc
20240429@094925.3280 bo83he6qpu05to83n581auhrba Query : select 1 valor from information_schema.tables where table_type='base table' and table_name='wsft3039fields'
20240429@094925.3295 bo83he6qpu05to83n581auhrba Query : select fieldkey,fieldname,fieldtype,calcformula from wsft3039fields
20240429@094925.3306 bo83he6qpu05to83n581auhrba Query : insert into wsft3039data (ft3stamp, ousrdata, ousrhora, usrdata,usrhora,ousrinis,usrinis,taxpointdt ) values ('aut662f535211662f5f154d' ,getdate(),convert(char(8),convert (time,getdate())),getdate(),convert(char(8),convert (time,getdate())),'wsv','wsv',?)
20240429@094925.3635 bo83he6qpu05to83n581auhrba Query : select 1 valor from information_schema.tables where table_type='base table' and table_name='wsft2039fields'
20240429@094925.4893 bo83he6qpu05to83n581auhrba Query : select fieldkey,fieldname,fieldtype,calcformula from wsft2039fields
20240429@094925.4927 bo83he6qpu05to83n581auhrba Query : select top 1 bo.u_nomeenv valor from bo where bo.bostamp=''
20240429@094925.4932 bo83he6qpu05to83n581auhrba Query : select top 1 bo.u_moradaen valor from bo where bo.bostamp=''
20240429@094925.4938 bo83he6qpu05to83n581auhrba Query : select top 1 bo.u_codposen valor from bo where bo.bostamp=''
20240429@094925.4956 bo83he6qpu05to83n581auhrba Query : select top 1 bo.u_localenv valor from bo where bo.bostamp=''
20240429@094925.4963 bo83he6qpu05to83n581auhrba Query : select top 1 bo.trab5 valor from bo where bo.bostamp=''
20240429@094925.4969 bo83he6qpu05to83n581auhrba Query : select top 1 bo.serie valor from bo where bo.bostamp=''
20240429@094925.4976 bo83he6qpu05to83n581auhrba Query : insert into wsft2039data (ft2stamp, ousrdata,ousrhora, usrdata,usrhora,ousrinis,usrinis,u_nomeenv ,u_moradaen ,u_codposen ,u_localenv ,u_coddest ,u_codby ) values ('aut662f535211662f5f154d',getdate(),convert(char(8),convert (time,getdate())),getdate(),convert(char(8),convert (time,getdate())),'wsv','wsv',?,?,?,?,?,?)
20240429@094925.5214 bo83he6qpu05to83n581auhrba Query : select top 1 fno valor from wsft039data order by fno desc
20240429@094925.5238 bo83he6qpu05to83n581auhrba Query : select 1 valor from information_schema.tables where table_type='base table' and table_name='wsft039fields'
20240429@094925.5254 bo83he6qpu05to83n581auhrba Query : select fieldkey,fieldname,fieldtype,calcformula from wsft039fields
20240429@094925.5274 bo83he6qpu05to83n581auhrba Query : insert into wsft039data (ftstamp, ousrdata,ousrhora, usrdata,usrhora,ousrinis,usrinis,fno,no,estab,fdata,ndoc,moeda,cambio,cambiofixo,ftano,cdata,chora,carga,descar,site ,classe ) values ('aut662f535211662f5f154d',getdate(),convert(char(8),convert (time,getdate())),getdate(),convert(char(8),convert (time,getdate())),'wsv','wsv',1079,100810,0,'2024-04-29',39,'euro',0,0,2024 ,'20240429','1019',?,?,?,?)
20240429@094925.5627 bo83he6qpu05to83n581auhrba Query : use flama_phc
20240429@094925.5633 bo83he6qpu05to83n581auhrba Query : select st.usalote valor from st where st.ref = '324.2223.00.1'
20240429@094925.5648 bo83he6qpu05to83n581auhrba Query : select top 1 st.tabiva ,st.ivaincl ,st.stns ,st.uni2 ,st.familia ,isnull(tx.taxa, 0) txiva ,unidade ,usalote ,epcpond ,noserie from st left join taxasiva tx on st.tabiva = tx.codigo where st.ref = '324.2223.00.1'
20240429@094925.5901 bo83he6qpu05to83n581auhrba Query : select 1 valor from information_schema.tables where table_type='base table' and table_name='wsfi039fields'
20240429@094925.5920 bo83he6qpu05to83n581auhrba Query : select fieldkey,fieldname,fieldtype,mandatory from wsfi039fields
20240429@094925.5946 bo83he6qpu05to83n581auhrba Query : select 1 valor from information_schema.tables where table_type='base table' and table_name='wsfi2039fields'
20240429@094925.5962 bo83he6qpu05to83n581auhrba Query : select fieldkey,fieldname,fieldtype,mandatory from wsfi2039fields
20240429@094925.5967 bo83he6qpu05to83n581auhrba Query : select sestamp valor from se where ref ='324.2223.00.1' and lote = 'r2301281500a'
20240429@094925.5981 bo83he6qpu05to83n581auhrba Query : select top 1 convert(numeric(6,2),t.taxa) valor from taxasiva t where t.codigo='2'
20240429@094925.5990 bo83he6qpu05to83n581auhrba Query : select 1 valor from information_schema.tables where table_type='base table' and table_name='wsfi039fields'
20240429@094925.6004 bo83he6qpu05to83n581auhrba Query : select fieldkey,fieldname,fieldtype,calcformula from wsfi039fields
20240429@094925.6304 bo83he6qpu05to83n581auhrba Query : insert into wsfi039data (fistamp,ousrdata, ousrhora, usrdata,usrhora,ousrinis,usrinis ,qtt ,ftstamp ,epv,pvmoeda ,tabiva,iva,lordem ,ref, design ,lote,armazem,bistamp ) values ('aut662f515993662f5f1592',getdate(),convert(char(8),convert (time,getdate())),getdate(),convert(char(8),convert (time,getdate())),'wsv','wsv',16.000 ,'aut662f535211662f5f154d' ,0,0 ,2,23.00,10000,?,?,?,?,?)
20240429@094925.6728 bo83he6qpu05to83n581auhrba Query : select 1 valor from information_schema.tables where table_type='base table' and table_name='wsfi2039fields'
20240429@094925.6770 bo83he6qpu05to83n581auhrba Query : select fieldkey,fieldname,fieldtype,calcformula from wsfi2039fields
20240429@094925.6780 bo83he6qpu05to83n581auhrba Query : insert into wsfi2039data (fi2stamp,ftstamp ,ousrdata, ousrhora, usrdata,usrhora,ousrinis,usrinis) values ('aut662f515993662f5f1592','aut662f535211662f5f154d' ,getdate(),convert(char(8),convert (time,getdate())),getdate(),convert(char(8),convert (time,getdate())),'wsv','wsv')
20240429@094925.6791 bo83he6qpu05to83n581auhrba Query : insert into wsftcreationlog (initialftstamp,externalid,creationstatus,documenttypeid,idustamp) values ('aut662f535211662f5f154d','2403024','wait',39,'ari17112337378,753000005')
20240429@094925.6868 bo83he6qpu05to83n581auhrba Query : use flama_phc
20240429@094925.6872 bo83he6qpu05to83n581auhrba Query : update u_wsusers set rqsttoken =? where userid ='userls001'
20240429@094925.6889 bo83he6qpu05to83n581auhrba Query : select concat(rtrim(relative_path),ltrim(name_new)) as valor from uploadfiles where uploadfile_id='1373';
20240429@094925.6910 bo83he6qpu05to83n581auhrba Query : update uploadfiles set whenupdated=current_timestamp where uploadfile_id='1373';
20240429@094925.6931 bo83he6qpu05to83n581auhrba Query : select concat(rtrim(relative_path),ltrim(name_new)) as valor from uploadfiles where uploadfile_id='1373';
20240429@094925.6949 bo83he6qpu05to83n581auhrba Query : update uploadfiles set whenupdated=current_timestamp where uploadfile_id='1373';
20240429@094925.7426 bevhdillpbtd0hb79tlckcj6s7 Query : insert into uploadfiles ( name_original, name_new, option_type, relative_path, whencreated ) values ( ?, ?, ?, ?, getdate() )
20240429@094925.7518 bevhdillpbtd0hb79tlckcj6s7 Query : select uploadfile_id valor from uploadfiles where name_new = ? and option_type = ? 
20240429@094925.7576 bevhdillpbtd0hb79tlckcj6s7 Query : select concat(rtrim(relative_path),ltrim(name_new)) as valor from uploadfiles where uploadfile_id='1374';
20240429@094925.7625 bevhdillpbtd0hb79tlckcj6s7 Query : update uploadfiles set whenupdated=current_timestamp where uploadfile_id='1374';
20240429@094925.7644 bevhdillpbtd0hb79tlckcj6s7 Query : select concat(rtrim(relative_path),ltrim(name_new)) as valor from uploadfiles where uploadfile_id='1374';
20240429@094925.7657 bevhdillpbtd0hb79tlckcj6s7 Query : update uploadfiles set whenupdated=current_timestamp where uploadfile_id='1374';
20240429@094925.7673 bevhdillpbtd0hb79tlckcj6s7 Query : use flama_phc
20240429@094925.7692 bevhdillpbtd0hb79tlckcj6s7 Query : select top 1 secretkey valor from u_wsusers u where u.userid = ? and u.inactivo=0
20240429@094925.7705 bevhdillpbtd0hb79tlckcj6s7 Query : use flama_phc
20240429@094925.7708 bevhdillpbtd0hb79tlckcj6s7 Query : select no, estab,szadrsdesc from szadrs where u_coddest=4740
20240429@094925.7748 bevhdillpbtd0hb79tlckcj6s7 Query : select top 1 isnull(design,'') valor from st (nolock) left join stobs (nolock) on st.ref = stobs.ref where st.ref = '324.4966.00.1'
20240429@094925.7901 bevhdillpbtd0hb79tlckcj6s7 Query : select top 1 bistamp valor from bi inner join bo on bo.bostamp=bi.bostamp where bo.ndos =240 and bo.boano =2030 and bo.obrano = 2403025 and bi.ref ='324.4966.00.1' and bi.lordem =1
20240429@094925.8246 bevhdillpbtd0hb79tlckcj6s7 Query : select top 1 isnull(design,'') valor from st (nolock) left join stobs (nolock) on st.ref = stobs.ref where st.ref = '324.4966.00.1'
20240429@094925.8259 bevhdillpbtd0hb79tlckcj6s7 Query : select top 1 bistamp valor from bi inner join bo on bo.bostamp=bi.bostamp where bo.ndos =240 and bo.boano =2030 and bo.obrano = 2403025 and bi.ref ='324.4966.00.1' and bi.lordem =1
20240429@094925.8265 bevhdillpbtd0hb79tlckcj6s7 Query : use flama_phc
20240429@094925.8268 bevhdillpbtd0hb79tlckcj6s7 Query : select top 1 convert(date,fdata) valor from ft where ndoc = 39 and anulado= 0 and fno>0 order by fdata desc
20240429@094925.8283 bevhdillpbtd0hb79tlckcj6s7 Query : use flama_phc
20240429@094925.8286 bevhdillpbtd0hb79tlckcj6s7 Query : select top 1 1 valor from td where td.ndoc = 39
20240429@094925.8297 bevhdillpbtd0hb79tlckcj6s7 Query : use flama_phc
20240429@094925.8300 bevhdillpbtd0hb79tlckcj6s7 Query : select descricao ,case when valor='s' then 1 else 0 end usalotes from para1 where descricao in ('st_lote')
20240429@094925.8327 bevhdillpbtd0hb79tlckcj6s7 Query : select top 1 assinadoc issigned ,td.lancasl stocks ,'cl' origin ,case when (cmsl between 1 and 50 ) then 1 else 0 end entrada ,case when (cmsl>50 ) then 1 else 0 end saida ,~lotestock validatestock ,tiposaft from td inner join td2 on td.tdstamp=td2.td2stamp where td.ndoc =39
20240429@094925.8342 bevhdillpbtd0hb79tlckcj6s7 Query : use flama_phc
20240429@094925.8345 bevhdillpbtd0hb79tlckcj6s7 Query : select top 1 ~inactivo valor from cl where no = '100810' and estab = 0 order by inactivo desc
20240429@094925.8356 bevhdillpbtd0hb79tlckcj6s7 Query : use flama_phc
20240429@094925.8359 bevhdillpbtd0hb79tlckcj6s7 Query : select top 1 tipodoc,regrd from td where ndoc = 39
20240429@094925.8370 bevhdillpbtd0hb79tlckcj6s7 Query : use flama_phc
20240429@094925.8373 bevhdillpbtd0hb79tlckcj6s7 Query : select szadrsstamp valor from szadrs where szadrsdesc='espaÇotrans,lda'
20240429@094925.8383 bevhdillpbtd0hb79tlckcj6s7 Query : use flama_phc
20240429@094925.8386 bevhdillpbtd0hb79tlckcj6s7 Query : select szadrsstamp valor from szadrs where szadrsdesc='100810 - worten-equipamentos para o lar,sa.'
20240429@094925.8398 bevhdillpbtd0hb79tlckcj6s7 Query : use flama_phc
20240429@094925.8402 bevhdillpbtd0hb79tlckcj6s7 Query : select 1 valor from td where ndoc = 39
20240429@094925.8411 bevhdillpbtd0hb79tlckcj6s7 Query : select top 1 manternumero, tiposaft, nmdos,td.assinadoc from td where td.ndoc = 39
20240429@094925.8423 bevhdillpbtd0hb79tlckcj6s7 Query : select 1 valor from information_schema.tables where table_type='base table' and table_name='wsft039fields'
20240429@094925.8438 bevhdillpbtd0hb79tlckcj6s7 Query : select fieldkey,fieldname,fieldtype,mandatory from wsft039fields
20240429@094925.8455 bevhdillpbtd0hb79tlckcj6s7 Query : select 1 valor from information_schema.tables where table_type='base table' and table_name='wsft2039fields'
20240429@094925.8469 bevhdillpbtd0hb79tlckcj6s7 Query : select fieldkey,fieldname,fieldtype,mandatory from wsft2039fields
20240429@094925.8498 bevhdillpbtd0hb79tlckcj6s7 Query : select 1 valor from information_schema.tables where table_type='base table' and table_name='wsft3039fields'
20240429@094925.8514 bevhdillpbtd0hb79tlckcj6s7 Query : select fieldkey,fieldname,fieldtype,mandatory from wsft3039fields
20240429@094925.8524 bevhdillpbtd0hb79tlckcj6s7 Query : select top 1 ft.fno valor from ft ft where ft.ndoc = 39 and ftano=2024 order by fno desc
20240429@094925.8618 bevhdillpbtd0hb79tlckcj6s7 Query : select top 1 ft.fno valor from wsft039data ft where ft.ndoc = 39 and ftano=2024 order by fno desc
20240429@094925.8629 bevhdillpbtd0hb79tlckcj6s7 Query : select 1 valor from information_schema.tables where table_type='base table' and table_name='wsft3039fields'
20240429@094925.8645 bevhdillpbtd0hb79tlckcj6s7 Query : select fieldkey,fieldname,fieldtype,calcformula from wsft3039fields
20240429@094925.8656 bevhdillpbtd0hb79tlckcj6s7 Query : insert into wsft3039data (ft3stamp, ousrdata, ousrhora, usrdata,usrhora,ousrinis,usrinis,taxpointdt ) values ('aut662f557481662f5f15d0' ,getdate(),convert(char(8),convert (time,getdate())),getdate(),convert(char(8),convert (time,getdate())),'wsv','wsv',?)
20240429@094925.8826 bevhdillpbtd0hb79tlckcj6s7 Query : select 1 valor from information_schema.tables where table_type='base table' and table_name='wsft2039fields'
20240429@094925.9226 bevhdillpbtd0hb79tlckcj6s7 Query : select fieldkey,fieldname,fieldtype,calcformula from wsft2039fields
20240429@094925.9351 bevhdillpbtd0hb79tlckcj6s7 Query : select top 1 bo.u_nomeenv valor from bo where bo.bostamp=''
20240429@094925.9361 bevhdillpbtd0hb79tlckcj6s7 Query : select top 1 bo.u_moradaen valor from bo where bo.bostamp=''
20240429@094925.9366 bevhdillpbtd0hb79tlckcj6s7 Query : select top 1 bo.u_codposen valor from bo where bo.bostamp=''
20240429@094925.9373 bevhdillpbtd0hb79tlckcj6s7 Query : select top 1 bo.u_localenv valor from bo where bo.bostamp=''
20240429@094925.9378 bevhdillpbtd0hb79tlckcj6s7 Query : select top 1 bo.trab5 valor from bo where bo.bostamp=''
20240429@094925.9384 bevhdillpbtd0hb79tlckcj6s7 Query : select top 1 bo.serie valor from bo where bo.bostamp=''
20240429@094925.9390 bevhdillpbtd0hb79tlckcj6s7 Query : insert into wsft2039data (ft2stamp, ousrdata,ousrhora, usrdata,usrhora,ousrinis,usrinis,u_nomeenv ,u_moradaen ,u_codposen ,u_localenv ,u_coddest ,u_codby ) values ('aut662f557481662f5f15d0',getdate(),convert(char(8),convert (time,getdate())),getdate(),convert(char(8),convert (time,getdate())),'wsv','wsv',?,?,?,?,?,?)
20240429@094925.9637 bevhdillpbtd0hb79tlckcj6s7 Query : select top 1 fno valor from wsft039data order by fno desc
20240429@094925.9672 bevhdillpbtd0hb79tlckcj6s7 Query : select 1 valor from information_schema.tables where table_type='base table' and table_name='wsft039fields'
20240429@094925.9686 bevhdillpbtd0hb79tlckcj6s7 Query : select fieldkey,fieldname,fieldtype,calcformula from wsft039fields
20240429@094925.9704 bevhdillpbtd0hb79tlckcj6s7 Query : insert into wsft039data (ftstamp, ousrdata,ousrhora, usrdata,usrhora,ousrinis,usrinis,fno,no,estab,fdata,ndoc,moeda,cambio,cambiofixo,ftano,cdata,chora,carga,descar,site ,classe ) values ('aut662f557481662f5f15d0',getdate(),convert(char(8),convert (time,getdate())),getdate(),convert(char(8),convert (time,getdate())),'wsv','wsv',1080,100810,0,'2024-04-29',39,'euro',0,0,2024 ,'20240429','1019',?,?,?,?)
20240429@094926.8200 bevhdillpbtd0hb79tlckcj6s7 Query : use flama_phc
20240429@094926.8700 bevhdillpbtd0hb79tlckcj6s7 Query : select st.usalote valor from st where st.ref = '324.4966.00.1'
20240429@094926.1030 bevhdillpbtd0hb79tlckcj6s7 Query : select top 1 st.tabiva ,st.ivaincl ,st.stns ,st.uni2 ,st.familia ,isnull(tx.taxa, 0) txiva ,unidade ,usalote ,epcpond ,noserie from st left join taxasiva tx on st.tabiva = tx.codigo where st.ref = '324.4966.00.1'
20240429@094926.2530 bevhdillpbtd0hb79tlckcj6s7 Query : select 1 valor from information_schema.tables where table_type='base table' and table_name='wsfi039fields'
20240429@094926.2680 bevhdillpbtd0hb79tlckcj6s7 Query : select fieldkey,fieldname,fieldtype,mandatory from wsfi039fields
20240429@094926.2940 bevhdillpbtd0hb79tlckcj6s7 Query : select 1 valor from information_schema.tables where table_type='base table' and table_name='wsfi2039fields'
20240429@094926.3080 bevhdillpbtd0hb79tlckcj6s7 Query : select fieldkey,fieldname,fieldtype,mandatory from wsfi2039fields
20240429@094926.3140 bevhdillpbtd0hb79tlckcj6s7 Query : select sestamp valor from se where ref ='324.4966.00.1' and lote = 'r2301277100a'
20240429@094926.3640 bevhdillpbtd0hb79tlckcj6s7 Query : select top 1 convert(numeric(6,2),t.taxa) valor from taxasiva t where t.codigo='2'
20240429@094926.3750 bevhdillpbtd0hb79tlckcj6s7 Query : select 1 valor from information_schema.tables where table_type='base table' and table_name='wsfi039fields'
20240429@094926.3880 bevhdillpbtd0hb79tlckcj6s7 Query : select fieldkey,fieldname,fieldtype,calcformula from wsfi039fields
20240429@094926.4130 bevhdillpbtd0hb79tlckcj6s7 Query : insert into wsfi039data (fistamp,ousrdata, ousrhora, usrdata,usrhora,ousrinis,usrinis ,qtt ,ftstamp ,epv,pvmoeda ,tabiva,iva,lordem ,ref, design ,lote,armazem,bistamp ) values ('aut662f517555662f5f1609',getdate(),convert(char(8),convert (time,getdate())),getdate(),convert(char(8),convert (time,getdate())),'wsv','wsv',20.000 ,'aut662f557481662f5f15d0' ,0,0 ,2,23.00,10000,?,?,?,?,?)
20240429@094926.6760 bevhdillpbtd0hb79tlckcj6s7 Query : select 1 valor from information_schema.tables where table_type='base table' and table_name='wsfi2039fields'
20240429@094926.6920 bevhdillpbtd0hb79tlckcj6s7 Query : select fieldkey,fieldname,fieldtype,calcformula from wsfi2039fields
20240429@094926.6970 bevhdillpbtd0hb79tlckcj6s7 Query : insert into wsfi2039data (fi2stamp,ftstamp ,ousrdata, ousrhora, usrdata,usrhora,ousrinis,usrinis) values ('aut662f517555662f5f1609','aut662f557481662f5f15d0' ,getdate(),convert(char(8),convert (time,getdate())),getdate(),convert(char(8),convert (time,getdate())),'wsv','wsv')
20240429@094926.7020 bevhdillpbtd0hb79tlckcj6s7 Query : use flama_phc
20240429@094926.7050 bevhdillpbtd0hb79tlckcj6s7 Query : select st.usalote valor from st where st.ref = '324.4966.00.1'
20240429@094926.7170 bevhdillpbtd0hb79tlckcj6s7 Query : select top 1 st.tabiva ,st.ivaincl ,st.stns ,st.uni2 ,st.familia ,isnull(tx.taxa, 0) txiva ,unidade ,usalote ,epcpond ,noserie from st left join taxasiva tx on st.tabiva = tx.codigo where st.ref = '324.4966.00.1'
20240429@094926.7280 bevhdillpbtd0hb79tlckcj6s7 Query : select 1 valor from information_schema.tables where table_type='base table' and table_name='wsfi039fields'
20240429@094926.7420 bevhdillpbtd0hb79tlckcj6s7 Query : select fieldkey,fieldname,fieldtype,mandatory from wsfi039fields
20240429@094926.7700 bevhdillpbtd0hb79tlckcj6s7 Query : select 1 valor from information_schema.tables where table_type='base table' and table_name='wsfi2039fields'
20240429@094926.7870 bevhdillpbtd0hb79tlckcj6s7 Query : select fieldkey,fieldname,fieldtype,mandatory from wsfi2039fields
20240429@094926.8000 bevhdillpbtd0hb79tlckcj6s7 Query : select sestamp valor from se where ref ='324.4966.00.1' and lote = 'r2301277100a'
20240429@094926.8120 bevhdillpbtd0hb79tlckcj6s7 Query : select top 1 convert(numeric(6,2),t.taxa) valor from taxasiva t where t.codigo='2'
20240429@094926.8480 bevhdillpbtd0hb79tlckcj6s7 Query : select 1 valor from information_schema.tables where table_type='base table' and table_name='wsfi039fields'
20240429@094926.8630 bevhdillpbtd0hb79tlckcj6s7 Query : select fieldkey,fieldname,fieldtype,calcformula from wsfi039fields
20240429@094926.8900 bevhdillpbtd0hb79tlckcj6s7 Query : insert into wsfi039data (fistamp,ousrdata, ousrhora, usrdata,usrhora,ousrinis,usrinis ,qtt ,ftstamp ,epv,pvmoeda ,tabiva,iva,lordem ,ref, design ,lote,armazem,bistamp ) values ('aut662f596138662f5f1614',getdate(),convert(char(8),convert (time,getdate())),getdate(),convert(char(8),convert (time,getdate())),'wsv','wsv',56.000 ,'aut662f557481662f5f15d0' ,0,0 ,2,23.00,20000,?,?,?,?,?)
20240429@094926.1157 bevhdillpbtd0hb79tlckcj6s7 Query : select 1 valor from information_schema.tables where table_type='base table' and table_name='wsfi2039fields'
20240429@094926.1173 bevhdillpbtd0hb79tlckcj6s7 Query : select fieldkey,fieldname,fieldtype,calcformula from wsfi2039fields
20240429@094926.1177 bevhdillpbtd0hb79tlckcj6s7 Query : insert into wsfi2039data (fi2stamp,ftstamp ,ousrdata, ousrhora, usrdata,usrhora,ousrinis,usrinis) values ('aut662f596138662f5f1614','aut662f557481662f5f15d0' ,getdate(),convert(char(8),convert (time,getdate())),getdate(),convert(char(8),convert (time,getdate())),'wsv','wsv')
20240429@094926.1182 bevhdillpbtd0hb79tlckcj6s7 Query : insert into wsftcreationlog (initialftstamp,externalid,creationstatus,documenttypeid,idustamp) values ('aut662f557481662f5f15d0','2403025','wait',39,'ari17112337378,753000005')
20240429@094926.1215 bevhdillpbtd0hb79tlckcj6s7 Query : use flama_phc
20240429@094926.1218 bevhdillpbtd0hb79tlckcj6s7 Query : update u_wsusers set rqsttoken =? where userid ='userls001'
20240429@094926.1230 bevhdillpbtd0hb79tlckcj6s7 Query : select concat(rtrim(relative_path),ltrim(name_new)) as valor from uploadfiles where uploadfile_id='1374';
20240429@094926.1249 bevhdillpbtd0hb79tlckcj6s7 Query : update uploadfiles set whenupdated=current_timestamp where uploadfile_id='1374';
20240429@094926.1266 bevhdillpbtd0hb79tlckcj6s7 Query : select concat(rtrim(relative_path),ltrim(name_new)) as valor from uploadfiles where uploadfile_id='1374';
20240429@094926.1281 bevhdillpbtd0hb79tlckcj6s7 Query : update uploadfiles set whenupdated=current_timestamp where uploadfile_id='1374';
20240429@094926.1708 3kagdg14o0er8nae83ik2n8b5t Query : insert into uploadfiles ( name_original, name_new, option_type, relative_path, whencreated ) values ( ?, ?, ?, ?, getdate() )
20240429@094926.1725 3kagdg14o0er8nae83ik2n8b5t Query : select uploadfile_id valor from uploadfiles where name_new = ? and option_type = ? 
20240429@094926.1753 3kagdg14o0er8nae83ik2n8b5t Query : select concat(rtrim(relative_path),ltrim(name_new)) as valor from uploadfiles where uploadfile_id='1375';
20240429@094926.1799 3kagdg14o0er8nae83ik2n8b5t Query : update uploadfiles set whenupdated=current_timestamp where uploadfile_id='1375';
20240429@094926.1817 3kagdg14o0er8nae83ik2n8b5t Query : select concat(rtrim(relative_path),ltrim(name_new)) as valor from uploadfiles where uploadfile_id='1375';
20240429@094926.1842 3kagdg14o0er8nae83ik2n8b5t Query : update uploadfiles set whenupdated=current_timestamp where uploadfile_id='1375';
20240429@094926.1857 3kagdg14o0er8nae83ik2n8b5t Query : use flama_phc
20240429@094926.1861 3kagdg14o0er8nae83ik2n8b5t Query : select top 1 secretkey valor from u_wsusers u where u.userid = ? and u.inactivo=0
20240429@094926.1874 3kagdg14o0er8nae83ik2n8b5t Query : use flama_phc
20240429@094926.1876 3kagdg14o0er8nae83ik2n8b5t Query : select no, estab,szadrsdesc from szadrs where u_coddest=4740
20240429@094926.1917 3kagdg14o0er8nae83ik2n8b5t Query : select top 1 isnull(design,'') valor from st (nolock) left join stobs (nolock) on st.ref = stobs.ref where st.ref = '324.499.00.01'
20240429@094926.2073 3kagdg14o0er8nae83ik2n8b5t Query : select top 1 bistamp valor from bi inner join bo on bo.bostamp=bi.bostamp where bo.ndos =240 and bo.boano =2030 and bo.obrano = 2403026 and bi.ref ='324.499.00.01' and bi.lordem =1
20240429@094926.2417 3kagdg14o0er8nae83ik2n8b5t Query : select top 1 isnull(design,'') valor from st (nolock) left join stobs (nolock) on st.ref = stobs.ref where st.ref = '324.499.00.01'
20240429@094926.2428 3kagdg14o0er8nae83ik2n8b5t Query : select top 1 bistamp valor from bi inner join bo on bo.bostamp=bi.bostamp where bo.ndos =240 and bo.boano =2030 and bo.obrano = 2403026 and bi.ref ='324.499.00.01' and bi.lordem =1
20240429@094926.2433 3kagdg14o0er8nae83ik2n8b5t Query : use flama_phc
20240429@094926.2436 3kagdg14o0er8nae83ik2n8b5t Query : select top 1 convert(date,fdata) valor from ft where ndoc = 39 and anulado= 0 and fno>0 order by fdata desc
20240429@094926.2448 3kagdg14o0er8nae83ik2n8b5t Query : use flama_phc
20240429@094926.2451 3kagdg14o0er8nae83ik2n8b5t Query : select top 1 1 valor from td where td.ndoc = 39
20240429@094926.2461 3kagdg14o0er8nae83ik2n8b5t Query : use flama_phc
20240429@094926.2464 3kagdg14o0er8nae83ik2n8b5t Query : select descricao ,case when valor='s' then 1 else 0 end usalotes from para1 where descricao in ('st_lote')
20240429@094926.2474 3kagdg14o0er8nae83ik2n8b5t Query : select top 1 assinadoc issigned ,td.lancasl stocks ,'cl' origin ,case when (cmsl between 1 and 50 ) then 1 else 0 end entrada ,case when (cmsl>50 ) then 1 else 0 end saida ,~lotestock validatestock ,tiposaft from td inner join td2 on td.tdstamp=td2.td2stamp where td.ndoc =39
20240429@094926.2489 3kagdg14o0er8nae83ik2n8b5t Query : use flama_phc
20240429@094926.2492 3kagdg14o0er8nae83ik2n8b5t Query : select top 1 ~inactivo valor from cl where no = '100810' and estab = 0 order by inactivo desc
20240429@094926.2502 3kagdg14o0er8nae83ik2n8b5t Query : use flama_phc
20240429@094926.2504 3kagdg14o0er8nae83ik2n8b5t Query : select top 1 tipodoc,regrd from td where ndoc = 39
20240429@094926.2515 3kagdg14o0er8nae83ik2n8b5t Query : use flama_phc
20240429@094926.2518 3kagdg14o0er8nae83ik2n8b5t Query : select szadrsstamp valor from szadrs where szadrsdesc='espaÇotrans,lda'
20240429@094926.2529 3kagdg14o0er8nae83ik2n8b5t Query : use flama_phc
20240429@094926.2532 3kagdg14o0er8nae83ik2n8b5t Query : select szadrsstamp valor from szadrs where szadrsdesc='100810 - worten-equipamentos para o lar,sa.'
20240429@094926.2545 3kagdg14o0er8nae83ik2n8b5t Query : use flama_phc
20240429@094926.2548 3kagdg14o0er8nae83ik2n8b5t Query : select 1 valor from td where ndoc = 39
20240429@094926.2559 3kagdg14o0er8nae83ik2n8b5t Query : select top 1 manternumero, tiposaft, nmdos,td.assinadoc from td where td.ndoc = 39
20240429@094926.2577 3kagdg14o0er8nae83ik2n8b5t Query : select 1 valor from information_schema.tables where table_type='base table' and table_name='wsft039fields'
20240429@094926.2595 3kagdg14o0er8nae83ik2n8b5t Query : select fieldkey,fieldname,fieldtype,mandatory from wsft039fields
20240429@094926.2613 3kagdg14o0er8nae83ik2n8b5t Query : select 1 valor from information_schema.tables where table_type='base table' and table_name='wsft2039fields'
20240429@094926.2627 3kagdg14o0er8nae83ik2n8b5t Query : select fieldkey,fieldname,fieldtype,mandatory from wsft2039fields
20240429@094926.2655 3kagdg14o0er8nae83ik2n8b5t Query : select 1 valor from information_schema.tables where table_type='base table' and table_name='wsft3039fields'
20240429@094926.2669 3kagdg14o0er8nae83ik2n8b5t Query : select fieldkey,fieldname,fieldtype,mandatory from wsft3039fields
20240429@094926.2680 3kagdg14o0er8nae83ik2n8b5t Query : select top 1 ft.fno valor from ft ft where ft.ndoc = 39 and ftano=2024 order by fno desc
20240429@094926.2780 3kagdg14o0er8nae83ik2n8b5t Query : select top 1 ft.fno valor from wsft039data ft where ft.ndoc = 39 and ftano=2024 order by fno desc
20240429@094926.2791 3kagdg14o0er8nae83ik2n8b5t Query : select 1 valor from information_schema.tables where table_type='base table' and table_name='wsft3039fields'
20240429@094926.2806 3kagdg14o0er8nae83ik2n8b5t Query : select fieldkey,fieldname,fieldtype,calcformula from wsft3039fields
20240429@094926.2817 3kagdg14o0er8nae83ik2n8b5t Query : insert into wsft3039data (ft3stamp, ousrdata, ousrhora, usrdata,usrhora,ousrinis,usrinis,taxpointdt ) values ('aut662f549880662f5f1641' ,getdate(),convert(char(8),convert (time,getdate())),getdate(),convert(char(8),convert (time,getdate())),'wsv','wsv',?)
20240429@094926.2987 3kagdg14o0er8nae83ik2n8b5t Query : select 1 valor from information_schema.tables where table_type='base table' and table_name='wsft2039fields'
20240429@094926.3003 3kagdg14o0er8nae83ik2n8b5t Query : select fieldkey,fieldname,fieldtype,calcformula from wsft2039fields
20240429@094926.3035 3kagdg14o0er8nae83ik2n8b5t Query : select top 1 bo.u_nomeenv valor from bo where bo.bostamp=''
20240429@094926.3040 3kagdg14o0er8nae83ik2n8b5t Query : select top 1 bo.u_moradaen valor from bo where bo.bostamp=''
20240429@094926.3045 3kagdg14o0er8nae83ik2n8b5t Query : select top 1 bo.u_codposen valor from bo where bo.bostamp=''
20240429@094926.3049 3kagdg14o0er8nae83ik2n8b5t Query : select top 1 bo.u_localenv valor from bo where bo.bostamp=''
20240429@094926.3064 3kagdg14o0er8nae83ik2n8b5t Query : select top 1 bo.trab5 valor from bo where bo.bostamp=''
20240429@094926.3068 3kagdg14o0er8nae83ik2n8b5t Query : select top 1 bo.serie valor from bo where bo.bostamp=''
20240429@094926.3073 3kagdg14o0er8nae83ik2n8b5t Query : insert into wsft2039data (ft2stamp, ousrdata,ousrhora, usrdata,usrhora,ousrinis,usrinis,u_nomeenv ,u_moradaen ,u_codposen ,u_localenv ,u_coddest ,u_codby ) values ('aut662f549880662f5f1641',getdate(),convert(char(8),convert (time,getdate())),getdate(),convert(char(8),convert (time,getdate())),'wsv','wsv',?,?,?,?,?,?)
20240429@094926.3312 3kagdg14o0er8nae83ik2n8b5t Query : select top 1 fno valor from wsft039data order by fno desc
20240429@094926.3331 3kagdg14o0er8nae83ik2n8b5t Query : select 1 valor from information_schema.tables where table_type='base table' and table_name='wsft039fields'
20240429@094926.3345 3kagdg14o0er8nae83ik2n8b5t Query : select fieldkey,fieldname,fieldtype,calcformula from wsft039fields
20240429@094926.3442 3kagdg14o0er8nae83ik2n8b5t Query : insert into wsft039data (ftstamp, ousrdata,ousrhora, usrdata,usrhora,ousrinis,usrinis,fno,no,estab,fdata,ndoc,moeda,cambio,cambiofixo,ftano,cdata,chora,carga,descar,site ,classe ) values ('aut662f549880662f5f1641',getdate(),convert(char(8),convert (time,getdate())),getdate(),convert(char(8),convert (time,getdate())),'wsv','wsv',1081,100810,0,'2024-04-29',39,'euro',0,0,2024 ,'20240429','1019',?,?,?,?)
20240429@094926.3730 3kagdg14o0er8nae83ik2n8b5t Query : use flama_phc
20240429@094926.3788 3kagdg14o0er8nae83ik2n8b5t Query : select st.usalote valor from st where st.ref = '324.499.00.01'
20240429@094926.3804 3kagdg14o0er8nae83ik2n8b5t Query : select top 1 st.tabiva ,st.ivaincl ,st.stns ,st.uni2 ,st.familia ,isnull(tx.taxa, 0) txiva ,unidade ,usalote ,epcpond ,noserie from st left join taxasiva tx on st.tabiva = tx.codigo where st.ref = '324.499.00.01'
20240429@094926.3961 3kagdg14o0er8nae83ik2n8b5t Query : select 1 valor from information_schema.tables where table_type='base table' and table_name='wsfi039fields'
20240429@094926.3977 3kagdg14o0er8nae83ik2n8b5t Query : select fieldkey,fieldname,fieldtype,mandatory from wsfi039fields
20240429@094926.4000 3kagdg14o0er8nae83ik2n8b5t Query : select 1 valor from information_schema.tables where table_type='base table' and table_name='wsfi2039fields'
20240429@094926.4013 3kagdg14o0er8nae83ik2n8b5t Query : select fieldkey,fieldname,fieldtype,mandatory from wsfi2039fields
20240429@094926.4017 3kagdg14o0er8nae83ik2n8b5t Query : select sestamp valor from se where ref ='324.499.00.01' and lote = 'r2100869200a'
20240429@094926.4040 3kagdg14o0er8nae83ik2n8b5t Query : select top 1 convert(numeric(6,2),t.taxa) valor from taxasiva t where t.codigo='2'
20240429@094926.4049 3kagdg14o0er8nae83ik2n8b5t Query : select 1 valor from information_schema.tables where table_type='base table' and table_name='wsfi039fields'
20240429@094926.4061 3kagdg14o0er8nae83ik2n8b5t Query : select fieldkey,fieldname,fieldtype,calcformula from wsfi039fields
20240429@094926.4087 3kagdg14o0er8nae83ik2n8b5t Query : insert into wsfi039data (fistamp,ousrdata, ousrhora, usrdata,usrhora,ousrinis,usrinis ,qtt ,ftstamp ,epv,pvmoeda ,tabiva,iva,lordem ,ref, design ,lote,armazem,bistamp ) values ('aut662f583840662f5f1662',getdate(),convert(char(8),convert (time,getdate())),getdate(),convert(char(8),convert (time,getdate())),'wsv','wsv',20.000 ,'aut662f549880662f5f1641' ,0,0 ,2,23.00,10000,?,?,?,?,?)
20240429@094926.4377 3kagdg14o0er8nae83ik2n8b5t Query : select 1 valor from information_schema.tables where table_type='base table' and table_name='wsfi2039fields'
20240429@094926.4393 3kagdg14o0er8nae83ik2n8b5t Query : select fieldkey,fieldname,fieldtype,calcformula from wsfi2039fields
20240429@094926.4397 3kagdg14o0er8nae83ik2n8b5t Query : insert into wsfi2039data (fi2stamp,ftstamp ,ousrdata, ousrhora, usrdata,usrhora,ousrinis,usrinis) values ('aut662f583840662f5f1662','aut662f549880662f5f1641' ,getdate(),convert(char(8),convert (time,getdate())),getdate(),convert(char(8),convert (time,getdate())),'wsv','wsv')
20240429@094926.4402 3kagdg14o0er8nae83ik2n8b5t Query : use flama_phc
20240429@094926.4405 3kagdg14o0er8nae83ik2n8b5t Query : select st.usalote valor from st where st.ref = '324.499.00.01'
20240429@094926.4416 3kagdg14o0er8nae83ik2n8b5t Query : select top 1 st.tabiva ,st.ivaincl ,st.stns ,st.uni2 ,st.familia ,isnull(tx.taxa, 0) txiva ,unidade ,usalote ,epcpond ,noserie from st left join taxasiva tx on st.tabiva = tx.codigo where st.ref = '324.499.00.01'
20240429@094926.4427 3kagdg14o0er8nae83ik2n8b5t Query : select 1 valor from information_schema.tables where table_type='base table' and table_name='wsfi039fields'
20240429@094926.4440 3kagdg14o0er8nae83ik2n8b5t Query : select fieldkey,fieldname,fieldtype,mandatory from wsfi039fields
20240429@094926.4462 3kagdg14o0er8nae83ik2n8b5t Query : select 1 valor from information_schema.tables where table_type='base table' and table_name='wsfi2039fields'
20240429@094926.4478 3kagdg14o0er8nae83ik2n8b5t Query : select fieldkey,fieldname,fieldtype,mandatory from wsfi2039fields
20240429@094926.4482 3kagdg14o0er8nae83ik2n8b5t Query : select sestamp valor from se where ref ='324.499.00.01' and lote = 'r2100869200a'
20240429@094926.4492 3kagdg14o0er8nae83ik2n8b5t Query : select top 1 convert(numeric(6,2),t.taxa) valor from taxasiva t where t.codigo='2'
20240429@094926.4503 3kagdg14o0er8nae83ik2n8b5t Query : select 1 valor from information_schema.tables where table_type='base table' and table_name='wsfi039fields'
20240429@094926.4516 3kagdg14o0er8nae83ik2n8b5t Query : select fieldkey,fieldname,fieldtype,calcformula from wsfi039fields
20240429@094926.4541 3kagdg14o0er8nae83ik2n8b5t Query : insert into wsfi039data (fistamp,ousrdata, ousrhora, usrdata,usrhora,ousrinis,usrinis ,qtt ,ftstamp ,epv,pvmoeda ,tabiva,iva,lordem ,ref, design ,lote,armazem,bistamp ) values ('aut662f577136662f5f166d',getdate(),convert(char(8),convert (time,getdate())),getdate(),convert(char(8),convert (time,getdate())),'wsv','wsv',40.000 ,'aut662f549880662f5f1641' ,0,0 ,2,23.00,20000,?,?,?,?,?)
20240429@094926.4947 3kagdg14o0er8nae83ik2n8b5t Query : select 1 valor from information_schema.tables where table_type='base table' and table_name='wsfi2039fields'
20240429@094926.4967 3kagdg14o0er8nae83ik2n8b5t Query : select fieldkey,fieldname,fieldtype,calcformula from wsfi2039fields
20240429@094926.4972 3kagdg14o0er8nae83ik2n8b5t Query : insert into wsfi2039data (fi2stamp,ftstamp ,ousrdata, ousrhora, usrdata,usrhora,ousrinis,usrinis) values ('aut662f577136662f5f166d','aut662f549880662f5f1641' ,getdate(),convert(char(8),convert (time,getdate())),getdate(),convert(char(8),convert (time,getdate())),'wsv','wsv')
20240429@094926.4983 3kagdg14o0er8nae83ik2n8b5t Query : insert into wsftcreationlog (initialftstamp,externalid,creationstatus,documenttypeid,idustamp) values ('aut662f549880662f5f1641','2403026','wait',39,'ari17112337378,753000005')
20240429@094926.4999 3kagdg14o0er8nae83ik2n8b5t Query : use flama_phc
20240429@094926.5003 3kagdg14o0er8nae83ik2n8b5t Query : update u_wsusers set rqsttoken =? where userid ='userls001'
20240429@094926.5015 3kagdg14o0er8nae83ik2n8b5t Query : select concat(rtrim(relative_path),ltrim(name_new)) as valor from uploadfiles where uploadfile_id='1375';
20240429@094926.5037 3kagdg14o0er8nae83ik2n8b5t Query : update uploadfiles set whenupdated=current_timestamp where uploadfile_id='1375';
20240429@094926.5054 3kagdg14o0er8nae83ik2n8b5t Query : select concat(rtrim(relative_path),ltrim(name_new)) as valor from uploadfiles where uploadfile_id='1375';
20240429@094926.5071 3kagdg14o0er8nae83ik2n8b5t Query : update uploadfiles set whenupdated=current_timestamp where uploadfile_id='1375';
20240429@094926.5515 vr00oaor0gppc31tivdsvvi7md Query : insert into uploadfiles ( name_original, name_new, option_type, relative_path, whencreated ) values ( ?, ?, ?, ?, getdate() )
20240429@094926.5533 vr00oaor0gppc31tivdsvvi7md Query : select uploadfile_id valor from uploadfiles where name_new = ? and option_type = ? 
20240429@094926.5556 vr00oaor0gppc31tivdsvvi7md Query : select concat(rtrim(relative_path),ltrim(name_new)) as valor from uploadfiles where uploadfile_id='1376';
20240429@094926.5606 vr00oaor0gppc31tivdsvvi7md Query : update uploadfiles set whenupdated=current_timestamp where uploadfile_id='1376';
20240429@094926.5626 vr00oaor0gppc31tivdsvvi7md Query : select concat(rtrim(relative_path),ltrim(name_new)) as valor from uploadfiles where uploadfile_id='1376';
20240429@094926.5645 vr00oaor0gppc31tivdsvvi7md Query : update uploadfiles set whenupdated=current_timestamp where uploadfile_id='1376';
20240429@094926.5671 vr00oaor0gppc31tivdsvvi7md Query : use flama_phc
20240429@094926.5674 vr00oaor0gppc31tivdsvvi7md Query : select top 1 secretkey valor from u_wsusers u where u.userid = ? and u.inactivo=0
20240429@094926.5689 vr00oaor0gppc31tivdsvvi7md Query : use flama_phc
20240429@094926.5692 vr00oaor0gppc31tivdsvvi7md Query : select no, estab,szadrsdesc from szadrs where u_coddest=4740
20240429@094926.5733 vr00oaor0gppc31tivdsvvi7md Query : select top 1 isnull(design,'') valor from st (nolock) left join stobs (nolock) on st.ref = stobs.ref where st.ref = '324.4906.00.1'
20240429@094926.5893 vr00oaor0gppc31tivdsvvi7md Query : select top 1 bistamp valor from bi inner join bo on bo.bostamp=bi.bostamp where bo.ndos =240 and bo.boano =2030 and bo.obrano = 2403027 and bi.ref ='324.4906.00.1' and bi.lordem =1
20240429@094926.6244 vr00oaor0gppc31tivdsvvi7md Query : select top 1 isnull(design,'') valor from st (nolock) left join stobs (nolock) on st.ref = stobs.ref where st.ref = '324.4906.00.1'
20240429@094926.6257 vr00oaor0gppc31tivdsvvi7md Query : select top 1 bistamp valor from bi inner join bo on bo.bostamp=bi.bostamp where bo.ndos =240 and bo.boano =2030 and bo.obrano = 2403027 and bi.ref ='324.4906.00.1' and bi.lordem =1
20240429@094926.6264 vr00oaor0gppc31tivdsvvi7md Query : use flama_phc
20240429@094926.6268 vr00oaor0gppc31tivdsvvi7md Query : select top 1 convert(date,fdata) valor from ft where ndoc = 39 and anulado= 0 and fno>0 order by fdata desc
20240429@094926.6281 vr00oaor0gppc31tivdsvvi7md Query : use flama_phc
20240429@094926.6284 vr00oaor0gppc31tivdsvvi7md Query : select top 1 1 valor from td where td.ndoc = 39
20240429@094926.6294 vr00oaor0gppc31tivdsvvi7md Query : use flama_phc
20240429@094926.6297 vr00oaor0gppc31tivdsvvi7md Query : select descricao ,case when valor='s' then 1 else 0 end usalotes from para1 where descricao in ('st_lote')
20240429@094926.6307 vr00oaor0gppc31tivdsvvi7md Query : select top 1 assinadoc issigned ,td.lancasl stocks ,'cl' origin ,case when (cmsl between 1 and 50 ) then 1 else 0 end entrada ,case when (cmsl>50 ) then 1 else 0 end saida ,~lotestock validatestock ,tiposaft from td inner join td2 on td.tdstamp=td2.td2stamp where td.ndoc =39
20240429@094926.6322 vr00oaor0gppc31tivdsvvi7md Query : use flama_phc
20240429@094926.6325 vr00oaor0gppc31tivdsvvi7md Query : select top 1 ~inactivo valor from cl where no = '100810' and estab = 0 order by inactivo desc
20240429@094926.6335 vr00oaor0gppc31tivdsvvi7md Query : use flama_phc
20240429@094926.6338 vr00oaor0gppc31tivdsvvi7md Query : select top 1 tipodoc,regrd from td where ndoc = 39
20240429@094926.6351 vr00oaor0gppc31tivdsvvi7md Query : use flama_phc
20240429@094926.6354 vr00oaor0gppc31tivdsvvi7md Query : select szadrsstamp valor from szadrs where szadrsdesc='espaÇotrans,lda'
20240429@094926.6364 vr00oaor0gppc31tivdsvvi7md Query : use flama_phc
20240429@094926.6368 vr00oaor0gppc31tivdsvvi7md Query : select szadrsstamp valor from szadrs where szadrsdesc='100810 - worten-equipamentos para o lar,sa.'
20240429@094926.6384 vr00oaor0gppc31tivdsvvi7md Query : use flama_phc
20240429@094926.6387 vr00oaor0gppc31tivdsvvi7md Query : select 1 valor from td where ndoc = 39
20240429@094926.6396 vr00oaor0gppc31tivdsvvi7md Query : select top 1 manternumero, tiposaft, nmdos,td.assinadoc from td where td.ndoc = 39
20240429@094926.6407 vr00oaor0gppc31tivdsvvi7md Query : select 1 valor from information_schema.tables where table_type='base table' and table_name='wsft039fields'
20240429@094926.6423 vr00oaor0gppc31tivdsvvi7md Query : select fieldkey,fieldname,fieldtype,mandatory from wsft039fields
20240429@094926.6447 vr00oaor0gppc31tivdsvvi7md Query : select 1 valor from information_schema.tables where table_type='base table' and table_name='wsft2039fields'
20240429@094926.6460 vr00oaor0gppc31tivdsvvi7md Query : select fieldkey,fieldname,fieldtype,mandatory from wsft2039fields
20240429@094926.6487 vr00oaor0gppc31tivdsvvi7md Query : select 1 valor from information_schema.tables where table_type='base table' and table_name='wsft3039fields'
20240429@094926.6502 vr00oaor0gppc31tivdsvvi7md Query : select fieldkey,fieldname,fieldtype,mandatory from wsft3039fields
20240429@094926.6513 vr00oaor0gppc31tivdsvvi7md Query : select top 1 ft.fno valor from ft ft where ft.ndoc = 39 and ftano=2024 order by fno desc
20240429@094926.6619 vr00oaor0gppc31tivdsvvi7md Query : select top 1 ft.fno valor from wsft039data ft where ft.ndoc = 39 and ftano=2024 order by fno desc
20240429@094926.6629 vr00oaor0gppc31tivdsvvi7md Query : select 1 valor from information_schema.tables where table_type='base table' and table_name='wsft3039fields'
20240429@094926.6643 vr00oaor0gppc31tivdsvvi7md Query : select fieldkey,fieldname,fieldtype,calcformula from wsft3039fields
20240429@094926.6652 vr00oaor0gppc31tivdsvvi7md Query : insert into wsft3039data (ft3stamp, ousrdata, ousrhora, usrdata,usrhora,ousrinis,usrinis,taxpointdt ) values ('aut662f526397662f5f169f' ,getdate(),convert(char(8),convert (time,getdate())),getdate(),convert(char(8),convert (time,getdate())),'wsv','wsv',?)
20240429@094926.6825 vr00oaor0gppc31tivdsvvi7md Query : select 1 valor from information_schema.tables where table_type='base table' and table_name='wsft2039fields'
20240429@094926.6840 vr00oaor0gppc31tivdsvvi7md Query : select fieldkey,fieldname,fieldtype,calcformula from wsft2039fields
20240429@094926.6871 vr00oaor0gppc31tivdsvvi7md Query : select top 1 bo.u_nomeenv valor from bo where bo.bostamp=''
20240429@094926.6876 vr00oaor0gppc31tivdsvvi7md Query : select top 1 bo.u_moradaen valor from bo where bo.bostamp=''
20240429@094926.6882 vr00oaor0gppc31tivdsvvi7md Query : select top 1 bo.u_codposen valor from bo where bo.bostamp=''
20240429@094926.6888 vr00oaor0gppc31tivdsvvi7md Query : select top 1 bo.u_localenv valor from bo where bo.bostamp=''
20240429@094926.6894 vr00oaor0gppc31tivdsvvi7md Query : select top 1 bo.trab5 valor from bo where bo.bostamp=''
20240429@094926.6900 vr00oaor0gppc31tivdsvvi7md Query : select top 1 bo.serie valor from bo where bo.bostamp=''
20240429@094926.6904 vr00oaor0gppc31tivdsvvi7md Query : insert into wsft2039data (ft2stamp, ousrdata,ousrhora, usrdata,usrhora,ousrinis,usrinis,u_nomeenv ,u_moradaen ,u_codposen ,u_localenv ,u_coddest ,u_codby ) values ('aut662f526397662f5f169f',getdate(),convert(char(8),convert (time,getdate())),getdate(),convert(char(8),convert (time,getdate())),'wsv','wsv',?,?,?,?,?,?)
20240429@094926.7146 vr00oaor0gppc31tivdsvvi7md Query : select top 1 fno valor from wsft039data order by fno desc
20240429@094926.7168 vr00oaor0gppc31tivdsvvi7md Query : select 1 valor from information_schema.tables where table_type='base table' and table_name='wsft039fields'
20240429@094926.7195 vr00oaor0gppc31tivdsvvi7md Query : select fieldkey,fieldname,fieldtype,calcformula from wsft039fields
20240429@094926.7215 vr00oaor0gppc31tivdsvvi7md Query : insert into wsft039data (ftstamp, ousrdata,ousrhora, usrdata,usrhora,ousrinis,usrinis,fno,no,estab,fdata,ndoc,moeda,cambio,cambiofixo,ftano,cdata,chora,carga,descar,site ,classe ) values ('aut662f526397662f5f169f',getdate(),convert(char(8),convert (time,getdate())),getdate(),convert(char(8),convert (time,getdate())),'wsv','wsv',1082,100810,0,'2024-04-29',39,'euro',0,0,2024 ,'20240429','1019',?,?,?,?)
20240429@094926.7519 vr00oaor0gppc31tivdsvvi7md Query : use flama_phc
20240429@094926.7524 vr00oaor0gppc31tivdsvvi7md Query : select st.usalote valor from st where st.ref = '324.4906.00.1'
20240429@094926.7538 vr00oaor0gppc31tivdsvvi7md Query : select top 1 st.tabiva ,st.ivaincl ,st.stns ,st.uni2 ,st.familia ,isnull(tx.taxa, 0) txiva ,unidade ,usalote ,epcpond ,noserie from st left join taxasiva tx on st.tabiva = tx.codigo where st.ref = '324.4906.00.1'
20240429@094926.7715 vr00oaor0gppc31tivdsvvi7md Query : select 1 valor from information_schema.tables where table_type='base table' and table_name='wsfi039fields'
20240429@094926.7732 vr00oaor0gppc31tivdsvvi7md Query : select fieldkey,fieldname,fieldtype,mandatory from wsfi039fields
20240429@094926.7760 vr00oaor0gppc31tivdsvvi7md Query : select 1 valor from information_schema.tables where table_type='base table' and table_name='wsfi2039fields'
20240429@094926.7824 vr00oaor0gppc31tivdsvvi7md Query : select fieldkey,fieldname,fieldtype,mandatory from wsfi2039fields
20240429@094926.7829 vr00oaor0gppc31tivdsvvi7md Query : select sestamp valor from se where ref ='324.4906.00.1' and lote = 'r2300207200a'
20240429@094926.7851 vr00oaor0gppc31tivdsvvi7md Query : select top 1 convert(numeric(6,2),t.taxa) valor from taxasiva t where t.codigo='2'
20240429@094926.7861 vr00oaor0gppc31tivdsvvi7md Query : select 1 valor from information_schema.tables where table_type='base table' and table_name='wsfi039fields'
20240429@094926.7884 vr00oaor0gppc31tivdsvvi7md Query : select fieldkey,fieldname,fieldtype,calcformula from wsfi039fields
20240429@094926.7911 vr00oaor0gppc31tivdsvvi7md Query : insert into wsfi039data (fistamp,ousrdata, ousrhora, usrdata,usrhora,ousrinis,usrinis ,qtt ,ftstamp ,epv,pvmoeda ,tabiva,iva,lordem ,ref, design ,lote,armazem,bistamp ) values ('aut662f518196662f5f16bf',getdate(),convert(char(8),convert (time,getdate())),getdate(),convert(char(8),convert (time,getdate())),'wsv','wsv',20.000 ,'aut662f526397662f5f169f' ,0,0 ,2,23.00,10000,?,?,?,?,?)
20240429@094926.8162 vr00oaor0gppc31tivdsvvi7md Query : select 1 valor from information_schema.tables where table_type='base table' and table_name='wsfi2039fields'
20240429@094926.8180 vr00oaor0gppc31tivdsvvi7md Query : select fieldkey,fieldname,fieldtype,calcformula from wsfi2039fields
20240429@094926.8185 vr00oaor0gppc31tivdsvvi7md Query : insert into wsfi2039data (fi2stamp,ftstamp ,ousrdata, ousrhora, usrdata,usrhora,ousrinis,usrinis) values ('aut662f518196662f5f16bf','aut662f526397662f5f169f' ,getdate(),convert(char(8),convert (time,getdate())),getdate(),convert(char(8),convert (time,getdate())),'wsv','wsv')
20240429@094926.8191 vr00oaor0gppc31tivdsvvi7md Query : select 1 valor from information_schema.tables where table_type='base table' and table_name='wsfi039fields'
20240429@094926.8206 vr00oaor0gppc31tivdsvvi7md Query : select fieldkey,fieldname,fieldtype,mandatory from wsfi039fields
20240429@094926.8235 vr00oaor0gppc31tivdsvvi7md Query : select 1 valor from information_schema.tables where table_type='base table' and table_name='wsfi2039fields'
20240429@094926.8249 vr00oaor0gppc31tivdsvvi7md Query : select fieldkey,fieldname,fieldtype,mandatory from wsfi2039fields
20240429@094926.8254 vr00oaor0gppc31tivdsvvi7md Query : select top 1 convert(numeric(6,2),t.taxa) valor from taxasiva t where t.codigo='2'
20240429@094926.8265 vr00oaor0gppc31tivdsvvi7md Query : select 1 valor from information_schema.tables where table_type='base table' and table_name='wsfi039fields'
20240429@094926.8279 vr00oaor0gppc31tivdsvvi7md Query : select fieldkey,fieldname,fieldtype,calcformula from wsfi039fields
20240429@094926.8305 vr00oaor0gppc31tivdsvvi7md Query : insert into wsfi039data (fistamp,ousrdata, ousrhora, usrdata,usrhora,ousrinis,usrinis ,qtt ,ftstamp ,epv,pvmoeda ,tabiva,iva,lordem ,ref, design ,armazem) values ('aut662f551573662f5f16c9',getdate(),convert(char(8),convert (time,getdate())),getdate(),convert(char(8),convert (time,getdate())),'wsv','wsv',0 ,'aut662f526397662f5f169f' ,0,0 ,2,23.00,20000,?,?,?)
20240429@094926.8575 vr00oaor0gppc31tivdsvvi7md Query : select 1 valor from information_schema.tables where table_type='base table' and table_name='wsfi2039fields'
20240429@094926.8771 vr00oaor0gppc31tivdsvvi7md Query : select fieldkey,fieldname,fieldtype,calcformula from wsfi2039fields
20240429@094926.8812 vr00oaor0gppc31tivdsvvi7md Query : insert into wsfi2039data (fi2stamp,ftstamp ,ousrdata, ousrhora, usrdata,usrhora,ousrinis,usrinis) values ('aut662f551573662f5f16c9','aut662f526397662f5f169f' ,getdate(),convert(char(8),convert (time,getdate())),getdate(),convert(char(8),convert (time,getdate())),'wsv','wsv')
20240429@094926.8821 vr00oaor0gppc31tivdsvvi7md Query : use flama_phc
20240429@094926.8862 vr00oaor0gppc31tivdsvvi7md Query : select st.usalote valor from st where st.ref = '324.4906.00.1'
20240429@094926.8990 vr00oaor0gppc31tivdsvvi7md Query : select top 1 st.tabiva ,st.ivaincl ,st.stns ,st.uni2 ,st.familia ,isnull(tx.taxa, 0) txiva ,unidade ,usalote ,epcpond ,noserie from st left join taxasiva tx on st.tabiva = tx.codigo where st.ref = '324.4906.00.1'
20240429@094926.9003 vr00oaor0gppc31tivdsvvi7md Query : select 1 valor from information_schema.tables where table_type='base table' and table_name='wsfi039fields'
20240429@094926.9044 vr00oaor0gppc31tivdsvvi7md Query : select fieldkey,fieldname,fieldtype,mandatory from wsfi039fields
20240429@094926.9243 vr00oaor0gppc31tivdsvvi7md Query : select 1 valor from information_schema.tables where table_type='base table' and table_name='wsfi2039fields'
20240429@094926.9334 vr00oaor0gppc31tivdsvvi7md Query : select fieldkey,fieldname,fieldtype,mandatory from wsfi2039fields
20240429@094926.9339 vr00oaor0gppc31tivdsvvi7md Query : select sestamp valor from se where ref ='324.4906.00.1' and lote = 'r2300207200a'
20240429@094926.9351 vr00oaor0gppc31tivdsvvi7md Query : select top 1 convert(numeric(6,2),t.taxa) valor from taxasiva t where t.codigo='2'
20240429@094926.9361 vr00oaor0gppc31tivdsvvi7md Query : select 1 valor from information_schema.tables where table_type='base table' and table_name='wsfi039fields'
20240429@094926.9377 vr00oaor0gppc31tivdsvvi7md Query : select fieldkey,fieldname,fieldtype,calcformula from wsfi039fields
20240429@094926.9409 vr00oaor0gppc31tivdsvvi7md Query : insert into wsfi039data (fistamp,ousrdata, ousrhora, usrdata,usrhora,ousrinis,usrinis ,qtt ,ftstamp ,epv,pvmoeda ,tabiva,iva,lordem ,ref, design ,lote,armazem,bistamp ) values ('aut662f535842662f5f16e4',getdate(),convert(char(8),convert (time,getdate())),getdate(),convert(char(8),convert (time,getdate())),'wsv','wsv',12.000 ,'aut662f526397662f5f169f' ,0,0 ,2,23.00,40000,?,?,?,?,?)
20240429@094926.9655 vr00oaor0gppc31tivdsvvi7md Query : select 1 valor from information_schema.tables where table_type='base table' and table_name='wsfi2039fields'
20240429@094926.9671 vr00oaor0gppc31tivdsvvi7md Query : select fieldkey,fieldname,fieldtype,calcformula from wsfi2039fields
20240429@094926.9676 vr00oaor0gppc31tivdsvvi7md Query : insert into wsfi2039data (fi2stamp,ftstamp ,ousrdata, ousrhora, usrdata,usrhora,ousrinis,usrinis) values ('aut662f535842662f5f16e4','aut662f526397662f5f169f' ,getdate(),convert(char(8),convert (time,getdate())),getdate(),convert(char(8),convert (time,getdate())),'wsv','wsv')
20240429@094926.9680 vr00oaor0gppc31tivdsvvi7md Query : select 1 valor from information_schema.tables where table_type='base table' and table_name='wsfi039fields'
20240429@094926.9693 vr00oaor0gppc31tivdsvvi7md Query : select fieldkey,fieldname,fieldtype,mandatory from wsfi039fields
20240429@094926.9717 vr00oaor0gppc31tivdsvvi7md Query : select 1 valor from information_schema.tables where table_type='base table' and table_name='wsfi2039fields'
20240429@094926.9730 vr00oaor0gppc31tivdsvvi7md Query : select fieldkey,fieldname,fieldtype,mandatory from wsfi2039fields
20240429@094926.9734 vr00oaor0gppc31tivdsvvi7md Query : select top 1 convert(numeric(6,2),t.taxa) valor from taxasiva t where t.codigo='2'
20240429@094926.9745 vr00oaor0gppc31tivdsvvi7md Query : select 1 valor from information_schema.tables where table_type='base table' and table_name='wsfi039fields'
20240429@094926.9757 vr00oaor0gppc31tivdsvvi7md Query : select fieldkey,fieldname,fieldtype,calcformula from wsfi039fields
20240429@094926.9780 vr00oaor0gppc31tivdsvvi7md Query : insert into wsfi039data (fistamp,ousrdata, ousrhora, usrdata,usrhora,ousrinis,usrinis ,qtt ,ftstamp ,epv,pvmoeda ,tabiva,iva,lordem ,ref, design ,armazem) values ('aut662f597907662f5f16ed',getdate(),convert(char(8),convert (time,getdate())),getdate(),convert(char(8),convert (time,getdate())),'wsv','wsv',0 ,'aut662f526397662f5f169f' ,0,0 ,2,23.00,50000,?,?,?)
20240429@094927.2400 vr00oaor0gppc31tivdsvvi7md Query : select 1 valor from information_schema.tables where table_type='base table' and table_name='wsfi2039fields'
20240429@094927.4000 vr00oaor0gppc31tivdsvvi7md Query : select fieldkey,fieldname,fieldtype,calcformula from wsfi2039fields
20240429@094927.4500 vr00oaor0gppc31tivdsvvi7md Query : insert into wsfi2039data (fi2stamp,ftstamp ,ousrdata, ousrhora, usrdata,usrhora,ousrinis,usrinis) values ('aut662f597907662f5f16ed','aut662f526397662f5f169f' ,getdate(),convert(char(8),convert (time,getdate())),getdate(),convert(char(8),convert (time,getdate())),'wsv','wsv')
20240429@094927.5000 vr00oaor0gppc31tivdsvvi7md Query : insert into wsftcreationlog (initialftstamp,externalid,creationstatus,documenttypeid,idustamp) values ('aut662f526397662f5f169f','2403027','wait',39,'ari17112337378,753000005')
20240429@094927.6800 vr00oaor0gppc31tivdsvvi7md Query : use flama_phc
20240429@094927.7100 vr00oaor0gppc31tivdsvvi7md Query : update u_wsusers set rqsttoken =? where userid ='userls001'
20240429@094927.8300 vr00oaor0gppc31tivdsvvi7md Query : select concat(rtrim(relative_path),ltrim(name_new)) as valor from uploadfiles where uploadfile_id='1376';
20240429@094927.1060 vr00oaor0gppc31tivdsvvi7md Query : update uploadfiles set whenupdated=current_timestamp where uploadfile_id='1376';
20240429@094927.1230 vr00oaor0gppc31tivdsvvi7md Query : select concat(rtrim(relative_path),ltrim(name_new)) as valor from uploadfiles where uploadfile_id='1376';
20240429@094927.1500 vr00oaor0gppc31tivdsvvi7md Query : update uploadfiles set whenupdated=current_timestamp where uploadfile_id='1376';
20240429@094927.6520 gbds65sr1qvvneg57gr01261e1 Query : insert into uploadfiles ( name_original, name_new, option_type, relative_path, whencreated ) values ( ?, ?, ?, ?, getdate() )
20240429@094927.6700 gbds65sr1qvvneg57gr01261e1 Query : select uploadfile_id valor from uploadfiles where name_new = ? and option_type = ? 
20240429@094927.6950 gbds65sr1qvvneg57gr01261e1 Query : select concat(rtrim(relative_path),ltrim(name_new)) as valor from uploadfiles where uploadfile_id='1377';
20240429@094927.7470 gbds65sr1qvvneg57gr01261e1 Query : update uploadfiles set whenupdated=current_timestamp where uploadfile_id='1377';
20240429@094927.7710 gbds65sr1qvvneg57gr01261e1 Query : select concat(rtrim(relative_path),ltrim(name_new)) as valor from uploadfiles where uploadfile_id='1377';
20240429@094927.8150 gbds65sr1qvvneg57gr01261e1 Query : update uploadfiles set whenupdated=current_timestamp where uploadfile_id='1377';
20240429@094927.8360 gbds65sr1qvvneg57gr01261e1 Query : use flama_phc
20240429@094927.8410 gbds65sr1qvvneg57gr01261e1 Query : select top 1 secretkey valor from u_wsusers u where u.userid = ? and u.inactivo=0
20240429@094927.8570 gbds65sr1qvvneg57gr01261e1 Query : use flama_phc
20240429@094927.8600 gbds65sr1qvvneg57gr01261e1 Query : select no, estab,szadrsdesc from szadrs where u_coddest=4740
20240429@094927.9110 gbds65sr1qvvneg57gr01261e1 Query : select top 1 isnull(design,'') valor from st (nolock) left join stobs (nolock) on st.ref = stobs.ref where st.ref = '324.497.00.01'
20240429@094927.1061 gbds65sr1qvvneg57gr01261e1 Query : select top 1 bistamp valor from bi inner join bo on bo.bostamp=bi.bostamp where bo.ndos =240 and bo.boano =2030 and bo.obrano = 2403028 and bi.ref ='324.497.00.01' and bi.lordem =1
20240429@094927.1404 gbds65sr1qvvneg57gr01261e1 Query : use flama_phc
20240429@094927.1408 gbds65sr1qvvneg57gr01261e1 Query : select top 1 convert(date,fdata) valor from ft where ndoc = 39 and anulado= 0 and fno>0 order by fdata desc
20240429@094927.1458 gbds65sr1qvvneg57gr01261e1 Query : use flama_phc
20240429@094927.1462 gbds65sr1qvvneg57gr01261e1 Query : select top 1 1 valor from td where td.ndoc = 39
20240429@094927.1473 gbds65sr1qvvneg57gr01261e1 Query : use flama_phc
20240429@094927.1477 gbds65sr1qvvneg57gr01261e1 Query : select descricao ,case when valor='s' then 1 else 0 end usalotes from para1 where descricao in ('st_lote')
20240429@094927.1495 gbds65sr1qvvneg57gr01261e1 Query : select top 1 assinadoc issigned ,td.lancasl stocks ,'cl' origin ,case when (cmsl between 1 and 50 ) then 1 else 0 end entrada ,case when (cmsl>50 ) then 1 else 0 end saida ,~lotestock validatestock ,tiposaft from td inner join td2 on td.tdstamp=td2.td2stamp where td.ndoc =39
20240429@094927.1509 gbds65sr1qvvneg57gr01261e1 Query : use flama_phc
20240429@094927.1513 gbds65sr1qvvneg57gr01261e1 Query : select top 1 ~inactivo valor from cl where no = '100810' and estab = 0 order by inactivo desc
20240429@094927.1523 gbds65sr1qvvneg57gr01261e1 Query : use flama_phc
20240429@094927.1526 gbds65sr1qvvneg57gr01261e1 Query : select top 1 tipodoc,regrd from td where ndoc = 39
20240429@094927.1537 gbds65sr1qvvneg57gr01261e1 Query : use flama_phc
20240429@094927.1540 gbds65sr1qvvneg57gr01261e1 Query : select szadrsstamp valor from szadrs where szadrsdesc='espaÇotrans,lda'
20240429@094927.1551 gbds65sr1qvvneg57gr01261e1 Query : use flama_phc
20240429@094927.1554 gbds65sr1qvvneg57gr01261e1 Query : select szadrsstamp valor from szadrs where szadrsdesc='100810 - worten-equipamentos para o lar,sa.'
20240429@094927.1565 gbds65sr1qvvneg57gr01261e1 Query : use flama_phc
20240429@094927.1568 gbds65sr1qvvneg57gr01261e1 Query : select 1 valor from td where ndoc = 39
20240429@094927.1578 gbds65sr1qvvneg57gr01261e1 Query : select top 1 manternumero, tiposaft, nmdos,td.assinadoc from td where td.ndoc = 39
20240429@094927.1588 gbds65sr1qvvneg57gr01261e1 Query : select 1 valor from information_schema.tables where table_type='base table' and table_name='wsft039fields'
20240429@094927.1602 gbds65sr1qvvneg57gr01261e1 Query : select fieldkey,fieldname,fieldtype,mandatory from wsft039fields
20240429@094927.1618 gbds65sr1qvvneg57gr01261e1 Query : select 1 valor from information_schema.tables where table_type='base table' and table_name='wsft2039fields'
20240429@094927.1632 gbds65sr1qvvneg57gr01261e1 Query : select fieldkey,fieldname,fieldtype,mandatory from wsft2039fields
20240429@094927.1658 gbds65sr1qvvneg57gr01261e1 Query : select 1 valor from information_schema.tables where table_type='base table' and table_name='wsft3039fields'
20240429@094927.1675 gbds65sr1qvvneg57gr01261e1 Query : select fieldkey,fieldname,fieldtype,mandatory from wsft3039fields
20240429@094927.1685 gbds65sr1qvvneg57gr01261e1 Query : select top 1 ft.fno valor from ft ft where ft.ndoc = 39 and ftano=2024 order by fno desc
20240429@094927.1783 gbds65sr1qvvneg57gr01261e1 Query : select top 1 ft.fno valor from wsft039data ft where ft.ndoc = 39 and ftano=2024 order by fno desc
20240429@094927.1793 gbds65sr1qvvneg57gr01261e1 Query : select 1 valor from information_schema.tables where table_type='base table' and table_name='wsft3039fields'
20240429@094927.1816 gbds65sr1qvvneg57gr01261e1 Query : select fieldkey,fieldname,fieldtype,calcformula from wsft3039fields
20240429@094927.1827 gbds65sr1qvvneg57gr01261e1 Query : insert into wsft3039data (ft3stamp, ousrdata, ousrhora, usrdata,usrhora,ousrinis,usrinis,taxpointdt ) values ('aut662f594045662f5f1729' ,getdate(),convert(char(8),convert (time,getdate())),getdate(),convert(char(8),convert (time,getdate())),'wsv','wsv',?)
20240429@094927.1988 gbds65sr1qvvneg57gr01261e1 Query : select 1 valor from information_schema.tables where table_type='base table' and table_name='wsft2039fields'
20240429@094927.2003 gbds65sr1qvvneg57gr01261e1 Query : select fieldkey,fieldname,fieldtype,calcformula from wsft2039fields
20240429@094927.2031 gbds65sr1qvvneg57gr01261e1 Query : select top 1 bo.u_nomeenv valor from bo where bo.bostamp=''
20240429@094927.2036 gbds65sr1qvvneg57gr01261e1 Query : select top 1 bo.u_moradaen valor from bo where bo.bostamp=''
20240429@094927.2041 gbds65sr1qvvneg57gr01261e1 Query : select top 1 bo.u_codposen valor from bo where bo.bostamp=''
20240429@094927.2046 gbds65sr1qvvneg57gr01261e1 Query : select top 1 bo.u_localenv valor from bo where bo.bostamp=''
20240429@094927.2051 gbds65sr1qvvneg57gr01261e1 Query : select top 1 bo.trab5 valor from bo where bo.bostamp=''
20240429@094927.2056 gbds65sr1qvvneg57gr01261e1 Query : select top 1 bo.serie valor from bo where bo.bostamp=''
20240429@094927.2061 gbds65sr1qvvneg57gr01261e1 Query : insert into wsft2039data (ft2stamp, ousrdata,ousrhora, usrdata,usrhora,ousrinis,usrinis,u_nomeenv ,u_moradaen ,u_codposen ,u_localenv ,u_coddest ,u_codby ) values ('aut662f594045662f5f1729',getdate(),convert(char(8),convert (time,getdate())),getdate(),convert(char(8),convert (time,getdate())),'wsv','wsv',?,?,?,?,?,?)
20240429@094927.2307 gbds65sr1qvvneg57gr01261e1 Query : select top 1 fno valor from wsft039data order by fno desc
20240429@094927.2330 gbds65sr1qvvneg57gr01261e1 Query : select 1 valor from information_schema.tables where table_type='base table' and table_name='wsft039fields'
20240429@094927.2345 gbds65sr1qvvneg57gr01261e1 Query : select fieldkey,fieldname,fieldtype,calcformula from wsft039fields
20240429@094927.2367 gbds65sr1qvvneg57gr01261e1 Query : insert into wsft039data (ftstamp, ousrdata,ousrhora, usrdata,usrhora,ousrinis,usrinis,fno,no,estab,fdata,ndoc,moeda,cambio,cambiofixo,ftano,cdata,chora,carga,descar,site ,classe ) values ('aut662f594045662f5f1729',getdate(),convert(char(8),convert (time,getdate())),getdate(),convert(char(8),convert (time,getdate())),'wsv','wsv',1083,100810,0,'2024-04-29',39,'euro',0,0,2024 ,'20240429','1019',?,?,?,?)
20240429@094927.2650 gbds65sr1qvvneg57gr01261e1 Query : use flama_phc
20240429@094927.2655 gbds65sr1qvvneg57gr01261e1 Query : select st.usalote valor from st where st.ref = '324.497.00.01'
20240429@094927.2669 gbds65sr1qvvneg57gr01261e1 Query : select top 1 st.tabiva ,st.ivaincl ,st.stns ,st.uni2 ,st.familia ,isnull(tx.taxa, 0) txiva ,unidade ,usalote ,epcpond ,noserie from st left join taxasiva tx on st.tabiva = tx.codigo where st.ref = '324.497.00.01'
20240429@094927.2833 gbds65sr1qvvneg57gr01261e1 Query : select 1 valor from information_schema.tables where table_type='base table' and table_name='wsfi039fields'
20240429@094927.2853 gbds65sr1qvvneg57gr01261e1 Query : select fieldkey,fieldname,fieldtype,mandatory from wsfi039fields
20240429@094927.2879 gbds65sr1qvvneg57gr01261e1 Query : select 1 valor from information_schema.tables where table_type='base table' and table_name='wsfi2039fields'
20240429@094927.2893 gbds65sr1qvvneg57gr01261e1 Query : select fieldkey,fieldname,fieldtype,mandatory from wsfi2039fields
20240429@094927.2899 gbds65sr1qvvneg57gr01261e1 Query : select sestamp valor from se where ref ='324.497.00.01' and lote = 'r2300022100a'
20240429@094927.2928 gbds65sr1qvvneg57gr01261e1 Query : select top 1 convert(numeric(6,2),t.taxa) valor from taxasiva t where t.codigo='2'
20240429@094927.2940 gbds65sr1qvvneg57gr01261e1 Query : select 1 valor from information_schema.tables where table_type='base table' and table_name='wsfi039fields'
20240429@094927.2954 gbds65sr1qvvneg57gr01261e1 Query : select fieldkey,fieldname,fieldtype,calcformula from wsfi039fields
20240429@094927.2981 gbds65sr1qvvneg57gr01261e1 Query : insert into wsfi039data (fistamp,ousrdata, ousrhora, usrdata,usrhora,ousrinis,usrinis ,qtt ,ftstamp ,epv,pvmoeda ,tabiva,iva,lordem ,ref, design ,lote,armazem,bistamp ) values ('aut662f536060662f5f1747',getdate(),convert(char(8),convert (time,getdate())),getdate(),convert(char(8),convert (time,getdate())),'wsv','wsv',24.000 ,'aut662f594045662f5f1729' ,0,0 ,2,23.00,10000,?,?,?,?,?)
20240429@094927.3428 gbds65sr1qvvneg57gr01261e1 Query : select 1 valor from information_schema.tables where table_type='base table' and table_name='wsfi2039fields'
20240429@094927.4492 gbds65sr1qvvneg57gr01261e1 Query : select fieldkey,fieldname,fieldtype,calcformula from wsfi2039fields
20240429@094927.4500 gbds65sr1qvvneg57gr01261e1 Query : insert into wsfi2039data (fi2stamp,ftstamp ,ousrdata, ousrhora, usrdata,usrhora,ousrinis,usrinis) values ('aut662f536060662f5f1747','aut662f594045662f5f1729' ,getdate(),convert(char(8),convert (time,getdate())),getdate(),convert(char(8),convert (time,getdate())),'wsv','wsv')
20240429@094927.4505 gbds65sr1qvvneg57gr01261e1 Query : insert into wsftcreationlog (initialftstamp,externalid,creationstatus,documenttypeid,idustamp) values ('aut662f594045662f5f1729','2403028','wait',39,'ari17112337378,753000005')
20240429@094927.4524 gbds65sr1qvvneg57gr01261e1 Query : use flama_phc
20240429@094927.4527 gbds65sr1qvvneg57gr01261e1 Query : update u_wsusers set rqsttoken =? where userid ='userls001'
20240429@094927.4541 gbds65sr1qvvneg57gr01261e1 Query : select concat(rtrim(relative_path),ltrim(name_new)) as valor from uploadfiles where uploadfile_id='1377';
20240429@094927.4564 gbds65sr1qvvneg57gr01261e1 Query : update uploadfiles set whenupdated=current_timestamp where uploadfile_id='1377';
20240429@094927.4582 gbds65sr1qvvneg57gr01261e1 Query : select concat(rtrim(relative_path),ltrim(name_new)) as valor from uploadfiles where uploadfile_id='1377';
20240429@094927.4598 gbds65sr1qvvneg57gr01261e1 Query : update uploadfiles set whenupdated=current_timestamp where uploadfile_id='1377';
20240429@094927.5099 0c2888nt3ltoj3m2hej8gq0ooi Query : insert into uploadfiles ( name_original, name_new, option_type, relative_path, whencreated ) values ( ?, ?, ?, ?, getdate() )
20240429@094927.5118 0c2888nt3ltoj3m2hej8gq0ooi Query : select uploadfile_id valor from uploadfiles where name_new = ? and option_type = ? 
20240429@094927.5143 0c2888nt3ltoj3m2hej8gq0ooi Query : select concat(rtrim(relative_path),ltrim(name_new)) as valor from uploadfiles where uploadfile_id='1378';
20240429@094927.5215 0c2888nt3ltoj3m2hej8gq0ooi Query : update uploadfiles set whenupdated=current_timestamp where uploadfile_id='1378';
20240429@094927.5255 0c2888nt3ltoj3m2hej8gq0ooi Query : select concat(rtrim(relative_path),ltrim(name_new)) as valor from uploadfiles where uploadfile_id='1378';
20240429@094927.5276 0c2888nt3ltoj3m2hej8gq0ooi Query : update uploadfiles set whenupdated=current_timestamp where uploadfile_id='1378';
20240429@094927.5293 0c2888nt3ltoj3m2hej8gq0ooi Query : use flama_phc
20240429@094927.5297 0c2888nt3ltoj3m2hej8gq0ooi Query : select top 1 secretkey valor from u_wsusers u where u.userid = ? and u.inactivo=0
20240429@094927.5311 0c2888nt3ltoj3m2hej8gq0ooi Query : use flama_phc
20240429@094927.5315 0c2888nt3ltoj3m2hej8gq0ooi Query : select no, estab,szadrsdesc from szadrs where u_coddest=4740
20240429@094927.5372 0c2888nt3ltoj3m2hej8gq0ooi Query : select top 1 isnull(design,'') valor from st (nolock) left join stobs (nolock) on st.ref = stobs.ref where st.ref = '324.2231.00.1'
20240429@094927.5530 0c2888nt3ltoj3m2hej8gq0ooi Query : select top 1 bistamp valor from bi inner join bo on bo.bostamp=bi.bostamp where bo.ndos =240 and bo.boano =2030 and bo.obrano = 2403029 and bi.ref ='324.2231.00.1' and bi.lordem =1
20240429@094927.5924 0c2888nt3ltoj3m2hej8gq0ooi Query : select top 1 isnull(design,'') valor from st (nolock) left join stobs (nolock) on st.ref = stobs.ref where st.ref = '324.2231.00.1'
20240429@094927.5936 0c2888nt3ltoj3m2hej8gq0ooi Query : select top 1 bistamp valor from bi inner join bo on bo.bostamp=bi.bostamp where bo.ndos =240 and bo.boano =2030 and bo.obrano = 2403029 and bi.ref ='324.2231.00.1' and bi.lordem =1
20240429@094927.5958 0c2888nt3ltoj3m2hej8gq0ooi Query : use flama_phc
20240429@094927.5962 0c2888nt3ltoj3m2hej8gq0ooi Query : select top 1 convert(date,fdata) valor from ft where ndoc = 39 and anulado= 0 and fno>0 order by fdata desc
20240429@094927.5975 0c2888nt3ltoj3m2hej8gq0ooi Query : use flama_phc
20240429@094927.5978 0c2888nt3ltoj3m2hej8gq0ooi Query : select top 1 1 valor from td where td.ndoc = 39
20240429@094927.5990 0c2888nt3ltoj3m2hej8gq0ooi Query : use flama_phc
20240429@094927.5993 0c2888nt3ltoj3m2hej8gq0ooi Query : select descricao ,case when valor='s' then 1 else 0 end usalotes from para1 where descricao in ('st_lote')
20240429@094927.6005 0c2888nt3ltoj3m2hej8gq0ooi Query : select top 1 assinadoc issigned ,td.lancasl stocks ,'cl' origin ,case when (cmsl between 1 and 50 ) then 1 else 0 end entrada ,case when (cmsl>50 ) then 1 else 0 end saida ,~lotestock validatestock ,tiposaft from td inner join td2 on td.tdstamp=td2.td2stamp where td.ndoc =39
20240429@094927.6019 0c2888nt3ltoj3m2hej8gq0ooi Query : use flama_phc
20240429@094927.6022 0c2888nt3ltoj3m2hej8gq0ooi Query : select top 1 ~inactivo valor from cl where no = '100810' and estab = 0 order by inactivo desc
20240429@094927.6033 0c2888nt3ltoj3m2hej8gq0ooi Query : use flama_phc
20240429@094927.6035 0c2888nt3ltoj3m2hej8gq0ooi Query : select top 1 tipodoc,regrd from td where ndoc = 39
20240429@094927.6047 0c2888nt3ltoj3m2hej8gq0ooi Query : use flama_phc
20240429@094927.6050 0c2888nt3ltoj3m2hej8gq0ooi Query : select szadrsstamp valor from szadrs where szadrsdesc='espaÇotrans,lda'
20240429@094927.6062 0c2888nt3ltoj3m2hej8gq0ooi Query : use flama_phc
20240429@094927.6065 0c2888nt3ltoj3m2hej8gq0ooi Query : select szadrsstamp valor from szadrs where szadrsdesc='100810 - worten-equipamentos para o lar,sa.'
20240429@094927.6082 0c2888nt3ltoj3m2hej8gq0ooi Query : use flama_phc
20240429@094927.6085 0c2888nt3ltoj3m2hej8gq0ooi Query : select 1 valor from td where ndoc = 39
20240429@094927.6096 0c2888nt3ltoj3m2hej8gq0ooi Query : select top 1 manternumero, tiposaft, nmdos,td.assinadoc from td where td.ndoc = 39
20240429@094927.6110 0c2888nt3ltoj3m2hej8gq0ooi Query : select 1 valor from information_schema.tables where table_type='base table' and table_name='wsft039fields'
20240429@094927.6124 0c2888nt3ltoj3m2hej8gq0ooi Query : select fieldkey,fieldname,fieldtype,mandatory from wsft039fields
20240429@094927.6145 0c2888nt3ltoj3m2hej8gq0ooi Query : select 1 valor from information_schema.tables where table_type='base table' and table_name='wsft2039fields'
20240429@094927.6177 0c2888nt3ltoj3m2hej8gq0ooi Query : select fieldkey,fieldname,fieldtype,mandatory from wsft2039fields
20240429@094927.6204 0c2888nt3ltoj3m2hej8gq0ooi Query : select 1 valor from information_schema.tables where table_type='base table' and table_name='wsft3039fields'
20240429@094927.6218 0c2888nt3ltoj3m2hej8gq0ooi Query : select fieldkey,fieldname,fieldtype,mandatory from wsft3039fields
20240429@094927.6228 0c2888nt3ltoj3m2hej8gq0ooi Query : select top 1 ft.fno valor from ft ft where ft.ndoc = 39 and ftano=2024 order by fno desc
20240429@094927.6322 0c2888nt3ltoj3m2hej8gq0ooi Query : select top 1 ft.fno valor from wsft039data ft where ft.ndoc = 39 and ftano=2024 order by fno desc
20240429@094927.6332 0c2888nt3ltoj3m2hej8gq0ooi Query : select 1 valor from information_schema.tables where table_type='base table' and table_name='wsft3039fields'
20240429@094927.6352 0c2888nt3ltoj3m2hej8gq0ooi Query : select fieldkey,fieldname,fieldtype,calcformula from wsft3039fields
20240429@094927.6362 0c2888nt3ltoj3m2hej8gq0ooi Query : insert into wsft3039data (ft3stamp, ousrdata, ousrhora, usrdata,usrhora,ousrinis,usrinis,taxpointdt ) values ('aut662f521704662f5f1798' ,getdate(),convert(char(8),convert (time,getdate())),getdate(),convert(char(8),convert (time,getdate())),'wsv','wsv',?)
20240429@094927.6533 0c2888nt3ltoj3m2hej8gq0ooi Query : select 1 valor from information_schema.tables where table_type='base table' and table_name='wsft2039fields'
20240429@094927.6551 0c2888nt3ltoj3m2hej8gq0ooi Query : select fieldkey,fieldname,fieldtype,calcformula from wsft2039fields
20240429@094927.6583 0c2888nt3ltoj3m2hej8gq0ooi Query : select top 1 bo.u_nomeenv valor from bo where bo.bostamp=''
20240429@094927.6589 0c2888nt3ltoj3m2hej8gq0ooi Query : select top 1 bo.u_moradaen valor from bo where bo.bostamp=''
20240429@094927.6595 0c2888nt3ltoj3m2hej8gq0ooi Query : select top 1 bo.u_codposen valor from bo where bo.bostamp=''
20240429@094927.6601 0c2888nt3ltoj3m2hej8gq0ooi Query : select top 1 bo.u_localenv valor from bo where bo.bostamp=''
20240429@094927.6607 0c2888nt3ltoj3m2hej8gq0ooi Query : select top 1 bo.trab5 valor from bo where bo.bostamp=''
20240429@094927.6613 0c2888nt3ltoj3m2hej8gq0ooi Query : select top 1 bo.serie valor from bo where bo.bostamp=''
20240429@094927.6619 0c2888nt3ltoj3m2hej8gq0ooi Query : insert into wsft2039data (ft2stamp, ousrdata,ousrhora, usrdata,usrhora,ousrinis,usrinis,u_nomeenv ,u_moradaen ,u_codposen ,u_localenv ,u_coddest ,u_codby ) values ('aut662f521704662f5f1798',getdate(),convert(char(8),convert (time,getdate())),getdate(),convert(char(8),convert (time,getdate())),'wsv','wsv',?,?,?,?,?,?)
20240429@094927.6876 0c2888nt3ltoj3m2hej8gq0ooi Query : select top 1 fno valor from wsft039data order by fno desc
20240429@094927.6898 0c2888nt3ltoj3m2hej8gq0ooi Query : select 1 valor from information_schema.tables where table_type='base table' and table_name='wsft039fields'
20240429@094927.6913 0c2888nt3ltoj3m2hej8gq0ooi Query : select fieldkey,fieldname,fieldtype,calcformula from wsft039fields
20240429@094927.6931 0c2888nt3ltoj3m2hej8gq0ooi Query : insert into wsft039data (ftstamp, ousrdata,ousrhora, usrdata,usrhora,ousrinis,usrinis,fno,no,estab,fdata,ndoc,moeda,cambio,cambiofixo,ftano,cdata,chora,carga,descar,site ,classe ) values ('aut662f521704662f5f1798',getdate(),convert(char(8),convert (time,getdate())),getdate(),convert(char(8),convert (time,getdate())),'wsv','wsv',1084,100810,0,'2024-04-29',39,'euro',0,0,2024 ,'20240429','1019',?,?,?,?)
20240429@094927.7231 0c2888nt3ltoj3m2hej8gq0ooi Query : use flama_phc
20240429@094927.7236 0c2888nt3ltoj3m2hej8gq0ooi Query : select st.usalote valor from st where st.ref = '324.2231.00.1'
20240429@094927.7250 0c2888nt3ltoj3m2hej8gq0ooi Query : select top 1 st.tabiva ,st.ivaincl ,st.stns ,st.uni2 ,st.familia ,isnull(tx.taxa, 0) txiva ,unidade ,usalote ,epcpond ,noserie from st left join taxasiva tx on st.tabiva = tx.codigo where st.ref = '324.2231.00.1'
20240429@094927.7404 0c2888nt3ltoj3m2hej8gq0ooi Query : select 1 valor from information_schema.tables where table_type='base table' and table_name='wsfi039fields'
20240429@094927.7419 0c2888nt3ltoj3m2hej8gq0ooi Query : select fieldkey,fieldname,fieldtype,mandatory from wsfi039fields
20240429@094927.7454 0c2888nt3ltoj3m2hej8gq0ooi Query : select 1 valor from information_schema.tables where table_type='base table' and table_name='wsfi2039fields'
20240429@094927.7469 0c2888nt3ltoj3m2hej8gq0ooi Query : select fieldkey,fieldname,fieldtype,mandatory from wsfi2039fields
20240429@094927.7475 0c2888nt3ltoj3m2hej8gq0ooi Query : select sestamp valor from se where ref ='324.2231.00.1' and lote = 'r2301141275a'
20240429@094927.7481 0c2888nt3ltoj3m2hej8gq0ooi Query : select top 1 convert(numeric(6,2),t.taxa) valor from taxasiva t where t.codigo='2'
20240429@094927.7493 0c2888nt3ltoj3m2hej8gq0ooi Query : select 1 valor from information_schema.tables where table_type='base table' and table_name='wsfi039fields'
20240429@094927.7507 0c2888nt3ltoj3m2hej8gq0ooi Query : select fieldkey,fieldname,fieldtype,calcformula from wsfi039fields
20240429@094927.7535 0c2888nt3ltoj3m2hej8gq0ooi Query : insert into wsfi039data (fistamp,ousrdata, ousrhora, usrdata,usrhora,ousrinis,usrinis ,qtt ,ftstamp ,epv,pvmoeda ,tabiva,iva,lordem ,ref, design ,lote,armazem,bistamp ) values ('aut662f591367662f5f17b6',getdate(),convert(char(8),convert (time,getdate())),getdate(),convert(char(8),convert (time,getdate())),'wsv','wsv',16.000 ,'aut662f521704662f5f1798' ,0,0 ,2,23.00,10000,?,?,?,?,?)
20240429@094927.7887 0c2888nt3ltoj3m2hej8gq0ooi Query : use flama_phc
20240429@094927.7892 0c2888nt3ltoj3m2hej8gq0ooi Query : select top 1 errorresult result ,errornumber errornumber ,errorcode code ,descriptionpt description ,isnull(descriptionen,'') descriptionen ,isnull(descriptionfr,'') descriptionfr from wserrorcodes where errornumber = -116
20240429@094927.7905 0c2888nt3ltoj3m2hej8gq0ooi Query : select concat(rtrim(relative_path),ltrim(name_new)) as valor from uploadfiles where uploadfile_id='1378';
20240429@094927.7923 0c2888nt3ltoj3m2hej8gq0ooi Query : update uploadfiles set whenupdated=current_timestamp where uploadfile_id='1378';
20240429@094927.8425 2dk5pjvth8ujj4tf4tivcfadrv Query : insert into uploadfiles ( name_original, name_new, option_type, relative_path, whencreated ) values ( ?, ?, ?, ?, getdate() )
20240429@094927.8444 2dk5pjvth8ujj4tf4tivcfadrv Query : select uploadfile_id valor from uploadfiles where name_new = ? and option_type = ? 
20240429@094927.8468 2dk5pjvth8ujj4tf4tivcfadrv Query : select concat(rtrim(relative_path),ltrim(name_new)) as valor from uploadfiles where uploadfile_id='1379';
20240429@094927.8513 2dk5pjvth8ujj4tf4tivcfadrv Query : update uploadfiles set whenupdated=current_timestamp where uploadfile_id='1379';
20240429@094927.8532 2dk5pjvth8ujj4tf4tivcfadrv Query : select concat(rtrim(relative_path),ltrim(name_new)) as valor from uploadfiles where uploadfile_id='1379';
20240429@094927.8549 2dk5pjvth8ujj4tf4tivcfadrv Query : update uploadfiles set whenupdated=current_timestamp where uploadfile_id='1379';
20240429@094927.8568 2dk5pjvth8ujj4tf4tivcfadrv Query : use flama_phc
20240429@094927.8572 2dk5pjvth8ujj4tf4tivcfadrv Query : select top 1 secretkey valor from u_wsusers u where u.userid = ? and u.inactivo=0
20240429@094927.8585 2dk5pjvth8ujj4tf4tivcfadrv Query : use flama_phc
20240429@094927.8588 2dk5pjvth8ujj4tf4tivcfadrv Query : select no, estab,szadrsdesc from szadrs where u_coddest=4740
20240429@094927.8635 2dk5pjvth8ujj4tf4tivcfadrv Query : select top 1 isnull(design,'') valor from st (nolock) left join stobs (nolock) on st.ref = stobs.ref where st.ref = '324.2907.00.1'
20240429@094927.8783 2dk5pjvth8ujj4tf4tivcfadrv Query : select top 1 bistamp valor from bi inner join bo on bo.bostamp=bi.bostamp where bo.ndos =240 and bo.boano =2030 and bo.obrano = 2403030 and bi.ref ='324.2907.00.1' and bi.lordem =1
20240429@094927.9124 2dk5pjvth8ujj4tf4tivcfadrv Query : use flama_phc
20240429@094927.9128 2dk5pjvth8ujj4tf4tivcfadrv Query : select top 1 convert(date,fdata) valor from ft where ndoc = 39 and anulado= 0 and fno>0 order by fdata desc
20240429@094927.9143 2dk5pjvth8ujj4tf4tivcfadrv Query : use flama_phc
20240429@094927.9146 2dk5pjvth8ujj4tf4tivcfadrv Query : select top 1 1 valor from td where td.ndoc = 39
20240429@094927.9158 2dk5pjvth8ujj4tf4tivcfadrv Query : use flama_phc
20240429@094927.9161 2dk5pjvth8ujj4tf4tivcfadrv Query : select descricao ,case when valor='s' then 1 else 0 end usalotes from para1 where descricao in ('st_lote')
20240429@094927.9173 2dk5pjvth8ujj4tf4tivcfadrv Query : select top 1 assinadoc issigned ,td.lancasl stocks ,'cl' origin ,case when (cmsl between 1 and 50 ) then 1 else 0 end entrada ,case when (cmsl>50 ) then 1 else 0 end saida ,~lotestock validatestock ,tiposaft from td inner join td2 on td.tdstamp=td2.td2stamp where td.ndoc =39
20240429@094927.9189 2dk5pjvth8ujj4tf4tivcfadrv Query : use flama_phc
20240429@094927.9193 2dk5pjvth8ujj4tf4tivcfadrv Query : select top 1 ~inactivo valor from cl where no = '100810' and estab = 0 order by inactivo desc
20240429@094927.9204 2dk5pjvth8ujj4tf4tivcfadrv Query : use flama_phc
20240429@094927.9207 2dk5pjvth8ujj4tf4tivcfadrv Query : select top 1 tipodoc,regrd from td where ndoc = 39
20240429@094927.9219 2dk5pjvth8ujj4tf4tivcfadrv Query : use flama_phc
20240429@094927.9222 2dk5pjvth8ujj4tf4tivcfadrv Query : select szadrsstamp valor from szadrs where szadrsdesc='espaÇotrans,lda'
20240429@094927.9233 2dk5pjvth8ujj4tf4tivcfadrv Query : use flama_phc
20240429@094927.9236 2dk5pjvth8ujj4tf4tivcfadrv Query : select szadrsstamp valor from szadrs where szadrsdesc='100810 - worten-equipamentos para o lar,sa.'
20240429@094927.9250 2dk5pjvth8ujj4tf4tivcfadrv Query : use flama_phc
20240429@094927.9254 2dk5pjvth8ujj4tf4tivcfadrv Query : select 1 valor from td where ndoc = 39
20240429@094927.9265 2dk5pjvth8ujj4tf4tivcfadrv Query : select top 1 manternumero, tiposaft, nmdos,td.assinadoc from td where td.ndoc = 39
20240429@094927.9277 2dk5pjvth8ujj4tf4tivcfadrv Query : select 1 valor from information_schema.tables where table_type='base table' and table_name='wsft039fields'
20240429@094927.9291 2dk5pjvth8ujj4tf4tivcfadrv Query : select fieldkey,fieldname,fieldtype,mandatory from wsft039fields
20240429@094927.9310 2dk5pjvth8ujj4tf4tivcfadrv Query : select 1 valor from information_schema.tables where table_type='base table' and table_name='wsft2039fields'
20240429@094927.9334 2dk5pjvth8ujj4tf4tivcfadrv Query : select fieldkey,fieldname,fieldtype,mandatory from wsft2039fields
20240429@094927.9364 2dk5pjvth8ujj4tf4tivcfadrv Query : select 1 valor from information_schema.tables where table_type='base table' and table_name='wsft3039fields'
20240429@094927.9379 2dk5pjvth8ujj4tf4tivcfadrv Query : select fieldkey,fieldname,fieldtype,mandatory from wsft3039fields
20240429@094927.9390 2dk5pjvth8ujj4tf4tivcfadrv Query : select top 1 ft.fno valor from ft ft where ft.ndoc = 39 and ftano=2024 order by fno desc
20240429@094927.9486 2dk5pjvth8ujj4tf4tivcfadrv Query : select top 1 ft.fno valor from wsft039data ft where ft.ndoc = 39 and ftano=2024 order by fno desc
20240429@094927.9496 2dk5pjvth8ujj4tf4tivcfadrv Query : select 1 valor from information_schema.tables where table_type='base table' and table_name='wsft3039fields'
20240429@094927.9514 2dk5pjvth8ujj4tf4tivcfadrv Query : select fieldkey,fieldname,fieldtype,calcformula from wsft3039fields
20240429@094927.9524 2dk5pjvth8ujj4tf4tivcfadrv Query : insert into wsft3039data (ft3stamp, ousrdata, ousrhora, usrdata,usrhora,ousrinis,usrinis,taxpointdt ) values ('aut662f586212662f5f17e5' ,getdate(),convert(char(8),convert (time,getdate())),getdate(),convert(char(8),convert (time,getdate())),'wsv','wsv',?)
20240429@094927.9689 2dk5pjvth8ujj4tf4tivcfadrv Query : select 1 valor from information_schema.tables where table_type='base table' and table_name='wsft2039fields'
20240429@094927.9710 2dk5pjvth8ujj4tf4tivcfadrv Query : select fieldkey,fieldname,fieldtype,calcformula from wsft2039fields
20240429@094927.9797 2dk5pjvth8ujj4tf4tivcfadrv Query : select top 1 bo.u_nomeenv valor from bo where bo.bostamp=''
20240429@094927.9803 2dk5pjvth8ujj4tf4tivcfadrv Query : select top 1 bo.u_moradaen valor from bo where bo.bostamp=''
20240429@094927.9808 2dk5pjvth8ujj4tf4tivcfadrv Query : select top 1 bo.u_codposen valor from bo where bo.bostamp=''
20240429@094927.9813 2dk5pjvth8ujj4tf4tivcfadrv Query : select top 1 bo.u_localenv valor from bo where bo.bostamp=''
20240429@094927.9818 2dk5pjvth8ujj4tf4tivcfadrv Query : select top 1 bo.trab5 valor from bo where bo.bostamp=''
20240429@094927.9823 2dk5pjvth8ujj4tf4tivcfadrv Query : select top 1 bo.serie valor from bo where bo.bostamp=''
20240429@094927.9829 2dk5pjvth8ujj4tf4tivcfadrv Query : insert into wsft2039data (ft2stamp, ousrdata,ousrhora, usrdata,usrhora,ousrinis,usrinis,u_nomeenv ,u_moradaen ,u_codposen ,u_localenv ,u_coddest ,u_codby ) values ('aut662f586212662f5f17e5',getdate(),convert(char(8),convert (time,getdate())),getdate(),convert(char(8),convert (time,getdate())),'wsv','wsv',?,?,?,?,?,?)
20240429@094928.7800 2dk5pjvth8ujj4tf4tivcfadrv Query : select top 1 fno valor from wsft039data order by fno desc
20240429@094928.1010 2dk5pjvth8ujj4tf4tivcfadrv Query : select 1 valor from information_schema.tables where table_type='base table' and table_name='wsft039fields'
20240429@094928.1170 2dk5pjvth8ujj4tf4tivcfadrv Query : select fieldkey,fieldname,fieldtype,calcformula from wsft039fields
20240429@094928.1340 2dk5pjvth8ujj4tf4tivcfadrv Query : insert into wsft039data (ftstamp, ousrdata,ousrhora, usrdata,usrhora,ousrinis,usrinis,fno,no,estab,fdata,ndoc,moeda,cambio,cambiofixo,ftano,cdata,chora,carga,descar,site ,classe ) values ('aut662f586212662f5f17e5',getdate(),convert(char(8),convert (time,getdate())),getdate(),convert(char(8),convert (time,getdate())),'wsv','wsv',1084,100810,0,'2024-04-29',39,'euro',0,0,2024 ,'20240429','1019',?,?,?,?)
20240429@094928.4040 2dk5pjvth8ujj4tf4tivcfadrv Query : use flama_phc
20240429@094928.4100 2dk5pjvth8ujj4tf4tivcfadrv Query : select st.usalote valor from st where st.ref = '324.2907.00.1'
20240429@094928.4240 2dk5pjvth8ujj4tf4tivcfadrv Query : select top 1 st.tabiva ,st.ivaincl ,st.stns ,st.uni2 ,st.familia ,isnull(tx.taxa, 0) txiva ,unidade ,usalote ,epcpond ,noserie from st left join taxasiva tx on st.tabiva = tx.codigo where st.ref = '324.2907.00.1'
20240429@094928.7070 2dk5pjvth8ujj4tf4tivcfadrv Query : select 1 valor from information_schema.tables where table_type='base table' and table_name='wsfi039fields'
20240429@094928.8010 2dk5pjvth8ujj4tf4tivcfadrv Query : select fieldkey,fieldname,fieldtype,mandatory from wsfi039fields
20240429@094928.1051 2dk5pjvth8ujj4tf4tivcfadrv Query : select 1 valor from information_schema.tables where table_type='base table' and table_name='wsfi2039fields'
20240429@094928.1067 2dk5pjvth8ujj4tf4tivcfadrv Query : select fieldkey,fieldname,fieldtype,mandatory from wsfi2039fields
20240429@094928.1072 2dk5pjvth8ujj4tf4tivcfadrv Query : select sestamp valor from se where ref ='324.2907.00.1' and lote = 'r2200799200a'
20240429@094928.1091 2dk5pjvth8ujj4tf4tivcfadrv Query : select top 1 convert(numeric(6,2),t.taxa) valor from taxasiva t where t.codigo='2'
20240429@094928.1101 2dk5pjvth8ujj4tf4tivcfadrv Query : select 1 valor from information_schema.tables where table_type='base table' and table_name='wsfi039fields'
20240429@094928.1116 2dk5pjvth8ujj4tf4tivcfadrv Query : select fieldkey,fieldname,fieldtype,calcformula from wsfi039fields
20240429@094928.1204 2dk5pjvth8ujj4tf4tivcfadrv Query : insert into wsfi039data (fistamp,ousrdata, ousrhora, usrdata,usrhora,ousrinis,usrinis ,qtt ,ftstamp ,epv,pvmoeda ,tabiva,iva,lordem ,ref, design ,lote,armazem,bistamp ) values ('aut662f513761662f5f181a',getdate(),convert(char(8),convert (time,getdate())),getdate(),convert(char(8),convert (time,getdate())),'wsv','wsv',72.000 ,'aut662f586212662f5f17e5' ,0,0 ,2,23.00,10000,?,?,?,?,?)
20240429@094928.1448 2dk5pjvth8ujj4tf4tivcfadrv Query : select 1 valor from information_schema.tables where table_type='base table' and table_name='wsfi2039fields'
20240429@094928.1463 2dk5pjvth8ujj4tf4tivcfadrv Query : select fieldkey,fieldname,fieldtype,calcformula from wsfi2039fields
20240429@094928.1467 2dk5pjvth8ujj4tf4tivcfadrv Query : insert into wsfi2039data (fi2stamp,ftstamp ,ousrdata, ousrhora, usrdata,usrhora,ousrinis,usrinis) values ('aut662f513761662f5f181a','aut662f586212662f5f17e5' ,getdate(),convert(char(8),convert (time,getdate())),getdate(),convert(char(8),convert (time,getdate())),'wsv','wsv')
20240429@094928.1471 2dk5pjvth8ujj4tf4tivcfadrv Query : insert into wsftcreationlog (initialftstamp,externalid,creationstatus,documenttypeid,idustamp) values ('aut662f586212662f5f17e5','2403030','wait',39,'ari17112337378,753000005')
20240429@094928.1506 2dk5pjvth8ujj4tf4tivcfadrv Query : use flama_phc
20240429@094928.1509 2dk5pjvth8ujj4tf4tivcfadrv Query : update u_wsusers set rqsttoken =? where userid ='userls001'
20240429@094928.1521 2dk5pjvth8ujj4tf4tivcfadrv Query : select concat(rtrim(relative_path),ltrim(name_new)) as valor from uploadfiles where uploadfile_id='1379';
20240429@094928.1543 2dk5pjvth8ujj4tf4tivcfadrv Query : update uploadfiles set whenupdated=current_timestamp where uploadfile_id='1379';
20240429@094928.1563 2dk5pjvth8ujj4tf4tivcfadrv Query : select concat(rtrim(relative_path),ltrim(name_new)) as valor from uploadfiles where uploadfile_id='1379';
20240429@094928.1581 2dk5pjvth8ujj4tf4tivcfadrv Query : update uploadfiles set whenupdated=current_timestamp where uploadfile_id='1379';
20240429@094928.2146 85p2pmbr8iuiqddopum3pfe7mh Query : insert into uploadfiles ( name_original, name_new, option_type, relative_path, whencreated ) values ( ?, ?, ?, ?, getdate() )
20240429@094928.2164 85p2pmbr8iuiqddopum3pfe7mh Query : select uploadfile_id valor from uploadfiles where name_new = ? and option_type = ? 
20240429@094928.2190 85p2pmbr8iuiqddopum3pfe7mh Query : select concat(rtrim(relative_path),ltrim(name_new)) as valor from uploadfiles where uploadfile_id='1380';
20240429@094928.2250 85p2pmbr8iuiqddopum3pfe7mh Query : update uploadfiles set whenupdated=current_timestamp where uploadfile_id='1380';
20240429@094928.2269 85p2pmbr8iuiqddopum3pfe7mh Query : select concat(rtrim(relative_path),ltrim(name_new)) as valor from uploadfiles where uploadfile_id='1380';
20240429@094928.2285 85p2pmbr8iuiqddopum3pfe7mh Query : update uploadfiles set whenupdated=current_timestamp where uploadfile_id='1380';
20240429@094928.2300 85p2pmbr8iuiqddopum3pfe7mh Query : use flama_phc
20240429@094928.2303 85p2pmbr8iuiqddopum3pfe7mh Query : select top 1 secretkey valor from u_wsusers u where u.userid = ? and u.inactivo=0
20240429@094928.2316 85p2pmbr8iuiqddopum3pfe7mh Query : use flama_phc
20240429@094928.2319 85p2pmbr8iuiqddopum3pfe7mh Query : select no, estab,szadrsdesc from szadrs where u_coddest=4740
20240429@094928.2359 85p2pmbr8iuiqddopum3pfe7mh Query : select top 1 isnull(design,'') valor from st (nolock) left join stobs (nolock) on st.ref = stobs.ref where st.ref = '324.711.00.01'
20240429@094928.2509 85p2pmbr8iuiqddopum3pfe7mh Query : select top 1 bistamp valor from bi inner join bo on bo.bostamp=bi.bostamp where bo.ndos =240 and bo.boano =2030 and bo.obrano = 2403031 and bi.ref ='324.711.00.01' and bi.lordem =1
20240429@094928.2922 85p2pmbr8iuiqddopum3pfe7mh Query : use flama_phc
20240429@094928.2927 85p2pmbr8iuiqddopum3pfe7mh Query : select top 1 convert(date,fdata) valor from ft where ndoc = 39 and anulado= 0 and fno>0 order by fdata desc
20240429@094928.2943 85p2pmbr8iuiqddopum3pfe7mh Query : use flama_phc
20240429@094928.2948 85p2pmbr8iuiqddopum3pfe7mh Query : select top 1 1 valor from td where td.ndoc = 39
20240429@094928.2961 85p2pmbr8iuiqddopum3pfe7mh Query : use flama_phc
20240429@094928.2964 85p2pmbr8iuiqddopum3pfe7mh Query : select descricao ,case when valor='s' then 1 else 0 end usalotes from para1 where descricao in ('st_lote')
20240429@094928.2976 85p2pmbr8iuiqddopum3pfe7mh Query : select top 1 assinadoc issigned ,td.lancasl stocks ,'cl' origin ,case when (cmsl between 1 and 50 ) then 1 else 0 end entrada ,case when (cmsl>50 ) then 1 else 0 end saida ,~lotestock validatestock ,tiposaft from td inner join td2 on td.tdstamp=td2.td2stamp where td.ndoc =39
20240429@094928.2991 85p2pmbr8iuiqddopum3pfe7mh Query : use flama_phc
20240429@094928.2995 85p2pmbr8iuiqddopum3pfe7mh Query : select top 1 ~inactivo valor from cl where no = '100810' and estab = 0 order by inactivo desc
20240429@094928.3016 85p2pmbr8iuiqddopum3pfe7mh Query : use flama_phc
20240429@094928.3019 85p2pmbr8iuiqddopum3pfe7mh Query : select top 1 tipodoc,regrd from td where ndoc = 39
20240429@094928.3034 85p2pmbr8iuiqddopum3pfe7mh Query : use flama_phc
20240429@094928.3037 85p2pmbr8iuiqddopum3pfe7mh Query : select szadrsstamp valor from szadrs where szadrsdesc='espaÇotrans,lda'
20240429@094928.3048 85p2pmbr8iuiqddopum3pfe7mh Query : use flama_phc
20240429@094928.3051 85p2pmbr8iuiqddopum3pfe7mh Query : select szadrsstamp valor from szadrs where szadrsdesc='100810 - worten-equipamentos para o lar,sa.'
20240429@094928.3063 85p2pmbr8iuiqddopum3pfe7mh Query : use flama_phc
20240429@094928.3066 85p2pmbr8iuiqddopum3pfe7mh Query : select 1 valor from td where ndoc = 39
20240429@094928.3076 85p2pmbr8iuiqddopum3pfe7mh Query : select top 1 manternumero, tiposaft, nmdos,td.assinadoc from td where td.ndoc = 39
20240429@094928.3088 85p2pmbr8iuiqddopum3pfe7mh Query : select 1 valor from information_schema.tables where table_type='base table' and table_name='wsft039fields'
20240429@094928.3103 85p2pmbr8iuiqddopum3pfe7mh Query : select fieldkey,fieldname,fieldtype,mandatory from wsft039fields
20240429@094928.3140 85p2pmbr8iuiqddopum3pfe7mh Query : select 1 valor from information_schema.tables where table_type='base table' and table_name='wsft2039fields'
20240429@094928.3158 85p2pmbr8iuiqddopum3pfe7mh Query : select fieldkey,fieldname,fieldtype,mandatory from wsft2039fields
20240429@094928.3192 85p2pmbr8iuiqddopum3pfe7mh Query : select 1 valor from information_schema.tables where table_type='base table' and table_name='wsft3039fields'
20240429@094928.3210 85p2pmbr8iuiqddopum3pfe7mh Query : select fieldkey,fieldname,fieldtype,mandatory from wsft3039fields
20240429@094928.3221 85p2pmbr8iuiqddopum3pfe7mh Query : select top 1 ft.fno valor from ft ft where ft.ndoc = 39 and ftano=2024 order by fno desc
20240429@094928.3356 85p2pmbr8iuiqddopum3pfe7mh Query : select top 1 ft.fno valor from wsft039data ft where ft.ndoc = 39 and ftano=2024 order by fno desc
20240429@094928.3367 85p2pmbr8iuiqddopum3pfe7mh Query : select 1 valor from information_schema.tables where table_type='base table' and table_name='wsft3039fields'
20240429@094928.3382 85p2pmbr8iuiqddopum3pfe7mh Query : select fieldkey,fieldname,fieldtype,calcformula from wsft3039fields
20240429@094928.3392 85p2pmbr8iuiqddopum3pfe7mh Query : insert into wsft3039data (ft3stamp, ousrdata, ousrhora, usrdata,usrhora,ousrinis,usrinis,taxpointdt ) values ('aut662f514901662f5f184e' ,getdate(),convert(char(8),convert (time,getdate())),getdate(),convert(char(8),convert (time,getdate())),'wsv','wsv',?)
20240429@094928.3597 85p2pmbr8iuiqddopum3pfe7mh Query : select 1 valor from information_schema.tables where table_type='base table' and table_name='wsft2039fields'
20240429@094928.3613 85p2pmbr8iuiqddopum3pfe7mh Query : select fieldkey,fieldname,fieldtype,calcformula from wsft2039fields
20240429@094928.3642 85p2pmbr8iuiqddopum3pfe7mh Query : select top 1 bo.u_nomeenv valor from bo where bo.bostamp=''
20240429@094928.3647 85p2pmbr8iuiqddopum3pfe7mh Query : select top 1 bo.u_moradaen valor from bo where bo.bostamp=''
20240429@094928.3660 85p2pmbr8iuiqddopum3pfe7mh Query : select top 1 bo.u_codposen valor from bo where bo.bostamp=''
20240429@094928.3665 85p2pmbr8iuiqddopum3pfe7mh Query : select top 1 bo.u_localenv valor from bo where bo.bostamp=''
20240429@094928.3670 85p2pmbr8iuiqddopum3pfe7mh Query : select top 1 bo.trab5 valor from bo where bo.bostamp=''
20240429@094928.3676 85p2pmbr8iuiqddopum3pfe7mh Query : select top 1 bo.serie valor from bo where bo.bostamp=''
20240429@094928.3680 85p2pmbr8iuiqddopum3pfe7mh Query : insert into wsft2039data (ft2stamp, ousrdata,ousrhora, usrdata,usrhora,ousrinis,usrinis,u_nomeenv ,u_moradaen ,u_codposen ,u_localenv ,u_coddest ,u_codby ) values ('aut662f514901662f5f184e',getdate(),convert(char(8),convert (time,getdate())),getdate(),convert(char(8),convert (time,getdate())),'wsv','wsv',?,?,?,?,?,?)
20240429@094928.3954 85p2pmbr8iuiqddopum3pfe7mh Query : select top 1 fno valor from wsft039data order by fno desc
20240429@094928.3977 85p2pmbr8iuiqddopum3pfe7mh Query : select 1 valor from information_schema.tables where table_type='base table' and table_name='wsft039fields'
20240429@094928.3994 85p2pmbr8iuiqddopum3pfe7mh Query : select fieldkey,fieldname,fieldtype,calcformula from wsft039fields
20240429@094928.4025 85p2pmbr8iuiqddopum3pfe7mh Query : insert into wsft039data (ftstamp, ousrdata,ousrhora, usrdata,usrhora,ousrinis,usrinis,fno,no,estab,fdata,ndoc,moeda,cambio,cambiofixo,ftano,cdata,chora,carga,descar,site ,classe ) values ('aut662f514901662f5f184e',getdate(),convert(char(8),convert (time,getdate())),getdate(),convert(char(8),convert (time,getdate())),'wsv','wsv',1085,100810,0,'2024-04-29',39,'euro',0,0,2024 ,'20240429','1019',?,?,?,?)
20240429@094928.4338 85p2pmbr8iuiqddopum3pfe7mh Query : use flama_phc
20240429@094928.4344 85p2pmbr8iuiqddopum3pfe7mh Query : select st.usalote valor from st where st.ref = '324.711.00.01'
20240429@094928.4358 85p2pmbr8iuiqddopum3pfe7mh Query : select top 1 st.tabiva ,st.ivaincl ,st.stns ,st.uni2 ,st.familia ,isnull(tx.taxa, 0) txiva ,unidade ,usalote ,epcpond ,noserie from st left join taxasiva tx on st.tabiva = tx.codigo where st.ref = '324.711.00.01'
20240429@094928.4527 85p2pmbr8iuiqddopum3pfe7mh Query : select 1 valor from information_schema.tables where table_type='base table' and table_name='wsfi039fields'
20240429@094928.4542 85p2pmbr8iuiqddopum3pfe7mh Query : select fieldkey,fieldname,fieldtype,mandatory from wsfi039fields
20240429@094928.4568 85p2pmbr8iuiqddopum3pfe7mh Query : select 1 valor from information_schema.tables where table_type='base table' and table_name='wsfi2039fields'
20240429@094928.4582 85p2pmbr8iuiqddopum3pfe7mh Query : select fieldkey,fieldname,fieldtype,mandatory from wsfi2039fields
20240429@094928.4587 85p2pmbr8iuiqddopum3pfe7mh Query : select sestamp valor from se where ref ='324.711.00.01' and lote = 'r2301222100a'
20240429@094928.4600 85p2pmbr8iuiqddopum3pfe7mh Query : select top 1 convert(numeric(6,2),t.taxa) valor from taxasiva t where t.codigo='2'
20240429@094928.4621 85p2pmbr8iuiqddopum3pfe7mh Query : select 1 valor from information_schema.tables where table_type='base table' and table_name='wsfi039fields'
20240429@094928.4634 85p2pmbr8iuiqddopum3pfe7mh Query : select fieldkey,fieldname,fieldtype,calcformula from wsfi039fields
20240429@094928.4667 85p2pmbr8iuiqddopum3pfe7mh Query : insert into wsfi039data (fistamp,ousrdata, ousrhora, usrdata,usrhora,ousrinis,usrinis ,qtt ,ftstamp ,epv,pvmoeda ,tabiva,iva,lordem ,ref, design ,lote,armazem,bistamp ) values ('aut662f515122662f5f1870',getdate(),convert(char(8),convert (time,getdate())),getdate(),convert(char(8),convert (time,getdate())),'wsv','wsv',72.000 ,'aut662f514901662f5f184e' ,0,0 ,2,23.00,10000,?,?,?,?,?)
20240429@094928.5004 85p2pmbr8iuiqddopum3pfe7mh Query : select 1 valor from information_schema.tables where table_type='base table' and table_name='wsfi2039fields'
20240429@094928.5020 85p2pmbr8iuiqddopum3pfe7mh Query : select fieldkey,fieldname,fieldtype,calcformula from wsfi2039fields
20240429@094928.5025 85p2pmbr8iuiqddopum3pfe7mh Query : insert into wsfi2039data (fi2stamp,ftstamp ,ousrdata, ousrhora, usrdata,usrhora,ousrinis,usrinis) values ('aut662f515122662f5f1870','aut662f514901662f5f184e' ,getdate(),convert(char(8),convert (time,getdate())),getdate(),convert(char(8),convert (time,getdate())),'wsv','wsv')
20240429@094928.5030 85p2pmbr8iuiqddopum3pfe7mh Query : select 1 valor from information_schema.tables where table_type='base table' and table_name='wsfi039fields'
20240429@094928.5044 85p2pmbr8iuiqddopum3pfe7mh Query : select fieldkey,fieldname,fieldtype,mandatory from wsfi039fields
20240429@094928.5078 85p2pmbr8iuiqddopum3pfe7mh Query : select 1 valor from information_schema.tables where table_type='base table' and table_name='wsfi2039fields'
20240429@094928.5091 85p2pmbr8iuiqddopum3pfe7mh Query : select fieldkey,fieldname,fieldtype,mandatory from wsfi2039fields
20240429@094928.5099 85p2pmbr8iuiqddopum3pfe7mh Query : select top 1 convert(numeric(6,2),t.taxa) valor from taxasiva t where t.codigo='2'
20240429@094928.5110 85p2pmbr8iuiqddopum3pfe7mh Query : select 1 valor from information_schema.tables where table_type='base table' and table_name='wsfi039fields'
20240429@094928.5244 85p2pmbr8iuiqddopum3pfe7mh Query : select fieldkey,fieldname,fieldtype,calcformula from wsfi039fields
20240429@094928.5269 85p2pmbr8iuiqddopum3pfe7mh Query : insert into wsfi039data (fistamp,ousrdata, ousrhora, usrdata,usrhora,ousrinis,usrinis ,qtt ,ftstamp ,epv,pvmoeda ,tabiva,iva,lordem ,ref, design ,armazem) values ('aut662f544422662f5f187c',getdate(),convert(char(8),convert (time,getdate())),getdate(),convert(char(8),convert (time,getdate())),'wsv','wsv',0 ,'aut662f514901662f5f184e' ,0,0 ,2,23.00,20000,?,?,?)
20240429@094928.5691 85p2pmbr8iuiqddopum3pfe7mh Query : select 1 valor from information_schema.tables where table_type='base table' and table_name='wsfi2039fields'
20240429@094928.6722 85p2pmbr8iuiqddopum3pfe7mh Query : select fieldkey,fieldname,fieldtype,calcformula from wsfi2039fields
20240429@094928.6789 85p2pmbr8iuiqddopum3pfe7mh Query : insert into wsfi2039data (fi2stamp,ftstamp ,ousrdata, ousrhora, usrdata,usrhora,ousrinis,usrinis) values ('aut662f544422662f5f187c','aut662f514901662f5f184e' ,getdate(),convert(char(8),convert (time,getdate())),getdate(),convert(char(8),convert (time,getdate())),'wsv','wsv')
20240429@094928.6795 85p2pmbr8iuiqddopum3pfe7mh Query : insert into wsftcreationlog (initialftstamp,externalid,creationstatus,documenttypeid,idustamp) values ('aut662f514901662f5f184e','2403031','wait',39,'ari17112337378,753000005')
20240429@094928.6812 85p2pmbr8iuiqddopum3pfe7mh Query : use flama_phc
20240429@094928.6815 85p2pmbr8iuiqddopum3pfe7mh Query : update u_wsusers set rqsttoken =? where userid ='userls001'
20240429@094928.6828 85p2pmbr8iuiqddopum3pfe7mh Query : select concat(rtrim(relative_path),ltrim(name_new)) as valor from uploadfiles where uploadfile_id='1380';
20240429@094928.6850 85p2pmbr8iuiqddopum3pfe7mh Query : update uploadfiles set whenupdated=current_timestamp where uploadfile_id='1380';
20240429@094928.6867 85p2pmbr8iuiqddopum3pfe7mh Query : select concat(rtrim(relative_path),ltrim(name_new)) as valor from uploadfiles where uploadfile_id='1380';
20240429@094928.6885 85p2pmbr8iuiqddopum3pfe7mh Query : update uploadfiles set whenupdated=current_timestamp where uploadfile_id='1380';
20240429@094928.7404 kf4tt7p5m5qhshlrh40ps89do1 Query : insert into uploadfiles ( name_original, name_new, option_type, relative_path, whencreated ) values ( ?, ?, ?, ?, getdate() )
20240429@094928.7429 kf4tt7p5m5qhshlrh40ps89do1 Query : select uploadfile_id valor from uploadfiles where name_new = ? and option_type = ? 
20240429@094928.7459 kf4tt7p5m5qhshlrh40ps89do1 Query : select concat(rtrim(relative_path),ltrim(name_new)) as valor from uploadfiles where uploadfile_id='1381';
20240429@094928.7519 kf4tt7p5m5qhshlrh40ps89do1 Query : update uploadfiles set whenupdated=current_timestamp where uploadfile_id='1381';
20240429@094928.7544 kf4tt7p5m5qhshlrh40ps89do1 Query : select concat(rtrim(relative_path),ltrim(name_new)) as valor from uploadfiles where uploadfile_id='1381';
20240429@094928.7567 kf4tt7p5m5qhshlrh40ps89do1 Query : update uploadfiles set whenupdated=current_timestamp where uploadfile_id='1381';
20240429@094928.7585 kf4tt7p5m5qhshlrh40ps89do1 Query : use flama_phc
20240429@094928.7589 kf4tt7p5m5qhshlrh40ps89do1 Query : select top 1 secretkey valor from u_wsusers u where u.userid = ? and u.inactivo=0
20240429@094928.7607 kf4tt7p5m5qhshlrh40ps89do1 Query : use flama_phc
20240429@094928.7611 kf4tt7p5m5qhshlrh40ps89do1 Query : select no, estab,szadrsdesc from szadrs where u_coddest=4740
20240429@094928.7658 kf4tt7p5m5qhshlrh40ps89do1 Query : select top 1 isnull(design,'') valor from st (nolock) left join stobs (nolock) on st.ref = stobs.ref where st.ref = '324.682.00.01'
20240429@094928.7824 kf4tt7p5m5qhshlrh40ps89do1 Query : select top 1 bistamp valor from bi inner join bo on bo.bostamp=bi.bostamp where bo.ndos =240 and bo.boano =2030 and bo.obrano = 2403032 and bi.ref ='324.682.00.01' and bi.lordem =1
20240429@094928.8177 kf4tt7p5m5qhshlrh40ps89do1 Query : select top 1 isnull(design,'') valor from st (nolock) left join stobs (nolock) on st.ref = stobs.ref where st.ref = '324.682.00.01'
20240429@094928.8190 kf4tt7p5m5qhshlrh40ps89do1 Query : select top 1 bistamp valor from bi inner join bo on bo.bostamp=bi.bostamp where bo.ndos =240 and bo.boano =2030 and bo.obrano = 2403032 and bi.ref ='324.682.00.01' and bi.lordem =2
20240429@094928.8568 kf4tt7p5m5qhshlrh40ps89do1 Query : select top 1 isnull(design,'') valor from st (nolock) left join stobs (nolock) on st.ref = stobs.ref where st.ref = '324.682.00.01'
20240429@094928.8580 kf4tt7p5m5qhshlrh40ps89do1 Query : select top 1 bistamp valor from bi inner join bo on bo.bostamp=bi.bostamp where bo.ndos =240 and bo.boano =2030 and bo.obrano = 2403032 and bi.ref ='324.682.00.01' and bi.lordem =2
20240429@094928.8587 kf4tt7p5m5qhshlrh40ps89do1 Query : select top 1 isnull(design,'') valor from st (nolock) left join stobs (nolock) on st.ref = stobs.ref where st.ref = '324.682.00.01'
20240429@094928.8600 kf4tt7p5m5qhshlrh40ps89do1 Query : select top 1 bistamp valor from bi inner join bo on bo.bostamp=bi.bostamp where bo.ndos =240 and bo.boano =2030 and bo.obrano = 2403032 and bi.ref ='324.682.00.01' and bi.lordem =2
20240429@094928.8606 kf4tt7p5m5qhshlrh40ps89do1 Query : select top 1 isnull(design,'') valor from st (nolock) left join stobs (nolock) on st.ref = stobs.ref where st.ref = '324.682.00.01'
20240429@094928.8617 kf4tt7p5m5qhshlrh40ps89do1 Query : select top 1 bistamp valor from bi inner join bo on bo.bostamp=bi.bostamp where bo.ndos =240 and bo.boano =2030 and bo.obrano = 2403032 and bi.ref ='324.682.00.01' and bi.lordem =2
20240429@094928.8623 kf4tt7p5m5qhshlrh40ps89do1 Query : select top 1 isnull(design,'') valor from st (nolock) left join stobs (nolock) on st.ref = stobs.ref where st.ref = '324.682.00.01'
20240429@094928.8635 kf4tt7p5m5qhshlrh40ps89do1 Query : select top 1 bistamp valor from bi inner join bo on bo.bostamp=bi.bostamp where bo.ndos =240 and bo.boano =2030 and bo.obrano = 2403032 and bi.ref ='324.682.00.01' and bi.lordem =2
20240429@094928.8640 kf4tt7p5m5qhshlrh40ps89do1 Query : select top 1 isnull(design,'') valor from st (nolock) left join stobs (nolock) on st.ref = stobs.ref where st.ref = '324.682.00.01'
20240429@094928.8651 kf4tt7p5m5qhshlrh40ps89do1 Query : select top 1 bistamp valor from bi inner join bo on bo.bostamp=bi.bostamp where bo.ndos =240 and bo.boano =2030 and bo.obrano = 2403032 and bi.ref ='324.682.00.01' and bi.lordem =2
20240429@094928.8656 kf4tt7p5m5qhshlrh40ps89do1 Query : select top 1 isnull(design,'') valor from st (nolock) left join stobs (nolock) on st.ref = stobs.ref where st.ref = '324.682.00.01'
20240429@094928.8667 kf4tt7p5m5qhshlrh40ps89do1 Query : select top 1 bistamp valor from bi inner join bo on bo.bostamp=bi.bostamp where bo.ndos =240 and bo.boano =2030 and bo.obrano = 2403032 and bi.ref ='324.682.00.01' and bi.lordem =2
20240429@094928.8674 kf4tt7p5m5qhshlrh40ps89do1 Query : select top 1 isnull(design,'') valor from st (nolock) left join stobs (nolock) on st.ref = stobs.ref where st.ref = '324.682.00.01'
20240429@094928.8685 kf4tt7p5m5qhshlrh40ps89do1 Query : select top 1 bistamp valor from bi inner join bo on bo.bostamp=bi.bostamp where bo.ndos =240 and bo.boano =2030 and bo.obrano = 2403032 and bi.ref ='324.682.00.01' and bi.lordem =2
20240429@094928.8691 kf4tt7p5m5qhshlrh40ps89do1 Query : select top 1 isnull(design,'') valor from st (nolock) left join stobs (nolock) on st.ref = stobs.ref where st.ref = '324.682.00.01'
20240429@094928.8701 kf4tt7p5m5qhshlrh40ps89do1 Query : select top 1 bistamp valor from bi inner join bo on bo.bostamp=bi.bostamp where bo.ndos =240 and bo.boano =2030 and bo.obrano = 2403032 and bi.ref ='324.682.00.01' and bi.lordem =2
20240429@094928.8707 kf4tt7p5m5qhshlrh40ps89do1 Query : select top 1 isnull(design,'') valor from st (nolock) left join stobs (nolock) on st.ref = stobs.ref where st.ref = '324.682.00.01'
20240429@094928.8718 kf4tt7p5m5qhshlrh40ps89do1 Query : select top 1 bistamp valor from bi inner join bo on bo.bostamp=bi.bostamp where bo.ndos =240 and bo.boano =2030 and bo.obrano = 2403032 and bi.ref ='324.682.00.01' and bi.lordem =2
20240429@094928.8723 kf4tt7p5m5qhshlrh40ps89do1 Query : select top 1 isnull(design,'') valor from st (nolock) left join stobs (nolock) on st.ref = stobs.ref where st.ref = '324.682.00.01'
20240429@094928.8735 kf4tt7p5m5qhshlrh40ps89do1 Query : select top 1 bistamp valor from bi inner join bo on bo.bostamp=bi.bostamp where bo.ndos =240 and bo.boano =2030 and bo.obrano = 2403032 and bi.ref ='324.682.00.01' and bi.lordem =2
20240429@094928.8740 kf4tt7p5m5qhshlrh40ps89do1 Query : select top 1 isnull(design,'') valor from st (nolock) left join stobs (nolock) on st.ref = stobs.ref where st.ref = '324.682.00.01'
20240429@094928.8752 kf4tt7p5m5qhshlrh40ps89do1 Query : select top 1 bistamp valor from bi inner join bo on bo.bostamp=bi.bostamp where bo.ndos =240 and bo.boano =2030 and bo.obrano = 2403032 and bi.ref ='324.682.00.01' and bi.lordem =2
20240429@094928.8758 kf4tt7p5m5qhshlrh40ps89do1 Query : select top 1 isnull(design,'') valor from st (nolock) left join stobs (nolock) on st.ref = stobs.ref where st.ref = '324.682.00.01'
20240429@094928.8769 kf4tt7p5m5qhshlrh40ps89do1 Query : select top 1 bistamp valor from bi inner join bo on bo.bostamp=bi.bostamp where bo.ndos =240 and bo.boano =2030 and bo.obrano = 2403032 and bi.ref ='324.682.00.01' and bi.lordem =2
20240429@094928.8775 kf4tt7p5m5qhshlrh40ps89do1 Query : select top 1 isnull(design,'') valor from st (nolock) left join stobs (nolock) on st.ref = stobs.ref where st.ref = '324.682.00.01'
20240429@094928.8797 kf4tt7p5m5qhshlrh40ps89do1 Query : select top 1 bistamp valor from bi inner join bo on bo.bostamp=bi.bostamp where bo.ndos =240 and bo.boano =2030 and bo.obrano = 2403032 and bi.ref ='324.682.00.01' and bi.lordem =2
20240429@094928.8804 kf4tt7p5m5qhshlrh40ps89do1 Query : select top 1 isnull(design,'') valor from st (nolock) left join stobs (nolock) on st.ref = stobs.ref where st.ref = '324.682.00.01'
20240429@094928.8816 kf4tt7p5m5qhshlrh40ps89do1 Query : select top 1 bistamp valor from bi inner join bo on bo.bostamp=bi.bostamp where bo.ndos =240 and bo.boano =2030 and bo.obrano = 2403032 and bi.ref ='324.682.00.01' and bi.lordem =2
20240429@094928.8823 kf4tt7p5m5qhshlrh40ps89do1 Query : use flama_phc
20240429@094928.8827 kf4tt7p5m5qhshlrh40ps89do1 Query : select top 1 convert(date,fdata) valor from ft where ndoc = 39 and anulado= 0 and fno>0 order by fdata desc
20240429@094928.8842 kf4tt7p5m5qhshlrh40ps89do1 Query : use flama_phc
20240429@094928.8849 kf4tt7p5m5qhshlrh40ps89do1 Query : select top 1 1 valor from td where td.ndoc = 39
20240429@094928.8861 kf4tt7p5m5qhshlrh40ps89do1 Query : use flama_phc
20240429@094928.8865 kf4tt7p5m5qhshlrh40ps89do1 Query : select descricao ,case when valor='s' then 1 else 0 end usalotes from para1 where descricao in ('st_lote')
20240429@094928.8878 kf4tt7p5m5qhshlrh40ps89do1 Query : select top 1 assinadoc issigned ,td.lancasl stocks ,'cl' origin ,case when (cmsl between 1 and 50 ) then 1 else 0 end entrada ,case when (cmsl>50 ) then 1 else 0 end saida ,~lotestock validatestock ,tiposaft from td inner join td2 on td.tdstamp=td2.td2stamp where td.ndoc =39
20240429@094928.8926 kf4tt7p5m5qhshlrh40ps89do1 Query : use flama_phc
20240429@094928.8930 kf4tt7p5m5qhshlrh40ps89do1 Query : select top 1 ~inactivo valor from cl where no = '100810' and estab = 0 order by inactivo desc
20240429@094928.8942 kf4tt7p5m5qhshlrh40ps89do1 Query : use flama_phc
20240429@094928.8945 kf4tt7p5m5qhshlrh40ps89do1 Query : select top 1 tipodoc,regrd from td where ndoc = 39
20240429@094928.8958 kf4tt7p5m5qhshlrh40ps89do1 Query : use flama_phc
20240429@094928.8962 kf4tt7p5m5qhshlrh40ps89do1 Query : select szadrsstamp valor from szadrs where szadrsdesc='espaÇotrans,lda'
20240429@094928.8976 kf4tt7p5m5qhshlrh40ps89do1 Query : use flama_phc
20240429@094928.8980 kf4tt7p5m5qhshlrh40ps89do1 Query : select szadrsstamp valor from szadrs where szadrsdesc='100810 - worten-equipamentos para o lar,sa.'
20240429@094928.8999 kf4tt7p5m5qhshlrh40ps89do1 Query : use flama_phc
20240429@094928.9002 kf4tt7p5m5qhshlrh40ps89do1 Query : select 1 valor from td where ndoc = 39
20240429@094928.9015 kf4tt7p5m5qhshlrh40ps89do1 Query : select top 1 manternumero, tiposaft, nmdos,td.assinadoc from td where td.ndoc = 39
20240429@094928.9029 kf4tt7p5m5qhshlrh40ps89do1 Query : select 1 valor from information_schema.tables where table_type='base table' and table_name='wsft039fields'
20240429@094928.9056 kf4tt7p5m5qhshlrh40ps89do1 Query : select fieldkey,fieldname,fieldtype,mandatory from wsft039fields
20240429@094928.9080 kf4tt7p5m5qhshlrh40ps89do1 Query : select 1 valor from information_schema.tables where table_type='base table' and table_name='wsft2039fields'
20240429@094928.9097 kf4tt7p5m5qhshlrh40ps89do1 Query : select fieldkey,fieldname,fieldtype,mandatory from wsft2039fields
20240429@094928.9131 kf4tt7p5m5qhshlrh40ps89do1 Query : select 1 valor from information_schema.tables where table_type='base table' and table_name='wsft3039fields'
20240429@094928.9148 kf4tt7p5m5qhshlrh40ps89do1 Query : select fieldkey,fieldname,fieldtype,mandatory from wsft3039fields
20240429@094928.9160 kf4tt7p5m5qhshlrh40ps89do1 Query : select top 1 ft.fno valor from ft ft where ft.ndoc = 39 and ftano=2024 order by fno desc
20240429@094928.9254 kf4tt7p5m5qhshlrh40ps89do1 Query : select top 1 ft.fno valor from wsft039data ft where ft.ndoc = 39 and ftano=2024 order by fno desc
20240429@094928.9266 kf4tt7p5m5qhshlrh40ps89do1 Query : select 1 valor from information_schema.tables where table_type='base table' and table_name='wsft3039fields'
20240429@094928.9286 kf4tt7p5m5qhshlrh40ps89do1 Query : select fieldkey,fieldname,fieldtype,calcformula from wsft3039fields
20240429@094928.9297 kf4tt7p5m5qhshlrh40ps89do1 Query : insert into wsft3039data (ft3stamp, ousrdata, ousrhora, usrdata,usrhora,ousrinis,usrinis,taxpointdt ) values ('aut662f506470662f5f18df' ,getdate(),convert(char(8),convert (time,getdate())),getdate(),convert(char(8),convert (time,getdate())),'wsv','wsv',?)
20240429@094928.9482 kf4tt7p5m5qhshlrh40ps89do1 Query : select 1 valor from information_schema.tables where table_type='base table' and table_name='wsft2039fields'
20240429@094928.9499 kf4tt7p5m5qhshlrh40ps89do1 Query : select fieldkey,fieldname,fieldtype,calcformula from wsft2039fields
20240429@094928.9533 kf4tt7p5m5qhshlrh40ps89do1 Query : select top 1 bo.u_nomeenv valor from bo where bo.bostamp=''
20240429@094928.9540 kf4tt7p5m5qhshlrh40ps89do1 Query : select top 1 bo.u_moradaen valor from bo where bo.bostamp=''
20240429@094928.9545 kf4tt7p5m5qhshlrh40ps89do1 Query : select top 1 bo.u_codposen valor from bo where bo.bostamp=''
20240429@094928.9550 kf4tt7p5m5qhshlrh40ps89do1 Query : select top 1 bo.u_localenv valor from bo where bo.bostamp=''
20240429@094928.9556 kf4tt7p5m5qhshlrh40ps89do1 Query : select top 1 bo.trab5 valor from bo where bo.bostamp=''
20240429@094928.9586 kf4tt7p5m5qhshlrh40ps89do1 Query : select top 1 bo.serie valor from bo where bo.bostamp=''
20240429@094928.9592 kf4tt7p5m5qhshlrh40ps89do1 Query : insert into wsft2039data (ft2stamp, ousrdata,ousrhora, usrdata,usrhora,ousrinis,usrinis,u_nomeenv ,u_moradaen ,u_codposen ,u_localenv ,u_coddest ,u_codby ) values ('aut662f506470662f5f18df',getdate(),convert(char(8),convert (time,getdate())),getdate(),convert(char(8),convert (time,getdate())),'wsv','wsv',?,?,?,?,?,?)
20240429@094928.9849 kf4tt7p5m5qhshlrh40ps89do1 Query : select top 1 fno valor from wsft039data order by fno desc
20240429@094928.9871 kf4tt7p5m5qhshlrh40ps89do1 Query : select 1 valor from information_schema.tables where table_type='base table' and table_name='wsft039fields'
20240429@094928.9886 kf4tt7p5m5qhshlrh40ps89do1 Query : select fieldkey,fieldname,fieldtype,calcformula from wsft039fields
20240429@094928.9905 kf4tt7p5m5qhshlrh40ps89do1 Query : insert into wsft039data (ftstamp, ousrdata,ousrhora, usrdata,usrhora,ousrinis,usrinis,fno,no,estab,fdata,ndoc,moeda,cambio,cambiofixo,ftano,cdata,chora,carga,descar,site ,classe ) values ('aut662f506470662f5f18df',getdate(),convert(char(8),convert (time,getdate())),getdate(),convert(char(8),convert (time,getdate())),'wsv','wsv',1086,100810,0,'2024-04-29',39,'euro',0,0,2024 ,'20240429','1019',?,?,?,?)
20240429@094929.1900 kf4tt7p5m5qhshlrh40ps89do1 Query : use flama_phc
20240429@094929.1940 kf4tt7p5m5qhshlrh40ps89do1 Query : select st.usalote valor from st where st.ref = '324.682.00.01'
20240429@094929.2090 kf4tt7p5m5qhshlrh40ps89do1 Query : select top 1 st.tabiva ,st.ivaincl ,st.stns ,st.uni2 ,st.familia ,isnull(tx.taxa, 0) txiva ,unidade ,usalote ,epcpond ,noserie from st left join taxasiva tx on st.tabiva = tx.codigo where st.ref = '324.682.00.01'
20240429@094929.3710 kf4tt7p5m5qhshlrh40ps89do1 Query : select 1 valor from information_schema.tables where table_type='base table' and table_name='wsfi039fields'
20240429@094929.3850 kf4tt7p5m5qhshlrh40ps89do1 Query : select fieldkey,fieldname,fieldtype,mandatory from wsfi039fields
20240429@094929.4100 kf4tt7p5m5qhshlrh40ps89do1 Query : select 1 valor from information_schema.tables where table_type='base table' and table_name='wsfi2039fields'
20240429@094929.4250 kf4tt7p5m5qhshlrh40ps89do1 Query : select fieldkey,fieldname,fieldtype,mandatory from wsfi2039fields
20240429@094929.4300 kf4tt7p5m5qhshlrh40ps89do1 Query : select sestamp valor from se where ref ='324.682.00.01' and lote = 'r2301244100a'
20240429@094929.4440 kf4tt7p5m5qhshlrh40ps89do1 Query : select top 1 convert(numeric(6,2),t.taxa) valor from taxasiva t where t.codigo='2'
20240429@094929.4550 kf4tt7p5m5qhshlrh40ps89do1 Query : select 1 valor from information_schema.tables where table_type='base table' and table_name='wsfi039fields'
20240429@094929.4690 kf4tt7p5m5qhshlrh40ps89do1 Query : select fieldkey,fieldname,fieldtype,calcformula from wsfi039fields
20240429@094929.4950 kf4tt7p5m5qhshlrh40ps89do1 Query : insert into wsfi039data (fistamp,ousrdata, ousrhora, usrdata,usrhora,ousrinis,usrinis ,qtt ,ftstamp ,epv,pvmoeda ,tabiva,iva,lordem ,ref, design ,lote,armazem,bistamp ) values ('aut662f591316662f5f190b',getdate(),convert(char(8),convert (time,getdate())),getdate(),convert(char(8),convert (time,getdate())),'wsv','wsv',12.000 ,'aut662f506470662f5f18df' ,0,0 ,2,23.00,10000,?,?,?,?,?)
20240429@094929.7530 kf4tt7p5m5qhshlrh40ps89do1 Query : select 1 valor from information_schema.tables where table_type='base table' and table_name='wsfi2039fields'
20240429@094929.7700 kf4tt7p5m5qhshlrh40ps89do1 Query : select fieldkey,fieldname,fieldtype,calcformula from wsfi2039fields
20240429@094929.7740 kf4tt7p5m5qhshlrh40ps89do1 Query : insert into wsfi2039data (fi2stamp,ftstamp ,ousrdata, ousrhora, usrdata,usrhora,ousrinis,usrinis) values ('aut662f591316662f5f190b','aut662f506470662f5f18df' ,getdate(),convert(char(8),convert (time,getdate())),getdate(),convert(char(8),convert (time,getdate())),'wsv','wsv')
20240429@094929.7800 kf4tt7p5m5qhshlrh40ps89do1 Query : select 1 valor from information_schema.tables where table_type='base table' and table_name='wsfi039fields'
20240429@094929.7930 kf4tt7p5m5qhshlrh40ps89do1 Query : select fieldkey,fieldname,fieldtype,mandatory from wsfi039fields
20240429@094929.8150 kf4tt7p5m5qhshlrh40ps89do1 Query : select 1 valor from information_schema.tables where table_type='base table' and table_name='wsfi2039fields'
20240429@094929.8280 kf4tt7p5m5qhshlrh40ps89do1 Query : select fieldkey,fieldname,fieldtype,mandatory from wsfi2039fields
20240429@094929.8320 kf4tt7p5m5qhshlrh40ps89do1 Query : select top 1 convert(numeric(6,2),t.taxa) valor from taxasiva t where t.codigo='2'
20240429@094929.8420 kf4tt7p5m5qhshlrh40ps89do1 Query : select 1 valor from information_schema.tables where table_type='base table' and table_name='wsfi039fields'
20240429@094929.8640 kf4tt7p5m5qhshlrh40ps89do1 Query : select fieldkey,fieldname,fieldtype,calcformula from wsfi039fields
20240429@094929.8870 kf4tt7p5m5qhshlrh40ps89do1 Query : insert into wsfi039data (fistamp,ousrdata, ousrhora, usrdata,usrhora,ousrinis,usrinis ,qtt ,ftstamp ,epv,pvmoeda ,tabiva,iva,lordem ,ref, design ,armazem) values ('aut662f550681662f5f1914',getdate(),convert(char(8),convert (time,getdate())),getdate(),convert(char(8),convert (time,getdate())),'wsv','wsv',0 ,'aut662f506470662f5f18df' ,0,0 ,2,23.00,20000,?,?,?)
20240429@094929.1156 kf4tt7p5m5qhshlrh40ps89do1 Query : select 1 valor from information_schema.tables where table_type='base table' and table_name='wsfi2039fields'
20240429@094929.1171 kf4tt7p5m5qhshlrh40ps89do1 Query : select fieldkey,fieldname,fieldtype,calcformula from wsfi2039fields
20240429@094929.1175 kf4tt7p5m5qhshlrh40ps89do1 Query : insert into wsfi2039data (fi2stamp,ftstamp ,ousrdata, ousrhora, usrdata,usrhora,ousrinis,usrinis) values ('aut662f550681662f5f1914','aut662f506470662f5f18df' ,getdate(),convert(char(8),convert (time,getdate())),getdate(),convert(char(8),convert (time,getdate())),'wsv','wsv')
20240429@094929.1180 kf4tt7p5m5qhshlrh40ps89do1 Query : use flama_phc
20240429@094929.1183 kf4tt7p5m5qhshlrh40ps89do1 Query : select st.usalote valor from st where st.ref = '324.682.00.01'
20240429@094929.1193 kf4tt7p5m5qhshlrh40ps89do1 Query : select top 1 st.tabiva ,st.ivaincl ,st.stns ,st.uni2 ,st.familia ,isnull(tx.taxa, 0) txiva ,unidade ,usalote ,epcpond ,noserie from st left join taxasiva tx on st.tabiva = tx.codigo where st.ref = '324.682.00.01'
20240429@094929.1204 kf4tt7p5m5qhshlrh40ps89do1 Query : select 1 valor from information_schema.tables where table_type='base table' and table_name='wsfi039fields'
20240429@094929.1217 kf4tt7p5m5qhshlrh40ps89do1 Query : select fieldkey,fieldname,fieldtype,mandatory from wsfi039fields
20240429@094929.1245 kf4tt7p5m5qhshlrh40ps89do1 Query : select 1 valor from information_schema.tables where table_type='base table' and table_name='wsfi2039fields'
20240429@094929.1259 kf4tt7p5m5qhshlrh40ps89do1 Query : select fieldkey,fieldname,fieldtype,mandatory from wsfi2039fields
20240429@094929.1267 kf4tt7p5m5qhshlrh40ps89do1 Query : select sestamp valor from se where ref ='324.682.00.01' and lote = 'r2301244100a'
20240429@094929.1277 kf4tt7p5m5qhshlrh40ps89do1 Query : select top 1 convert(numeric(6,2),t.taxa) valor from taxasiva t where t.codigo='2'
20240429@094929.1288 kf4tt7p5m5qhshlrh40ps89do1 Query : select 1 valor from information_schema.tables where table_type='base table' and table_name='wsfi039fields'
20240429@094929.1301 kf4tt7p5m5qhshlrh40ps89do1 Query : select fieldkey,fieldname,fieldtype,calcformula from wsfi039fields
20240429@094929.1328 kf4tt7p5m5qhshlrh40ps89do1 Query : insert into wsfi039data (fistamp,ousrdata, ousrhora, usrdata,usrhora,ousrinis,usrinis ,qtt ,ftstamp ,epv,pvmoeda ,tabiva,iva,lordem ,ref, design ,lote,armazem,bistamp ) values ('aut662f592521662f5f191f',getdate(),convert(char(8),convert (time,getdate())),getdate(),convert(char(8),convert (time,getdate())),'wsv','wsv',2.000 ,'aut662f506470662f5f18df' ,0,0 ,2,23.00,40000,?,?,?,?,?)
20240429@094929.1662 kf4tt7p5m5qhshlrh40ps89do1 Query : select 1 valor from information_schema.tables where table_type='base table' and table_name='wsfi2039fields'
20240429@094929.1680 kf4tt7p5m5qhshlrh40ps89do1 Query : select fieldkey,fieldname,fieldtype,calcformula from wsfi2039fields
20240429@094929.1685 kf4tt7p5m5qhshlrh40ps89do1 Query : insert into wsfi2039data (fi2stamp,ftstamp ,ousrdata, ousrhora, usrdata,usrhora,ousrinis,usrinis) values ('aut662f592521662f5f191f','aut662f506470662f5f18df' ,getdate(),convert(char(8),convert (time,getdate())),getdate(),convert(char(8),convert (time,getdate())),'wsv','wsv')
20240429@094929.1690 kf4tt7p5m5qhshlrh40ps89do1 Query : select 1 valor from information_schema.tables where table_type='base table' and table_name='wsfi039fields'
20240429@094929.1704 kf4tt7p5m5qhshlrh40ps89do1 Query : select fieldkey,fieldname,fieldtype,mandatory from wsfi039fields
20240429@094929.1726 kf4tt7p5m5qhshlrh40ps89do1 Query : select 1 valor from information_schema.tables where table_type='base table' and table_name='wsfi2039fields'
20240429@094929.1738 kf4tt7p5m5qhshlrh40ps89do1 Query : select fieldkey,fieldname,fieldtype,mandatory from wsfi2039fields
20240429@094929.1742 kf4tt7p5m5qhshlrh40ps89do1 Query : select top 1 convert(numeric(6,2),t.taxa) valor from taxasiva t where t.codigo='2'
20240429@094929.1751 kf4tt7p5m5qhshlrh40ps89do1 Query : select 1 valor from information_schema.tables where table_type='base table' and table_name='wsfi039fields'
20240429@094929.1763 kf4tt7p5m5qhshlrh40ps89do1 Query : select fieldkey,fieldname,fieldtype,calcformula from wsfi039fields
20240429@094929.1789 kf4tt7p5m5qhshlrh40ps89do1 Query : insert into wsfi039data (fistamp,ousrdata, ousrhora, usrdata,usrhora,ousrinis,usrinis ,qtt ,ftstamp ,epv,pvmoeda ,tabiva,iva,lordem ,ref, design ,armazem) values ('aut662f570356662f5f192a',getdate(),convert(char(8),convert (time,getdate())),getdate(),convert(char(8),convert (time,getdate())),'wsv','wsv',0 ,'aut662f506470662f5f18df' ,0,0 ,2,23.00,50000,?,?,?)
20240429@094929.2263 kf4tt7p5m5qhshlrh40ps89do1 Query : select 1 valor from information_schema.tables where table_type='base table' and table_name='wsfi2039fields'
20240429@094929.2281 kf4tt7p5m5qhshlrh40ps89do1 Query : select fieldkey,fieldname,fieldtype,calcformula from wsfi2039fields
20240429@094929.2285 kf4tt7p5m5qhshlrh40ps89do1 Query : insert into wsfi2039data (fi2stamp,ftstamp ,ousrdata, ousrhora, usrdata,usrhora,ousrinis,usrinis) values ('aut662f570356662f5f192a','aut662f506470662f5f18df' ,getdate(),convert(char(8),convert (time,getdate())),getdate(),convert(char(8),convert (time,getdate())),'wsv','wsv')
20240429@094929.2290 kf4tt7p5m5qhshlrh40ps89do1 Query : use flama_phc
20240429@094929.2293 kf4tt7p5m5qhshlrh40ps89do1 Query : select st.usalote valor from st where st.ref = '324.682.00.01'
20240429@094929.2305 kf4tt7p5m5qhshlrh40ps89do1 Query : select top 1 st.tabiva ,st.ivaincl ,st.stns ,st.uni2 ,st.familia ,isnull(tx.taxa, 0) txiva ,unidade ,usalote ,epcpond ,noserie from st left join taxasiva tx on st.tabiva = tx.codigo where st.ref = '324.682.00.01'
20240429@094929.2317 kf4tt7p5m5qhshlrh40ps89do1 Query : select 1 valor from information_schema.tables where table_type='base table' and table_name='wsfi039fields'
20240429@094929.2330 kf4tt7p5m5qhshlrh40ps89do1 Query : select fieldkey,fieldname,fieldtype,mandatory from wsfi039fields
20240429@094929.2355 kf4tt7p5m5qhshlrh40ps89do1 Query : select 1 valor from information_schema.tables where table_type='base table' and table_name='wsfi2039fields'
20240429@094929.2368 kf4tt7p5m5qhshlrh40ps89do1 Query : select fieldkey,fieldname,fieldtype,mandatory from wsfi2039fields
20240429@094929.2373 kf4tt7p5m5qhshlrh40ps89do1 Query : select sestamp valor from se where ref ='324.682.00.01' and lote = 'r2301244100a'
20240429@094929.2383 kf4tt7p5m5qhshlrh40ps89do1 Query : select top 1 convert(numeric(6,2),t.taxa) valor from taxasiva t where t.codigo='2'
20240429@094929.2393 kf4tt7p5m5qhshlrh40ps89do1 Query : select 1 valor from information_schema.tables where table_type='base table' and table_name='wsfi039fields'
20240429@094929.2406 kf4tt7p5m5qhshlrh40ps89do1 Query : select fieldkey,fieldname,fieldtype,calcformula from wsfi039fields
20240429@094929.2434 kf4tt7p5m5qhshlrh40ps89do1 Query : insert into wsfi039data (fistamp,ousrdata, ousrhora, usrdata,usrhora,ousrinis,usrinis ,qtt ,ftstamp ,epv,pvmoeda ,tabiva,iva,lordem ,ref, design ,lote,armazem,bistamp ) values ('aut662f564305662f5f193a',getdate(),convert(char(8),convert (time,getdate())),getdate(),convert(char(8),convert (time,getdate())),'wsv','wsv',24.000 ,'aut662f506470662f5f18df' ,0,0 ,2,23.00,70000,?,?,?,?,?)
20240429@094929.2686 kf4tt7p5m5qhshlrh40ps89do1 Query : select 1 valor from information_schema.tables where table_type='base table' and table_name='wsfi2039fields'
20240429@094929.2702 kf4tt7p5m5qhshlrh40ps89do1 Query : select fieldkey,fieldname,fieldtype,calcformula from wsfi2039fields
20240429@094929.2707 kf4tt7p5m5qhshlrh40ps89do1 Query : insert into wsfi2039data (fi2stamp,ftstamp ,ousrdata, ousrhora, usrdata,usrhora,ousrinis,usrinis) values ('aut662f564305662f5f193a','aut662f506470662f5f18df' ,getdate(),convert(char(8),convert (time,getdate())),getdate(),convert(char(8),convert (time,getdate())),'wsv','wsv')
20240429@094929.2713 kf4tt7p5m5qhshlrh40ps89do1 Query : select 1 valor from information_schema.tables where table_type='base table' and table_name='wsfi039fields'
20240429@094929.2728 kf4tt7p5m5qhshlrh40ps89do1 Query : select fieldkey,fieldname,fieldtype,mandatory from wsfi039fields
20240429@094929.2755 kf4tt7p5m5qhshlrh40ps89do1 Query : select 1 valor from information_schema.tables where table_type='base table' and table_name='wsfi2039fields'
20240429@094929.2769 kf4tt7p5m5qhshlrh40ps89do1 Query : select fieldkey,fieldname,fieldtype,mandatory from wsfi2039fields
20240429@094929.2773 kf4tt7p5m5qhshlrh40ps89do1 Query : select top 1 convert(numeric(6,2),t.taxa) valor from taxasiva t where t.codigo='2'
20240429@094929.2782 kf4tt7p5m5qhshlrh40ps89do1 Query : select 1 valor from information_schema.tables where table_type='base table' and table_name='wsfi039fields'
20240429@094929.2793 kf4tt7p5m5qhshlrh40ps89do1 Query : select fieldkey,fieldname,fieldtype,calcformula from wsfi039fields
20240429@094929.2814 kf4tt7p5m5qhshlrh40ps89do1 Query : insert into wsfi039data (fistamp,ousrdata, ousrhora, usrdata,usrhora,ousrinis,usrinis ,qtt ,ftstamp ,epv,pvmoeda ,tabiva,iva,lordem ,ref, design ,armazem) values ('aut662f596666662f5f1943',getdate(),convert(char(8),convert (time,getdate())),getdate(),convert(char(8),convert (time,getdate())),'wsv','wsv',0 ,'aut662f506470662f5f18df' ,0,0 ,2,23.00,80000,?,?,?)
20240429@094929.3087 kf4tt7p5m5qhshlrh40ps89do1 Query : select 1 valor from information_schema.tables where table_type='base table' and table_name='wsfi2039fields'
20240429@094929.3103 kf4tt7p5m5qhshlrh40ps89do1 Query : select fieldkey,fieldname,fieldtype,calcformula from wsfi2039fields
20240429@094929.3108 kf4tt7p5m5qhshlrh40ps89do1 Query : insert into wsfi2039data (fi2stamp,ftstamp ,ousrdata, ousrhora, usrdata,usrhora,ousrinis,usrinis) values ('aut662f596666662f5f1943','aut662f506470662f5f18df' ,getdate(),convert(char(8),convert (time,getdate())),getdate(),convert(char(8),convert (time,getdate())),'wsv','wsv')
20240429@094929.3112 kf4tt7p5m5qhshlrh40ps89do1 Query : use flama_phc
20240429@094929.3116 kf4tt7p5m5qhshlrh40ps89do1 Query : select st.usalote valor from st where st.ref = '324.682.00.01'
20240429@094929.3129 kf4tt7p5m5qhshlrh40ps89do1 Query : select top 1 st.tabiva ,st.ivaincl ,st.stns ,st.uni2 ,st.familia ,isnull(tx.taxa, 0) txiva ,unidade ,usalote ,epcpond ,noserie from st left join taxasiva tx on st.tabiva = tx.codigo where st.ref = '324.682.00.01'
20240429@094929.3145 kf4tt7p5m5qhshlrh40ps89do1 Query : select 1 valor from information_schema.tables where table_type='base table' and table_name='wsfi039fields'
20240429@094929.3163 kf4tt7p5m5qhshlrh40ps89do1 Query : select fieldkey,fieldname,fieldtype,mandatory from wsfi039fields
20240429@094929.3186 kf4tt7p5m5qhshlrh40ps89do1 Query : select 1 valor from information_schema.tables where table_type='base table' and table_name='wsfi2039fields'
20240429@094929.3200 kf4tt7p5m5qhshlrh40ps89do1 Query : select fieldkey,fieldname,fieldtype,mandatory from wsfi2039fields
20240429@094929.3204 kf4tt7p5m5qhshlrh40ps89do1 Query : select sestamp valor from se where ref ='324.682.00.01' and lote = 'r2301244100a'
20240429@094929.3217 kf4tt7p5m5qhshlrh40ps89do1 Query : select top 1 convert(numeric(6,2),t.taxa) valor from taxasiva t where t.codigo='2'
20240429@094929.3227 kf4tt7p5m5qhshlrh40ps89do1 Query : select 1 valor from information_schema.tables where table_type='base table' and table_name='wsfi039fields'
20240429@094929.3241 kf4tt7p5m5qhshlrh40ps89do1 Query : select fieldkey,fieldname,fieldtype,calcformula from wsfi039fields
20240429@094929.3273 kf4tt7p5m5qhshlrh40ps89do1 Query : insert into wsfi039data (fistamp,ousrdata, ousrhora, usrdata,usrhora,ousrinis,usrinis ,qtt ,ftstamp ,epv,pvmoeda ,tabiva,iva,lordem ,ref, design ,lote,armazem,bistamp ) values ('aut662f517446662f5f194e',getdate(),convert(char(8),convert (time,getdate())),getdate(),convert(char(8),convert (time,getdate())),'wsv','wsv',24.000 ,'aut662f506470662f5f18df' ,0,0 ,2,23.00,100000,?,?,?,?,?)
20240429@094929.3524 kf4tt7p5m5qhshlrh40ps89do1 Query : select 1 valor from information_schema.tables where table_type='base table' and table_name='wsfi2039fields'
20240429@094929.3542 kf4tt7p5m5qhshlrh40ps89do1 Query : select fieldkey,fieldname,fieldtype,calcformula from wsfi2039fields
20240429@094929.3547 kf4tt7p5m5qhshlrh40ps89do1 Query : insert into wsfi2039data (fi2stamp,ftstamp ,ousrdata, ousrhora, usrdata,usrhora,ousrinis,usrinis) values ('aut662f517446662f5f194e','aut662f506470662f5f18df' ,getdate(),convert(char(8),convert (time,getdate())),getdate(),convert(char(8),convert (time,getdate())),'wsv','wsv')
20240429@094929.3554 kf4tt7p5m5qhshlrh40ps89do1 Query : select 1 valor from information_schema.tables where table_type='base table' and table_name='wsfi039fields'
20240429@094929.3569 kf4tt7p5m5qhshlrh40ps89do1 Query : select fieldkey,fieldname,fieldtype,mandatory from wsfi039fields
20240429@094929.3612 kf4tt7p5m5qhshlrh40ps89do1 Query : select 1 valor from information_schema.tables where table_type='base table' and table_name='wsfi2039fields'
20240429@094929.3631 kf4tt7p5m5qhshlrh40ps89do1 Query : select fieldkey,fieldname,fieldtype,mandatory from wsfi2039fields
20240429@094929.3637 kf4tt7p5m5qhshlrh40ps89do1 Query : select top 1 convert(numeric(6,2),t.taxa) valor from taxasiva t where t.codigo='2'
20240429@094929.3647 kf4tt7p5m5qhshlrh40ps89do1 Query : select 1 valor from information_schema.tables where table_type='base table' and table_name='wsfi039fields'
20240429@094929.3660 kf4tt7p5m5qhshlrh40ps89do1 Query : select fieldkey,fieldname,fieldtype,calcformula from wsfi039fields
20240429@094929.3693 kf4tt7p5m5qhshlrh40ps89do1 Query : insert into wsfi039data (fistamp,ousrdata, ousrhora, usrdata,usrhora,ousrinis,usrinis ,qtt ,ftstamp ,epv,pvmoeda ,tabiva,iva,lordem ,ref, design ,armazem) values ('aut662f570942662f5f1959',getdate(),convert(char(8),convert (time,getdate())),getdate(),convert(char(8),convert (time,getdate())),'wsv','wsv',0 ,'aut662f506470662f5f18df' ,0,0 ,2,23.00,110000,?,?,?)
20240429@094929.3970 kf4tt7p5m5qhshlrh40ps89do1 Query : select 1 valor from information_schema.tables where table_type='base table' and table_name='wsfi2039fields'
20240429@094929.3988 kf4tt7p5m5qhshlrh40ps89do1 Query : select fieldkey,fieldname,fieldtype,calcformula from wsfi2039fields
20240429@094929.3994 kf4tt7p5m5qhshlrh40ps89do1 Query : insert into wsfi2039data (fi2stamp,ftstamp ,ousrdata, ousrhora, usrdata,usrhora,ousrinis,usrinis) values ('aut662f570942662f5f1959','aut662f506470662f5f18df' ,getdate(),convert(char(8),convert (time,getdate())),getdate(),convert(char(8),convert (time,getdate())),'wsv','wsv')
20240429@094929.3999 kf4tt7p5m5qhshlrh40ps89do1 Query : use flama_phc
20240429@094929.4003 kf4tt7p5m5qhshlrh40ps89do1 Query : select st.usalote valor from st where st.ref = '324.682.00.01'
20240429@094929.4016 kf4tt7p5m5qhshlrh40ps89do1 Query : select top 1 st.tabiva ,st.ivaincl ,st.stns ,st.uni2 ,st.familia ,isnull(tx.taxa, 0) txiva ,unidade ,usalote ,epcpond ,noserie from st left join taxasiva tx on st.tabiva = tx.codigo where st.ref = '324.682.00.01'
20240429@094929.4075 kf4tt7p5m5qhshlrh40ps89do1 Query : select 1 valor from information_schema.tables where table_type='base table' and table_name='wsfi039fields'
20240429@094929.4101 kf4tt7p5m5qhshlrh40ps89do1 Query : select fieldkey,fieldname,fieldtype,mandatory from wsfi039fields
20240429@094929.4134 kf4tt7p5m5qhshlrh40ps89do1 Query : select 1 valor from information_schema.tables where table_type='base table' and table_name='wsfi2039fields'
20240429@094929.4152 kf4tt7p5m5qhshlrh40ps89do1 Query : select fieldkey,fieldname,fieldtype,mandatory from wsfi2039fields
20240429@094929.4158 kf4tt7p5m5qhshlrh40ps89do1 Query : select sestamp valor from se where ref ='324.682.00.01' and lote = 'r2301244100a'
20240429@094929.4171 kf4tt7p5m5qhshlrh40ps89do1 Query : select top 1 convert(numeric(6,2),t.taxa) valor from taxasiva t where t.codigo='2'
20240429@094929.4183 kf4tt7p5m5qhshlrh40ps89do1 Query : select 1 valor from information_schema.tables where table_type='base table' and table_name='wsfi039fields'
20240429@094929.4200 kf4tt7p5m5qhshlrh40ps89do1 Query : select fieldkey,fieldname,fieldtype,calcformula from wsfi039fields
20240429@094929.4230 kf4tt7p5m5qhshlrh40ps89do1 Query : insert into wsfi039data (fistamp,ousrdata, ousrhora, usrdata,usrhora,ousrinis,usrinis ,qtt ,ftstamp ,epv,pvmoeda ,tabiva,iva,lordem ,ref, design ,lote,armazem,bistamp ) values ('aut662f534688662f5f1966',getdate(),convert(char(8),convert (time,getdate())),getdate(),convert(char(8),convert (time,getdate())),'wsv','wsv',24.000 ,'aut662f506470662f5f18df' ,0,0 ,2,23.00,130000,?,?,?,?,?)
20240429@094929.4546 kf4tt7p5m5qhshlrh40ps89do1 Query : select 1 valor from information_schema.tables where table_type='base table' and table_name='wsfi2039fields'
20240429@094929.4563 kf4tt7p5m5qhshlrh40ps89do1 Query : select fieldkey,fieldname,fieldtype,calcformula from wsfi2039fields
20240429@094929.4569 kf4tt7p5m5qhshlrh40ps89do1 Query : insert into wsfi2039data (fi2stamp,ftstamp ,ousrdata, ousrhora, usrdata,usrhora,ousrinis,usrinis) values ('aut662f534688662f5f1966','aut662f506470662f5f18df' ,getdate(),convert(char(8),convert (time,getdate())),getdate(),convert(char(8),convert (time,getdate())),'wsv','wsv')
20240429@094929.4576 kf4tt7p5m5qhshlrh40ps89do1 Query : select 1 valor from information_schema.tables where table_type='base table' and table_name='wsfi039fields'
20240429@094929.4591 kf4tt7p5m5qhshlrh40ps89do1 Query : select fieldkey,fieldname,fieldtype,mandatory from wsfi039fields
20240429@094929.4620 kf4tt7p5m5qhshlrh40ps89do1 Query : select 1 valor from information_schema.tables where table_type='base table' and table_name='wsfi2039fields'
20240429@094929.4634 kf4tt7p5m5qhshlrh40ps89do1 Query : select fieldkey,fieldname,fieldtype,mandatory from wsfi2039fields
20240429@094929.4640 kf4tt7p5m5qhshlrh40ps89do1 Query : select top 1 convert(numeric(6,2),t.taxa) valor from taxasiva t where t.codigo='2'
20240429@094929.4652 kf4tt7p5m5qhshlrh40ps89do1 Query : select 1 valor from information_schema.tables where table_type='base table' and table_name='wsfi039fields'
20240429@094929.4669 kf4tt7p5m5qhshlrh40ps89do1 Query : select fieldkey,fieldname,fieldtype,calcformula from wsfi039fields
20240429@094929.4699 kf4tt7p5m5qhshlrh40ps89do1 Query : insert into wsfi039data (fistamp,ousrdata, ousrhora, usrdata,usrhora,ousrinis,usrinis ,qtt ,ftstamp ,epv,pvmoeda ,tabiva,iva,lordem ,ref, design ,armazem) values ('aut662f547430662f5f1971',getdate(),convert(char(8),convert (time,getdate())),getdate(),convert(char(8),convert (time,getdate())),'wsv','wsv',0 ,'aut662f506470662f5f18df' ,0,0 ,2,23.00,140000,?,?,?)
20240429@094929.4962 kf4tt7p5m5qhshlrh40ps89do1 Query : select 1 valor from information_schema.tables where table_type='base table' and table_name='wsfi2039fields'
20240429@094929.4981 kf4tt7p5m5qhshlrh40ps89do1 Query : select fieldkey,fieldname,fieldtype,calcformula from wsfi2039fields
20240429@094929.4985 kf4tt7p5m5qhshlrh40ps89do1 Query : insert into wsfi2039data (fi2stamp,ftstamp ,ousrdata, ousrhora, usrdata,usrhora,ousrinis,usrinis) values ('aut662f547430662f5f1971','aut662f506470662f5f18df' ,getdate(),convert(char(8),convert (time,getdate())),getdate(),convert(char(8),convert (time,getdate())),'wsv','wsv')
20240429@094929.4991 kf4tt7p5m5qhshlrh40ps89do1 Query : use flama_phc
20240429@094929.4994 kf4tt7p5m5qhshlrh40ps89do1 Query : select st.usalote valor from st where st.ref = '324.682.00.01'
20240429@094929.5006 kf4tt7p5m5qhshlrh40ps89do1 Query : select top 1 st.tabiva ,st.ivaincl ,st.stns ,st.uni2 ,st.familia ,isnull(tx.taxa, 0) txiva ,unidade ,usalote ,epcpond ,noserie from st left join taxasiva tx on st.tabiva = tx.codigo where st.ref = '324.682.00.01'
20240429@094929.5021 kf4tt7p5m5qhshlrh40ps89do1 Query : select 1 valor from information_schema.tables where table_type='base table' and table_name='wsfi039fields'
20240429@094929.5036 kf4tt7p5m5qhshlrh40ps89do1 Query : select fieldkey,fieldname,fieldtype,mandatory from wsfi039fields
20240429@094929.5062 kf4tt7p5m5qhshlrh40ps89do1 Query : select 1 valor from information_schema.tables where table_type='base table' and table_name='wsfi2039fields'
20240429@094929.5076 kf4tt7p5m5qhshlrh40ps89do1 Query : select fieldkey,fieldname,fieldtype,mandatory from wsfi2039fields
20240429@094929.5081 kf4tt7p5m5qhshlrh40ps89do1 Query : select sestamp valor from se where ref ='324.682.00.01' and lote = 'r2301244100a'
20240429@094929.5092 kf4tt7p5m5qhshlrh40ps89do1 Query : select top 1 convert(numeric(6,2),t.taxa) valor from taxasiva t where t.codigo='2'
20240429@094929.5107 kf4tt7p5m5qhshlrh40ps89do1 Query : select 1 valor from information_schema.tables where table_type='base table' and table_name='wsfi039fields'
20240429@094929.5123 kf4tt7p5m5qhshlrh40ps89do1 Query : select fieldkey,fieldname,fieldtype,calcformula from wsfi039fields
20240429@094929.5148 kf4tt7p5m5qhshlrh40ps89do1 Query : insert into wsfi039data (fistamp,ousrdata, ousrhora, usrdata,usrhora,ousrinis,usrinis ,qtt ,ftstamp ,epv,pvmoeda ,tabiva,iva,lordem ,ref, design ,lote,armazem,bistamp ) values ('aut662f586244662f5f197c',getdate(),convert(char(8),convert (time,getdate())),getdate(),convert(char(8),convert (time,getdate())),'wsv','wsv',24.000 ,'aut662f506470662f5f18df' ,0,0 ,2,23.00,160000,?,?,?,?,?)
20240429@094929.5405 kf4tt7p5m5qhshlrh40ps89do1 Query : select 1 valor from information_schema.tables where table_type='base table' and table_name='wsfi2039fields'
20240429@094929.5423 kf4tt7p5m5qhshlrh40ps89do1 Query : select fieldkey,fieldname,fieldtype,calcformula from wsfi2039fields
20240429@094929.5428 kf4tt7p5m5qhshlrh40ps89do1 Query : insert into wsfi2039data (fi2stamp,ftstamp ,ousrdata, ousrhora, usrdata,usrhora,ousrinis,usrinis) values ('aut662f586244662f5f197c','aut662f506470662f5f18df' ,getdate(),convert(char(8),convert (time,getdate())),getdate(),convert(char(8),convert (time,getdate())),'wsv','wsv')
20240429@094929.5434 kf4tt7p5m5qhshlrh40ps89do1 Query : select 1 valor from information_schema.tables where table_type='base table' and table_name='wsfi039fields'
20240429@094929.5446 kf4tt7p5m5qhshlrh40ps89do1 Query : select fieldkey,fieldname,fieldtype,mandatory from wsfi039fields
20240429@094929.5468 kf4tt7p5m5qhshlrh40ps89do1 Query : select 1 valor from information_schema.tables where table_type='base table' and table_name='wsfi2039fields'
20240429@094929.5480 kf4tt7p5m5qhshlrh40ps89do1 Query : select fieldkey,fieldname,fieldtype,mandatory from wsfi2039fields
20240429@094929.5484 kf4tt7p5m5qhshlrh40ps89do1 Query : select top 1 convert(numeric(6,2),t.taxa) valor from taxasiva t where t.codigo='2'
20240429@094929.5494 kf4tt7p5m5qhshlrh40ps89do1 Query : select 1 valor from information_schema.tables where table_type='base table' and table_name='wsfi039fields'
20240429@094929.5506 kf4tt7p5m5qhshlrh40ps89do1 Query : select fieldkey,fieldname,fieldtype,calcformula from wsfi039fields
20240429@094929.5529 kf4tt7p5m5qhshlrh40ps89do1 Query : insert into wsfi039data (fistamp,ousrdata, ousrhora, usrdata,usrhora,ousrinis,usrinis ,qtt ,ftstamp ,epv,pvmoeda ,tabiva,iva,lordem ,ref, design ,armazem) values ('aut662f556240662f5f1986',getdate(),convert(char(8),convert (time,getdate())),getdate(),convert(char(8),convert (time,getdate())),'wsv','wsv',0 ,'aut662f506470662f5f18df' ,0,0 ,2,23.00,170000,?,?,?)
20240429@094929.5777 kf4tt7p5m5qhshlrh40ps89do1 Query : select 1 valor from information_schema.tables where table_type='base table' and table_name='wsfi2039fields'
20240429@094929.5794 kf4tt7p5m5qhshlrh40ps89do1 Query : select fieldkey,fieldname,fieldtype,calcformula from wsfi2039fields
20240429@094929.5800 kf4tt7p5m5qhshlrh40ps89do1 Query : insert into wsfi2039data (fi2stamp,ftstamp ,ousrdata, ousrhora, usrdata,usrhora,ousrinis,usrinis) values ('aut662f556240662f5f1986','aut662f506470662f5f18df' ,getdate(),convert(char(8),convert (time,getdate())),getdate(),convert(char(8),convert (time,getdate())),'wsv','wsv')
20240429@094929.5805 kf4tt7p5m5qhshlrh40ps89do1 Query : use flama_phc
20240429@094929.5810 kf4tt7p5m5qhshlrh40ps89do1 Query : select st.usalote valor from st where st.ref = '324.682.00.01'
20240429@094929.5822 kf4tt7p5m5qhshlrh40ps89do1 Query : select top 1 st.tabiva ,st.ivaincl ,st.stns ,st.uni2 ,st.familia ,isnull(tx.taxa, 0) txiva ,unidade ,usalote ,epcpond ,noserie from st left join taxasiva tx on st.tabiva = tx.codigo where st.ref = '324.682.00.01'
20240429@094929.5834 kf4tt7p5m5qhshlrh40ps89do1 Query : select 1 valor from information_schema.tables where table_type='base table' and table_name='wsfi039fields'
20240429@094929.5873 kf4tt7p5m5qhshlrh40ps89do1 Query : select fieldkey,fieldname,fieldtype,mandatory from wsfi039fields
20240429@094929.6121 kf4tt7p5m5qhshlrh40ps89do1 Query : select 1 valor from information_schema.tables where table_type='base table' and table_name='wsfi2039fields'
20240429@094929.6138 kf4tt7p5m5qhshlrh40ps89do1 Query : select fieldkey,fieldname,fieldtype,mandatory from wsfi2039fields
20240429@094929.6144 kf4tt7p5m5qhshlrh40ps89do1 Query : select sestamp valor from se where ref ='324.682.00.01' and lote = 'r2301244100a'
20240429@094929.6155 kf4tt7p5m5qhshlrh40ps89do1 Query : select top 1 convert(numeric(6,2),t.taxa) valor from taxasiva t where t.codigo='2'
20240429@094929.6165 kf4tt7p5m5qhshlrh40ps89do1 Query : select 1 valor from information_schema.tables where table_type='base table' and table_name='wsfi039fields'
20240429@094929.6179 kf4tt7p5m5qhshlrh40ps89do1 Query : select fieldkey,fieldname,fieldtype,calcformula from wsfi039fields
20240429@094929.6204 kf4tt7p5m5qhshlrh40ps89do1 Query : insert into wsfi039data (fistamp,ousrdata, ousrhora, usrdata,usrhora,ousrinis,usrinis ,qtt ,ftstamp ,epv,pvmoeda ,tabiva,iva,lordem ,ref, design ,lote,armazem,bistamp ) values ('aut662f538576662f5f1996',getdate(),convert(char(8),convert (time,getdate())),getdate(),convert(char(8),convert (time,getdate())),'wsv','wsv',24.000 ,'aut662f506470662f5f18df' ,0,0 ,2,23.00,190000,?,?,?,?,?)
20240429@094929.6475 kf4tt7p5m5qhshlrh40ps89do1 Query : select 1 valor from information_schema.tables where table_type='base table' and table_name='wsfi2039fields'
20240429@094929.6493 kf4tt7p5m5qhshlrh40ps89do1 Query : select fieldkey,fieldname,fieldtype,calcformula from wsfi2039fields
20240429@094929.6498 kf4tt7p5m5qhshlrh40ps89do1 Query : insert into wsfi2039data (fi2stamp,ftstamp ,ousrdata, ousrhora, usrdata,usrhora,ousrinis,usrinis) values ('aut662f538576662f5f1996','aut662f506470662f5f18df' ,getdate(),convert(char(8),convert (time,getdate())),getdate(),convert(char(8),convert (time,getdate())),'wsv','wsv')
20240429@094929.6504 kf4tt7p5m5qhshlrh40ps89do1 Query : select 1 valor from information_schema.tables where table_type='base table' and table_name='wsfi039fields'
20240429@094929.6521 kf4tt7p5m5qhshlrh40ps89do1 Query : select fieldkey,fieldname,fieldtype,mandatory from wsfi039fields
20240429@094929.6546 kf4tt7p5m5qhshlrh40ps89do1 Query : select 1 valor from information_schema.tables where table_type='base table' and table_name='wsfi2039fields'
20240429@094929.6559 kf4tt7p5m5qhshlrh40ps89do1 Query : select fieldkey,fieldname,fieldtype,mandatory from wsfi2039fields
20240429@094929.6563 kf4tt7p5m5qhshlrh40ps89do1 Query : select top 1 convert(numeric(6,2),t.taxa) valor from taxasiva t where t.codigo='2'
20240429@094929.6573 kf4tt7p5m5qhshlrh40ps89do1 Query : select 1 valor from information_schema.tables where table_type='base table' and table_name='wsfi039fields'
20240429@094929.6584 kf4tt7p5m5qhshlrh40ps89do1 Query : select fieldkey,fieldname,fieldtype,calcformula from wsfi039fields
20240429@094929.6606 kf4tt7p5m5qhshlrh40ps89do1 Query : insert into wsfi039data (fistamp,ousrdata, ousrhora, usrdata,usrhora,ousrinis,usrinis ,qtt ,ftstamp ,epv,pvmoeda ,tabiva,iva,lordem ,ref, design ,armazem) values ('aut662f505516662f5f19a0',getdate(),convert(char(8),convert (time,getdate())),getdate(),convert(char(8),convert (time,getdate())),'wsv','wsv',0 ,'aut662f506470662f5f18df' ,0,0 ,2,23.00,200000,?,?,?)
20240429@094929.6851 kf4tt7p5m5qhshlrh40ps89do1 Query : select 1 valor from information_schema.tables where table_type='base table' and table_name='wsfi2039fields'
20240429@094929.7061 kf4tt7p5m5qhshlrh40ps89do1 Query : select fieldkey,fieldname,fieldtype,calcformula from wsfi2039fields
20240429@094929.7070 kf4tt7p5m5qhshlrh40ps89do1 Query : insert into wsfi2039data (fi2stamp,ftstamp ,ousrdata, ousrhora, usrdata,usrhora,ousrinis,usrinis) values ('aut662f505516662f5f19a0','aut662f506470662f5f18df' ,getdate(),convert(char(8),convert (time,getdate())),getdate(),convert(char(8),convert (time,getdate())),'wsv','wsv')
20240429@094929.7075 kf4tt7p5m5qhshlrh40ps89do1 Query : use flama_phc
20240429@094929.7079 kf4tt7p5m5qhshlrh40ps89do1 Query : select st.usalote valor from st where st.ref = '324.682.00.01'
20240429@094929.7112 kf4tt7p5m5qhshlrh40ps89do1 Query : select top 1 st.tabiva ,st.ivaincl ,st.stns ,st.uni2 ,st.familia ,isnull(tx.taxa, 0) txiva ,unidade ,usalote ,epcpond ,noserie from st left join taxasiva tx on st.tabiva = tx.codigo where st.ref = '324.682.00.01'
20240429@094929.7124 kf4tt7p5m5qhshlrh40ps89do1 Query : select 1 valor from information_schema.tables where table_type='base table' and table_name='wsfi039fields'
20240429@094929.7138 kf4tt7p5m5qhshlrh40ps89do1 Query : select fieldkey,fieldname,fieldtype,mandatory from wsfi039fields
20240429@094929.7229 kf4tt7p5m5qhshlrh40ps89do1 Query : select 1 valor from information_schema.tables where table_type='base table' and table_name='wsfi2039fields'
20240429@094929.7243 kf4tt7p5m5qhshlrh40ps89do1 Query : select fieldkey,fieldname,fieldtype,mandatory from wsfi2039fields
20240429@094929.7247 kf4tt7p5m5qhshlrh40ps89do1 Query : select sestamp valor from se where ref ='324.682.00.01' and lote = 'r2301244100a'
20240429@094929.7256 kf4tt7p5m5qhshlrh40ps89do1 Query : select top 1 convert(numeric(6,2),t.taxa) valor from taxasiva t where t.codigo='2'
20240429@094929.7266 kf4tt7p5m5qhshlrh40ps89do1 Query : select 1 valor from information_schema.tables where table_type='base table' and table_name='wsfi039fields'
20240429@094929.7280 kf4tt7p5m5qhshlrh40ps89do1 Query : select fieldkey,fieldname,fieldtype,calcformula from wsfi039fields
20240429@094929.7308 kf4tt7p5m5qhshlrh40ps89do1 Query : insert into wsfi039data (fistamp,ousrdata, ousrhora, usrdata,usrhora,ousrinis,usrinis ,qtt ,ftstamp ,epv,pvmoeda ,tabiva,iva,lordem ,ref, design ,lote,armazem,bistamp ) values ('aut662f503869662f5f19b1',getdate(),convert(char(8),convert (time,getdate())),getdate(),convert(char(8),convert (time,getdate())),'wsv','wsv',24.000 ,'aut662f506470662f5f18df' ,0,0 ,2,23.00,220000,?,?,?,?,?)
20240429@094929.7573 kf4tt7p5m5qhshlrh40ps89do1 Query : select 1 valor from information_schema.tables where table_type='base table' and table_name='wsfi2039fields'
20240429@094929.7592 kf4tt7p5m5qhshlrh40ps89do1 Query : select fieldkey,fieldname,fieldtype,calcformula from wsfi2039fields
20240429@094929.7601 kf4tt7p5m5qhshlrh40ps89do1 Query : insert into wsfi2039data (fi2stamp,ftstamp ,ousrdata, ousrhora, usrdata,usrhora,ousrinis,usrinis) values ('aut662f503869662f5f19b1','aut662f506470662f5f18df' ,getdate(),convert(char(8),convert (time,getdate())),getdate(),convert(char(8),convert (time,getdate())),'wsv','wsv')
20240429@094929.7607 kf4tt7p5m5qhshlrh40ps89do1 Query : select 1 valor from information_schema.tables where table_type='base table' and table_name='wsfi039fields'
20240429@094929.7623 kf4tt7p5m5qhshlrh40ps89do1 Query : select fieldkey,fieldname,fieldtype,mandatory from wsfi039fields
20240429@094929.7654 kf4tt7p5m5qhshlrh40ps89do1 Query : select 1 valor from information_schema.tables where table_type='base table' and table_name='wsfi2039fields'
20240429@094929.7671 kf4tt7p5m5qhshlrh40ps89do1 Query : select fieldkey,fieldname,fieldtype,mandatory from wsfi2039fields
20240429@094929.7676 kf4tt7p5m5qhshlrh40ps89do1 Query : select top 1 convert(numeric(6,2),t.taxa) valor from taxasiva t where t.codigo='2'
20240429@094929.7689 kf4tt7p5m5qhshlrh40ps89do1 Query : select 1 valor from information_schema.tables where table_type='base table' and table_name='wsfi039fields'
20240429@094929.7703 kf4tt7p5m5qhshlrh40ps89do1 Query : select fieldkey,fieldname,fieldtype,calcformula from wsfi039fields
20240429@094929.7738 kf4tt7p5m5qhshlrh40ps89do1 Query : insert into wsfi039data (fistamp,ousrdata, ousrhora, usrdata,usrhora,ousrinis,usrinis ,qtt ,ftstamp ,epv,pvmoeda ,tabiva,iva,lordem ,ref, design ,armazem) values ('aut662f563319662f5f19bb',getdate(),convert(char(8),convert (time,getdate())),getdate(),convert(char(8),convert (time,getdate())),'wsv','wsv',0 ,'aut662f506470662f5f18df' ,0,0 ,2,23.00,230000,?,?,?)
20240429@094929.7999 kf4tt7p5m5qhshlrh40ps89do1 Query : select 1 valor from information_schema.tables where table_type='base table' and table_name='wsfi2039fields'
20240429@094929.8016 kf4tt7p5m5qhshlrh40ps89do1 Query : select fieldkey,fieldname,fieldtype,calcformula from wsfi2039fields
20240429@094929.8021 kf4tt7p5m5qhshlrh40ps89do1 Query : insert into wsfi2039data (fi2stamp,ftstamp ,ousrdata, ousrhora, usrdata,usrhora,ousrinis,usrinis) values ('aut662f563319662f5f19bb','aut662f506470662f5f18df' ,getdate(),convert(char(8),convert (time,getdate())),getdate(),convert(char(8),convert (time,getdate())),'wsv','wsv')
20240429@094929.8026 kf4tt7p5m5qhshlrh40ps89do1 Query : use flama_phc
20240429@094929.8030 kf4tt7p5m5qhshlrh40ps89do1 Query : select st.usalote valor from st where st.ref = '324.682.00.01'
20240429@094929.8123 kf4tt7p5m5qhshlrh40ps89do1 Query : select top 1 st.tabiva ,st.ivaincl ,st.stns ,st.uni2 ,st.familia ,isnull(tx.taxa, 0) txiva ,unidade ,usalote ,epcpond ,noserie from st left join taxasiva tx on st.tabiva = tx.codigo where st.ref = '324.682.00.01'
20240429@094929.8136 kf4tt7p5m5qhshlrh40ps89do1 Query : select 1 valor from information_schema.tables where table_type='base table' and table_name='wsfi039fields'
20240429@094929.8164 kf4tt7p5m5qhshlrh40ps89do1 Query : select fieldkey,fieldname,fieldtype,mandatory from wsfi039fields
20240429@094929.8197 kf4tt7p5m5qhshlrh40ps89do1 Query : select 1 valor from information_schema.tables where table_type='base table' and table_name='wsfi2039fields'
20240429@094929.8213 kf4tt7p5m5qhshlrh40ps89do1 Query : select fieldkey,fieldname,fieldtype,mandatory from wsfi2039fields
20240429@094929.8218 kf4tt7p5m5qhshlrh40ps89do1 Query : select sestamp valor from se where ref ='324.682.00.01' and lote = 'r2301244100a'
20240429@094929.8230 kf4tt7p5m5qhshlrh40ps89do1 Query : select top 1 convert(numeric(6,2),t.taxa) valor from taxasiva t where t.codigo='2'
20240429@094929.8241 kf4tt7p5m5qhshlrh40ps89do1 Query : select 1 valor from information_schema.tables where table_type='base table' and table_name='wsfi039fields'
20240429@094929.8254 kf4tt7p5m5qhshlrh40ps89do1 Query : select fieldkey,fieldname,fieldtype,calcformula from wsfi039fields
20240429@094929.8281 kf4tt7p5m5qhshlrh40ps89do1 Query : insert into wsfi039data (fistamp,ousrdata, ousrhora, usrdata,usrhora,ousrinis,usrinis ,qtt ,ftstamp ,epv,pvmoeda ,tabiva,iva,lordem ,ref, design ,lote,armazem,bistamp ) values ('aut662f583494662f5f19c9',getdate(),convert(char(8),convert (time,getdate())),getdate(),convert(char(8),convert (time,getdate())),'wsv','wsv',24.000 ,'aut662f506470662f5f18df' ,0,0 ,2,23.00,250000,?,?,?,?,?)
20240429@094929.8531 kf4tt7p5m5qhshlrh40ps89do1 Query : select 1 valor from information_schema.tables where table_type='base table' and table_name='wsfi2039fields'
20240429@094929.8548 kf4tt7p5m5qhshlrh40ps89do1 Query : select fieldkey,fieldname,fieldtype,calcformula from wsfi2039fields
20240429@094929.8552 kf4tt7p5m5qhshlrh40ps89do1 Query : insert into wsfi2039data (fi2stamp,ftstamp ,ousrdata, ousrhora, usrdata,usrhora,ousrinis,usrinis) values ('aut662f583494662f5f19c9','aut662f506470662f5f18df' ,getdate(),convert(char(8),convert (time,getdate())),getdate(),convert(char(8),convert (time,getdate())),'wsv','wsv')
20240429@094929.8557 kf4tt7p5m5qhshlrh40ps89do1 Query : select 1 valor from information_schema.tables where table_type='base table' and table_name='wsfi039fields'
20240429@094929.8571 kf4tt7p5m5qhshlrh40ps89do1 Query : select fieldkey,fieldname,fieldtype,mandatory from wsfi039fields
20240429@094929.8600 kf4tt7p5m5qhshlrh40ps89do1 Query : select 1 valor from information_schema.tables where table_type='base table' and table_name='wsfi2039fields'
20240429@094929.8614 kf4tt7p5m5qhshlrh40ps89do1 Query : select fieldkey,fieldname,fieldtype,mandatory from wsfi2039fields
20240429@094929.8618 kf4tt7p5m5qhshlrh40ps89do1 Query : select top 1 convert(numeric(6,2),t.taxa) valor from taxasiva t where t.codigo='2'
20240429@094929.8629 kf4tt7p5m5qhshlrh40ps89do1 Query : select 1 valor from information_schema.tables where table_type='base table' and table_name='wsfi039fields'
20240429@094929.8644 kf4tt7p5m5qhshlrh40ps89do1 Query : select fieldkey,fieldname,fieldtype,calcformula from wsfi039fields
20240429@094929.8672 kf4tt7p5m5qhshlrh40ps89do1 Query : insert into wsfi039data (fistamp,ousrdata, ousrhora, usrdata,usrhora,ousrinis,usrinis ,qtt ,ftstamp ,epv,pvmoeda ,tabiva,iva,lordem ,ref, design ,armazem) values ('aut662f580268662f5f19d2',getdate(),convert(char(8),convert (time,getdate())),getdate(),convert(char(8),convert (time,getdate())),'wsv','wsv',0 ,'aut662f506470662f5f18df' ,0,0 ,2,23.00,260000,?,?,?)
20240429@094929.8997 kf4tt7p5m5qhshlrh40ps89do1 Query : select 1 valor from information_schema.tables where table_type='base table' and table_name='wsfi2039fields'
20240429@094929.9014 kf4tt7p5m5qhshlrh40ps89do1 Query : select fieldkey,fieldname,fieldtype,calcformula from wsfi2039fields
20240429@094929.9019 kf4tt7p5m5qhshlrh40ps89do1 Query : insert into wsfi2039data (fi2stamp,ftstamp ,ousrdata, ousrhora, usrdata,usrhora,ousrinis,usrinis) values ('aut662f580268662f5f19d2','aut662f506470662f5f18df' ,getdate(),convert(char(8),convert (time,getdate())),getdate(),convert(char(8),convert (time,getdate())),'wsv','wsv')
20240429@094929.9024 kf4tt7p5m5qhshlrh40ps89do1 Query : use flama_phc
20240429@094929.9028 kf4tt7p5m5qhshlrh40ps89do1 Query : select st.usalote valor from st where st.ref = '324.682.00.01'
20240429@094929.9040 kf4tt7p5m5qhshlrh40ps89do1 Query : select top 1 st.tabiva ,st.ivaincl ,st.stns ,st.uni2 ,st.familia ,isnull(tx.taxa, 0) txiva ,unidade ,usalote ,epcpond ,noserie from st left join taxasiva tx on st.tabiva = tx.codigo where st.ref = '324.682.00.01'
20240429@094929.9052 kf4tt7p5m5qhshlrh40ps89do1 Query : select 1 valor from information_schema.tables where table_type='base table' and table_name='wsfi039fields'
20240429@094929.9066 kf4tt7p5m5qhshlrh40ps89do1 Query : select fieldkey,fieldname,fieldtype,mandatory from wsfi039fields
20240429@094929.9093 kf4tt7p5m5qhshlrh40ps89do1 Query : select 1 valor from information_schema.tables where table_type='base table' and table_name='wsfi2039fields'
20240429@094929.9107 kf4tt7p5m5qhshlrh40ps89do1 Query : select fieldkey,fieldname,fieldtype,mandatory from wsfi2039fields
20240429@094929.9115 kf4tt7p5m5qhshlrh40ps89do1 Query : select sestamp valor from se where ref ='324.682.00.01' and lote = 'r2301181200a'
20240429@094929.9128 kf4tt7p5m5qhshlrh40ps89do1 Query : select top 1 convert(numeric(6,2),t.taxa) valor from taxasiva t where t.codigo='2'
20240429@094929.9139 kf4tt7p5m5qhshlrh40ps89do1 Query : select 1 valor from information_schema.tables where table_type='base table' and table_name='wsfi039fields'
20240429@094929.9154 kf4tt7p5m5qhshlrh40ps89do1 Query : select fieldkey,fieldname,fieldtype,calcformula from wsfi039fields
20240429@094929.9185 kf4tt7p5m5qhshlrh40ps89do1 Query : insert into wsfi039data (fistamp,ousrdata, ousrhora, usrdata,usrhora,ousrinis,usrinis ,qtt ,ftstamp ,epv,pvmoeda ,tabiva,iva,lordem ,ref, design ,lote,armazem,bistamp ) values ('aut662f577020662f5f19df',getdate(),convert(char(8),convert (time,getdate())),getdate(),convert(char(8),convert (time,getdate())),'wsv','wsv',24.000 ,'aut662f506470662f5f18df' ,0,0 ,2,23.00,280000,?,?,?,?,?)
20240429@094929.9518 kf4tt7p5m5qhshlrh40ps89do1 Query : select 1 valor from information_schema.tables where table_type='base table' and table_name='wsfi2039fields'
20240429@094929.9560 kf4tt7p5m5qhshlrh40ps89do1 Query : select fieldkey,fieldname,fieldtype,calcformula from wsfi2039fields
20240429@094929.9566 kf4tt7p5m5qhshlrh40ps89do1 Query : insert into wsfi2039data (fi2stamp,ftstamp ,ousrdata, ousrhora, usrdata,usrhora,ousrinis,usrinis) values ('aut662f577020662f5f19df','aut662f506470662f5f18df' ,getdate(),convert(char(8),convert (time,getdate())),getdate(),convert(char(8),convert (time,getdate())),'wsv','wsv')
20240429@094929.9578 kf4tt7p5m5qhshlrh40ps89do1 Query : select 1 valor from information_schema.tables where table_type='base table' and table_name='wsfi039fields'
20240429@094929.9628 kf4tt7p5m5qhshlrh40ps89do1 Query : select fieldkey,fieldname,fieldtype,mandatory from wsfi039fields
20240429@094929.9671 kf4tt7p5m5qhshlrh40ps89do1 Query : select 1 valor from information_schema.tables where table_type='base table' and table_name='wsfi2039fields'
20240429@094929.9712 kf4tt7p5m5qhshlrh40ps89do1 Query : select fieldkey,fieldname,fieldtype,mandatory from wsfi2039fields
20240429@094929.9725 kf4tt7p5m5qhshlrh40ps89do1 Query : select top 1 convert(numeric(6,2),t.taxa) valor from taxasiva t where t.codigo='2'
20240429@094929.9744 kf4tt7p5m5qhshlrh40ps89do1 Query : select 1 valor from information_schema.tables where table_type='base table' and table_name='wsfi039fields'
20240429@094929.9775 kf4tt7p5m5qhshlrh40ps89do1 Query : select fieldkey,fieldname,fieldtype,calcformula from wsfi039fields
20240429@094929.9813 kf4tt7p5m5qhshlrh40ps89do1 Query : insert into wsfi039data (fistamp,ousrdata, ousrhora, usrdata,usrhora,ousrinis,usrinis ,qtt ,ftstamp ,epv,pvmoeda ,tabiva,iva,lordem ,ref, design ,armazem) values ('aut662f523776662f5f19ed',getdate(),convert(char(8),convert (time,getdate())),getdate(),convert(char(8),convert (time,getdate())),'wsv','wsv',0 ,'aut662f506470662f5f18df' ,0,0 ,2,23.00,290000,?,?,?)
20240429@094930.3560 kf4tt7p5m5qhshlrh40ps89do1 Query : select 1 valor from information_schema.tables where table_type='base table' and table_name='wsfi2039fields'
20240429@094930.3720 kf4tt7p5m5qhshlrh40ps89do1 Query : select fieldkey,fieldname,fieldtype,calcformula from wsfi2039fields
20240429@094930.3770 kf4tt7p5m5qhshlrh40ps89do1 Query : insert into wsfi2039data (fi2stamp,ftstamp ,ousrdata, ousrhora, usrdata,usrhora,ousrinis,usrinis) values ('aut662f523776662f5f19ed','aut662f506470662f5f18df' ,getdate(),convert(char(8),convert (time,getdate())),getdate(),convert(char(8),convert (time,getdate())),'wsv','wsv')
20240429@094930.3810 kf4tt7p5m5qhshlrh40ps89do1 Query : use flama_phc
20240429@094930.3840 kf4tt7p5m5qhshlrh40ps89do1 Query : select st.usalote valor from st where st.ref = '324.682.00.01'
20240429@094930.3960 kf4tt7p5m5qhshlrh40ps89do1 Query : select top 1 st.tabiva ,st.ivaincl ,st.stns ,st.uni2 ,st.familia ,isnull(tx.taxa, 0) txiva ,unidade ,usalote ,epcpond ,noserie from st left join taxasiva tx on st.tabiva = tx.codigo where st.ref = '324.682.00.01'
20240429@094930.4080 kf4tt7p5m5qhshlrh40ps89do1 Query : select 1 valor from information_schema.tables where table_type='base table' and table_name='wsfi039fields'
20240429@094930.4220 kf4tt7p5m5qhshlrh40ps89do1 Query : select fieldkey,fieldname,fieldtype,mandatory from wsfi039fields
20240429@094930.4470 kf4tt7p5m5qhshlrh40ps89do1 Query : select 1 valor from information_schema.tables where table_type='base table' and table_name='wsfi2039fields'
20240429@094930.4630 kf4tt7p5m5qhshlrh40ps89do1 Query : select fieldkey,fieldname,fieldtype,mandatory from wsfi2039fields
20240429@094930.4680 kf4tt7p5m5qhshlrh40ps89do1 Query : select sestamp valor from se where ref ='324.682.00.01' and lote = 'r2301181200a'
20240429@094930.4800 kf4tt7p5m5qhshlrh40ps89do1 Query : select top 1 convert(numeric(6,2),t.taxa) valor from taxasiva t where t.codigo='2'
20240429@094930.4910 kf4tt7p5m5qhshlrh40ps89do1 Query : select 1 valor from information_schema.tables where table_type='base table' and table_name='wsfi039fields'
20240429@094930.5060 kf4tt7p5m5qhshlrh40ps89do1 Query : select fieldkey,fieldname,fieldtype,calcformula from wsfi039fields
20240429@094930.5330 kf4tt7p5m5qhshlrh40ps89do1 Query : insert into wsfi039data (fistamp,ousrdata, ousrhora, usrdata,usrhora,ousrinis,usrinis ,qtt ,ftstamp ,epv,pvmoeda ,tabiva,iva,lordem ,ref, design ,lote,armazem,bistamp ) values ('aut662f528246662f5f1a0b',getdate(),convert(char(8),convert (time,getdate())),getdate(),convert(char(8),convert (time,getdate())),'wsv','wsv',24.000 ,'aut662f506470662f5f18df' ,0,0 ,2,23.00,310000,?,?,?,?,?)
20240429@094930.7780 kf4tt7p5m5qhshlrh40ps89do1 Query : select 1 valor from information_schema.tables where table_type='base table' and table_name='wsfi2039fields'
20240429@094930.7970 kf4tt7p5m5qhshlrh40ps89do1 Query : select fieldkey,fieldname,fieldtype,calcformula from wsfi2039fields
20240429@094930.8020 kf4tt7p5m5qhshlrh40ps89do1 Query : insert into wsfi2039data (fi2stamp,ftstamp ,ousrdata, ousrhora, usrdata,usrhora,ousrinis,usrinis) values ('aut662f528246662f5f1a0b','aut662f506470662f5f18df' ,getdate(),convert(char(8),convert (time,getdate())),getdate(),convert(char(8),convert (time,getdate())),'wsv','wsv')
20240429@094930.8080 kf4tt7p5m5qhshlrh40ps89do1 Query : select 1 valor from information_schema.tables where table_type='base table' and table_name='wsfi039fields'
20240429@094930.8210 kf4tt7p5m5qhshlrh40ps89do1 Query : select fieldkey,fieldname,fieldtype,mandatory from wsfi039fields
20240429@094930.8580 kf4tt7p5m5qhshlrh40ps89do1 Query : select 1 valor from information_schema.tables where table_type='base table' and table_name='wsfi2039fields'
20240429@094930.8740 kf4tt7p5m5qhshlrh40ps89do1 Query : select fieldkey,fieldname,fieldtype,mandatory from wsfi2039fields
20240429@094930.8790 kf4tt7p5m5qhshlrh40ps89do1 Query : select top 1 convert(numeric(6,2),t.taxa) valor from taxasiva t where t.codigo='2'
20240429@094930.8890 kf4tt7p5m5qhshlrh40ps89do1 Query : select 1 valor from information_schema.tables where table_type='base table' and table_name='wsfi039fields'
20240429@094930.9030 kf4tt7p5m5qhshlrh40ps89do1 Query : select fieldkey,fieldname,fieldtype,calcformula from wsfi039fields
20240429@094930.9310 kf4tt7p5m5qhshlrh40ps89do1 Query : insert into wsfi039data (fistamp,ousrdata, ousrhora, usrdata,usrhora,ousrinis,usrinis ,qtt ,ftstamp ,epv,pvmoeda ,tabiva,iva,lordem ,ref, design ,armazem) values ('aut662f562731662f5f1a15',getdate(),convert(char(8),convert (time,getdate())),getdate(),convert(char(8),convert (time,getdate())),'wsv','wsv',0 ,'aut662f506470662f5f18df' ,0,0 ,2,23.00,320000,?,?,?)
20240429@094930.1273 kf4tt7p5m5qhshlrh40ps89do1 Query : select 1 valor from information_schema.tables where table_type='base table' and table_name='wsfi2039fields'
20240429@094930.1290 kf4tt7p5m5qhshlrh40ps89do1 Query : select fieldkey,fieldname,fieldtype,calcformula from wsfi2039fields
20240429@094930.1294 kf4tt7p5m5qhshlrh40ps89do1 Query : insert into wsfi2039data (fi2stamp,ftstamp ,ousrdata, ousrhora, usrdata,usrhora,ousrinis,usrinis) values ('aut662f562731662f5f1a15','aut662f506470662f5f18df' ,getdate(),convert(char(8),convert (time,getdate())),getdate(),convert(char(8),convert (time,getdate())),'wsv','wsv')
20240429@094930.1299 kf4tt7p5m5qhshlrh40ps89do1 Query : use flama_phc
20240429@094930.1303 kf4tt7p5m5qhshlrh40ps89do1 Query : select st.usalote valor from st where st.ref = '324.682.00.01'
20240429@094930.1314 kf4tt7p5m5qhshlrh40ps89do1 Query : select top 1 st.tabiva ,st.ivaincl ,st.stns ,st.uni2 ,st.familia ,isnull(tx.taxa, 0) txiva ,unidade ,usalote ,epcpond ,noserie from st left join taxasiva tx on st.tabiva = tx.codigo where st.ref = '324.682.00.01'
20240429@094930.1327 kf4tt7p5m5qhshlrh40ps89do1 Query : select 1 valor from information_schema.tables where table_type='base table' and table_name='wsfi039fields'
20240429@094930.1340 kf4tt7p5m5qhshlrh40ps89do1 Query : select fieldkey,fieldname,fieldtype,mandatory from wsfi039fields
20240429@094930.1367 kf4tt7p5m5qhshlrh40ps89do1 Query : select 1 valor from information_schema.tables where table_type='base table' and table_name='wsfi2039fields'
20240429@094930.1381 kf4tt7p5m5qhshlrh40ps89do1 Query : select fieldkey,fieldname,fieldtype,mandatory from wsfi2039fields
20240429@094930.1386 kf4tt7p5m5qhshlrh40ps89do1 Query : select sestamp valor from se where ref ='324.682.00.01' and lote = 'r2301181200a'
20240429@094930.1397 kf4tt7p5m5qhshlrh40ps89do1 Query : select top 1 convert(numeric(6,2),t.taxa) valor from taxasiva t where t.codigo='2'
20240429@094930.1409 kf4tt7p5m5qhshlrh40ps89do1 Query : select 1 valor from information_schema.tables where table_type='base table' and table_name='wsfi039fields'
20240429@094930.1426 kf4tt7p5m5qhshlrh40ps89do1 Query : select fieldkey,fieldname,fieldtype,calcformula from wsfi039fields
20240429@094930.1450 kf4tt7p5m5qhshlrh40ps89do1 Query : insert into wsfi039data (fistamp,ousrdata, ousrhora, usrdata,usrhora,ousrinis,usrinis ,qtt ,ftstamp ,epv,pvmoeda ,tabiva,iva,lordem ,ref, design ,lote,armazem,bistamp ) values ('aut662f590186662f5f1a22',getdate(),convert(char(8),convert (time,getdate())),getdate(),convert(char(8),convert (time,getdate())),'wsv','wsv',24.000 ,'aut662f506470662f5f18df' ,0,0 ,2,23.00,340000,?,?,?,?,?)
20240429@094930.1698 kf4tt7p5m5qhshlrh40ps89do1 Query : select 1 valor from information_schema.tables where table_type='base table' and table_name='wsfi2039fields'
20240429@094930.1715 kf4tt7p5m5qhshlrh40ps89do1 Query : select fieldkey,fieldname,fieldtype,calcformula from wsfi2039fields
20240429@094930.1720 kf4tt7p5m5qhshlrh40ps89do1 Query : insert into wsfi2039data (fi2stamp,ftstamp ,ousrdata, ousrhora, usrdata,usrhora,ousrinis,usrinis) values ('aut662f590186662f5f1a22','aut662f506470662f5f18df' ,getdate(),convert(char(8),convert (time,getdate())),getdate(),convert(char(8),convert (time,getdate())),'wsv','wsv')
20240429@094930.1725 kf4tt7p5m5qhshlrh40ps89do1 Query : select 1 valor from information_schema.tables where table_type='base table' and table_name='wsfi039fields'
20240429@094930.1744 kf4tt7p5m5qhshlrh40ps89do1 Query : select fieldkey,fieldname,fieldtype,mandatory from wsfi039fields
20240429@094930.1771 kf4tt7p5m5qhshlrh40ps89do1 Query : select 1 valor from information_schema.tables where table_type='base table' and table_name='wsfi2039fields'
20240429@094930.1787 kf4tt7p5m5qhshlrh40ps89do1 Query : select fieldkey,fieldname,fieldtype,mandatory from wsfi2039fields
20240429@094930.1792 kf4tt7p5m5qhshlrh40ps89do1 Query : select top 1 convert(numeric(6,2),t.taxa) valor from taxasiva t where t.codigo='2'
20240429@094930.1804 kf4tt7p5m5qhshlrh40ps89do1 Query : select 1 valor from information_schema.tables where table_type='base table' and table_name='wsfi039fields'
20240429@094930.1819 kf4tt7p5m5qhshlrh40ps89do1 Query : select fieldkey,fieldname,fieldtype,calcformula from wsfi039fields
20240429@094930.1845 kf4tt7p5m5qhshlrh40ps89do1 Query : insert into wsfi039data (fistamp,ousrdata, ousrhora, usrdata,usrhora,ousrinis,usrinis ,qtt ,ftstamp ,epv,pvmoeda ,tabiva,iva,lordem ,ref, design ,armazem) values ('aut662f526858662f5f1a2c',getdate(),convert(char(8),convert (time,getdate())),getdate(),convert(char(8),convert (time,getdate())),'wsv','wsv',0 ,'aut662f506470662f5f18df' ,0,0 ,2,23.00,350000,?,?,?)
20240429@094930.2091 kf4tt7p5m5qhshlrh40ps89do1 Query : select 1 valor from information_schema.tables where table_type='base table' and table_name='wsfi2039fields'
20240429@094930.2107 kf4tt7p5m5qhshlrh40ps89do1 Query : select fieldkey,fieldname,fieldtype,calcformula from wsfi2039fields
20240429@094930.2112 kf4tt7p5m5qhshlrh40ps89do1 Query : insert into wsfi2039data (fi2stamp,ftstamp ,ousrdata, ousrhora, usrdata,usrhora,ousrinis,usrinis) values ('aut662f526858662f5f1a2c','aut662f506470662f5f18df' ,getdate(),convert(char(8),convert (time,getdate())),getdate(),convert(char(8),convert (time,getdate())),'wsv','wsv')
20240429@094930.2117 kf4tt7p5m5qhshlrh40ps89do1 Query : use flama_phc
20240429@094930.2121 kf4tt7p5m5qhshlrh40ps89do1 Query : select st.usalote valor from st where st.ref = '324.682.00.01'
20240429@094930.2132 kf4tt7p5m5qhshlrh40ps89do1 Query : select top 1 st.tabiva ,st.ivaincl ,st.stns ,st.uni2 ,st.familia ,isnull(tx.taxa, 0) txiva ,unidade ,usalote ,epcpond ,noserie from st left join taxasiva tx on st.tabiva = tx.codigo where st.ref = '324.682.00.01'
20240429@094930.2143 kf4tt7p5m5qhshlrh40ps89do1 Query : select 1 valor from information_schema.tables where table_type='base table' and table_name='wsfi039fields'
20240429@094930.2158 kf4tt7p5m5qhshlrh40ps89do1 Query : select fieldkey,fieldname,fieldtype,mandatory from wsfi039fields
20240429@094930.2187 kf4tt7p5m5qhshlrh40ps89do1 Query : select 1 valor from information_schema.tables where table_type='base table' and table_name='wsfi2039fields'
20240429@094930.2202 kf4tt7p5m5qhshlrh40ps89do1 Query : select fieldkey,fieldname,fieldtype,mandatory from wsfi2039fields
20240429@094930.2206 kf4tt7p5m5qhshlrh40ps89do1 Query : select sestamp valor from se where ref ='324.682.00.01' and lote = 'r2301181200a'
20240429@094930.2217 kf4tt7p5m5qhshlrh40ps89do1 Query : select top 1 convert(numeric(6,2),t.taxa) valor from taxasiva t where t.codigo='2'
20240429@094930.2226 kf4tt7p5m5qhshlrh40ps89do1 Query : select 1 valor from information_schema.tables where table_type='base table' and table_name='wsfi039fields'
20240429@094930.2239 kf4tt7p5m5qhshlrh40ps89do1 Query : select fieldkey,fieldname,fieldtype,calcformula from wsfi039fields
20240429@094930.2262 kf4tt7p5m5qhshlrh40ps89do1 Query : insert into wsfi039data (fistamp,ousrdata, ousrhora, usrdata,usrhora,ousrinis,usrinis ,qtt ,ftstamp ,epv,pvmoeda ,tabiva,iva,lordem ,ref, design ,lote,armazem,bistamp ) values ('aut662f524243662f5f1a36',getdate(),convert(char(8),convert (time,getdate())),getdate(),convert(char(8),convert (time,getdate())),'wsv','wsv',24.000 ,'aut662f506470662f5f18df' ,0,0 ,2,23.00,370000,?,?,?,?,?)
20240429@094930.2731 kf4tt7p5m5qhshlrh40ps89do1 Query : select 1 valor from information_schema.tables where table_type='base table' and table_name='wsfi2039fields'
20240429@094930.2774 kf4tt7p5m5qhshlrh40ps89do1 Query : select fieldkey,fieldname,fieldtype,calcformula from wsfi2039fields
20240429@094930.2779 kf4tt7p5m5qhshlrh40ps89do1 Query : insert into wsfi2039data (fi2stamp,ftstamp ,ousrdata, ousrhora, usrdata,usrhora,ousrinis,usrinis) values ('aut662f524243662f5f1a36','aut662f506470662f5f18df' ,getdate(),convert(char(8),convert (time,getdate())),getdate(),convert(char(8),convert (time,getdate())),'wsv','wsv')
20240429@094930.2785 kf4tt7p5m5qhshlrh40ps89do1 Query : select 1 valor from information_schema.tables where table_type='base table' and table_name='wsfi039fields'
20240429@094930.2798 kf4tt7p5m5qhshlrh40ps89do1 Query : select fieldkey,fieldname,fieldtype,mandatory from wsfi039fields
20240429@094930.2821 kf4tt7p5m5qhshlrh40ps89do1 Query : select 1 valor from information_schema.tables where table_type='base table' and table_name='wsfi2039fields'
20240429@094930.2835 kf4tt7p5m5qhshlrh40ps89do1 Query : select fieldkey,fieldname,fieldtype,mandatory from wsfi2039fields
20240429@094930.2840 kf4tt7p5m5qhshlrh40ps89do1 Query : select top 1 convert(numeric(6,2),t.taxa) valor from taxasiva t where t.codigo='2'
20240429@094930.2850 kf4tt7p5m5qhshlrh40ps89do1 Query : select 1 valor from information_schema.tables where table_type='base table' and table_name='wsfi039fields'
20240429@094930.2862 kf4tt7p5m5qhshlrh40ps89do1 Query : select fieldkey,fieldname,fieldtype,calcformula from wsfi039fields
20240429@094930.2887 kf4tt7p5m5qhshlrh40ps89do1 Query : insert into wsfi039data (fistamp,ousrdata, ousrhora, usrdata,usrhora,ousrinis,usrinis ,qtt ,ftstamp ,epv,pvmoeda ,tabiva,iva,lordem ,ref, design ,armazem) values ('aut662f587464662f5f1a45',getdate(),convert(char(8),convert (time,getdate())),getdate(),convert(char(8),convert (time,getdate())),'wsv','wsv',0 ,'aut662f506470662f5f18df' ,0,0 ,2,23.00,380000,?,?,?)
20240429@094930.3132 kf4tt7p5m5qhshlrh40ps89do1 Query : select 1 valor from information_schema.tables where table_type='base table' and table_name='wsfi2039fields'
20240429@094930.3148 kf4tt7p5m5qhshlrh40ps89do1 Query : select fieldkey,fieldname,fieldtype,calcformula from wsfi2039fields
20240429@094930.3153 kf4tt7p5m5qhshlrh40ps89do1 Query : insert into wsfi2039data (fi2stamp,ftstamp ,ousrdata, ousrhora, usrdata,usrhora,ousrinis,usrinis) values ('aut662f587464662f5f1a45','aut662f506470662f5f18df' ,getdate(),convert(char(8),convert (time,getdate())),getdate(),convert(char(8),convert (time,getdate())),'wsv','wsv')
20240429@094930.3157 kf4tt7p5m5qhshlrh40ps89do1 Query : use flama_phc
20240429@094930.3160 kf4tt7p5m5qhshlrh40ps89do1 Query : select st.usalote valor from st where st.ref = '324.682.00.01'
20240429@094930.3171 kf4tt7p5m5qhshlrh40ps89do1 Query : select top 1 st.tabiva ,st.ivaincl ,st.stns ,st.uni2 ,st.familia ,isnull(tx.taxa, 0) txiva ,unidade ,usalote ,epcpond ,noserie from st left join taxasiva tx on st.tabiva = tx.codigo where st.ref = '324.682.00.01'
20240429@094930.3182 kf4tt7p5m5qhshlrh40ps89do1 Query : select 1 valor from information_schema.tables where table_type='base table' and table_name='wsfi039fields'
20240429@094930.3195 kf4tt7p5m5qhshlrh40ps89do1 Query : select fieldkey,fieldname,fieldtype,mandatory from wsfi039fields
20240429@094930.3219 kf4tt7p5m5qhshlrh40ps89do1 Query : select 1 valor from information_schema.tables where table_type='base table' and table_name='wsfi2039fields'
20240429@094930.3232 kf4tt7p5m5qhshlrh40ps89do1 Query : select fieldkey,fieldname,fieldtype,mandatory from wsfi2039fields
20240429@094930.3236 kf4tt7p5m5qhshlrh40ps89do1 Query : select sestamp valor from se where ref ='324.682.00.01' and lote = 'r2301181200a'
20240429@094930.3247 kf4tt7p5m5qhshlrh40ps89do1 Query : select top 1 convert(numeric(6,2),t.taxa) valor from taxasiva t where t.codigo='2'
20240429@094930.3258 kf4tt7p5m5qhshlrh40ps89do1 Query : select 1 valor from information_schema.tables where table_type='base table' and table_name='wsfi039fields'
20240429@094930.3271 kf4tt7p5m5qhshlrh40ps89do1 Query : select fieldkey,fieldname,fieldtype,calcformula from wsfi039fields
20240429@094930.3299 kf4tt7p5m5qhshlrh40ps89do1 Query : insert into wsfi039data (fistamp,ousrdata, ousrhora, usrdata,usrhora,ousrinis,usrinis ,qtt ,ftstamp ,epv,pvmoeda ,tabiva,iva,lordem ,ref, design ,lote,armazem,bistamp ) values ('aut662f532913662f5f1a4f',getdate(),convert(char(8),convert (time,getdate())),getdate(),convert(char(8),convert (time,getdate())),'wsv','wsv',24.000 ,'aut662f506470662f5f18df' ,0,0 ,2,23.00,400000,?,?,?,?,?)
20240429@094930.3542 kf4tt7p5m5qhshlrh40ps89do1 Query : select 1 valor from information_schema.tables where table_type='base table' and table_name='wsfi2039fields'
20240429@094930.3557 kf4tt7p5m5qhshlrh40ps89do1 Query : select fieldkey,fieldname,fieldtype,calcformula from wsfi2039fields
20240429@094930.3562 kf4tt7p5m5qhshlrh40ps89do1 Query : insert into wsfi2039data (fi2stamp,ftstamp ,ousrdata, ousrhora, usrdata,usrhora,ousrinis,usrinis) values ('aut662f532913662f5f1a4f','aut662f506470662f5f18df' ,getdate(),convert(char(8),convert (time,getdate())),getdate(),convert(char(8),convert (time,getdate())),'wsv','wsv')
20240429@094930.3566 kf4tt7p5m5qhshlrh40ps89do1 Query : select 1 valor from information_schema.tables where table_type='base table' and table_name='wsfi039fields'
20240429@094930.3579 kf4tt7p5m5qhshlrh40ps89do1 Query : select fieldkey,fieldname,fieldtype,mandatory from wsfi039fields
20240429@094930.3805 kf4tt7p5m5qhshlrh40ps89do1 Query : select 1 valor from information_schema.tables where table_type='base table' and table_name='wsfi2039fields'
20240429@094930.3820 kf4tt7p5m5qhshlrh40ps89do1 Query : select fieldkey,fieldname,fieldtype,mandatory from wsfi2039fields
20240429@094930.3825 kf4tt7p5m5qhshlrh40ps89do1 Query : select top 1 convert(numeric(6,2),t.taxa) valor from taxasiva t where t.codigo='2'
20240429@094930.3836 kf4tt7p5m5qhshlrh40ps89do1 Query : select 1 valor from information_schema.tables where table_type='base table' and table_name='wsfi039fields'
20240429@094930.3852 kf4tt7p5m5qhshlrh40ps89do1 Query : select fieldkey,fieldname,fieldtype,calcformula from wsfi039fields
20240429@094930.3876 kf4tt7p5m5qhshlrh40ps89do1 Query : insert into wsfi039data (fistamp,ousrdata, ousrhora, usrdata,usrhora,ousrinis,usrinis ,qtt ,ftstamp ,epv,pvmoeda ,tabiva,iva,lordem ,ref, design ,armazem) values ('aut662f578434662f5f1a5d',getdate(),convert(char(8),convert (time,getdate())),getdate(),convert(char(8),convert (time,getdate())),'wsv','wsv',0 ,'aut662f506470662f5f18df' ,0,0 ,2,23.00,410000,?,?,?)
20240429@094930.4120 kf4tt7p5m5qhshlrh40ps89do1 Query : select 1 valor from information_schema.tables where table_type='base table' and table_name='wsfi2039fields'
20240429@094930.4137 kf4tt7p5m5qhshlrh40ps89do1 Query : select fieldkey,fieldname,fieldtype,calcformula from wsfi2039fields
20240429@094930.4142 kf4tt7p5m5qhshlrh40ps89do1 Query : insert into wsfi2039data (fi2stamp,ftstamp ,ousrdata, ousrhora, usrdata,usrhora,ousrinis,usrinis) values ('aut662f578434662f5f1a5d','aut662f506470662f5f18df' ,getdate(),convert(char(8),convert (time,getdate())),getdate(),convert(char(8),convert (time,getdate())),'wsv','wsv')
20240429@094930.4147 kf4tt7p5m5qhshlrh40ps89do1 Query : use flama_phc
20240429@094930.4153 kf4tt7p5m5qhshlrh40ps89do1 Query : select st.usalote valor from st where st.ref = '324.682.00.01'
20240429@094930.4165 kf4tt7p5m5qhshlrh40ps89do1 Query : select top 1 st.tabiva ,st.ivaincl ,st.stns ,st.uni2 ,st.familia ,isnull(tx.taxa, 0) txiva ,unidade ,usalote ,epcpond ,noserie from st left join taxasiva tx on st.tabiva = tx.codigo where st.ref = '324.682.00.01'
20240429@094930.4178 kf4tt7p5m5qhshlrh40ps89do1 Query : select 1 valor from information_schema.tables where table_type='base table' and table_name='wsfi039fields'
20240429@094930.4195 kf4tt7p5m5qhshlrh40ps89do1 Query : select fieldkey,fieldname,fieldtype,mandatory from wsfi039fields
20240429@094930.4222 kf4tt7p5m5qhshlrh40ps89do1 Query : select 1 valor from information_schema.tables where table_type='base table' and table_name='wsfi2039fields'
20240429@094930.4237 kf4tt7p5m5qhshlrh40ps89do1 Query : select fieldkey,fieldname,fieldtype,mandatory from wsfi2039fields
20240429@094930.4242 kf4tt7p5m5qhshlrh40ps89do1 Query : select sestamp valor from se where ref ='324.682.00.01' and lote = 'r2301181200a'
20240429@094930.4253 kf4tt7p5m5qhshlrh40ps89do1 Query : select top 1 convert(numeric(6,2),t.taxa) valor from taxasiva t where t.codigo='2'
20240429@094930.4264 kf4tt7p5m5qhshlrh40ps89do1 Query : select 1 valor from information_schema.tables where table_type='base table' and table_name='wsfi039fields'
20240429@094930.4280 kf4tt7p5m5qhshlrh40ps89do1 Query : select fieldkey,fieldname,fieldtype,calcformula from wsfi039fields
20240429@094930.4307 kf4tt7p5m5qhshlrh40ps89do1 Query : insert into wsfi039data (fistamp,ousrdata, ousrhora, usrdata,usrhora,ousrinis,usrinis ,qtt ,ftstamp ,epv,pvmoeda ,tabiva,iva,lordem ,ref, design ,lote,armazem,bistamp ) values ('aut662f524889662f5f1a68',getdate(),convert(char(8),convert (time,getdate())),getdate(),convert(char(8),convert (time,getdate())),'wsv','wsv',24.000 ,'aut662f506470662f5f18df' ,0,0 ,2,23.00,430000,?,?,?,?,?)
20240429@094930.4633 kf4tt7p5m5qhshlrh40ps89do1 Query : select 1 valor from information_schema.tables where table_type='base table' and table_name='wsfi2039fields'
20240429@094930.4650 kf4tt7p5m5qhshlrh40ps89do1 Query : select fieldkey,fieldname,fieldtype,calcformula from wsfi2039fields
20240429@094930.4656 kf4tt7p5m5qhshlrh40ps89do1 Query : insert into wsfi2039data (fi2stamp,ftstamp ,ousrdata, ousrhora, usrdata,usrhora,ousrinis,usrinis) values ('aut662f524889662f5f1a68','aut662f506470662f5f18df' ,getdate(),convert(char(8),convert (time,getdate())),getdate(),convert(char(8),convert (time,getdate())),'wsv','wsv')
20240429@094930.4661 kf4tt7p5m5qhshlrh40ps89do1 Query : select 1 valor from information_schema.tables where table_type='base table' and table_name='wsfi039fields'
20240429@094930.4674 kf4tt7p5m5qhshlrh40ps89do1 Query : select fieldkey,fieldname,fieldtype,mandatory from wsfi039fields
20240429@094930.4703 kf4tt7p5m5qhshlrh40ps89do1 Query : select 1 valor from information_schema.tables where table_type='base table' and table_name='wsfi2039fields'
20240429@094930.4718 kf4tt7p5m5qhshlrh40ps89do1 Query : select fieldkey,fieldname,fieldtype,mandatory from wsfi2039fields
20240429@094930.4723 kf4tt7p5m5qhshlrh40ps89do1 Query : select top 1 convert(numeric(6,2),t.taxa) valor from taxasiva t where t.codigo='2'
20240429@094930.4736 kf4tt7p5m5qhshlrh40ps89do1 Query : select 1 valor from information_schema.tables where table_type='base table' and table_name='wsfi039fields'
20240429@094930.4750 kf4tt7p5m5qhshlrh40ps89do1 Query : select fieldkey,fieldname,fieldtype,calcformula from wsfi039fields
20240429@094930.4777 kf4tt7p5m5qhshlrh40ps89do1 Query : insert into wsfi039data (fistamp,ousrdata, ousrhora, usrdata,usrhora,ousrinis,usrinis ,qtt ,ftstamp ,epv,pvmoeda ,tabiva,iva,lordem ,ref, design ,armazem) values ('aut662f516492662f5f1a73',getdate(),convert(char(8),convert (time,getdate())),getdate(),convert(char(8),convert (time,getdate())),'wsv','wsv',0 ,'aut662f506470662f5f18df' ,0,0 ,2,23.00,440000,?,?,?)
20240429@094930.5034 kf4tt7p5m5qhshlrh40ps89do1 Query : select 1 valor from information_schema.tables where table_type='base table' and table_name='wsfi2039fields'
20240429@094930.5052 kf4tt7p5m5qhshlrh40ps89do1 Query : select fieldkey,fieldname,fieldtype,calcformula from wsfi2039fields
20240429@094930.5060 kf4tt7p5m5qhshlrh40ps89do1 Query : insert into wsfi2039data (fi2stamp,ftstamp ,ousrdata, ousrhora, usrdata,usrhora,ousrinis,usrinis) values ('aut662f516492662f5f1a73','aut662f506470662f5f18df' ,getdate(),convert(char(8),convert (time,getdate())),getdate(),convert(char(8),convert (time,getdate())),'wsv','wsv')
20240429@094930.5065 kf4tt7p5m5qhshlrh40ps89do1 Query : use flama_phc
20240429@094930.5070 kf4tt7p5m5qhshlrh40ps89do1 Query : select st.usalote valor from st where st.ref = '324.682.00.01'
20240429@094930.5084 kf4tt7p5m5qhshlrh40ps89do1 Query : select top 1 st.tabiva ,st.ivaincl ,st.stns ,st.uni2 ,st.familia ,isnull(tx.taxa, 0) txiva ,unidade ,usalote ,epcpond ,noserie from st left join taxasiva tx on st.tabiva = tx.codigo where st.ref = '324.682.00.01'
20240429@094930.5100 kf4tt7p5m5qhshlrh40ps89do1 Query : select 1 valor from information_schema.tables where table_type='base table' and table_name='wsfi039fields'
20240429@094930.5114 kf4tt7p5m5qhshlrh40ps89do1 Query : select fieldkey,fieldname,fieldtype,mandatory from wsfi039fields
20240429@094930.5141 kf4tt7p5m5qhshlrh40ps89do1 Query : select 1 valor from information_schema.tables where table_type='base table' and table_name='wsfi2039fields'
20240429@094930.5155 kf4tt7p5m5qhshlrh40ps89do1 Query : select fieldkey,fieldname,fieldtype,mandatory from wsfi2039fields
20240429@094930.5161 kf4tt7p5m5qhshlrh40ps89do1 Query : select sestamp valor from se where ref ='324.682.00.01' and lote = 'r2301181200a'
20240429@094930.5174 kf4tt7p5m5qhshlrh40ps89do1 Query : select top 1 convert(numeric(6,2),t.taxa) valor from taxasiva t where t.codigo='2'
20240429@094930.5186 kf4tt7p5m5qhshlrh40ps89do1 Query : select 1 valor from information_schema.tables where table_type='base table' and table_name='wsfi039fields'
20240429@094930.5201 kf4tt7p5m5qhshlrh40ps89do1 Query : select fieldkey,fieldname,fieldtype,calcformula from wsfi039fields
20240429@094930.5233 kf4tt7p5m5qhshlrh40ps89do1 Query : insert into wsfi039data (fistamp,ousrdata, ousrhora, usrdata,usrhora,ousrinis,usrinis ,qtt ,ftstamp ,epv,pvmoeda ,tabiva,iva,lordem ,ref, design ,lote,armazem,bistamp ) values ('aut662f549373662f5f1a7e',getdate(),convert(char(8),convert (time,getdate())),getdate(),convert(char(8),convert (time,getdate())),'wsv','wsv',24.000 ,'aut662f506470662f5f18df' ,0,0 ,2,23.00,460000,?,?,?,?,?)
20240429@094930.5492 kf4tt7p5m5qhshlrh40ps89do1 Query : select 1 valor from information_schema.tables where table_type='base table' and table_name='wsfi2039fields'
20240429@094930.5556 kf4tt7p5m5qhshlrh40ps89do1 Query : select fieldkey,fieldname,fieldtype,calcformula from wsfi2039fields
20240429@094930.5562 kf4tt7p5m5qhshlrh40ps89do1 Query : insert into wsfi2039data (fi2stamp,ftstamp ,ousrdata, ousrhora, usrdata,usrhora,ousrinis,usrinis) values ('aut662f549373662f5f1a7e','aut662f506470662f5f18df' ,getdate(),convert(char(8),convert (time,getdate())),getdate(),convert(char(8),convert (time,getdate())),'wsv','wsv')
20240429@094930.5569 kf4tt7p5m5qhshlrh40ps89do1 Query : select 1 valor from information_schema.tables where table_type='base table' and table_name='wsfi039fields'
20240429@094930.5585 kf4tt7p5m5qhshlrh40ps89do1 Query : select fieldkey,fieldname,fieldtype,mandatory from wsfi039fields
20240429@094930.5615 kf4tt7p5m5qhshlrh40ps89do1 Query : select 1 valor from information_schema.tables where table_type='base table' and table_name='wsfi2039fields'
20240429@094930.5640 kf4tt7p5m5qhshlrh40ps89do1 Query : select fieldkey,fieldname,fieldtype,mandatory from wsfi2039fields
20240429@094930.5653 kf4tt7p5m5qhshlrh40ps89do1 Query : select top 1 convert(numeric(6,2),t.taxa) valor from taxasiva t where t.codigo='2'
20240429@094930.5666 kf4tt7p5m5qhshlrh40ps89do1 Query : select 1 valor from information_schema.tables where table_type='base table' and table_name='wsfi039fields'
20240429@094930.5683 kf4tt7p5m5qhshlrh40ps89do1 Query : select fieldkey,fieldname,fieldtype,calcformula from wsfi039fields
20240429@094930.5712 kf4tt7p5m5qhshlrh40ps89do1 Query : insert into wsfi039data (fistamp,ousrdata, ousrhora, usrdata,usrhora,ousrinis,usrinis ,qtt ,ftstamp ,epv,pvmoeda ,tabiva,iva,lordem ,ref, design ,armazem) values ('aut662f517661662f5f1a8a',getdate(),convert(char(8),convert (time,getdate())),getdate(),convert(char(8),convert (time,getdate())),'wsv','wsv',0 ,'aut662f506470662f5f18df' ,0,0 ,2,23.00,470000,?,?,?)
20240429@094930.6019 kf4tt7p5m5qhshlrh40ps89do1 Query : select 1 valor from information_schema.tables where table_type='base table' and table_name='wsfi2039fields'
20240429@094930.6066 kf4tt7p5m5qhshlrh40ps89do1 Query : select fieldkey,fieldname,fieldtype,calcformula from wsfi2039fields
20240429@094930.6071 kf4tt7p5m5qhshlrh40ps89do1 Query : insert into wsfi2039data (fi2stamp,ftstamp ,ousrdata, ousrhora, usrdata,usrhora,ousrinis,usrinis) values ('aut662f517661662f5f1a8a','aut662f506470662f5f18df' ,getdate(),convert(char(8),convert (time,getdate())),getdate(),convert(char(8),convert (time,getdate())),'wsv','wsv')
20240429@094930.6076 kf4tt7p5m5qhshlrh40ps89do1 Query : insert into wsftcreationlog (initialftstamp,externalid,creationstatus,documenttypeid,idustamp) values ('aut662f506470662f5f18df','2403032','wait',39,'ari17112337378,753000005')
20240429@094930.6096 kf4tt7p5m5qhshlrh40ps89do1 Query : use flama_phc
20240429@094930.6100 kf4tt7p5m5qhshlrh40ps89do1 Query : update u_wsusers set rqsttoken =? where userid ='userls001'
20240429@094930.6114 kf4tt7p5m5qhshlrh40ps89do1 Query : select concat(rtrim(relative_path),ltrim(name_new)) as valor from uploadfiles where uploadfile_id='1381';
20240429@094930.6134 kf4tt7p5m5qhshlrh40ps89do1 Query : update uploadfiles set whenupdated=current_timestamp where uploadfile_id='1381';
20240429@094930.6150 kf4tt7p5m5qhshlrh40ps89do1 Query : select concat(rtrim(relative_path),ltrim(name_new)) as valor from uploadfiles where uploadfile_id='1381';
20240429@094930.6164 kf4tt7p5m5qhshlrh40ps89do1 Query : update uploadfiles set whenupdated=current_timestamp where uploadfile_id='1381';
20240429@094930.6618 vfoufkn7bjk7h41sagp1ehc2s4 Query : insert into uploadfiles ( name_original, name_new, option_type, relative_path, whencreated ) values ( ?, ?, ?, ?, getdate() )
20240429@094930.6636 vfoufkn7bjk7h41sagp1ehc2s4 Query : select uploadfile_id valor from uploadfiles where name_new = ? and option_type = ? 
20240429@094930.6660 vfoufkn7bjk7h41sagp1ehc2s4 Query : select concat(rtrim(relative_path),ltrim(name_new)) as valor from uploadfiles where uploadfile_id='1382';
20240429@094930.6709 vfoufkn7bjk7h41sagp1ehc2s4 Query : update uploadfiles set whenupdated=current_timestamp where uploadfile_id='1382';
20240429@094930.6740 vfoufkn7bjk7h41sagp1ehc2s4 Query : select concat(rtrim(relative_path),ltrim(name_new)) as valor from uploadfiles where uploadfile_id='1382';
20240429@094930.6758 vfoufkn7bjk7h41sagp1ehc2s4 Query : update uploadfiles set whenupdated=current_timestamp where uploadfile_id='1382';
20240429@094930.6773 vfoufkn7bjk7h41sagp1ehc2s4 Query : use flama_phc
20240429@094930.6777 vfoufkn7bjk7h41sagp1ehc2s4 Query : select top 1 secretkey valor from u_wsusers u where u.userid = ? and u.inactivo=0
20240429@094930.6951 vfoufkn7bjk7h41sagp1ehc2s4 Query : use flama_phc
20240429@094930.6991 vfoufkn7bjk7h41sagp1ehc2s4 Query : select no, estab,szadrsdesc from szadrs where u_coddest=4740
20240429@094930.7052 vfoufkn7bjk7h41sagp1ehc2s4 Query : select top 1 isnull(design,'') valor from st (nolock) left join stobs (nolock) on st.ref = stobs.ref where st.ref = '324.727.00.01'
20240429@094930.7205 vfoufkn7bjk7h41sagp1ehc2s4 Query : select top 1 bistamp valor from bi inner join bo on bo.bostamp=bi.bostamp where bo.ndos =240 and bo.boano =2030 and bo.obrano = 2403033 and bi.ref ='324.727.00.01' and bi.lordem =1
20240429@094930.7545 vfoufkn7bjk7h41sagp1ehc2s4 Query : select top 1 isnull(design,'') valor from st (nolock) left join stobs (nolock) on st.ref = stobs.ref where st.ref = '324.727.00.01'
20240429@094930.7557 vfoufkn7bjk7h41sagp1ehc2s4 Query : select top 1 bistamp valor from bi inner join bo on bo.bostamp=bi.bostamp where bo.ndos =240 and bo.boano =2030 and bo.obrano = 2403033 and bi.ref ='324.727.00.01' and bi.lordem =1
20240429@094930.7564 vfoufkn7bjk7h41sagp1ehc2s4 Query : select top 1 isnull(design,'') valor from st (nolock) left join stobs (nolock) on st.ref = stobs.ref where st.ref = '324.727.00.01'
20240429@094930.7576 vfoufkn7bjk7h41sagp1ehc2s4 Query : select top 1 bistamp valor from bi inner join bo on bo.bostamp=bi.bostamp where bo.ndos =240 and bo.boano =2030 and bo.obrano = 2403033 and bi.ref ='324.727.00.01' and bi.lordem =1
20240429@094930.7583 vfoufkn7bjk7h41sagp1ehc2s4 Query : select top 1 isnull(design,'') valor from st (nolock) left join stobs (nolock) on st.ref = stobs.ref where st.ref = '324.727.00.01'
20240429@094930.7598 vfoufkn7bjk7h41sagp1ehc2s4 Query : select top 1 bistamp valor from bi inner join bo on bo.bostamp=bi.bostamp where bo.ndos =240 and bo.boano =2030 and bo.obrano = 2403033 and bi.ref ='324.727.00.01' and bi.lordem =1
20240429@094930.7604 vfoufkn7bjk7h41sagp1ehc2s4 Query : use flama_phc
20240429@094930.7608 vfoufkn7bjk7h41sagp1ehc2s4 Query : select top 1 convert(date,fdata) valor from ft where ndoc = 39 and anulado= 0 and fno>0 order by fdata desc
20240429@094930.7622 vfoufkn7bjk7h41sagp1ehc2s4 Query : use flama_phc
20240429@094930.7626 vfoufkn7bjk7h41sagp1ehc2s4 Query : select top 1 1 valor from td where td.ndoc = 39
20240429@094930.7638 vfoufkn7bjk7h41sagp1ehc2s4 Query : use flama_phc
20240429@094930.7642 vfoufkn7bjk7h41sagp1ehc2s4 Query : select descricao ,case when valor='s' then 1 else 0 end usalotes from para1 where descricao in ('st_lote')
20240429@094930.7654 vfoufkn7bjk7h41sagp1ehc2s4 Query : select top 1 assinadoc issigned ,td.lancasl stocks ,'cl' origin ,case when (cmsl between 1 and 50 ) then 1 else 0 end entrada ,case when (cmsl>50 ) then 1 else 0 end saida ,~lotestock validatestock ,tiposaft from td inner join td2 on td.tdstamp=td2.td2stamp where td.ndoc =39
20240429@094930.7670 vfoufkn7bjk7h41sagp1ehc2s4 Query : use flama_phc
20240429@094930.7674 vfoufkn7bjk7h41sagp1ehc2s4 Query : select top 1 ~inactivo valor from cl where no = '100810' and estab = 0 order by inactivo desc
20240429@094930.7685 vfoufkn7bjk7h41sagp1ehc2s4 Query : use flama_phc
20240429@094930.7688 vfoufkn7bjk7h41sagp1ehc2s4 Query : select top 1 tipodoc,regrd from td where ndoc = 39
20240429@094930.7700 vfoufkn7bjk7h41sagp1ehc2s4 Query : use flama_phc
20240429@094930.7703 vfoufkn7bjk7h41sagp1ehc2s4 Query : select szadrsstamp valor from szadrs where szadrsdesc='espaÇotrans,lda'
20240429@094930.7714 vfoufkn7bjk7h41sagp1ehc2s4 Query : use flama_phc
20240429@094930.7718 vfoufkn7bjk7h41sagp1ehc2s4 Query : select szadrsstamp valor from szadrs where szadrsdesc='100810 - worten-equipamentos para o lar,sa.'
20240429@094930.7730 vfoufkn7bjk7h41sagp1ehc2s4 Query : use flama_phc
20240429@094930.7733 vfoufkn7bjk7h41sagp1ehc2s4 Query : select 1 valor from td where ndoc = 39
20240429@094930.7743 vfoufkn7bjk7h41sagp1ehc2s4 Query : select top 1 manternumero, tiposaft, nmdos,td.assinadoc from td where td.ndoc = 39
20240429@094930.7756 vfoufkn7bjk7h41sagp1ehc2s4 Query : select 1 valor from information_schema.tables where table_type='base table' and table_name='wsft039fields'
20240429@094930.7771 vfoufkn7bjk7h41sagp1ehc2s4 Query : select fieldkey,fieldname,fieldtype,mandatory from wsft039fields
20240429@094930.7791 vfoufkn7bjk7h41sagp1ehc2s4 Query : select 1 valor from information_schema.tables where table_type='base table' and table_name='wsft2039fields'
20240429@094930.7804 vfoufkn7bjk7h41sagp1ehc2s4 Query : select fieldkey,fieldname,fieldtype,mandatory from wsft2039fields
20240429@094930.7833 vfoufkn7bjk7h41sagp1ehc2s4 Query : select 1 valor from information_schema.tables where table_type='base table' and table_name='wsft3039fields'
20240429@094930.7847 vfoufkn7bjk7h41sagp1ehc2s4 Query : select fieldkey,fieldname,fieldtype,mandatory from wsft3039fields
20240429@094930.7865 vfoufkn7bjk7h41sagp1ehc2s4 Query : select top 1 ft.fno valor from ft ft where ft.ndoc = 39 and ftano=2024 order by fno desc
20240429@094930.7960 vfoufkn7bjk7h41sagp1ehc2s4 Query : select top 1 ft.fno valor from wsft039data ft where ft.ndoc = 39 and ftano=2024 order by fno desc
20240429@094930.7972 vfoufkn7bjk7h41sagp1ehc2s4 Query : select 1 valor from information_schema.tables where table_type='base table' and table_name='wsft3039fields'
20240429@094930.7989 vfoufkn7bjk7h41sagp1ehc2s4 Query : select fieldkey,fieldname,fieldtype,calcformula from wsft3039fields
20240429@094930.7999 vfoufkn7bjk7h41sagp1ehc2s4 Query : insert into wsft3039data (ft3stamp, ousrdata, ousrhora, usrdata,usrhora,ousrinis,usrinis,taxpointdt ) values ('aut662f555444662f5f1ac0' ,getdate(),convert(char(8),convert (time,getdate())),getdate(),convert(char(8),convert (time,getdate())),'wsv','wsv',?)
20240429@094930.8288 vfoufkn7bjk7h41sagp1ehc2s4 Query : select 1 valor from information_schema.tables where table_type='base table' and table_name='wsft2039fields'
20240429@094930.8386 vfoufkn7bjk7h41sagp1ehc2s4 Query : select fieldkey,fieldname,fieldtype,calcformula from wsft2039fields
20240429@094930.8414 vfoufkn7bjk7h41sagp1ehc2s4 Query : select top 1 bo.u_nomeenv valor from bo where bo.bostamp=''
20240429@094930.8420 vfoufkn7bjk7h41sagp1ehc2s4 Query : select top 1 bo.u_moradaen valor from bo where bo.bostamp=''
20240429@094930.8425 vfoufkn7bjk7h41sagp1ehc2s4 Query : select top 1 bo.u_codposen valor from bo where bo.bostamp=''
20240429@094930.8430 vfoufkn7bjk7h41sagp1ehc2s4 Query : select top 1 bo.u_localenv valor from bo where bo.bostamp=''
20240429@094930.8435 vfoufkn7bjk7h41sagp1ehc2s4 Query : select top 1 bo.trab5 valor from bo where bo.bostamp=''
20240429@094930.8440 vfoufkn7bjk7h41sagp1ehc2s4 Query : select top 1 bo.serie valor from bo where bo.bostamp=''
20240429@094930.8445 vfoufkn7bjk7h41sagp1ehc2s4 Query : insert into wsft2039data (ft2stamp, ousrdata,ousrhora, usrdata,usrhora,ousrinis,usrinis,u_nomeenv ,u_moradaen ,u_codposen ,u_localenv ,u_coddest ,u_codby ) values ('aut662f555444662f5f1ac0',getdate(),convert(char(8),convert (time,getdate())),getdate(),convert(char(8),convert (time,getdate())),'wsv','wsv',?,?,?,?,?,?)
20240429@094930.8683 vfoufkn7bjk7h41sagp1ehc2s4 Query : select top 1 fno valor from wsft039data order by fno desc
20240429@094930.8706 vfoufkn7bjk7h41sagp1ehc2s4 Query : select 1 valor from information_schema.tables where table_type='base table' and table_name='wsft039fields'
20240429@094930.8720 vfoufkn7bjk7h41sagp1ehc2s4 Query : select fieldkey,fieldname,fieldtype,calcformula from wsft039fields
20240429@094930.8737 vfoufkn7bjk7h41sagp1ehc2s4 Query : insert into wsft039data (ftstamp, ousrdata,ousrhora, usrdata,usrhora,ousrinis,usrinis,fno,no,estab,fdata,ndoc,moeda,cambio,cambiofixo,ftano,cdata,chora,carga,descar,site ,classe ) values ('aut662f555444662f5f1ac0',getdate(),convert(char(8),convert (time,getdate())),getdate(),convert(char(8),convert (time,getdate())),'wsv','wsv',1087,100810,0,'2024-04-29',39,'euro',0,0,2024 ,'20240429','1019',?,?,?,?)
20240429@094930.9011 vfoufkn7bjk7h41sagp1ehc2s4 Query : use flama_phc
20240429@094930.9016 vfoufkn7bjk7h41sagp1ehc2s4 Query : select st.usalote valor from st where st.ref = '324.727.00.01'
20240429@094930.9029 vfoufkn7bjk7h41sagp1ehc2s4 Query : select top 1 st.tabiva ,st.ivaincl ,st.stns ,st.uni2 ,st.familia ,isnull(tx.taxa, 0) txiva ,unidade ,usalote ,epcpond ,noserie from st left join taxasiva tx on st.tabiva = tx.codigo where st.ref = '324.727.00.01'
20240429@094930.9220 vfoufkn7bjk7h41sagp1ehc2s4 Query : select 1 valor from information_schema.tables where table_type='base table' and table_name='wsfi039fields'
20240429@094930.9235 vfoufkn7bjk7h41sagp1ehc2s4 Query : select fieldkey,fieldname,fieldtype,mandatory from wsfi039fields
20240429@094930.9259 vfoufkn7bjk7h41sagp1ehc2s4 Query : select 1 valor from information_schema.tables where table_type='base table' and table_name='wsfi2039fields'
20240429@094930.9273 vfoufkn7bjk7h41sagp1ehc2s4 Query : select fieldkey,fieldname,fieldtype,mandatory from wsfi2039fields
20240429@094930.9277 vfoufkn7bjk7h41sagp1ehc2s4 Query : select sestamp valor from se where ref ='324.727.00.01' and lote = 'r2301222100a'
20240429@094930.9288 vfoufkn7bjk7h41sagp1ehc2s4 Query : select top 1 convert(numeric(6,2),t.taxa) valor from taxasiva t where t.codigo='2'
20240429@094930.9297 vfoufkn7bjk7h41sagp1ehc2s4 Query : select 1 valor from information_schema.tables where table_type='base table' and table_name='wsfi039fields'
20240429@094930.9311 vfoufkn7bjk7h41sagp1ehc2s4 Query : select fieldkey,fieldname,fieldtype,calcformula from wsfi039fields
20240429@094930.9336 vfoufkn7bjk7h41sagp1ehc2s4 Query : insert into wsfi039data (fistamp,ousrdata, ousrhora, usrdata,usrhora,ousrinis,usrinis ,qtt ,ftstamp ,epv,pvmoeda ,tabiva,iva,lordem ,ref, design ,lote,armazem,bistamp ) values ('aut662f513166662f5f1ae2',getdate(),convert(char(8),convert (time,getdate())),getdate(),convert(char(8),convert (time,getdate())),'wsv','wsv',8.000 ,'aut662f555444662f5f1ac0' ,0,0 ,2,23.00,10000,?,?,?,?,?)
20240429@094930.9629 vfoufkn7bjk7h41sagp1ehc2s4 Query : select 1 valor from information_schema.tables where table_type='base table' and table_name='wsfi2039fields'
20240429@094930.9644 vfoufkn7bjk7h41sagp1ehc2s4 Query : select fieldkey,fieldname,fieldtype,calcformula from wsfi2039fields
20240429@094930.9649 vfoufkn7bjk7h41sagp1ehc2s4 Query : insert into wsfi2039data (fi2stamp,ftstamp ,ousrdata, ousrhora, usrdata,usrhora,ousrinis,usrinis) values ('aut662f513166662f5f1ae2','aut662f555444662f5f1ac0' ,getdate(),convert(char(8),convert (time,getdate())),getdate(),convert(char(8),convert (time,getdate())),'wsv','wsv')
20240429@094930.9654 vfoufkn7bjk7h41sagp1ehc2s4 Query : select 1 valor from information_schema.tables where table_type='base table' and table_name='wsfi039fields'
20240429@094930.9667 vfoufkn7bjk7h41sagp1ehc2s4 Query : select fieldkey,fieldname,fieldtype,mandatory from wsfi039fields
20240429@094930.9692 vfoufkn7bjk7h41sagp1ehc2s4 Query : select 1 valor from information_schema.tables where table_type='base table' and table_name='wsfi2039fields'
20240429@094930.9705 vfoufkn7bjk7h41sagp1ehc2s4 Query : select fieldkey,fieldname,fieldtype,mandatory from wsfi2039fields
20240429@094930.9709 vfoufkn7bjk7h41sagp1ehc2s4 Query : select top 1 convert(numeric(6,2),t.taxa) valor from taxasiva t where t.codigo='2'
20240429@094930.9719 vfoufkn7bjk7h41sagp1ehc2s4 Query : select 1 valor from information_schema.tables where table_type='base table' and table_name='wsfi039fields'
20240429@094930.9730 vfoufkn7bjk7h41sagp1ehc2s4 Query : select fieldkey,fieldname,fieldtype,calcformula from wsfi039fields
20240429@094930.9754 vfoufkn7bjk7h41sagp1ehc2s4 Query : insert into wsfi039data (fistamp,ousrdata, ousrhora, usrdata,usrhora,ousrinis,usrinis ,qtt ,ftstamp ,epv,pvmoeda ,tabiva,iva,lordem ,ref, design ,armazem) values ('aut662f574208662f5f1aed',getdate(),convert(char(8),convert (time,getdate())),getdate(),convert(char(8),convert (time,getdate())),'wsv','wsv',0 ,'aut662f555444662f5f1ac0' ,0,0 ,2,23.00,20000,?,?,?)
20240429@094931.9000 vfoufkn7bjk7h41sagp1ehc2s4 Query : select 1 valor from information_schema.tables where table_type='base table' and table_name='wsfi2039fields'
20240429@094931.2700 vfoufkn7bjk7h41sagp1ehc2s4 Query : select fieldkey,fieldname,fieldtype,calcformula from wsfi2039fields
20240429@094931.3200 vfoufkn7bjk7h41sagp1ehc2s4 Query : insert into wsfi2039data (fi2stamp,ftstamp ,ousrdata, ousrhora, usrdata,usrhora,ousrinis,usrinis) values ('aut662f574208662f5f1aed','aut662f555444662f5f1ac0' ,getdate(),convert(char(8),convert (time,getdate())),getdate(),convert(char(8),convert (time,getdate())),'wsv','wsv')
20240429@094931.3600 vfoufkn7bjk7h41sagp1ehc2s4 Query : use flama_phc
20240429@094931.3900 vfoufkn7bjk7h41sagp1ehc2s4 Query : select st.usalote valor from st where st.ref = '324.727.00.01'
20240429@094931.5200 vfoufkn7bjk7h41sagp1ehc2s4 Query : select top 1 st.tabiva ,st.ivaincl ,st.stns ,st.uni2 ,st.familia ,isnull(tx.taxa, 0) txiva ,unidade ,usalote ,epcpond ,noserie from st left join taxasiva tx on st.tabiva = tx.codigo where st.ref = '324.727.00.01'
20240429@094931.6600 vfoufkn7bjk7h41sagp1ehc2s4 Query : select 1 valor from information_schema.tables where table_type='base table' and table_name='wsfi039fields'
20240429@094931.7900 vfoufkn7bjk7h41sagp1ehc2s4 Query : select fieldkey,fieldname,fieldtype,mandatory from wsfi039fields
20240429@094931.1070 vfoufkn7bjk7h41sagp1ehc2s4 Query : select 1 valor from information_schema.tables where table_type='base table' and table_name='wsfi2039fields'
20240429@094931.1220 vfoufkn7bjk7h41sagp1ehc2s4 Query : select fieldkey,fieldname,fieldtype,mandatory from wsfi2039fields
20240429@094931.1260 vfoufkn7bjk7h41sagp1ehc2s4 Query : select sestamp valor from se where ref ='324.727.00.01' and lote = 'r2301222100a'
20240429@094931.1360 vfoufkn7bjk7h41sagp1ehc2s4 Query : select top 1 convert(numeric(6,2),t.taxa) valor from taxasiva t where t.codigo='2'
20240429@094931.1450 vfoufkn7bjk7h41sagp1ehc2s4 Query : select 1 valor from information_schema.tables where table_type='base table' and table_name='wsfi039fields'
20240429@094931.1580 vfoufkn7bjk7h41sagp1ehc2s4 Query : select fieldkey,fieldname,fieldtype,calcformula from wsfi039fields
20240429@094931.1880 vfoufkn7bjk7h41sagp1ehc2s4 Query : insert into wsfi039data (fistamp,ousrdata, ousrhora, usrdata,usrhora,ousrinis,usrinis ,qtt ,ftstamp ,epv,pvmoeda ,tabiva,iva,lordem ,ref, design ,lote,armazem,bistamp ) values ('aut662f510787662f5f1b03',getdate(),convert(char(8),convert (time,getdate())),getdate(),convert(char(8),convert (time,getdate())),'wsv','wsv',88.000 ,'aut662f555444662f5f1ac0' ,0,0 ,2,23.00,40000,?,?,?,?,?)
20240429@094931.4330 vfoufkn7bjk7h41sagp1ehc2s4 Query : select 1 valor from information_schema.tables where table_type='base table' and table_name='wsfi2039fields'
20240429@094931.4500 vfoufkn7bjk7h41sagp1ehc2s4 Query : select fieldkey,fieldname,fieldtype,calcformula from wsfi2039fields
20240429@094931.4550 vfoufkn7bjk7h41sagp1ehc2s4 Query : insert into wsfi2039data (fi2stamp,ftstamp ,ousrdata, ousrhora, usrdata,usrhora,ousrinis,usrinis) values ('aut662f510787662f5f1b03','aut662f555444662f5f1ac0' ,getdate(),convert(char(8),convert (time,getdate())),getdate(),convert(char(8),convert (time,getdate())),'wsv','wsv')
20240429@094931.4590 vfoufkn7bjk7h41sagp1ehc2s4 Query : select 1 valor from information_schema.tables where table_type='base table' and table_name='wsfi039fields'
20240429@094931.4740 vfoufkn7bjk7h41sagp1ehc2s4 Query : select fieldkey,fieldname,fieldtype,mandatory from wsfi039fields
20240429@094931.4980 vfoufkn7bjk7h41sagp1ehc2s4 Query : select 1 valor from information_schema.tables where table_type='base table' and table_name='wsfi2039fields'
20240429@094931.5110 vfoufkn7bjk7h41sagp1ehc2s4 Query : select fieldkey,fieldname,fieldtype,mandatory from wsfi2039fields
20240429@094931.5150 vfoufkn7bjk7h41sagp1ehc2s4 Query : select top 1 convert(numeric(6,2),t.taxa) valor from taxasiva t where t.codigo='2'
20240429@094931.5240 vfoufkn7bjk7h41sagp1ehc2s4 Query : select 1 valor from information_schema.tables where table_type='base table' and table_name='wsfi039fields'
20240429@094931.5360 vfoufkn7bjk7h41sagp1ehc2s4 Query : select fieldkey,fieldname,fieldtype,calcformula from wsfi039fields
20240429@094931.5580 vfoufkn7bjk7h41sagp1ehc2s4 Query : insert into wsfi039data (fistamp,ousrdata, ousrhora, usrdata,usrhora,ousrinis,usrinis ,qtt ,ftstamp ,epv,pvmoeda ,tabiva,iva,lordem ,ref, design ,armazem) values ('aut662f502746662f5f1b0c',getdate(),convert(char(8),convert (time,getdate())),getdate(),convert(char(8),convert (time,getdate())),'wsv','wsv',0 ,'aut662f555444662f5f1ac0' ,0,0 ,2,23.00,50000,?,?,?)
20240429@094931.8050 vfoufkn7bjk7h41sagp1ehc2s4 Query : select 1 valor from information_schema.tables where table_type='base table' and table_name='wsfi2039fields'
20240429@094931.8220 vfoufkn7bjk7h41sagp1ehc2s4 Query : select fieldkey,fieldname,fieldtype,calcformula from wsfi2039fields
20240429@094931.8260 vfoufkn7bjk7h41sagp1ehc2s4 Query : insert into wsfi2039data (fi2stamp,ftstamp ,ousrdata, ousrhora, usrdata,usrhora,ousrinis,usrinis) values ('aut662f502746662f5f1b0c','aut662f555444662f5f1ac0' ,getdate(),convert(char(8),convert (time,getdate())),getdate(),convert(char(8),convert (time,getdate())),'wsv','wsv')
20240429@094931.8300 vfoufkn7bjk7h41sagp1ehc2s4 Query : use flama_phc
20240429@094931.8330 vfoufkn7bjk7h41sagp1ehc2s4 Query : select st.usalote valor from st where st.ref = '324.727.00.01'
20240429@094931.8460 vfoufkn7bjk7h41sagp1ehc2s4 Query : select top 1 st.tabiva ,st.ivaincl ,st.stns ,st.uni2 ,st.familia ,isnull(tx.taxa, 0) txiva ,unidade ,usalote ,epcpond ,noserie from st left join taxasiva tx on st.tabiva = tx.codigo where st.ref = '324.727.00.01'
20240429@094931.8570 vfoufkn7bjk7h41sagp1ehc2s4 Query : select 1 valor from information_schema.tables where table_type='base table' and table_name='wsfi039fields'
20240429@094931.8690 vfoufkn7bjk7h41sagp1ehc2s4 Query : select fieldkey,fieldname,fieldtype,mandatory from wsfi039fields
20240429@094931.8930 vfoufkn7bjk7h41sagp1ehc2s4 Query : select 1 valor from information_schema.tables where table_type='base table' and table_name='wsfi2039fields'
20240429@094931.9050 vfoufkn7bjk7h41sagp1ehc2s4 Query : select fieldkey,fieldname,fieldtype,mandatory from wsfi2039fields
20240429@094931.9100 vfoufkn7bjk7h41sagp1ehc2s4 Query : select sestamp valor from se where ref ='324.727.00.01' and lote = 'r2301222100a'
20240429@094931.9200 vfoufkn7bjk7h41sagp1ehc2s4 Query : select top 1 convert(numeric(6,2),t.taxa) valor from taxasiva t where t.codigo='2'
20240429@094931.9300 vfoufkn7bjk7h41sagp1ehc2s4 Query : select 1 valor from information_schema.tables where table_type='base table' and table_name='wsfi039fields'
20240429@094931.9420 vfoufkn7bjk7h41sagp1ehc2s4 Query : select fieldkey,fieldname,fieldtype,calcformula from wsfi039fields
20240429@094931.9640 vfoufkn7bjk7h41sagp1ehc2s4 Query : insert into wsfi039data (fistamp,ousrdata, ousrhora, usrdata,usrhora,ousrinis,usrinis ,qtt ,ftstamp ,epv,pvmoeda ,tabiva,iva,lordem ,ref, design ,lote,armazem,bistamp ) values ('aut662f598556662f5f1b16',getdate(),convert(char(8),convert (time,getdate())),getdate(),convert(char(8),convert (time,getdate())),'wsv','wsv',8.000 ,'aut662f555444662f5f1ac0' ,0,0 ,2,23.00,70000,?,?,?,?,?)
20240429@094931.1208 vfoufkn7bjk7h41sagp1ehc2s4 Query : select 1 valor from information_schema.tables where table_type='base table' and table_name='wsfi2039fields'
20240429@094931.1224 vfoufkn7bjk7h41sagp1ehc2s4 Query : select fieldkey,fieldname,fieldtype,calcformula from wsfi2039fields
20240429@094931.1228 vfoufkn7bjk7h41sagp1ehc2s4 Query : insert into wsfi2039data (fi2stamp,ftstamp ,ousrdata, ousrhora, usrdata,usrhora,ousrinis,usrinis) values ('aut662f598556662f5f1b16','aut662f555444662f5f1ac0' ,getdate(),convert(char(8),convert (time,getdate())),getdate(),convert(char(8),convert (time,getdate())),'wsv','wsv')
20240429@094931.1233 vfoufkn7bjk7h41sagp1ehc2s4 Query : select 1 valor from information_schema.tables where table_type='base table' and table_name='wsfi039fields'
20240429@094931.1247 vfoufkn7bjk7h41sagp1ehc2s4 Query : select fieldkey,fieldname,fieldtype,mandatory from wsfi039fields
20240429@094931.1273 vfoufkn7bjk7h41sagp1ehc2s4 Query : select 1 valor from information_schema.tables where table_type='base table' and table_name='wsfi2039fields'
20240429@094931.1285 vfoufkn7bjk7h41sagp1ehc2s4 Query : select fieldkey,fieldname,fieldtype,mandatory from wsfi2039fields
20240429@094931.1289 vfoufkn7bjk7h41sagp1ehc2s4 Query : select top 1 convert(numeric(6,2),t.taxa) valor from taxasiva t where t.codigo='2'
20240429@094931.1299 vfoufkn7bjk7h41sagp1ehc2s4 Query : select 1 valor from information_schema.tables where table_type='base table' and table_name='wsfi039fields'
20240429@094931.1311 vfoufkn7bjk7h41sagp1ehc2s4 Query : select fieldkey,fieldname,fieldtype,calcformula from wsfi039fields
20240429@094931.1334 vfoufkn7bjk7h41sagp1ehc2s4 Query : insert into wsfi039data (fistamp,ousrdata, ousrhora, usrdata,usrhora,ousrinis,usrinis ,qtt ,ftstamp ,epv,pvmoeda ,tabiva,iva,lordem ,ref, design ,armazem) values ('aut662f526461662f5f1b1f',getdate(),convert(char(8),convert (time,getdate())),getdate(),convert(char(8),convert (time,getdate())),'wsv','wsv',0 ,'aut662f555444662f5f1ac0' ,0,0 ,2,23.00,80000,?,?,?)
20240429@094931.1697 vfoufkn7bjk7h41sagp1ehc2s4 Query : select 1 valor from information_schema.tables where table_type='base table' and table_name='wsfi2039fields'
20240429@094931.2753 vfoufkn7bjk7h41sagp1ehc2s4 Query : select fieldkey,fieldname,fieldtype,calcformula from wsfi2039fields
20240429@094931.2759 vfoufkn7bjk7h41sagp1ehc2s4 Query : insert into wsfi2039data (fi2stamp,ftstamp ,ousrdata, ousrhora, usrdata,usrhora,ousrinis,usrinis) values ('aut662f526461662f5f1b1f','aut662f555444662f5f1ac0' ,getdate(),convert(char(8),convert (time,getdate())),getdate(),convert(char(8),convert (time,getdate())),'wsv','wsv')
20240429@094931.2764 vfoufkn7bjk7h41sagp1ehc2s4 Query : use flama_phc
20240429@094931.2768 vfoufkn7bjk7h41sagp1ehc2s4 Query : select st.usalote valor from st where st.ref = '324.727.00.01'
20240429@094931.2779 vfoufkn7bjk7h41sagp1ehc2s4 Query : select top 1 st.tabiva ,st.ivaincl ,st.stns ,st.uni2 ,st.familia ,isnull(tx.taxa, 0) txiva ,unidade ,usalote ,epcpond ,noserie from st left join taxasiva tx on st.tabiva = tx.codigo where st.ref = '324.727.00.01'
20240429@094931.2792 vfoufkn7bjk7h41sagp1ehc2s4 Query : select 1 valor from information_schema.tables where table_type='base table' and table_name='wsfi039fields'
20240429@094931.2806 vfoufkn7bjk7h41sagp1ehc2s4 Query : select fieldkey,fieldname,fieldtype,mandatory from wsfi039fields
20240429@094931.2832 vfoufkn7bjk7h41sagp1ehc2s4 Query : select 1 valor from information_schema.tables where table_type='base table' and table_name='wsfi2039fields'
20240429@094931.2847 vfoufkn7bjk7h41sagp1ehc2s4 Query : select fieldkey,fieldname,fieldtype,mandatory from wsfi2039fields
20240429@094931.2851 vfoufkn7bjk7h41sagp1ehc2s4 Query : select sestamp valor from se where ref ='324.727.00.01' and lote = 'r2301222100a'
20240429@094931.2861 vfoufkn7bjk7h41sagp1ehc2s4 Query : select top 1 convert(numeric(6,2),t.taxa) valor from taxasiva t where t.codigo='2'
20240429@094931.2872 vfoufkn7bjk7h41sagp1ehc2s4 Query : select 1 valor from information_schema.tables where table_type='base table' and table_name='wsfi039fields'
20240429@094931.2885 vfoufkn7bjk7h41sagp1ehc2s4 Query : select fieldkey,fieldname,fieldtype,calcformula from wsfi039fields
20240429@094931.2910 vfoufkn7bjk7h41sagp1ehc2s4 Query : insert into wsfi039data (fistamp,ousrdata, ousrhora, usrdata,usrhora,ousrinis,usrinis ,qtt ,ftstamp ,epv,pvmoeda ,tabiva,iva,lordem ,ref, design ,lote,armazem,bistamp ) values ('aut662f516827662f5f1b46',getdate(),convert(char(8),convert (time,getdate())),getdate(),convert(char(8),convert (time,getdate())),'wsv','wsv',120.000 ,'aut662f555444662f5f1ac0' ,0,0 ,2,23.00,100000,?,?,?,?,?)
20240429@094931.3163 vfoufkn7bjk7h41sagp1ehc2s4 Query : select 1 valor from information_schema.tables where table_type='base table' and table_name='wsfi2039fields'
20240429@094931.3180 vfoufkn7bjk7h41sagp1ehc2s4 Query : select fieldkey,fieldname,fieldtype,calcformula from wsfi2039fields
20240429@094931.3184 vfoufkn7bjk7h41sagp1ehc2s4 Query : insert into wsfi2039data (fi2stamp,ftstamp ,ousrdata, ousrhora, usrdata,usrhora,ousrinis,usrinis) values ('aut662f516827662f5f1b46','aut662f555444662f5f1ac0' ,getdate(),convert(char(8),convert (time,getdate())),getdate(),convert(char(8),convert (time,getdate())),'wsv','wsv')
20240429@094931.3190 vfoufkn7bjk7h41sagp1ehc2s4 Query : select 1 valor from information_schema.tables where table_type='base table' and table_name='wsfi039fields'
20240429@094931.3205 vfoufkn7bjk7h41sagp1ehc2s4 Query : select fieldkey,fieldname,fieldtype,mandatory from wsfi039fields
20240429@094931.3258 vfoufkn7bjk7h41sagp1ehc2s4 Query : select 1 valor from information_schema.tables where table_type='base table' and table_name='wsfi2039fields'
20240429@094931.3274 vfoufkn7bjk7h41sagp1ehc2s4 Query : select fieldkey,fieldname,fieldtype,mandatory from wsfi2039fields
20240429@094931.3279 vfoufkn7bjk7h41sagp1ehc2s4 Query : select top 1 convert(numeric(6,2),t.taxa) valor from taxasiva t where t.codigo='2'
20240429@094931.3292 vfoufkn7bjk7h41sagp1ehc2s4 Query : select 1 valor from information_schema.tables where table_type='base table' and table_name='wsfi039fields'
20240429@094931.3308 vfoufkn7bjk7h41sagp1ehc2s4 Query : select fieldkey,fieldname,fieldtype,calcformula from wsfi039fields
20240429@094931.3334 vfoufkn7bjk7h41sagp1ehc2s4 Query : insert into wsfi039data (fistamp,ousrdata, ousrhora, usrdata,usrhora,ousrinis,usrinis ,qtt ,ftstamp ,epv,pvmoeda ,tabiva,iva,lordem ,ref, design ,armazem) values ('aut662f504789662f5f1b50',getdate(),convert(char(8),convert (time,getdate())),getdate(),convert(char(8),convert (time,getdate())),'wsv','wsv',0 ,'aut662f555444662f5f1ac0' ,0,0 ,2,23.00,110000,?,?,?)
20240429@094931.3572 vfoufkn7bjk7h41sagp1ehc2s4 Query : select 1 valor from information_schema.tables where table_type='base table' and table_name='wsfi2039fields'
20240429@094931.3589 vfoufkn7bjk7h41sagp1ehc2s4 Query : select fieldkey,fieldname,fieldtype,calcformula from wsfi2039fields
20240429@094931.3594 vfoufkn7bjk7h41sagp1ehc2s4 Query : insert into wsfi2039data (fi2stamp,ftstamp ,ousrdata, ousrhora, usrdata,usrhora,ousrinis,usrinis) values ('aut662f504789662f5f1b50','aut662f555444662f5f1ac0' ,getdate(),convert(char(8),convert (time,getdate())),getdate(),convert(char(8),convert (time,getdate())),'wsv','wsv')
20240429@094931.3598 vfoufkn7bjk7h41sagp1ehc2s4 Query : insert into wsftcreationlog (initialftstamp,externalid,creationstatus,documenttypeid,idustamp) values ('aut662f555444662f5f1ac0','2403033','wait',39,'ari17112337378,753000005')
20240429@094931.3615 vfoufkn7bjk7h41sagp1ehc2s4 Query : use flama_phc
20240429@094931.3618 vfoufkn7bjk7h41sagp1ehc2s4 Query : update u_wsusers set rqsttoken =? where userid ='userls001'
20240429@094931.3630 vfoufkn7bjk7h41sagp1ehc2s4 Query : select concat(rtrim(relative_path),ltrim(name_new)) as valor from uploadfiles where uploadfile_id='1382';
20240429@094931.3650 vfoufkn7bjk7h41sagp1ehc2s4 Query : update uploadfiles set whenupdated=current_timestamp where uploadfile_id='1382';
20240429@094931.3666 vfoufkn7bjk7h41sagp1ehc2s4 Query : select concat(rtrim(relative_path),ltrim(name_new)) as valor from uploadfiles where uploadfile_id='1382';
20240429@094931.3681 vfoufkn7bjk7h41sagp1ehc2s4 Query : update uploadfiles set whenupdated=current_timestamp where uploadfile_id='1382';
20240429@094931.4975 v3pvd7hvufojmdht5pd8m159hn Query : insert into uploadfiles ( name_original, name_new, option_type, relative_path, whencreated ) values ( ?, ?, ?, ?, getdate() )
20240429@094931.4994 v3pvd7hvufojmdht5pd8m159hn Query : select uploadfile_id valor from uploadfiles where name_new = ? and option_type = ? 
20240429@094931.5019 v3pvd7hvufojmdht5pd8m159hn Query : select concat(rtrim(relative_path),ltrim(name_new)) as valor from uploadfiles where uploadfile_id='1383';
20240429@094931.5226 v3pvd7hvufojmdht5pd8m159hn Query : update uploadfiles set whenupdated=current_timestamp where uploadfile_id='1383';
20240429@094931.5285 v3pvd7hvufojmdht5pd8m159hn Query : select concat(rtrim(relative_path),ltrim(name_new)) as valor from uploadfiles where uploadfile_id='1383';
20240429@094931.5306 v3pvd7hvufojmdht5pd8m159hn Query : update uploadfiles set whenupdated=current_timestamp where uploadfile_id='1383';
20240429@094931.5322 v3pvd7hvufojmdht5pd8m159hn Query : use flama_phc
20240429@094931.5325 v3pvd7hvufojmdht5pd8m159hn Query : select top 1 secretkey valor from u_wsusers u where u.userid = ? and u.inactivo=0
20240429@094931.5350 v3pvd7hvufojmdht5pd8m159hn Query : use flama_phc
20240429@094931.5361 v3pvd7hvufojmdht5pd8m159hn Query : select no, estab,szadrsdesc from szadrs where u_coddest=4740
20240429@094931.5407 v3pvd7hvufojmdht5pd8m159hn Query : select top 1 isnull(design,'') valor from st (nolock) left join stobs (nolock) on st.ref = stobs.ref where st.ref = '324.4161.00.1'
20240429@094931.5555 v3pvd7hvufojmdht5pd8m159hn Query : select top 1 bistamp valor from bi inner join bo on bo.bostamp=bi.bostamp where bo.ndos =240 and bo.boano =2030 and bo.obrano = 2403034 and bi.ref ='324.4161.00.1' and bi.lordem =1
20240429@094931.5926 v3pvd7hvufojmdht5pd8m159hn Query : select top 1 isnull(design,'') valor from st (nolock) left join stobs (nolock) on st.ref = stobs.ref where st.ref = '324.4161.00.1'
20240429@094931.5939 v3pvd7hvufojmdht5pd8m159hn Query : select top 1 bistamp valor from bi inner join bo on bo.bostamp=bi.bostamp where bo.ndos =240 and bo.boano =2030 and bo.obrano = 2403034 and bi.ref ='324.4161.00.1' and bi.lordem =1
20240429@094931.5945 v3pvd7hvufojmdht5pd8m159hn Query : use flama_phc
20240429@094931.5949 v3pvd7hvufojmdht5pd8m159hn Query : select top 1 convert(date,fdata) valor from ft where ndoc = 39 and anulado= 0 and fno>0 order by fdata desc
20240429@094931.5962 v3pvd7hvufojmdht5pd8m159hn Query : use flama_phc
20240429@094931.5965 v3pvd7hvufojmdht5pd8m159hn Query : select top 1 1 valor from td where td.ndoc = 39
20240429@094931.5985 v3pvd7hvufojmdht5pd8m159hn Query : use flama_phc
20240429@094931.5988 v3pvd7hvufojmdht5pd8m159hn Query : select descricao ,case when valor='s' then 1 else 0 end usalotes from para1 where descricao in ('st_lote')
20240429@094931.6001 v3pvd7hvufojmdht5pd8m159hn Query : select top 1 assinadoc issigned ,td.lancasl stocks ,'cl' origin ,case when (cmsl between 1 and 50 ) then 1 else 0 end entrada ,case when (cmsl>50 ) then 1 else 0 end saida ,~lotestock validatestock ,tiposaft from td inner join td2 on td.tdstamp=td2.td2stamp where td.ndoc =39
20240429@094931.6017 v3pvd7hvufojmdht5pd8m159hn Query : use flama_phc
20240429@094931.6020 v3pvd7hvufojmdht5pd8m159hn Query : select top 1 ~inactivo valor from cl where no = '100810' and estab = 0 order by inactivo desc
20240429@094931.6032 v3pvd7hvufojmdht5pd8m159hn Query : use flama_phc
20240429@094931.6035 v3pvd7hvufojmdht5pd8m159hn Query : select top 1 tipodoc,regrd from td where ndoc = 39
20240429@094931.6046 v3pvd7hvufojmdht5pd8m159hn Query : use flama_phc
20240429@094931.6049 v3pvd7hvufojmdht5pd8m159hn Query : select szadrsstamp valor from szadrs where szadrsdesc='espaÇotrans,lda'
20240429@094931.6060 v3pvd7hvufojmdht5pd8m159hn Query : use flama_phc
20240429@094931.6063 v3pvd7hvufojmdht5pd8m159hn Query : select szadrsstamp valor from szadrs where szadrsdesc='100810 - worten-equipamentos para o lar,sa.'
20240429@094931.6087 v3pvd7hvufojmdht5pd8m159hn Query : use flama_phc
20240429@094931.6090 v3pvd7hvufojmdht5pd8m159hn Query : select 1 valor from td where ndoc = 39
20240429@094931.6101 v3pvd7hvufojmdht5pd8m159hn Query : select top 1 manternumero, tiposaft, nmdos,td.assinadoc from td where td.ndoc = 39
20240429@094931.6118 v3pvd7hvufojmdht5pd8m159hn Query : select 1 valor from information_schema.tables where table_type='base table' and table_name='wsft039fields'
20240429@094931.6136 v3pvd7hvufojmdht5pd8m159hn Query : select fieldkey,fieldname,fieldtype,mandatory from wsft039fields
20240429@094931.6158 v3pvd7hvufojmdht5pd8m159hn Query : select 1 valor from information_schema.tables where table_type='base table' and table_name='wsft2039fields'
20240429@094931.6172 v3pvd7hvufojmdht5pd8m159hn Query : select fieldkey,fieldname,fieldtype,mandatory from wsft2039fields
20240429@094931.6247 v3pvd7hvufojmdht5pd8m159hn Query : select 1 valor from information_schema.tables where table_type='base table' and table_name='wsft3039fields'
20240429@094931.6260 v3pvd7hvufojmdht5pd8m159hn Query : select fieldkey,fieldname,fieldtype,mandatory from wsft3039fields
20240429@094931.6271 v3pvd7hvufojmdht5pd8m159hn Query : select top 1 ft.fno valor from ft ft where ft.ndoc = 39 and ftano=2024 order by fno desc
20240429@094931.6361 v3pvd7hvufojmdht5pd8m159hn Query : select top 1 ft.fno valor from wsft039data ft where ft.ndoc = 39 and ftano=2024 order by fno desc
20240429@094931.6372 v3pvd7hvufojmdht5pd8m159hn Query : select 1 valor from information_schema.tables where table_type='base table' and table_name='wsft3039fields'
20240429@094931.6385 v3pvd7hvufojmdht5pd8m159hn Query : select fieldkey,fieldname,fieldtype,calcformula from wsft3039fields
20240429@094931.6395 v3pvd7hvufojmdht5pd8m159hn Query : insert into wsft3039data (ft3stamp, ousrdata, ousrhora, usrdata,usrhora,ousrinis,usrinis,taxpointdt ) values ('aut662f550883662f5f1b99' ,getdate(),convert(char(8),convert (time,getdate())),getdate(),convert(char(8),convert (time,getdate())),'wsv','wsv',?)
20240429@094931.6563 v3pvd7hvufojmdht5pd8m159hn Query : select 1 valor from information_schema.tables where table_type='base table' and table_name='wsft2039fields'
20240429@094931.6579 v3pvd7hvufojmdht5pd8m159hn Query : select fieldkey,fieldname,fieldtype,calcformula from wsft2039fields
20240429@094931.6617 v3pvd7hvufojmdht5pd8m159hn Query : select top 1 bo.u_nomeenv valor from bo where bo.bostamp=''
20240429@094931.6623 v3pvd7hvufojmdht5pd8m159hn Query : select top 1 bo.u_moradaen valor from bo where bo.bostamp=''
20240429@094931.6628 v3pvd7hvufojmdht5pd8m159hn Query : select top 1 bo.u_codposen valor from bo where bo.bostamp=''
20240429@094931.6634 v3pvd7hvufojmdht5pd8m159hn Query : select top 1 bo.u_localenv valor from bo where bo.bostamp=''
20240429@094931.6639 v3pvd7hvufojmdht5pd8m159hn Query : select top 1 bo.trab5 valor from bo where bo.bostamp=''
20240429@094931.6660 v3pvd7hvufojmdht5pd8m159hn Query : select top 1 bo.serie valor from bo where bo.bostamp=''
20240429@094931.6665 v3pvd7hvufojmdht5pd8m159hn Query : insert into wsft2039data (ft2stamp, ousrdata,ousrhora, usrdata,usrhora,ousrinis,usrinis,u_nomeenv ,u_moradaen ,u_codposen ,u_localenv ,u_coddest ,u_codby ) values ('aut662f550883662f5f1b99',getdate(),convert(char(8),convert (time,getdate())),getdate(),convert(char(8),convert (time,getdate())),'wsv','wsv',?,?,?,?,?,?)
20240429@094931.6954 v3pvd7hvufojmdht5pd8m159hn Query : select top 1 fno valor from wsft039data order by fno desc
20240429@094931.6975 v3pvd7hvufojmdht5pd8m159hn Query : select 1 valor from information_schema.tables where table_type='base table' and table_name='wsft039fields'
20240429@094931.6990 v3pvd7hvufojmdht5pd8m159hn Query : select fieldkey,fieldname,fieldtype,calcformula from wsft039fields
20240429@094931.7011 v3pvd7hvufojmdht5pd8m159hn Query : insert into wsft039data (ftstamp, ousrdata,ousrhora, usrdata,usrhora,ousrinis,usrinis,fno,no,estab,fdata,ndoc,moeda,cambio,cambiofixo,ftano,cdata,chora,carga,descar,site ,classe ) values ('aut662f550883662f5f1b99',getdate(),convert(char(8),convert (time,getdate())),getdate(),convert(char(8),convert (time,getdate())),'wsv','wsv',1088,100810,0,'2024-04-29',39,'euro',0,0,2024 ,'20240429','1019',?,?,?,?)
20240429@094931.7282 v3pvd7hvufojmdht5pd8m159hn Query : use flama_phc
20240429@094931.7286 v3pvd7hvufojmdht5pd8m159hn Query : select st.usalote valor from st where st.ref = '324.4161.00.1'
20240429@094931.7299 v3pvd7hvufojmdht5pd8m159hn Query : select top 1 st.tabiva ,st.ivaincl ,st.stns ,st.uni2 ,st.familia ,isnull(tx.taxa, 0) txiva ,unidade ,usalote ,epcpond ,noserie from st left join taxasiva tx on st.tabiva = tx.codigo where st.ref = '324.4161.00.1'
