20240509@081750.7916 ir48st97eg8qvvro49ehjq3egc Query : select top 1 bistamp valor from bi inner join bo on bo.bostamp=bi.bostamp where bo.ndos =240 and bo.boano =2032 and bo.obrano = 2403277 and bi.ref ='304.422.00.07' and bi.lordem =2
20240509@081750.7921 ir48st97eg8qvvro49ehjq3egc Query : select top 1 isnull(design,'') valor from st (nolock) left join stobs (nolock) on st.ref = stobs.ref where st.ref = '304.422.00.07'
20240509@081750.7930 ir48st97eg8qvvro49ehjq3egc Query : select top 1 bistamp valor from bi inner join bo on bo.bostamp=bi.bostamp where bo.ndos =240 and bo.boano =2032 and bo.obrano = 2403277 and bi.ref ='304.422.00.07' and bi.lordem =3
20240509@081750.8313 ir48st97eg8qvvro49ehjq3egc Query : select top 1 isnull(design,'') valor from st (nolock) left join stobs (nolock) on st.ref = stobs.ref where st.ref = '304.422.00.07'
20240509@081750.8325 ir48st97eg8qvvro49ehjq3egc Query : select top 1 bistamp valor from bi inner join bo on bo.bostamp=bi.bostamp where bo.ndos =240 and bo.boano =2032 and bo.obrano = 2403277 and bi.ref ='304.422.00.07' and bi.lordem =3
20240509@081750.8331 ir48st97eg8qvvro49ehjq3egc Query : select top 1 isnull(design,'') valor from st (nolock) left join stobs (nolock) on st.ref = stobs.ref where st.ref = '324.4585.00.1'
20240509@081750.8476 ir48st97eg8qvvro49ehjq3egc Query : select top 1 bistamp valor from bi inner join bo on bo.bostamp=bi.bostamp where bo.ndos =240 and bo.boano =2032 and bo.obrano = 2403277 and bi.ref ='324.4585.00.1' and bi.lordem =4
20240509@081750.8787 ir48st97eg8qvvro49ehjq3egc Query : select top 1 isnull(design,'') valor from st (nolock) left join stobs (nolock) on st.ref = stobs.ref where st.ref = '324.4585.00.1'
20240509@081750.8798 ir48st97eg8qvvro49ehjq3egc Query : select top 1 bistamp valor from bi inner join bo on bo.bostamp=bi.bostamp where bo.ndos =240 and bo.boano =2032 and bo.obrano = 2403277 and bi.ref ='324.4585.00.1' and bi.lordem =4
20240509@081750.8803 ir48st97eg8qvvro49ehjq3egc Query : select top 1 isnull(design,'') valor from st (nolock) left join stobs (nolock) on st.ref = stobs.ref where st.ref = '324.4840.00.1'
20240509@081750.8947 ir48st97eg8qvvro49ehjq3egc Query : select top 1 bistamp valor from bi inner join bo on bo.bostamp=bi.bostamp where bo.ndos =240 and bo.boano =2032 and bo.obrano = 2403277 and bi.ref ='324.4840.00.1' and bi.lordem =5
20240509@081750.9275 ir48st97eg8qvvro49ehjq3egc Query : select top 1 isnull(design,'') valor from st (nolock) left join stobs (nolock) on st.ref = stobs.ref where st.ref = '324.4840.00.1'
20240509@081750.9289 ir48st97eg8qvvro49ehjq3egc Query : select top 1 bistamp valor from bi inner join bo on bo.bostamp=bi.bostamp where bo.ndos =240 and bo.boano =2032 and bo.obrano = 2403277 and bi.ref ='324.4840.00.1' and bi.lordem =5
20240509@081750.9295 ir48st97eg8qvvro49ehjq3egc Query : select top 1 isnull(design,'') valor from st (nolock) left join stobs (nolock) on st.ref = stobs.ref where st.ref = '324.2221.00.1'
20240509@081750.9436 ir48st97eg8qvvro49ehjq3egc Query : select top 1 bistamp valor from bi inner join bo on bo.bostamp=bi.bostamp where bo.ndos =240 and bo.boano =2032 and bo.obrano = 2403277 and bi.ref ='324.2221.00.1' and bi.lordem =6
20240509@081750.9756 ir48st97eg8qvvro49ehjq3egc Query : select top 1 isnull(design,'') valor from st (nolock) left join stobs (nolock) on st.ref = stobs.ref where st.ref = '324.2223.00.1'
20240509@081750.9899 ir48st97eg8qvvro49ehjq3egc Query : select top 1 bistamp valor from bi inner join bo on bo.bostamp=bi.bostamp where bo.ndos =240 and bo.boano =2032 and bo.obrano = 2403277 and bi.ref ='324.2223.00.1' and bi.lordem =7
20240509@081751.2000 ir48st97eg8qvvro49ehjq3egc Query : select top 1 isnull(design,'') valor from st (nolock) left join stobs (nolock) on st.ref = stobs.ref where st.ref = '324.2224.00.1'
20240509@081751.3420 ir48st97eg8qvvro49ehjq3egc Query : select top 1 bistamp valor from bi inner join bo on bo.bostamp=bi.bostamp where bo.ndos =240 and bo.boano =2032 and bo.obrano = 2403277 and bi.ref ='324.2224.00.1' and bi.lordem =8
20240509@081751.7290 ir48st97eg8qvvro49ehjq3egc Query : select top 1 isnull(design,'') valor from st (nolock) left join stobs (nolock) on st.ref = stobs.ref where st.ref = '324.1716.00.1'
20240509@081751.8880 ir48st97eg8qvvro49ehjq3egc Query : select top 1 bistamp valor from bi inner join bo on bo.bostamp=bi.bostamp where bo.ndos =240 and bo.boano =2032 and bo.obrano = 2403277 and bi.ref ='324.1716.00.1' and bi.lordem =9
20240509@081751.1209 ir48st97eg8qvvro49ehjq3egc Query : select top 1 isnull(design,'') valor from st (nolock) left join stobs (nolock) on st.ref = stobs.ref where st.ref = '324.4980.00.1'
20240509@081751.1349 ir48st97eg8qvvro49ehjq3egc Query : select top 1 bistamp valor from bi inner join bo on bo.bostamp=bi.bostamp where bo.ndos =240 and bo.boano =2032 and bo.obrano = 2403277 and bi.ref ='324.4980.00.1' and bi.lordem =10
20240509@081751.1814 ir48st97eg8qvvro49ehjq3egc Query : select top 1 isnull(design,'') valor from st (nolock) left join stobs (nolock) on st.ref = stobs.ref where st.ref = '324.4980.00.1'
20240509@081751.1826 ir48st97eg8qvvro49ehjq3egc Query : select top 1 bistamp valor from bi inner join bo on bo.bostamp=bi.bostamp where bo.ndos =240 and bo.boano =2032 and bo.obrano = 2403277 and bi.ref ='324.4980.00.1' and bi.lordem =10
20240509@081751.1830 ir48st97eg8qvvro49ehjq3egc Query : select top 1 isnull(design,'') valor from st (nolock) left join stobs (nolock) on st.ref = stobs.ref where st.ref = '324.4980.00.1'
20240509@081751.1839 ir48st97eg8qvvro49ehjq3egc Query : select top 1 bistamp valor from bi inner join bo on bo.bostamp=bi.bostamp where bo.ndos =240 and bo.boano =2032 and bo.obrano = 2403277 and bi.ref ='324.4980.00.1' and bi.lordem =10
20240509@081751.1844 ir48st97eg8qvvro49ehjq3egc Query : select top 1 isnull(design,'') valor from st (nolock) left join stobs (nolock) on st.ref = stobs.ref where st.ref = '324.4980.00.1'
20240509@081751.1853 ir48st97eg8qvvro49ehjq3egc Query : select top 1 bistamp valor from bi inner join bo on bo.bostamp=bi.bostamp where bo.ndos =240 and bo.boano =2032 and bo.obrano = 2403277 and bi.ref ='324.4980.00.1' and bi.lordem =10
20240509@081751.1858 ir48st97eg8qvvro49ehjq3egc Query : select top 1 isnull(design,'') valor from st (nolock) left join stobs (nolock) on st.ref = stobs.ref where st.ref = '324.4963.00.1'
20240509@081751.2001 ir48st97eg8qvvro49ehjq3egc Query : select top 1 bistamp valor from bi inner join bo on bo.bostamp=bi.bostamp where bo.ndos =240 and bo.boano =2032 and bo.obrano = 2403277 and bi.ref ='324.4963.00.1' and bi.lordem =11
20240509@081751.2314 ir48st97eg8qvvro49ehjq3egc Query : select top 1 isnull(design,'') valor from st (nolock) left join stobs (nolock) on st.ref = stobs.ref where st.ref = '324.969.00.01'
20240509@081751.2460 ir48st97eg8qvvro49ehjq3egc Query : select top 1 bistamp valor from bi inner join bo on bo.bostamp=bi.bostamp where bo.ndos =240 and bo.boano =2032 and bo.obrano = 2403277 and bi.ref ='324.969.00.01' and bi.lordem =12
20240509@081751.2776 ir48st97eg8qvvro49ehjq3egc Query : select top 1 isnull(design,'') valor from st (nolock) left join stobs (nolock) on st.ref = stobs.ref where st.ref = '324.969.00.01'
20240509@081751.2788 ir48st97eg8qvvro49ehjq3egc Query : select top 1 bistamp valor from bi inner join bo on bo.bostamp=bi.bostamp where bo.ndos =240 and bo.boano =2032 and bo.obrano = 2403277 and bi.ref ='324.969.00.01' and bi.lordem =12
20240509@081751.2793 ir48st97eg8qvvro49ehjq3egc Query : select top 1 isnull(design,'') valor from st (nolock) left join stobs (nolock) on st.ref = stobs.ref where st.ref = '324.969.00.01'
20240509@081751.2803 ir48st97eg8qvvro49ehjq3egc Query : select top 1 bistamp valor from bi inner join bo on bo.bostamp=bi.bostamp where bo.ndos =240 and bo.boano =2032 and bo.obrano = 2403277 and bi.ref ='324.969.00.01' and bi.lordem =12
20240509@081751.2809 ir48st97eg8qvvro49ehjq3egc Query : use flama_phc
20240509@081751.2813 ir48st97eg8qvvro49ehjq3egc Query : select top 1 convert(date,fdata) valor from ft where ndoc = 39 and anulado= 0 and fno>0 order by fdata desc
20240509@081751.2826 ir48st97eg8qvvro49ehjq3egc Query : use flama_phc
20240509@081751.2829 ir48st97eg8qvvro49ehjq3egc Query : select top 1 1 valor from td where td.ndoc = 39
20240509@081751.2838 ir48st97eg8qvvro49ehjq3egc Query : use flama_phc
20240509@081751.2841 ir48st97eg8qvvro49ehjq3egc Query : select descricao ,case when valor='s' then 1 else 0 end usalotes from para1 where descricao in ('st_lote')
20240509@081751.2851 ir48st97eg8qvvro49ehjq3egc Query : select top 1 assinadoc issigned ,td.lancasl stocks ,'cl' origin ,case when (cmsl between 1 and 50 ) then 1 else 0 end entrada ,case when (cmsl>50 ) then 1 else 0 end saida ,~lotestock validatestock ,tiposaft from td inner join td2 on td.tdstamp=td2.td2stamp where td.ndoc =39
20240509@081751.2865 ir48st97eg8qvvro49ehjq3egc Query : use flama_phc
20240509@081751.2868 ir48st97eg8qvvro49ehjq3egc Query : select top 1 ~inactivo valor from cl where no = '199510' and estab = 0 order by inactivo desc
20240509@081751.2972 ir48st97eg8qvvro49ehjq3egc Query : use flama_phc
20240509@081751.2975 ir48st97eg8qvvro49ehjq3egc Query : select top 1 tipodoc,regrd from td where ndoc = 39
20240509@081751.2985 ir48st97eg8qvvro49ehjq3egc Query : use flama_phc
20240509@081751.2988 ir48st97eg8qvvro49ehjq3egc Query : select szadrsstamp valor from szadrs where szadrsdesc='espaÇotrans,lda'
20240509@081751.2998 ir48st97eg8qvvro49ehjq3egc Query : use flama_phc
20240509@081751.3001 ir48st97eg8qvvro49ehjq3egc Query : select szadrsstamp valor from szadrs where szadrsdesc='199510 - cdnogueira regedoura'
20240509@081751.3013 ir48st97eg8qvvro49ehjq3egc Query : use flama_phc
20240509@081751.3016 ir48st97eg8qvvro49ehjq3egc Query : select 1 valor from td where ndoc = 39
20240509@081751.3028 ir48st97eg8qvvro49ehjq3egc Query : select top 1 manternumero, tiposaft, nmdos,td.assinadoc from td where td.ndoc = 39
20240509@081751.3038 ir48st97eg8qvvro49ehjq3egc Query : select 1 valor from information_schema.tables where table_type='base table' and table_name='wsft039fields'
20240509@081751.3052 ir48st97eg8qvvro49ehjq3egc Query : select fieldkey,fieldname,fieldtype,mandatory from wsft039fields
20240509@081751.3069 ir48st97eg8qvvro49ehjq3egc Query : select 1 valor from information_schema.tables where table_type='base table' and table_name='wsft2039fields'
20240509@081751.3082 ir48st97eg8qvvro49ehjq3egc Query : select fieldkey,fieldname,fieldtype,mandatory from wsft2039fields
20240509@081751.3106 ir48st97eg8qvvro49ehjq3egc Query : select 1 valor from information_schema.tables where table_type='base table' and table_name='wsft3039fields'
20240509@081751.3119 ir48st97eg8qvvro49ehjq3egc Query : select fieldkey,fieldname,fieldtype,mandatory from wsft3039fields
20240509@081751.3129 ir48st97eg8qvvro49ehjq3egc Query : select top 1 ft.fno valor from ft ft where ft.ndoc = 39 and ftano=2024 order by fno desc
20240509@081751.3206 ir48st97eg8qvvro49ehjq3egc Query : select top 1 ft.fno valor from wsft039data ft where ft.ndoc = 39 and ftano=2024 order by fno desc
20240509@081751.3215 ir48st97eg8qvvro49ehjq3egc Query : select 1 valor from information_schema.tables where table_type='base table' and table_name='wsft3039fields'
20240509@081751.3229 ir48st97eg8qvvro49ehjq3egc Query : select fieldkey,fieldname,fieldtype,calcformula from wsft3039fields
20240509@081751.3239 ir48st97eg8qvvro49ehjq3egc Query : insert into wsft3039data (ft3stamp, ousrdata, ousrhora, usrdata,usrhora,ousrinis,usrinis,taxpointdt ) values ('aut663c749205663c789f4c' ,getdate(),convert(char(8),convert (time,getdate())),getdate(),convert(char(8),convert (time,getdate())),'wsv','wsv',?)
20240509@081751.3380 ir48st97eg8qvvro49ehjq3egc Query : select 1 valor from information_schema.tables where table_type='base table' and table_name='wsft2039fields'
20240509@081751.3396 ir48st97eg8qvvro49ehjq3egc Query : select fieldkey,fieldname,fieldtype,calcformula from wsft2039fields
20240509@081751.3426 ir48st97eg8qvvro49ehjq3egc Query : select top 1 bo.u_nomeenv valor from bo where bo.bostamp=''
20240509@081751.3431 ir48st97eg8qvvro49ehjq3egc Query : select top 1 bo.u_moradaen valor from bo where bo.bostamp=''
20240509@081751.3436 ir48st97eg8qvvro49ehjq3egc Query : select top 1 bo.u_codposen valor from bo where bo.bostamp=''
20240509@081751.3442 ir48st97eg8qvvro49ehjq3egc Query : select top 1 bo.u_localenv valor from bo where bo.bostamp=''
20240509@081751.3452 ir48st97eg8qvvro49ehjq3egc Query : select top 1 bo.trab5 valor from bo where bo.bostamp=''
20240509@081751.3457 ir48st97eg8qvvro49ehjq3egc Query : select top 1 bo.serie valor from bo where bo.bostamp=''
20240509@081751.3462 ir48st97eg8qvvro49ehjq3egc Query : insert into wsft2039data (ft2stamp, ousrdata,ousrhora, usrdata,usrhora,ousrinis,usrinis,u_nomeenv ,u_moradaen ,u_codposen ,u_localenv ,u_coddest ,u_codby ) values ('aut663c749205663c789f4c',getdate(),convert(char(8),convert (time,getdate())),getdate(),convert(char(8),convert (time,getdate())),'wsv','wsv',?,?,?,?,?,?)
20240509@081751.3675 ir48st97eg8qvvro49ehjq3egc Query : select top 1 fno valor from wsft039data order by fno desc
20240509@081751.3694 ir48st97eg8qvvro49ehjq3egc Query : select 1 valor from information_schema.tables where table_type='base table' and table_name='wsft039fields'
20240509@081751.3708 ir48st97eg8qvvro49ehjq3egc Query : select fieldkey,fieldname,fieldtype,calcformula from wsft039fields
20240509@081751.3726 ir48st97eg8qvvro49ehjq3egc Query : insert into wsft039data (ftstamp, ousrdata,ousrhora, usrdata,usrhora,ousrinis,usrinis,fno,no,estab,fdata,ndoc,moeda,cambio,cambiofixo,ftano,cdata,chora,carga,descar,site ,classe ) values ('aut663c749205663c789f4c',getdate(),convert(char(8),convert (time,getdate())),getdate(),convert(char(8),convert (time,getdate())),'wsv','wsv',1251,199510,0,'2024-05-09',39,'euro',0,0,2024 ,'20240509','0847',?,?,?,?)
20240509@081751.3964 ir48st97eg8qvvro49ehjq3egc Query : use flama_phc
20240509@081751.3968 ir48st97eg8qvvro49ehjq3egc Query : select st.usalote valor from st where st.ref = '324.1417.00.1'
20240509@081751.3980 ir48st97eg8qvvro49ehjq3egc Query : select top 1 st.tabiva ,st.ivaincl ,st.stns ,st.uni2 ,st.familia ,isnull(tx.taxa, 0) txiva ,unidade ,usalote ,epcpond ,noserie from st left join taxasiva tx on st.tabiva = tx.codigo where st.ref = '324.1417.00.1'
20240509@081751.4127 ir48st97eg8qvvro49ehjq3egc Query : select 1 valor from information_schema.tables where table_type='base table' and table_name='wsfi039fields'
20240509@081751.4140 ir48st97eg8qvvro49ehjq3egc Query : select fieldkey,fieldname,fieldtype,mandatory from wsfi039fields
20240509@081751.4163 ir48st97eg8qvvro49ehjq3egc Query : select 1 valor from information_schema.tables where table_type='base table' and table_name='wsfi2039fields'
20240509@081751.4176 ir48st97eg8qvvro49ehjq3egc Query : select fieldkey,fieldname,fieldtype,mandatory from wsfi2039fields
20240509@081751.4180 ir48st97eg8qvvro49ehjq3egc Query : select sestamp valor from se where ref ='324.1417.00.1' and lote = 'r2101088200a'
20240509@081751.4199 ir48st97eg8qvvro49ehjq3egc Query : select top 1 convert(numeric(6,2),t.taxa) valor from taxasiva t where t.codigo='2'
20240509@081751.4209 ir48st97eg8qvvro49ehjq3egc Query : select 1 valor from information_schema.tables where table_type='base table' and table_name='wsfi039fields'
20240509@081751.4222 ir48st97eg8qvvro49ehjq3egc Query : select fieldkey,fieldname,fieldtype,calcformula from wsfi039fields
20240509@081751.4260 ir48st97eg8qvvro49ehjq3egc Query : insert into wsfi039data (fistamp,ousrdata, ousrhora, usrdata,usrhora,ousrinis,usrinis ,qtt ,ftstamp ,epv,pvmoeda ,tabiva,iva,lordem ,ref, design ,lote,armazem,bistamp ) values ('aut663c788856663c789f66',getdate(),convert(char(8),convert (time,getdate())),getdate(),convert(char(8),convert (time,getdate())),'wsv','wsv',16.000 ,'aut663c749205663c789f4c' ,0,0 ,2,23.00,10000,?,?,?,?,?)
20240509@081751.4474 ir48st97eg8qvvro49ehjq3egc Query : select 1 valor from information_schema.tables where table_type='base table' and table_name='wsfi2039fields'
20240509@081751.4489 ir48st97eg8qvvro49ehjq3egc Query : select fieldkey,fieldname,fieldtype,calcformula from wsfi2039fields
20240509@081751.4494 ir48st97eg8qvvro49ehjq3egc Query : insert into wsfi2039data (fi2stamp,ftstamp ,ousrdata, ousrhora, usrdata,usrhora,ousrinis,usrinis) values ('aut663c788856663c789f66','aut663c749205663c789f4c' ,getdate(),convert(char(8),convert (time,getdate())),getdate(),convert(char(8),convert (time,getdate())),'wsv','wsv')
20240509@081751.4498 ir48st97eg8qvvro49ehjq3egc Query : select 1 valor from information_schema.tables where table_type='base table' and table_name='wsfi039fields'
20240509@081751.4514 ir48st97eg8qvvro49ehjq3egc Query : select fieldkey,fieldname,fieldtype,mandatory from wsfi039fields
20240509@081751.4537 ir48st97eg8qvvro49ehjq3egc Query : select 1 valor from information_schema.tables where table_type='base table' and table_name='wsfi2039fields'
20240509@081751.4548 ir48st97eg8qvvro49ehjq3egc Query : select fieldkey,fieldname,fieldtype,mandatory from wsfi2039fields
20240509@081751.4552 ir48st97eg8qvvro49ehjq3egc Query : select top 1 convert(numeric(6,2),t.taxa) valor from taxasiva t where t.codigo='2'
20240509@081751.4561 ir48st97eg8qvvro49ehjq3egc Query : select 1 valor from information_schema.tables where table_type='base table' and table_name='wsfi039fields'
20240509@081751.4572 ir48st97eg8qvvro49ehjq3egc Query : select fieldkey,fieldname,fieldtype,calcformula from wsfi039fields
20240509@081751.4593 ir48st97eg8qvvro49ehjq3egc Query : insert into wsfi039data (fistamp,ousrdata, ousrhora, usrdata,usrhora,ousrinis,usrinis ,qtt ,ftstamp ,epv,pvmoeda ,tabiva,iva,lordem ,ref, design ,armazem) values ('aut663c723871663c789f6f',getdate(),convert(char(8),convert (time,getdate())),getdate(),convert(char(8),convert (time,getdate())),'wsv','wsv',0 ,'aut663c749205663c789f4c' ,0,0 ,2,23.00,20000,?,?,?)
20240509@081751.4808 ir48st97eg8qvvro49ehjq3egc Query : select 1 valor from information_schema.tables where table_type='base table' and table_name='wsfi2039fields'
20240509@081751.4823 ir48st97eg8qvvro49ehjq3egc Query : select fieldkey,fieldname,fieldtype,calcformula from wsfi2039fields
20240509@081751.4828 ir48st97eg8qvvro49ehjq3egc Query : insert into wsfi2039data (fi2stamp,ftstamp ,ousrdata, ousrhora, usrdata,usrhora,ousrinis,usrinis) values ('aut663c723871663c789f6f','aut663c749205663c789f4c' ,getdate(),convert(char(8),convert (time,getdate())),getdate(),convert(char(8),convert (time,getdate())),'wsv','wsv')
20240509@081751.4832 ir48st97eg8qvvro49ehjq3egc Query : use flama_phc
20240509@081751.4835 ir48st97eg8qvvro49ehjq3egc Query : select st.usalote valor from st where st.ref = '324.1417.00.1'
20240509@081751.4846 ir48st97eg8qvvro49ehjq3egc Query : select top 1 st.tabiva ,st.ivaincl ,st.stns ,st.uni2 ,st.familia ,isnull(tx.taxa, 0) txiva ,unidade ,usalote ,epcpond ,noserie from st left join taxasiva tx on st.tabiva = tx.codigo where st.ref = '324.1417.00.1'
20240509@081751.4858 ir48st97eg8qvvro49ehjq3egc Query : select 1 valor from information_schema.tables where table_type='base table' and table_name='wsfi039fields'
20240509@081751.4872 ir48st97eg8qvvro49ehjq3egc Query : select fieldkey,fieldname,fieldtype,mandatory from wsfi039fields
20240509@081751.4900 ir48st97eg8qvvro49ehjq3egc Query : select 1 valor from information_schema.tables where table_type='base table' and table_name='wsfi2039fields'
20240509@081751.4912 ir48st97eg8qvvro49ehjq3egc Query : select fieldkey,fieldname,fieldtype,mandatory from wsfi2039fields
20240509@081751.4916 ir48st97eg8qvvro49ehjq3egc Query : select sestamp valor from se where ref ='324.1417.00.1' and lote = 'r2101088200a'
20240509@081751.4925 ir48st97eg8qvvro49ehjq3egc Query : select top 1 convert(numeric(6,2),t.taxa) valor from taxasiva t where t.codigo='2'
20240509@081751.4935 ir48st97eg8qvvro49ehjq3egc Query : select 1 valor from information_schema.tables where table_type='base table' and table_name='wsfi039fields'
20240509@081751.4953 ir48st97eg8qvvro49ehjq3egc Query : select fieldkey,fieldname,fieldtype,calcformula from wsfi039fields
20240509@081751.4982 ir48st97eg8qvvro49ehjq3egc Query : insert into wsfi039data (fistamp,ousrdata, ousrhora, usrdata,usrhora,ousrinis,usrinis ,qtt ,ftstamp ,epv,pvmoeda ,tabiva,iva,lordem ,ref, design ,lote,armazem,bistamp ) values ('aut663c731888663c789f78',getdate(),convert(char(8),convert (time,getdate())),getdate(),convert(char(8),convert (time,getdate())),'wsv','wsv',24.000 ,'aut663c749205663c789f4c' ,0,0 ,2,23.00,40000,?,?,?,?,?)
20240509@081751.5199 ir48st97eg8qvvro49ehjq3egc Query : select 1 valor from information_schema.tables where table_type='base table' and table_name='wsfi2039fields'
20240509@081751.5214 ir48st97eg8qvvro49ehjq3egc Query : select fieldkey,fieldname,fieldtype,calcformula from wsfi2039fields
20240509@081751.5219 ir48st97eg8qvvro49ehjq3egc Query : insert into wsfi2039data (fi2stamp,ftstamp ,ousrdata, ousrhora, usrdata,usrhora,ousrinis,usrinis) values ('aut663c731888663c789f78','aut663c749205663c789f4c' ,getdate(),convert(char(8),convert (time,getdate())),getdate(),convert(char(8),convert (time,getdate())),'wsv','wsv')
20240509@081751.5224 ir48st97eg8qvvro49ehjq3egc Query : select 1 valor from information_schema.tables where table_type='base table' and table_name='wsfi039fields'
20240509@081751.5237 ir48st97eg8qvvro49ehjq3egc Query : select fieldkey,fieldname,fieldtype,mandatory from wsfi039fields
20240509@081751.5260 ir48st97eg8qvvro49ehjq3egc Query : select 1 valor from information_schema.tables where table_type='base table' and table_name='wsfi2039fields'
20240509@081751.5272 ir48st97eg8qvvro49ehjq3egc Query : select fieldkey,fieldname,fieldtype,mandatory from wsfi2039fields
20240509@081751.5277 ir48st97eg8qvvro49ehjq3egc Query : select top 1 convert(numeric(6,2),t.taxa) valor from taxasiva t where t.codigo='2'
20240509@081751.5288 ir48st97eg8qvvro49ehjq3egc Query : select 1 valor from information_schema.tables where table_type='base table' and table_name='wsfi039fields'
20240509@081751.5302 ir48st97eg8qvvro49ehjq3egc Query : select fieldkey,fieldname,fieldtype,calcformula from wsfi039fields
20240509@081751.5330 ir48st97eg8qvvro49ehjq3egc Query : insert into wsfi039data (fistamp,ousrdata, ousrhora, usrdata,usrhora,ousrinis,usrinis ,qtt ,ftstamp ,epv,pvmoeda ,tabiva,iva,lordem ,ref, design ,armazem) values ('aut663c785292663c789f81',getdate(),convert(char(8),convert (time,getdate())),getdate(),convert(char(8),convert (time,getdate())),'wsv','wsv',0 ,'aut663c749205663c789f4c' ,0,0 ,2,23.00,50000,?,?,?)
20240509@081751.5547 ir48st97eg8qvvro49ehjq3egc Query : select 1 valor from information_schema.tables where table_type='base table' and table_name='wsfi2039fields'
20240509@081751.5563 ir48st97eg8qvvro49ehjq3egc Query : select fieldkey,fieldname,fieldtype,calcformula from wsfi2039fields
20240509@081751.5568 ir48st97eg8qvvro49ehjq3egc Query : insert into wsfi2039data (fi2stamp,ftstamp ,ousrdata, ousrhora, usrdata,usrhora,ousrinis,usrinis) values ('aut663c785292663c789f81','aut663c749205663c789f4c' ,getdate(),convert(char(8),convert (time,getdate())),getdate(),convert(char(8),convert (time,getdate())),'wsv','wsv')
20240509@081751.5573 ir48st97eg8qvvro49ehjq3egc Query : use flama_phc
20240509@081751.5576 ir48st97eg8qvvro49ehjq3egc Query : select st.usalote valor from st where st.ref = '304.422.00.07'
20240509@081751.5587 ir48st97eg8qvvro49ehjq3egc Query : select top 1 st.tabiva ,st.ivaincl ,st.stns ,st.uni2 ,st.familia ,isnull(tx.taxa, 0) txiva ,unidade ,usalote ,epcpond ,noserie from st left join taxasiva tx on st.tabiva = tx.codigo where st.ref = '304.422.00.07'
20240509@081751.5733 ir48st97eg8qvvro49ehjq3egc Query : select 1 valor from information_schema.tables where table_type='base table' and table_name='wsfi039fields'
20240509@081751.5746 ir48st97eg8qvvro49ehjq3egc Query : select fieldkey,fieldname,fieldtype,mandatory from wsfi039fields
20240509@081751.5768 ir48st97eg8qvvro49ehjq3egc Query : select 1 valor from information_schema.tables where table_type='base table' and table_name='wsfi2039fields'
20240509@081751.5780 ir48st97eg8qvvro49ehjq3egc Query : select fieldkey,fieldname,fieldtype,mandatory from wsfi2039fields
20240509@081751.5784 ir48st97eg8qvvro49ehjq3egc Query : select sestamp valor from se where ref ='304.422.00.07' and lote = '240338'
20240509@081751.5802 ir48st97eg8qvvro49ehjq3egc Query : select top 1 convert(numeric(6,2),t.taxa) valor from taxasiva t where t.codigo='2'
20240509@081751.5811 ir48st97eg8qvvro49ehjq3egc Query : select 1 valor from information_schema.tables where table_type='base table' and table_name='wsfi039fields'
20240509@081751.5823 ir48st97eg8qvvro49ehjq3egc Query : select fieldkey,fieldname,fieldtype,calcformula from wsfi039fields
20240509@081751.5844 ir48st97eg8qvvro49ehjq3egc Query : insert into wsfi039data (fistamp,ousrdata, ousrhora, usrdata,usrhora,ousrinis,usrinis ,qtt ,ftstamp ,epv,pvmoeda ,tabiva,iva,lordem ,ref, design ,lote,armazem,bistamp ) values ('aut663c743478663c789f8d',getdate(),convert(char(8),convert (time,getdate())),getdate(),convert(char(8),convert (time,getdate())),'wsv','wsv',68.000 ,'aut663c749205663c789f4c' ,0,0 ,2,23.00,70000,?,?,?,?,?)
20240509@081751.6066 ir48st97eg8qvvro49ehjq3egc Query : select 1 valor from information_schema.tables where table_type='base table' and table_name='wsfi2039fields'
20240509@081751.6082 ir48st97eg8qvvro49ehjq3egc Query : select fieldkey,fieldname,fieldtype,calcformula from wsfi2039fields
20240509@081751.6086 ir48st97eg8qvvro49ehjq3egc Query : insert into wsfi2039data (fi2stamp,ftstamp ,ousrdata, ousrhora, usrdata,usrhora,ousrinis,usrinis) values ('aut663c743478663c789f8d','aut663c749205663c789f4c' ,getdate(),convert(char(8),convert (time,getdate())),getdate(),convert(char(8),convert (time,getdate())),'wsv','wsv')
20240509@081751.6098 ir48st97eg8qvvro49ehjq3egc Query : use flama_phc
20240509@081751.6101 ir48st97eg8qvvro49ehjq3egc Query : select st.usalote valor from st where st.ref = '304.422.00.07'
20240509@081751.6111 ir48st97eg8qvvro49ehjq3egc Query : select top 1 st.tabiva ,st.ivaincl ,st.stns ,st.uni2 ,st.familia ,isnull(tx.taxa, 0) txiva ,unidade ,usalote ,epcpond ,noserie from st left join taxasiva tx on st.tabiva = tx.codigo where st.ref = '304.422.00.07'
20240509@081751.6122 ir48st97eg8qvvro49ehjq3egc Query : select 1 valor from information_schema.tables where table_type='base table' and table_name='wsfi039fields'
20240509@081751.6135 ir48st97eg8qvvro49ehjq3egc Query : select fieldkey,fieldname,fieldtype,mandatory from wsfi039fields
20240509@081751.6223 ir48st97eg8qvvro49ehjq3egc Query : select 1 valor from information_schema.tables where table_type='base table' and table_name='wsfi2039fields'
20240509@081751.6238 ir48st97eg8qvvro49ehjq3egc Query : select fieldkey,fieldname,fieldtype,mandatory from wsfi2039fields
20240509@081751.6242 ir48st97eg8qvvro49ehjq3egc Query : select sestamp valor from se where ref ='304.422.00.07' and lote = '230738'
20240509@081751.6264 ir48st97eg8qvvro49ehjq3egc Query : select top 1 convert(numeric(6,2),t.taxa) valor from taxasiva t where t.codigo='2'
20240509@081751.6331 ir48st97eg8qvvro49ehjq3egc Query : select 1 valor from information_schema.tables where table_type='base table' and table_name='wsfi039fields'
20240509@081751.6545 ir48st97eg8qvvro49ehjq3egc Query : select fieldkey,fieldname,fieldtype,calcformula from wsfi039fields
20240509@081751.6568 ir48st97eg8qvvro49ehjq3egc Query : insert into wsfi039data (fistamp,ousrdata, ousrhora, usrdata,usrhora,ousrinis,usrinis ,qtt ,ftstamp ,epv,pvmoeda ,tabiva,iva,lordem ,ref, design ,lote,armazem,bistamp ) values ('aut663c793356663c789f9a',getdate(),convert(char(8),convert (time,getdate())),getdate(),convert(char(8),convert (time,getdate())),'wsv','wsv',4.000 ,'aut663c749205663c789f4c' ,0,0 ,2,23.00,80000,?,?,?,?,?)
20240509@081751.6795 ir48st97eg8qvvro49ehjq3egc Query : select 1 valor from information_schema.tables where table_type='base table' and table_name='wsfi2039fields'
20240509@081751.6811 ir48st97eg8qvvro49ehjq3egc Query : select fieldkey,fieldname,fieldtype,calcformula from wsfi2039fields
20240509@081751.6815 ir48st97eg8qvvro49ehjq3egc Query : insert into wsfi2039data (fi2stamp,ftstamp ,ousrdata, ousrhora, usrdata,usrhora,ousrinis,usrinis) values ('aut663c793356663c789f9a','aut663c749205663c789f4c' ,getdate(),convert(char(8),convert (time,getdate())),getdate(),convert(char(8),convert (time,getdate())),'wsv','wsv')
20240509@081751.6820 ir48st97eg8qvvro49ehjq3egc Query : use flama_phc
20240509@081751.6823 ir48st97eg8qvvro49ehjq3egc Query : select st.usalote valor from st where st.ref = '304.422.00.07'
20240509@081751.6834 ir48st97eg8qvvro49ehjq3egc Query : select top 1 st.tabiva ,st.ivaincl ,st.stns ,st.uni2 ,st.familia ,isnull(tx.taxa, 0) txiva ,unidade ,usalote ,epcpond ,noserie from st left join taxasiva tx on st.tabiva = tx.codigo where st.ref = '304.422.00.07'
20240509@081751.6846 ir48st97eg8qvvro49ehjq3egc Query : select 1 valor from information_schema.tables where table_type='base table' and table_name='wsfi039fields'
20240509@081751.6858 ir48st97eg8qvvro49ehjq3egc Query : select fieldkey,fieldname,fieldtype,mandatory from wsfi039fields
20240509@081751.6910 ir48st97eg8qvvro49ehjq3egc Query : select 1 valor from information_schema.tables where table_type='base table' and table_name='wsfi2039fields'
20240509@081751.6924 ir48st97eg8qvvro49ehjq3egc Query : select fieldkey,fieldname,fieldtype,mandatory from wsfi2039fields
20240509@081751.6928 ir48st97eg8qvvro49ehjq3egc Query : select sestamp valor from se where ref ='304.422.00.07' and lote = '240338'
20240509@081751.6938 ir48st97eg8qvvro49ehjq3egc Query : select top 1 convert(numeric(6,2),t.taxa) valor from taxasiva t where t.codigo='2'
20240509@081751.6969 ir48st97eg8qvvro49ehjq3egc Query : select 1 valor from information_schema.tables where table_type='base table' and table_name='wsfi039fields'
20240509@081751.6983 ir48st97eg8qvvro49ehjq3egc Query : select fieldkey,fieldname,fieldtype,calcformula from wsfi039fields
20240509@081751.7011 ir48st97eg8qvvro49ehjq3egc Query : insert into wsfi039data (fistamp,ousrdata, ousrhora, usrdata,usrhora,ousrinis,usrinis ,qtt ,ftstamp ,epv,pvmoeda ,tabiva,iva,lordem ,ref, design ,lote,armazem,bistamp ) values ('aut663c761675663c789faa',getdate(),convert(char(8),convert (time,getdate())),getdate(),convert(char(8),convert (time,getdate())),'wsv','wsv',108.000 ,'aut663c749205663c789f4c' ,0,0 ,2,23.00,90000,?,?,?,?,?)
20240509@081751.7239 ir48st97eg8qvvro49ehjq3egc Query : select 1 valor from information_schema.tables where table_type='base table' and table_name='wsfi2039fields'
20240509@081751.7255 ir48st97eg8qvvro49ehjq3egc Query : select fieldkey,fieldname,fieldtype,calcformula from wsfi2039fields
20240509@081751.7259 ir48st97eg8qvvro49ehjq3egc Query : insert into wsfi2039data (fi2stamp,ftstamp ,ousrdata, ousrhora, usrdata,usrhora,ousrinis,usrinis) values ('aut663c761675663c789faa','aut663c749205663c789f4c' ,getdate(),convert(char(8),convert (time,getdate())),getdate(),convert(char(8),convert (time,getdate())),'wsv','wsv')
20240509@081751.7264 ir48st97eg8qvvro49ehjq3egc Query : use flama_phc
20240509@081751.7268 ir48st97eg8qvvro49ehjq3egc Query : select st.usalote valor from st where st.ref = '304.422.00.07'
20240509@081751.7278 ir48st97eg8qvvro49ehjq3egc Query : select top 1 st.tabiva ,st.ivaincl ,st.stns ,st.uni2 ,st.familia ,isnull(tx.taxa, 0) txiva ,unidade ,usalote ,epcpond ,noserie from st left join taxasiva tx on st.tabiva = tx.codigo where st.ref = '304.422.00.07'
20240509@081751.7289 ir48st97eg8qvvro49ehjq3egc Query : select 1 valor from information_schema.tables where table_type='base table' and table_name='wsfi039fields'
20240509@081751.7301 ir48st97eg8qvvro49ehjq3egc Query : select fieldkey,fieldname,fieldtype,mandatory from wsfi039fields
20240509@081751.7395 ir48st97eg8qvvro49ehjq3egc Query : select 1 valor from information_schema.tables where table_type='base table' and table_name='wsfi2039fields'
20240509@081751.7410 ir48st97eg8qvvro49ehjq3egc Query : select fieldkey,fieldname,fieldtype,mandatory from wsfi2039fields
20240509@081751.7414 ir48st97eg8qvvro49ehjq3egc Query : select sestamp valor from se where ref ='304.422.00.07' and lote = '240338'
20240509@081751.7424 ir48st97eg8qvvro49ehjq3egc Query : select top 1 convert(numeric(6,2),t.taxa) valor from taxasiva t where t.codigo='2'
20240509@081751.7434 ir48st97eg8qvvro49ehjq3egc Query : select 1 valor from information_schema.tables where table_type='base table' and table_name='wsfi039fields'
20240509@081751.7447 ir48st97eg8qvvro49ehjq3egc Query : select fieldkey,fieldname,fieldtype,calcformula from wsfi039fields
20240509@081751.7470 ir48st97eg8qvvro49ehjq3egc Query : insert into wsfi039data (fistamp,ousrdata, ousrhora, usrdata,usrhora,ousrinis,usrinis ,qtt ,ftstamp ,epv,pvmoeda ,tabiva,iva,lordem ,ref, design ,lote,armazem,bistamp ) values ('aut663c717065663c789fb5',getdate(),convert(char(8),convert (time,getdate())),getdate(),convert(char(8),convert (time,getdate())),'wsv','wsv',120.000 ,'aut663c749205663c789f4c' ,0,0 ,2,23.00,100000,?,?,?,?,?)
20240509@081751.7731 ir48st97eg8qvvro49ehjq3egc Query : select 1 valor from information_schema.tables where table_type='base table' and table_name='wsfi2039fields'
20240509@081751.7748 ir48st97eg8qvvro49ehjq3egc Query : select fieldkey,fieldname,fieldtype,calcformula from wsfi2039fields
20240509@081751.7753 ir48st97eg8qvvro49ehjq3egc Query : insert into wsfi2039data (fi2stamp,ftstamp ,ousrdata, ousrhora, usrdata,usrhora,ousrinis,usrinis) values ('aut663c717065663c789fb5','aut663c749205663c789f4c' ,getdate(),convert(char(8),convert (time,getdate())),getdate(),convert(char(8),convert (time,getdate())),'wsv','wsv')
20240509@081751.7758 ir48st97eg8qvvro49ehjq3egc Query : use flama_phc
20240509@081751.7762 ir48st97eg8qvvro49ehjq3egc Query : select st.usalote valor from st where st.ref = '324.4585.00.1'
20240509@081751.7787 ir48st97eg8qvvro49ehjq3egc Query : select top 1 st.tabiva ,st.ivaincl ,st.stns ,st.uni2 ,st.familia ,isnull(tx.taxa, 0) txiva ,unidade ,usalote ,epcpond ,noserie from st left join taxasiva tx on st.tabiva = tx.codigo where st.ref = '324.4585.00.1'
20240509@081751.8133 ir48st97eg8qvvro49ehjq3egc Query : select 1 valor from information_schema.tables where table_type='base table' and table_name='wsfi039fields'
20240509@081751.8154 ir48st97eg8qvvro49ehjq3egc Query : select fieldkey,fieldname,fieldtype,mandatory from wsfi039fields
20240509@081751.8190 ir48st97eg8qvvro49ehjq3egc Query : select 1 valor from information_schema.tables where table_type='base table' and table_name='wsfi2039fields'
20240509@081751.8211 ir48st97eg8qvvro49ehjq3egc Query : select fieldkey,fieldname,fieldtype,mandatory from wsfi2039fields
20240509@081751.8216 ir48st97eg8qvvro49ehjq3egc Query : select sestamp valor from se where ref ='324.4585.00.1' and lote = 'r2300381200a'
20240509@081751.8234 ir48st97eg8qvvro49ehjq3egc Query : select top 1 convert(numeric(6,2),t.taxa) valor from taxasiva t where t.codigo='2'
20240509@081751.8252 ir48st97eg8qvvro49ehjq3egc Query : select 1 valor from information_schema.tables where table_type='base table' and table_name='wsfi039fields'
20240509@081751.8268 ir48st97eg8qvvro49ehjq3egc Query : select fieldkey,fieldname,fieldtype,calcformula from wsfi039fields
20240509@081751.8322 ir48st97eg8qvvro49ehjq3egc Query : insert into wsfi039data (fistamp,ousrdata, ousrhora, usrdata,usrhora,ousrinis,usrinis ,qtt ,ftstamp ,epv,pvmoeda ,tabiva,iva,lordem ,ref, design ,lote,armazem,bistamp ) values ('aut663c703399663c789fc9',getdate(),convert(char(8),convert (time,getdate())),getdate(),convert(char(8),convert (time,getdate())),'wsv','wsv',1.000 ,'aut663c749205663c789f4c' ,0,0 ,2,23.00,110000,?,?,?,?,?)
20240509@081751.8584 ir48st97eg8qvvro49ehjq3egc Query : select 1 valor from information_schema.tables where table_type='base table' and table_name='wsfi2039fields'
20240509@081751.8602 ir48st97eg8qvvro49ehjq3egc Query : select fieldkey,fieldname,fieldtype,calcformula from wsfi2039fields
20240509@081751.8607 ir48st97eg8qvvro49ehjq3egc Query : insert into wsfi2039data (fi2stamp,ftstamp ,ousrdata, ousrhora, usrdata,usrhora,ousrinis,usrinis) values ('aut663c703399663c789fc9','aut663c749205663c789f4c' ,getdate(),convert(char(8),convert (time,getdate())),getdate(),convert(char(8),convert (time,getdate())),'wsv','wsv')
20240509@081751.8643 ir48st97eg8qvvro49ehjq3egc Query : use flama_phc
20240509@081751.8649 ir48st97eg8qvvro49ehjq3egc Query : select st.usalote valor from st where st.ref = '324.4585.00.1'
20240509@081751.8662 ir48st97eg8qvvro49ehjq3egc Query : select top 1 st.tabiva ,st.ivaincl ,st.stns ,st.uni2 ,st.familia ,isnull(tx.taxa, 0) txiva ,unidade ,usalote ,epcpond ,noserie from st left join taxasiva tx on st.tabiva = tx.codigo where st.ref = '324.4585.00.1'
20240509@081751.8674 ir48st97eg8qvvro49ehjq3egc Query : select 1 valor from information_schema.tables where table_type='base table' and table_name='wsfi039fields'
20240509@081751.8711 ir48st97eg8qvvro49ehjq3egc Query : select fieldkey,fieldname,fieldtype,mandatory from wsfi039fields
20240509@081751.8738 ir48st97eg8qvvro49ehjq3egc Query : select 1 valor from information_schema.tables where table_type='base table' and table_name='wsfi2039fields'
20240509@081751.8907 ir48st97eg8qvvro49ehjq3egc Query : select fieldkey,fieldname,fieldtype,mandatory from wsfi2039fields
20240509@081751.8914 ir48st97eg8qvvro49ehjq3egc Query : select sestamp valor from se where ref ='324.4585.00.1' and lote = 'r2300381200a'
20240509@081751.8986 ir48st97eg8qvvro49ehjq3egc Query : select top 1 convert(numeric(6,2),t.taxa) valor from taxasiva t where t.codigo='2'
20240509@081751.8999 ir48st97eg8qvvro49ehjq3egc Query : select 1 valor from information_schema.tables where table_type='base table' and table_name='wsfi039fields'
20240509@081751.9078 ir48st97eg8qvvro49ehjq3egc Query : select fieldkey,fieldname,fieldtype,calcformula from wsfi039fields
20240509@081751.9118 ir48st97eg8qvvro49ehjq3egc Query : insert into wsfi039data (fistamp,ousrdata, ousrhora, usrdata,usrhora,ousrinis,usrinis ,qtt ,ftstamp ,epv,pvmoeda ,tabiva,iva,lordem ,ref, design ,lote,armazem,bistamp ) values ('aut663c778469663c789fdb',getdate(),convert(char(8),convert (time,getdate())),getdate(),convert(char(8),convert (time,getdate())),'wsv','wsv',11.000 ,'aut663c749205663c789f4c' ,0,0 ,2,23.00,120000,?,?,?,?,?)
20240509@081751.9394 ir48st97eg8qvvro49ehjq3egc Query : select 1 valor from information_schema.tables where table_type='base table' and table_name='wsfi2039fields'
20240509@081751.9412 ir48st97eg8qvvro49ehjq3egc Query : select fieldkey,fieldname,fieldtype,calcformula from wsfi2039fields
20240509@081751.9417 ir48st97eg8qvvro49ehjq3egc Query : insert into wsfi2039data (fi2stamp,ftstamp ,ousrdata, ousrhora, usrdata,usrhora,ousrinis,usrinis) values ('aut663c778469663c789fdb','aut663c749205663c789f4c' ,getdate(),convert(char(8),convert (time,getdate())),getdate(),convert(char(8),convert (time,getdate())),'wsv','wsv')
20240509@081751.9422 ir48st97eg8qvvro49ehjq3egc Query : use flama_phc
20240509@081751.9425 ir48st97eg8qvvro49ehjq3egc Query : select st.usalote valor from st where st.ref = '324.4840.00.1'
20240509@081751.9438 ir48st97eg8qvvro49ehjq3egc Query : select top 1 st.tabiva ,st.ivaincl ,st.stns ,st.uni2 ,st.familia ,isnull(tx.taxa, 0) txiva ,unidade ,usalote ,epcpond ,noserie from st left join taxasiva tx on st.tabiva = tx.codigo where st.ref = '324.4840.00.1'
20240509@081751.9599 ir48st97eg8qvvro49ehjq3egc Query : select 1 valor from information_schema.tables where table_type='base table' and table_name='wsfi039fields'
20240509@081751.9616 ir48st97eg8qvvro49ehjq3egc Query : select fieldkey,fieldname,fieldtype,mandatory from wsfi039fields
20240509@081751.9700 ir48st97eg8qvvro49ehjq3egc Query : select 1 valor from information_schema.tables where table_type='base table' and table_name='wsfi2039fields'
20240509@081751.9717 ir48st97eg8qvvro49ehjq3egc Query : select fieldkey,fieldname,fieldtype,mandatory from wsfi2039fields
20240509@081751.9721 ir48st97eg8qvvro49ehjq3egc Query : select sestamp valor from se where ref ='324.4840.00.1' and lote = 'r2101353200a'
20240509@081751.9740 ir48st97eg8qvvro49ehjq3egc Query : select top 1 convert(numeric(6,2),t.taxa) valor from taxasiva t where t.codigo='2'
20240509@081751.9750 ir48st97eg8qvvro49ehjq3egc Query : select 1 valor from information_schema.tables where table_type='base table' and table_name='wsfi039fields'
20240509@081751.9766 ir48st97eg8qvvro49ehjq3egc Query : select fieldkey,fieldname,fieldtype,calcformula from wsfi039fields
20240509@081751.9790 ir48st97eg8qvvro49ehjq3egc Query : insert into wsfi039data (fistamp,ousrdata, ousrhora, usrdata,usrhora,ousrinis,usrinis ,qtt ,ftstamp ,epv,pvmoeda ,tabiva,iva,lordem ,ref, design ,lote,armazem,bistamp ) values ('aut663c769431663c789fee',getdate(),convert(char(8),convert (time,getdate())),getdate(),convert(char(8),convert (time,getdate())),'wsv','wsv',14.000 ,'aut663c749205663c789f4c' ,0,0 ,2,23.00,130000,?,?,?,?,?)
20240509@081752.2000 ir48st97eg8qvvro49ehjq3egc Query : select 1 valor from information_schema.tables where table_type='base table' and table_name='wsfi2039fields'
20240509@081752.3700 ir48st97eg8qvvro49ehjq3egc Query : select fieldkey,fieldname,fieldtype,calcformula from wsfi2039fields
20240509@081752.4200 ir48st97eg8qvvro49ehjq3egc Query : insert into wsfi2039data (fi2stamp,ftstamp ,ousrdata, ousrhora, usrdata,usrhora,ousrinis,usrinis) values ('aut663c769431663c789fee','aut663c749205663c789f4c' ,getdate(),convert(char(8),convert (time,getdate())),getdate(),convert(char(8),convert (time,getdate())),'wsv','wsv')
20240509@081752.4600 ir48st97eg8qvvro49ehjq3egc Query : use flama_phc
20240509@081752.5000 ir48st97eg8qvvro49ehjq3egc Query : select st.usalote valor from st where st.ref = '324.4840.00.1'
20240509@081752.6100 ir48st97eg8qvvro49ehjq3egc Query : select top 1 st.tabiva ,st.ivaincl ,st.stns ,st.uni2 ,st.familia ,isnull(tx.taxa, 0) txiva ,unidade ,usalote ,epcpond ,noserie from st left join taxasiva tx on st.tabiva = tx.codigo where st.ref = '324.4840.00.1'
20240509@081752.7400 ir48st97eg8qvvro49ehjq3egc Query : select 1 valor from information_schema.tables where table_type='base table' and table_name='wsfi039fields'
20240509@081752.8700 ir48st97eg8qvvro49ehjq3egc Query : select fieldkey,fieldname,fieldtype,mandatory from wsfi039fields
20240509@081752.1130 ir48st97eg8qvvro49ehjq3egc Query : select 1 valor from information_schema.tables where table_type='base table' and table_name='wsfi2039fields'
20240509@081752.1260 ir48st97eg8qvvro49ehjq3egc Query : select fieldkey,fieldname,fieldtype,mandatory from wsfi2039fields
20240509@081752.1310 ir48st97eg8qvvro49ehjq3egc Query : select sestamp valor from se where ref ='324.4840.00.1' and lote = 'r2101353200a'
20240509@081752.1410 ir48st97eg8qvvro49ehjq3egc Query : select top 1 convert(numeric(6,2),t.taxa) valor from taxasiva t where t.codigo='2'
20240509@081752.1500 ir48st97eg8qvvro49ehjq3egc Query : select 1 valor from information_schema.tables where table_type='base table' and table_name='wsfi039fields'
20240509@081752.1630 ir48st97eg8qvvro49ehjq3egc Query : select fieldkey,fieldname,fieldtype,calcformula from wsfi039fields
20240509@081752.1860 ir48st97eg8qvvro49ehjq3egc Query : insert into wsfi039data (fistamp,ousrdata, ousrhora, usrdata,usrhora,ousrinis,usrinis ,qtt ,ftstamp ,epv,pvmoeda ,tabiva,iva,lordem ,ref, design ,lote,armazem,bistamp ) values ('aut663c704847663c78a003',getdate(),convert(char(8),convert (time,getdate())),getdate(),convert(char(8),convert (time,getdate())),'wsv','wsv',2.000 ,'aut663c749205663c789f4c' ,0,0 ,2,23.00,140000,?,?,?,?,?)
20240509@081752.4130 ir48st97eg8qvvro49ehjq3egc Query : select 1 valor from information_schema.tables where table_type='base table' and table_name='wsfi2039fields'
20240509@081752.4300 ir48st97eg8qvvro49ehjq3egc Query : select fieldkey,fieldname,fieldtype,calcformula from wsfi2039fields
20240509@081752.4340 ir48st97eg8qvvro49ehjq3egc Query : insert into wsfi2039data (fi2stamp,ftstamp ,ousrdata, ousrhora, usrdata,usrhora,ousrinis,usrinis) values ('aut663c704847663c78a003','aut663c749205663c789f4c' ,getdate(),convert(char(8),convert (time,getdate())),getdate(),convert(char(8),convert (time,getdate())),'wsv','wsv')
20240509@081752.4390 ir48st97eg8qvvro49ehjq3egc Query : use flama_phc
20240509@081752.4430 ir48st97eg8qvvro49ehjq3egc Query : select st.usalote valor from st where st.ref = '324.2221.00.1'
20240509@081752.4560 ir48st97eg8qvvro49ehjq3egc Query : select top 1 st.tabiva ,st.ivaincl ,st.stns ,st.uni2 ,st.familia ,isnull(tx.taxa, 0) txiva ,unidade ,usalote ,epcpond ,noserie from st left join taxasiva tx on st.tabiva = tx.codigo where st.ref = '324.2221.00.1'
20240509@081752.6140 ir48st97eg8qvvro49ehjq3egc Query : select 1 valor from information_schema.tables where table_type='base table' and table_name='wsfi039fields'
20240509@081752.6290 ir48st97eg8qvvro49ehjq3egc Query : select fieldkey,fieldname,fieldtype,mandatory from wsfi039fields
20240509@081752.6540 ir48st97eg8qvvro49ehjq3egc Query : select 1 valor from information_schema.tables where table_type='base table' and table_name='wsfi2039fields'
20240509@081752.6680 ir48st97eg8qvvro49ehjq3egc Query : select fieldkey,fieldname,fieldtype,mandatory from wsfi2039fields
20240509@081752.6730 ir48st97eg8qvvro49ehjq3egc Query : select sestamp valor from se where ref ='324.2221.00.1' and lote = 'r2301281300a'
20240509@081752.6920 ir48st97eg8qvvro49ehjq3egc Query : select top 1 convert(numeric(6,2),t.taxa) valor from taxasiva t where t.codigo='2'
20240509@081752.7020 ir48st97eg8qvvro49ehjq3egc Query : select 1 valor from information_schema.tables where table_type='base table' and table_name='wsfi039fields'
20240509@081752.7190 ir48st97eg8qvvro49ehjq3egc Query : select fieldkey,fieldname,fieldtype,calcformula from wsfi039fields
20240509@081752.7430 ir48st97eg8qvvro49ehjq3egc Query : insert into wsfi039data (fistamp,ousrdata, ousrhora, usrdata,usrhora,ousrinis,usrinis ,qtt ,ftstamp ,epv,pvmoeda ,tabiva,iva,lordem ,ref, design ,lote,armazem,bistamp ) values ('aut663c789554663c78a011',getdate(),convert(char(8),convert (time,getdate())),getdate(),convert(char(8),convert (time,getdate())),'wsv','wsv',48.000 ,'aut663c749205663c789f4c' ,0,0 ,2,23.00,150000,?,?,?,?,?)
20240509@081752.9680 ir48st97eg8qvvro49ehjq3egc Query : select 1 valor from information_schema.tables where table_type='base table' and table_name='wsfi2039fields'
20240509@081752.9850 ir48st97eg8qvvro49ehjq3egc Query : select fieldkey,fieldname,fieldtype,calcformula from wsfi2039fields
20240509@081752.9900 ir48st97eg8qvvro49ehjq3egc Query : insert into wsfi2039data (fi2stamp,ftstamp ,ousrdata, ousrhora, usrdata,usrhora,ousrinis,usrinis) values ('aut663c789554663c78a011','aut663c749205663c789f4c' ,getdate(),convert(char(8),convert (time,getdate())),getdate(),convert(char(8),convert (time,getdate())),'wsv','wsv')
20240509@081752.9950 ir48st97eg8qvvro49ehjq3egc Query : use flama_phc
20240509@081752.9990 ir48st97eg8qvvro49ehjq3egc Query : select st.usalote valor from st where st.ref = '324.2223.00.1'
20240509@081752.1012 ir48st97eg8qvvro49ehjq3egc Query : select top 1 st.tabiva ,st.ivaincl ,st.stns ,st.uni2 ,st.familia ,isnull(tx.taxa, 0) txiva ,unidade ,usalote ,epcpond ,noserie from st left join taxasiva tx on st.tabiva = tx.codigo where st.ref = '324.2223.00.1'
20240509@081752.1166 ir48st97eg8qvvro49ehjq3egc Query : select 1 valor from information_schema.tables where table_type='base table' and table_name='wsfi039fields'
20240509@081752.1184 ir48st97eg8qvvro49ehjq3egc Query : select fieldkey,fieldname,fieldtype,mandatory from wsfi039fields
20240509@081752.1213 ir48st97eg8qvvro49ehjq3egc Query : select 1 valor from information_schema.tables where table_type='base table' and table_name='wsfi2039fields'
20240509@081752.1229 ir48st97eg8qvvro49ehjq3egc Query : select fieldkey,fieldname,fieldtype,mandatory from wsfi2039fields
20240509@081752.1235 ir48st97eg8qvvro49ehjq3egc Query : select sestamp valor from se where ref ='324.2223.00.1' and lote = 'r2301281500a'
20240509@081752.1249 ir48st97eg8qvvro49ehjq3egc Query : select top 1 convert(numeric(6,2),t.taxa) valor from taxasiva t where t.codigo='2'
20240509@081752.1260 ir48st97eg8qvvro49ehjq3egc Query : select 1 valor from information_schema.tables where table_type='base table' and table_name='wsfi039fields'
20240509@081752.1274 ir48st97eg8qvvro49ehjq3egc Query : select fieldkey,fieldname,fieldtype,calcformula from wsfi039fields
20240509@081752.1297 ir48st97eg8qvvro49ehjq3egc Query : insert into wsfi039data (fistamp,ousrdata, ousrhora, usrdata,usrhora,ousrinis,usrinis ,qtt ,ftstamp ,epv,pvmoeda ,tabiva,iva,lordem ,ref, design ,lote,armazem,bistamp ) values ('aut663c725981663c78a01e',getdate(),convert(char(8),convert (time,getdate())),getdate(),convert(char(8),convert (time,getdate())),'wsv','wsv',44.000 ,'aut663c749205663c789f4c' ,0,0 ,2,23.00,160000,?,?,?,?,?)
20240509@081752.1525 ir48st97eg8qvvro49ehjq3egc Query : select 1 valor from information_schema.tables where table_type='base table' and table_name='wsfi2039fields'
20240509@081752.1567 ir48st97eg8qvvro49ehjq3egc Query : select fieldkey,fieldname,fieldtype,calcformula from wsfi2039fields
20240509@081752.1572 ir48st97eg8qvvro49ehjq3egc Query : insert into wsfi2039data (fi2stamp,ftstamp ,ousrdata, ousrhora, usrdata,usrhora,ousrinis,usrinis) values ('aut663c725981663c78a01e','aut663c749205663c789f4c' ,getdate(),convert(char(8),convert (time,getdate())),getdate(),convert(char(8),convert (time,getdate())),'wsv','wsv')
20240509@081752.1577 ir48st97eg8qvvro49ehjq3egc Query : use flama_phc
20240509@081752.1581 ir48st97eg8qvvro49ehjq3egc Query : select st.usalote valor from st where st.ref = '324.2224.00.1'
20240509@081752.1593 ir48st97eg8qvvro49ehjq3egc Query : select top 1 st.tabiva ,st.ivaincl ,st.stns ,st.uni2 ,st.familia ,isnull(tx.taxa, 0) txiva ,unidade ,usalote ,epcpond ,noserie from st left join taxasiva tx on st.tabiva = tx.codigo where st.ref = '324.2224.00.1'
20240509@081752.1874 ir48st97eg8qvvro49ehjq3egc Query : select 1 valor from information_schema.tables where table_type='base table' and table_name='wsfi039fields'
20240509@081752.1890 ir48st97eg8qvvro49ehjq3egc Query : select fieldkey,fieldname,fieldtype,mandatory from wsfi039fields
20240509@081752.1916 ir48st97eg8qvvro49ehjq3egc Query : select 1 valor from information_schema.tables where table_type='base table' and table_name='wsfi2039fields'
20240509@081752.1955 ir48st97eg8qvvro49ehjq3egc Query : select fieldkey,fieldname,fieldtype,mandatory from wsfi2039fields
20240509@081752.1961 ir48st97eg8qvvro49ehjq3egc Query : select sestamp valor from se where ref ='324.2224.00.1' and lote = 'r2301281600a'
20240509@081752.1972 ir48st97eg8qvvro49ehjq3egc Query : select top 1 convert(numeric(6,2),t.taxa) valor from taxasiva t where t.codigo='2'
20240509@081752.1983 ir48st97eg8qvvro49ehjq3egc Query : select 1 valor from information_schema.tables where table_type='base table' and table_name='wsfi039fields'
20240509@081752.1997 ir48st97eg8qvvro49ehjq3egc Query : select fieldkey,fieldname,fieldtype,calcformula from wsfi039fields
20240509@081752.2022 ir48st97eg8qvvro49ehjq3egc Query : insert into wsfi039data (fistamp,ousrdata, ousrhora, usrdata,usrhora,ousrinis,usrinis ,qtt ,ftstamp ,epv,pvmoeda ,tabiva,iva,lordem ,ref, design ,lote,armazem,bistamp ) values ('aut663c737937663c78a030',getdate(),convert(char(8),convert (time,getdate())),getdate(),convert(char(8),convert (time,getdate())),'wsv','wsv',56.000 ,'aut663c749205663c789f4c' ,0,0 ,2,23.00,170000,?,?,?,?,?)
20240509@081752.2410 ir48st97eg8qvvro49ehjq3egc Query : select 1 valor from information_schema.tables where table_type='base table' and table_name='wsfi2039fields'
20240509@081752.2622 ir48st97eg8qvvro49ehjq3egc Query : select fieldkey,fieldname,fieldtype,calcformula from wsfi2039fields
20240509@081752.2704 ir48st97eg8qvvro49ehjq3egc Query : insert into wsfi2039data (fi2stamp,ftstamp ,ousrdata, ousrhora, usrdata,usrhora,ousrinis,usrinis) values ('aut663c737937663c78a030','aut663c749205663c789f4c' ,getdate(),convert(char(8),convert (time,getdate())),getdate(),convert(char(8),convert (time,getdate())),'wsv','wsv')
20240509@081752.2747 ir48st97eg8qvvro49ehjq3egc Query : use flama_phc
20240509@081752.2790 ir48st97eg8qvvro49ehjq3egc Query : select st.usalote valor from st where st.ref = '324.1716.00.1'
20240509@081752.3002 ir48st97eg8qvvro49ehjq3egc Query : select top 1 st.tabiva ,st.ivaincl ,st.stns ,st.uni2 ,st.familia ,isnull(tx.taxa, 0) txiva ,unidade ,usalote ,epcpond ,noserie from st left join taxasiva tx on st.tabiva = tx.codigo where st.ref = '324.1716.00.1'
20240509@081752.3417 ir48st97eg8qvvro49ehjq3egc Query : select 1 valor from information_schema.tables where table_type='base table' and table_name='wsfi039fields'
20240509@081752.3444 ir48st97eg8qvvro49ehjq3egc Query : select fieldkey,fieldname,fieldtype,mandatory from wsfi039fields
20240509@081752.3486 ir48st97eg8qvvro49ehjq3egc Query : select 1 valor from information_schema.tables where table_type='base table' and table_name='wsfi2039fields'
20240509@081752.3503 ir48st97eg8qvvro49ehjq3egc Query : select fieldkey,fieldname,fieldtype,mandatory from wsfi2039fields
20240509@081752.3508 ir48st97eg8qvvro49ehjq3egc Query : select sestamp valor from se where ref ='324.1716.00.1' and lote = 'r2100312300a'
20240509@081752.3598 ir48st97eg8qvvro49ehjq3egc Query : select top 1 convert(numeric(6,2),t.taxa) valor from taxasiva t where t.codigo='2'
20240509@081752.3610 ir48st97eg8qvvro49ehjq3egc Query : select 1 valor from information_schema.tables where table_type='base table' and table_name='wsfi039fields'
20240509@081752.3632 ir48st97eg8qvvro49ehjq3egc Query : select fieldkey,fieldname,fieldtype,calcformula from wsfi039fields
20240509@081752.3669 ir48st97eg8qvvro49ehjq3egc Query : insert into wsfi039data (fistamp,ousrdata, ousrhora, usrdata,usrhora,ousrinis,usrinis ,qtt ,ftstamp ,epv,pvmoeda ,tabiva,iva,lordem ,ref, design ,lote,armazem,bistamp ) values ('aut663c792373663c78a058',getdate(),convert(char(8),convert (time,getdate())),getdate(),convert(char(8),convert (time,getdate())),'wsv','wsv',44.000 ,'aut663c749205663c789f4c' ,0,0 ,2,23.00,180000,?,?,?,?,?)
20240509@081752.3930 ir48st97eg8qvvro49ehjq3egc Query : select 1 valor from information_schema.tables where table_type='base table' and table_name='wsfi2039fields'
20240509@081752.3955 ir48st97eg8qvvro49ehjq3egc Query : select fieldkey,fieldname,fieldtype,calcformula from wsfi2039fields
20240509@081752.3961 ir48st97eg8qvvro49ehjq3egc Query : insert into wsfi2039data (fi2stamp,ftstamp ,ousrdata, ousrhora, usrdata,usrhora,ousrinis,usrinis) values ('aut663c792373663c78a058','aut663c749205663c789f4c' ,getdate(),convert(char(8),convert (time,getdate())),getdate(),convert(char(8),convert (time,getdate())),'wsv','wsv')
20240509@081752.3970 ir48st97eg8qvvro49ehjq3egc Query : use flama_phc
20240509@081752.3975 ir48st97eg8qvvro49ehjq3egc Query : select st.usalote valor from st where st.ref = '324.4980.00.1'
20240509@081752.3996 ir48st97eg8qvvro49ehjq3egc Query : select top 1 st.tabiva ,st.ivaincl ,st.stns ,st.uni2 ,st.familia ,isnull(tx.taxa, 0) txiva ,unidade ,usalote ,epcpond ,noserie from st left join taxasiva tx on st.tabiva = tx.codigo where st.ref = '324.4980.00.1'
20240509@081752.4189 ir48st97eg8qvvro49ehjq3egc Query : select 1 valor from information_schema.tables where table_type='base table' and table_name='wsfi039fields'
20240509@081752.5497 ir48st97eg8qvvro49ehjq3egc Query : select fieldkey,fieldname,fieldtype,mandatory from wsfi039fields
20240509@081752.5535 ir48st97eg8qvvro49ehjq3egc Query : select 1 valor from information_schema.tables where table_type='base table' and table_name='wsfi2039fields'
20240509@081752.5560 ir48st97eg8qvvro49ehjq3egc Query : select fieldkey,fieldname,fieldtype,mandatory from wsfi2039fields
20240509@081752.5572 ir48st97eg8qvvro49ehjq3egc Query : select sestamp valor from se where ref ='324.4980.00.1' and lote = 'r2301092100a'
20240509@081752.5610 ir48st97eg8qvvro49ehjq3egc Query : select top 1 convert(numeric(6,2),t.taxa) valor from taxasiva t where t.codigo='2'
20240509@081752.5623 ir48st97eg8qvvro49ehjq3egc Query : select 1 valor from information_schema.tables where table_type='base table' and table_name='wsfi039fields'
20240509@081752.5642 ir48st97eg8qvvro49ehjq3egc Query : select fieldkey,fieldname,fieldtype,calcformula from wsfi039fields
20240509@081752.5679 ir48st97eg8qvvro49ehjq3egc Query : insert into wsfi039data (fistamp,ousrdata, ousrhora, usrdata,usrhora,ousrinis,usrinis ,qtt ,ftstamp ,epv,pvmoeda ,tabiva,iva,lordem ,ref, design ,lote,armazem,bistamp ) values ('aut663c732310663c78a089',getdate(),convert(char(8),convert (time,getdate())),getdate(),convert(char(8),convert (time,getdate())),'wsv','wsv',8.000 ,'aut663c749205663c789f4c' ,0,0 ,2,23.00,190000,?,?,?,?,?)
20240509@081752.6028 ir48st97eg8qvvro49ehjq3egc Query : select 1 valor from information_schema.tables where table_type='base table' and table_name='wsfi2039fields'
20240509@081752.6102 ir48st97eg8qvvro49ehjq3egc Query : select fieldkey,fieldname,fieldtype,calcformula from wsfi2039fields
20240509@081752.6108 ir48st97eg8qvvro49ehjq3egc Query : insert into wsfi2039data (fi2stamp,ftstamp ,ousrdata, ousrhora, usrdata,usrhora,ousrinis,usrinis) values ('aut663c732310663c78a089','aut663c749205663c789f4c' ,getdate(),convert(char(8),convert (time,getdate())),getdate(),convert(char(8),convert (time,getdate())),'wsv','wsv')
20240509@081752.6117 ir48st97eg8qvvro49ehjq3egc Query : use flama_phc
20240509@081752.6120 ir48st97eg8qvvro49ehjq3egc Query : select st.usalote valor from st where st.ref = '324.4980.00.1'
20240509@081752.6137 ir48st97eg8qvvro49ehjq3egc Query : select top 1 st.tabiva ,st.ivaincl ,st.stns ,st.uni2 ,st.familia ,isnull(tx.taxa, 0) txiva ,unidade ,usalote ,epcpond ,noserie from st left join taxasiva tx on st.tabiva = tx.codigo where st.ref = '324.4980.00.1'
20240509@081752.6150 ir48st97eg8qvvro49ehjq3egc Query : select 1 valor from information_schema.tables where table_type='base table' and table_name='wsfi039fields'
20240509@081752.6171 ir48st97eg8qvvro49ehjq3egc Query : select fieldkey,fieldname,fieldtype,mandatory from wsfi039fields
20240509@081752.6218 ir48st97eg8qvvro49ehjq3egc Query : select 1 valor from information_schema.tables where table_type='base table' and table_name='wsfi2039fields'
20240509@081752.6243 ir48st97eg8qvvro49ehjq3egc Query : select fieldkey,fieldname,fieldtype,mandatory from wsfi2039fields
20240509@081752.6248 ir48st97eg8qvvro49ehjq3egc Query : select sestamp valor from se where ref ='324.4980.00.1' and lote = 'r2301092100a'
20240509@081752.6274 ir48st97eg8qvvro49ehjq3egc Query : select top 1 convert(numeric(6,2),t.taxa) valor from taxasiva t where t.codigo='2'
20240509@081752.6291 ir48st97eg8qvvro49ehjq3egc Query : select 1 valor from information_schema.tables where table_type='base table' and table_name='wsfi039fields'
20240509@081752.6342 ir48st97eg8qvvro49ehjq3egc Query : select fieldkey,fieldname,fieldtype,calcformula from wsfi039fields
20240509@081752.6468 ir48st97eg8qvvro49ehjq3egc Query : insert into wsfi039data (fistamp,ousrdata, ousrhora, usrdata,usrhora,ousrinis,usrinis ,qtt ,ftstamp ,epv,pvmoeda ,tabiva,iva,lordem ,ref, design ,lote,armazem,bistamp ) values ('aut663c765028663c78a099',getdate(),convert(char(8),convert (time,getdate())),getdate(),convert(char(8),convert (time,getdate())),'wsv','wsv',32.000 ,'aut663c749205663c789f4c' ,0,0 ,2,23.00,200000,?,?,?,?,?)
20240509@081752.6737 ir48st97eg8qvvro49ehjq3egc Query : select 1 valor from information_schema.tables where table_type='base table' and table_name='wsfi2039fields'
20240509@081752.6757 ir48st97eg8qvvro49ehjq3egc Query : select fieldkey,fieldname,fieldtype,calcformula from wsfi2039fields
20240509@081752.6762 ir48st97eg8qvvro49ehjq3egc Query : insert into wsfi2039data (fi2stamp,ftstamp ,ousrdata, ousrhora, usrdata,usrhora,ousrinis,usrinis) values ('aut663c765028663c78a099','aut663c749205663c789f4c' ,getdate(),convert(char(8),convert (time,getdate())),getdate(),convert(char(8),convert (time,getdate())),'wsv','wsv')
20240509@081752.6771 ir48st97eg8qvvro49ehjq3egc Query : use flama_phc
20240509@081752.6775 ir48st97eg8qvvro49ehjq3egc Query : select st.usalote valor from st where st.ref = '324.4980.00.1'
20240509@081752.6811 ir48st97eg8qvvro49ehjq3egc Query : select top 1 st.tabiva ,st.ivaincl ,st.stns ,st.uni2 ,st.familia ,isnull(tx.taxa, 0) txiva ,unidade ,usalote ,epcpond ,noserie from st left join taxasiva tx on st.tabiva = tx.codigo where st.ref = '324.4980.00.1'
20240509@081752.6885 ir48st97eg8qvvro49ehjq3egc Query : select 1 valor from information_schema.tables where table_type='base table' and table_name='wsfi039fields'
20240509@081752.6904 ir48st97eg8qvvro49ehjq3egc Query : select fieldkey,fieldname,fieldtype,mandatory from wsfi039fields
20240509@081752.6966 ir48st97eg8qvvro49ehjq3egc Query : select 1 valor from information_schema.tables where table_type='base table' and table_name='wsfi2039fields'
20240509@081752.6996 ir48st97eg8qvvro49ehjq3egc Query : select fieldkey,fieldname,fieldtype,mandatory from wsfi2039fields
20240509@081752.7004 ir48st97eg8qvvro49ehjq3egc Query : select sestamp valor from se where ref ='324.4980.00.1' and lote = 'r2301092100a'
20240509@081752.7017 ir48st97eg8qvvro49ehjq3egc Query : select top 1 convert(numeric(6,2),t.taxa) valor from taxasiva t where t.codigo='2'
20240509@081752.7027 ir48st97eg8qvvro49ehjq3egc Query : select 1 valor from information_schema.tables where table_type='base table' and table_name='wsfi039fields'
20240509@081752.7053 ir48st97eg8qvvro49ehjq3egc Query : select fieldkey,fieldname,fieldtype,calcformula from wsfi039fields
20240509@081752.7085 ir48st97eg8qvvro49ehjq3egc Query : insert into wsfi039data (fistamp,ousrdata, ousrhora, usrdata,usrhora,ousrinis,usrinis ,qtt ,ftstamp ,epv,pvmoeda ,tabiva,iva,lordem ,ref, design ,lote,armazem,bistamp ) values ('aut663c719572663c78a0ab',getdate(),convert(char(8),convert (time,getdate())),getdate(),convert(char(8),convert (time,getdate())),'wsv','wsv',80.000 ,'aut663c749205663c789f4c' ,0,0 ,2,23.00,210000,?,?,?,?,?)
20240509@081752.7402 ir48st97eg8qvvro49ehjq3egc Query : select 1 valor from information_schema.tables where table_type='base table' and table_name='wsfi2039fields'
20240509@081752.7420 ir48st97eg8qvvro49ehjq3egc Query : select fieldkey,fieldname,fieldtype,calcformula from wsfi2039fields
20240509@081752.7430 ir48st97eg8qvvro49ehjq3egc Query : insert into wsfi2039data (fi2stamp,ftstamp ,ousrdata, ousrhora, usrdata,usrhora,ousrinis,usrinis) values ('aut663c719572663c78a0ab','aut663c749205663c789f4c' ,getdate(),convert(char(8),convert (time,getdate())),getdate(),convert(char(8),convert (time,getdate())),'wsv','wsv')
20240509@081752.7438 ir48st97eg8qvvro49ehjq3egc Query : use flama_phc
20240509@081752.7442 ir48st97eg8qvvro49ehjq3egc Query : select st.usalote valor from st where st.ref = '324.4980.00.1'
20240509@081752.7455 ir48st97eg8qvvro49ehjq3egc Query : select top 1 st.tabiva ,st.ivaincl ,st.stns ,st.uni2 ,st.familia ,isnull(tx.taxa, 0) txiva ,unidade ,usalote ,epcpond ,noserie from st left join taxasiva tx on st.tabiva = tx.codigo where st.ref = '324.4980.00.1'
20240509@081752.7480 ir48st97eg8qvvro49ehjq3egc Query : select 1 valor from information_schema.tables where table_type='base table' and table_name='wsfi039fields'
20240509@081752.7500 ir48st97eg8qvvro49ehjq3egc Query : select fieldkey,fieldname,fieldtype,mandatory from wsfi039fields
20240509@081752.7657 ir48st97eg8qvvro49ehjq3egc Query : select 1 valor from information_schema.tables where table_type='base table' and table_name='wsfi2039fields'
20240509@081752.7675 ir48st97eg8qvvro49ehjq3egc Query : select fieldkey,fieldname,fieldtype,mandatory from wsfi2039fields
20240509@081752.7680 ir48st97eg8qvvro49ehjq3egc Query : select sestamp valor from se where ref ='324.4980.00.1' and lote = 'r2301092100a'
20240509@081752.7692 ir48st97eg8qvvro49ehjq3egc Query : select top 1 convert(numeric(6,2),t.taxa) valor from taxasiva t where t.codigo='2'
20240509@081752.7707 ir48st97eg8qvvro49ehjq3egc Query : select 1 valor from information_schema.tables where table_type='base table' and table_name='wsfi039fields'
20240509@081752.7720 ir48st97eg8qvvro49ehjq3egc Query : select fieldkey,fieldname,fieldtype,calcformula from wsfi039fields
20240509@081752.7769 ir48st97eg8qvvro49ehjq3egc Query : insert into wsfi039data (fistamp,ousrdata, ousrhora, usrdata,usrhora,ousrinis,usrinis ,qtt ,ftstamp ,epv,pvmoeda ,tabiva,iva,lordem ,ref, design ,lote,armazem,bistamp ) values ('aut663c764811663c78a0bc',getdate(),convert(char(8),convert (time,getdate())),getdate(),convert(char(8),convert (time,getdate())),'wsv','wsv',80.000 ,'aut663c749205663c789f4c' ,0,0 ,2,23.00,220000,?,?,?,?,?)
20240509@081752.7989 ir48st97eg8qvvro49ehjq3egc Query : select 1 valor from information_schema.tables where table_type='base table' and table_name='wsfi2039fields'
20240509@081752.8005 ir48st97eg8qvvro49ehjq3egc Query : select fieldkey,fieldname,fieldtype,calcformula from wsfi2039fields
20240509@081752.8016 ir48st97eg8qvvro49ehjq3egc Query : insert into wsfi2039data (fi2stamp,ftstamp ,ousrdata, ousrhora, usrdata,usrhora,ousrinis,usrinis) values ('aut663c764811663c78a0bc','aut663c749205663c789f4c' ,getdate(),convert(char(8),convert (time,getdate())),getdate(),convert(char(8),convert (time,getdate())),'wsv','wsv')
20240509@081752.8021 ir48st97eg8qvvro49ehjq3egc Query : use flama_phc
20240509@081752.8024 ir48st97eg8qvvro49ehjq3egc Query : select st.usalote valor from st where st.ref = '324.4963.00.1'
20240509@081752.8039 ir48st97eg8qvvro49ehjq3egc Query : select top 1 st.tabiva ,st.ivaincl ,st.stns ,st.uni2 ,st.familia ,isnull(tx.taxa, 0) txiva ,unidade ,usalote ,epcpond ,noserie from st left join taxasiva tx on st.tabiva = tx.codigo where st.ref = '324.4963.00.1'
20240509@081752.8203 ir48st97eg8qvvro49ehjq3egc Query : select 1 valor from information_schema.tables where table_type='base table' and table_name='wsfi039fields'
20240509@081752.8218 ir48st97eg8qvvro49ehjq3egc Query : select fieldkey,fieldname,fieldtype,mandatory from wsfi039fields
20240509@081752.8247 ir48st97eg8qvvro49ehjq3egc Query : select 1 valor from information_schema.tables where table_type='base table' and table_name='wsfi2039fields'
20240509@081752.8263 ir48st97eg8qvvro49ehjq3egc Query : select fieldkey,fieldname,fieldtype,mandatory from wsfi2039fields
20240509@081752.8270 ir48st97eg8qvvro49ehjq3egc Query : select sestamp valor from se where ref ='324.4963.00.1' and lote = 'r2300717200a'
20240509@081752.8294 ir48st97eg8qvvro49ehjq3egc Query : select top 1 convert(numeric(6,2),t.taxa) valor from taxasiva t where t.codigo='2'
20240509@081752.8316 ir48st97eg8qvvro49ehjq3egc Query : select 1 valor from information_schema.tables where table_type='base table' and table_name='wsfi039fields'
20240509@081752.8333 ir48st97eg8qvvro49ehjq3egc Query : select fieldkey,fieldname,fieldtype,calcformula from wsfi039fields
20240509@081752.8367 ir48st97eg8qvvro49ehjq3egc Query : insert into wsfi039data (fistamp,ousrdata, ousrhora, usrdata,usrhora,ousrinis,usrinis ,qtt ,ftstamp ,epv,pvmoeda ,tabiva,iva,lordem ,ref, design ,lote,armazem,bistamp ) values ('aut663c730039663c78a0cb',getdate(),convert(char(8),convert (time,getdate())),getdate(),convert(char(8),convert (time,getdate())),'wsv','wsv',52.000 ,'aut663c749205663c789f4c' ,0,0 ,2,23.00,230000,?,?,?,?,?)
20240509@081752.8608 ir48st97eg8qvvro49ehjq3egc Query : select 1 valor from information_schema.tables where table_type='base table' and table_name='wsfi2039fields'
20240509@081752.8625 ir48st97eg8qvvro49ehjq3egc Query : select fieldkey,fieldname,fieldtype,calcformula from wsfi2039fields
20240509@081752.8630 ir48st97eg8qvvro49ehjq3egc Query : insert into wsfi2039data (fi2stamp,ftstamp ,ousrdata, ousrhora, usrdata,usrhora,ousrinis,usrinis) values ('aut663c730039663c78a0cb','aut663c749205663c789f4c' ,getdate(),convert(char(8),convert (time,getdate())),getdate(),convert(char(8),convert (time,getdate())),'wsv','wsv')
20240509@081752.8637 ir48st97eg8qvvro49ehjq3egc Query : use flama_phc
20240509@081752.8641 ir48st97eg8qvvro49ehjq3egc Query : select st.usalote valor from st where st.ref = '324.969.00.01'
20240509@081752.8654 ir48st97eg8qvvro49ehjq3egc Query : select top 1 st.tabiva ,st.ivaincl ,st.stns ,st.uni2 ,st.familia ,isnull(tx.taxa, 0) txiva ,unidade ,usalote ,epcpond ,noserie from st left join taxasiva tx on st.tabiva = tx.codigo where st.ref = '324.969.00.01'
20240509@081752.8817 ir48st97eg8qvvro49ehjq3egc Query : select 1 valor from information_schema.tables where table_type='base table' and table_name='wsfi039fields'
20240509@081752.8837 ir48st97eg8qvvro49ehjq3egc Query : select fieldkey,fieldname,fieldtype,mandatory from wsfi039fields
20240509@081752.8867 ir48st97eg8qvvro49ehjq3egc Query : select 1 valor from information_schema.tables where table_type='base table' and table_name='wsfi2039fields'
20240509@081752.8885 ir48st97eg8qvvro49ehjq3egc Query : select fieldkey,fieldname,fieldtype,mandatory from wsfi2039fields
20240509@081752.8892 ir48st97eg8qvvro49ehjq3egc Query : select sestamp valor from se where ref ='324.969.00.01' and lote = 'r2100601100a'
20240509@081752.8917 ir48st97eg8qvvro49ehjq3egc Query : select top 1 convert(numeric(6,2),t.taxa) valor from taxasiva t where t.codigo='2'
20240509@081752.8927 ir48st97eg8qvvro49ehjq3egc Query : select 1 valor from information_schema.tables where table_type='base table' and table_name='wsfi039fields'
20240509@081752.8945 ir48st97eg8qvvro49ehjq3egc Query : select fieldkey,fieldname,fieldtype,calcformula from wsfi039fields
20240509@081752.8970 ir48st97eg8qvvro49ehjq3egc Query : insert into wsfi039data (fistamp,ousrdata, ousrhora, usrdata,usrhora,ousrinis,usrinis ,qtt ,ftstamp ,epv,pvmoeda ,tabiva,iva,lordem ,ref, design ,lote,armazem,bistamp ) values ('aut663c776762663c78a0d9',getdate(),convert(char(8),convert (time,getdate())),getdate(),convert(char(8),convert (time,getdate())),'wsv','wsv',6.000 ,'aut663c749205663c789f4c' ,0,0 ,2,23.00,240000,?,?,?,?,?)
20240509@081752.9191 ir48st97eg8qvvro49ehjq3egc Query : select 1 valor from information_schema.tables where table_type='base table' and table_name='wsfi2039fields'
20240509@081752.9210 ir48st97eg8qvvro49ehjq3egc Query : select fieldkey,fieldname,fieldtype,calcformula from wsfi2039fields
20240509@081752.9216 ir48st97eg8qvvro49ehjq3egc Query : insert into wsfi2039data (fi2stamp,ftstamp ,ousrdata, ousrhora, usrdata,usrhora,ousrinis,usrinis) values ('aut663c776762663c78a0d9','aut663c749205663c789f4c' ,getdate(),convert(char(8),convert (time,getdate())),getdate(),convert(char(8),convert (time,getdate())),'wsv','wsv')
20240509@081752.9222 ir48st97eg8qvvro49ehjq3egc Query : use flama_phc
20240509@081752.9226 ir48st97eg8qvvro49ehjq3egc Query : select st.usalote valor from st where st.ref = '324.969.00.01'
20240509@081752.9242 ir48st97eg8qvvro49ehjq3egc Query : select top 1 st.tabiva ,st.ivaincl ,st.stns ,st.uni2 ,st.familia ,isnull(tx.taxa, 0) txiva ,unidade ,usalote ,epcpond ,noserie from st left join taxasiva tx on st.tabiva = tx.codigo where st.ref = '324.969.00.01'
20240509@081752.9257 ir48st97eg8qvvro49ehjq3egc Query : select 1 valor from information_schema.tables where table_type='base table' and table_name='wsfi039fields'
20240509@081752.9275 ir48st97eg8qvvro49ehjq3egc Query : select fieldkey,fieldname,fieldtype,mandatory from wsfi039fields
20240509@081752.9311 ir48st97eg8qvvro49ehjq3egc Query : select 1 valor from information_schema.tables where table_type='base table' and table_name='wsfi2039fields'
20240509@081752.9328 ir48st97eg8qvvro49ehjq3egc Query : select fieldkey,fieldname,fieldtype,mandatory from wsfi2039fields
20240509@081752.9334 ir48st97eg8qvvro49ehjq3egc Query : select sestamp valor from se where ref ='324.969.00.01' and lote = 'r2100601100a'
20240509@081752.9350 ir48st97eg8qvvro49ehjq3egc Query : select top 1 convert(numeric(6,2),t.taxa) valor from taxasiva t where t.codigo='2'
20240509@081752.9363 ir48st97eg8qvvro49ehjq3egc Query : select 1 valor from information_schema.tables where table_type='base table' and table_name='wsfi039fields'
20240509@081752.9380 ir48st97eg8qvvro49ehjq3egc Query : select fieldkey,fieldname,fieldtype,calcformula from wsfi039fields
20240509@081752.9408 ir48st97eg8qvvro49ehjq3egc Query : insert into wsfi039data (fistamp,ousrdata, ousrhora, usrdata,usrhora,ousrinis,usrinis ,qtt ,ftstamp ,epv,pvmoeda ,tabiva,iva,lordem ,ref, design ,lote,armazem,bistamp ) values ('aut663c752030663c78a0e4',getdate(),convert(char(8),convert (time,getdate())),getdate(),convert(char(8),convert (time,getdate())),'wsv','wsv',2.000 ,'aut663c749205663c789f4c' ,0,0 ,2,23.00,250000,?,?,?,?,?)
20240509@081752.9627 ir48st97eg8qvvro49ehjq3egc Query : select 1 valor from information_schema.tables where table_type='base table' and table_name='wsfi2039fields'
20240509@081752.9643 ir48st97eg8qvvro49ehjq3egc Query : select fieldkey,fieldname,fieldtype,calcformula from wsfi2039fields
20240509@081752.9649 ir48st97eg8qvvro49ehjq3egc Query : insert into wsfi2039data (fi2stamp,ftstamp ,ousrdata, ousrhora, usrdata,usrhora,ousrinis,usrinis) values ('aut663c752030663c78a0e4','aut663c749205663c789f4c' ,getdate(),convert(char(8),convert (time,getdate())),getdate(),convert(char(8),convert (time,getdate())),'wsv','wsv')
20240509@081752.9655 ir48st97eg8qvvro49ehjq3egc Query : use flama_phc
20240509@081752.9659 ir48st97eg8qvvro49ehjq3egc Query : select st.usalote valor from st where st.ref = '324.969.00.01'
20240509@081752.9691 ir48st97eg8qvvro49ehjq3egc Query : select top 1 st.tabiva ,st.ivaincl ,st.stns ,st.uni2 ,st.familia ,isnull(tx.taxa, 0) txiva ,unidade ,usalote ,epcpond ,noserie from st left join taxasiva tx on st.tabiva = tx.codigo where st.ref = '324.969.00.01'
20240509@081752.9705 ir48st97eg8qvvro49ehjq3egc Query : select 1 valor from information_schema.tables where table_type='base table' and table_name='wsfi039fields'
20240509@081752.9722 ir48st97eg8qvvro49ehjq3egc Query : select fieldkey,fieldname,fieldtype,mandatory from wsfi039fields
20240509@081752.9821 ir48st97eg8qvvro49ehjq3egc Query : select 1 valor from information_schema.tables where table_type='base table' and table_name='wsfi2039fields'
20240509@081752.9841 ir48st97eg8qvvro49ehjq3egc Query : select fieldkey,fieldname,fieldtype,mandatory from wsfi2039fields
20240509@081752.9847 ir48st97eg8qvvro49ehjq3egc Query : select sestamp valor from se where ref ='324.969.00.01' and lote = 'r2100601100a'
20240509@081752.9858 ir48st97eg8qvvro49ehjq3egc Query : select top 1 convert(numeric(6,2),t.taxa) valor from taxasiva t where t.codigo='2'
20240509@081752.9870 ir48st97eg8qvvro49ehjq3egc Query : select 1 valor from information_schema.tables where table_type='base table' and table_name='wsfi039fields'
20240509@081752.9884 ir48st97eg8qvvro49ehjq3egc Query : select fieldkey,fieldname,fieldtype,calcformula from wsfi039fields
20240509@081752.9911 ir48st97eg8qvvro49ehjq3egc Query : insert into wsfi039data (fistamp,ousrdata, ousrhora, usrdata,usrhora,ousrinis,usrinis ,qtt ,ftstamp ,epv,pvmoeda ,tabiva,iva,lordem ,ref, design ,lote,armazem,bistamp ) values ('aut663c762167663c78a0f0',getdate(),convert(char(8),convert (time,getdate())),getdate(),convert(char(8),convert (time,getdate())),'wsv','wsv',42.000 ,'aut663c749205663c789f4c' ,0,0 ,2,23.00,260000,?,?,?,?,?)
20240509@081753.1290 ir48st97eg8qvvro49ehjq3egc Query : select 1 valor from information_schema.tables where table_type='base table' and table_name='wsfi2039fields'
20240509@081753.1450 ir48st97eg8qvvro49ehjq3egc Query : select fieldkey,fieldname,fieldtype,calcformula from wsfi2039fields
20240509@081753.1500 ir48st97eg8qvvro49ehjq3egc Query : insert into wsfi2039data (fi2stamp,ftstamp ,ousrdata, ousrhora, usrdata,usrhora,ousrinis,usrinis) values ('aut663c762167663c78a0f0','aut663c749205663c789f4c' ,getdate(),convert(char(8),convert (time,getdate())),getdate(),convert(char(8),convert (time,getdate())),'wsv','wsv')
20240509@081753.1550 ir48st97eg8qvvro49ehjq3egc Query : insert into wsftcreationlog (initialftstamp,externalid,creationstatus,documenttypeid,idustamp) values ('aut663c749205663c789f4c','2403277','wait',39,'ari17112337378,753000005')
20240509@081753.1770 ir48st97eg8qvvro49ehjq3egc Query : use flama_phc
20240509@081753.1810 ir48st97eg8qvvro49ehjq3egc Query : update u_wsusers set rqsttoken =? where userid ='userls001'
20240509@081753.1970 ir48st97eg8qvvro49ehjq3egc Query : select concat(rtrim(relative_path),ltrim(name_new)) as valor from uploadfiles where uploadfile_id='1567';
20240509@081753.2130 ir48st97eg8qvvro49ehjq3egc Query : update uploadfiles set whenupdated=current_timestamp where uploadfile_id='1567';
20240509@081753.2390 ir48st97eg8qvvro49ehjq3egc Query : select concat(rtrim(relative_path),ltrim(name_new)) as valor from uploadfiles where uploadfile_id='1567';
20240509@081753.2530 ir48st97eg8qvvro49ehjq3egc Query : update uploadfiles set whenupdated=current_timestamp where uploadfile_id='1567';
20240509@081753.8680 42r5oolbjfpuqung3prlgb1ajl Query : insert into uploadfiles ( name_original, name_new, option_type, relative_path, whencreated ) values ( ?, ?, ?, ?, getdate() )
20240509@081753.8870 42r5oolbjfpuqung3prlgb1ajl Query : select uploadfile_id valor from uploadfiles where name_new = ? and option_type = ? 
20240509@081753.9080 42r5oolbjfpuqung3prlgb1ajl Query : select concat(rtrim(relative_path),ltrim(name_new)) as valor from uploadfiles where uploadfile_id='1568';
20240509@081753.9600 42r5oolbjfpuqung3prlgb1ajl Query : update uploadfiles set whenupdated=current_timestamp where uploadfile_id='1568';
20240509@081753.9840 42r5oolbjfpuqung3prlgb1ajl Query : select concat(rtrim(relative_path),ltrim(name_new)) as valor from uploadfiles where uploadfile_id='1568';
20240509@081753.9980 42r5oolbjfpuqung3prlgb1ajl Query : update uploadfiles set whenupdated=current_timestamp where uploadfile_id='1568';
20240509@081753.1014 42r5oolbjfpuqung3prlgb1ajl Query : use flama_phc
20240509@081753.1018 42r5oolbjfpuqung3prlgb1ajl Query : select top 1 secretkey valor from u_wsusers u where u.userid = ? and u.inactivo=0
20240509@081753.1031 42r5oolbjfpuqung3prlgb1ajl Query : use flama_phc
20240509@081753.1034 42r5oolbjfpuqung3prlgb1ajl Query : select no, estab,szadrsdesc from szadrs where u_coddest=4740
20240509@081753.1069 42r5oolbjfpuqung3prlgb1ajl Query : select top 1 isnull(design,'') valor from st (nolock) left join stobs (nolock) on st.ref = stobs.ref where st.ref = '324.698.00.01'
20240509@081753.1229 42r5oolbjfpuqung3prlgb1ajl Query : select top 1 bistamp valor from bi inner join bo on bo.bostamp=bi.bostamp where bo.ndos =240 and bo.boano =2032 and bo.obrano = 2403279 and bi.ref ='324.698.00.01' and bi.lordem =1
20240509@081753.1594 42r5oolbjfpuqung3prlgb1ajl Query : use flama_phc
20240509@081753.1599 42r5oolbjfpuqung3prlgb1ajl Query : select top 1 convert(date,fdata) valor from ft where ndoc = 39 and anulado= 0 and fno>0 order by fdata desc
20240509@081753.1614 42r5oolbjfpuqung3prlgb1ajl Query : use flama_phc
20240509@081753.1618 42r5oolbjfpuqung3prlgb1ajl Query : select top 1 1 valor from td where td.ndoc = 39
20240509@081753.1631 42r5oolbjfpuqung3prlgb1ajl Query : use flama_phc
20240509@081753.1634 42r5oolbjfpuqung3prlgb1ajl Query : select descricao ,case when valor='s' then 1 else 0 end usalotes from para1 where descricao in ('st_lote')
20240509@081753.1649 42r5oolbjfpuqung3prlgb1ajl Query : select top 1 assinadoc issigned ,td.lancasl stocks ,'cl' origin ,case when (cmsl between 1 and 50 ) then 1 else 0 end entrada ,case when (cmsl>50 ) then 1 else 0 end saida ,~lotestock validatestock ,tiposaft from td inner join td2 on td.tdstamp=td2.td2stamp where td.ndoc =39
20240509@081753.1663 42r5oolbjfpuqung3prlgb1ajl Query : use flama_phc
20240509@081753.1666 42r5oolbjfpuqung3prlgb1ajl Query : select top 1 ~inactivo valor from cl where no = '100810' and estab = 0 order by inactivo desc
20240509@081753.1688 42r5oolbjfpuqung3prlgb1ajl Query : use flama_phc
20240509@081753.1691 42r5oolbjfpuqung3prlgb1ajl Query : select top 1 tipodoc,regrd from td where ndoc = 39
20240509@081753.1702 42r5oolbjfpuqung3prlgb1ajl Query : use flama_phc
20240509@081753.1705 42r5oolbjfpuqung3prlgb1ajl Query : select szadrsstamp valor from szadrs where szadrsdesc='espaÇotrans,lda'
20240509@081753.1716 42r5oolbjfpuqung3prlgb1ajl Query : use flama_phc
20240509@081753.1718 42r5oolbjfpuqung3prlgb1ajl Query : select szadrsstamp valor from szadrs where szadrsdesc='100810 - worten-equipamentos para o lar,sa.'
20240509@081753.1733 42r5oolbjfpuqung3prlgb1ajl Query : use flama_phc
20240509@081753.1737 42r5oolbjfpuqung3prlgb1ajl Query : select 1 valor from td where ndoc = 39
20240509@081753.1749 42r5oolbjfpuqung3prlgb1ajl Query : select top 1 manternumero, tiposaft, nmdos,td.assinadoc from td where td.ndoc = 39
20240509@081753.1761 42r5oolbjfpuqung3prlgb1ajl Query : select 1 valor from information_schema.tables where table_type='base table' and table_name='wsft039fields'
20240509@081753.1778 42r5oolbjfpuqung3prlgb1ajl Query : select fieldkey,fieldname,fieldtype,mandatory from wsft039fields
20240509@081753.1803 42r5oolbjfpuqung3prlgb1ajl Query : select 1 valor from information_schema.tables where table_type='base table' and table_name='wsft2039fields'
20240509@081753.1815 42r5oolbjfpuqung3prlgb1ajl Query : select fieldkey,fieldname,fieldtype,mandatory from wsft2039fields
20240509@081753.1842 42r5oolbjfpuqung3prlgb1ajl Query : select 1 valor from information_schema.tables where table_type='base table' and table_name='wsft3039fields'
20240509@081753.1857 42r5oolbjfpuqung3prlgb1ajl Query : select fieldkey,fieldname,fieldtype,mandatory from wsft3039fields
20240509@081753.1869 42r5oolbjfpuqung3prlgb1ajl Query : select top 1 ft.fno valor from ft ft where ft.ndoc = 39 and ftano=2024 order by fno desc
20240509@081753.1967 42r5oolbjfpuqung3prlgb1ajl Query : select top 1 ft.fno valor from wsft039data ft where ft.ndoc = 39 and ftano=2024 order by fno desc
20240509@081753.1977 42r5oolbjfpuqung3prlgb1ajl Query : select 1 valor from information_schema.tables where table_type='base table' and table_name='wsft3039fields'
20240509@081753.1992 42r5oolbjfpuqung3prlgb1ajl Query : select fieldkey,fieldname,fieldtype,calcformula from wsft3039fields
20240509@081753.2002 42r5oolbjfpuqung3prlgb1ajl Query : insert into wsft3039data (ft3stamp, ousrdata, ousrhora, usrdata,usrhora,ousrinis,usrinis,taxpointdt ) values ('aut663c746831663c78a12d' ,getdate(),convert(char(8),convert (time,getdate())),getdate(),convert(char(8),convert (time,getdate())),'wsv','wsv',?)
20240509@081753.2153 42r5oolbjfpuqung3prlgb1ajl Query : select 1 valor from information_schema.tables where table_type='base table' and table_name='wsft2039fields'
20240509@081753.2183 42r5oolbjfpuqung3prlgb1ajl Query : select fieldkey,fieldname,fieldtype,calcformula from wsft2039fields
20240509@081753.2221 42r5oolbjfpuqung3prlgb1ajl Query : select top 1 bo.u_nomeenv valor from bo where bo.bostamp=''
20240509@081753.2226 42r5oolbjfpuqung3prlgb1ajl Query : select top 1 bo.u_moradaen valor from bo where bo.bostamp=''
20240509@081753.2233 42r5oolbjfpuqung3prlgb1ajl Query : select top 1 bo.u_codposen valor from bo where bo.bostamp=''
20240509@081753.2239 42r5oolbjfpuqung3prlgb1ajl Query : select top 1 bo.u_localenv valor from bo where bo.bostamp=''
20240509@081753.2244 42r5oolbjfpuqung3prlgb1ajl Query : select top 1 bo.trab5 valor from bo where bo.bostamp=''
20240509@081753.2248 42r5oolbjfpuqung3prlgb1ajl Query : select top 1 bo.serie valor from bo where bo.bostamp=''
20240509@081753.2253 42r5oolbjfpuqung3prlgb1ajl Query : insert into wsft2039data (ft2stamp, ousrdata,ousrhora, usrdata,usrhora,ousrinis,usrinis,u_nomeenv ,u_moradaen ,u_codposen ,u_localenv ,u_coddest ,u_codby ) values ('aut663c746831663c78a12d',getdate(),convert(char(8),convert (time,getdate())),getdate(),convert(char(8),convert (time,getdate())),'wsv','wsv',?,?,?,?,?,?)
20240509@081753.2497 42r5oolbjfpuqung3prlgb1ajl Query : select top 1 fno valor from wsft039data order by fno desc
20240509@081753.2524 42r5oolbjfpuqung3prlgb1ajl Query : select 1 valor from information_schema.tables where table_type='base table' and table_name='wsft039fields'
20240509@081753.2570 42r5oolbjfpuqung3prlgb1ajl Query : select fieldkey,fieldname,fieldtype,calcformula from wsft039fields
20240509@081753.2612 42r5oolbjfpuqung3prlgb1ajl Query : insert into wsft039data (ftstamp, ousrdata,ousrhora, usrdata,usrhora,ousrinis,usrinis,fno,no,estab,fdata,ndoc,moeda,cambio,cambiofixo,ftano,cdata,chora,carga,descar,site ,classe ) values ('aut663c746831663c78a12d',getdate(),convert(char(8),convert (time,getdate())),getdate(),convert(char(8),convert (time,getdate())),'wsv','wsv',1252,100810,0,'2024-05-09',39,'euro',0,0,2024 ,'20240509','0847',?,?,?,?)
20240509@081753.2893 42r5oolbjfpuqung3prlgb1ajl Query : use flama_phc
20240509@081753.2898 42r5oolbjfpuqung3prlgb1ajl Query : select st.usalote valor from st where st.ref = '324.698.00.01'
20240509@081753.2922 42r5oolbjfpuqung3prlgb1ajl Query : select top 1 st.tabiva ,st.ivaincl ,st.stns ,st.uni2 ,st.familia ,isnull(tx.taxa, 0) txiva ,unidade ,usalote ,epcpond ,noserie from st left join taxasiva tx on st.tabiva = tx.codigo where st.ref = '324.698.00.01'
20240509@081753.3077 42r5oolbjfpuqung3prlgb1ajl Query : select 1 valor from information_schema.tables where table_type='base table' and table_name='wsfi039fields'
20240509@081753.3094 42r5oolbjfpuqung3prlgb1ajl Query : select fieldkey,fieldname,fieldtype,mandatory from wsfi039fields
20240509@081753.3141 42r5oolbjfpuqung3prlgb1ajl Query : select 1 valor from information_schema.tables where table_type='base table' and table_name='wsfi2039fields'
20240509@081753.3156 42r5oolbjfpuqung3prlgb1ajl Query : select fieldkey,fieldname,fieldtype,mandatory from wsfi2039fields
20240509@081753.3161 42r5oolbjfpuqung3prlgb1ajl Query : select sestamp valor from se where ref ='324.698.00.01' and lote = 'r2301182200a'
20240509@081753.3174 42r5oolbjfpuqung3prlgb1ajl Query : select top 1 convert(numeric(6,2),t.taxa) valor from taxasiva t where t.codigo='2'
20240509@081753.3186 42r5oolbjfpuqung3prlgb1ajl Query : select 1 valor from information_schema.tables where table_type='base table' and table_name='wsfi039fields'
20240509@081753.3201 42r5oolbjfpuqung3prlgb1ajl Query : select fieldkey,fieldname,fieldtype,calcformula from wsfi039fields
20240509@081753.3235 42r5oolbjfpuqung3prlgb1ajl Query : insert into wsfi039data (fistamp,ousrdata, ousrhora, usrdata,usrhora,ousrinis,usrinis ,qtt ,ftstamp ,epv,pvmoeda ,tabiva,iva,lordem ,ref, design ,lote,armazem,bistamp ) values ('aut663c713824663c78a14d',getdate(),convert(char(8),convert (time,getdate())),getdate(),convert(char(8),convert (time,getdate())),'wsv','wsv',1.000 ,'aut663c746831663c78a12d' ,0,0 ,2,23.00,10000,?,?,?,?,?)
20240509@081753.3482 42r5oolbjfpuqung3prlgb1ajl Query : select 1 valor from information_schema.tables where table_type='base table' and table_name='wsfi2039fields'
20240509@081753.3504 42r5oolbjfpuqung3prlgb1ajl Query : select fieldkey,fieldname,fieldtype,calcformula from wsfi2039fields
20240509@081753.3510 42r5oolbjfpuqung3prlgb1ajl Query : insert into wsfi2039data (fi2stamp,ftstamp ,ousrdata, ousrhora, usrdata,usrhora,ousrinis,usrinis) values ('aut663c713824663c78a14d','aut663c746831663c78a12d' ,getdate(),convert(char(8),convert (time,getdate())),getdate(),convert(char(8),convert (time,getdate())),'wsv','wsv')
20240509@081753.3515 42r5oolbjfpuqung3prlgb1ajl Query : select 1 valor from information_schema.tables where table_type='base table' and table_name='wsfi039fields'
20240509@081753.3529 42r5oolbjfpuqung3prlgb1ajl Query : select fieldkey,fieldname,fieldtype,mandatory from wsfi039fields
20240509@081753.3552 42r5oolbjfpuqung3prlgb1ajl Query : select 1 valor from information_schema.tables where table_type='base table' and table_name='wsfi2039fields'
20240509@081753.3566 42r5oolbjfpuqung3prlgb1ajl Query : select fieldkey,fieldname,fieldtype,mandatory from wsfi2039fields
20240509@081753.3570 42r5oolbjfpuqung3prlgb1ajl Query : select top 1 convert(numeric(6,2),t.taxa) valor from taxasiva t where t.codigo='2'
20240509@081753.3580 42r5oolbjfpuqung3prlgb1ajl Query : select 1 valor from information_schema.tables where table_type='base table' and table_name='wsfi039fields'
20240509@081753.3606 42r5oolbjfpuqung3prlgb1ajl Query : select fieldkey,fieldname,fieldtype,calcformula from wsfi039fields
20240509@081753.3634 42r5oolbjfpuqung3prlgb1ajl Query : insert into wsfi039data (fistamp,ousrdata, ousrhora, usrdata,usrhora,ousrinis,usrinis ,qtt ,ftstamp ,epv,pvmoeda ,tabiva,iva,lordem ,ref, design ,armazem) values ('aut663c713642663c78a157',getdate(),convert(char(8),convert (time,getdate())),getdate(),convert(char(8),convert (time,getdate())),'wsv','wsv',0 ,'aut663c746831663c78a12d' ,0,0 ,2,23.00,20000,?,?,?)
20240509@081753.3874 42r5oolbjfpuqung3prlgb1ajl Query : select 1 valor from information_schema.tables where table_type='base table' and table_name='wsfi2039fields'
20240509@081753.3891 42r5oolbjfpuqung3prlgb1ajl Query : select fieldkey,fieldname,fieldtype,calcformula from wsfi2039fields
20240509@081753.3896 42r5oolbjfpuqung3prlgb1ajl Query : insert into wsfi2039data (fi2stamp,ftstamp ,ousrdata, ousrhora, usrdata,usrhora,ousrinis,usrinis) values ('aut663c713642663c78a157','aut663c746831663c78a12d' ,getdate(),convert(char(8),convert (time,getdate())),getdate(),convert(char(8),convert (time,getdate())),'wsv','wsv')
20240509@081753.3901 42r5oolbjfpuqung3prlgb1ajl Query : insert into wsftcreationlog (initialftstamp,externalid,creationstatus,documenttypeid,idustamp) values ('aut663c746831663c78a12d','2403279','wait',39,'ari17112337378,753000005')
20240509@081753.3922 42r5oolbjfpuqung3prlgb1ajl Query : use flama_phc
20240509@081753.3925 42r5oolbjfpuqung3prlgb1ajl Query : update u_wsusers set rqsttoken =? where userid ='userls001'
20240509@081753.3938 42r5oolbjfpuqung3prlgb1ajl Query : select concat(rtrim(relative_path),ltrim(name_new)) as valor from uploadfiles where uploadfile_id='1568';
20240509@081753.3953 42r5oolbjfpuqung3prlgb1ajl Query : update uploadfiles set whenupdated=current_timestamp where uploadfile_id='1568';
20240509@081753.3981 42r5oolbjfpuqung3prlgb1ajl Query : select concat(rtrim(relative_path),ltrim(name_new)) as valor from uploadfiles where uploadfile_id='1568';
20240509@081753.3996 42r5oolbjfpuqung3prlgb1ajl Query : update uploadfiles set whenupdated=current_timestamp where uploadfile_id='1568';
20240509@081753.4749 pgkbedrp3ebp9tbn395m22jk3c Query : insert into uploadfiles ( name_original, name_new, option_type, relative_path, whencreated ) values ( ?, ?, ?, ?, getdate() )
20240509@081753.4798 pgkbedrp3ebp9tbn395m22jk3c Query : select uploadfile_id valor from uploadfiles where name_new = ? and option_type = ? 
20240509@081753.4920 pgkbedrp3ebp9tbn395m22jk3c Query : select concat(rtrim(relative_path),ltrim(name_new)) as valor from uploadfiles where uploadfile_id='1569';
20240509@081753.4970 pgkbedrp3ebp9tbn395m22jk3c Query : update uploadfiles set whenupdated=current_timestamp where uploadfile_id='1569';
20240509@081753.5050 pgkbedrp3ebp9tbn395m22jk3c Query : select concat(rtrim(relative_path),ltrim(name_new)) as valor from uploadfiles where uploadfile_id='1569';
20240509@081753.5248 pgkbedrp3ebp9tbn395m22jk3c Query : update uploadfiles set whenupdated=current_timestamp where uploadfile_id='1569';
20240509@081753.5270 pgkbedrp3ebp9tbn395m22jk3c Query : use flama_phc
20240509@081753.5274 pgkbedrp3ebp9tbn395m22jk3c Query : select top 1 secretkey valor from u_wsusers u where u.userid = ? and u.inactivo=0
20240509@081753.5510 pgkbedrp3ebp9tbn395m22jk3c Query : use flama_phc
20240509@081753.5550 pgkbedrp3ebp9tbn395m22jk3c Query : select no, estab,szadrsdesc from szadrs where u_coddest=4740
20240509@081753.5775 pgkbedrp3ebp9tbn395m22jk3c Query : select top 1 isnull(design,'') valor from st (nolock) left join stobs (nolock) on st.ref = stobs.ref where st.ref = '324.1684.00.1'
20240509@081753.7372 pgkbedrp3ebp9tbn395m22jk3c Query : select top 1 bistamp valor from bi inner join bo on bo.bostamp=bi.bostamp where bo.ndos =240 and bo.boano =2032 and bo.obrano = 2403282 and bi.ref ='324.1684.00.1' and bi.lordem =1
20240509@081753.7942 pgkbedrp3ebp9tbn395m22jk3c Query : use flama_phc
20240509@081753.7946 pgkbedrp3ebp9tbn395m22jk3c Query : select top 1 convert(date,fdata) valor from ft where ndoc = 39 and anulado= 0 and fno>0 order by fdata desc
20240509@081753.8106 pgkbedrp3ebp9tbn395m22jk3c Query : use flama_phc
20240509@081753.8148 pgkbedrp3ebp9tbn395m22jk3c Query : select top 1 1 valor from td where td.ndoc = 39
20240509@081753.8355 pgkbedrp3ebp9tbn395m22jk3c Query : use flama_phc
20240509@081753.8396 pgkbedrp3ebp9tbn395m22jk3c Query : select descricao ,case when valor='s' then 1 else 0 end usalotes from para1 where descricao in ('st_lote')
20240509@081753.8606 pgkbedrp3ebp9tbn395m22jk3c Query : select top 1 assinadoc issigned ,td.lancasl stocks ,'cl' origin ,case when (cmsl between 1 and 50 ) then 1 else 0 end entrada ,case when (cmsl>50 ) then 1 else 0 end saida ,~lotestock validatestock ,tiposaft from td inner join td2 on td.tdstamp=td2.td2stamp where td.ndoc =39
20240509@081753.8767 pgkbedrp3ebp9tbn395m22jk3c Query : use flama_phc
20240509@081753.8772 pgkbedrp3ebp9tbn395m22jk3c Query : select top 1 ~inactivo valor from cl where no = '100810' and estab = 0 order by inactivo desc
20240509@081753.8911 pgkbedrp3ebp9tbn395m22jk3c Query : use flama_phc
20240509@081753.8915 pgkbedrp3ebp9tbn395m22jk3c Query : select top 1 tipodoc,regrd from td where ndoc = 39
20240509@081753.8928 pgkbedrp3ebp9tbn395m22jk3c Query : use flama_phc
20240509@081753.8932 pgkbedrp3ebp9tbn395m22jk3c Query : select szadrsstamp valor from szadrs where szadrsdesc='espaÇotrans,lda'
20240509@081753.8952 pgkbedrp3ebp9tbn395m22jk3c Query : use flama_phc
20240509@081753.8955 pgkbedrp3ebp9tbn395m22jk3c Query : select szadrsstamp valor from szadrs where szadrsdesc='100810 - worten-equipamentos para o lar,sa.'
20240509@081753.9196 pgkbedrp3ebp9tbn395m22jk3c Query : use flama_phc
20240509@081753.9208 pgkbedrp3ebp9tbn395m22jk3c Query : select 1 valor from td where ndoc = 39
20240509@081753.9222 pgkbedrp3ebp9tbn395m22jk3c Query : select top 1 manternumero, tiposaft, nmdos,td.assinadoc from td where td.ndoc = 39
20240509@081753.9302 pgkbedrp3ebp9tbn395m22jk3c Query : select 1 valor from information_schema.tables where table_type='base table' and table_name='wsft039fields'
20240509@081753.9520 pgkbedrp3ebp9tbn395m22jk3c Query : select fieldkey,fieldname,fieldtype,mandatory from wsft039fields
20240509@081753.9900 pgkbedrp3ebp9tbn395m22jk3c Query : select 1 valor from information_schema.tables where table_type='base table' and table_name='wsft2039fields'
20240509@081754.5600 pgkbedrp3ebp9tbn395m22jk3c Query : select fieldkey,fieldname,fieldtype,mandatory from wsft2039fields
20240509@081754.2130 pgkbedrp3ebp9tbn395m22jk3c Query : select 1 valor from information_schema.tables where table_type='base table' and table_name='wsft3039fields'
20240509@081754.2290 pgkbedrp3ebp9tbn395m22jk3c Query : select fieldkey,fieldname,fieldtype,mandatory from wsft3039fields
20240509@081754.2470 pgkbedrp3ebp9tbn395m22jk3c Query : select top 1 ft.fno valor from ft ft where ft.ndoc = 39 and ftano=2024 order by fno desc
20240509@081754.5160 pgkbedrp3ebp9tbn395m22jk3c Query : select top 1 ft.fno valor from wsft039data ft where ft.ndoc = 39 and ftano=2024 order by fno desc
20240509@081754.5720 pgkbedrp3ebp9tbn395m22jk3c Query : select 1 valor from information_schema.tables where table_type='base table' and table_name='wsft3039fields'
20240509@081754.5880 pgkbedrp3ebp9tbn395m22jk3c Query : select fieldkey,fieldname,fieldtype,calcformula from wsft3039fields
20240509@081754.8500 pgkbedrp3ebp9tbn395m22jk3c Query : insert into wsft3039data (ft3stamp, ousrdata, ousrhora, usrdata,usrhora,ousrinis,usrinis,taxpointdt ) values ('aut663c729179663c78a206' ,getdate(),convert(char(8),convert (time,getdate())),getdate(),convert(char(8),convert (time,getdate())),'wsv','wsv',?)
20240509@081754.1151 pgkbedrp3ebp9tbn395m22jk3c Query : select 1 valor from information_schema.tables where table_type='base table' and table_name='wsft2039fields'
20240509@081754.1361 pgkbedrp3ebp9tbn395m22jk3c Query : select fieldkey,fieldname,fieldtype,calcformula from wsft2039fields
20240509@081754.1593 pgkbedrp3ebp9tbn395m22jk3c Query : select top 1 bo.u_nomeenv valor from bo where bo.bostamp=''
20240509@081754.1675 pgkbedrp3ebp9tbn395m22jk3c Query : select top 1 bo.u_moradaen valor from bo where bo.bostamp=''
20240509@081754.1690 pgkbedrp3ebp9tbn395m22jk3c Query : select top 1 bo.u_codposen valor from bo where bo.bostamp=''
20240509@081754.1696 pgkbedrp3ebp9tbn395m22jk3c Query : select top 1 bo.u_localenv valor from bo where bo.bostamp=''
20240509@081754.1702 pgkbedrp3ebp9tbn395m22jk3c Query : select top 1 bo.trab5 valor from bo where bo.bostamp=''
20240509@081754.1708 pgkbedrp3ebp9tbn395m22jk3c Query : select top 1 bo.serie valor from bo where bo.bostamp=''
20240509@081754.1713 pgkbedrp3ebp9tbn395m22jk3c Query : insert into wsft2039data (ft2stamp, ousrdata,ousrhora, usrdata,usrhora,ousrinis,usrinis,u_nomeenv ,u_moradaen ,u_codposen ,u_localenv ,u_coddest ,u_codby ) values ('aut663c729179663c78a206',getdate(),convert(char(8),convert (time,getdate())),getdate(),convert(char(8),convert (time,getdate())),'wsv','wsv',?,?,?,?,?,?)
20240509@081754.2096 pgkbedrp3ebp9tbn395m22jk3c Query : select top 1 fno valor from wsft039data order by fno desc
20240509@081754.2225 pgkbedrp3ebp9tbn395m22jk3c Query : select 1 valor from information_schema.tables where table_type='base table' and table_name='wsft039fields'
20240509@081754.2240 pgkbedrp3ebp9tbn395m22jk3c Query : select fieldkey,fieldname,fieldtype,calcformula from wsft039fields
20240509@081754.2852 pgkbedrp3ebp9tbn395m22jk3c Query : insert into wsft039data (ftstamp, ousrdata,ousrhora, usrdata,usrhora,ousrinis,usrinis,fno,no,estab,fdata,ndoc,moeda,cambio,cambiofixo,ftano,cdata,chora,carga,descar,site ,classe ) values ('aut663c729179663c78a206',getdate(),convert(char(8),convert (time,getdate())),getdate(),convert(char(8),convert (time,getdate())),'wsv','wsv',1253,100810,0,'2024-05-09',39,'euro',0,0,2024 ,'20240509','0847',?,?,?,?)
20240509@081754.3814 pgkbedrp3ebp9tbn395m22jk3c Query : use flama_phc
20240509@081754.4208 pgkbedrp3ebp9tbn395m22jk3c Query : select st.usalote valor from st where st.ref = '324.1684.00.1'
20240509@081754.4576 pgkbedrp3ebp9tbn395m22jk3c Query : select top 1 st.tabiva ,st.ivaincl ,st.stns ,st.uni2 ,st.familia ,isnull(tx.taxa, 0) txiva ,unidade ,usalote ,epcpond ,noserie from st left join taxasiva tx on st.tabiva = tx.codigo where st.ref = '324.1684.00.1'
20240509@081754.4979 pgkbedrp3ebp9tbn395m22jk3c Query : select 1 valor from information_schema.tables where table_type='base table' and table_name='wsfi039fields'
20240509@081754.5000 pgkbedrp3ebp9tbn395m22jk3c Query : select fieldkey,fieldname,fieldtype,mandatory from wsfi039fields
20240509@081754.5410 pgkbedrp3ebp9tbn395m22jk3c Query : select 1 valor from information_schema.tables where table_type='base table' and table_name='wsfi2039fields'
20240509@081754.5623 pgkbedrp3ebp9tbn395m22jk3c Query : select fieldkey,fieldname,fieldtype,mandatory from wsfi2039fields
20240509@081754.5704 pgkbedrp3ebp9tbn395m22jk3c Query : select sestamp valor from se where ref ='324.1684.00.1' and lote = 'r2301217200a'
20240509@081754.5884 pgkbedrp3ebp9tbn395m22jk3c Query : select top 1 convert(numeric(6,2),t.taxa) valor from taxasiva t where t.codigo='2'
20240509@081754.5897 pgkbedrp3ebp9tbn395m22jk3c Query : select 1 valor from information_schema.tables where table_type='base table' and table_name='wsfi039fields'
20240509@081754.6074 pgkbedrp3ebp9tbn395m22jk3c Query : select fieldkey,fieldname,fieldtype,calcformula from wsfi039fields
20240509@081754.6107 pgkbedrp3ebp9tbn395m22jk3c Query : insert into wsfi039data (fistamp,ousrdata, ousrhora, usrdata,usrhora,ousrinis,usrinis ,qtt ,ftstamp ,epv,pvmoeda ,tabiva,iva,lordem ,ref, design ,lote,armazem,bistamp ) values ('aut663c721400663c78a28f',getdate(),convert(char(8),convert (time,getdate())),getdate(),convert(char(8),convert (time,getdate())),'wsv','wsv',1.000 ,'aut663c729179663c78a206' ,0,0 ,2,23.00,10000,?,?,?,?,?)
20240509@081754.6631 pgkbedrp3ebp9tbn395m22jk3c Query : select 1 valor from information_schema.tables where table_type='base table' and table_name='wsfi2039fields'
20240509@081754.6817 pgkbedrp3ebp9tbn395m22jk3c Query : select fieldkey,fieldname,fieldtype,calcformula from wsfi2039fields
20240509@081754.6822 pgkbedrp3ebp9tbn395m22jk3c Query : insert into wsfi2039data (fi2stamp,ftstamp ,ousrdata, ousrhora, usrdata,usrhora,ousrinis,usrinis) values ('aut663c721400663c78a28f','aut663c729179663c78a206' ,getdate(),convert(char(8),convert (time,getdate())),getdate(),convert(char(8),convert (time,getdate())),'wsv','wsv')
20240509@081754.6827 pgkbedrp3ebp9tbn395m22jk3c Query : insert into wsftcreationlog (initialftstamp,externalid,creationstatus,documenttypeid,idustamp) values ('aut663c729179663c78a206','2403282','wait',39,'ari17112337378,753000005')
20240509@081754.6990 pgkbedrp3ebp9tbn395m22jk3c Query : use flama_phc
20240509@081754.7028 pgkbedrp3ebp9tbn395m22jk3c Query : update u_wsusers set rqsttoken =? where userid ='userls001'
20240509@081754.7082 pgkbedrp3ebp9tbn395m22jk3c Query : select concat(rtrim(relative_path),ltrim(name_new)) as valor from uploadfiles where uploadfile_id='1569';
20240509@081754.7296 pgkbedrp3ebp9tbn395m22jk3c Query : update uploadfiles set whenupdated=current_timestamp where uploadfile_id='1569';
20240509@081754.7390 pgkbedrp3ebp9tbn395m22jk3c Query : select concat(rtrim(relative_path),ltrim(name_new)) as valor from uploadfiles where uploadfile_id='1569';
20240509@081754.7603 pgkbedrp3ebp9tbn395m22jk3c Query : update uploadfiles set whenupdated=current_timestamp where uploadfile_id='1569';
20240509@081754.8102 ufs39ki4nobdrbjc5j3i4cl5is Query : insert into uploadfiles ( name_original, name_new, option_type, relative_path, whencreated ) values ( ?, ?, ?, ?, getdate() )
20240509@081754.8131 ufs39ki4nobdrbjc5j3i4cl5is Query : select uploadfile_id valor from uploadfiles where name_new = ? and option_type = ? 
20240509@081754.8154 ufs39ki4nobdrbjc5j3i4cl5is Query : select concat(rtrim(relative_path),ltrim(name_new)) as valor from uploadfiles where uploadfile_id='1570';
20240509@081754.8200 ufs39ki4nobdrbjc5j3i4cl5is Query : update uploadfiles set whenupdated=current_timestamp where uploadfile_id='1570';
20240509@081754.8220 ufs39ki4nobdrbjc5j3i4cl5is Query : select concat(rtrim(relative_path),ltrim(name_new)) as valor from uploadfiles where uploadfile_id='1570';
20240509@081754.8240 ufs39ki4nobdrbjc5j3i4cl5is Query : update uploadfiles set whenupdated=current_timestamp where uploadfile_id='1570';
20240509@081754.8259 ufs39ki4nobdrbjc5j3i4cl5is Query : use flama_phc
20240509@081754.8263 ufs39ki4nobdrbjc5j3i4cl5is Query : select top 1 secretkey valor from u_wsusers u where u.userid = ? and u.inactivo=0
20240509@081754.8279 ufs39ki4nobdrbjc5j3i4cl5is Query : use flama_phc
20240509@081754.8282 ufs39ki4nobdrbjc5j3i4cl5is Query : select no, estab,szadrsdesc from szadrs where u_coddest=4740
20240509@081754.8322 ufs39ki4nobdrbjc5j3i4cl5is Query : select top 1 isnull(design,'') valor from st (nolock) left join stobs (nolock) on st.ref = stobs.ref where st.ref = '326.595.00.01'
20240509@081754.8486 ufs39ki4nobdrbjc5j3i4cl5is Query : select top 1 bistamp valor from bi inner join bo on bo.bostamp=bi.bostamp where bo.ndos =240 and bo.boano =2032 and bo.obrano = 2403287 and bi.ref ='326.595.00.01' and bi.lordem =1
20240509@081754.8822 ufs39ki4nobdrbjc5j3i4cl5is Query : use flama_phc
20240509@081754.8826 ufs39ki4nobdrbjc5j3i4cl5is Query : select top 1 convert(date,fdata) valor from ft where ndoc = 39 and anulado= 0 and fno>0 order by fdata desc
20240509@081754.8840 ufs39ki4nobdrbjc5j3i4cl5is Query : use flama_phc
20240509@081754.8843 ufs39ki4nobdrbjc5j3i4cl5is Query : select top 1 1 valor from td where td.ndoc = 39
20240509@081754.8854 ufs39ki4nobdrbjc5j3i4cl5is Query : use flama_phc
20240509@081754.8857 ufs39ki4nobdrbjc5j3i4cl5is Query : select descricao ,case when valor='s' then 1 else 0 end usalotes from para1 where descricao in ('st_lote')
20240509@081754.8868 ufs39ki4nobdrbjc5j3i4cl5is Query : select top 1 assinadoc issigned ,td.lancasl stocks ,'cl' origin ,case when (cmsl between 1 and 50 ) then 1 else 0 end entrada ,case when (cmsl>50 ) then 1 else 0 end saida ,~lotestock validatestock ,tiposaft from td inner join td2 on td.tdstamp=td2.td2stamp where td.ndoc =39
20240509@081754.8883 ufs39ki4nobdrbjc5j3i4cl5is Query : use flama_phc
20240509@081754.8886 ufs39ki4nobdrbjc5j3i4cl5is Query : select top 1 ~inactivo valor from cl where no = '100810' and estab = 0 order by inactivo desc
20240509@081754.8897 ufs39ki4nobdrbjc5j3i4cl5is Query : use flama_phc
20240509@081754.8900 ufs39ki4nobdrbjc5j3i4cl5is Query : select top 1 tipodoc,regrd from td where ndoc = 39
20240509@081754.8911 ufs39ki4nobdrbjc5j3i4cl5is Query : use flama_phc
20240509@081754.8914 ufs39ki4nobdrbjc5j3i4cl5is Query : select szadrsstamp valor from szadrs where szadrsdesc='espaÇotrans,lda'
20240509@081754.8938 ufs39ki4nobdrbjc5j3i4cl5is Query : use flama_phc
20240509@081754.8941 ufs39ki4nobdrbjc5j3i4cl5is Query : select szadrsstamp valor from szadrs where szadrsdesc='100810 - worten-equipamentos para o lar,sa.'
20240509@081754.8955 ufs39ki4nobdrbjc5j3i4cl5is Query : use flama_phc
20240509@081754.8959 ufs39ki4nobdrbjc5j3i4cl5is Query : select 1 valor from td where ndoc = 39
20240509@081754.8969 ufs39ki4nobdrbjc5j3i4cl5is Query : select top 1 manternumero, tiposaft, nmdos,td.assinadoc from td where td.ndoc = 39
20240509@081754.8981 ufs39ki4nobdrbjc5j3i4cl5is Query : select 1 valor from information_schema.tables where table_type='base table' and table_name='wsft039fields'
20240509@081754.8995 ufs39ki4nobdrbjc5j3i4cl5is Query : select fieldkey,fieldname,fieldtype,mandatory from wsft039fields
20240509@081754.9012 ufs39ki4nobdrbjc5j3i4cl5is Query : select 1 valor from information_schema.tables where table_type='base table' and table_name='wsft2039fields'
20240509@081754.9025 ufs39ki4nobdrbjc5j3i4cl5is Query : select fieldkey,fieldname,fieldtype,mandatory from wsft2039fields
20240509@081754.9059 ufs39ki4nobdrbjc5j3i4cl5is Query : select 1 valor from information_schema.tables where table_type='base table' and table_name='wsft3039fields'
20240509@081754.9073 ufs39ki4nobdrbjc5j3i4cl5is Query : select fieldkey,fieldname,fieldtype,mandatory from wsft3039fields
20240509@081754.9084 ufs39ki4nobdrbjc5j3i4cl5is Query : select top 1 ft.fno valor from ft ft where ft.ndoc = 39 and ftano=2024 order by fno desc
20240509@081754.9174 ufs39ki4nobdrbjc5j3i4cl5is Query : select top 1 ft.fno valor from wsft039data ft where ft.ndoc = 39 and ftano=2024 order by fno desc
20240509@081754.9184 ufs39ki4nobdrbjc5j3i4cl5is Query : select 1 valor from information_schema.tables where table_type='base table' and table_name='wsft3039fields'
20240509@081754.9198 ufs39ki4nobdrbjc5j3i4cl5is Query : select fieldkey,fieldname,fieldtype,calcformula from wsft3039fields
20240509@081754.9209 ufs39ki4nobdrbjc5j3i4cl5is Query : insert into wsft3039data (ft3stamp, ousrdata, ousrhora, usrdata,usrhora,ousrinis,usrinis,taxpointdt ) values ('aut663c799621663c78a2dd' ,getdate(),convert(char(8),convert (time,getdate())),getdate(),convert(char(8),convert (time,getdate())),'wsv','wsv',?)
20240509@081754.9361 ufs39ki4nobdrbjc5j3i4cl5is Query : select 1 valor from information_schema.tables where table_type='base table' and table_name='wsft2039fields'
20240509@081754.9378 ufs39ki4nobdrbjc5j3i4cl5is Query : select fieldkey,fieldname,fieldtype,calcformula from wsft2039fields
20240509@081754.9419 ufs39ki4nobdrbjc5j3i4cl5is Query : select top 1 bo.u_nomeenv valor from bo where bo.bostamp=''
20240509@081754.9424 ufs39ki4nobdrbjc5j3i4cl5is Query : select top 1 bo.u_moradaen valor from bo where bo.bostamp=''
20240509@081754.9430 ufs39ki4nobdrbjc5j3i4cl5is Query : select top 1 bo.u_codposen valor from bo where bo.bostamp=''
20240509@081754.9435 ufs39ki4nobdrbjc5j3i4cl5is Query : select top 1 bo.u_localenv valor from bo where bo.bostamp=''
20240509@081754.9439 ufs39ki4nobdrbjc5j3i4cl5is Query : select top 1 bo.trab5 valor from bo where bo.bostamp=''
20240509@081754.9444 ufs39ki4nobdrbjc5j3i4cl5is Query : select top 1 bo.serie valor from bo where bo.bostamp=''
20240509@081754.9448 ufs39ki4nobdrbjc5j3i4cl5is Query : insert into wsft2039data (ft2stamp, ousrdata,ousrhora, usrdata,usrhora,ousrinis,usrinis,u_nomeenv ,u_moradaen ,u_codposen ,u_localenv ,u_coddest ,u_codby ) values ('aut663c799621663c78a2dd',getdate(),convert(char(8),convert (time,getdate())),getdate(),convert(char(8),convert (time,getdate())),'wsv','wsv',?,?,?,?,?,?)
20240509@081754.9684 ufs39ki4nobdrbjc5j3i4cl5is Query : select top 1 fno valor from wsft039data order by fno desc
20240509@081754.9703 ufs39ki4nobdrbjc5j3i4cl5is Query : select 1 valor from information_schema.tables where table_type='base table' and table_name='wsft039fields'
20240509@081754.9720 ufs39ki4nobdrbjc5j3i4cl5is Query : select fieldkey,fieldname,fieldtype,calcformula from wsft039fields
20240509@081754.9739 ufs39ki4nobdrbjc5j3i4cl5is Query : insert into wsft039data (ftstamp, ousrdata,ousrhora, usrdata,usrhora,ousrinis,usrinis,fno,no,estab,fdata,ndoc,moeda,cambio,cambiofixo,ftano,cdata,chora,carga,descar,site ,classe ) values ('aut663c799621663c78a2dd',getdate(),convert(char(8),convert (time,getdate())),getdate(),convert(char(8),convert (time,getdate())),'wsv','wsv',1254,100810,0,'2024-05-09',39,'euro',0,0,2024 ,'20240509','0847',?,?,?,?)
20240509@081755.0000 ufs39ki4nobdrbjc5j3i4cl5is Query : use flama_phc
20240509@081755.6000 ufs39ki4nobdrbjc5j3i4cl5is Query : select st.usalote valor from st where st.ref = '326.595.00.01'
20240509@081755.2100 ufs39ki4nobdrbjc5j3i4cl5is Query : select top 1 st.tabiva ,st.ivaincl ,st.stns ,st.uni2 ,st.familia ,isnull(tx.taxa, 0) txiva ,unidade ,usalote ,epcpond ,noserie from st left join taxasiva tx on st.tabiva = tx.codigo where st.ref = '326.595.00.01'
20240509@081755.1800 ufs39ki4nobdrbjc5j3i4cl5is Query : select 1 valor from information_schema.tables where table_type='base table' and table_name='wsfi039fields'
20240509@081755.1940 ufs39ki4nobdrbjc5j3i4cl5is Query : select fieldkey,fieldname,fieldtype,mandatory from wsfi039fields
20240509@081755.2180 ufs39ki4nobdrbjc5j3i4cl5is Query : select 1 valor from information_schema.tables where table_type='base table' and table_name='wsfi2039fields'
20240509@081755.2310 ufs39ki4nobdrbjc5j3i4cl5is Query : select fieldkey,fieldname,fieldtype,mandatory from wsfi2039fields
20240509@081755.2350 ufs39ki4nobdrbjc5j3i4cl5is Query : select sestamp valor from se where ref ='326.595.00.01' and lote = 'r2301243100a'
20240509@081755.2460 ufs39ki4nobdrbjc5j3i4cl5is Query : select top 1 convert(numeric(6,2),t.taxa) valor from taxasiva t where t.codigo='2'
20240509@081755.2570 ufs39ki4nobdrbjc5j3i4cl5is Query : select 1 valor from information_schema.tables where table_type='base table' and table_name='wsfi039fields'
20240509@081755.2790 ufs39ki4nobdrbjc5j3i4cl5is Query : select fieldkey,fieldname,fieldtype,calcformula from wsfi039fields
20240509@081755.3040 ufs39ki4nobdrbjc5j3i4cl5is Query : insert into wsfi039data (fistamp,ousrdata, ousrhora, usrdata,usrhora,ousrinis,usrinis ,qtt ,ftstamp ,epv,pvmoeda ,tabiva,iva,lordem ,ref, design ,lote,armazem,bistamp ) values ('aut663c783598663c78a306',getdate(),convert(char(8),convert (time,getdate())),getdate(),convert(char(8),convert (time,getdate())),'wsv','wsv',22.000 ,'aut663c799621663c78a2dd' ,0,0 ,2,23.00,10000,?,?,?,?,?)
20240509@081755.5480 ufs39ki4nobdrbjc5j3i4cl5is Query : select 1 valor from information_schema.tables where table_type='base table' and table_name='wsfi2039fields'
20240509@081755.5640 ufs39ki4nobdrbjc5j3i4cl5is Query : select fieldkey,fieldname,fieldtype,calcformula from wsfi2039fields
20240509@081755.5680 ufs39ki4nobdrbjc5j3i4cl5is Query : insert into wsfi2039data (fi2stamp,ftstamp ,ousrdata, ousrhora, usrdata,usrhora,ousrinis,usrinis) values ('aut663c783598663c78a306','aut663c799621663c78a2dd' ,getdate(),convert(char(8),convert (time,getdate())),getdate(),convert(char(8),convert (time,getdate())),'wsv','wsv')
20240509@081755.5730 ufs39ki4nobdrbjc5j3i4cl5is Query : insert into wsftcreationlog (initialftstamp,externalid,creationstatus,documenttypeid,idustamp) values ('aut663c799621663c78a2dd','2403287','wait',39,'ari17112337378,753000005')
20240509@081755.5930 ufs39ki4nobdrbjc5j3i4cl5is Query : use flama_phc
20240509@081755.5970 ufs39ki4nobdrbjc5j3i4cl5is Query : update u_wsusers set rqsttoken =? where userid ='userls001'
20240509@081755.6090 ufs39ki4nobdrbjc5j3i4cl5is Query : select concat(rtrim(relative_path),ltrim(name_new)) as valor from uploadfiles where uploadfile_id='1570';
20240509@081755.6250 ufs39ki4nobdrbjc5j3i4cl5is Query : update uploadfiles set whenupdated=current_timestamp where uploadfile_id='1570';
20240509@081755.6510 ufs39ki4nobdrbjc5j3i4cl5is Query : select concat(rtrim(relative_path),ltrim(name_new)) as valor from uploadfiles where uploadfile_id='1570';
20240509@081755.6700 ufs39ki4nobdrbjc5j3i4cl5is Query : update uploadfiles set whenupdated=current_timestamp where uploadfile_id='1570';
20240509@081755.1047 8abh9bsvp8e7ej8ldiq6k44ub5 Query : insert into uploadfiles ( name_original, name_new, option_type, relative_path, whencreated ) values ( ?, ?, ?, ?, getdate() )
20240509@081755.1060 8abh9bsvp8e7ej8ldiq6k44ub5 Query : select uploadfile_id valor from uploadfiles where name_new = ? and option_type = ? 
20240509@081755.1089 8abh9bsvp8e7ej8ldiq6k44ub5 Query : select concat(rtrim(relative_path),ltrim(name_new)) as valor from uploadfiles where uploadfile_id='1571';
20240509@081755.1128 8abh9bsvp8e7ej8ldiq6k44ub5 Query : update uploadfiles set whenupdated=current_timestamp where uploadfile_id='1571';
20240509@081755.1150 8abh9bsvp8e7ej8ldiq6k44ub5 Query : select concat(rtrim(relative_path),ltrim(name_new)) as valor from uploadfiles where uploadfile_id='1571';
20240509@081755.1164 8abh9bsvp8e7ej8ldiq6k44ub5 Query : update uploadfiles set whenupdated=current_timestamp where uploadfile_id='1571';
20240509@081755.1180 8abh9bsvp8e7ej8ldiq6k44ub5 Query : use flama_phc
20240509@081755.1190 8abh9bsvp8e7ej8ldiq6k44ub5 Query : select top 1 secretkey valor from u_wsusers u where u.userid = ? and u.inactivo=0
20240509@081755.1215 8abh9bsvp8e7ej8ldiq6k44ub5 Query : use flama_phc
20240509@081755.1218 8abh9bsvp8e7ej8ldiq6k44ub5 Query : select no, estab,szadrsdesc from szadrs where u_coddest=4790
20240509@081755.1247 8abh9bsvp8e7ej8ldiq6k44ub5 Query : select top 1 isnull(design,'') valor from st (nolock) left join stobs (nolock) on st.ref = stobs.ref where st.ref = '324.1646.00.1'
20240509@081755.1407 8abh9bsvp8e7ej8ldiq6k44ub5 Query : select top 1 bistamp valor from bi inner join bo on bo.bostamp=bi.bostamp where bo.ndos =240 and bo.boano =2032 and bo.obrano = 2403288 and bi.ref ='324.1646.00.1' and bi.lordem =1
20240509@081755.1742 8abh9bsvp8e7ej8ldiq6k44ub5 Query : select top 1 isnull(design,'') valor from st (nolock) left join stobs (nolock) on st.ref = stobs.ref where st.ref = '324.1646.00.1'
20240509@081755.1754 8abh9bsvp8e7ej8ldiq6k44ub5 Query : select top 1 bistamp valor from bi inner join bo on bo.bostamp=bi.bostamp where bo.ndos =240 and bo.boano =2032 and bo.obrano = 2403288 and bi.ref ='324.1646.00.1' and bi.lordem =1
20240509@081755.1760 8abh9bsvp8e7ej8ldiq6k44ub5 Query : select top 1 isnull(design,'') valor from st (nolock) left join stobs (nolock) on st.ref = stobs.ref where st.ref = '324.1646.00.1'
20240509@081755.1770 8abh9bsvp8e7ej8ldiq6k44ub5 Query : select top 1 bistamp valor from bi inner join bo on bo.bostamp=bi.bostamp where bo.ndos =240 and bo.boano =2032 and bo.obrano = 2403288 and bi.ref ='324.1646.00.1' and bi.lordem =1
20240509@081755.1776 8abh9bsvp8e7ej8ldiq6k44ub5 Query : use flama_phc
20240509@081755.1782 8abh9bsvp8e7ej8ldiq6k44ub5 Query : select top 1 convert(date,fdata) valor from ft where ndoc = 39 and anulado= 0 and fno>0 order by fdata desc
20240509@081755.1795 8abh9bsvp8e7ej8ldiq6k44ub5 Query : use flama_phc
20240509@081755.1798 8abh9bsvp8e7ej8ldiq6k44ub5 Query : select top 1 1 valor from td where td.ndoc = 39
20240509@081755.1808 8abh9bsvp8e7ej8ldiq6k44ub5 Query : use flama_phc
20240509@081755.1811 8abh9bsvp8e7ej8ldiq6k44ub5 Query : select descricao ,case when valor='s' then 1 else 0 end usalotes from para1 where descricao in ('st_lote')
20240509@081755.1821 8abh9bsvp8e7ej8ldiq6k44ub5 Query : select top 1 assinadoc issigned ,td.lancasl stocks ,'cl' origin ,case when (cmsl between 1 and 50 ) then 1 else 0 end entrada ,case when (cmsl>50 ) then 1 else 0 end saida ,~lotestock validatestock ,tiposaft from td inner join td2 on td.tdstamp=td2.td2stamp where td.ndoc =39
20240509@081755.1835 8abh9bsvp8e7ej8ldiq6k44ub5 Query : use flama_phc
20240509@081755.1838 8abh9bsvp8e7ej8ldiq6k44ub5 Query : select top 1 ~inactivo valor from cl where no = '199510' and estab = 0 order by inactivo desc
20240509@081755.1860 8abh9bsvp8e7ej8ldiq6k44ub5 Query : use flama_phc
20240509@081755.1863 8abh9bsvp8e7ej8ldiq6k44ub5 Query : select top 1 tipodoc,regrd from td where ndoc = 39
20240509@081755.1875 8abh9bsvp8e7ej8ldiq6k44ub5 Query : use flama_phc
20240509@081755.1878 8abh9bsvp8e7ej8ldiq6k44ub5 Query : select szadrsstamp valor from szadrs where szadrsdesc='espaÇotrans,lda'
20240509@081755.1888 8abh9bsvp8e7ej8ldiq6k44ub5 Query : use flama_phc
20240509@081755.1891 8abh9bsvp8e7ej8ldiq6k44ub5 Query : select szadrsstamp valor from szadrs where szadrsdesc='199510 - cdnogueira regedoura'
20240509@081755.1902 8abh9bsvp8e7ej8ldiq6k44ub5 Query : use flama_phc
20240509@081755.1905 8abh9bsvp8e7ej8ldiq6k44ub5 Query : select 1 valor from td where ndoc = 39
20240509@081755.1915 8abh9bsvp8e7ej8ldiq6k44ub5 Query : select top 1 manternumero, tiposaft, nmdos,td.assinadoc from td where td.ndoc = 39
20240509@081755.1926 8abh9bsvp8e7ej8ldiq6k44ub5 Query : select 1 valor from information_schema.tables where table_type='base table' and table_name='wsft039fields'
20240509@081755.2012 8abh9bsvp8e7ej8ldiq6k44ub5 Query : select fieldkey,fieldname,fieldtype,mandatory from wsft039fields
20240509@081755.2030 8abh9bsvp8e7ej8ldiq6k44ub5 Query : select 1 valor from information_schema.tables where table_type='base table' and table_name='wsft2039fields'
20240509@081755.2059 8abh9bsvp8e7ej8ldiq6k44ub5 Query : select fieldkey,fieldname,fieldtype,mandatory from wsft2039fields
20240509@081755.2086 8abh9bsvp8e7ej8ldiq6k44ub5 Query : select 1 valor from information_schema.tables where table_type='base table' and table_name='wsft3039fields'
20240509@081755.2342 8abh9bsvp8e7ej8ldiq6k44ub5 Query : select fieldkey,fieldname,fieldtype,mandatory from wsft3039fields
20240509@081755.2354 8abh9bsvp8e7ej8ldiq6k44ub5 Query : select top 1 ft.fno valor from ft ft where ft.ndoc = 39 and ftano=2024 order by fno desc
20240509@081755.2445 8abh9bsvp8e7ej8ldiq6k44ub5 Query : select top 1 ft.fno valor from wsft039data ft where ft.ndoc = 39 and ftano=2024 order by fno desc
20240509@081755.2463 8abh9bsvp8e7ej8ldiq6k44ub5 Query : select 1 valor from information_schema.tables where table_type='base table' and table_name='wsft3039fields'
20240509@081755.2504 8abh9bsvp8e7ej8ldiq6k44ub5 Query : select fieldkey,fieldname,fieldtype,calcformula from wsft3039fields
20240509@081755.2514 8abh9bsvp8e7ej8ldiq6k44ub5 Query : insert into wsft3039data (ft3stamp, ousrdata, ousrhora, usrdata,usrhora,ousrinis,usrinis,taxpointdt ) values ('aut663c780547663c78a339' ,getdate(),convert(char(8),convert (time,getdate())),getdate(),convert(char(8),convert (time,getdate())),'wsv','wsv',?)
20240509@081755.2678 8abh9bsvp8e7ej8ldiq6k44ub5 Query : select 1 valor from information_schema.tables where table_type='base table' and table_name='wsft2039fields'
20240509@081755.2699 8abh9bsvp8e7ej8ldiq6k44ub5 Query : select fieldkey,fieldname,fieldtype,calcformula from wsft2039fields
20240509@081755.2735 8abh9bsvp8e7ej8ldiq6k44ub5 Query : select top 1 bo.u_nomeenv valor from bo where bo.bostamp=''
20240509@081755.2740 8abh9bsvp8e7ej8ldiq6k44ub5 Query : select top 1 bo.u_moradaen valor from bo where bo.bostamp=''
20240509@081755.2744 8abh9bsvp8e7ej8ldiq6k44ub5 Query : select top 1 bo.u_codposen valor from bo where bo.bostamp=''
20240509@081755.2748 8abh9bsvp8e7ej8ldiq6k44ub5 Query : select top 1 bo.u_localenv valor from bo where bo.bostamp=''
20240509@081755.2764 8abh9bsvp8e7ej8ldiq6k44ub5 Query : select top 1 bo.trab5 valor from bo where bo.bostamp=''
20240509@081755.2768 8abh9bsvp8e7ej8ldiq6k44ub5 Query : select top 1 bo.serie valor from bo where bo.bostamp=''
20240509@081755.2772 8abh9bsvp8e7ej8ldiq6k44ub5 Query : insert into wsft2039data (ft2stamp, ousrdata,ousrhora, usrdata,usrhora,ousrinis,usrinis,u_nomeenv ,u_moradaen ,u_codposen ,u_localenv ,u_coddest ,u_codby ) values ('aut663c780547663c78a339',getdate(),convert(char(8),convert (time,getdate())),getdate(),convert(char(8),convert (time,getdate())),'wsv','wsv',?,?,?,?,?,?)
20240509@081755.3029 8abh9bsvp8e7ej8ldiq6k44ub5 Query : select top 1 fno valor from wsft039data order by fno desc
20240509@081755.3070 8abh9bsvp8e7ej8ldiq6k44ub5 Query : select 1 valor from information_schema.tables where table_type='base table' and table_name='wsft039fields'
20240509@081755.3108 8abh9bsvp8e7ej8ldiq6k44ub5 Query : select fieldkey,fieldname,fieldtype,calcformula from wsft039fields
20240509@081755.3193 8abh9bsvp8e7ej8ldiq6k44ub5 Query : insert into wsft039data (ftstamp, ousrdata,ousrhora, usrdata,usrhora,ousrinis,usrinis,fno,no,estab,fdata,ndoc,moeda,cambio,cambiofixo,ftano,cdata,chora,carga,descar,site ,classe ) values ('aut663c780547663c78a339',getdate(),convert(char(8),convert (time,getdate())),getdate(),convert(char(8),convert (time,getdate())),'wsv','wsv',1255,199510,0,'2024-05-09',39,'euro',0,0,2024 ,'20240509','0847',?,?,?,?)
20240509@081755.3569 8abh9bsvp8e7ej8ldiq6k44ub5 Query : use flama_phc
20240509@081755.3574 8abh9bsvp8e7ej8ldiq6k44ub5 Query : select st.usalote valor from st where st.ref = '324.1646.00.1'
20240509@081755.3586 8abh9bsvp8e7ej8ldiq6k44ub5 Query : select top 1 st.tabiva ,st.ivaincl ,st.stns ,st.uni2 ,st.familia ,isnull(tx.taxa, 0) txiva ,unidade ,usalote ,epcpond ,noserie from st left join taxasiva tx on st.tabiva = tx.codigo where st.ref = '324.1646.00.1'
20240509@081755.3769 8abh9bsvp8e7ej8ldiq6k44ub5 Query : select 1 valor from information_schema.tables where table_type='base table' and table_name='wsfi039fields'
20240509@081755.3785 8abh9bsvp8e7ej8ldiq6k44ub5 Query : select fieldkey,fieldname,fieldtype,mandatory from wsfi039fields
20240509@081755.3810 8abh9bsvp8e7ej8ldiq6k44ub5 Query : select 1 valor from information_schema.tables where table_type='base table' and table_name='wsfi2039fields'
20240509@081755.3826 8abh9bsvp8e7ej8ldiq6k44ub5 Query : select fieldkey,fieldname,fieldtype,mandatory from wsfi2039fields
20240509@081755.3831 8abh9bsvp8e7ej8ldiq6k44ub5 Query : select sestamp valor from se where ref ='324.1646.00.1' and lote = 'r2101259200a'
20240509@081755.3849 8abh9bsvp8e7ej8ldiq6k44ub5 Query : select top 1 convert(numeric(6,2),t.taxa) valor from taxasiva t where t.codigo='2'
20240509@081755.3878 8abh9bsvp8e7ej8ldiq6k44ub5 Query : select 1 valor from information_schema.tables where table_type='base table' and table_name='wsfi039fields'
20240509@081755.3891 8abh9bsvp8e7ej8ldiq6k44ub5 Query : select fieldkey,fieldname,fieldtype,calcformula from wsfi039fields
20240509@081755.3954 8abh9bsvp8e7ej8ldiq6k44ub5 Query : insert into wsfi039data (fistamp,ousrdata, ousrhora, usrdata,usrhora,ousrinis,usrinis ,qtt ,ftstamp ,epv,pvmoeda ,tabiva,iva,lordem ,ref, design ,lote,armazem,bistamp ) values ('aut663c728273663c78a35e',getdate(),convert(char(8),convert (time,getdate())),getdate(),convert(char(8),convert (time,getdate())),'wsv','wsv',26.000 ,'aut663c780547663c78a339' ,0,0 ,2,23.00,10000,?,?,?,?,?)
20240509@081755.4594 8abh9bsvp8e7ej8ldiq6k44ub5 Query : select 1 valor from information_schema.tables where table_type='base table' and table_name='wsfi2039fields'
20240509@081755.4619 8abh9bsvp8e7ej8ldiq6k44ub5 Query : select fieldkey,fieldname,fieldtype,calcformula from wsfi2039fields
20240509@081755.4623 8abh9bsvp8e7ej8ldiq6k44ub5 Query : insert into wsfi2039data (fi2stamp,ftstamp ,ousrdata, ousrhora, usrdata,usrhora,ousrinis,usrinis) values ('aut663c728273663c78a35e','aut663c780547663c78a339' ,getdate(),convert(char(8),convert (time,getdate())),getdate(),convert(char(8),convert (time,getdate())),'wsv','wsv')
20240509@081755.4627 8abh9bsvp8e7ej8ldiq6k44ub5 Query : use flama_phc
20240509@081755.4631 8abh9bsvp8e7ej8ldiq6k44ub5 Query : select st.usalote valor from st where st.ref = '324.1646.00.1'
20240509@081755.4640 8abh9bsvp8e7ej8ldiq6k44ub5 Query : select top 1 st.tabiva ,st.ivaincl ,st.stns ,st.uni2 ,st.familia ,isnull(tx.taxa, 0) txiva ,unidade ,usalote ,epcpond ,noserie from st left join taxasiva tx on st.tabiva = tx.codigo where st.ref = '324.1646.00.1'
20240509@081755.4651 8abh9bsvp8e7ej8ldiq6k44ub5 Query : select 1 valor from information_schema.tables where table_type='base table' and table_name='wsfi039fields'
20240509@081755.4664 8abh9bsvp8e7ej8ldiq6k44ub5 Query : select fieldkey,fieldname,fieldtype,mandatory from wsfi039fields
20240509@081755.4691 8abh9bsvp8e7ej8ldiq6k44ub5 Query : select 1 valor from information_schema.tables where table_type='base table' and table_name='wsfi2039fields'
20240509@081755.4719 8abh9bsvp8e7ej8ldiq6k44ub5 Query : select fieldkey,fieldname,fieldtype,mandatory from wsfi2039fields
20240509@081755.4724 8abh9bsvp8e7ej8ldiq6k44ub5 Query : select sestamp valor from se where ref ='324.1646.00.1' and lote = 'r2101259200a'
20240509@081755.4853 8abh9bsvp8e7ej8ldiq6k44ub5 Query : select top 1 convert(numeric(6,2),t.taxa) valor from taxasiva t where t.codigo='2'
20240509@081755.4863 8abh9bsvp8e7ej8ldiq6k44ub5 Query : select 1 valor from information_schema.tables where table_type='base table' and table_name='wsfi039fields'
20240509@081755.4880 8abh9bsvp8e7ej8ldiq6k44ub5 Query : select fieldkey,fieldname,fieldtype,calcformula from wsfi039fields
20240509@081755.4904 8abh9bsvp8e7ej8ldiq6k44ub5 Query : insert into wsfi039data (fistamp,ousrdata, ousrhora, usrdata,usrhora,ousrinis,usrinis ,qtt ,ftstamp ,epv,pvmoeda ,tabiva,iva,lordem ,ref, design ,lote,armazem,bistamp ) values ('aut663c773062663c78a376',getdate(),convert(char(8),convert (time,getdate())),getdate(),convert(char(8),convert (time,getdate())),'wsv','wsv',32.000 ,'aut663c780547663c78a339' ,0,0 ,2,23.00,20000,?,?,?,?,?)
20240509@081755.5200 8abh9bsvp8e7ej8ldiq6k44ub5 Query : select 1 valor from information_schema.tables where table_type='base table' and table_name='wsfi2039fields'
20240509@081755.5216 8abh9bsvp8e7ej8ldiq6k44ub5 Query : select fieldkey,fieldname,fieldtype,calcformula from wsfi2039fields
20240509@081755.5221 8abh9bsvp8e7ej8ldiq6k44ub5 Query : insert into wsfi2039data (fi2stamp,ftstamp ,ousrdata, ousrhora, usrdata,usrhora,ousrinis,usrinis) values ('aut663c773062663c78a376','aut663c780547663c78a339' ,getdate(),convert(char(8),convert (time,getdate())),getdate(),convert(char(8),convert (time,getdate())),'wsv','wsv')
20240509@081755.5226 8abh9bsvp8e7ej8ldiq6k44ub5 Query : use flama_phc
20240509@081755.5229 8abh9bsvp8e7ej8ldiq6k44ub5 Query : select st.usalote valor from st where st.ref = '324.1646.00.1'
20240509@081755.5252 8abh9bsvp8e7ej8ldiq6k44ub5 Query : select top 1 st.tabiva ,st.ivaincl ,st.stns ,st.uni2 ,st.familia ,isnull(tx.taxa, 0) txiva ,unidade ,usalote ,epcpond ,noserie from st left join taxasiva tx on st.tabiva = tx.codigo where st.ref = '324.1646.00.1'
20240509@081755.5264 8abh9bsvp8e7ej8ldiq6k44ub5 Query : select 1 valor from information_schema.tables where table_type='base table' and table_name='wsfi039fields'
20240509@081755.5278 8abh9bsvp8e7ej8ldiq6k44ub5 Query : select fieldkey,fieldname,fieldtype,mandatory from wsfi039fields
20240509@081755.5305 8abh9bsvp8e7ej8ldiq6k44ub5 Query : select 1 valor from information_schema.tables where table_type='base table' and table_name='wsfi2039fields'
20240509@081755.5319 8abh9bsvp8e7ej8ldiq6k44ub5 Query : select fieldkey,fieldname,fieldtype,mandatory from wsfi2039fields
20240509@081755.5323 8abh9bsvp8e7ej8ldiq6k44ub5 Query : select sestamp valor from se where ref ='324.1646.00.1' and lote = 'r2101259200a'
20240509@081755.5334 8abh9bsvp8e7ej8ldiq6k44ub5 Query : select top 1 convert(numeric(6,2),t.taxa) valor from taxasiva t where t.codigo='2'
20240509@081755.5344 8abh9bsvp8e7ej8ldiq6k44ub5 Query : select 1 valor from information_schema.tables where table_type='base table' and table_name='wsfi039fields'
20240509@081755.5367 8abh9bsvp8e7ej8ldiq6k44ub5 Query : select fieldkey,fieldname,fieldtype,calcformula from wsfi039fields
20240509@081755.5390 8abh9bsvp8e7ej8ldiq6k44ub5 Query : insert into wsfi039data (fistamp,ousrdata, ousrhora, usrdata,usrhora,ousrinis,usrinis ,qtt ,ftstamp ,epv,pvmoeda ,tabiva,iva,lordem ,ref, design ,lote,armazem,bistamp ) values ('aut663c780979663c78a382',getdate(),convert(char(8),convert (time,getdate())),getdate(),convert(char(8),convert (time,getdate())),'wsv','wsv',32.000 ,'aut663c780547663c78a339' ,0,0 ,2,23.00,30000,?,?,?,?,?)
20240509@081755.5643 8abh9bsvp8e7ej8ldiq6k44ub5 Query : select 1 valor from information_schema.tables where table_type='base table' and table_name='wsfi2039fields'
20240509@081755.5660 8abh9bsvp8e7ej8ldiq6k44ub5 Query : select fieldkey,fieldname,fieldtype,calcformula from wsfi2039fields
20240509@081755.5664 8abh9bsvp8e7ej8ldiq6k44ub5 Query : insert into wsfi2039data (fi2stamp,ftstamp ,ousrdata, ousrhora, usrdata,usrhora,ousrinis,usrinis) values ('aut663c780979663c78a382','aut663c780547663c78a339' ,getdate(),convert(char(8),convert (time,getdate())),getdate(),convert(char(8),convert (time,getdate())),'wsv','wsv')
20240509@081755.5669 8abh9bsvp8e7ej8ldiq6k44ub5 Query : insert into wsftcreationlog (initialftstamp,externalid,creationstatus,documenttypeid,idustamp) values ('aut663c780547663c78a339','2403288','wait',39,'ari17112337378,753000005')
20240509@081755.5686 8abh9bsvp8e7ej8ldiq6k44ub5 Query : use flama_phc
20240509@081755.5689 8abh9bsvp8e7ej8ldiq6k44ub5 Query : update u_wsusers set rqsttoken =? where userid ='userls001'
20240509@081755.5703 8abh9bsvp8e7ej8ldiq6k44ub5 Query : select concat(rtrim(relative_path),ltrim(name_new)) as valor from uploadfiles where uploadfile_id='1571';
20240509@081755.5718 8abh9bsvp8e7ej8ldiq6k44ub5 Query : update uploadfiles set whenupdated=current_timestamp where uploadfile_id='1571';
20240509@081755.5744 8abh9bsvp8e7ej8ldiq6k44ub5 Query : select concat(rtrim(relative_path),ltrim(name_new)) as valor from uploadfiles where uploadfile_id='1571';
20240509@081755.5758 8abh9bsvp8e7ej8ldiq6k44ub5 Query : update uploadfiles set whenupdated=current_timestamp where uploadfile_id='1571';
20240509@081755.6111 mj3sns88rc1iiah4kvlemjuq2g Query : insert into uploadfiles ( name_original, name_new, option_type, relative_path, whencreated ) values ( ?, ?, ?, ?, getdate() )
20240509@081755.6126 mj3sns88rc1iiah4kvlemjuq2g Query : select uploadfile_id valor from uploadfiles where name_new = ? and option_type = ? 
20240509@081755.6145 mj3sns88rc1iiah4kvlemjuq2g Query : select concat(rtrim(relative_path),ltrim(name_new)) as valor from uploadfiles where uploadfile_id='1572';
20240509@081755.6201 mj3sns88rc1iiah4kvlemjuq2g Query : update uploadfiles set whenupdated=current_timestamp where uploadfile_id='1572';
20240509@081755.6226 mj3sns88rc1iiah4kvlemjuq2g Query : select concat(rtrim(relative_path),ltrim(name_new)) as valor from uploadfiles where uploadfile_id='1572';
20240509@081755.6240 mj3sns88rc1iiah4kvlemjuq2g Query : update uploadfiles set whenupdated=current_timestamp where uploadfile_id='1572';
20240509@081755.6258 mj3sns88rc1iiah4kvlemjuq2g Query : use flama_phc
20240509@081755.6263 mj3sns88rc1iiah4kvlemjuq2g Query : select top 1 secretkey valor from u_wsusers u where u.userid = ? and u.inactivo=0
20240509@081755.6277 mj3sns88rc1iiah4kvlemjuq2g Query : use flama_phc
20240509@081755.6280 mj3sns88rc1iiah4kvlemjuq2g Query : select no, estab,szadrsdesc from szadrs where u_coddest=1123
20240509@081755.6364 mj3sns88rc1iiah4kvlemjuq2g Query : select top 1 isnull(design,'') valor from st (nolock) left join stobs (nolock) on st.ref = stobs.ref where st.ref = '324.1831.00.2'
20240509@081755.6541 mj3sns88rc1iiah4kvlemjuq2g Query : select top 1 bistamp valor from bi inner join bo on bo.bostamp=bi.bostamp where bo.ndos =240 and bo.boano =2032 and bo.obrano = 2403289 and bi.ref ='324.1831.00.2' and bi.lordem =1
20240509@081755.6868 mj3sns88rc1iiah4kvlemjuq2g Query : select top 1 isnull(design,'') valor from st (nolock) left join stobs (nolock) on st.ref = stobs.ref where st.ref = '324.1832.00.2'
20240509@081755.7019 mj3sns88rc1iiah4kvlemjuq2g Query : select top 1 bistamp valor from bi inner join bo on bo.bostamp=bi.bostamp where bo.ndos =240 and bo.boano =2032 and bo.obrano = 2403289 and bi.ref ='324.1832.00.2' and bi.lordem =2
20240509@081755.7346 mj3sns88rc1iiah4kvlemjuq2g Query : select top 1 isnull(design,'') valor from st (nolock) left join stobs (nolock) on st.ref = stobs.ref where st.ref = '324.1879.00.1'
20240509@081755.7500 mj3sns88rc1iiah4kvlemjuq2g Query : select top 1 bistamp valor from bi inner join bo on bo.bostamp=bi.bostamp where bo.ndos =240 and bo.boano =2032 and bo.obrano = 2403289 and bi.ref ='324.1879.00.1' and bi.lordem =3
20240509@081755.8029 mj3sns88rc1iiah4kvlemjuq2g Query : select top 1 isnull(design,'') valor from st (nolock) left join stobs (nolock) on st.ref = stobs.ref where st.ref = '324.1833.00.2'
20240509@081755.8437 mj3sns88rc1iiah4kvlemjuq2g Query : select top 1 bistamp valor from bi inner join bo on bo.bostamp=bi.bostamp where bo.ndos =240 and bo.boano =2032 and bo.obrano = 2403289 and bi.ref ='324.1833.00.2' and bi.lordem =4
20240509@081755.8893 mj3sns88rc1iiah4kvlemjuq2g Query : select top 1 isnull(design,'') valor from st (nolock) left join stobs (nolock) on st.ref = stobs.ref where st.ref = '324.1879.00.1'
20240509@081755.8906 mj3sns88rc1iiah4kvlemjuq2g Query : select top 1 bistamp valor from bi inner join bo on bo.bostamp=bi.bostamp where bo.ndos =240 and bo.boano =2032 and bo.obrano = 2403289 and bi.ref ='324.1879.00.1' and bi.lordem =5
20240509@081755.9228 mj3sns88rc1iiah4kvlemjuq2g Query : select top 1 isnull(design,'') valor from st (nolock) left join stobs (nolock) on st.ref = stobs.ref where st.ref = '324.1879.00.1'
20240509@081755.9242 mj3sns88rc1iiah4kvlemjuq2g Query : select top 1 bistamp valor from bi inner join bo on bo.bostamp=bi.bostamp where bo.ndos =240 and bo.boano =2032 and bo.obrano = 2403289 and bi.ref ='324.1879.00.1' and bi.lordem =5
20240509@081755.9248 mj3sns88rc1iiah4kvlemjuq2g Query : select top 1 isnull(design,'') valor from st (nolock) left join stobs (nolock) on st.ref = stobs.ref where st.ref = '324.1834.00.1'
20240509@081755.9455 mj3sns88rc1iiah4kvlemjuq2g Query : select top 1 bistamp valor from bi inner join bo on bo.bostamp=bi.bostamp where bo.ndos =240 and bo.boano =2032 and bo.obrano = 2403289 and bi.ref ='324.1834.00.1' and bi.lordem =6
20240509@081755.9836 mj3sns88rc1iiah4kvlemjuq2g Query : select top 1 isnull(design,'') valor from st (nolock) left join stobs (nolock) on st.ref = stobs.ref where st.ref = '324.1834.00.1'
20240509@081755.9850 mj3sns88rc1iiah4kvlemjuq2g Query : select top 1 bistamp valor from bi inner join bo on bo.bostamp=bi.bostamp where bo.ndos =240 and bo.boano =2032 and bo.obrano = 2403289 and bi.ref ='324.1834.00.1' and bi.lordem =7
20240509@081756.1790 mj3sns88rc1iiah4kvlemjuq2g Query : select top 1 isnull(design,'') valor from st (nolock) left join stobs (nolock) on st.ref = stobs.ref where st.ref = '324.1643.00.1'
20240509@081756.1930 mj3sns88rc1iiah4kvlemjuq2g Query : select top 1 bistamp valor from bi inner join bo on bo.bostamp=bi.bostamp where bo.ndos =240 and bo.boano =2032 and bo.obrano = 2403289 and bi.ref ='324.1643.00.1' and bi.lordem =8
20240509@081756.5070 mj3sns88rc1iiah4kvlemjuq2g Query : select top 1 isnull(design,'') valor from st (nolock) left join stobs (nolock) on st.ref = stobs.ref where st.ref = '324.1643.00.1'
20240509@081756.5200 mj3sns88rc1iiah4kvlemjuq2g Query : select top 1 bistamp valor from bi inner join bo on bo.bostamp=bi.bostamp where bo.ndos =240 and bo.boano =2032 and bo.obrano = 2403289 and bi.ref ='324.1643.00.1' and bi.lordem =9
20240509@081756.9690 mj3sns88rc1iiah4kvlemjuq2g Query : select top 1 isnull(design,'') valor from st (nolock) left join stobs (nolock) on st.ref = stobs.ref where st.ref = '324.4160.00.1'
20240509@081756.2037 mj3sns88rc1iiah4kvlemjuq2g Query : select top 1 bistamp valor from bi inner join bo on bo.bostamp=bi.bostamp where bo.ndos =240 and bo.boano =2032 and bo.obrano = 2403289 and bi.ref ='324.4160.00.1' and bi.lordem =10
20240509@081756.2470 mj3sns88rc1iiah4kvlemjuq2g Query : select top 1 isnull(design,'') valor from st (nolock) left join stobs (nolock) on st.ref = stobs.ref where st.ref = '324.4160.00.1'
20240509@081756.2483 mj3sns88rc1iiah4kvlemjuq2g Query : select top 1 bistamp valor from bi inner join bo on bo.bostamp=bi.bostamp where bo.ndos =240 and bo.boano =2032 and bo.obrano = 2403289 and bi.ref ='324.4160.00.1' and bi.lordem =10
20240509@081756.2488 mj3sns88rc1iiah4kvlemjuq2g Query : select top 1 isnull(design,'') valor from st (nolock) left join stobs (nolock) on st.ref = stobs.ref where st.ref = '324.646.00.01'
20240509@081756.2643 mj3sns88rc1iiah4kvlemjuq2g Query : select top 1 bistamp valor from bi inner join bo on bo.bostamp=bi.bostamp where bo.ndos =240 and bo.boano =2032 and bo.obrano = 2403289 and bi.ref ='324.646.00.01' and bi.lordem =12
20240509@081756.3055 mj3sns88rc1iiah4kvlemjuq2g Query : select top 1 isnull(design,'') valor from st (nolock) left join stobs (nolock) on st.ref = stobs.ref where st.ref = '324.646.00.01'
20240509@081756.3067 mj3sns88rc1iiah4kvlemjuq2g Query : select top 1 bistamp valor from bi inner join bo on bo.bostamp=bi.bostamp where bo.ndos =240 and bo.boano =2032 and bo.obrano = 2403289 and bi.ref ='324.646.00.01' and bi.lordem =12
20240509@081756.3074 mj3sns88rc1iiah4kvlemjuq2g Query : use flama_phc
20240509@081756.3078 mj3sns88rc1iiah4kvlemjuq2g Query : select top 1 convert(date,fdata) valor from ft where ndoc = 39 and anulado= 0 and fno>0 order by fdata desc
20240509@081756.3091 mj3sns88rc1iiah4kvlemjuq2g Query : use flama_phc
20240509@081756.3094 mj3sns88rc1iiah4kvlemjuq2g Query : select top 1 1 valor from td where td.ndoc = 39
20240509@081756.3104 mj3sns88rc1iiah4kvlemjuq2g Query : use flama_phc
20240509@081756.3108 mj3sns88rc1iiah4kvlemjuq2g Query : select descricao ,case when valor='s' then 1 else 0 end usalotes from para1 where descricao in ('st_lote')
20240509@081756.3121 mj3sns88rc1iiah4kvlemjuq2g Query : select top 1 assinadoc issigned ,td.lancasl stocks ,'cl' origin ,case when (cmsl between 1 and 50 ) then 1 else 0 end entrada ,case when (cmsl>50 ) then 1 else 0 end saida ,~lotestock validatestock ,tiposaft from td inner join td2 on td.tdstamp=td2.td2stamp where td.ndoc =39
20240509@081756.3137 mj3sns88rc1iiah4kvlemjuq2g Query : use flama_phc
20240509@081756.3140 mj3sns88rc1iiah4kvlemjuq2g Query : select top 1 ~inactivo valor from cl where no = '101794' and estab = 0 order by inactivo desc
20240509@081756.3266 mj3sns88rc1iiah4kvlemjuq2g Query : use flama_phc
20240509@081756.3270 mj3sns88rc1iiah4kvlemjuq2g Query : select top 1 tipodoc,regrd from td where ndoc = 39
20240509@081756.3282 mj3sns88rc1iiah4kvlemjuq2g Query : use flama_phc
20240509@081756.3285 mj3sns88rc1iiah4kvlemjuq2g Query : select szadrsstamp valor from szadrs where szadrsdesc='espaÇotrans,lda'
20240509@081756.3296 mj3sns88rc1iiah4kvlemjuq2g Query : use flama_phc
20240509@081756.3299 mj3sns88rc1iiah4kvlemjuq2g Query : select szadrsstamp valor from szadrs where szadrsdesc='dario alberto almeida, lda'
20240509@081756.3312 mj3sns88rc1iiah4kvlemjuq2g Query : use flama_phc
20240509@081756.3315 mj3sns88rc1iiah4kvlemjuq2g Query : select 1 valor from td where ndoc = 39
20240509@081756.3325 mj3sns88rc1iiah4kvlemjuq2g Query : select top 1 manternumero, tiposaft, nmdos,td.assinadoc from td where td.ndoc = 39
20240509@081756.3336 mj3sns88rc1iiah4kvlemjuq2g Query : select 1 valor from information_schema.tables where table_type='base table' and table_name='wsft039fields'
20240509@081756.3349 mj3sns88rc1iiah4kvlemjuq2g Query : select fieldkey,fieldname,fieldtype,mandatory from wsft039fields
20240509@081756.3370 mj3sns88rc1iiah4kvlemjuq2g Query : select 1 valor from information_schema.tables where table_type='base table' and table_name='wsft2039fields'
20240509@081756.3384 mj3sns88rc1iiah4kvlemjuq2g Query : select fieldkey,fieldname,fieldtype,mandatory from wsft2039fields
20240509@081756.3413 mj3sns88rc1iiah4kvlemjuq2g Query : select 1 valor from information_schema.tables where table_type='base table' and table_name='wsft3039fields'
20240509@081756.3426 mj3sns88rc1iiah4kvlemjuq2g Query : select fieldkey,fieldname,fieldtype,mandatory from wsft3039fields
20240509@081756.3438 mj3sns88rc1iiah4kvlemjuq2g Query : select top 1 ft.fno valor from ft ft where ft.ndoc = 39 and ftano=2024 order by fno desc
20240509@081756.3525 mj3sns88rc1iiah4kvlemjuq2g Query : select top 1 ft.fno valor from wsft039data ft where ft.ndoc = 39 and ftano=2024 order by fno desc
20240509@081756.3535 mj3sns88rc1iiah4kvlemjuq2g Query : select 1 valor from information_schema.tables where table_type='base table' and table_name='wsft3039fields'
20240509@081756.3549 mj3sns88rc1iiah4kvlemjuq2g Query : select fieldkey,fieldname,fieldtype,calcformula from wsft3039fields
20240509@081756.3559 mj3sns88rc1iiah4kvlemjuq2g Query : insert into wsft3039data (ft3stamp, ousrdata, ousrhora, usrdata,usrhora,ousrinis,usrinis,taxpointdt ) values ('aut663c773636663c78a453' ,getdate(),convert(char(8),convert (time,getdate())),getdate(),convert(char(8),convert (time,getdate())),'wsv','wsv',?)
20240509@081756.3711 mj3sns88rc1iiah4kvlemjuq2g Query : select 1 valor from information_schema.tables where table_type='base table' and table_name='wsft2039fields'
20240509@081756.3728 mj3sns88rc1iiah4kvlemjuq2g Query : select fieldkey,fieldname,fieldtype,calcformula from wsft2039fields
20240509@081756.3758 mj3sns88rc1iiah4kvlemjuq2g Query : select top 1 bo.u_nomeenv valor from bo where bo.bostamp=''
20240509@081756.3763 mj3sns88rc1iiah4kvlemjuq2g Query : select top 1 bo.u_moradaen valor from bo where bo.bostamp=''
20240509@081756.3767 mj3sns88rc1iiah4kvlemjuq2g Query : select top 1 bo.u_codposen valor from bo where bo.bostamp=''
20240509@081756.3772 mj3sns88rc1iiah4kvlemjuq2g Query : select top 1 bo.u_localenv valor from bo where bo.bostamp=''
20240509@081756.3777 mj3sns88rc1iiah4kvlemjuq2g Query : select top 1 bo.trab5 valor from bo where bo.bostamp=''
20240509@081756.3783 mj3sns88rc1iiah4kvlemjuq2g Query : select top 1 bo.serie valor from bo where bo.bostamp=''
20240509@081756.3788 mj3sns88rc1iiah4kvlemjuq2g Query : insert into wsft2039data (ft2stamp, ousrdata,ousrhora, usrdata,usrhora,ousrinis,usrinis,u_nomeenv ,u_moradaen ,u_codposen ,u_localenv ,u_coddest ,u_codby ) values ('aut663c773636663c78a453',getdate(),convert(char(8),convert (time,getdate())),getdate(),convert(char(8),convert (time,getdate())),'wsv','wsv',?,?,?,?,?,?)
20240509@081756.4019 mj3sns88rc1iiah4kvlemjuq2g Query : select top 1 fno valor from wsft039data order by fno desc
20240509@081756.4036 mj3sns88rc1iiah4kvlemjuq2g Query : select 1 valor from information_schema.tables where table_type='base table' and table_name='wsft039fields'
20240509@081756.4051 mj3sns88rc1iiah4kvlemjuq2g Query : select fieldkey,fieldname,fieldtype,calcformula from wsft039fields
20240509@081756.4069 mj3sns88rc1iiah4kvlemjuq2g Query : insert into wsft039data (ftstamp, ousrdata,ousrhora, usrdata,usrhora,ousrinis,usrinis,fno,no,estab,fdata,ndoc,moeda,cambio,cambiofixo,ftano,cdata,chora,carga,descar,site ,classe ) values ('aut663c773636663c78a453',getdate(),convert(char(8),convert (time,getdate())),getdate(),convert(char(8),convert (time,getdate())),'wsv','wsv',1256,101794,0,'2024-05-09',39,'euro',0,0,2024 ,'20240509','0847',?,?,?,?)
20240509@081756.4344 mj3sns88rc1iiah4kvlemjuq2g Query : use flama_phc
20240509@081756.4349 mj3sns88rc1iiah4kvlemjuq2g Query : select st.usalote valor from st where st.ref = '324.1831.00.2'
20240509@081756.4363 mj3sns88rc1iiah4kvlemjuq2g Query : select top 1 st.tabiva ,st.ivaincl ,st.stns ,st.uni2 ,st.familia ,isnull(tx.taxa, 0) txiva ,unidade ,usalote ,epcpond ,noserie from st left join taxasiva tx on st.tabiva = tx.codigo where st.ref = '324.1831.00.2'
20240509@081756.4524 mj3sns88rc1iiah4kvlemjuq2g Query : select 1 valor from information_schema.tables where table_type='base table' and table_name='wsfi039fields'
20240509@081756.4544 mj3sns88rc1iiah4kvlemjuq2g Query : select fieldkey,fieldname,fieldtype,mandatory from wsfi039fields
20240509@081756.4569 mj3sns88rc1iiah4kvlemjuq2g Query : select 1 valor from information_schema.tables where table_type='base table' and table_name='wsfi2039fields'
20240509@081756.4585 mj3sns88rc1iiah4kvlemjuq2g Query : select fieldkey,fieldname,fieldtype,mandatory from wsfi2039fields
20240509@081756.4590 mj3sns88rc1iiah4kvlemjuq2g Query : select sestamp valor from se where ref ='324.1831.00.2' and lote = 'r2301257200a'
20240509@081756.4603 mj3sns88rc1iiah4kvlemjuq2g Query : select top 1 convert(numeric(6,2),t.taxa) valor from taxasiva t where t.codigo='2'
20240509@081756.4613 mj3sns88rc1iiah4kvlemjuq2g Query : select 1 valor from information_schema.tables where table_type='base table' and table_name='wsfi039fields'
20240509@081756.4626 mj3sns88rc1iiah4kvlemjuq2g Query : select fieldkey,fieldname,fieldtype,calcformula from wsfi039fields
20240509@081756.4653 mj3sns88rc1iiah4kvlemjuq2g Query : insert into wsfi039data (fistamp,ousrdata, ousrhora, usrdata,usrhora,ousrinis,usrinis ,qtt ,ftstamp ,epv,pvmoeda ,tabiva,iva,lordem ,ref, design ,lote,armazem,bistamp ) values ('aut663c711647663c78a470',getdate(),convert(char(8),convert (time,getdate())),getdate(),convert(char(8),convert (time,getdate())),'wsv','wsv',2.000 ,'aut663c773636663c78a453' ,0,0 ,2,23.00,10000,?,?,?,?,?)
20240509@081756.4936 mj3sns88rc1iiah4kvlemjuq2g Query : select 1 valor from information_schema.tables where table_type='base table' and table_name='wsfi2039fields'
20240509@081756.4953 mj3sns88rc1iiah4kvlemjuq2g Query : select fieldkey,fieldname,fieldtype,calcformula from wsfi2039fields
20240509@081756.4960 mj3sns88rc1iiah4kvlemjuq2g Query : insert into wsfi2039data (fi2stamp,ftstamp ,ousrdata, ousrhora, usrdata,usrhora,ousrinis,usrinis) values ('aut663c711647663c78a470','aut663c773636663c78a453' ,getdate(),convert(char(8),convert (time,getdate())),getdate(),convert(char(8),convert (time,getdate())),'wsv','wsv')
20240509@081756.4966 mj3sns88rc1iiah4kvlemjuq2g Query : select 1 valor from information_schema.tables where table_type='base table' and table_name='wsfi039fields'
20240509@081756.4979 mj3sns88rc1iiah4kvlemjuq2g Query : select fieldkey,fieldname,fieldtype,mandatory from wsfi039fields
20240509@081756.5006 mj3sns88rc1iiah4kvlemjuq2g Query : select 1 valor from information_schema.tables where table_type='base table' and table_name='wsfi2039fields'
20240509@081756.5018 mj3sns88rc1iiah4kvlemjuq2g Query : select fieldkey,fieldname,fieldtype,mandatory from wsfi2039fields
20240509@081756.5023 mj3sns88rc1iiah4kvlemjuq2g Query : select top 1 convert(numeric(6,2),t.taxa) valor from taxasiva t where t.codigo='2'
20240509@081756.5033 mj3sns88rc1iiah4kvlemjuq2g Query : select 1 valor from information_schema.tables where table_type='base table' and table_name='wsfi039fields'
20240509@081756.5046 mj3sns88rc1iiah4kvlemjuq2g Query : select fieldkey,fieldname,fieldtype,calcformula from wsfi039fields
20240509@081756.5070 mj3sns88rc1iiah4kvlemjuq2g Query : insert into wsfi039data (fistamp,ousrdata, ousrhora, usrdata,usrhora,ousrinis,usrinis ,qtt ,ftstamp ,epv,pvmoeda ,tabiva,iva,lordem ,ref, design ,armazem) values ('aut663c709584663c78a47a',getdate(),convert(char(8),convert (time,getdate())),getdate(),convert(char(8),convert (time,getdate())),'wsv','wsv',0 ,'aut663c773636663c78a453' ,0,0 ,2,23.00,20000,?,?,?)
20240509@081756.5317 mj3sns88rc1iiah4kvlemjuq2g Query : select 1 valor from information_schema.tables where table_type='base table' and table_name='wsfi2039fields'
20240509@081756.5333 mj3sns88rc1iiah4kvlemjuq2g Query : select fieldkey,fieldname,fieldtype,calcformula from wsfi2039fields
20240509@081756.5337 mj3sns88rc1iiah4kvlemjuq2g Query : insert into wsfi2039data (fi2stamp,ftstamp ,ousrdata, ousrhora, usrdata,usrhora,ousrinis,usrinis) values ('aut663c709584663c78a47a','aut663c773636663c78a453' ,getdate(),convert(char(8),convert (time,getdate())),getdate(),convert(char(8),convert (time,getdate())),'wsv','wsv')
20240509@081756.5344 mj3sns88rc1iiah4kvlemjuq2g Query : use flama_phc
20240509@081756.5348 mj3sns88rc1iiah4kvlemjuq2g Query : select st.usalote valor from st where st.ref = '324.1832.00.2'
20240509@081756.5359 mj3sns88rc1iiah4kvlemjuq2g Query : select top 1 st.tabiva ,st.ivaincl ,st.stns ,st.uni2 ,st.familia ,isnull(tx.taxa, 0) txiva ,unidade ,usalote ,epcpond ,noserie from st left join taxasiva tx on st.tabiva = tx.codigo where st.ref = '324.1832.00.2'
20240509@081756.5512 mj3sns88rc1iiah4kvlemjuq2g Query : select 1 valor from information_schema.tables where table_type='base table' and table_name='wsfi039fields'
20240509@081756.5529 mj3sns88rc1iiah4kvlemjuq2g Query : select fieldkey,fieldname,fieldtype,mandatory from wsfi039fields
20240509@081756.5556 mj3sns88rc1iiah4kvlemjuq2g Query : select 1 valor from information_schema.tables where table_type='base table' and table_name='wsfi2039fields'
20240509@081756.5569 mj3sns88rc1iiah4kvlemjuq2g Query : select fieldkey,fieldname,fieldtype,mandatory from wsfi2039fields
20240509@081756.5573 mj3sns88rc1iiah4kvlemjuq2g Query : select sestamp valor from se where ref ='324.1832.00.2' and lote = 'r2301256100a'
20240509@081756.5587 mj3sns88rc1iiah4kvlemjuq2g Query : select top 1 convert(numeric(6,2),t.taxa) valor from taxasiva t where t.codigo='2'
20240509@081756.5596 mj3sns88rc1iiah4kvlemjuq2g Query : select 1 valor from information_schema.tables where table_type='base table' and table_name='wsfi039fields'
20240509@081756.5609 mj3sns88rc1iiah4kvlemjuq2g Query : select fieldkey,fieldname,fieldtype,calcformula from wsfi039fields
20240509@081756.5633 mj3sns88rc1iiah4kvlemjuq2g Query : insert into wsfi039data (fistamp,ousrdata, ousrhora, usrdata,usrhora,ousrinis,usrinis ,qtt ,ftstamp ,epv,pvmoeda ,tabiva,iva,lordem ,ref, design ,lote,armazem,bistamp ) values ('aut663c774203663c78a488',getdate(),convert(char(8),convert (time,getdate())),getdate(),convert(char(8),convert (time,getdate())),'wsv','wsv',2.000 ,'aut663c773636663c78a453' ,0,0 ,2,23.00,40000,?,?,?,?,?)
20240509@081756.5866 mj3sns88rc1iiah4kvlemjuq2g Query : select 1 valor from information_schema.tables where table_type='base table' and table_name='wsfi2039fields'
20240509@081756.5884 mj3sns88rc1iiah4kvlemjuq2g Query : select fieldkey,fieldname,fieldtype,calcformula from wsfi2039fields
20240509@081756.5910 mj3sns88rc1iiah4kvlemjuq2g Query : insert into wsfi2039data (fi2stamp,ftstamp ,ousrdata, ousrhora, usrdata,usrhora,ousrinis,usrinis) values ('aut663c774203663c78a488','aut663c773636663c78a453' ,getdate(),convert(char(8),convert (time,getdate())),getdate(),convert(char(8),convert (time,getdate())),'wsv','wsv')
20240509@081756.5916 mj3sns88rc1iiah4kvlemjuq2g Query : select 1 valor from information_schema.tables where table_type='base table' and table_name='wsfi039fields'
20240509@081756.5931 mj3sns88rc1iiah4kvlemjuq2g Query : select fieldkey,fieldname,fieldtype,mandatory from wsfi039fields
20240509@081756.5958 mj3sns88rc1iiah4kvlemjuq2g Query : select 1 valor from information_schema.tables where table_type='base table' and table_name='wsfi2039fields'
20240509@081756.5971 mj3sns88rc1iiah4kvlemjuq2g Query : select fieldkey,fieldname,fieldtype,mandatory from wsfi2039fields
20240509@081756.5976 mj3sns88rc1iiah4kvlemjuq2g Query : select top 1 convert(numeric(6,2),t.taxa) valor from taxasiva t where t.codigo='2'
20240509@081756.5986 mj3sns88rc1iiah4kvlemjuq2g Query : select 1 valor from information_schema.tables where table_type='base table' and table_name='wsfi039fields'
20240509@081756.6002 mj3sns88rc1iiah4kvlemjuq2g Query : select fieldkey,fieldname,fieldtype,calcformula from wsfi039fields
20240509@081756.6024 mj3sns88rc1iiah4kvlemjuq2g Query : insert into wsfi039data (fistamp,ousrdata, ousrhora, usrdata,usrhora,ousrinis,usrinis ,qtt ,ftstamp ,epv,pvmoeda ,tabiva,iva,lordem ,ref, design ,armazem) values ('aut663c704926663c78a492',getdate(),convert(char(8),convert (time,getdate())),getdate(),convert(char(8),convert (time,getdate())),'wsv','wsv',0 ,'aut663c773636663c78a453' ,0,0 ,2,23.00,50000,?,?,?)
20240509@081756.6262 mj3sns88rc1iiah4kvlemjuq2g Query : select 1 valor from information_schema.tables where table_type='base table' and table_name='wsfi2039fields'
20240509@081756.6284 mj3sns88rc1iiah4kvlemjuq2g Query : select fieldkey,fieldname,fieldtype,calcformula from wsfi2039fields
20240509@081756.6289 mj3sns88rc1iiah4kvlemjuq2g Query : insert into wsfi2039data (fi2stamp,ftstamp ,ousrdata, ousrhora, usrdata,usrhora,ousrinis,usrinis) values ('aut663c704926663c78a492','aut663c773636663c78a453' ,getdate(),convert(char(8),convert (time,getdate())),getdate(),convert(char(8),convert (time,getdate())),'wsv','wsv')
20240509@081756.6294 mj3sns88rc1iiah4kvlemjuq2g Query : use flama_phc
20240509@081756.6298 mj3sns88rc1iiah4kvlemjuq2g Query : select st.usalote valor from st where st.ref = '324.1879.00.1'
20240509@081756.6311 mj3sns88rc1iiah4kvlemjuq2g Query : select top 1 st.tabiva ,st.ivaincl ,st.stns ,st.uni2 ,st.familia ,isnull(tx.taxa, 0) txiva ,unidade ,usalote ,epcpond ,noserie from st left join taxasiva tx on st.tabiva = tx.codigo where st.ref = '324.1879.00.1'
20240509@081756.6481 mj3sns88rc1iiah4kvlemjuq2g Query : select 1 valor from information_schema.tables where table_type='base table' and table_name='wsfi039fields'
20240509@081756.6498 mj3sns88rc1iiah4kvlemjuq2g Query : select fieldkey,fieldname,fieldtype,mandatory from wsfi039fields
20240509@081756.6525 mj3sns88rc1iiah4kvlemjuq2g Query : select 1 valor from information_schema.tables where table_type='base table' and table_name='wsfi2039fields'
20240509@081756.6543 mj3sns88rc1iiah4kvlemjuq2g Query : select fieldkey,fieldname,fieldtype,mandatory from wsfi2039fields
20240509@081756.6547 mj3sns88rc1iiah4kvlemjuq2g Query : select sestamp valor from se where ref ='324.1879.00.1' and lote = 'r2301097100b'
20240509@081756.6554 mj3sns88rc1iiah4kvlemjuq2g Query : select top 1 convert(numeric(6,2),t.taxa) valor from taxasiva t where t.codigo='2'
20240509@081756.6564 mj3sns88rc1iiah4kvlemjuq2g Query : select 1 valor from information_schema.tables where table_type='base table' and table_name='wsfi039fields'
20240509@081756.6582 mj3sns88rc1iiah4kvlemjuq2g Query : select fieldkey,fieldname,fieldtype,calcformula from wsfi039fields
20240509@081756.6607 mj3sns88rc1iiah4kvlemjuq2g Query : insert into wsfi039data (fistamp,ousrdata, ousrhora, usrdata,usrhora,ousrinis,usrinis ,qtt ,ftstamp ,epv,pvmoeda ,tabiva,iva,lordem ,ref, design ,lote,armazem,bistamp ) values ('aut663c770537663c78a4a0',getdate(),convert(char(8),convert (time,getdate())),getdate(),convert(char(8),convert (time,getdate())),'wsv','wsv',2.000 ,'aut663c773636663c78a453' ,0,0 ,2,23.00,70000,?,?,?,?,?)
20240509@081756.6844 mj3sns88rc1iiah4kvlemjuq2g Query : use flama_phc
20240509@081756.6848 mj3sns88rc1iiah4kvlemjuq2g Query : select top 1 errorresult result ,errornumber errornumber ,errorcode code ,descriptionpt description ,isnull(descriptionen,'') descriptionen ,isnull(descriptionfr,'') descriptionfr from wserrorcodes where errornumber = -116
20240509@081756.6925 mj3sns88rc1iiah4kvlemjuq2g Query : select concat(rtrim(relative_path),ltrim(name_new)) as valor from uploadfiles where uploadfile_id='1572';
20240509@081756.6943 mj3sns88rc1iiah4kvlemjuq2g Query : update uploadfiles set whenupdated=current_timestamp where uploadfile_id='1572';
20240509@081756.7782 g2e6onh9v81v6kaqt8plqe20dn Query : insert into uploadfiles ( name_original, name_new, option_type, relative_path, whencreated ) values ( ?, ?, ?, ?, getdate() )
20240509@081756.7865 g2e6onh9v81v6kaqt8plqe20dn Query : select uploadfile_id valor from uploadfiles where name_new = ? and option_type = ? 
20240509@081756.8085 g2e6onh9v81v6kaqt8plqe20dn Query : select concat(rtrim(relative_path),ltrim(name_new)) as valor from uploadfiles where uploadfile_id='1573';
20240509@081756.8336 g2e6onh9v81v6kaqt8plqe20dn Query : update uploadfiles set whenupdated=current_timestamp where uploadfile_id='1573';
20240509@081756.8432 g2e6onh9v81v6kaqt8plqe20dn Query : select concat(rtrim(relative_path),ltrim(name_new)) as valor from uploadfiles where uploadfile_id='1573';
20240509@081756.8646 g2e6onh9v81v6kaqt8plqe20dn Query : update uploadfiles set whenupdated=current_timestamp where uploadfile_id='1573';
20240509@081756.8740 g2e6onh9v81v6kaqt8plqe20dn Query : use flama_phc
20240509@081756.8771 g2e6onh9v81v6kaqt8plqe20dn Query : select top 1 secretkey valor from u_wsusers u where u.userid = ? and u.inactivo=0
20240509@081756.8874 g2e6onh9v81v6kaqt8plqe20dn Query : use flama_phc
20240509@081756.8916 g2e6onh9v81v6kaqt8plqe20dn Query : select no, estab,szadrsdesc from szadrs where u_coddest=416
20240509@081756.9195 g2e6onh9v81v6kaqt8plqe20dn Query : select top 1 isnull(design,'') valor from st (nolock) left join stobs (nolock) on st.ref = stobs.ref where st.ref = '324.1879.00.1'
20240509@081756.9312 g2e6onh9v81v6kaqt8plqe20dn Query : select top 1 bistamp valor from bi inner join bo on bo.bostamp=bi.bostamp where bo.ndos =240 and bo.boano =2032 and bo.obrano = 2403290 and bi.ref ='324.1879.00.1' and bi.lordem =1
20240509@081757.4500 g2e6onh9v81v6kaqt8plqe20dn Query : select top 1 isnull(design,'') valor from st (nolock) left join stobs (nolock) on st.ref = stobs.ref where st.ref = '324.1879.00.1'
20240509@081757.2610 g2e6onh9v81v6kaqt8plqe20dn Query : select top 1 bistamp valor from bi inner join bo on bo.bostamp=bi.bostamp where bo.ndos =240 and bo.boano =2032 and bo.obrano = 2403290 and bi.ref ='324.1879.00.1' and bi.lordem =2
20240509@081757.1133 g2e6onh9v81v6kaqt8plqe20dn Query : select top 1 isnull(design,'') valor from st (nolock) left join stobs (nolock) on st.ref = stobs.ref where st.ref = '324.1536.00.1'
20240509@081757.1604 g2e6onh9v81v6kaqt8plqe20dn Query : select top 1 bistamp valor from bi inner join bo on bo.bostamp=bi.bostamp where bo.ndos =240 and bo.boano =2032 and bo.obrano = 2403290 and bi.ref ='324.1536.00.1' and bi.lordem =3
20240509@081757.2299 g2e6onh9v81v6kaqt8plqe20dn Query : use flama_phc
20240509@081757.2342 g2e6onh9v81v6kaqt8plqe20dn Query : select top 1 convert(date,fdata) valor from ft where ndoc = 39 and anulado= 0 and fno>0 order by fdata desc
20240509@081757.2555 g2e6onh9v81v6kaqt8plqe20dn Query : use flama_phc
20240509@081757.2596 g2e6onh9v81v6kaqt8plqe20dn Query : select top 1 1 valor from td where td.ndoc = 39
20240509@081757.2805 g2e6onh9v81v6kaqt8plqe20dn Query : use flama_phc
20240509@081757.2828 g2e6onh9v81v6kaqt8plqe20dn Query : select descricao ,case when valor='s' then 1 else 0 end usalotes from para1 where descricao in ('st_lote')
20240509@081757.2844 g2e6onh9v81v6kaqt8plqe20dn Query : select top 1 assinadoc issigned ,td.lancasl stocks ,'cl' origin ,case when (cmsl between 1 and 50 ) then 1 else 0 end entrada ,case when (cmsl>50 ) then 1 else 0 end saida ,~lotestock validatestock ,tiposaft from td inner join td2 on td.tdstamp=td2.td2stamp where td.ndoc =39
20240509@081757.2988 g2e6onh9v81v6kaqt8plqe20dn Query : use flama_phc
20240509@081757.2994 g2e6onh9v81v6kaqt8plqe20dn Query : select top 1 ~inactivo valor from cl where no = '102079' and estab = 0 order by inactivo desc
20240509@081757.3299 g2e6onh9v81v6kaqt8plqe20dn Query : use flama_phc
20240509@081757.3339 g2e6onh9v81v6kaqt8plqe20dn Query : select top 1 tipodoc,regrd from td where ndoc = 39
20240509@081757.3353 g2e6onh9v81v6kaqt8plqe20dn Query : use flama_phc
20240509@081757.3356 g2e6onh9v81v6kaqt8plqe20dn Query : select szadrsstamp valor from szadrs where szadrsdesc='espaÇotrans,lda'
20240509@081757.3472 g2e6onh9v81v6kaqt8plqe20dn Query : use flama_phc
20240509@081757.3512 g2e6onh9v81v6kaqt8plqe20dn Query : select szadrsstamp valor from szadrs where szadrsdesc='bragajav, lda.'
20240509@081757.3769 g2e6onh9v81v6kaqt8plqe20dn Query : use flama_phc
20240509@081757.3812 g2e6onh9v81v6kaqt8plqe20dn Query : select 1 valor from td where ndoc = 39
20240509@081757.4020 g2e6onh9v81v6kaqt8plqe20dn Query : select top 1 manternumero, tiposaft, nmdos,td.assinadoc from td where td.ndoc = 39
20240509@081757.4134 g2e6onh9v81v6kaqt8plqe20dn Query : select 1 valor from information_schema.tables where table_type='base table' and table_name='wsft039fields'
20240509@081757.4271 g2e6onh9v81v6kaqt8plqe20dn Query : select fieldkey,fieldname,fieldtype,mandatory from wsft039fields
20240509@081757.4300 g2e6onh9v81v6kaqt8plqe20dn Query : select 1 valor from information_schema.tables where table_type='base table' and table_name='wsft2039fields'
20240509@081757.4321 g2e6onh9v81v6kaqt8plqe20dn Query : select fieldkey,fieldname,fieldtype,mandatory from wsft2039fields
20240509@081757.4590 g2e6onh9v81v6kaqt8plqe20dn Query : select 1 valor from information_schema.tables where table_type='base table' and table_name='wsft3039fields'
20240509@081757.4753 g2e6onh9v81v6kaqt8plqe20dn Query : select fieldkey,fieldname,fieldtype,mandatory from wsft3039fields
20240509@081757.4961 g2e6onh9v81v6kaqt8plqe20dn Query : select top 1 ft.fno valor from ft ft where ft.ndoc = 39 and ftano=2024 order by fno desc
20240509@081757.5275 g2e6onh9v81v6kaqt8plqe20dn Query : select top 1 ft.fno valor from wsft039data ft where ft.ndoc = 39 and ftano=2024 order by fno desc
20240509@081757.5455 g2e6onh9v81v6kaqt8plqe20dn Query : select 1 valor from information_schema.tables where table_type='base table' and table_name='wsft3039fields'
20240509@081757.5512 g2e6onh9v81v6kaqt8plqe20dn Query : select fieldkey,fieldname,fieldtype,calcformula from wsft3039fields
20240509@081757.5826 g2e6onh9v81v6kaqt8plqe20dn Query : insert into wsft3039data (ft3stamp, ousrdata, ousrhora, usrdata,usrhora,ousrinis,usrinis,taxpointdt ) values ('aut663c714352663c78a579' ,getdate(),convert(char(8),convert (time,getdate())),getdate(),convert(char(8),convert (time,getdate())),'wsv','wsv',?)
20240509@081757.6261 g2e6onh9v81v6kaqt8plqe20dn Query : select 1 valor from information_schema.tables where table_type='base table' and table_name='wsft2039fields'
20240509@081757.6905 g2e6onh9v81v6kaqt8plqe20dn Query : select fieldkey,fieldname,fieldtype,calcformula from wsft2039fields
20240509@081757.7416 g2e6onh9v81v6kaqt8plqe20dn Query : select top 1 bo.u_nomeenv valor from bo where bo.bostamp=''
20240509@081757.7487 g2e6onh9v81v6kaqt8plqe20dn Query : select top 1 bo.u_moradaen valor from bo where bo.bostamp=''
20240509@081757.7569 g2e6onh9v81v6kaqt8plqe20dn Query : select top 1 bo.u_codposen valor from bo where bo.bostamp=''
20240509@081757.7651 g2e6onh9v81v6kaqt8plqe20dn Query : select top 1 bo.u_localenv valor from bo where bo.bostamp=''
20240509@081757.7671 g2e6onh9v81v6kaqt8plqe20dn Query : select top 1 bo.trab5 valor from bo where bo.bostamp=''
20240509@081757.7676 g2e6onh9v81v6kaqt8plqe20dn Query : select top 1 bo.serie valor from bo where bo.bostamp=''
20240509@081757.7682 g2e6onh9v81v6kaqt8plqe20dn Query : insert into wsft2039data (ft2stamp, ousrdata,ousrhora, usrdata,usrhora,ousrinis,usrinis,u_nomeenv ,u_moradaen ,u_codposen ,u_localenv ,u_coddest ,u_codby ) values ('aut663c714352663c78a579',getdate(),convert(char(8),convert (time,getdate())),getdate(),convert(char(8),convert (time,getdate())),'wsv','wsv',?,?,?,?,?,?)
20240509@081757.8102 g2e6onh9v81v6kaqt8plqe20dn Query : select top 1 fno valor from wsft039data order by fno desc
20240509@081757.8352 g2e6onh9v81v6kaqt8plqe20dn Query : select 1 valor from information_schema.tables where table_type='base table' and table_name='wsft039fields'
20240509@081757.8378 g2e6onh9v81v6kaqt8plqe20dn Query : select fieldkey,fieldname,fieldtype,calcformula from wsft039fields
20240509@081757.8544 g2e6onh9v81v6kaqt8plqe20dn Query : insert into wsft039data (ftstamp, ousrdata,ousrhora, usrdata,usrhora,ousrinis,usrinis,fno,no,estab,fdata,ndoc,moeda,cambio,cambiofixo,ftano,cdata,chora,carga,descar,site ,classe ) values ('aut663c714352663c78a579',getdate(),convert(char(8),convert (time,getdate())),getdate(),convert(char(8),convert (time,getdate())),'wsv','wsv',1256,102079,0,'2024-05-09',39,'euro',0,0,2024 ,'20240509','0847',?,?,?,?)
20240509@081757.9130 g2e6onh9v81v6kaqt8plqe20dn Query : use flama_phc
20240509@081757.9169 g2e6onh9v81v6kaqt8plqe20dn Query : select st.usalote valor from st where st.ref = '324.1879.00.1'
20240509@081757.9378 g2e6onh9v81v6kaqt8plqe20dn Query : select top 1 st.tabiva ,st.ivaincl ,st.stns ,st.uni2 ,st.familia ,isnull(tx.taxa, 0) txiva ,unidade ,usalote ,epcpond ,noserie from st left join taxasiva tx on st.tabiva = tx.codigo where st.ref = '324.1879.00.1'
20240509@081757.9450 g2e6onh9v81v6kaqt8plqe20dn Query : select 1 valor from information_schema.tables where table_type='base table' and table_name='wsfi039fields'
20240509@081757.9600 g2e6onh9v81v6kaqt8plqe20dn Query : select fieldkey,fieldname,fieldtype,mandatory from wsfi039fields
20240509@081757.9638 g2e6onh9v81v6kaqt8plqe20dn Query : select 1 valor from information_schema.tables where table_type='base table' and table_name='wsfi2039fields'
20240509@081757.9767 g2e6onh9v81v6kaqt8plqe20dn Query : select fieldkey,fieldname,fieldtype,mandatory from wsfi2039fields
20240509@081757.9849 g2e6onh9v81v6kaqt8plqe20dn Query : select sestamp valor from se where ref ='324.1879.00.1' and lote = 'r2301097100b'
20240509@081757.9902 g2e6onh9v81v6kaqt8plqe20dn Query : select top 1 convert(numeric(6,2),t.taxa) valor from taxasiva t where t.codigo='2'
20240509@081757.9914 g2e6onh9v81v6kaqt8plqe20dn Query : select 1 valor from information_schema.tables where table_type='base table' and table_name='wsfi039fields'
20240509@081758.1190 g2e6onh9v81v6kaqt8plqe20dn Query : select fieldkey,fieldname,fieldtype,calcformula from wsfi039fields
20240509@081758.1685 g2e6onh9v81v6kaqt8plqe20dn Query : insert into wsfi039data (fistamp,ousrdata, ousrhora, usrdata,usrhora,ousrinis,usrinis ,qtt ,ftstamp ,epv,pvmoeda ,tabiva,iva,lordem ,ref, design ,lote,armazem,bistamp ) values ('aut663c719306663c78a5f2',getdate(),convert(char(8),convert (time,getdate())),getdate(),convert(char(8),convert (time,getdate())),'wsv','wsv',9.000 ,'aut663c714352663c78a579' ,0,0 ,2,23.00,10000,?,?,?,?,?)
20240509@081758.2202 g2e6onh9v81v6kaqt8plqe20dn Query : use flama_phc
20240509@081758.2222 g2e6onh9v81v6kaqt8plqe20dn Query : select top 1 errorresult result ,errornumber errornumber ,errorcode code ,descriptionpt description ,isnull(descriptionen,'') descriptionen ,isnull(descriptionfr,'') descriptionfr from wserrorcodes where errornumber = -116
20240509@081758.2236 g2e6onh9v81v6kaqt8plqe20dn Query : select concat(rtrim(relative_path),ltrim(name_new)) as valor from uploadfiles where uploadfile_id='1573';
20240509@081758.2441 g2e6onh9v81v6kaqt8plqe20dn Query : update uploadfiles set whenupdated=current_timestamp where uploadfile_id='1573';
20240509@081909.3642 netfrrb6jjqfa5haqfuta6j3le Query : use flama_phc
20240509@081909.3646 netfrrb6jjqfa5haqfuta6j3le Query : select secretkey valor from u_wsusers u where u.userid = ? and u.username=? and u.password=? and u.inactivo=0
20240509@081909.3705 netfrrb6jjqfa5haqfuta6j3le Query : use flama_phc
20240509@081909.3709 netfrrb6jjqfa5haqfuta6j3le Query : update u_wsusers set rqsttoken =? where userid ='userls001'
20240509@083609.3651 uegr9lube2ceb8jbnjc5k8uqi0 Query : use flama_phc
20240509@083609.3656 uegr9lube2ceb8jbnjc5k8uqi0 Query : select secretkey valor from u_wsusers u where u.userid = ? and u.username=? and u.password=? and u.inactivo=0
20240509@083609.3717 uegr9lube2ceb8jbnjc5k8uqi0 Query : use flama_phc
20240509@083609.3721 uegr9lube2ceb8jbnjc5k8uqi0 Query : update u_wsusers set rqsttoken =? where userid ='userls001'
20240509@091910.6079 vncji5ipbr5696k8he8t1flful Query : use flama_phc
20240509@091910.6086 vncji5ipbr5696k8he8t1flful Query : select secretkey valor from u_wsusers u where u.userid = ? and u.username=? and u.password=? and u.inactivo=0
20240509@091910.6140 vncji5ipbr5696k8he8t1flful Query : use flama_phc
20240509@091910.6142 vncji5ipbr5696k8he8t1flful Query : update u_wsusers set rqsttoken =? where userid ='userls001'
20240509@093610.8604 dag2cqlhl2jp34bh7k2ciobbr3 Query : use flama_phc
20240509@093610.8689 dag2cqlhl2jp34bh7k2ciobbr3 Query : select secretkey valor from u_wsusers u where u.userid = ? and u.username=? and u.password=? and u.inactivo=0
20240509@093610.8736 dag2cqlhl2jp34bh7k2ciobbr3 Query : use flama_phc
20240509@093610.8739 dag2cqlhl2jp34bh7k2ciobbr3 Query : update u_wsusers set rqsttoken =? where userid ='userls001'
20240509@101909.8339 bdr2sul8rjjkull88lomfpph1v Query : use flama_phc
20240509@101909.8348 bdr2sul8rjjkull88lomfpph1v Query : select secretkey valor from u_wsusers u where u.userid = ? and u.username=? and u.password=? and u.inactivo=0
20240509@101909.8598 bdr2sul8rjjkull88lomfpph1v Query : use flama_phc
20240509@101909.8653 bdr2sul8rjjkull88lomfpph1v Query : update u_wsusers set rqsttoken =? where userid ='userls001'
20240509@103436.5773 2cr4b7hi9i57j2edb04vditrds Query : insert into uploadfiles ( name_original, name_new, option_type, relative_path, whencreated ) values ( ?, ?, ?, ?, getdate() )
20240509@103436.5865 2cr4b7hi9i57j2edb04vditrds Query : select uploadfile_id valor from uploadfiles where name_new = ? and option_type = ? 
20240509@103436.6990 2cr4b7hi9i57j2edb04vditrds Query : select concat(rtrim(relative_path),ltrim(name_new)) as valor from uploadfiles where uploadfile_id='1574';
20240509@103436.8928 2cr4b7hi9i57j2edb04vditrds Query : update uploadfiles set whenupdated=current_timestamp where uploadfile_id='1574';
20240509@103436.9033 2cr4b7hi9i57j2edb04vditrds Query : select concat(rtrim(relative_path),ltrim(name_new)) as valor from uploadfiles where uploadfile_id='1574';
20240509@103436.9245 2cr4b7hi9i57j2edb04vditrds Query : update uploadfiles set whenupdated=current_timestamp where uploadfile_id='1574';
20240509@103436.9336 2cr4b7hi9i57j2edb04vditrds Query : use flama_phc
20240509@103436.9378 2cr4b7hi9i57j2edb04vditrds Query : select top 1 secretkey valor from u_wsusers u where u.userid = ? and u.inactivo=0
20240509@103436.9622 2cr4b7hi9i57j2edb04vditrds Query : select no, estab,szadrsdesc from szadrs where u_coddest=2
20240509@103436.9926 2cr4b7hi9i57j2edb04vditrds Query : select top 1 isnull(design,'') valor from st (nolock) where st.ref = '324.1816.00.1'
20240509@103437.3120 2cr4b7hi9i57j2edb04vditrds Query : use flama_phc
20240509@103437.3540 2cr4b7hi9i57j2edb04vditrds Query : select top 1 1 valor from ts where ts.ndos = 5
20240509@103437.6630 2cr4b7hi9i57j2edb04vditrds Query : use flama_phc
20240509@103437.7040 2cr4b7hi9i57j2edb04vditrds Query : select descricao ,case when valor='s' then 1 else 0 end usalotes from para1 where descricao in ('st_lote')
20240509@103437.9460 2cr4b7hi9i57j2edb04vditrds Query : select top 1 assinadoc issigned ,ts.stocks ,ts.bdempresas origin ,case when (cmstocks between 1 and 50 or cm2stocks between 1 and 50 ) then 1 else 0 end entrada ,case when (cmstocks>50 or cm2stocks>50 ) then 1 else 0 end saida ,stneg validatestock ,tiposaft from ts inner join ts2 on ts.tsstamp=ts2.ts2stamp where ts.ndos =5
20240509@103437.1434 2cr4b7hi9i57j2edb04vditrds Query : use flama_phc
20240509@103437.1477 2cr4b7hi9i57j2edb04vditrds Query : select top 1 ~inactivo valor from fl where no = '100500' and estab = 0 order by inactivo desc
20240509@103437.1795 2cr4b7hi9i57j2edb04vditrds Query : use flama_phc
20240509@103437.1836 2cr4b7hi9i57j2edb04vditrds Query : select szadrsstamp valor from szadrs where szadrsdesc='espaÇotrans,lda'
20240509@103437.2085 2cr4b7hi9i57j2edb04vditrds Query : use flama_phc
20240509@103437.2126 2cr4b7hi9i57j2edb04vditrds Query : select szadrsstamp valor from szadrs where szadrsdesc='n/instalaÇÕes sede'
20240509@103437.2374 2cr4b7hi9i57j2edb04vditrds Query : use flama_phc
20240509@103437.2439 2cr4b7hi9i57j2edb04vditrds Query : select 1 valor from ts where ndos = 5
20240509@103437.2749 2cr4b7hi9i57j2edb04vditrds Query : select 1 valor from information_schema.tables where table_type='base table' and table_name='wsbo005fields'
20240509@103437.3519 2cr4b7hi9i57j2edb04vditrds Query : select fieldkey,fieldname,fieldtype,mandatory from wsbo005fields
20240509@103437.3954 2cr4b7hi9i57j2edb04vditrds Query : select 1 valor from information_schema.tables where table_type='base table' and table_name='wsbo2005fields'
20240509@103437.4583 2cr4b7hi9i57j2edb04vditrds Query : select 1 valor from information_schema.tables where table_type='base table' and table_name='wsbo3005fields'
20240509@103437.6190 2cr4b7hi9i57j2edb04vditrds Query : select top 1 ts2.manternumero, ts.tiposaft, ts.idserie,ts.nmdos,ts.bdempresas from ts inner join ts2 on ts.tsstamp=ts2.ts2stamp where ts.ndos = 5
20240509@103437.6643 2cr4b7hi9i57j2edb04vditrds Query : select top 1 bo.obrano valor from bo bo where bo.ndos = 5 and boano=2024 order by obrano desc
20240509@103437.7197 2cr4b7hi9i57j2edb04vditrds Query : select top 1 bo.obrano valor from wsbo005data bo where bo.ndos = 5 and boano=2024 order by obrano desc
20240509@103437.7572 2cr4b7hi9i57j2edb04vditrds Query : use flama_phc
20240509@103437.7655 2cr4b7hi9i57j2edb04vditrds Query : select top 1 no,estab,nome, morada, local,codpost,ncont,pncont,pais,inactivo,motiseimp,codmotiseimp from fl where no='100500' and estab=0
20240509@103437.8148 2cr4b7hi9i57j2edb04vditrds Query : select 1 valor from information_schema.tables where table_type='base table' and table_name='wsbo3005fields'
20240509@103437.8233 2cr4b7hi9i57j2edb04vditrds Query : insert into wsbo3005data (bo3stamp, ousrdata, ousrhora, usrdata,usrhora,ousrinis,usrinis) values ('aut663c963658663c98adb8',getdate(),convert(char(8),convert (time,getdate())),getdate(),convert(char(8),convert (time,getdate())),'aut','aut')
20240509@103437.8782 2cr4b7hi9i57j2edb04vditrds Query : select 1 valor from information_schema.tables where table_type='base table' and table_name='wsbo2005fields'
20240509@103437.8871 2cr4b7hi9i57j2edb04vditrds Query : insert into wsbo2005data (bo2stamp, tiposaft, idserie,cambio,cambiofixo,ousrdata, ousrhora, usrdata,usrhora,ousrinis,usrinis,xpddata,xpdhora,carga,descar) values ('aut663c963658663c98adb8','ga','bo','0',0,getdate(),convert(char(8),convert (time,getdate())),getdate(),convert(char(8),convert (time,getdate())),'aut','aut','20240509','11:04',?,?)
20240509@103438.1770 2cr4b7hi9i57j2edb04vditrds Query : select 1 valor from information_schema.tables where table_type='base table' and table_name='wsbo005fields'
20240509@103438.3860 2cr4b7hi9i57j2edb04vditrds Query : select fieldkey,fieldname,fieldtype,calcformula from wsbo005fields
20240509@103438.6150 2cr4b7hi9i57j2edb04vditrds Query : insert into wsbo005data (bostamp, nmdos, dataobra, ndos, obrano, no, estab, nome, ncont, morada, local, codpost, moeda, boano, memissao,ousrdata, ousrhora, usrdata,usrhora,ousrinis,usrinis,maquina ) values ('aut663c963658663c98adb8','trf entre armazéns a','2024-05-09',5,263,?,?,?,?,?,?,?,?,2024, (select valor from para1 where descricao = 'ge_euro') ,getdate(),convert(char(8),convert (time,getdate())),getdate(),convert(char(8),convert (time,getdate())),'aut','aut',?)
20240509@103438.2838 2cr4b7hi9i57j2edb04vditrds Query : use flama_phc
20240509@103438.2878 2cr4b7hi9i57j2edb04vditrds Query : select st.usalote valor from st where st.ref = '324.1816.00.1'
20240509@103438.3292 2cr4b7hi9i57j2edb04vditrds Query : select top 1 st.tabiva ,st.ivaincl ,st.stns ,st.uni2 ,st.familia ,isnull(tx.taxa, 0) txiva ,unidade ,usalote ,epcpond ,noserie from st left join taxasiva tx on st.tabiva = tx.codigo where st.ref = '324.1816.00.1'
20240509@103438.3762 2cr4b7hi9i57j2edb04vditrds Query : select 1 valor from information_schema.tables where table_type='base table' and table_name='wsbi005fields'
20240509@103438.4747 2cr4b7hi9i57j2edb04vditrds Query : select fieldkey,fieldname,fieldtype,mandatory from wsbi005fields
20240509@103438.5149 2cr4b7hi9i57j2edb04vditrds Query : select 1 valor from information_schema.tables where table_type='base table' and table_name='wsbi2005fields'
20240509@103438.5748 2cr4b7hi9i57j2edb04vditrds Query : select 1 valor from information_schema.tables where table_type='base table' and table_name='wsbi005fields'
20240509@103438.5959 2cr4b7hi9i57j2edb04vditrds Query : select fieldkey,fieldname,fieldtype,mandatory from wsbi005fields
20240509@103438.6253 2cr4b7hi9i57j2edb04vditrds Query : select 1 valor from information_schema.tables where table_type='base table' and table_name='wsbi2005fields'
20240509@103438.6339 2cr4b7hi9i57j2edb04vditrds Query : select top 1 convert(numeric(6,2),t.taxa) valor from taxasiva t where t.codigo='2'
20240509@103438.6576 2cr4b7hi9i57j2edb04vditrds Query : select 1 valor from information_schema.tables where table_type='base table' and table_name='wsbi005fields'
20240509@103438.6786 2cr4b7hi9i57j2edb04vditrds Query : select fieldkey,fieldname,fieldtype,calcformula from wsbi005fields
20240509@103438.6823 2cr4b7hi9i57j2edb04vditrds Query : insert into wsbi005data (bistamp,ousrdata, ousrhora, usrdata,usrhora,ousrinis,usrinis ,obrano, qtt ,no, estab,nmdos ,ndos, obranome,fechada, dataobra ,dataopen, datafecho,local, morada ,codpost, nome,bostamp,lordem , edebito,debito ,ivaincl,stns,unidade, unidad2 ,marcada,usalote ,ettdeb,ttdeb,epcusto, pcusto ,ecustoind,custoind ,vumoeda,ttmoeda ,vendedor,vendnm, ccusto,ncusto ,noserie,tabiva,iva ,ref,design,familia,armazem,ar2mazem) select 'aut663c969393663c98aea0',getdate(),convert(char(8),convert (time,getdate())),getdate(),convert(char(8),convert (time,getdate())),'aut','aut',bo.obrano, 0 ,bo.no, bo.estab,bo.nmdos ,bo.ndos, bo.obranome,bo.fechada, bo.dataobra ,bo.dataopen,bo.datafecho,bo.local, bo.morada ,bo.codpost, bo.nome,bo.bostamp,20000 ,0,0*200.48 ,0,0,'','' ,bo.marcada,0 ,0*0,0*0*200.48 ,0,0*200.48 ,0,0*200.48 ,0,0*0 ,bo.vendedor,bo.vendnm,bo.ccusto,bo.ncusto ,0,2,23.00,?,?,?,?,? from wsbo005data bo where bo.bostamp = 'aut663c963658663c98adb8'
20240509@103438.7228 2cr4b7hi9i57j2edb04vditrds Query : select 1 valor from information_schema.tables where table_type='base table' and table_name='wsbi2005fields'
20240509@103438.7237 2cr4b7hi9i57j2edb04vditrds Query : insert into wsbi2005data (bi2stamp,bostamp,morada, local,codpost ,ousrdata, ousrhora, usrdata,usrhora,ousrinis,usrinis) select 'aut663c969393663c98aea0','aut663c963658663c98adb8',bo.morada, bo.local,bo.codpost ,getdate(),convert(char(8),convert (time,getdate())),getdate(),convert(char(8),convert (time,getdate())),'aut','aut' from wsbo005data bo where bo.bostamp = 'aut663c963658663c98adb8'
20240509@103438.7420 2cr4b7hi9i57j2edb04vditrds Query : use flama_phc
20240509@103438.7424 2cr4b7hi9i57j2edb04vditrds Query : select top 1 errorresult result ,errornumber errornumber ,errorcode code ,descriptionpt description ,isnull(descriptionen,'') descriptionen ,isnull(descriptionfr,'') descriptionfr from wserrorcodes where errornumber = -150
20240509@103438.7490 2cr4b7hi9i57j2edb04vditrds Query : select concat(rtrim(relative_path),ltrim(name_new)) as valor from uploadfiles where uploadfile_id='1574';
20240509@103438.7587 2cr4b7hi9i57j2edb04vditrds Query : update uploadfiles set whenupdated=current_timestamp where uploadfile_id='1574';
20240509@103609.9908 g6bao0tk19jdqh1jvkp9lde2k0 Query : use flama_phc
20240509@103609.9946 g6bao0tk19jdqh1jvkp9lde2k0 Query : select secretkey valor from u_wsusers u where u.userid = ? and u.username=? and u.password=? and u.inactivo=0
20240509@103610.1580 g6bao0tk19jdqh1jvkp9lde2k0 Query : use flama_phc
20240509@103610.1970 g6bao0tk19jdqh1jvkp9lde2k0 Query : update u_wsusers set rqsttoken =? where userid ='userls001'
20240509@111909.3049 mf1tsvap84e46q6vgfmqgmc4m6 Query : use flama_phc
20240509@111909.3089 mf1tsvap84e46q6vgfmqgmc4m6 Query : select secretkey valor from u_wsusers u where u.userid = ? and u.username=? and u.password=? and u.inactivo=0
20240509@111909.3308 mf1tsvap84e46q6vgfmqgmc4m6 Query : use flama_phc
20240509@111909.3348 mf1tsvap84e46q6vgfmqgmc4m6 Query : update u_wsusers set rqsttoken =? where userid ='userls001'
20240509@113609.3087 do3nmfg6uercg86h590jq8nj12 Query : use flama_phc
20240509@113609.3096 do3nmfg6uercg86h590jq8nj12 Query : select secretkey valor from u_wsusers u where u.userid = ? and u.username=? and u.password=? and u.inactivo=0
20240509@113609.3203 do3nmfg6uercg86h590jq8nj12 Query : use flama_phc
20240509@113609.3214 do3nmfg6uercg86h590jq8nj12 Query : update u_wsusers set rqsttoken =? where userid ='userls001'
20240509@121911.4485 0rcajlvth9camkqj8s0kteusjp Query : use flama_phc
20240509@121911.4489 0rcajlvth9camkqj8s0kteusjp Query : select secretkey valor from u_wsusers u where u.userid = ? and u.username=? and u.password=? and u.inactivo=0
20240509@121911.4508 0rcajlvth9camkqj8s0kteusjp Query : use flama_phc
20240509@121911.4511 0rcajlvth9camkqj8s0kteusjp Query : update u_wsusers set rqsttoken =? where userid ='userls001'
20240509@123611.8099 4fv5lafq3uqsohns2l6it7s6vi Query : use flama_phc
20240509@123611.8104 4fv5lafq3uqsohns2l6it7s6vi Query : select secretkey valor from u_wsusers u where u.userid = ? and u.username=? and u.password=? and u.inactivo=0
20240509@123611.8123 4fv5lafq3uqsohns2l6it7s6vi Query : use flama_phc
20240509@123611.8126 4fv5lafq3uqsohns2l6it7s6vi Query : update u_wsusers set rqsttoken =? where userid ='userls001'
20240509@131910.8945 t495mk5a4s191e5n40a3e7cen4 Query : use flama_phc
20240509@131910.8949 t495mk5a4s191e5n40a3e7cen4 Query : select secretkey valor from u_wsusers u where u.userid = ? and u.username=? and u.password=? and u.inactivo=0
20240509@131910.9016 t495mk5a4s191e5n40a3e7cen4 Query : use flama_phc
20240509@131910.9020 t495mk5a4s191e5n40a3e7cen4 Query : update u_wsusers set rqsttoken =? where userid ='userls001'
20240509@133610.8808 34lsgm6iaq31mat8h0nb8lv0a0 Query : use flama_phc
20240509@133610.8967 34lsgm6iaq31mat8h0nb8lv0a0 Query : select secretkey valor from u_wsusers u where u.userid = ? and u.username=? and u.password=? and u.inactivo=0
20240509@133610.9352 34lsgm6iaq31mat8h0nb8lv0a0 Query : use flama_phc
20240509@133610.9834 34lsgm6iaq31mat8h0nb8lv0a0 Query : update u_wsusers set rqsttoken =? where userid ='userls001'
20240509@141910.9049 25va82ddg72vdksngu310bu4lb Query : use flama_phc
20240509@141910.9056 25va82ddg72vdksngu310bu4lb Query : select secretkey valor from u_wsusers u where u.userid = ? and u.username=? and u.password=? and u.inactivo=0
20240509@141910.9072 25va82ddg72vdksngu310bu4lb Query : use flama_phc
20240509@141910.9075 25va82ddg72vdksngu310bu4lb Query : update u_wsusers set rqsttoken =? where userid ='userls001'
20240509@143610.7858 fr3iddfbr99pj5s1ohctndl9om Query : use flama_phc
20240509@143610.7862 fr3iddfbr99pj5s1ohctndl9om Query : select secretkey valor from u_wsusers u where u.userid = ? and u.username=? and u.password=? and u.inactivo=0
20240509@143610.7948 fr3iddfbr99pj5s1ohctndl9om Query : use flama_phc
20240509@143610.7978 fr3iddfbr99pj5s1ohctndl9om Query : update u_wsusers set rqsttoken =? where userid ='userls001'
20240509@151910.2534 euk8alq1keif1nql0edf152cin Query : use flama_phc
20240509@151910.2539 euk8alq1keif1nql0edf152cin Query : select secretkey valor from u_wsusers u where u.userid = ? and u.username=? and u.password=? and u.inactivo=0
20240509@151910.2559 euk8alq1keif1nql0edf152cin Query : use flama_phc
20240509@151910.2562 euk8alq1keif1nql0edf152cin Query : update u_wsusers set rqsttoken =? where userid ='userls001'
20240509@153610.7008 4uu8kkkpqvaudel2u8k4438ghn Query : use flama_phc
20240509@153610.7022 4uu8kkkpqvaudel2u8k4438ghn Query : select secretkey valor from u_wsusers u where u.userid = ? and u.username=? and u.password=? and u.inactivo=0
20240509@153610.7038 4uu8kkkpqvaudel2u8k4438ghn Query : use flama_phc
20240509@153610.7042 4uu8kkkpqvaudel2u8k4438ghn Query : update u_wsusers set rqsttoken =? where userid ='userls001'
20240509@161914.7165 c243tvqm9vnhotb1gsd03g3pes Query : use flama_phc
20240509@161914.7177 c243tvqm9vnhotb1gsd03g3pes Query : select secretkey valor from u_wsusers u where u.userid = ? and u.username=? and u.password=? and u.inactivo=0
20240509@161914.7197 c243tvqm9vnhotb1gsd03g3pes Query : use flama_phc
20240509@161914.7200 c243tvqm9vnhotb1gsd03g3pes Query : update u_wsusers set rqsttoken =? where userid ='userls001'
20240509@163614.7865 mfdlh8tclqo39v9065silpgm80 Query : use flama_phc
20240509@163614.7869 mfdlh8tclqo39v9065silpgm80 Query : select secretkey valor from u_wsusers u where u.userid = ? and u.username=? and u.password=? and u.inactivo=0
20240509@163614.7885 mfdlh8tclqo39v9065silpgm80 Query : use flama_phc
20240509@163614.7888 mfdlh8tclqo39v9065silpgm80 Query : update u_wsusers set rqsttoken =? where userid ='userls001'
20240509@171911.5340 6son4ae2pl1c31sp6s83s89iu0 Query : use flama_phc
20240509@171911.5390 6son4ae2pl1c31sp6s83s89iu0 Query : select secretkey valor from u_wsusers u where u.userid = ? and u.username=? and u.password=? and u.inactivo=0
20240509@171911.5550 6son4ae2pl1c31sp6s83s89iu0 Query : use flama_phc
20240509@171911.5580 6son4ae2pl1c31sp6s83s89iu0 Query : update u_wsusers set rqsttoken =? where userid ='userls001'
20240509@173610.8022 4uh509sqs7gealcmpsahr6uk8u Query : use flama_phc
20240509@173610.8026 4uh509sqs7gealcmpsahr6uk8u Query : select secretkey valor from u_wsusers u where u.userid = ? and u.username=? and u.password=? and u.inactivo=0
20240509@173610.8042 4uh509sqs7gealcmpsahr6uk8u Query : use flama_phc
20240509@173610.8044 4uh509sqs7gealcmpsahr6uk8u Query : update u_wsusers set rqsttoken =? where userid ='userls001'
20240509@181913.7560 bfnglcra9r894lr8mpbvtnukil Query : use flama_phc
20240509@181913.7610 bfnglcra9r894lr8mpbvtnukil Query : select secretkey valor from u_wsusers u where u.userid = ? and u.username=? and u.password=? and u.inactivo=0
20240509@181913.8250 bfnglcra9r894lr8mpbvtnukil Query : use flama_phc
20240509@181913.8280 bfnglcra9r894lr8mpbvtnukil Query : update u_wsusers set rqsttoken =? where userid ='userls001'
20240509@183612.9415 ead6ho6k76kc140p2sjcebrlv9 Query : use flama_phc
20240509@183612.9420 ead6ho6k76kc140p2sjcebrlv9 Query : select secretkey valor from u_wsusers u where u.userid = ? and u.username=? and u.password=? and u.inactivo=0
20240509@183612.9436 ead6ho6k76kc140p2sjcebrlv9 Query : use flama_phc
20240509@183612.9438 ead6ho6k76kc140p2sjcebrlv9 Query : update u_wsusers set rqsttoken =? where userid ='userls001'
20240509@191922.8457 i4ruvh0mhm2pu4om0kv7s4ikht Query : use flama_phc
20240509@191922.8461 i4ruvh0mhm2pu4om0kv7s4ikht Query : select secretkey valor from u_wsusers u where u.userid = ? and u.username=? and u.password=? and u.inactivo=0
20240509@191922.8483 i4ruvh0mhm2pu4om0kv7s4ikht Query : use flama_phc
20240509@191922.8485 i4ruvh0mhm2pu4om0kv7s4ikht Query : update u_wsusers set rqsttoken =? where userid ='userls001'
20240509@193622.8149 d1j36lf5cqlg6gmf1nnttkli0r Query : use flama_phc
20240509@193622.8154 d1j36lf5cqlg6gmf1nnttkli0r Query : select secretkey valor from u_wsusers u where u.userid = ? and u.username=? and u.password=? and u.inactivo=0
20240509@193622.8171 d1j36lf5cqlg6gmf1nnttkli0r Query : use flama_phc
20240509@193622.8174 d1j36lf5cqlg6gmf1nnttkli0r Query : update u_wsusers set rqsttoken =? where userid ='userls001'
20240509@201911.3438 53g3o27nbc7sep5jl0c38rukai Query : use flama_phc
20240509@201911.3443 53g3o27nbc7sep5jl0c38rukai Query : select secretkey valor from u_wsusers u where u.userid = ? and u.username=? and u.password=? and u.inactivo=0
20240509@201911.3518 53g3o27nbc7sep5jl0c38rukai Query : use flama_phc
20240509@201911.3522 53g3o27nbc7sep5jl0c38rukai Query : update u_wsusers set rqsttoken =? where userid ='userls001'
20240509@203611.1663 tkre93p28m8n707ivc70gguuj0 Query : use flama_phc
20240509@203611.1669 tkre93p28m8n707ivc70gguuj0 Query : select secretkey valor from u_wsusers u where u.userid = ? and u.username=? and u.password=? and u.inactivo=0
20240509@203611.1688 tkre93p28m8n707ivc70gguuj0 Query : use flama_phc
20240509@203611.1691 tkre93p28m8n707ivc70gguuj0 Query : update u_wsusers set rqsttoken =? where userid ='userls001'
20240509@211911.1355 cgggte56q9c78857h0cku4op3i Query : use flama_phc
20240509@211911.1360 cgggte56q9c78857h0cku4op3i Query : select secretkey valor from u_wsusers u where u.userid = ? and u.username=? and u.password=? and u.inactivo=0
20240509@211911.1375 cgggte56q9c78857h0cku4op3i Query : use flama_phc
20240509@211911.1378 cgggte56q9c78857h0cku4op3i Query : update u_wsusers set rqsttoken =? where userid ='userls001'
20240509@213611.5651 de2eitadrt9tmkqvleoefju976 Query : use flama_phc
20240509@213611.5656 de2eitadrt9tmkqvleoefju976 Query : select secretkey valor from u_wsusers u where u.userid = ? and u.username=? and u.password=? and u.inactivo=0
20240509@213611.5671 de2eitadrt9tmkqvleoefju976 Query : use flama_phc
20240509@213611.5674 de2eitadrt9tmkqvleoefju976 Query : update u_wsusers set rqsttoken =? where userid ='userls001'
20240509@221915.9819 tsvdvqrt6qvunaddrrenus8lfu Query : use flama_phc
20240509@221915.9823 tsvdvqrt6qvunaddrrenus8lfu Query : select secretkey valor from u_wsusers u where u.userid = ? and u.username=? and u.password=? and u.inactivo=0
20240509@221915.9840 tsvdvqrt6qvunaddrrenus8lfu Query : use flama_phc
20240509@221915.9842 tsvdvqrt6qvunaddrrenus8lfu Query : update u_wsusers set rqsttoken =? where userid ='userls001'
20240509@223616.3486 srm0k3jn48akbpmgo5hf7b4ogf Query : use flama_phc
20240509@223616.3492 srm0k3jn48akbpmgo5hf7b4ogf Query : select secretkey valor from u_wsusers u where u.userid = ? and u.username=? and u.password=? and u.inactivo=0
20240509@223616.3508 srm0k3jn48akbpmgo5hf7b4ogf Query : use flama_phc
20240509@223616.3511 srm0k3jn48akbpmgo5hf7b4ogf Query : update u_wsusers set rqsttoken =? where userid ='userls001'
20240509@231913.7380 p4boc3f8jnhbdd6k9tmpebjn3p Query : use flama_phc
20240509@231913.7440 p4boc3f8jnhbdd6k9tmpebjn3p Query : select secretkey valor from u_wsusers u where u.userid = ? and u.username=? and u.password=? and u.inactivo=0
20240509@231913.7630 p4boc3f8jnhbdd6k9tmpebjn3p Query : use flama_phc
20240509@231913.7660 p4boc3f8jnhbdd6k9tmpebjn3p Query : update u_wsusers set rqsttoken =? where userid ='userls001'
20240509@233613.1910 tjh4rgpq1v3vuq6aiot2coj2r5 Query : use flama_phc
20240509@233613.2434 tjh4rgpq1v3vuq6aiot2coj2r5 Query : select secretkey valor from u_wsusers u where u.userid = ? and u.username=? and u.password=? and u.inactivo=0
20240509@233613.2452 tjh4rgpq1v3vuq6aiot2coj2r5 Query : use flama_phc
20240509@233613.2455 tjh4rgpq1v3vuq6aiot2coj2r5 Query : update u_wsusers set rqsttoken =? where userid ='userls001'
20240510@071926.9538 96v142i8ccdol9dbn4nashi2q1 Query : use flama_phc
20240510@071926.9542 96v142i8ccdol9dbn4nashi2q1 Query : select secretkey valor from u_wsusers u where u.userid = ? and u.username=? and u.password=? and u.inactivo=0
20240510@071926.9604 96v142i8ccdol9dbn4nashi2q1 Query : use flama_phc
20240510@071926.9607 96v142i8ccdol9dbn4nashi2q1 Query : update u_wsusers set rqsttoken =? where userid ='userls001'
20240510@073622.4992 avfhphqet3hmg0fk9lcuqap6rf Query : use flama_phc
20240510@073622.4997 avfhphqet3hmg0fk9lcuqap6rf Query : select secretkey valor from u_wsusers u where u.userid = ? and u.username=? and u.password=? and u.inactivo=0
20240510@073622.5015 avfhphqet3hmg0fk9lcuqap6rf Query : use flama_phc
20240510@073622.5018 avfhphqet3hmg0fk9lcuqap6rf Query : update u_wsusers set rqsttoken =? where userid ='userls001'
20240510@080249.3146 nah76vbabf2fcpkboucegutqkj Query : insert into uploadfiles ( name_original, name_new, option_type, relative_path, whencreated ) values ( ?, ?, ?, ?, getdate() )
20240510@080249.3208 nah76vbabf2fcpkboucegutqkj Query : select uploadfile_id valor from uploadfiles where name_new = ? and option_type = ? 
20240510@080249.3375 nah76vbabf2fcpkboucegutqkj Query : select concat(rtrim(relative_path),ltrim(name_new)) as valor from uploadfiles where uploadfile_id='1575';
20240510@080249.3424 nah76vbabf2fcpkboucegutqkj Query : update uploadfiles set whenupdated=current_timestamp where uploadfile_id='1575';
20240510@080249.3456 nah76vbabf2fcpkboucegutqkj Query : select concat(rtrim(relative_path),ltrim(name_new)) as valor from uploadfiles where uploadfile_id='1575';
20240510@080249.3468 nah76vbabf2fcpkboucegutqkj Query : update uploadfiles set whenupdated=current_timestamp where uploadfile_id='1575';
20240510@080249.3483 nah76vbabf2fcpkboucegutqkj Query : use flama_phc
20240510@080249.3487 nah76vbabf2fcpkboucegutqkj Query : select top 1 secretkey valor from u_wsusers u where u.userid = ? and u.inactivo=0
20240510@080249.3539 nah76vbabf2fcpkboucegutqkj Query : use flama_phc
20240510@080249.3542 nah76vbabf2fcpkboucegutqkj Query : select no, estab,szadrsdesc from szadrs where u_coddest=4740
20240510@080249.3653 nah76vbabf2fcpkboucegutqkj Query : select top 1 isnull(design,'') valor from st (nolock) left join stobs (nolock) on st.ref = stobs.ref where st.ref = '324.4902.00.1'
20240510@080249.3801 nah76vbabf2fcpkboucegutqkj Query : select top 1 bistamp valor from bi inner join bo on bo.bostamp=bi.bostamp where bo.ndos =240 and bo.boano =2032 and bo.obrano = 2403245 and bi.ref ='324.4902.00.1' and bi.lordem =1
20240510@080249.4138 nah76vbabf2fcpkboucegutqkj Query : use flama_phc
20240510@080249.4141 nah76vbabf2fcpkboucegutqkj Query : select top 1 convert(date,fdata) valor from ft where ndoc = 39 and anulado= 0 and fno>0 order by fdata desc
20240510@080249.4330 nah76vbabf2fcpkboucegutqkj Query : use flama_phc
20240510@080249.4335 nah76vbabf2fcpkboucegutqkj Query : select top 1 1 valor from td where td.ndoc = 39
20240510@080249.4427 nah76vbabf2fcpkboucegutqkj Query : use flama_phc
20240510@080249.4431 nah76vbabf2fcpkboucegutqkj Query : select descricao ,case when valor='s' then 1 else 0 end usalotes from para1 where descricao in ('st_lote')
20240510@080249.4471 nah76vbabf2fcpkboucegutqkj Query : select top 1 assinadoc issigned ,td.lancasl stocks ,'cl' origin ,case when (cmsl between 1 and 50 ) then 1 else 0 end entrada ,case when (cmsl>50 ) then 1 else 0 end saida ,~lotestock validatestock ,tiposaft from td inner join td2 on td.tdstamp=td2.td2stamp where td.ndoc =39
20240510@080249.4609 nah76vbabf2fcpkboucegutqkj Query : use flama_phc
20240510@080249.4612 nah76vbabf2fcpkboucegutqkj Query : select top 1 ~inactivo valor from cl where no = '100810' and estab = 0 order by inactivo desc
20240510@080249.4731 nah76vbabf2fcpkboucegutqkj Query : use flama_phc
20240510@080249.4734 nah76vbabf2fcpkboucegutqkj Query : select top 1 tipodoc,regrd from td where ndoc = 39
20240510@080249.4981 nah76vbabf2fcpkboucegutqkj Query : use flama_phc
20240510@080249.4985 nah76vbabf2fcpkboucegutqkj Query : select szadrsstamp valor from szadrs where szadrsdesc='espaÇotrans,lda'
20240510@080249.5045 nah76vbabf2fcpkboucegutqkj Query : use flama_phc
20240510@080249.5049 nah76vbabf2fcpkboucegutqkj Query : select szadrsstamp valor from szadrs where szadrsdesc='100810 - worten-equipamentos para o lar,sa.'
20240510@080249.5062 nah76vbabf2fcpkboucegutqkj Query : use flama_phc
20240510@080249.5065 nah76vbabf2fcpkboucegutqkj Query : select 1 valor from td where ndoc = 39
20240510@080249.5151 nah76vbabf2fcpkboucegutqkj Query : select top 1 manternumero, tiposaft, nmdos,td.assinadoc from td where td.ndoc = 39
20240510@080249.5223 nah76vbabf2fcpkboucegutqkj Query : select 1 valor from information_schema.tables where table_type='base table' and table_name='wsft039fields'
20240510@080249.5528 nah76vbabf2fcpkboucegutqkj Query : select fieldkey,fieldname,fieldtype,mandatory from wsft039fields
20240510@080249.5581 nah76vbabf2fcpkboucegutqkj Query : select 1 valor from information_schema.tables where table_type='base table' and table_name='wsft2039fields'
20240510@080249.5875 nah76vbabf2fcpkboucegutqkj Query : select fieldkey,fieldname,fieldtype,mandatory from wsft2039fields
20240510@080249.5940 nah76vbabf2fcpkboucegutqkj Query : select 1 valor from information_schema.tables where table_type='base table' and table_name='wsft3039fields'
20240510@080249.6233 nah76vbabf2fcpkboucegutqkj Query : select fieldkey,fieldname,fieldtype,mandatory from wsft3039fields
20240510@080249.6279 nah76vbabf2fcpkboucegutqkj Query : select top 1 ft.fno valor from ft ft where ft.ndoc = 39 and ftano=2024 order by fno desc
20240510@080249.6572 nah76vbabf2fcpkboucegutqkj Query : select top 1 ft.fno valor from wsft039data ft where ft.ndoc = 39 and ftano=2024 order by fno desc
20240510@080249.6645 nah76vbabf2fcpkboucegutqkj Query : select 1 valor from information_schema.tables where table_type='base table' and table_name='wsft3039fields'
20240510@080249.6659 nah76vbabf2fcpkboucegutqkj Query : select fieldkey,fieldname,fieldtype,calcformula from wsft3039fields
20240510@080249.6689 nah76vbabf2fcpkboucegutqkj Query : insert into wsft3039data (ft3stamp, ousrdata, ousrhora, usrdata,usrhora,ousrinis,usrinis,taxpointdt ) values ('aut663dc14214663dc69999' ,getdate(),convert(char(8),convert (time,getdate())),getdate(),convert(char(8),convert (time,getdate())),'wsv','wsv',?)
20240510@080249.7042 nah76vbabf2fcpkboucegutqkj Query : select 1 valor from information_schema.tables where table_type='base table' and table_name='wsft2039fields'
20240510@080249.7057 nah76vbabf2fcpkboucegutqkj Query : select fieldkey,fieldname,fieldtype,calcformula from wsft2039fields
20240510@080249.7108 nah76vbabf2fcpkboucegutqkj Query : select top 1 bo.u_nomeenv valor from bo where bo.bostamp=''
20240510@080249.7197 nah76vbabf2fcpkboucegutqkj Query : select top 1 bo.u_moradaen valor from bo where bo.bostamp=''
20240510@080249.7268 nah76vbabf2fcpkboucegutqkj Query : select top 1 bo.u_codposen valor from bo where bo.bostamp=''
20240510@080249.7333 nah76vbabf2fcpkboucegutqkj Query : select top 1 bo.u_localenv valor from bo where bo.bostamp=''
20240510@080249.7400 nah76vbabf2fcpkboucegutqkj Query : select top 1 bo.trab5 valor from bo where bo.bostamp=''
20240510@080249.7463 nah76vbabf2fcpkboucegutqkj Query : select top 1 bo.serie valor from bo where bo.bostamp=''
20240510@080249.7525 nah76vbabf2fcpkboucegutqkj Query : insert into wsft2039data (ft2stamp, ousrdata,ousrhora, usrdata,usrhora,ousrinis,usrinis,u_nomeenv ,u_moradaen ,u_codposen ,u_localenv ,u_coddest ,u_codby ) values ('aut663dc14214663dc69999',getdate(),convert(char(8),convert (time,getdate())),getdate(),convert(char(8),convert (time,getdate())),'wsv','wsv',?,?,?,?,?,?)
20240510@080249.8140 nah76vbabf2fcpkboucegutqkj Query : select top 1 fno valor from wsft039data order by fno desc
20240510@080249.8248 nah76vbabf2fcpkboucegutqkj Query : select 1 valor from information_schema.tables where table_type='base table' and table_name='wsft039fields'
20240510@080249.8262 nah76vbabf2fcpkboucegutqkj Query : select fieldkey,fieldname,fieldtype,calcformula from wsft039fields
20240510@080249.8298 nah76vbabf2fcpkboucegutqkj Query : insert into wsft039data (ftstamp, ousrdata,ousrhora, usrdata,usrhora,ousrinis,usrinis,fno,no,estab,fdata,ndoc,moeda,cambio,cambiofixo,ftano,cdata,chora,carga,descar,site ,classe ) values ('aut663dc14214663dc69999',getdate(),convert(char(8),convert (time,getdate())),getdate(),convert(char(8),convert (time,getdate())),'wsv','wsv',1256,100810,0,'2024-05-10',39,'euro',0,0,2024 ,'20240510','0832',?,?,?,?)
20240510@080249.8952 nah76vbabf2fcpkboucegutqkj Query : use flama_phc
20240510@080249.8957 nah76vbabf2fcpkboucegutqkj Query : select st.usalote valor from st where st.ref = '324.4902.00.1'
20240510@080249.9182 nah76vbabf2fcpkboucegutqkj Query : select top 1 st.tabiva ,st.ivaincl ,st.stns ,st.uni2 ,st.familia ,isnull(tx.taxa, 0) txiva ,unidade ,usalote ,epcpond ,noserie from st left join taxasiva tx on st.tabiva = tx.codigo where st.ref = '324.4902.00.1'
20240510@080249.9347 nah76vbabf2fcpkboucegutqkj Query : select 1 valor from information_schema.tables where table_type='base table' and table_name='wsfi039fields'
20240510@080249.9724 nah76vbabf2fcpkboucegutqkj Query : select fieldkey,fieldname,fieldtype,mandatory from wsfi039fields
20240510@080249.9786 nah76vbabf2fcpkboucegutqkj Query : select 1 valor from information_schema.tables where table_type='base table' and table_name='wsfi2039fields'
20240510@080250.1350 nah76vbabf2fcpkboucegutqkj Query : select fieldkey,fieldname,fieldtype,mandatory from wsfi2039fields
20240510@080250.2310 nah76vbabf2fcpkboucegutqkj Query : select sestamp valor from se where ref ='324.4902.00.1' and lote = 'r2300206100a'
20240510@080250.3280 nah76vbabf2fcpkboucegutqkj Query : select top 1 convert(numeric(6,2),t.taxa) valor from taxasiva t where t.codigo='2'
20240510@080250.3690 nah76vbabf2fcpkboucegutqkj Query : select 1 valor from information_schema.tables where table_type='base table' and table_name='wsfi039fields'
20240510@080250.4190 nah76vbabf2fcpkboucegutqkj Query : select fieldkey,fieldname,fieldtype,calcformula from wsfi039fields
20240510@080250.4940 nah76vbabf2fcpkboucegutqkj Query : insert into wsfi039data (fistamp,ousrdata, ousrhora, usrdata,usrhora,ousrinis,usrinis ,qtt ,ftstamp ,epv,pvmoeda ,tabiva,iva,lordem ,ref, design ,lote,armazem,bistamp ) values ('aut663dc52234663dc69a09',getdate(),convert(char(8),convert (time,getdate())),getdate(),convert(char(8),convert (time,getdate())),'wsv','wsv',52.000 ,'aut663dc14214663dc69999' ,0,0 ,2,23.00,10000,?,?,?,?,?)
20240510@080250.2274 nah76vbabf2fcpkboucegutqkj Query : select 1 valor from information_schema.tables where table_type='base table' and table_name='wsfi2039fields'
20240510@080250.2290 nah76vbabf2fcpkboucegutqkj Query : select fieldkey,fieldname,fieldtype,calcformula from wsfi2039fields
20240510@080250.2315 nah76vbabf2fcpkboucegutqkj Query : insert into wsfi2039data (fi2stamp,ftstamp ,ousrdata, ousrhora, usrdata,usrhora,ousrinis,usrinis) values ('aut663dc52234663dc69a09','aut663dc14214663dc69999' ,getdate(),convert(char(8),convert (time,getdate())),getdate(),convert(char(8),convert (time,getdate())),'wsv','wsv')
20240510@080250.2408 nah76vbabf2fcpkboucegutqkj Query : select 1 valor from information_schema.tables where table_type='base table' and table_name='wsfi039fields'
20240510@080250.2422 nah76vbabf2fcpkboucegutqkj Query : select fieldkey,fieldname,fieldtype,mandatory from wsfi039fields
20240510@080250.2445 nah76vbabf2fcpkboucegutqkj Query : select 1 valor from information_schema.tables where table_type='base table' and table_name='wsfi2039fields'
20240510@080250.2457 nah76vbabf2fcpkboucegutqkj Query : select fieldkey,fieldname,fieldtype,mandatory from wsfi2039fields
20240510@080250.2461 nah76vbabf2fcpkboucegutqkj Query : select top 1 convert(numeric(6,2),t.taxa) valor from taxasiva t where t.codigo='2'
20240510@080250.2470 nah76vbabf2fcpkboucegutqkj Query : select 1 valor from information_schema.tables where table_type='base table' and table_name='wsfi039fields'
20240510@080250.2482 nah76vbabf2fcpkboucegutqkj Query : select fieldkey,fieldname,fieldtype,calcformula from wsfi039fields
20240510@080250.2504 nah76vbabf2fcpkboucegutqkj Query : insert into wsfi039data (fistamp,ousrdata, ousrhora, usrdata,usrhora,ousrinis,usrinis ,qtt ,ftstamp ,epv,pvmoeda ,tabiva,iva,lordem ,ref, design ,armazem) values ('aut663dc80538663dc69a3c',getdate(),convert(char(8),convert (time,getdate())),getdate(),convert(char(8),convert (time,getdate())),'wsv','wsv',0 ,'aut663dc14214663dc69999' ,0,0 ,2,23.00,20000,?,?,?)
20240510@080250.2730 nah76vbabf2fcpkboucegutqkj Query : select 1 valor from information_schema.tables where table_type='base table' and table_name='wsfi2039fields'
20240510@080250.2745 nah76vbabf2fcpkboucegutqkj Query : select fieldkey,fieldname,fieldtype,calcformula from wsfi2039fields
20240510@080250.2751 nah76vbabf2fcpkboucegutqkj Query : insert into wsfi2039data (fi2stamp,ftstamp ,ousrdata, ousrhora, usrdata,usrhora,ousrinis,usrinis) values ('aut663dc80538663dc69a3c','aut663dc14214663dc69999' ,getdate(),convert(char(8),convert (time,getdate())),getdate(),convert(char(8),convert (time,getdate())),'wsv','wsv')
20240510@080250.2756 nah76vbabf2fcpkboucegutqkj Query : insert into wsftcreationlog (initialftstamp,externalid,creationstatus,documenttypeid,idustamp) values ('aut663dc14214663dc69999','2403245','wait',39,'ari17112337378,753000005')
20240510@080250.2792 nah76vbabf2fcpkboucegutqkj Query : use flama_phc
20240510@080250.2795 nah76vbabf2fcpkboucegutqkj Query : update u_wsusers set rqsttoken =? where userid ='userls001'
20240510@080250.2806 nah76vbabf2fcpkboucegutqkj Query : select concat(rtrim(relative_path),ltrim(name_new)) as valor from uploadfiles where uploadfile_id='1575';
20240510@080250.2821 nah76vbabf2fcpkboucegutqkj Query : update uploadfiles set whenupdated=current_timestamp where uploadfile_id='1575';
20240510@080250.2848 nah76vbabf2fcpkboucegutqkj Query : select concat(rtrim(relative_path),ltrim(name_new)) as valor from uploadfiles where uploadfile_id='1575';
20240510@080250.2861 nah76vbabf2fcpkboucegutqkj Query : update uploadfiles set whenupdated=current_timestamp where uploadfile_id='1575';
20240510@080250.4023 i4kbi2b3jguqe5ngco521if004 Query : insert into uploadfiles ( name_original, name_new, option_type, relative_path, whencreated ) values ( ?, ?, ?, ?, getdate() )
20240510@080250.4038 i4kbi2b3jguqe5ngco521if004 Query : select uploadfile_id valor from uploadfiles where name_new = ? and option_type = ? 
20240510@080250.4057 i4kbi2b3jguqe5ngco521if004 Query : select concat(rtrim(relative_path),ltrim(name_new)) as valor from uploadfiles where uploadfile_id='1576';
20240510@080250.4100 i4kbi2b3jguqe5ngco521if004 Query : update uploadfiles set whenupdated=current_timestamp where uploadfile_id='1576';
20240510@080250.4121 i4kbi2b3jguqe5ngco521if004 Query : select concat(rtrim(relative_path),ltrim(name_new)) as valor from uploadfiles where uploadfile_id='1576';
20240510@080250.4135 i4kbi2b3jguqe5ngco521if004 Query : update uploadfiles set whenupdated=current_timestamp where uploadfile_id='1576';
20240510@080250.4151 i4kbi2b3jguqe5ngco521if004 Query : use flama_phc
20240510@080250.4154 i4kbi2b3jguqe5ngco521if004 Query : select top 1 secretkey valor from u_wsusers u where u.userid = ? and u.inactivo=0
20240510@080250.4168 i4kbi2b3jguqe5ngco521if004 Query : use flama_phc
20240510@080250.4171 i4kbi2b3jguqe5ngco521if004 Query : select no, estab,szadrsdesc from szadrs where u_coddest=4743
20240510@080250.4242 i4kbi2b3jguqe5ngco521if004 Query : select top 1 isnull(design,'') valor from st (nolock) left join stobs (nolock) on st.ref = stobs.ref where st.ref = '325.16901.001'
20240510@080250.4457 i4kbi2b3jguqe5ngco521if004 Query : select top 1 bistamp valor from bi inner join bo on bo.bostamp=bi.bostamp where bo.ndos =240 and bo.boano =2032 and bo.obrano = 2403246 and bi.ref ='325.16901.001' and bi.lordem =1
20240510@080250.4866 i4kbi2b3jguqe5ngco521if004 Query : use flama_phc
20240510@080250.4871 i4kbi2b3jguqe5ngco521if004 Query : select top 1 convert(date,fdata) valor from ft where ndoc = 39 and anulado= 0 and fno>0 order by fdata desc
20240510@080250.4888 i4kbi2b3jguqe5ngco521if004 Query : use flama_phc
20240510@080250.4891 i4kbi2b3jguqe5ngco521if004 Query : select top 1 1 valor from td where td.ndoc = 39
20240510@080250.4903 i4kbi2b3jguqe5ngco521if004 Query : use flama_phc
20240510@080250.4921 i4kbi2b3jguqe5ngco521if004 Query : select descricao ,case when valor='s' then 1 else 0 end usalotes from para1 where descricao in ('st_lote')
20240510@080250.4977 i4kbi2b3jguqe5ngco521if004 Query : select top 1 assinadoc issigned ,td.lancasl stocks ,'cl' origin ,case when (cmsl between 1 and 50 ) then 1 else 0 end entrada ,case when (cmsl>50 ) then 1 else 0 end saida ,~lotestock validatestock ,tiposaft from td inner join td2 on td.tdstamp=td2.td2stamp where td.ndoc =39
20240510@080250.5006 i4kbi2b3jguqe5ngco521if004 Query : use flama_phc
20240510@080250.5010 i4kbi2b3jguqe5ngco521if004 Query : select top 1 ~inactivo valor from cl where no = '101597' and estab = 0 order by inactivo desc
20240510@080250.5149 i4kbi2b3jguqe5ngco521if004 Query : use flama_phc
20240510@080250.5153 i4kbi2b3jguqe5ngco521if004 Query : select top 1 tipodoc,regrd from td where ndoc = 39
20240510@080250.5165 i4kbi2b3jguqe5ngco521if004 Query : use flama_phc
20240510@080250.5169 i4kbi2b3jguqe5ngco521if004 Query : select szadrsstamp valor from szadrs where szadrsdesc='espaÇotrans,lda'
20240510@080250.5184 i4kbi2b3jguqe5ngco521if004 Query : use flama_phc
20240510@080250.5188 i4kbi2b3jguqe5ngco521if004 Query : select szadrsstamp valor from szadrs where szadrsdesc='101597 - auchan retail portugal , sa'
20240510@080250.5202 i4kbi2b3jguqe5ngco521if004 Query : use flama_phc
20240510@080250.5205 i4kbi2b3jguqe5ngco521if004 Query : select 1 valor from td where ndoc = 39
20240510@080250.5216 i4kbi2b3jguqe5ngco521if004 Query : select top 1 manternumero, tiposaft, nmdos,td.assinadoc from td where td.ndoc = 39
20240510@080250.5246 i4kbi2b3jguqe5ngco521if004 Query : select 1 valor from information_schema.tables where table_type='base table' and table_name='wsft039fields'
20240510@080250.5263 i4kbi2b3jguqe5ngco521if004 Query : select fieldkey,fieldname,fieldtype,mandatory from wsft039fields
20240510@080250.5297 i4kbi2b3jguqe5ngco521if004 Query : select 1 valor from information_schema.tables where table_type='base table' and table_name='wsft2039fields'
20240510@080250.5311 i4kbi2b3jguqe5ngco521if004 Query : select fieldkey,fieldname,fieldtype,mandatory from wsft2039fields
20240510@080250.5360 i4kbi2b3jguqe5ngco521if004 Query : select 1 valor from information_schema.tables where table_type='base table' and table_name='wsft3039fields'
20240510@080250.5375 i4kbi2b3jguqe5ngco521if004 Query : select fieldkey,fieldname,fieldtype,mandatory from wsft3039fields
20240510@080250.5386 i4kbi2b3jguqe5ngco521if004 Query : select top 1 ft.fno valor from ft ft where ft.ndoc = 39 and ftano=2024 order by fno desc
20240510@080250.5479 i4kbi2b3jguqe5ngco521if004 Query : select top 1 ft.fno valor from wsft039data ft where ft.ndoc = 39 and ftano=2024 order by fno desc
20240510@080250.5497 i4kbi2b3jguqe5ngco521if004 Query : select 1 valor from information_schema.tables where table_type='base table' and table_name='wsft3039fields'
20240510@080250.5512 i4kbi2b3jguqe5ngco521if004 Query : select fieldkey,fieldname,fieldtype,calcformula from wsft3039fields
20240510@080250.5524 i4kbi2b3jguqe5ngco521if004 Query : insert into wsft3039data (ft3stamp, ousrdata, ousrhora, usrdata,usrhora,ousrinis,usrinis,taxpointdt ) values ('aut663dc22840663dc69a83' ,getdate(),convert(char(8),convert (time,getdate())),getdate(),convert(char(8),convert (time,getdate())),'wsv','wsv',?)
20240510@080250.5675 i4kbi2b3jguqe5ngco521if004 Query : select 1 valor from information_schema.tables where table_type='base table' and table_name='wsft2039fields'
20240510@080250.5692 i4kbi2b3jguqe5ngco521if004 Query : select fieldkey,fieldname,fieldtype,calcformula from wsft2039fields
20240510@080250.5760 i4kbi2b3jguqe5ngco521if004 Query : select top 1 bo.u_nomeenv valor from bo where bo.bostamp=''
20240510@080250.5767 i4kbi2b3jguqe5ngco521if004 Query : select top 1 bo.u_moradaen valor from bo where bo.bostamp=''
20240510@080250.5773 i4kbi2b3jguqe5ngco521if004 Query : select top 1 bo.u_codposen valor from bo where bo.bostamp=''
20240510@080250.5779 i4kbi2b3jguqe5ngco521if004 Query : select top 1 bo.u_localenv valor from bo where bo.bostamp=''
20240510@080250.5785 i4kbi2b3jguqe5ngco521if004 Query : select top 1 bo.trab5 valor from bo where bo.bostamp=''
20240510@080250.5793 i4kbi2b3jguqe5ngco521if004 Query : select top 1 bo.serie valor from bo where bo.bostamp=''
20240510@080250.5798 i4kbi2b3jguqe5ngco521if004 Query : insert into wsft2039data (ft2stamp, ousrdata,ousrhora, usrdata,usrhora,ousrinis,usrinis,u_nomeenv ,u_moradaen ,u_codposen ,u_localenv ,u_coddest ,u_codby ) values ('aut663dc22840663dc69a83',getdate(),convert(char(8),convert (time,getdate())),getdate(),convert(char(8),convert (time,getdate())),'wsv','wsv',?,?,?,?,?,?)
20240510@080250.6065 i4kbi2b3jguqe5ngco521if004 Query : select top 1 fno valor from wsft039data order by fno desc
20240510@080250.6083 i4kbi2b3jguqe5ngco521if004 Query : select 1 valor from information_schema.tables where table_type='base table' and table_name='wsft039fields'
20240510@080250.6097 i4kbi2b3jguqe5ngco521if004 Query : select fieldkey,fieldname,fieldtype,calcformula from wsft039fields
20240510@080250.6114 i4kbi2b3jguqe5ngco521if004 Query : insert into wsft039data (ftstamp, ousrdata,ousrhora, usrdata,usrhora,ousrinis,usrinis,fno,no,estab,fdata,ndoc,moeda,cambio,cambiofixo,ftano,cdata,chora,carga,descar,site ,classe ) values ('aut663dc22840663dc69a83',getdate(),convert(char(8),convert (time,getdate())),getdate(),convert(char(8),convert (time,getdate())),'wsv','wsv',1257,101597,0,'2024-05-10',39,'euro',0,0,2024 ,'20240510','0832',?,?,?,?)
20240510@080250.6424 i4kbi2b3jguqe5ngco521if004 Query : use flama_phc
20240510@080250.6428 i4kbi2b3jguqe5ngco521if004 Query : select st.usalote valor from st where st.ref = '325.16901.001'
20240510@080250.6442 i4kbi2b3jguqe5ngco521if004 Query : select top 1 st.tabiva ,st.ivaincl ,st.stns ,st.uni2 ,st.familia ,isnull(tx.taxa, 0) txiva ,unidade ,usalote ,epcpond ,noserie from st left join taxasiva tx on st.tabiva = tx.codigo where st.ref = '325.16901.001'
20240510@080250.6642 i4kbi2b3jguqe5ngco521if004 Query : select 1 valor from information_schema.tables where table_type='base table' and table_name='wsfi039fields'
20240510@080250.6655 i4kbi2b3jguqe5ngco521if004 Query : select fieldkey,fieldname,fieldtype,mandatory from wsfi039fields
20240510@080250.6681 i4kbi2b3jguqe5ngco521if004 Query : select 1 valor from information_schema.tables where table_type='base table' and table_name='wsfi2039fields'
20240510@080250.6694 i4kbi2b3jguqe5ngco521if004 Query : select fieldkey,fieldname,fieldtype,mandatory from wsfi2039fields
20240510@080250.6698 i4kbi2b3jguqe5ngco521if004 Query : select sestamp valor from se where ref ='325.16901.001' and lote = '25/11'
20240510@080250.6720 i4kbi2b3jguqe5ngco521if004 Query : select top 1 convert(numeric(6,2),t.taxa) valor from taxasiva t where t.codigo='2'
20240510@080250.6729 i4kbi2b3jguqe5ngco521if004 Query : select 1 valor from information_schema.tables where table_type='base table' and table_name='wsfi039fields'
20240510@080250.6741 i4kbi2b3jguqe5ngco521if004 Query : select fieldkey,fieldname,fieldtype,calcformula from wsfi039fields
20240510@080250.6762 i4kbi2b3jguqe5ngco521if004 Query : insert into wsfi039data (fistamp,ousrdata, ousrhora, usrdata,usrhora,ousrinis,usrinis ,qtt ,ftstamp ,epv,pvmoeda ,tabiva,iva,lordem ,ref, design ,lote,armazem,bistamp ) values ('aut663dc42414663dc69aa4',getdate(),convert(char(8),convert (time,getdate())),getdate(),convert(char(8),convert (time,getdate())),'wsv','wsv',4.000 ,'aut663dc22840663dc69a83' ,0,0 ,2,23.00,10000,?,?,?,?,?)
20240510@080250.6984 i4kbi2b3jguqe5ngco521if004 Query : select 1 valor from information_schema.tables where table_type='base table' and table_name='wsfi2039fields'
20240510@080250.7000 i4kbi2b3jguqe5ngco521if004 Query : select fieldkey,fieldname,fieldtype,calcformula from wsfi2039fields
20240510@080250.7006 i4kbi2b3jguqe5ngco521if004 Query : insert into wsfi2039data (fi2stamp,ftstamp ,ousrdata, ousrhora, usrdata,usrhora,ousrinis,usrinis) values ('aut663dc42414663dc69aa4','aut663dc22840663dc69a83' ,getdate(),convert(char(8),convert (time,getdate())),getdate(),convert(char(8),convert (time,getdate())),'wsv','wsv')
20240510@080250.7011 i4kbi2b3jguqe5ngco521if004 Query : insert into wsftcreationlog (initialftstamp,externalid,creationstatus,documenttypeid,idustamp) values ('aut663dc22840663dc69a83','2403246','wait',39,'ari17112337378,753000005')
20240510@080250.7028 i4kbi2b3jguqe5ngco521if004 Query : use flama_phc
20240510@080250.7031 i4kbi2b3jguqe5ngco521if004 Query : update u_wsusers set rqsttoken =? where userid ='userls001'
20240510@080250.7043 i4kbi2b3jguqe5ngco521if004 Query : select concat(rtrim(relative_path),ltrim(name_new)) as valor from uploadfiles where uploadfile_id='1576';
20240510@080250.7058 i4kbi2b3jguqe5ngco521if004 Query : update uploadfiles set whenupdated=current_timestamp where uploadfile_id='1576';
20240510@080250.7076 i4kbi2b3jguqe5ngco521if004 Query : select concat(rtrim(relative_path),ltrim(name_new)) as valor from uploadfiles where uploadfile_id='1576';
20240510@080250.7090 i4kbi2b3jguqe5ngco521if004 Query : update uploadfiles set whenupdated=current_timestamp where uploadfile_id='1576';
20240510@080250.7482 m70k9ur84v00hjejhmnf5jirhc Query : insert into uploadfiles ( name_original, name_new, option_type, relative_path, whencreated ) values ( ?, ?, ?, ?, getdate() )
20240510@080250.7496 m70k9ur84v00hjejhmnf5jirhc Query : select uploadfile_id valor from uploadfiles where name_new = ? and option_type = ? 
20240510@080250.7558 m70k9ur84v00hjejhmnf5jirhc Query : select concat(rtrim(relative_path),ltrim(name_new)) as valor from uploadfiles where uploadfile_id='1577';
20240510@080250.8382 m70k9ur84v00hjejhmnf5jirhc Query : update uploadfiles set whenupdated=current_timestamp where uploadfile_id='1577';
20240510@080250.8406 m70k9ur84v00hjejhmnf5jirhc Query : select concat(rtrim(relative_path),ltrim(name_new)) as valor from uploadfiles where uploadfile_id='1577';
20240510@080250.8899 m70k9ur84v00hjejhmnf5jirhc Query : update uploadfiles set whenupdated=current_timestamp where uploadfile_id='1577';
20240510@080250.8921 m70k9ur84v00hjejhmnf5jirhc Query : use flama_phc
20240510@080250.8925 m70k9ur84v00hjejhmnf5jirhc Query : select top 1 secretkey valor from u_wsusers u where u.userid = ? and u.inactivo=0
20240510@080250.8938 m70k9ur84v00hjejhmnf5jirhc Query : use flama_phc
20240510@080250.8941 m70k9ur84v00hjejhmnf5jirhc Query : select no, estab,szadrsdesc from szadrs where u_coddest=4743
20240510@080250.8968 m70k9ur84v00hjejhmnf5jirhc Query : select top 1 isnull(design,'') valor from st (nolock) left join stobs (nolock) on st.ref = stobs.ref where st.ref = '324.658.00.01'
20240510@080250.9122 m70k9ur84v00hjejhmnf5jirhc Query : select top 1 bistamp valor from bi inner join bo on bo.bostamp=bi.bostamp where bo.ndos =240 and bo.boano =2032 and bo.obrano = 2403247 and bi.ref ='324.658.00.01' and bi.lordem =1
20240510@080250.9442 m70k9ur84v00hjejhmnf5jirhc Query : select top 1 isnull(design,'') valor from st (nolock) left join stobs (nolock) on st.ref = stobs.ref where st.ref = '324.658.00.01'
20240510@080250.9452 m70k9ur84v00hjejhmnf5jirhc Query : select top 1 bistamp valor from bi inner join bo on bo.bostamp=bi.bostamp where bo.ndos =240 and bo.boano =2032 and bo.obrano = 2403247 and bi.ref ='324.658.00.01' and bi.lordem =1
20240510@080250.9457 m70k9ur84v00hjejhmnf5jirhc Query : select top 1 isnull(design,'') valor from st (nolock) left join stobs (nolock) on st.ref = stobs.ref where st.ref = '324.658.00.01'
20240510@080250.9467 m70k9ur84v00hjejhmnf5jirhc Query : select top 1 bistamp valor from bi inner join bo on bo.bostamp=bi.bostamp where bo.ndos =240 and bo.boano =2032 and bo.obrano = 2403247 and bi.ref ='324.658.00.01' and bi.lordem =1
20240510@080250.9472 m70k9ur84v00hjejhmnf5jirhc Query : select top 1 isnull(design,'') valor from st (nolock) left join stobs (nolock) on st.ref = stobs.ref where st.ref = '324.658.00.01'
20240510@080250.9481 m70k9ur84v00hjejhmnf5jirhc Query : select top 1 bistamp valor from bi inner join bo on bo.bostamp=bi.bostamp where bo.ndos =240 and bo.boano =2032 and bo.obrano = 2403247 and bi.ref ='324.658.00.01' and bi.lordem =1
20240510@080250.9486 m70k9ur84v00hjejhmnf5jirhc Query : select top 1 isnull(design,'') valor from st (nolock) left join stobs (nolock) on st.ref = stobs.ref where st.ref = '324.658.00.01'
20240510@080250.9495 m70k9ur84v00hjejhmnf5jirhc Query : select top 1 bistamp valor from bi inner join bo on bo.bostamp=bi.bostamp where bo.ndos =240 and bo.boano =2032 and bo.obrano = 2403247 and bi.ref ='324.658.00.01' and bi.lordem =1
20240510@080250.9500 m70k9ur84v00hjejhmnf5jirhc Query : select top 1 isnull(design,'') valor from st (nolock) left join stobs (nolock) on st.ref = stobs.ref where st.ref = '324.658.00.01'
20240510@080250.9509 m70k9ur84v00hjejhmnf5jirhc Query : select top 1 bistamp valor from bi inner join bo on bo.bostamp=bi.bostamp where bo.ndos =240 and bo.boano =2032 and bo.obrano = 2403247 and bi.ref ='324.658.00.01' and bi.lordem =1
20240510@080250.9515 m70k9ur84v00hjejhmnf5jirhc Query : select top 1 isnull(design,'') valor from st (nolock) left join stobs (nolock) on st.ref = stobs.ref where st.ref = '324.658.00.01'
20240510@080250.9525 m70k9ur84v00hjejhmnf5jirhc Query : select top 1 bistamp valor from bi inner join bo on bo.bostamp=bi.bostamp where bo.ndos =240 and bo.boano =2032 and bo.obrano = 2403247 and bi.ref ='324.658.00.01' and bi.lordem =1
20240510@080250.9529 m70k9ur84v00hjejhmnf5jirhc Query : select top 1 isnull(design,'') valor from st (nolock) left join stobs (nolock) on st.ref = stobs.ref where st.ref = '324.658.00.01'
20240510@080250.9539 m70k9ur84v00hjejhmnf5jirhc Query : select top 1 bistamp valor from bi inner join bo on bo.bostamp=bi.bostamp where bo.ndos =240 and bo.boano =2032 and bo.obrano = 2403247 and bi.ref ='324.658.00.01' and bi.lordem =1
20240510@080250.9544 m70k9ur84v00hjejhmnf5jirhc Query : select top 1 isnull(design,'') valor from st (nolock) left join stobs (nolock) on st.ref = stobs.ref where st.ref = '324.658.00.01'
20240510@080250.9553 m70k9ur84v00hjejhmnf5jirhc Query : select top 1 bistamp valor from bi inner join bo on bo.bostamp=bi.bostamp where bo.ndos =240 and bo.boano =2032 and bo.obrano = 2403247 and bi.ref ='324.658.00.01' and bi.lordem =1
20240510@080250.9558 m70k9ur84v00hjejhmnf5jirhc Query : select top 1 isnull(design,'') valor from st (nolock) left join stobs (nolock) on st.ref = stobs.ref where st.ref = '324.658.00.01'
20240510@080250.9567 m70k9ur84v00hjejhmnf5jirhc Query : select top 1 bistamp valor from bi inner join bo on bo.bostamp=bi.bostamp where bo.ndos =240 and bo.boano =2032 and bo.obrano = 2403247 and bi.ref ='324.658.00.01' and bi.lordem =1
20240510@080250.9573 m70k9ur84v00hjejhmnf5jirhc Query : use flama_phc
20240510@080250.9576 m70k9ur84v00hjejhmnf5jirhc Query : select top 1 convert(date,fdata) valor from ft where ndoc = 39 and anulado= 0 and fno>0 order by fdata desc
20240510@080250.9588 m70k9ur84v00hjejhmnf5jirhc Query : use flama_phc
20240510@080250.9591 m70k9ur84v00hjejhmnf5jirhc Query : select top 1 1 valor from td where td.ndoc = 39
20240510@080250.9601 m70k9ur84v00hjejhmnf5jirhc Query : use flama_phc
20240510@080250.9603 m70k9ur84v00hjejhmnf5jirhc Query : select descricao ,case when valor='s' then 1 else 0 end usalotes from para1 where descricao in ('st_lote')
20240510@080250.9613 m70k9ur84v00hjejhmnf5jirhc Query : select top 1 assinadoc issigned ,td.lancasl stocks ,'cl' origin ,case when (cmsl between 1 and 50 ) then 1 else 0 end entrada ,case when (cmsl>50 ) then 1 else 0 end saida ,~lotestock validatestock ,tiposaft from td inner join td2 on td.tdstamp=td2.td2stamp where td.ndoc =39
20240510@080250.9627 m70k9ur84v00hjejhmnf5jirhc Query : use flama_phc
20240510@080250.9630 m70k9ur84v00hjejhmnf5jirhc Query : select top 1 ~inactivo valor from cl where no = '101597' and estab = 0 order by inactivo desc
20240510@080250.9640 m70k9ur84v00hjejhmnf5jirhc Query : use flama_phc
20240510@080250.9643 m70k9ur84v00hjejhmnf5jirhc Query : select top 1 tipodoc,regrd from td where ndoc = 39
20240510@080250.9652 m70k9ur84v00hjejhmnf5jirhc Query : use flama_phc
20240510@080250.9655 m70k9ur84v00hjejhmnf5jirhc Query : select szadrsstamp valor from szadrs where szadrsdesc='espaÇotrans,lda'
20240510@080250.9665 m70k9ur84v00hjejhmnf5jirhc Query : use flama_phc
20240510@080250.9668 m70k9ur84v00hjejhmnf5jirhc Query : select szadrsstamp valor from szadrs where szadrsdesc='101597 - auchan retail portugal , sa'
20240510@080250.9679 m70k9ur84v00hjejhmnf5jirhc Query : use flama_phc
20240510@080250.9682 m70k9ur84v00hjejhmnf5jirhc Query : select 1 valor from td where ndoc = 39
20240510@080250.9691 m70k9ur84v00hjejhmnf5jirhc Query : select top 1 manternumero, tiposaft, nmdos,td.assinadoc from td where td.ndoc = 39
20240510@080250.9701 m70k9ur84v00hjejhmnf5jirhc Query : select 1 valor from information_schema.tables where table_type='base table' and table_name='wsft039fields'
20240510@080250.9714 m70k9ur84v00hjejhmnf5jirhc Query : select fieldkey,fieldname,fieldtype,mandatory from wsft039fields
20240510@080250.9729 m70k9ur84v00hjejhmnf5jirhc Query : select 1 valor from information_schema.tables where table_type='base table' and table_name='wsft2039fields'
20240510@080250.9744 m70k9ur84v00hjejhmnf5jirhc Query : select fieldkey,fieldname,fieldtype,mandatory from wsft2039fields
20240510@080250.9769 m70k9ur84v00hjejhmnf5jirhc Query : select 1 valor from information_schema.tables where table_type='base table' and table_name='wsft3039fields'
20240510@080250.9782 m70k9ur84v00hjejhmnf5jirhc Query : select fieldkey,fieldname,fieldtype,mandatory from wsft3039fields
20240510@080250.9793 m70k9ur84v00hjejhmnf5jirhc Query : select top 1 ft.fno valor from ft ft where ft.ndoc = 39 and ftano=2024 order by fno desc
20240510@080250.9873 m70k9ur84v00hjejhmnf5jirhc Query : select top 1 ft.fno valor from wsft039data ft where ft.ndoc = 39 and ftano=2024 order by fno desc
20240510@080250.9884 m70k9ur84v00hjejhmnf5jirhc Query : select 1 valor from information_schema.tables where table_type='base table' and table_name='wsft3039fields'
20240510@080250.9898 m70k9ur84v00hjejhmnf5jirhc Query : select fieldkey,fieldname,fieldtype,calcformula from wsft3039fields
20240510@080250.9930 m70k9ur84v00hjejhmnf5jirhc Query : insert into wsft3039data (ft3stamp, ousrdata, ousrhora, usrdata,usrhora,ousrinis,usrinis,taxpointdt ) values ('aut663dc61228663dc69aef' ,getdate(),convert(char(8),convert (time,getdate())),getdate(),convert(char(8),convert (time,getdate())),'wsv','wsv',?)
20240510@080251.8300 m70k9ur84v00hjejhmnf5jirhc Query : select 1 valor from information_schema.tables where table_type='base table' and table_name='wsft2039fields'
20240510@080251.9700 m70k9ur84v00hjejhmnf5jirhc Query : select fieldkey,fieldname,fieldtype,calcformula from wsft2039fields
20240510@080251.1240 m70k9ur84v00hjejhmnf5jirhc Query : select top 1 bo.u_nomeenv valor from bo where bo.bostamp=''
20240510@080251.1290 m70k9ur84v00hjejhmnf5jirhc Query : select top 1 bo.u_moradaen valor from bo where bo.bostamp=''
20240510@080251.1340 m70k9ur84v00hjejhmnf5jirhc Query : select top 1 bo.u_codposen valor from bo where bo.bostamp=''
20240510@080251.1380 m70k9ur84v00hjejhmnf5jirhc Query : select top 1 bo.u_localenv valor from bo where bo.bostamp=''
20240510@080251.1420 m70k9ur84v00hjejhmnf5jirhc Query : select top 1 bo.trab5 valor from bo where bo.bostamp=''
20240510@080251.1460 m70k9ur84v00hjejhmnf5jirhc Query : select top 1 bo.serie valor from bo where bo.bostamp=''
20240510@080251.1500 m70k9ur84v00hjejhmnf5jirhc Query : insert into wsft2039data (ft2stamp, ousrdata,ousrhora, usrdata,usrhora,ousrinis,usrinis,u_nomeenv ,u_moradaen ,u_codposen ,u_localenv ,u_coddest ,u_codby ) values ('aut663dc61228663dc69aef',getdate(),convert(char(8),convert (time,getdate())),getdate(),convert(char(8),convert (time,getdate())),'wsv','wsv',?,?,?,?,?,?)
20240510@080251.3610 m70k9ur84v00hjejhmnf5jirhc Query : select top 1 fno valor from wsft039data order by fno desc
20240510@080251.3770 m70k9ur84v00hjejhmnf5jirhc Query : select 1 valor from information_schema.tables where table_type='base table' and table_name='wsft039fields'
20240510@080251.3900 m70k9ur84v00hjejhmnf5jirhc Query : select fieldkey,fieldname,fieldtype,calcformula from wsft039fields
20240510@080251.4060 m70k9ur84v00hjejhmnf5jirhc Query : insert into wsft039data (ftstamp, ousrdata,ousrhora, usrdata,usrhora,ousrinis,usrinis,fno,no,estab,fdata,ndoc,moeda,cambio,cambiofixo,ftano,cdata,chora,carga,descar,site ,classe ) values ('aut663dc61228663dc69aef',getdate(),convert(char(8),convert (time,getdate())),getdate(),convert(char(8),convert (time,getdate())),'wsv','wsv',1258,101597,0,'2024-05-10',39,'euro',0,0,2024 ,'20240510','0832',?,?,?,?)
20240510@080251.6690 m70k9ur84v00hjejhmnf5jirhc Query : use flama_phc
20240510@080251.6730 m70k9ur84v00hjejhmnf5jirhc Query : select st.usalote valor from st where st.ref = '324.658.00.01'
20240510@080251.6850 m70k9ur84v00hjejhmnf5jirhc Query : select top 1 st.tabiva ,st.ivaincl ,st.stns ,st.uni2 ,st.familia ,isnull(tx.taxa, 0) txiva ,unidade ,usalote ,epcpond ,noserie from st left join taxasiva tx on st.tabiva = tx.codigo where st.ref = '324.658.00.01'
20240510@080251.8950 m70k9ur84v00hjejhmnf5jirhc Query : select 1 valor from information_schema.tables where table_type='base table' and table_name='wsfi039fields'
20240510@080251.9090 m70k9ur84v00hjejhmnf5jirhc Query : select fieldkey,fieldname,fieldtype,mandatory from wsfi039fields
20240510@080251.9430 m70k9ur84v00hjejhmnf5jirhc Query : select 1 valor from information_schema.tables where table_type='base table' and table_name='wsfi2039fields'
20240510@080251.9570 m70k9ur84v00hjejhmnf5jirhc Query : select fieldkey,fieldname,fieldtype,mandatory from wsfi2039fields
20240510@080251.9610 m70k9ur84v00hjejhmnf5jirhc Query : select sestamp valor from se where ref ='324.658.00.01' and lote = 'r2300820200a'
20240510@080251.9790 m70k9ur84v00hjejhmnf5jirhc Query : select top 1 convert(numeric(6,2),t.taxa) valor from taxasiva t where t.codigo='2'
20240510@080251.9890 m70k9ur84v00hjejhmnf5jirhc Query : select 1 valor from information_schema.tables where table_type='base table' and table_name='wsfi039fields'
20240510@080251.1001 m70k9ur84v00hjejhmnf5jirhc Query : select fieldkey,fieldname,fieldtype,calcformula from wsfi039fields
20240510@080251.1024 m70k9ur84v00hjejhmnf5jirhc Query : insert into wsfi039data (fistamp,ousrdata, ousrhora, usrdata,usrhora,ousrinis,usrinis ,qtt ,ftstamp ,epv,pvmoeda ,tabiva,iva,lordem ,ref, design ,lote,armazem,bistamp ) values ('aut663dc69063663dc69b18',getdate(),convert(char(8),convert (time,getdate())),getdate(),convert(char(8),convert (time,getdate())),'wsv','wsv',1.000 ,'aut663dc61228663dc69aef' ,0,0 ,2,23.00,10000,?,?,?,?,?)
20240510@080251.1258 m70k9ur84v00hjejhmnf5jirhc Query : select 1 valor from information_schema.tables where table_type='base table' and table_name='wsfi2039fields'
20240510@080251.1272 m70k9ur84v00hjejhmnf5jirhc Query : select fieldkey,fieldname,fieldtype,calcformula from wsfi2039fields
20240510@080251.1277 m70k9ur84v00hjejhmnf5jirhc Query : insert into wsfi2039data (fi2stamp,ftstamp ,ousrdata, ousrhora, usrdata,usrhora,ousrinis,usrinis) values ('aut663dc69063663dc69b18','aut663dc61228663dc69aef' ,getdate(),convert(char(8),convert (time,getdate())),getdate(),convert(char(8),convert (time,getdate())),'wsv','wsv')
20240510@080251.1282 m70k9ur84v00hjejhmnf5jirhc Query : select 1 valor from information_schema.tables where table_type='base table' and table_name='wsfi039fields'
20240510@080251.1294 m70k9ur84v00hjejhmnf5jirhc Query : select fieldkey,fieldname,fieldtype,mandatory from wsfi039fields
20240510@080251.1319 m70k9ur84v00hjejhmnf5jirhc Query : select 1 valor from information_schema.tables where table_type='base table' and table_name='wsfi2039fields'
20240510@080251.1333 m70k9ur84v00hjejhmnf5jirhc Query : select fieldkey,fieldname,fieldtype,mandatory from wsfi2039fields
20240510@080251.1338 m70k9ur84v00hjejhmnf5jirhc Query : select top 1 convert(numeric(6,2),t.taxa) valor from taxasiva t where t.codigo='2'
20240510@080251.1349 m70k9ur84v00hjejhmnf5jirhc Query : select 1 valor from information_schema.tables where table_type='base table' and table_name='wsfi039fields'
20240510@080251.1362 m70k9ur84v00hjejhmnf5jirhc Query : select fieldkey,fieldname,fieldtype,calcformula from wsfi039fields
20240510@080251.1388 m70k9ur84v00hjejhmnf5jirhc Query : insert into wsfi039data (fistamp,ousrdata, ousrhora, usrdata,usrhora,ousrinis,usrinis ,qtt ,ftstamp ,epv,pvmoeda ,tabiva,iva,lordem ,ref, design ,armazem) values ('aut663dc66332663dc69b20',getdate(),convert(char(8),convert (time,getdate())),getdate(),convert(char(8),convert (time,getdate())),'wsv','wsv',0 ,'aut663dc61228663dc69aef' ,0,0 ,2,23.00,20000,?,?,?)
20240510@080251.1777 m70k9ur84v00hjejhmnf5jirhc Query : select 1 valor from information_schema.tables where table_type='base table' and table_name='wsfi2039fields'
20240510@080251.1797 m70k9ur84v00hjejhmnf5jirhc Query : select fieldkey,fieldname,fieldtype,calcformula from wsfi2039fields
20240510@080251.1802 m70k9ur84v00hjejhmnf5jirhc Query : insert into wsfi2039data (fi2stamp,ftstamp ,ousrdata, ousrhora, usrdata,usrhora,ousrinis,usrinis) values ('aut663dc66332663dc69b20','aut663dc61228663dc69aef' ,getdate(),convert(char(8),convert (time,getdate())),getdate(),convert(char(8),convert (time,getdate())),'wsv','wsv')
20240510@080251.1806 m70k9ur84v00hjejhmnf5jirhc Query : use flama_phc
20240510@080251.1809 m70k9ur84v00hjejhmnf5jirhc Query : select st.usalote valor from st where st.ref = '324.658.00.01'
20240510@080251.1820 m70k9ur84v00hjejhmnf5jirhc Query : select top 1 st.tabiva ,st.ivaincl ,st.stns ,st.uni2 ,st.familia ,isnull(tx.taxa, 0) txiva ,unidade ,usalote ,epcpond ,noserie from st left join taxasiva tx on st.tabiva = tx.codigo where st.ref = '324.658.00.01'
20240510@080251.1831 m70k9ur84v00hjejhmnf5jirhc Query : select 1 valor from information_schema.tables where table_type='base table' and table_name='wsfi039fields'
20240510@080251.1844 m70k9ur84v00hjejhmnf5jirhc Query : select fieldkey,fieldname,fieldtype,mandatory from wsfi039fields
20240510@080251.1867 m70k9ur84v00hjejhmnf5jirhc Query : select 1 valor from information_schema.tables where table_type='base table' and table_name='wsfi2039fields'
20240510@080251.1879 m70k9ur84v00hjejhmnf5jirhc Query : select fieldkey,fieldname,fieldtype,mandatory from wsfi2039fields
20240510@080251.1883 m70k9ur84v00hjejhmnf5jirhc Query : select sestamp valor from se where ref ='324.658.00.01' and lote = 'r2301261100a'
20240510@080251.1894 m70k9ur84v00hjejhmnf5jirhc Query : select top 1 convert(numeric(6,2),t.taxa) valor from taxasiva t where t.codigo='2'
20240510@080251.1904 m70k9ur84v00hjejhmnf5jirhc Query : select 1 valor from information_schema.tables where table_type='base table' and table_name='wsfi039fields'
20240510@080251.1916 m70k9ur84v00hjejhmnf5jirhc Query : select fieldkey,fieldname,fieldtype,calcformula from wsfi039fields
20240510@080251.1942 m70k9ur84v00hjejhmnf5jirhc Query : insert into wsfi039data (fistamp,ousrdata, ousrhora, usrdata,usrhora,ousrinis,usrinis ,qtt ,ftstamp ,epv,pvmoeda ,tabiva,iva,lordem ,ref, design ,lote,armazem,bistamp ) values ('aut663dc28427663dc69b2e',getdate(),convert(char(8),convert (time,getdate())),getdate(),convert(char(8),convert (time,getdate())),'wsv','wsv',9.000 ,'aut663dc61228663dc69aef' ,0,0 ,2,23.00,40000,?,?,?,?,?)
20240510@080251.2162 m70k9ur84v00hjejhmnf5jirhc Query : select 1 valor from information_schema.tables where table_type='base table' and table_name='wsfi2039fields'
20240510@080251.2176 m70k9ur84v00hjejhmnf5jirhc Query : select fieldkey,fieldname,fieldtype,calcformula from wsfi2039fields
20240510@080251.2181 m70k9ur84v00hjejhmnf5jirhc Query : insert into wsfi2039data (fi2stamp,ftstamp ,ousrdata, ousrhora, usrdata,usrhora,ousrinis,usrinis) values ('aut663dc28427663dc69b2e','aut663dc61228663dc69aef' ,getdate(),convert(char(8),convert (time,getdate())),getdate(),convert(char(8),convert (time,getdate())),'wsv','wsv')
20240510@080251.2193 m70k9ur84v00hjejhmnf5jirhc Query : select 1 valor from information_schema.tables where table_type='base table' and table_name='wsfi039fields'
20240510@080251.2207 m70k9ur84v00hjejhmnf5jirhc Query : select fieldkey,fieldname,fieldtype,mandatory from wsfi039fields
20240510@080251.2229 m70k9ur84v00hjejhmnf5jirhc Query : select 1 valor from information_schema.tables where table_type='base table' and table_name='wsfi2039fields'
20240510@080251.2241 m70k9ur84v00hjejhmnf5jirhc Query : select fieldkey,fieldname,fieldtype,mandatory from wsfi2039fields
20240510@080251.2246 m70k9ur84v00hjejhmnf5jirhc Query : select top 1 convert(numeric(6,2),t.taxa) valor from taxasiva t where t.codigo='2'
20240510@080251.2255 m70k9ur84v00hjejhmnf5jirhc Query : select 1 valor from information_schema.tables where table_type='base table' and table_name='wsfi039fields'
20240510@080251.2267 m70k9ur84v00hjejhmnf5jirhc Query : select fieldkey,fieldname,fieldtype,calcformula from wsfi039fields
20240510@080251.2289 m70k9ur84v00hjejhmnf5jirhc Query : insert into wsfi039data (fistamp,ousrdata, ousrhora, usrdata,usrhora,ousrinis,usrinis ,qtt ,ftstamp ,epv,pvmoeda ,tabiva,iva,lordem ,ref, design ,armazem) values ('aut663dc36435663dc69b37',getdate(),convert(char(8),convert (time,getdate())),getdate(),convert(char(8),convert (time,getdate())),'wsv','wsv',0 ,'aut663dc61228663dc69aef' ,0,0 ,2,23.00,50000,?,?,?)
20240510@080251.2513 m70k9ur84v00hjejhmnf5jirhc Query : select 1 valor from information_schema.tables where table_type='base table' and table_name='wsfi2039fields'
20240510@080251.2528 m70k9ur84v00hjejhmnf5jirhc Query : select fieldkey,fieldname,fieldtype,calcformula from wsfi2039fields
20240510@080251.2533 m70k9ur84v00hjejhmnf5jirhc Query : insert into wsfi2039data (fi2stamp,ftstamp ,ousrdata, ousrhora, usrdata,usrhora,ousrinis,usrinis) values ('aut663dc36435663dc69b37','aut663dc61228663dc69aef' ,getdate(),convert(char(8),convert (time,getdate())),getdate(),convert(char(8),convert (time,getdate())),'wsv','wsv')
20240510@080251.2537 m70k9ur84v00hjejhmnf5jirhc Query : use flama_phc
20240510@080251.2540 m70k9ur84v00hjejhmnf5jirhc Query : select st.usalote valor from st where st.ref = '324.658.00.01'
20240510@080251.2550 m70k9ur84v00hjejhmnf5jirhc Query : select top 1 st.tabiva ,st.ivaincl ,st.stns ,st.uni2 ,st.familia ,isnull(tx.taxa, 0) txiva ,unidade ,usalote ,epcpond ,noserie from st left join taxasiva tx on st.tabiva = tx.codigo where st.ref = '324.658.00.01'
20240510@080251.2560 m70k9ur84v00hjejhmnf5jirhc Query : select 1 valor from information_schema.tables where table_type='base table' and table_name='wsfi039fields'
20240510@080251.2572 m70k9ur84v00hjejhmnf5jirhc Query : select fieldkey,fieldname,fieldtype,mandatory from wsfi039fields
20240510@080251.2595 m70k9ur84v00hjejhmnf5jirhc Query : select 1 valor from information_schema.tables where table_type='base table' and table_name='wsfi2039fields'
20240510@080251.2606 m70k9ur84v00hjejhmnf5jirhc Query : select fieldkey,fieldname,fieldtype,mandatory from wsfi2039fields
20240510@080251.2610 m70k9ur84v00hjejhmnf5jirhc Query : select sestamp valor from se where ref ='324.658.00.01' and lote = 'r2301178100a'
20240510@080251.2620 m70k9ur84v00hjejhmnf5jirhc Query : select top 1 convert(numeric(6,2),t.taxa) valor from taxasiva t where t.codigo='2'
20240510@080251.2631 m70k9ur84v00hjejhmnf5jirhc Query : select 1 valor from information_schema.tables where table_type='base table' and table_name='wsfi039fields'
20240510@080251.2643 m70k9ur84v00hjejhmnf5jirhc Query : select fieldkey,fieldname,fieldtype,calcformula from wsfi039fields
20240510@080251.2673 m70k9ur84v00hjejhmnf5jirhc Query : insert into wsfi039data (fistamp,ousrdata, ousrhora, usrdata,usrhora,ousrinis,usrinis ,qtt ,ftstamp ,epv,pvmoeda ,tabiva,iva,lordem ,ref, design ,lote,armazem,bistamp ) values ('aut663dc48763663dc69b40',getdate(),convert(char(8),convert (time,getdate())),getdate(),convert(char(8),convert (time,getdate())),'wsv','wsv',2.000 ,'aut663dc61228663dc69aef' ,0,0 ,2,23.00,70000,?,?,?,?,?)
20240510@080251.2919 m70k9ur84v00hjejhmnf5jirhc Query : select 1 valor from information_schema.tables where table_type='base table' and table_name='wsfi2039fields'
20240510@080251.2936 m70k9ur84v00hjejhmnf5jirhc Query : select fieldkey,fieldname,fieldtype,calcformula from wsfi2039fields
20240510@080251.2941 m70k9ur84v00hjejhmnf5jirhc Query : insert into wsfi2039data (fi2stamp,ftstamp ,ousrdata, ousrhora, usrdata,usrhora,ousrinis,usrinis) values ('aut663dc48763663dc69b40','aut663dc61228663dc69aef' ,getdate(),convert(char(8),convert (time,getdate())),getdate(),convert(char(8),convert (time,getdate())),'wsv','wsv')
20240510@080251.2946 m70k9ur84v00hjejhmnf5jirhc Query : select 1 valor from information_schema.tables where table_type='base table' and table_name='wsfi039fields'
20240510@080251.2958 m70k9ur84v00hjejhmnf5jirhc Query : select fieldkey,fieldname,fieldtype,mandatory from wsfi039fields
20240510@080251.2981 m70k9ur84v00hjejhmnf5jirhc Query : select 1 valor from information_schema.tables where table_type='base table' and table_name='wsfi2039fields'
20240510@080251.2993 m70k9ur84v00hjejhmnf5jirhc Query : select fieldkey,fieldname,fieldtype,mandatory from wsfi2039fields
20240510@080251.2997 m70k9ur84v00hjejhmnf5jirhc Query : select top 1 convert(numeric(6,2),t.taxa) valor from taxasiva t where t.codigo='2'
20240510@080251.3006 m70k9ur84v00hjejhmnf5jirhc Query : select 1 valor from information_schema.tables where table_type='base table' and table_name='wsfi039fields'
20240510@080251.3018 m70k9ur84v00hjejhmnf5jirhc Query : select fieldkey,fieldname,fieldtype,calcformula from wsfi039fields
20240510@080251.3041 m70k9ur84v00hjejhmnf5jirhc Query : insert into wsfi039data (fistamp,ousrdata, ousrhora, usrdata,usrhora,ousrinis,usrinis ,qtt ,ftstamp ,epv,pvmoeda ,tabiva,iva,lordem ,ref, design ,armazem) values ('aut663dc65832663dc69b49',getdate(),convert(char(8),convert (time,getdate())),getdate(),convert(char(8),convert (time,getdate())),'wsv','wsv',0 ,'aut663dc61228663dc69aef' ,0,0 ,2,23.00,80000,?,?,?)
20240510@080251.3257 m70k9ur84v00hjejhmnf5jirhc Query : select 1 valor from information_schema.tables where table_type='base table' and table_name='wsfi2039fields'
20240510@080251.3273 m70k9ur84v00hjejhmnf5jirhc Query : select fieldkey,fieldname,fieldtype,calcformula from wsfi2039fields
20240510@080251.3277 m70k9ur84v00hjejhmnf5jirhc Query : insert into wsfi2039data (fi2stamp,ftstamp ,ousrdata, ousrhora, usrdata,usrhora,ousrinis,usrinis) values ('aut663dc65832663dc69b49','aut663dc61228663dc69aef' ,getdate(),convert(char(8),convert (time,getdate())),getdate(),convert(char(8),convert (time,getdate())),'wsv','wsv')
20240510@080251.3282 m70k9ur84v00hjejhmnf5jirhc Query : use flama_phc
20240510@080251.3285 m70k9ur84v00hjejhmnf5jirhc Query : select st.usalote valor from st where st.ref = '324.658.00.01'
20240510@080251.3295 m70k9ur84v00hjejhmnf5jirhc Query : select top 1 st.tabiva ,st.ivaincl ,st.stns ,st.uni2 ,st.familia ,isnull(tx.taxa, 0) txiva ,unidade ,usalote ,epcpond ,noserie from st left join taxasiva tx on st.tabiva = tx.codigo where st.ref = '324.658.00.01'
20240510@080251.3306 m70k9ur84v00hjejhmnf5jirhc Query : select 1 valor from information_schema.tables where table_type='base table' and table_name='wsfi039fields'
20240510@080251.3319 m70k9ur84v00hjejhmnf5jirhc Query : select fieldkey,fieldname,fieldtype,mandatory from wsfi039fields
20240510@080251.3341 m70k9ur84v00hjejhmnf5jirhc Query : select 1 valor from information_schema.tables where table_type='base table' and table_name='wsfi2039fields'
20240510@080251.3353 m70k9ur84v00hjejhmnf5jirhc Query : select fieldkey,fieldname,fieldtype,mandatory from wsfi2039fields
20240510@080251.3357 m70k9ur84v00hjejhmnf5jirhc Query : select sestamp valor from se where ref ='324.658.00.01' and lote = 'r2301178100a'
20240510@080251.3366 m70k9ur84v00hjejhmnf5jirhc Query : select top 1 convert(numeric(6,2),t.taxa) valor from taxasiva t where t.codigo='2'
20240510@080251.3375 m70k9ur84v00hjejhmnf5jirhc Query : select 1 valor from information_schema.tables where table_type='base table' and table_name='wsfi039fields'
20240510@080251.3387 m70k9ur84v00hjejhmnf5jirhc Query : select fieldkey,fieldname,fieldtype,calcformula from wsfi039fields
20240510@080251.3410 m70k9ur84v00hjejhmnf5jirhc Query : insert into wsfi039data (fistamp,ousrdata, ousrhora, usrdata,usrhora,ousrinis,usrinis ,qtt ,ftstamp ,epv,pvmoeda ,tabiva,iva,lordem ,ref, design ,lote,armazem,bistamp ) values ('aut663dc74974663dc69b52',getdate(),convert(char(8),convert (time,getdate())),getdate(),convert(char(8),convert (time,getdate())),'wsv','wsv',24.000 ,'aut663dc61228663dc69aef' ,0,0 ,2,23.00,100000,?,?,?,?,?)
20240510@080251.3641 m70k9ur84v00hjejhmnf5jirhc Query : select 1 valor from information_schema.tables where table_type='base table' and table_name='wsfi2039fields'
20240510@080251.3657 m70k9ur84v00hjejhmnf5jirhc Query : select fieldkey,fieldname,fieldtype,calcformula from wsfi2039fields
20240510@080251.3661 m70k9ur84v00hjejhmnf5jirhc Query : insert into wsfi2039data (fi2stamp,ftstamp ,ousrdata, ousrhora, usrdata,usrhora,ousrinis,usrinis) values ('aut663dc74974663dc69b52','aut663dc61228663dc69aef' ,getdate(),convert(char(8),convert (time,getdate())),getdate(),convert(char(8),convert (time,getdate())),'wsv','wsv')
20240510@080251.3666 m70k9ur84v00hjejhmnf5jirhc Query : select 1 valor from information_schema.tables where table_type='base table' and table_name='wsfi039fields'
20240510@080251.3680 m70k9ur84v00hjejhmnf5jirhc Query : select fieldkey,fieldname,fieldtype,mandatory from wsfi039fields
20240510@080251.3707 m70k9ur84v00hjejhmnf5jirhc Query : select 1 valor from information_schema.tables where table_type='base table' and table_name='wsfi2039fields'
20240510@080251.3720 m70k9ur84v00hjejhmnf5jirhc Query : select fieldkey,fieldname,fieldtype,mandatory from wsfi2039fields
20240510@080251.3725 m70k9ur84v00hjejhmnf5jirhc Query : select top 1 convert(numeric(6,2),t.taxa) valor from taxasiva t where t.codigo='2'
20240510@080251.3737 m70k9ur84v00hjejhmnf5jirhc Query : select 1 valor from information_schema.tables where table_type='base table' and table_name='wsfi039fields'
20240510@080251.3750 m70k9ur84v00hjejhmnf5jirhc Query : select fieldkey,fieldname,fieldtype,calcformula from wsfi039fields
20240510@080251.3773 m70k9ur84v00hjejhmnf5jirhc Query : insert into wsfi039data (fistamp,ousrdata, ousrhora, usrdata,usrhora,ousrinis,usrinis ,qtt ,ftstamp ,epv,pvmoeda ,tabiva,iva,lordem ,ref, design ,armazem) values ('aut663dc91032663dc69b5b',getdate(),convert(char(8),convert (time,getdate())),getdate(),convert(char(8),convert (time,getdate())),'wsv','wsv',0 ,'aut663dc61228663dc69aef' ,0,0 ,2,23.00,110000,?,?,?)
20240510@080251.4005 m70k9ur84v00hjejhmnf5jirhc Query : select 1 valor from information_schema.tables where table_type='base table' and table_name='wsfi2039fields'
20240510@080251.4020 m70k9ur84v00hjejhmnf5jirhc Query : select fieldkey,fieldname,fieldtype,calcformula from wsfi2039fields
20240510@080251.4024 m70k9ur84v00hjejhmnf5jirhc Query : insert into wsfi2039data (fi2stamp,ftstamp ,ousrdata, ousrhora, usrdata,usrhora,ousrinis,usrinis) values ('aut663dc91032663dc69b5b','aut663dc61228663dc69aef' ,getdate(),convert(char(8),convert (time,getdate())),getdate(),convert(char(8),convert (time,getdate())),'wsv','wsv')
20240510@080251.4029 m70k9ur84v00hjejhmnf5jirhc Query : use flama_phc
20240510@080251.4032 m70k9ur84v00hjejhmnf5jirhc Query : select st.usalote valor from st where st.ref = '324.658.00.01'
20240510@080251.4043 m70k9ur84v00hjejhmnf5jirhc Query : select top 1 st.tabiva ,st.ivaincl ,st.stns ,st.uni2 ,st.familia ,isnull(tx.taxa, 0) txiva ,unidade ,usalote ,epcpond ,noserie from st left join taxasiva tx on st.tabiva = tx.codigo where st.ref = '324.658.00.01'
20240510@080251.4054 m70k9ur84v00hjejhmnf5jirhc Query : select 1 valor from information_schema.tables where table_type='base table' and table_name='wsfi039fields'
20240510@080251.4067 m70k9ur84v00hjejhmnf5jirhc Query : select fieldkey,fieldname,fieldtype,mandatory from wsfi039fields
20240510@080251.4090 m70k9ur84v00hjejhmnf5jirhc Query : select 1 valor from information_schema.tables where table_type='base table' and table_name='wsfi2039fields'
20240510@080251.4102 m70k9ur84v00hjejhmnf5jirhc Query : select fieldkey,fieldname,fieldtype,mandatory from wsfi2039fields
20240510@080251.4106 m70k9ur84v00hjejhmnf5jirhc Query : select sestamp valor from se where ref ='324.658.00.01' and lote = 'r2301178100a'
20240510@080251.4115 m70k9ur84v00hjejhmnf5jirhc Query : select top 1 convert(numeric(6,2),t.taxa) valor from taxasiva t where t.codigo='2'
20240510@080251.4125 m70k9ur84v00hjejhmnf5jirhc Query : select 1 valor from information_schema.tables where table_type='base table' and table_name='wsfi039fields'
20240510@080251.4137 m70k9ur84v00hjejhmnf5jirhc Query : select fieldkey,fieldname,fieldtype,calcformula from wsfi039fields
20240510@080251.4159 m70k9ur84v00hjejhmnf5jirhc Query : insert into wsfi039data (fistamp,ousrdata, ousrhora, usrdata,usrhora,ousrinis,usrinis ,qtt ,ftstamp ,epv,pvmoeda ,tabiva,iva,lordem ,ref, design ,lote,armazem,bistamp ) values ('aut663dc55660663dc69b64',getdate(),convert(char(8),convert (time,getdate())),getdate(),convert(char(8),convert (time,getdate())),'wsv','wsv',24.000 ,'aut663dc61228663dc69aef' ,0,0 ,2,23.00,130000,?,?,?,?,?)
20240510@080251.4387 m70k9ur84v00hjejhmnf5jirhc Query : select 1 valor from information_schema.tables where table_type='base table' and table_name='wsfi2039fields'
20240510@080251.4403 m70k9ur84v00hjejhmnf5jirhc Query : select fieldkey,fieldname,fieldtype,calcformula from wsfi2039fields
20240510@080251.4409 m70k9ur84v00hjejhmnf5jirhc Query : insert into wsfi2039data (fi2stamp,ftstamp ,ousrdata, ousrhora, usrdata,usrhora,ousrinis,usrinis) values ('aut663dc55660663dc69b64','aut663dc61228663dc69aef' ,getdate(),convert(char(8),convert (time,getdate())),getdate(),convert(char(8),convert (time,getdate())),'wsv','wsv')
20240510@080251.4414 m70k9ur84v00hjejhmnf5jirhc Query : select 1 valor from information_schema.tables where table_type='base table' and table_name='wsfi039fields'
20240510@080251.4429 m70k9ur84v00hjejhmnf5jirhc Query : select fieldkey,fieldname,fieldtype,mandatory from wsfi039fields
20240510@080251.4463 m70k9ur84v00hjejhmnf5jirhc Query : select 1 valor from information_schema.tables where table_type='base table' and table_name='wsfi2039fields'
20240510@080251.4528 m70k9ur84v00hjejhmnf5jirhc Query : select fieldkey,fieldname,fieldtype,mandatory from wsfi2039fields
20240510@080251.4534 m70k9ur84v00hjejhmnf5jirhc Query : select top 1 convert(numeric(6,2),t.taxa) valor from taxasiva t where t.codigo='2'
20240510@080251.4546 m70k9ur84v00hjejhmnf5jirhc Query : select 1 valor from information_schema.tables where table_type='base table' and table_name='wsfi039fields'
20240510@080251.4564 m70k9ur84v00hjejhmnf5jirhc Query : select fieldkey,fieldname,fieldtype,calcformula from wsfi039fields
20240510@080251.4593 m70k9ur84v00hjejhmnf5jirhc Query : insert into wsfi039data (fistamp,ousrdata, ousrhora, usrdata,usrhora,ousrinis,usrinis ,qtt ,ftstamp ,epv,pvmoeda ,tabiva,iva,lordem ,ref, design ,armazem) values ('aut663dc41831663dc69b6e',getdate(),convert(char(8),convert (time,getdate())),getdate(),convert(char(8),convert (time,getdate())),'wsv','wsv',0 ,'aut663dc61228663dc69aef' ,0,0 ,2,23.00,140000,?,?,?)
20240510@080251.5040 m70k9ur84v00hjejhmnf5jirhc Query : select 1 valor from information_schema.tables where table_type='base table' and table_name='wsfi2039fields'
20240510@080251.5841 m70k9ur84v00hjejhmnf5jirhc Query : select fieldkey,fieldname,fieldtype,calcformula from wsfi2039fields
20240510@080251.5847 m70k9ur84v00hjejhmnf5jirhc Query : insert into wsfi2039data (fi2stamp,ftstamp ,ousrdata, ousrhora, usrdata,usrhora,ousrinis,usrinis) values ('aut663dc41831663dc69b6e','aut663dc61228663dc69aef' ,getdate(),convert(char(8),convert (time,getdate())),getdate(),convert(char(8),convert (time,getdate())),'wsv','wsv')
20240510@080251.5853 m70k9ur84v00hjejhmnf5jirhc Query : use flama_phc
20240510@080251.5857 m70k9ur84v00hjejhmnf5jirhc Query : select st.usalote valor from st where st.ref = '324.658.00.01'
20240510@080251.5904 m70k9ur84v00hjejhmnf5jirhc Query : select top 1 st.tabiva ,st.ivaincl ,st.stns ,st.uni2 ,st.familia ,isnull(tx.taxa, 0) txiva ,unidade ,usalote ,epcpond ,noserie from st left join taxasiva tx on st.tabiva = tx.codigo where st.ref = '324.658.00.01'
20240510@080251.5916 m70k9ur84v00hjejhmnf5jirhc Query : select 1 valor from information_schema.tables where table_type='base table' and table_name='wsfi039fields'
20240510@080251.5931 m70k9ur84v00hjejhmnf5jirhc Query : select fieldkey,fieldname,fieldtype,mandatory from wsfi039fields
20240510@080251.6068 m70k9ur84v00hjejhmnf5jirhc Query : select 1 valor from information_schema.tables where table_type='base table' and table_name='wsfi2039fields'
20240510@080251.6082 m70k9ur84v00hjejhmnf5jirhc Query : select fieldkey,fieldname,fieldtype,mandatory from wsfi2039fields
20240510@080251.6086 m70k9ur84v00hjejhmnf5jirhc Query : select sestamp valor from se where ref ='324.658.00.01' and lote = 'r2301178100a'
20240510@080251.6096 m70k9ur84v00hjejhmnf5jirhc Query : select top 1 convert(numeric(6,2),t.taxa) valor from taxasiva t where t.codigo='2'
20240510@080251.6105 m70k9ur84v00hjejhmnf5jirhc Query : select 1 valor from information_schema.tables where table_type='base table' and table_name='wsfi039fields'
20240510@080251.6118 m70k9ur84v00hjejhmnf5jirhc Query : select fieldkey,fieldname,fieldtype,calcformula from wsfi039fields
20240510@080251.6141 m70k9ur84v00hjejhmnf5jirhc Query : insert into wsfi039data (fistamp,ousrdata, ousrhora, usrdata,usrhora,ousrinis,usrinis ,qtt ,ftstamp ,epv,pvmoeda ,tabiva,iva,lordem ,ref, design ,lote,armazem,bistamp ) values ('aut663dc40851663dc69b95',getdate(),convert(char(8),convert (time,getdate())),getdate(),convert(char(8),convert (time,getdate())),'wsv','wsv',24.000 ,'aut663dc61228663dc69aef' ,0,0 ,2,23.00,160000,?,?,?,?,?)
20240510@080251.6373 m70k9ur84v00hjejhmnf5jirhc Query : select 1 valor from information_schema.tables where table_type='base table' and table_name='wsfi2039fields'
20240510@080251.6390 m70k9ur84v00hjejhmnf5jirhc Query : select fieldkey,fieldname,fieldtype,calcformula from wsfi2039fields
20240510@080251.6395 m70k9ur84v00hjejhmnf5jirhc Query : insert into wsfi2039data (fi2stamp,ftstamp ,ousrdata, ousrhora, usrdata,usrhora,ousrinis,usrinis) values ('aut663dc40851663dc69b95','aut663dc61228663dc69aef' ,getdate(),convert(char(8),convert (time,getdate())),getdate(),convert(char(8),convert (time,getdate())),'wsv','wsv')
20240510@080251.6401 m70k9ur84v00hjejhmnf5jirhc Query : select 1 valor from information_schema.tables where table_type='base table' and table_name='wsfi039fields'
20240510@080251.6415 m70k9ur84v00hjejhmnf5jirhc Query : select fieldkey,fieldname,fieldtype,mandatory from wsfi039fields
20240510@080251.6440 m70k9ur84v00hjejhmnf5jirhc Query : select 1 valor from information_schema.tables where table_type='base table' and table_name='wsfi2039fields'
20240510@080251.6453 m70k9ur84v00hjejhmnf5jirhc Query : select fieldkey,fieldname,fieldtype,mandatory from wsfi2039fields
20240510@080251.6458 m70k9ur84v00hjejhmnf5jirhc Query : select top 1 convert(numeric(6,2),t.taxa) valor from taxasiva t where t.codigo='2'
20240510@080251.6468 m70k9ur84v00hjejhmnf5jirhc Query : select 1 valor from information_schema.tables where table_type='base table' and table_name='wsfi039fields'
20240510@080251.6481 m70k9ur84v00hjejhmnf5jirhc Query : select fieldkey,fieldname,fieldtype,calcformula from wsfi039fields
20240510@080251.6508 m70k9ur84v00hjejhmnf5jirhc Query : insert into wsfi039data (fistamp,ousrdata, ousrhora, usrdata,usrhora,ousrinis,usrinis ,qtt ,ftstamp ,epv,pvmoeda ,tabiva,iva,lordem ,ref, design ,armazem) values ('aut663dc13431663dc69b9d',getdate(),convert(char(8),convert (time,getdate())),getdate(),convert(char(8),convert (time,getdate())),'wsv','wsv',0 ,'aut663dc61228663dc69aef' ,0,0 ,2,23.00,170000,?,?,?)
20240510@080251.6740 m70k9ur84v00hjejhmnf5jirhc Query : select 1 valor from information_schema.tables where table_type='base table' and table_name='wsfi2039fields'
20240510@080251.6756 m70k9ur84v00hjejhmnf5jirhc Query : select fieldkey,fieldname,fieldtype,calcformula from wsfi2039fields
20240510@080251.6761 m70k9ur84v00hjejhmnf5jirhc Query : insert into wsfi2039data (fi2stamp,ftstamp ,ousrdata, ousrhora, usrdata,usrhora,ousrinis,usrinis) values ('aut663dc13431663dc69b9d','aut663dc61228663dc69aef' ,getdate(),convert(char(8),convert (time,getdate())),getdate(),convert(char(8),convert (time,getdate())),'wsv','wsv')
20240510@080251.6765 m70k9ur84v00hjejhmnf5jirhc Query : use flama_phc
20240510@080251.6768 m70k9ur84v00hjejhmnf5jirhc Query : select st.usalote valor from st where st.ref = '324.658.00.01'
20240510@080251.6778 m70k9ur84v00hjejhmnf5jirhc Query : select top 1 st.tabiva ,st.ivaincl ,st.stns ,st.uni2 ,st.familia ,isnull(tx.taxa, 0) txiva ,unidade ,usalote ,epcpond ,noserie from st left join taxasiva tx on st.tabiva = tx.codigo where st.ref = '324.658.00.01'
20240510@080251.6791 m70k9ur84v00hjejhmnf5jirhc Query : select 1 valor from information_schema.tables where table_type='base table' and table_name='wsfi039fields'
20240510@080251.6804 m70k9ur84v00hjejhmnf5jirhc Query : select fieldkey,fieldname,fieldtype,mandatory from wsfi039fields
20240510@080251.6827 m70k9ur84v00hjejhmnf5jirhc Query : select 1 valor from information_schema.tables where table_type='base table' and table_name='wsfi2039fields'
20240510@080251.6839 m70k9ur84v00hjejhmnf5jirhc Query : select fieldkey,fieldname,fieldtype,mandatory from wsfi2039fields
20240510@080251.6844 m70k9ur84v00hjejhmnf5jirhc Query : select sestamp valor from se where ref ='324.658.00.01' and lote = 'r2301178100a'
20240510@080251.6853 m70k9ur84v00hjejhmnf5jirhc Query : select top 1 convert(numeric(6,2),t.taxa) valor from taxasiva t where t.codigo='2'
20240510@080251.6863 m70k9ur84v00hjejhmnf5jirhc Query : select 1 valor from information_schema.tables where table_type='base table' and table_name='wsfi039fields'
20240510@080251.6875 m70k9ur84v00hjejhmnf5jirhc Query : select fieldkey,fieldname,fieldtype,calcformula from wsfi039fields
20240510@080251.6900 m70k9ur84v00hjejhmnf5jirhc Query : insert into wsfi039data (fistamp,ousrdata, ousrhora, usrdata,usrhora,ousrinis,usrinis ,qtt ,ftstamp ,epv,pvmoeda ,tabiva,iva,lordem ,ref, design ,lote,armazem,bistamp ) values ('aut663dc35619663dc69ba7',getdate(),convert(char(8),convert (time,getdate())),getdate(),convert(char(8),convert (time,getdate())),'wsv','wsv',24.000 ,'aut663dc61228663dc69aef' ,0,0 ,2,23.00,190000,?,?,?,?,?)
20240510@080251.7125 m70k9ur84v00hjejhmnf5jirhc Query : select 1 valor from information_schema.tables where table_type='base table' and table_name='wsfi2039fields'
20240510@080251.7140 m70k9ur84v00hjejhmnf5jirhc Query : select fieldkey,fieldname,fieldtype,calcformula from wsfi2039fields
20240510@080251.7144 m70k9ur84v00hjejhmnf5jirhc Query : insert into wsfi2039data (fi2stamp,ftstamp ,ousrdata, ousrhora, usrdata,usrhora,ousrinis,usrinis) values ('aut663dc35619663dc69ba7','aut663dc61228663dc69aef' ,getdate(),convert(char(8),convert (time,getdate())),getdate(),convert(char(8),convert (time,getdate())),'wsv','wsv')
20240510@080251.7149 m70k9ur84v00hjejhmnf5jirhc Query : select 1 valor from information_schema.tables where table_type='base table' and table_name='wsfi039fields'
20240510@080251.7161 m70k9ur84v00hjejhmnf5jirhc Query : select fieldkey,fieldname,fieldtype,mandatory from wsfi039fields
20240510@080251.7184 m70k9ur84v00hjejhmnf5jirhc Query : select 1 valor from information_schema.tables where table_type='base table' and table_name='wsfi2039fields'
20240510@080251.7196 m70k9ur84v00hjejhmnf5jirhc Query : select fieldkey,fieldname,fieldtype,mandatory from wsfi2039fields
20240510@080251.7201 m70k9ur84v00hjejhmnf5jirhc Query : select top 1 convert(numeric(6,2),t.taxa) valor from taxasiva t where t.codigo='2'
20240510@080251.7210 m70k9ur84v00hjejhmnf5jirhc Query : select 1 valor from information_schema.tables where table_type='base table' and table_name='wsfi039fields'
20240510@080251.7222 m70k9ur84v00hjejhmnf5jirhc Query : select fieldkey,fieldname,fieldtype,calcformula from wsfi039fields
20240510@080251.7248 m70k9ur84v00hjejhmnf5jirhc Query : insert into wsfi039data (fistamp,ousrdata, ousrhora, usrdata,usrhora,ousrinis,usrinis ,qtt ,ftstamp ,epv,pvmoeda ,tabiva,iva,lordem ,ref, design ,armazem) values ('aut663dc49769663dc69bb0',getdate(),convert(char(8),convert (time,getdate())),getdate(),convert(char(8),convert (time,getdate())),'wsv','wsv',0 ,'aut663dc61228663dc69aef' ,0,0 ,2,23.00,200000,?,?,?)
20240510@080251.7466 m70k9ur84v00hjejhmnf5jirhc Query : select 1 valor from information_schema.tables where table_type='base table' and table_name='wsfi2039fields'
20240510@080251.7481 m70k9ur84v00hjejhmnf5jirhc Query : select fieldkey,fieldname,fieldtype,calcformula from wsfi2039fields
20240510@080251.7486 m70k9ur84v00hjejhmnf5jirhc Query : insert into wsfi2039data (fi2stamp,ftstamp ,ousrdata, ousrhora, usrdata,usrhora,ousrinis,usrinis) values ('aut663dc49769663dc69bb0','aut663dc61228663dc69aef' ,getdate(),convert(char(8),convert (time,getdate())),getdate(),convert(char(8),convert (time,getdate())),'wsv','wsv')
20240510@080251.7490 m70k9ur84v00hjejhmnf5jirhc Query : use flama_phc
20240510@080251.7493 m70k9ur84v00hjejhmnf5jirhc Query : select st.usalote valor from st where st.ref = '324.658.00.01'
20240510@080251.7504 m70k9ur84v00hjejhmnf5jirhc Query : select top 1 st.tabiva ,st.ivaincl ,st.stns ,st.uni2 ,st.familia ,isnull(tx.taxa, 0) txiva ,unidade ,usalote ,epcpond ,noserie from st left join taxasiva tx on st.tabiva = tx.codigo where st.ref = '324.658.00.01'
20240510@080251.7515 m70k9ur84v00hjejhmnf5jirhc Query : select 1 valor from information_schema.tables where table_type='base table' and table_name='wsfi039fields'
20240510@080251.7549 m70k9ur84v00hjejhmnf5jirhc Query : select fieldkey,fieldname,fieldtype,mandatory from wsfi039fields
20240510@080251.7573 m70k9ur84v00hjejhmnf5jirhc Query : select 1 valor from information_schema.tables where table_type='base table' and table_name='wsfi2039fields'
20240510@080251.7586 m70k9ur84v00hjejhmnf5jirhc Query : select fieldkey,fieldname,fieldtype,mandatory from wsfi2039fields
20240510@080251.7590 m70k9ur84v00hjejhmnf5jirhc Query : select sestamp valor from se where ref ='324.658.00.01' and lote = 'r2301178100a'
20240510@080251.7600 m70k9ur84v00hjejhmnf5jirhc Query : select top 1 convert(numeric(6,2),t.taxa) valor from taxasiva t where t.codigo='2'
20240510@080251.7609 m70k9ur84v00hjejhmnf5jirhc Query : select 1 valor from information_schema.tables where table_type='base table' and table_name='wsfi039fields'
20240510@080251.7621 m70k9ur84v00hjejhmnf5jirhc Query : select fieldkey,fieldname,fieldtype,calcformula from wsfi039fields
20240510@080251.7644 m70k9ur84v00hjejhmnf5jirhc Query : insert into wsfi039data (fistamp,ousrdata, ousrhora, usrdata,usrhora,ousrinis,usrinis ,qtt ,ftstamp ,epv,pvmoeda ,tabiva,iva,lordem ,ref, design ,lote,armazem,bistamp ) values ('aut663dc96915663dc69bb9',getdate(),convert(char(8),convert (time,getdate())),getdate(),convert(char(8),convert (time,getdate())),'wsv','wsv',24.000 ,'aut663dc61228663dc69aef' ,0,0 ,2,23.00,220000,?,?,?,?,?)
20240510@080251.7866 m70k9ur84v00hjejhmnf5jirhc Query : select 1 valor from information_schema.tables where table_type='base table' and table_name='wsfi2039fields'
20240510@080251.7881 m70k9ur84v00hjejhmnf5jirhc Query : select fieldkey,fieldname,fieldtype,calcformula from wsfi2039fields
20240510@080251.7885 m70k9ur84v00hjejhmnf5jirhc Query : insert into wsfi2039data (fi2stamp,ftstamp ,ousrdata, ousrhora, usrdata,usrhora,ousrinis,usrinis) values ('aut663dc96915663dc69bb9','aut663dc61228663dc69aef' ,getdate(),convert(char(8),convert (time,getdate())),getdate(),convert(char(8),convert (time,getdate())),'wsv','wsv')
20240510@080251.7890 m70k9ur84v00hjejhmnf5jirhc Query : select 1 valor from information_schema.tables where table_type='base table' and table_name='wsfi039fields'
20240510@080251.7903 m70k9ur84v00hjejhmnf5jirhc Query : select fieldkey,fieldname,fieldtype,mandatory from wsfi039fields
20240510@080251.7926 m70k9ur84v00hjejhmnf5jirhc Query : select 1 valor from information_schema.tables where table_type='base table' and table_name='wsfi2039fields'
20240510@080251.7938 m70k9ur84v00hjejhmnf5jirhc Query : select fieldkey,fieldname,fieldtype,mandatory from wsfi2039fields
20240510@080251.7942 m70k9ur84v00hjejhmnf5jirhc Query : select top 1 convert(numeric(6,2),t.taxa) valor from taxasiva t where t.codigo='2'
20240510@080251.7952 m70k9ur84v00hjejhmnf5jirhc Query : select 1 valor from information_schema.tables where table_type='base table' and table_name='wsfi039fields'
20240510@080251.8007 m70k9ur84v00hjejhmnf5jirhc Query : select fieldkey,fieldname,fieldtype,calcformula from wsfi039fields
20240510@080251.8035 m70k9ur84v00hjejhmnf5jirhc Query : insert into wsfi039data (fistamp,ousrdata, ousrhora, usrdata,usrhora,ousrinis,usrinis ,qtt ,ftstamp ,epv,pvmoeda ,tabiva,iva,lordem ,ref, design ,armazem) values ('aut663dc94649663dc69bc2',getdate(),convert(char(8),convert (time,getdate())),getdate(),convert(char(8),convert (time,getdate())),'wsv','wsv',0 ,'aut663dc61228663dc69aef' ,0,0 ,2,23.00,230000,?,?,?)
20240510@080251.8265 m70k9ur84v00hjejhmnf5jirhc Query : select 1 valor from information_schema.tables where table_type='base table' and table_name='wsfi2039fields'
20240510@080251.8290 m70k9ur84v00hjejhmnf5jirhc Query : select fieldkey,fieldname,fieldtype,calcformula from wsfi2039fields
20240510@080251.8294 m70k9ur84v00hjejhmnf5jirhc Query : insert into wsfi2039data (fi2stamp,ftstamp ,ousrdata, ousrhora, usrdata,usrhora,ousrinis,usrinis) values ('aut663dc94649663dc69bc2','aut663dc61228663dc69aef' ,getdate(),convert(char(8),convert (time,getdate())),getdate(),convert(char(8),convert (time,getdate())),'wsv','wsv')
20240510@080251.8299 m70k9ur84v00hjejhmnf5jirhc Query : use flama_phc
20240510@080251.8302 m70k9ur84v00hjejhmnf5jirhc Query : select st.usalote valor from st where st.ref = '324.658.00.01'
20240510@080251.8312 m70k9ur84v00hjejhmnf5jirhc Query : select top 1 st.tabiva ,st.ivaincl ,st.stns ,st.uni2 ,st.familia ,isnull(tx.taxa, 0) txiva ,unidade ,usalote ,epcpond ,noserie from st left join taxasiva tx on st.tabiva = tx.codigo where st.ref = '324.658.00.01'
20240510@080251.8323 m70k9ur84v00hjejhmnf5jirhc Query : select 1 valor from information_schema.tables where table_type='base table' and table_name='wsfi039fields'
20240510@080251.8336 m70k9ur84v00hjejhmnf5jirhc Query : select fieldkey,fieldname,fieldtype,mandatory from wsfi039fields
20240510@080251.8359 m70k9ur84v00hjejhmnf5jirhc Query : select 1 valor from information_schema.tables where table_type='base table' and table_name='wsfi2039fields'
20240510@080251.8371 m70k9ur84v00hjejhmnf5jirhc Query : select fieldkey,fieldname,fieldtype,mandatory from wsfi2039fields
20240510@080251.8376 m70k9ur84v00hjejhmnf5jirhc Query : select sestamp valor from se where ref ='324.658.00.01' and lote = 'r2301178100a'
20240510@080251.8386 m70k9ur84v00hjejhmnf5jirhc Query : select top 1 convert(numeric(6,2),t.taxa) valor from taxasiva t where t.codigo='2'
20240510@080251.8396 m70k9ur84v00hjejhmnf5jirhc Query : select 1 valor from information_schema.tables where table_type='base table' and table_name='wsfi039fields'
20240510@080251.8408 m70k9ur84v00hjejhmnf5jirhc Query : select fieldkey,fieldname,fieldtype,calcformula from wsfi039fields
20240510@080251.8433 m70k9ur84v00hjejhmnf5jirhc Query : insert into wsfi039data (fistamp,ousrdata, ousrhora, usrdata,usrhora,ousrinis,usrinis ,qtt ,ftstamp ,epv,pvmoeda ,tabiva,iva,lordem ,ref, design ,lote,armazem,bistamp ) values ('aut663dc71827663dc69bcc',getdate(),convert(char(8),convert (time,getdate())),getdate(),convert(char(8),convert (time,getdate())),'wsv','wsv',24.000 ,'aut663dc61228663dc69aef' ,0,0 ,2,23.00,250000,?,?,?,?,?)
20240510@080251.8683 m70k9ur84v00hjejhmnf5jirhc Query : select 1 valor from information_schema.tables where table_type='base table' and table_name='wsfi2039fields'
20240510@080251.8700 m70k9ur84v00hjejhmnf5jirhc Query : select fieldkey,fieldname,fieldtype,calcformula from wsfi2039fields
20240510@080251.8704 m70k9ur84v00hjejhmnf5jirhc Query : insert into wsfi2039data (fi2stamp,ftstamp ,ousrdata, ousrhora, usrdata,usrhora,ousrinis,usrinis) values ('aut663dc71827663dc69bcc','aut663dc61228663dc69aef' ,getdate(),convert(char(8),convert (time,getdate())),getdate(),convert(char(8),convert (time,getdate())),'wsv','wsv')
20240510@080251.8710 m70k9ur84v00hjejhmnf5jirhc Query : select 1 valor from information_schema.tables where table_type='base table' and table_name='wsfi039fields'
20240510@080251.8732 m70k9ur84v00hjejhmnf5jirhc Query : select fieldkey,fieldname,fieldtype,mandatory from wsfi039fields
20240510@080251.8756 m70k9ur84v00hjejhmnf5jirhc Query : select 1 valor from information_schema.tables where table_type='base table' and table_name='wsfi2039fields'
20240510@080251.8768 m70k9ur84v00hjejhmnf5jirhc Query : select fieldkey,fieldname,fieldtype,mandatory from wsfi2039fields
20240510@080251.8773 m70k9ur84v00hjejhmnf5jirhc Query : select top 1 convert(numeric(6,2),t.taxa) valor from taxasiva t where t.codigo='2'
20240510@080251.8784 m70k9ur84v00hjejhmnf5jirhc Query : select 1 valor from information_schema.tables where table_type='base table' and table_name='wsfi039fields'
20240510@080251.8796 m70k9ur84v00hjejhmnf5jirhc Query : select fieldkey,fieldname,fieldtype,calcformula from wsfi039fields
20240510@080251.8820 m70k9ur84v00hjejhmnf5jirhc Query : insert into wsfi039data (fistamp,ousrdata, ousrhora, usrdata,usrhora,ousrinis,usrinis ,qtt ,ftstamp ,epv,pvmoeda ,tabiva,iva,lordem ,ref, design ,armazem) values ('aut663dc80739663dc69bd6',getdate(),convert(char(8),convert (time,getdate())),getdate(),convert(char(8),convert (time,getdate())),'wsv','wsv',0 ,'aut663dc61228663dc69aef' ,0,0 ,2,23.00,260000,?,?,?)
20240510@080251.9053 m70k9ur84v00hjejhmnf5jirhc Query : select 1 valor from information_schema.tables where table_type='base table' and table_name='wsfi2039fields'
20240510@080251.9068 m70k9ur84v00hjejhmnf5jirhc Query : select fieldkey,fieldname,fieldtype,calcformula from wsfi2039fields
20240510@080251.9072 m70k9ur84v00hjejhmnf5jirhc Query : insert into wsfi2039data (fi2stamp,ftstamp ,ousrdata, ousrhora, usrdata,usrhora,ousrinis,usrinis) values ('aut663dc80739663dc69bd6','aut663dc61228663dc69aef' ,getdate(),convert(char(8),convert (time,getdate())),getdate(),convert(char(8),convert (time,getdate())),'wsv','wsv')
20240510@080251.9077 m70k9ur84v00hjejhmnf5jirhc Query : use flama_phc
20240510@080251.9080 m70k9ur84v00hjejhmnf5jirhc Query : select st.usalote valor from st where st.ref = '324.658.00.01'
20240510@080251.9092 m70k9ur84v00hjejhmnf5jirhc Query : select top 1 st.tabiva ,st.ivaincl ,st.stns ,st.uni2 ,st.familia ,isnull(tx.taxa, 0) txiva ,unidade ,usalote ,epcpond ,noserie from st left join taxasiva tx on st.tabiva = tx.codigo where st.ref = '324.658.00.01'
20240510@080251.9104 m70k9ur84v00hjejhmnf5jirhc Query : select 1 valor from information_schema.tables where table_type='base table' and table_name='wsfi039fields'
20240510@080251.9117 m70k9ur84v00hjejhmnf5jirhc Query : select fieldkey,fieldname,fieldtype,mandatory from wsfi039fields
20240510@080251.9143 m70k9ur84v00hjejhmnf5jirhc Query : select 1 valor from information_schema.tables where table_type='base table' and table_name='wsfi2039fields'
20240510@080251.9155 m70k9ur84v00hjejhmnf5jirhc Query : select fieldkey,fieldname,fieldtype,mandatory from wsfi2039fields
20240510@080251.9159 m70k9ur84v00hjejhmnf5jirhc Query : select sestamp valor from se where ref ='324.658.00.01' and lote = 'r2301178100a'
20240510@080251.9169 m70k9ur84v00hjejhmnf5jirhc Query : select top 1 convert(numeric(6,2),t.taxa) valor from taxasiva t where t.codigo='2'
20240510@080251.9179 m70k9ur84v00hjejhmnf5jirhc Query : select 1 valor from information_schema.tables where table_type='base table' and table_name='wsfi039fields'
20240510@080251.9191 m70k9ur84v00hjejhmnf5jirhc Query : select fieldkey,fieldname,fieldtype,calcformula from wsfi039fields
20240510@080251.9214 m70k9ur84v00hjejhmnf5jirhc Query : insert into wsfi039data (fistamp,ousrdata, ousrhora, usrdata,usrhora,ousrinis,usrinis ,qtt ,ftstamp ,epv,pvmoeda ,tabiva,iva,lordem ,ref, design ,lote,armazem,bistamp ) values ('aut663dc98670663dc69be0',getdate(),convert(char(8),convert (time,getdate())),getdate(),convert(char(8),convert (time,getdate())),'wsv','wsv',24.000 ,'aut663dc61228663dc69aef' ,0,0 ,2,23.00,280000,?,?,?,?,?)
20240510@080251.9446 m70k9ur84v00hjejhmnf5jirhc Query : select 1 valor from information_schema.tables where table_type='base table' and table_name='wsfi2039fields'
20240510@080251.9462 m70k9ur84v00hjejhmnf5jirhc Query : select fieldkey,fieldname,fieldtype,calcformula from wsfi2039fields
20240510@080251.9467 m70k9ur84v00hjejhmnf5jirhc Query : insert into wsfi2039data (fi2stamp,ftstamp ,ousrdata, ousrhora, usrdata,usrhora,ousrinis,usrinis) values ('aut663dc98670663dc69be0','aut663dc61228663dc69aef' ,getdate(),convert(char(8),convert (time,getdate())),getdate(),convert(char(8),convert (time,getdate())),'wsv','wsv')
20240510@080251.9473 m70k9ur84v00hjejhmnf5jirhc Query : select 1 valor from information_schema.tables where table_type='base table' and table_name='wsfi039fields'
20240510@080251.9490 m70k9ur84v00hjejhmnf5jirhc Query : select fieldkey,fieldname,fieldtype,mandatory from wsfi039fields
20240510@080251.9525 m70k9ur84v00hjejhmnf5jirhc Query : select 1 valor from information_schema.tables where table_type='base table' and table_name='wsfi2039fields'
20240510@080251.9538 m70k9ur84v00hjejhmnf5jirhc Query : select fieldkey,fieldname,fieldtype,mandatory from wsfi2039fields
20240510@080251.9542 m70k9ur84v00hjejhmnf5jirhc Query : select top 1 convert(numeric(6,2),t.taxa) valor from taxasiva t where t.codigo='2'
20240510@080251.9553 m70k9ur84v00hjejhmnf5jirhc Query : select 1 valor from information_schema.tables where table_type='base table' and table_name='wsfi039fields'
20240510@080251.9566 m70k9ur84v00hjejhmnf5jirhc Query : select fieldkey,fieldname,fieldtype,calcformula from wsfi039fields
20240510@080251.9588 m70k9ur84v00hjejhmnf5jirhc Query : insert into wsfi039data (fistamp,ousrdata, ousrhora, usrdata,usrhora,ousrinis,usrinis ,qtt ,ftstamp ,epv,pvmoeda ,tabiva,iva,lordem ,ref, design ,armazem) values ('aut663dc51972663dc69be9',getdate(),convert(char(8),convert (time,getdate())),getdate(),convert(char(8),convert (time,getdate())),'wsv','wsv',0 ,'aut663dc61228663dc69aef' ,0,0 ,2,23.00,290000,?,?,?)
20240510@080251.9837 m70k9ur84v00hjejhmnf5jirhc Query : select 1 valor from information_schema.tables where table_type='base table' and table_name='wsfi2039fields'
20240510@080251.9854 m70k9ur84v00hjejhmnf5jirhc Query : select fieldkey,fieldname,fieldtype,calcformula from wsfi2039fields
20240510@080251.9859 m70k9ur84v00hjejhmnf5jirhc Query : insert into wsfi2039data (fi2stamp,ftstamp ,ousrdata, ousrhora, usrdata,usrhora,ousrinis,usrinis) values ('aut663dc51972663dc69be9','aut663dc61228663dc69aef' ,getdate(),convert(char(8),convert (time,getdate())),getdate(),convert(char(8),convert (time,getdate())),'wsv','wsv')
20240510@080251.9864 m70k9ur84v00hjejhmnf5jirhc Query : insert into wsftcreationlog (initialftstamp,externalid,creationstatus,documenttypeid,idustamp) values ('aut663dc61228663dc69aef','2403247','wait',39,'ari17112337378,753000005')
20240510@080251.9882 m70k9ur84v00hjejhmnf5jirhc Query : use flama_phc
20240510@080251.9885 m70k9ur84v00hjejhmnf5jirhc Query : update u_wsusers set rqsttoken =? where userid ='userls001'
20240510@080251.9896 m70k9ur84v00hjejhmnf5jirhc Query : select concat(rtrim(relative_path),ltrim(name_new)) as valor from uploadfiles where uploadfile_id='1577';
20240510@080251.9911 m70k9ur84v00hjejhmnf5jirhc Query : update uploadfiles set whenupdated=current_timestamp where uploadfile_id='1577';
20240510@080251.9929 m70k9ur84v00hjejhmnf5jirhc Query : select concat(rtrim(relative_path),ltrim(name_new)) as valor from uploadfiles where uploadfile_id='1577';
20240510@080251.9942 m70k9ur84v00hjejhmnf5jirhc Query : update uploadfiles set whenupdated=current_timestamp where uploadfile_id='1577';
20240510@080252.3370 92dsg764aq0np6j37upje71f1g Query : insert into uploadfiles ( name_original, name_new, option_type, relative_path, whencreated ) values ( ?, ?, ?, ?, getdate() )
20240510@080252.3500 92dsg764aq0np6j37upje71f1g Query : select uploadfile_id valor from uploadfiles where name_new = ? and option_type = ? 
20240510@080252.3670 92dsg764aq0np6j37upje71f1g Query : select concat(rtrim(relative_path),ltrim(name_new)) as valor from uploadfiles where uploadfile_id='1578';
20240510@080252.4090 92dsg764aq0np6j37upje71f1g Query : update uploadfiles set whenupdated=current_timestamp where uploadfile_id='1578';
20240510@080252.4290 92dsg764aq0np6j37upje71f1g Query : select concat(rtrim(relative_path),ltrim(name_new)) as valor from uploadfiles where uploadfile_id='1578';
20240510@080252.4410 92dsg764aq0np6j37upje71f1g Query : update uploadfiles set whenupdated=current_timestamp where uploadfile_id='1578';
20240510@080252.4570 92dsg764aq0np6j37upje71f1g Query : use flama_phc
20240510@080252.4600 92dsg764aq0np6j37upje71f1g Query : select top 1 secretkey valor from u_wsusers u where u.userid = ? and u.inactivo=0
20240510@080252.4770 92dsg764aq0np6j37upje71f1g Query : use flama_phc
20240510@080252.4800 92dsg764aq0np6j37upje71f1g Query : select no, estab,szadrsdesc from szadrs where u_coddest=4740
20240510@080252.5070 92dsg764aq0np6j37upje71f1g Query : select top 1 isnull(design,'') valor from st (nolock) left join stobs (nolock) on st.ref = stobs.ref where st.ref = '324.682.00.01'
20240510@080252.6670 92dsg764aq0np6j37upje71f1g Query : select top 1 bistamp valor from bi inner join bo on bo.bostamp=bi.bostamp where bo.ndos =240 and bo.boano =2032 and bo.obrano = 2403248 and bi.ref ='324.682.00.01' and bi.lordem =1
20240510@080252.1018 92dsg764aq0np6j37upje71f1g Query : select top 1 isnull(design,'') valor from st (nolock) left join stobs (nolock) on st.ref = stobs.ref where st.ref = '324.682.00.01'
20240510@080252.1030 92dsg764aq0np6j37upje71f1g Query : select top 1 bistamp valor from bi inner join bo on bo.bostamp=bi.bostamp where bo.ndos =240 and bo.boano =2032 and bo.obrano = 2403248 and bi.ref ='324.682.00.01' and bi.lordem =1
20240510@080252.1036 92dsg764aq0np6j37upje71f1g Query : select top 1 isnull(design,'') valor from st (nolock) left join stobs (nolock) on st.ref = stobs.ref where st.ref = '324.682.00.01'
20240510@080252.1046 92dsg764aq0np6j37upje71f1g Query : select top 1 bistamp valor from bi inner join bo on bo.bostamp=bi.bostamp where bo.ndos =240 and bo.boano =2032 and bo.obrano = 2403248 and bi.ref ='324.682.00.01' and bi.lordem =1
20240510@080252.1051 92dsg764aq0np6j37upje71f1g Query : select top 1 isnull(design,'') valor from st (nolock) left join stobs (nolock) on st.ref = stobs.ref where st.ref = '324.682.00.01'
20240510@080252.1061 92dsg764aq0np6j37upje71f1g Query : select top 1 bistamp valor from bi inner join bo on bo.bostamp=bi.bostamp where bo.ndos =240 and bo.boano =2032 and bo.obrano = 2403248 and bi.ref ='324.682.00.01' and bi.lordem =1
20240510@080252.1066 92dsg764aq0np6j37upje71f1g Query : select top 1 isnull(design,'') valor from st (nolock) left join stobs (nolock) on st.ref = stobs.ref where st.ref = '324.682.00.01'
20240510@080252.1075 92dsg764aq0np6j37upje71f1g Query : select top 1 bistamp valor from bi inner join bo on bo.bostamp=bi.bostamp where bo.ndos =240 and bo.boano =2032 and bo.obrano = 2403248 and bi.ref ='324.682.00.01' and bi.lordem =1
20240510@080252.1081 92dsg764aq0np6j37upje71f1g Query : select top 1 isnull(design,'') valor from st (nolock) left join stobs (nolock) on st.ref = stobs.ref where st.ref = '324.682.00.01'
20240510@080252.1091 92dsg764aq0np6j37upje71f1g Query : select top 1 bistamp valor from bi inner join bo on bo.bostamp=bi.bostamp where bo.ndos =240 and bo.boano =2032 and bo.obrano = 2403248 and bi.ref ='324.682.00.01' and bi.lordem =1
20240510@080252.1096 92dsg764aq0np6j37upje71f1g Query : select top 1 isnull(design,'') valor from st (nolock) left join stobs (nolock) on st.ref = stobs.ref where st.ref = '324.682.00.01'
20240510@080252.1106 92dsg764aq0np6j37upje71f1g Query : select top 1 bistamp valor from bi inner join bo on bo.bostamp=bi.bostamp where bo.ndos =240 and bo.boano =2032 and bo.obrano = 2403248 and bi.ref ='324.682.00.01' and bi.lordem =1
20240510@080252.1112 92dsg764aq0np6j37upje71f1g Query : select top 1 isnull(design,'') valor from st (nolock) left join stobs (nolock) on st.ref = stobs.ref where st.ref = '324.682.00.01'
20240510@080252.1123 92dsg764aq0np6j37upje71f1g Query : select top 1 bistamp valor from bi inner join bo on bo.bostamp=bi.bostamp where bo.ndos =240 and bo.boano =2032 and bo.obrano = 2403248 and bi.ref ='324.682.00.01' and bi.lordem =1
20240510@080252.1129 92dsg764aq0np6j37upje71f1g Query : select top 1 isnull(design,'') valor from st (nolock) left join stobs (nolock) on st.ref = stobs.ref where st.ref = '324.682.00.01'
20240510@080252.1139 92dsg764aq0np6j37upje71f1g Query : select top 1 bistamp valor from bi inner join bo on bo.bostamp=bi.bostamp where bo.ndos =240 and bo.boano =2032 and bo.obrano = 2403248 and bi.ref ='324.682.00.01' and bi.lordem =1
20240510@080252.1145 92dsg764aq0np6j37upje71f1g Query : select top 1 isnull(design,'') valor from st (nolock) left join stobs (nolock) on st.ref = stobs.ref where st.ref = '324.682.00.01'
20240510@080252.1154 92dsg764aq0np6j37upje71f1g Query : select top 1 bistamp valor from bi inner join bo on bo.bostamp=bi.bostamp where bo.ndos =240 and bo.boano =2032 and bo.obrano = 2403248 and bi.ref ='324.682.00.01' and bi.lordem =2
20240510@080252.1854 92dsg764aq0np6j37upje71f1g Query : select top 1 isnull(design,'') valor from st (nolock) left join stobs (nolock) on st.ref = stobs.ref where st.ref = '324.682.00.01'
20240510@080252.2766 92dsg764aq0np6j37upje71f1g Query : select top 1 bistamp valor from bi inner join bo on bo.bostamp=bi.bostamp where bo.ndos =240 and bo.boano =2032 and bo.obrano = 2403248 and bi.ref ='324.682.00.01' and bi.lordem =2
20240510@080252.2774 92dsg764aq0np6j37upje71f1g Query : select top 1 isnull(design,'') valor from st (nolock) left join stobs (nolock) on st.ref = stobs.ref where st.ref = '324.682.00.01'
20240510@080252.2786 92dsg764aq0np6j37upje71f1g Query : select top 1 bistamp valor from bi inner join bo on bo.bostamp=bi.bostamp where bo.ndos =240 and bo.boano =2032 and bo.obrano = 2403248 and bi.ref ='324.682.00.01' and bi.lordem =2
20240510@080252.2792 92dsg764aq0np6j37upje71f1g Query : select top 1 isnull(design,'') valor from st (nolock) left join stobs (nolock) on st.ref = stobs.ref where st.ref = '324.682.00.01'
20240510@080252.2804 92dsg764aq0np6j37upje71f1g Query : select top 1 bistamp valor from bi inner join bo on bo.bostamp=bi.bostamp where bo.ndos =240 and bo.boano =2032 and bo.obrano = 2403248 and bi.ref ='324.682.00.01' and bi.lordem =2
20240510@080252.2810 92dsg764aq0np6j37upje71f1g Query : select top 1 isnull(design,'') valor from st (nolock) left join stobs (nolock) on st.ref = stobs.ref where st.ref = '324.682.00.01'
20240510@080252.2821 92dsg764aq0np6j37upje71f1g Query : select top 1 bistamp valor from bi inner join bo on bo.bostamp=bi.bostamp where bo.ndos =240 and bo.boano =2032 and bo.obrano = 2403248 and bi.ref ='324.682.00.01' and bi.lordem =2
20240510@080252.2827 92dsg764aq0np6j37upje71f1g Query : select top 1 isnull(design,'') valor from st (nolock) left join stobs (nolock) on st.ref = stobs.ref where st.ref = '324.682.00.01'
20240510@080252.2838 92dsg764aq0np6j37upje71f1g Query : select top 1 bistamp valor from bi inner join bo on bo.bostamp=bi.bostamp where bo.ndos =240 and bo.boano =2032 and bo.obrano = 2403248 and bi.ref ='324.682.00.01' and bi.lordem =2
20240510@080252.2844 92dsg764aq0np6j37upje71f1g Query : use flama_phc
20240510@080252.2848 92dsg764aq0np6j37upje71f1g Query : select top 1 convert(date,fdata) valor from ft where ndoc = 39 and anulado= 0 and fno>0 order by fdata desc
20240510@080252.2862 92dsg764aq0np6j37upje71f1g Query : use flama_phc
20240510@080252.2866 92dsg764aq0np6j37upje71f1g Query : select top 1 1 valor from td where td.ndoc = 39
20240510@080252.2876 92dsg764aq0np6j37upje71f1g Query : use flama_phc
20240510@080252.2879 92dsg764aq0np6j37upje71f1g Query : select descricao ,case when valor='s' then 1 else 0 end usalotes from para1 where descricao in ('st_lote')
20240510@080252.2890 92dsg764aq0np6j37upje71f1g Query : select top 1 assinadoc issigned ,td.lancasl stocks ,'cl' origin ,case when (cmsl between 1 and 50 ) then 1 else 0 end entrada ,case when (cmsl>50 ) then 1 else 0 end saida ,~lotestock validatestock ,tiposaft from td inner join td2 on td.tdstamp=td2.td2stamp where td.ndoc =39
20240510@080252.2905 92dsg764aq0np6j37upje71f1g Query : use flama_phc
20240510@080252.2908 92dsg764aq0np6j37upje71f1g Query : select top 1 ~inactivo valor from cl where no = '100810' and estab = 0 order by inactivo desc
20240510@080252.2918 92dsg764aq0np6j37upje71f1g Query : use flama_phc
20240510@080252.2921 92dsg764aq0np6j37upje71f1g Query : select top 1 tipodoc,regrd from td where ndoc = 39
20240510@080252.2931 92dsg764aq0np6j37upje71f1g Query : use flama_phc
20240510@080252.2934 92dsg764aq0np6j37upje71f1g Query : select szadrsstamp valor from szadrs where szadrsdesc='espaÇotrans,lda'
20240510@080252.2945 92dsg764aq0np6j37upje71f1g Query : use flama_phc
20240510@080252.2948 92dsg764aq0np6j37upje71f1g Query : select szadrsstamp valor from szadrs where szadrsdesc='100810 - worten-equipamentos para o lar,sa.'
20240510@080252.2960 92dsg764aq0np6j37upje71f1g Query : use flama_phc
20240510@080252.2963 92dsg764aq0np6j37upje71f1g Query : select 1 valor from td where ndoc = 39
20240510@080252.2973 92dsg764aq0np6j37upje71f1g Query : select top 1 manternumero, tiposaft, nmdos,td.assinadoc from td where td.ndoc = 39
20240510@080252.2985 92dsg764aq0np6j37upje71f1g Query : select 1 valor from information_schema.tables where table_type='base table' and table_name='wsft039fields'
20240510@080252.2998 92dsg764aq0np6j37upje71f1g Query : select fieldkey,fieldname,fieldtype,mandatory from wsft039fields
20240510@080252.3014 92dsg764aq0np6j37upje71f1g Query : select 1 valor from information_schema.tables where table_type='base table' and table_name='wsft2039fields'
20240510@080252.3027 92dsg764aq0np6j37upje71f1g Query : select fieldkey,fieldname,fieldtype,mandatory from wsft2039fields
20240510@080252.3055 92dsg764aq0np6j37upje71f1g Query : select 1 valor from information_schema.tables where table_type='base table' and table_name='wsft3039fields'
20240510@080252.3069 92dsg764aq0np6j37upje71f1g Query : select fieldkey,fieldname,fieldtype,mandatory from wsft3039fields
20240510@080252.3079 92dsg764aq0np6j37upje71f1g Query : select top 1 ft.fno valor from ft ft where ft.ndoc = 39 and ftano=2024 order by fno desc
20240510@080252.3156 92dsg764aq0np6j37upje71f1g Query : select top 1 ft.fno valor from wsft039data ft where ft.ndoc = 39 and ftano=2024 order by fno desc
20240510@080252.3166 92dsg764aq0np6j37upje71f1g Query : select 1 valor from information_schema.tables where table_type='base table' and table_name='wsft3039fields'
20240510@080252.3179 92dsg764aq0np6j37upje71f1g Query : select fieldkey,fieldname,fieldtype,calcformula from wsft3039fields
20240510@080252.3190 92dsg764aq0np6j37upje71f1g Query : insert into wsft3039data (ft3stamp, ousrdata, ousrhora, usrdata,usrhora,ousrinis,usrinis,taxpointdt ) values ('aut663dc36827663dc69c4b' ,getdate(),convert(char(8),convert (time,getdate())),getdate(),convert(char(8),convert (time,getdate())),'wsv','wsv',?)
20240510@080252.3331 92dsg764aq0np6j37upje71f1g Query : select 1 valor from information_schema.tables where table_type='base table' and table_name='wsft2039fields'
20240510@080252.3345 92dsg764aq0np6j37upje71f1g Query : select fieldkey,fieldname,fieldtype,calcformula from wsft2039fields
20240510@080252.3375 92dsg764aq0np6j37upje71f1g Query : select top 1 bo.u_nomeenv valor from bo where bo.bostamp=''
20240510@080252.3380 92dsg764aq0np6j37upje71f1g Query : select top 1 bo.u_moradaen valor from bo where bo.bostamp=''
20240510@080252.3386 92dsg764aq0np6j37upje71f1g Query : select top 1 bo.u_codposen valor from bo where bo.bostamp=''
20240510@080252.3391 92dsg764aq0np6j37upje71f1g Query : select top 1 bo.u_localenv valor from bo where bo.bostamp=''
20240510@080252.3396 92dsg764aq0np6j37upje71f1g Query : select top 1 bo.trab5 valor from bo where bo.bostamp=''
20240510@080252.3401 92dsg764aq0np6j37upje71f1g Query : select top 1 bo.serie valor from bo where bo.bostamp=''
20240510@080252.3406 92dsg764aq0np6j37upje71f1g Query : insert into wsft2039data (ft2stamp, ousrdata,ousrhora, usrdata,usrhora,ousrinis,usrinis,u_nomeenv ,u_moradaen ,u_codposen ,u_localenv ,u_coddest ,u_codby ) values ('aut663dc36827663dc69c4b',getdate(),convert(char(8),convert (time,getdate())),getdate(),convert(char(8),convert (time,getdate())),'wsv','wsv',?,?,?,?,?,?)
20240510@080252.3635 92dsg764aq0np6j37upje71f1g Query : select top 1 fno valor from wsft039data order by fno desc
20240510@080252.3651 92dsg764aq0np6j37upje71f1g Query : select 1 valor from information_schema.tables where table_type='base table' and table_name='wsft039fields'
20240510@080252.3666 92dsg764aq0np6j37upje71f1g Query : select fieldkey,fieldname,fieldtype,calcformula from wsft039fields
20240510@080252.3684 92dsg764aq0np6j37upje71f1g Query : insert into wsft039data (ftstamp, ousrdata,ousrhora, usrdata,usrhora,ousrinis,usrinis,fno,no,estab,fdata,ndoc,moeda,cambio,cambiofixo,ftano,cdata,chora,carga,descar,site ,classe ) values ('aut663dc36827663dc69c4b',getdate(),convert(char(8),convert (time,getdate())),getdate(),convert(char(8),convert (time,getdate())),'wsv','wsv',1259,100810,0,'2024-05-10',39,'euro',0,0,2024 ,'20240510','0832',?,?,?,?)
20240510@080252.3947 92dsg764aq0np6j37upje71f1g Query : use flama_phc
20240510@080252.3950 92dsg764aq0np6j37upje71f1g Query : select st.usalote valor from st where st.ref = '324.682.00.01'
20240510@080252.3963 92dsg764aq0np6j37upje71f1g Query : select top 1 st.tabiva ,st.ivaincl ,st.stns ,st.uni2 ,st.familia ,isnull(tx.taxa, 0) txiva ,unidade ,usalote ,epcpond ,noserie from st left join taxasiva tx on st.tabiva = tx.codigo where st.ref = '324.682.00.01'
20240510@080252.4120 92dsg764aq0np6j37upje71f1g Query : select 1 valor from information_schema.tables where table_type='base table' and table_name='wsfi039fields'
20240510@080252.4134 92dsg764aq0np6j37upje71f1g Query : select fieldkey,fieldname,fieldtype,mandatory from wsfi039fields
20240510@080252.4159 92dsg764aq0np6j37upje71f1g Query : select 1 valor from information_schema.tables where table_type='base table' and table_name='wsfi2039fields'
20240510@080252.4175 92dsg764aq0np6j37upje71f1g Query : select fieldkey,fieldname,fieldtype,mandatory from wsfi2039fields
20240510@080252.4179 92dsg764aq0np6j37upje71f1g Query : select sestamp valor from se where ref ='324.682.00.01' and lote = 'r2301244100a'
20240510@080252.4191 92dsg764aq0np6j37upje71f1g Query : select top 1 convert(numeric(6,2),t.taxa) valor from taxasiva t where t.codigo='2'
20240510@080252.4201 92dsg764aq0np6j37upje71f1g Query : select 1 valor from information_schema.tables where table_type='base table' and table_name='wsfi039fields'
20240510@080252.4214 92dsg764aq0np6j37upje71f1g Query : select fieldkey,fieldname,fieldtype,calcformula from wsfi039fields
20240510@080252.4240 92dsg764aq0np6j37upje71f1g Query : insert into wsfi039data (fistamp,ousrdata, ousrhora, usrdata,usrhora,ousrinis,usrinis ,qtt ,ftstamp ,epv,pvmoeda ,tabiva,iva,lordem ,ref, design ,lote,armazem,bistamp ) values ('aut663dc89241663dc69c66',getdate(),convert(char(8),convert (time,getdate())),getdate(),convert(char(8),convert (time,getdate())),'wsv','wsv',19.000 ,'aut663dc36827663dc69c4b' ,0,0 ,2,23.00,10000,?,?,?,?,?)
20240510@080252.4460 92dsg764aq0np6j37upje71f1g Query : select 1 valor from information_schema.tables where table_type='base table' and table_name='wsfi2039fields'
20240510@080252.4476 92dsg764aq0np6j37upje71f1g Query : select fieldkey,fieldname,fieldtype,calcformula from wsfi2039fields
20240510@080252.4484 92dsg764aq0np6j37upje71f1g Query : insert into wsfi2039data (fi2stamp,ftstamp ,ousrdata, ousrhora, usrdata,usrhora,ousrinis,usrinis) values ('aut663dc89241663dc69c66','aut663dc36827663dc69c4b' ,getdate(),convert(char(8),convert (time,getdate())),getdate(),convert(char(8),convert (time,getdate())),'wsv','wsv')
20240510@080252.4490 92dsg764aq0np6j37upje71f1g Query : select 1 valor from information_schema.tables where table_type='base table' and table_name='wsfi039fields'
20240510@080252.4505 92dsg764aq0np6j37upje71f1g Query : select fieldkey,fieldname,fieldtype,mandatory from wsfi039fields
20240510@080252.4531 92dsg764aq0np6j37upje71f1g Query : select 1 valor from information_schema.tables where table_type='base table' and table_name='wsfi2039fields'
20240510@080252.4544 92dsg764aq0np6j37upje71f1g Query : select fieldkey,fieldname,fieldtype,mandatory from wsfi2039fields
20240510@080252.4548 92dsg764aq0np6j37upje71f1g Query : select top 1 convert(numeric(6,2),t.taxa) valor from taxasiva t where t.codigo='2'
20240510@080252.4558 92dsg764aq0np6j37upje71f1g Query : select 1 valor from information_schema.tables where table_type='base table' and table_name='wsfi039fields'
20240510@080252.4571 92dsg764aq0np6j37upje71f1g Query : select fieldkey,fieldname,fieldtype,calcformula from wsfi039fields
20240510@080252.4594 92dsg764aq0np6j37upje71f1g Query : insert into wsfi039data (fistamp,ousrdata, ousrhora, usrdata,usrhora,ousrinis,usrinis ,qtt ,ftstamp ,epv,pvmoeda ,tabiva,iva,lordem ,ref, design ,armazem) values ('aut663dc30287663dc69c6f',getdate(),convert(char(8),convert (time,getdate())),getdate(),convert(char(8),convert (time,getdate())),'wsv','wsv',0 ,'aut663dc36827663dc69c4b' ,0,0 ,2,23.00,20000,?,?,?)
20240510@080252.4865 92dsg764aq0np6j37upje71f1g Query : select 1 valor from information_schema.tables where table_type='base table' and table_name='wsfi2039fields'
20240510@080252.4906 92dsg764aq0np6j37upje71f1g Query : select fieldkey,fieldname,fieldtype,calcformula from wsfi2039fields
20240510@080252.4911 92dsg764aq0np6j37upje71f1g Query : insert into wsfi2039data (fi2stamp,ftstamp ,ousrdata, ousrhora, usrdata,usrhora,ousrinis,usrinis) values ('aut663dc30287663dc69c6f','aut663dc36827663dc69c4b' ,getdate(),convert(char(8),convert (time,getdate())),getdate(),convert(char(8),convert (time,getdate())),'wsv','wsv')
20240510@080252.4917 92dsg764aq0np6j37upje71f1g Query : use flama_phc
20240510@080252.4921 92dsg764aq0np6j37upje71f1g Query : select st.usalote valor from st where st.ref = '324.682.00.01'
20240510@080252.4933 92dsg764aq0np6j37upje71f1g Query : select top 1 st.tabiva ,st.ivaincl ,st.stns ,st.uni2 ,st.familia ,isnull(tx.taxa, 0) txiva ,unidade ,usalote ,epcpond ,noserie from st left join taxasiva tx on st.tabiva = tx.codigo where st.ref = '324.682.00.01'
20240510@080252.4945 92dsg764aq0np6j37upje71f1g Query : select 1 valor from information_schema.tables where table_type='base table' and table_name='wsfi039fields'
20240510@080252.4958 92dsg764aq0np6j37upje71f1g Query : select fieldkey,fieldname,fieldtype,mandatory from wsfi039fields
20240510@080252.4986 92dsg764aq0np6j37upje71f1g Query : select 1 valor from information_schema.tables where table_type='base table' and table_name='wsfi2039fields'
20240510@080252.5000 92dsg764aq0np6j37upje71f1g Query : select fieldkey,fieldname,fieldtype,mandatory from wsfi2039fields
20240510@080252.5005 92dsg764aq0np6j37upje71f1g Query : select sestamp valor from se where ref ='324.682.00.01' and lote = 'r2301244100a'
20240510@080252.5016 92dsg764aq0np6j37upje71f1g Query : select top 1 convert(numeric(6,2),t.taxa) valor from taxasiva t where t.codigo='2'
20240510@080252.5026 92dsg764aq0np6j37upje71f1g Query : select 1 valor from information_schema.tables where table_type='base table' and table_name='wsfi039fields'
20240510@080252.5041 92dsg764aq0np6j37upje71f1g Query : select fieldkey,fieldname,fieldtype,calcformula from wsfi039fields
20240510@080252.5110 92dsg764aq0np6j37upje71f1g Query : insert into wsfi039data (fistamp,ousrdata, ousrhora, usrdata,usrhora,ousrinis,usrinis ,qtt ,ftstamp ,epv,pvmoeda ,tabiva,iva,lordem ,ref, design ,lote,armazem,bistamp ) values ('aut663dc19438663dc69c7a',getdate(),convert(char(8),convert (time,getdate())),getdate(),convert(char(8),convert (time,getdate())),'wsv','wsv',24.000 ,'aut663dc36827663dc69c4b' ,0,0 ,2,23.00,40000,?,?,?,?,?)
20240510@080252.5343 92dsg764aq0np6j37upje71f1g Query : select 1 valor from information_schema.tables where table_type='base table' and table_name='wsfi2039fields'
20240510@080252.5360 92dsg764aq0np6j37upje71f1g Query : select fieldkey,fieldname,fieldtype,calcformula from wsfi2039fields
20240510@080252.5364 92dsg764aq0np6j37upje71f1g Query : insert into wsfi2039data (fi2stamp,ftstamp ,ousrdata, ousrhora, usrdata,usrhora,ousrinis,usrinis) values ('aut663dc19438663dc69c7a','aut663dc36827663dc69c4b' ,getdate(),convert(char(8),convert (time,getdate())),getdate(),convert(char(8),convert (time,getdate())),'wsv','wsv')
20240510@080252.5370 92dsg764aq0np6j37upje71f1g Query : select 1 valor from information_schema.tables where table_type='base table' and table_name='wsfi039fields'
20240510@080252.5383 92dsg764aq0np6j37upje71f1g Query : select fieldkey,fieldname,fieldtype,mandatory from wsfi039fields
20240510@080252.5484 92dsg764aq0np6j37upje71f1g Query : select 1 valor from information_schema.tables where table_type='base table' and table_name='wsfi2039fields'
20240510@080252.5500 92dsg764aq0np6j37upje71f1g Query : select fieldkey,fieldname,fieldtype,mandatory from wsfi2039fields
20240510@080252.5505 92dsg764aq0np6j37upje71f1g Query : select top 1 convert(numeric(6,2),t.taxa) valor from taxasiva t where t.codigo='2'
20240510@080252.5536 92dsg764aq0np6j37upje71f1g Query : select 1 valor from information_schema.tables where table_type='base table' and table_name='wsfi039fields'
20240510@080252.5551 92dsg764aq0np6j37upje71f1g Query : select fieldkey,fieldname,fieldtype,calcformula from wsfi039fields
20240510@080252.5821 92dsg764aq0np6j37upje71f1g Query : insert into wsfi039data (fistamp,ousrdata, ousrhora, usrdata,usrhora,ousrinis,usrinis ,qtt ,ftstamp ,epv,pvmoeda ,tabiva,iva,lordem ,ref, design ,armazem) values ('aut663dc81918663dc69c87',getdate(),convert(char(8),convert (time,getdate())),getdate(),convert(char(8),convert (time,getdate())),'wsv','wsv',0 ,'aut663dc36827663dc69c4b' ,0,0 ,2,23.00,50000,?,?,?)
20240510@080252.6105 92dsg764aq0np6j37upje71f1g Query : select 1 valor from information_schema.tables where table_type='base table' and table_name='wsfi2039fields'
20240510@080252.6143 92dsg764aq0np6j37upje71f1g Query : select fieldkey,fieldname,fieldtype,calcformula from wsfi2039fields
20240510@080252.6152 92dsg764aq0np6j37upje71f1g Query : insert into wsfi2039data (fi2stamp,ftstamp ,ousrdata, ousrhora, usrdata,usrhora,ousrinis,usrinis) values ('aut663dc81918663dc69c87','aut663dc36827663dc69c4b' ,getdate(),convert(char(8),convert (time,getdate())),getdate(),convert(char(8),convert (time,getdate())),'wsv','wsv')
20240510@080252.6157 92dsg764aq0np6j37upje71f1g Query : use flama_phc
20240510@080252.6160 92dsg764aq0np6j37upje71f1g Query : select st.usalote valor from st where st.ref = '324.682.00.01'
20240510@080252.6171 92dsg764aq0np6j37upje71f1g Query : select top 1 st.tabiva ,st.ivaincl ,st.stns ,st.uni2 ,st.familia ,isnull(tx.taxa, 0) txiva ,unidade ,usalote ,epcpond ,noserie from st left join taxasiva tx on st.tabiva = tx.codigo where st.ref = '324.682.00.01'
20240510@080252.6182 92dsg764aq0np6j37upje71f1g Query : select 1 valor from information_schema.tables where table_type='base table' and table_name='wsfi039fields'
20240510@080252.6262 92dsg764aq0np6j37upje71f1g Query : select fieldkey,fieldname,fieldtype,mandatory from wsfi039fields
20240510@080252.6287 92dsg764aq0np6j37upje71f1g Query : select 1 valor from information_schema.tables where table_type='base table' and table_name='wsfi2039fields'
20240510@080252.6309 92dsg764aq0np6j37upje71f1g Query : select fieldkey,fieldname,fieldtype,mandatory from wsfi2039fields
20240510@080252.6313 92dsg764aq0np6j37upje71f1g Query : select sestamp valor from se where ref ='324.682.00.01' and lote = 'r2301244100a'
20240510@080252.6323 92dsg764aq0np6j37upje71f1g Query : select top 1 convert(numeric(6,2),t.taxa) valor from taxasiva t where t.codigo='2'
20240510@080252.6540 92dsg764aq0np6j37upje71f1g Query : select 1 valor from information_schema.tables where table_type='base table' and table_name='wsfi039fields'
20240510@080252.6556 92dsg764aq0np6j37upje71f1g Query : select fieldkey,fieldname,fieldtype,calcformula from wsfi039fields
20240510@080252.6604 92dsg764aq0np6j37upje71f1g Query : insert into wsfi039data (fistamp,ousrdata, ousrhora, usrdata,usrhora,ousrinis,usrinis ,qtt ,ftstamp ,epv,pvmoeda ,tabiva,iva,lordem ,ref, design ,lote,armazem,bistamp ) values ('aut663dc90505663dc69c9f',getdate(),convert(char(8),convert (time,getdate())),getdate(),convert(char(8),convert (time,getdate())),'wsv','wsv',24.000 ,'aut663dc36827663dc69c4b' ,0,0 ,2,23.00,70000,?,?,?,?,?)
20240510@080252.6842 92dsg764aq0np6j37upje71f1g Query : select 1 valor from information_schema.tables where table_type='base table' and table_name='wsfi2039fields'
20240510@080252.7151 92dsg764aq0np6j37upje71f1g Query : select fieldkey,fieldname,fieldtype,calcformula from wsfi2039fields
20240510@080252.7156 92dsg764aq0np6j37upje71f1g Query : insert into wsfi2039data (fi2stamp,ftstamp ,ousrdata, ousrhora, usrdata,usrhora,ousrinis,usrinis) values ('aut663dc90505663dc69c9f','aut663dc36827663dc69c4b' ,getdate(),convert(char(8),convert (time,getdate())),getdate(),convert(char(8),convert (time,getdate())),'wsv','wsv')
20240510@080252.7163 92dsg764aq0np6j37upje71f1g Query : select 1 valor from information_schema.tables where table_type='base table' and table_name='wsfi039fields'
20240510@080252.7180 92dsg764aq0np6j37upje71f1g Query : select fieldkey,fieldname,fieldtype,mandatory from wsfi039fields
20240510@080252.7207 92dsg764aq0np6j37upje71f1g Query : select 1 valor from information_schema.tables where table_type='base table' and table_name='wsfi2039fields'
20240510@080252.7223 92dsg764aq0np6j37upje71f1g Query : select fieldkey,fieldname,fieldtype,mandatory from wsfi2039fields
20240510@080252.7228 92dsg764aq0np6j37upje71f1g Query : select top 1 convert(numeric(6,2),t.taxa) valor from taxasiva t where t.codigo='2'
20240510@080252.7239 92dsg764aq0np6j37upje71f1g Query : select 1 valor from information_schema.tables where table_type='base table' and table_name='wsfi039fields'
20240510@080252.7253 92dsg764aq0np6j37upje71f1g Query : select fieldkey,fieldname,fieldtype,calcformula from wsfi039fields
20240510@080252.7284 92dsg764aq0np6j37upje71f1g Query : insert into wsfi039data (fistamp,ousrdata, ousrhora, usrdata,usrhora,ousrinis,usrinis ,qtt ,ftstamp ,epv,pvmoeda ,tabiva,iva,lordem ,ref, design ,armazem) values ('aut663dc76324663dc69cb0',getdate(),convert(char(8),convert (time,getdate())),getdate(),convert(char(8),convert (time,getdate())),'wsv','wsv',0 ,'aut663dc36827663dc69c4b' ,0,0 ,2,23.00,80000,?,?,?)
20240510@080252.7503 92dsg764aq0np6j37upje71f1g Query : select 1 valor from information_schema.tables where table_type='base table' and table_name='wsfi2039fields'
20240510@080252.7519 92dsg764aq0np6j37upje71f1g Query : select fieldkey,fieldname,fieldtype,calcformula from wsfi2039fields
20240510@080252.7525 92dsg764aq0np6j37upje71f1g Query : insert into wsfi2039data (fi2stamp,ftstamp ,ousrdata, ousrhora, usrdata,usrhora,ousrinis,usrinis) values ('aut663dc76324663dc69cb0','aut663dc36827663dc69c4b' ,getdate(),convert(char(8),convert (time,getdate())),getdate(),convert(char(8),convert (time,getdate())),'wsv','wsv')
20240510@080252.7529 92dsg764aq0np6j37upje71f1g Query : use flama_phc
20240510@080252.7533 92dsg764aq0np6j37upje71f1g Query : select st.usalote valor from st where st.ref = '324.682.00.01'
20240510@080252.7545 92dsg764aq0np6j37upje71f1g Query : select top 1 st.tabiva ,st.ivaincl ,st.stns ,st.uni2 ,st.familia ,isnull(tx.taxa, 0) txiva ,unidade ,usalote ,epcpond ,noserie from st left join taxasiva tx on st.tabiva = tx.codigo where st.ref = '324.682.00.01'
20240510@080252.7557 92dsg764aq0np6j37upje71f1g Query : select 1 valor from information_schema.tables where table_type='base table' and table_name='wsfi039fields'
20240510@080252.7571 92dsg764aq0np6j37upje71f1g Query : select fieldkey,fieldname,fieldtype,mandatory from wsfi039fields
20240510@080252.7599 92dsg764aq0np6j37upje71f1g Query : select 1 valor from information_schema.tables where table_type='base table' and table_name='wsfi2039fields'
20240510@080252.7613 92dsg764aq0np6j37upje71f1g Query : select fieldkey,fieldname,fieldtype,mandatory from wsfi2039fields
20240510@080252.7619 92dsg764aq0np6j37upje71f1g Query : select sestamp valor from se where ref ='324.682.00.01' and lote = 'r2301244100a'
20240510@080252.7630 92dsg764aq0np6j37upje71f1g Query : select top 1 convert(numeric(6,2),t.taxa) valor from taxasiva t where t.codigo='2'
20240510@080252.7642 92dsg764aq0np6j37upje71f1g Query : select 1 valor from information_schema.tables where table_type='base table' and table_name='wsfi039fields'
20240510@080252.7656 92dsg764aq0np6j37upje71f1g Query : select fieldkey,fieldname,fieldtype,calcformula from wsfi039fields
20240510@080252.7680 92dsg764aq0np6j37upje71f1g Query : insert into wsfi039data (fistamp,ousrdata, ousrhora, usrdata,usrhora,ousrinis,usrinis ,qtt ,ftstamp ,epv,pvmoeda ,tabiva,iva,lordem ,ref, design ,lote,armazem,bistamp ) values ('aut663dc41172663dc69cba',getdate(),convert(char(8),convert (time,getdate())),getdate(),convert(char(8),convert (time,getdate())),'wsv','wsv',24.000 ,'aut663dc36827663dc69c4b' ,0,0 ,2,23.00,100000,?,?,?,?,?)
20240510@080252.7910 92dsg764aq0np6j37upje71f1g Query : select 1 valor from information_schema.tables where table_type='base table' and table_name='wsfi2039fields'
20240510@080252.7927 92dsg764aq0np6j37upje71f1g Query : select fieldkey,fieldname,fieldtype,calcformula from wsfi2039fields
20240510@080252.7933 92dsg764aq0np6j37upje71f1g Query : insert into wsfi2039data (fi2stamp,ftstamp ,ousrdata, ousrhora, usrdata,usrhora,ousrinis,usrinis) values ('aut663dc41172663dc69cba','aut663dc36827663dc69c4b' ,getdate(),convert(char(8),convert (time,getdate())),getdate(),convert(char(8),convert (time,getdate())),'wsv','wsv')
20240510@080252.7939 92dsg764aq0np6j37upje71f1g Query : select 1 valor from information_schema.tables where table_type='base table' and table_name='wsfi039fields'
20240510@080252.7952 92dsg764aq0np6j37upje71f1g Query : select fieldkey,fieldname,fieldtype,mandatory from wsfi039fields
20240510@080252.7977 92dsg764aq0np6j37upje71f1g Query : select 1 valor from information_schema.tables where table_type='base table' and table_name='wsfi2039fields'
20240510@080252.7990 92dsg764aq0np6j37upje71f1g Query : select fieldkey,fieldname,fieldtype,mandatory from wsfi2039fields
20240510@080252.7995 92dsg764aq0np6j37upje71f1g Query : select top 1 convert(numeric(6,2),t.taxa) valor from taxasiva t where t.codigo='2'
20240510@080252.8006 92dsg764aq0np6j37upje71f1g Query : select 1 valor from information_schema.tables where table_type='base table' and table_name='wsfi039fields'
20240510@080252.8018 92dsg764aq0np6j37upje71f1g Query : select fieldkey,fieldname,fieldtype,calcformula from wsfi039fields
20240510@080252.8042 92dsg764aq0np6j37upje71f1g Query : insert into wsfi039data (fistamp,ousrdata, ousrhora, usrdata,usrhora,ousrinis,usrinis ,qtt ,ftstamp ,epv,pvmoeda ,tabiva,iva,lordem ,ref, design ,armazem) values ('aut663dc76251663dc69cc3',getdate(),convert(char(8),convert (time,getdate())),getdate(),convert(char(8),convert (time,getdate())),'wsv','wsv',0 ,'aut663dc36827663dc69c4b' ,0,0 ,2,23.00,110000,?,?,?)
20240510@080252.8263 92dsg764aq0np6j37upje71f1g Query : select 1 valor from information_schema.tables where table_type='base table' and table_name='wsfi2039fields'
20240510@080252.8278 92dsg764aq0np6j37upje71f1g Query : select fieldkey,fieldname,fieldtype,calcformula from wsfi2039fields
20240510@080252.8283 92dsg764aq0np6j37upje71f1g Query : insert into wsfi2039data (fi2stamp,ftstamp ,ousrdata, ousrhora, usrdata,usrhora,ousrinis,usrinis) values ('aut663dc76251663dc69cc3','aut663dc36827663dc69c4b' ,getdate(),convert(char(8),convert (time,getdate())),getdate(),convert(char(8),convert (time,getdate())),'wsv','wsv')
20240510@080252.8289 92dsg764aq0np6j37upje71f1g Query : use flama_phc
20240510@080252.8293 92dsg764aq0np6j37upje71f1g Query : select st.usalote valor from st where st.ref = '324.682.00.01'
20240510@080252.8305 92dsg764aq0np6j37upje71f1g Query : select top 1 st.tabiva ,st.ivaincl ,st.stns ,st.uni2 ,st.familia ,isnull(tx.taxa, 0) txiva ,unidade ,usalote ,epcpond ,noserie from st left join taxasiva tx on st.tabiva = tx.codigo where st.ref = '324.682.00.01'
20240510@080252.8317 92dsg764aq0np6j37upje71f1g Query : select 1 valor from information_schema.tables where table_type='base table' and table_name='wsfi039fields'
20240510@080252.8330 92dsg764aq0np6j37upje71f1g Query : select fieldkey,fieldname,fieldtype,mandatory from wsfi039fields
20240510@080252.8354 92dsg764aq0np6j37upje71f1g Query : select 1 valor from information_schema.tables where table_type='base table' and table_name='wsfi2039fields'
20240510@080252.8366 92dsg764aq0np6j37upje71f1g Query : select fieldkey,fieldname,fieldtype,mandatory from wsfi2039fields
20240510@080252.8371 92dsg764aq0np6j37upje71f1g Query : select sestamp valor from se where ref ='324.682.00.01' and lote = 'r2301244100a'
20240510@080252.8382 92dsg764aq0np6j37upje71f1g Query : select top 1 convert(numeric(6,2),t.taxa) valor from taxasiva t where t.codigo='2'
20240510@080252.8392 92dsg764aq0np6j37upje71f1g Query : select 1 valor from information_schema.tables where table_type='base table' and table_name='wsfi039fields'
20240510@080252.8406 92dsg764aq0np6j37upje71f1g Query : select fieldkey,fieldname,fieldtype,calcformula from wsfi039fields
20240510@080252.8430 92dsg764aq0np6j37upje71f1g Query : insert into wsfi039data (fistamp,ousrdata, ousrhora, usrdata,usrhora,ousrinis,usrinis ,qtt ,ftstamp ,epv,pvmoeda ,tabiva,iva,lordem ,ref, design ,lote,armazem,bistamp ) values ('aut663dc33084663dc69ccc',getdate(),convert(char(8),convert (time,getdate())),getdate(),convert(char(8),convert (time,getdate())),'wsv','wsv',24.000 ,'aut663dc36827663dc69c4b' ,0,0 ,2,23.00,130000,?,?,?,?,?)
20240510@080252.8647 92dsg764aq0np6j37upje71f1g Query : select 1 valor from information_schema.tables where table_type='base table' and table_name='wsfi2039fields'
20240510@080252.8663 92dsg764aq0np6j37upje71f1g Query : select fieldkey,fieldname,fieldtype,calcformula from wsfi2039fields
20240510@080252.8667 92dsg764aq0np6j37upje71f1g Query : insert into wsfi2039data (fi2stamp,ftstamp ,ousrdata, ousrhora, usrdata,usrhora,ousrinis,usrinis) values ('aut663dc33084663dc69ccc','aut663dc36827663dc69c4b' ,getdate(),convert(char(8),convert (time,getdate())),getdate(),convert(char(8),convert (time,getdate())),'wsv','wsv')
20240510@080252.8673 92dsg764aq0np6j37upje71f1g Query : select 1 valor from information_schema.tables where table_type='base table' and table_name='wsfi039fields'
20240510@080252.8687 92dsg764aq0np6j37upje71f1g Query : select fieldkey,fieldname,fieldtype,mandatory from wsfi039fields
20240510@080252.8711 92dsg764aq0np6j37upje71f1g Query : select 1 valor from information_schema.tables where table_type='base table' and table_name='wsfi2039fields'
20240510@080252.8723 92dsg764aq0np6j37upje71f1g Query : select fieldkey,fieldname,fieldtype,mandatory from wsfi2039fields
20240510@080252.8728 92dsg764aq0np6j37upje71f1g Query : select top 1 convert(numeric(6,2),t.taxa) valor from taxasiva t where t.codigo='2'
20240510@080252.8739 92dsg764aq0np6j37upje71f1g Query : select 1 valor from information_schema.tables where table_type='base table' and table_name='wsfi039fields'
20240510@080252.8751 92dsg764aq0np6j37upje71f1g Query : select fieldkey,fieldname,fieldtype,calcformula from wsfi039fields
20240510@080252.8777 92dsg764aq0np6j37upje71f1g Query : insert into wsfi039data (fistamp,ousrdata, ousrhora, usrdata,usrhora,ousrinis,usrinis ,qtt ,ftstamp ,epv,pvmoeda ,tabiva,iva,lordem ,ref, design ,armazem) values ('aut663dc54366663dc69cd5',getdate(),convert(char(8),convert (time,getdate())),getdate(),convert(char(8),convert (time,getdate())),'wsv','wsv',0 ,'aut663dc36827663dc69c4b' ,0,0 ,2,23.00,140000,?,?,?)
20240510@080252.8994 92dsg764aq0np6j37upje71f1g Query : select 1 valor from information_schema.tables where table_type='base table' and table_name='wsfi2039fields'
20240510@080252.9011 92dsg764aq0np6j37upje71f1g Query : select fieldkey,fieldname,fieldtype,calcformula from wsfi2039fields
20240510@080252.9015 92dsg764aq0np6j37upje71f1g Query : insert into wsfi2039data (fi2stamp,ftstamp ,ousrdata, ousrhora, usrdata,usrhora,ousrinis,usrinis) values ('aut663dc54366663dc69cd5','aut663dc36827663dc69c4b' ,getdate(),convert(char(8),convert (time,getdate())),getdate(),convert(char(8),convert (time,getdate())),'wsv','wsv')
20240510@080252.9020 92dsg764aq0np6j37upje71f1g Query : use flama_phc
20240510@080252.9023 92dsg764aq0np6j37upje71f1g Query : select st.usalote valor from st where st.ref = '324.682.00.01'
20240510@080252.9033 92dsg764aq0np6j37upje71f1g Query : select top 1 st.tabiva ,st.ivaincl ,st.stns ,st.uni2 ,st.familia ,isnull(tx.taxa, 0) txiva ,unidade ,usalote ,epcpond ,noserie from st left join taxasiva tx on st.tabiva = tx.codigo where st.ref = '324.682.00.01'
20240510@080252.9044 92dsg764aq0np6j37upje71f1g Query : select 1 valor from information_schema.tables where table_type='base table' and table_name='wsfi039fields'
20240510@080252.9057 92dsg764aq0np6j37upje71f1g Query : select fieldkey,fieldname,fieldtype,mandatory from wsfi039fields
20240510@080252.9081 92dsg764aq0np6j37upje71f1g Query : select 1 valor from information_schema.tables where table_type='base table' and table_name='wsfi2039fields'
20240510@080252.9093 92dsg764aq0np6j37upje71f1g Query : select fieldkey,fieldname,fieldtype,mandatory from wsfi2039fields
20240510@080252.9097 92dsg764aq0np6j37upje71f1g Query : select sestamp valor from se where ref ='324.682.00.01' and lote = 'r2301244100a'
20240510@080252.9106 92dsg764aq0np6j37upje71f1g Query : select top 1 convert(numeric(6,2),t.taxa) valor from taxasiva t where t.codigo='2'
20240510@080252.9116 92dsg764aq0np6j37upje71f1g Query : select 1 valor from information_schema.tables where table_type='base table' and table_name='wsfi039fields'
20240510@080252.9127 92dsg764aq0np6j37upje71f1g Query : select fieldkey,fieldname,fieldtype,calcformula from wsfi039fields
20240510@080252.9151 92dsg764aq0np6j37upje71f1g Query : insert into wsfi039data (fistamp,ousrdata, ousrhora, usrdata,usrhora,ousrinis,usrinis ,qtt ,ftstamp ,epv,pvmoeda ,tabiva,iva,lordem ,ref, design ,lote,armazem,bistamp ) values ('aut663dc75067663dc69cde',getdate(),convert(char(8),convert (time,getdate())),getdate(),convert(char(8),convert (time,getdate())),'wsv','wsv',24.000 ,'aut663dc36827663dc69c4b' ,0,0 ,2,23.00,160000,?,?,?,?,?)
20240510@080252.9371 92dsg764aq0np6j37upje71f1g Query : select 1 valor from information_schema.tables where table_type='base table' and table_name='wsfi2039fields'
20240510@080252.9386 92dsg764aq0np6j37upje71f1g Query : select fieldkey,fieldname,fieldtype,calcformula from wsfi2039fields
20240510@080252.9390 92dsg764aq0np6j37upje71f1g Query : insert into wsfi2039data (fi2stamp,ftstamp ,ousrdata, ousrhora, usrdata,usrhora,ousrinis,usrinis) values ('aut663dc75067663dc69cde','aut663dc36827663dc69c4b' ,getdate(),convert(char(8),convert (time,getdate())),getdate(),convert(char(8),convert (time,getdate())),'wsv','wsv')
20240510@080252.9395 92dsg764aq0np6j37upje71f1g Query : select 1 valor from information_schema.tables where table_type='base table' and table_name='wsfi039fields'
20240510@080252.9408 92dsg764aq0np6j37upje71f1g Query : select fieldkey,fieldname,fieldtype,mandatory from wsfi039fields
20240510@080252.9430 92dsg764aq0np6j37upje71f1g Query : select 1 valor from information_schema.tables where table_type='base table' and table_name='wsfi2039fields'
20240510@080252.9442 92dsg764aq0np6j37upje71f1g Query : select fieldkey,fieldname,fieldtype,mandatory from wsfi2039fields
20240510@080252.9446 92dsg764aq0np6j37upje71f1g Query : select top 1 convert(numeric(6,2),t.taxa) valor from taxasiva t where t.codigo='2'
20240510@080252.9456 92dsg764aq0np6j37upje71f1g Query : select 1 valor from information_schema.tables where table_type='base table' and table_name='wsfi039fields'
20240510@080252.9467 92dsg764aq0np6j37upje71f1g Query : select fieldkey,fieldname,fieldtype,calcformula from wsfi039fields
20240510@080252.9492 92dsg764aq0np6j37upje71f1g Query : insert into wsfi039data (fistamp,ousrdata, ousrhora, usrdata,usrhora,ousrinis,usrinis ,qtt ,ftstamp ,epv,pvmoeda ,tabiva,iva,lordem ,ref, design ,armazem) values ('aut663dc71480663dc69ce6',getdate(),convert(char(8),convert (time,getdate())),getdate(),convert(char(8),convert (time,getdate())),'wsv','wsv',0 ,'aut663dc36827663dc69c4b' ,0,0 ,2,23.00,170000,?,?,?)
20240510@080252.9723 92dsg764aq0np6j37upje71f1g Query : select 1 valor from information_schema.tables where table_type='base table' and table_name='wsfi2039fields'
20240510@080252.9740 92dsg764aq0np6j37upje71f1g Query : select fieldkey,fieldname,fieldtype,calcformula from wsfi2039fields
20240510@080252.9744 92dsg764aq0np6j37upje71f1g Query : insert into wsfi2039data (fi2stamp,ftstamp ,ousrdata, ousrhora, usrdata,usrhora,ousrinis,usrinis) values ('aut663dc71480663dc69ce6','aut663dc36827663dc69c4b' ,getdate(),convert(char(8),convert (time,getdate())),getdate(),convert(char(8),convert (time,getdate())),'wsv','wsv')
20240510@080252.9749 92dsg764aq0np6j37upje71f1g Query : use flama_phc
20240510@080252.9753 92dsg764aq0np6j37upje71f1g Query : select st.usalote valor from st where st.ref = '324.682.00.01'
20240510@080252.9764 92dsg764aq0np6j37upje71f1g Query : select top 1 st.tabiva ,st.ivaincl ,st.stns ,st.uni2 ,st.familia ,isnull(tx.taxa, 0) txiva ,unidade ,usalote ,epcpond ,noserie from st left join taxasiva tx on st.tabiva = tx.codigo where st.ref = '324.682.00.01'
20240510@080252.9776 92dsg764aq0np6j37upje71f1g Query : select 1 valor from information_schema.tables where table_type='base table' and table_name='wsfi039fields'
20240510@080252.9790 92dsg764aq0np6j37upje71f1g Query : select fieldkey,fieldname,fieldtype,mandatory from wsfi039fields
20240510@080252.9814 92dsg764aq0np6j37upje71f1g Query : select 1 valor from information_schema.tables where table_type='base table' and table_name='wsfi2039fields'
20240510@080252.9827 92dsg764aq0np6j37upje71f1g Query : select fieldkey,fieldname,fieldtype,mandatory from wsfi2039fields
20240510@080252.9831 92dsg764aq0np6j37upje71f1g Query : select sestamp valor from se where ref ='324.682.00.01' and lote = 'r2301244100a'
20240510@080252.9843 92dsg764aq0np6j37upje71f1g Query : select top 1 convert(numeric(6,2),t.taxa) valor from taxasiva t where t.codigo='2'
20240510@080252.9854 92dsg764aq0np6j37upje71f1g Query : select 1 valor from information_schema.tables where table_type='base table' and table_name='wsfi039fields'
20240510@080252.9868 92dsg764aq0np6j37upje71f1g Query : select fieldkey,fieldname,fieldtype,calcformula from wsfi039fields
20240510@080252.9896 92dsg764aq0np6j37upje71f1g Query : insert into wsfi039data (fistamp,ousrdata, ousrhora, usrdata,usrhora,ousrinis,usrinis ,qtt ,ftstamp ,epv,pvmoeda ,tabiva,iva,lordem ,ref, design ,lote,armazem,bistamp ) values ('aut663dc01693663dc69cf0',getdate(),convert(char(8),convert (time,getdate())),getdate(),convert(char(8),convert (time,getdate())),'wsv','wsv',24.000 ,'aut663dc36827663dc69c4b' ,0,0 ,2,23.00,190000,?,?,?,?,?)
20240510@080253.1170 92dsg764aq0np6j37upje71f1g Query : select 1 valor from information_schema.tables where table_type='base table' and table_name='wsfi2039fields'
20240510@080253.1330 92dsg764aq0np6j37upje71f1g Query : select fieldkey,fieldname,fieldtype,calcformula from wsfi2039fields
20240510@080253.1380 92dsg764aq0np6j37upje71f1g Query : insert into wsfi2039data (fi2stamp,ftstamp ,ousrdata, ousrhora, usrdata,usrhora,ousrinis,usrinis) values ('aut663dc01693663dc69cf0','aut663dc36827663dc69c4b' ,getdate(),convert(char(8),convert (time,getdate())),getdate(),convert(char(8),convert (time,getdate())),'wsv','wsv')
20240510@080253.1440 92dsg764aq0np6j37upje71f1g Query : select 1 valor from information_schema.tables where table_type='base table' and table_name='wsfi039fields'
20240510@080253.1570 92dsg764aq0np6j37upje71f1g Query : select fieldkey,fieldname,fieldtype,mandatory from wsfi039fields
20240510@080253.1870 92dsg764aq0np6j37upje71f1g Query : select 1 valor from information_schema.tables where table_type='base table' and table_name='wsfi2039fields'
20240510@080253.2010 92dsg764aq0np6j37upje71f1g Query : select fieldkey,fieldname,fieldtype,mandatory from wsfi2039fields
20240510@080253.2060 92dsg764aq0np6j37upje71f1g Query : select top 1 convert(numeric(6,2),t.taxa) valor from taxasiva t where t.codigo='2'
20240510@080253.2160 92dsg764aq0np6j37upje71f1g Query : select 1 valor from information_schema.tables where table_type='base table' and table_name='wsfi039fields'
20240510@080253.2280 92dsg764aq0np6j37upje71f1g Query : select fieldkey,fieldname,fieldtype,calcformula from wsfi039fields
20240510@080253.2540 92dsg764aq0np6j37upje71f1g Query : insert into wsfi039data (fistamp,ousrdata, ousrhora, usrdata,usrhora,ousrinis,usrinis ,qtt ,ftstamp ,epv,pvmoeda ,tabiva,iva,lordem ,ref, design ,armazem) values ('aut663dc97540663dc69d05',getdate(),convert(char(8),convert (time,getdate())),getdate(),convert(char(8),convert (time,getdate())),'wsv','wsv',0 ,'aut663dc36827663dc69c4b' ,0,0 ,2,23.00,200000,?,?,?)
20240510@080253.5420 92dsg764aq0np6j37upje71f1g Query : select 1 valor from information_schema.tables where table_type='base table' and table_name='wsfi2039fields'
20240510@080253.5570 92dsg764aq0np6j37upje71f1g Query : select fieldkey,fieldname,fieldtype,calcformula from wsfi2039fields
20240510@080253.5680 92dsg764aq0np6j37upje71f1g Query : insert into wsfi2039data (fi2stamp,ftstamp ,ousrdata, ousrhora, usrdata,usrhora,ousrinis,usrinis) values ('aut663dc97540663dc69d05','aut663dc36827663dc69c4b' ,getdate(),convert(char(8),convert (time,getdate())),getdate(),convert(char(8),convert (time,getdate())),'wsv','wsv')
20240510@080253.5790 92dsg764aq0np6j37upje71f1g Query : use flama_phc
20240510@080253.5820 92dsg764aq0np6j37upje71f1g Query : select st.usalote valor from st where st.ref = '324.682.00.01'
20240510@080253.5940 92dsg764aq0np6j37upje71f1g Query : select top 1 st.tabiva ,st.ivaincl ,st.stns ,st.uni2 ,st.familia ,isnull(tx.taxa, 0) txiva ,unidade ,usalote ,epcpond ,noserie from st left join taxasiva tx on st.tabiva = tx.codigo where st.ref = '324.682.00.01'
20240510@080253.6040 92dsg764aq0np6j37upje71f1g Query : select 1 valor from information_schema.tables where table_type='base table' and table_name='wsfi039fields'
20240510@080253.6170 92dsg764aq0np6j37upje71f1g Query : select fieldkey,fieldname,fieldtype,mandatory from wsfi039fields
20240510@080253.6410 92dsg764aq0np6j37upje71f1g Query : select 1 valor from information_schema.tables where table_type='base table' and table_name='wsfi2039fields'
20240510@080253.6530 92dsg764aq0np6j37upje71f1g Query : select fieldkey,fieldname,fieldtype,mandatory from wsfi2039fields
20240510@080253.6570 92dsg764aq0np6j37upje71f1g Query : select sestamp valor from se where ref ='324.682.00.01' and lote = 'r2301244100a'
20240510@080253.6670 92dsg764aq0np6j37upje71f1g Query : select top 1 convert(numeric(6,2),t.taxa) valor from taxasiva t where t.codigo='2'
20240510@080253.6770 92dsg764aq0np6j37upje71f1g Query : select 1 valor from information_schema.tables where table_type='base table' and table_name='wsfi039fields'
20240510@080253.7010 92dsg764aq0np6j37upje71f1g Query : select fieldkey,fieldname,fieldtype,calcformula from wsfi039fields
20240510@080253.7240 92dsg764aq0np6j37upje71f1g Query : insert into wsfi039data (fistamp,ousrdata, ousrhora, usrdata,usrhora,ousrinis,usrinis ,qtt ,ftstamp ,epv,pvmoeda ,tabiva,iva,lordem ,ref, design ,lote,armazem,bistamp ) values ('aut663dc38623663dc69d10',getdate(),convert(char(8),convert (time,getdate())),getdate(),convert(char(8),convert (time,getdate())),'wsv','wsv',24.000 ,'aut663dc36827663dc69c4b' ,0,0 ,2,23.00,220000,?,?,?,?,?)
20240510@080253.9920 92dsg764aq0np6j37upje71f1g Query : select 1 valor from information_schema.tables where table_type='base table' and table_name='wsfi2039fields'
20240510@080253.1007 92dsg764aq0np6j37upje71f1g Query : select fieldkey,fieldname,fieldtype,calcformula from wsfi2039fields
20240510@080253.1011 92dsg764aq0np6j37upje71f1g Query : insert into wsfi2039data (fi2stamp,ftstamp ,ousrdata, ousrhora, usrdata,usrhora,ousrinis,usrinis) values ('aut663dc38623663dc69d10','aut663dc36827663dc69c4b' ,getdate(),convert(char(8),convert (time,getdate())),getdate(),convert(char(8),convert (time,getdate())),'wsv','wsv')
20240510@080253.1017 92dsg764aq0np6j37upje71f1g Query : select 1 valor from information_schema.tables where table_type='base table' and table_name='wsfi039fields'
20240510@080253.1031 92dsg764aq0np6j37upje71f1g Query : select fieldkey,fieldname,fieldtype,mandatory from wsfi039fields
20240510@080253.1057 92dsg764aq0np6j37upje71f1g Query : select 1 valor from information_schema.tables where table_type='base table' and table_name='wsfi2039fields'
20240510@080253.1068 92dsg764aq0np6j37upje71f1g Query : select fieldkey,fieldname,fieldtype,mandatory from wsfi2039fields
20240510@080253.1073 92dsg764aq0np6j37upje71f1g Query : select top 1 convert(numeric(6,2),t.taxa) valor from taxasiva t where t.codigo='2'
20240510@080253.1084 92dsg764aq0np6j37upje71f1g Query : select 1 valor from information_schema.tables where table_type='base table' and table_name='wsfi039fields'
20240510@080253.1095 92dsg764aq0np6j37upje71f1g Query : select fieldkey,fieldname,fieldtype,calcformula from wsfi039fields
20240510@080253.1118 92dsg764aq0np6j37upje71f1g Query : insert into wsfi039data (fistamp,ousrdata, ousrhora, usrdata,usrhora,ousrinis,usrinis ,qtt ,ftstamp ,epv,pvmoeda ,tabiva,iva,lordem ,ref, design ,armazem) values ('aut663dc16922663dc69d1a',getdate(),convert(char(8),convert (time,getdate())),getdate(),convert(char(8),convert (time,getdate())),'wsv','wsv',0 ,'aut663dc36827663dc69c4b' ,0,0 ,2,23.00,230000,?,?,?)
20240510@080253.1340 92dsg764aq0np6j37upje71f1g Query : select 1 valor from information_schema.tables where table_type='base table' and table_name='wsfi2039fields'
20240510@080253.1355 92dsg764aq0np6j37upje71f1g Query : select fieldkey,fieldname,fieldtype,calcformula from wsfi2039fields
20240510@080253.1359 92dsg764aq0np6j37upje71f1g Query : insert into wsfi2039data (fi2stamp,ftstamp ,ousrdata, ousrhora, usrdata,usrhora,ousrinis,usrinis) values ('aut663dc16922663dc69d1a','aut663dc36827663dc69c4b' ,getdate(),convert(char(8),convert (time,getdate())),getdate(),convert(char(8),convert (time,getdate())),'wsv','wsv')
20240510@080253.1364 92dsg764aq0np6j37upje71f1g Query : use flama_phc
20240510@080253.1367 92dsg764aq0np6j37upje71f1g Query : select st.usalote valor from st where st.ref = '324.682.00.01'
20240510@080253.1378 92dsg764aq0np6j37upje71f1g Query : select top 1 st.tabiva ,st.ivaincl ,st.stns ,st.uni2 ,st.familia ,isnull(tx.taxa, 0) txiva ,unidade ,usalote ,epcpond ,noserie from st left join taxasiva tx on st.tabiva = tx.codigo where st.ref = '324.682.00.01'
20240510@080253.1390 92dsg764aq0np6j37upje71f1g Query : select 1 valor from information_schema.tables where table_type='base table' and table_name='wsfi039fields'
20240510@080253.1403 92dsg764aq0np6j37upje71f1g Query : select fieldkey,fieldname,fieldtype,mandatory from wsfi039fields
20240510@080253.1426 92dsg764aq0np6j37upje71f1g Query : select 1 valor from information_schema.tables where table_type='base table' and table_name='wsfi2039fields'
20240510@080253.1439 92dsg764aq0np6j37upje71f1g Query : select fieldkey,fieldname,fieldtype,mandatory from wsfi2039fields
20240510@080253.1444 92dsg764aq0np6j37upje71f1g Query : select sestamp valor from se where ref ='324.682.00.01' and lote = 'r2301244100a'
20240510@080253.1454 92dsg764aq0np6j37upje71f1g Query : select top 1 convert(numeric(6,2),t.taxa) valor from taxasiva t where t.codigo='2'
20240510@080253.1464 92dsg764aq0np6j37upje71f1g Query : select 1 valor from information_schema.tables where table_type='base table' and table_name='wsfi039fields'
20240510@080253.1476 92dsg764aq0np6j37upje71f1g Query : select fieldkey,fieldname,fieldtype,calcformula from wsfi039fields
20240510@080253.1514 92dsg764aq0np6j37upje71f1g Query : insert into wsfi039data (fistamp,ousrdata, ousrhora, usrdata,usrhora,ousrinis,usrinis ,qtt ,ftstamp ,epv,pvmoeda ,tabiva,iva,lordem ,ref, design ,lote,armazem,bistamp ) values ('aut663dc95887663dc69d23',getdate(),convert(char(8),convert (time,getdate())),getdate(),convert(char(8),convert (time,getdate())),'wsv','wsv',24.000 ,'aut663dc36827663dc69c4b' ,0,0 ,2,23.00,250000,?,?,?,?,?)
20240510@080253.1869 92dsg764aq0np6j37upje71f1g Query : select 1 valor from information_schema.tables where table_type='base table' and table_name='wsfi2039fields'
20240510@080253.1892 92dsg764aq0np6j37upje71f1g Query : select fieldkey,fieldname,fieldtype,calcformula from wsfi2039fields
20240510@080253.1897 92dsg764aq0np6j37upje71f1g Query : insert into wsfi2039data (fi2stamp,ftstamp ,ousrdata, ousrhora, usrdata,usrhora,ousrinis,usrinis) values ('aut663dc95887663dc69d23','aut663dc36827663dc69c4b' ,getdate(),convert(char(8),convert (time,getdate())),getdate(),convert(char(8),convert (time,getdate())),'wsv','wsv')
20240510@080253.1902 92dsg764aq0np6j37upje71f1g Query : select 1 valor from information_schema.tables where table_type='base table' and table_name='wsfi039fields'
20240510@080253.1915 92dsg764aq0np6j37upje71f1g Query : select fieldkey,fieldname,fieldtype,mandatory from wsfi039fields
20240510@080253.2247 92dsg764aq0np6j37upje71f1g Query : select 1 valor from information_schema.tables where table_type='base table' and table_name='wsfi2039fields'
20240510@080253.2274 92dsg764aq0np6j37upje71f1g Query : select fieldkey,fieldname,fieldtype,mandatory from wsfi2039fields
20240510@080253.2279 92dsg764aq0np6j37upje71f1g Query : select top 1 convert(numeric(6,2),t.taxa) valor from taxasiva t where t.codigo='2'
20240510@080253.2288 92dsg764aq0np6j37upje71f1g Query : select 1 valor from information_schema.tables where table_type='base table' and table_name='wsfi039fields'
20240510@080253.2300 92dsg764aq0np6j37upje71f1g Query : select fieldkey,fieldname,fieldtype,calcformula from wsfi039fields
20240510@080253.2338 92dsg764aq0np6j37upje71f1g Query : insert into wsfi039data (fistamp,ousrdata, ousrhora, usrdata,usrhora,ousrinis,usrinis ,qtt ,ftstamp ,epv,pvmoeda ,tabiva,iva,lordem ,ref, design ,armazem) values ('aut663dc04108663dc69d37',getdate(),convert(char(8),convert (time,getdate())),getdate(),convert(char(8),convert (time,getdate())),'wsv','wsv',0 ,'aut663dc36827663dc69c4b' ,0,0 ,2,23.00,260000,?,?,?)
20240510@080253.2571 92dsg764aq0np6j37upje71f1g Query : select 1 valor from information_schema.tables where table_type='base table' and table_name='wsfi2039fields'
20240510@080253.2586 92dsg764aq0np6j37upje71f1g Query : select fieldkey,fieldname,fieldtype,calcformula from wsfi2039fields
20240510@080253.2590 92dsg764aq0np6j37upje71f1g Query : insert into wsfi2039data (fi2stamp,ftstamp ,ousrdata, ousrhora, usrdata,usrhora,ousrinis,usrinis) values ('aut663dc04108663dc69d37','aut663dc36827663dc69c4b' ,getdate(),convert(char(8),convert (time,getdate())),getdate(),convert(char(8),convert (time,getdate())),'wsv','wsv')
20240510@080253.2594 92dsg764aq0np6j37upje71f1g Query : use flama_phc
20240510@080253.2597 92dsg764aq0np6j37upje71f1g Query : select st.usalote valor from st where st.ref = '324.682.00.01'
20240510@080253.2607 92dsg764aq0np6j37upje71f1g Query : select top 1 st.tabiva ,st.ivaincl ,st.stns ,st.uni2 ,st.familia ,isnull(tx.taxa, 0) txiva ,unidade ,usalote ,epcpond ,noserie from st left join taxasiva tx on st.tabiva = tx.codigo where st.ref = '324.682.00.01'
20240510@080253.2626 92dsg764aq0np6j37upje71f1g Query : select 1 valor from information_schema.tables where table_type='base table' and table_name='wsfi039fields'
20240510@080253.2638 92dsg764aq0np6j37upje71f1g Query : select fieldkey,fieldname,fieldtype,mandatory from wsfi039fields
20240510@080253.2659 92dsg764aq0np6j37upje71f1g Query : select 1 valor from information_schema.tables where table_type='base table' and table_name='wsfi2039fields'
20240510@080253.2697 92dsg764aq0np6j37upje71f1g Query : select fieldkey,fieldname,fieldtype,mandatory from wsfi2039fields
20240510@080253.2701 92dsg764aq0np6j37upje71f1g Query : select sestamp valor from se where ref ='324.682.00.01' and lote = 'r2301181200a'
20240510@080253.2711 92dsg764aq0np6j37upje71f1g Query : select top 1 convert(numeric(6,2),t.taxa) valor from taxasiva t where t.codigo='2'
20240510@080253.2720 92dsg764aq0np6j37upje71f1g Query : select 1 valor from information_schema.tables where table_type='base table' and table_name='wsfi039fields'
20240510@080253.2743 92dsg764aq0np6j37upje71f1g Query : select fieldkey,fieldname,fieldtype,calcformula from wsfi039fields
20240510@080253.2767 92dsg764aq0np6j37upje71f1g Query : insert into wsfi039data (fistamp,ousrdata, ousrhora, usrdata,usrhora,ousrinis,usrinis ,qtt ,ftstamp ,epv,pvmoeda ,tabiva,iva,lordem ,ref, design ,lote,armazem,bistamp ) values ('aut663dc96382663dc69d42',getdate(),convert(char(8),convert (time,getdate())),getdate(),convert(char(8),convert (time,getdate())),'wsv','wsv',19.000 ,'aut663dc36827663dc69c4b' ,0,0 ,2,23.00,280000,?,?,?,?,?)
20240510@080253.3000 92dsg764aq0np6j37upje71f1g Query : select 1 valor from information_schema.tables where table_type='base table' and table_name='wsfi2039fields'
20240510@080253.3015 92dsg764aq0np6j37upje71f1g Query : select fieldkey,fieldname,fieldtype,calcformula from wsfi2039fields
20240510@080253.3019 92dsg764aq0np6j37upje71f1g Query : insert into wsfi2039data (fi2stamp,ftstamp ,ousrdata, ousrhora, usrdata,usrhora,ousrinis,usrinis) values ('aut663dc96382663dc69d42','aut663dc36827663dc69c4b' ,getdate(),convert(char(8),convert (time,getdate())),getdate(),convert(char(8),convert (time,getdate())),'wsv','wsv')
20240510@080253.3024 92dsg764aq0np6j37upje71f1g Query : select 1 valor from information_schema.tables where table_type='base table' and table_name='wsfi039fields'
20240510@080253.3038 92dsg764aq0np6j37upje71f1g Query : select fieldkey,fieldname,fieldtype,mandatory from wsfi039fields
20240510@080253.3059 92dsg764aq0np6j37upje71f1g Query : select 1 valor from information_schema.tables where table_type='base table' and table_name='wsfi2039fields'
20240510@080253.3070 92dsg764aq0np6j37upje71f1g Query : select fieldkey,fieldname,fieldtype,mandatory from wsfi2039fields
20240510@080253.3112 92dsg764aq0np6j37upje71f1g Query : select top 1 convert(numeric(6,2),t.taxa) valor from taxasiva t where t.codigo='2'
20240510@080253.3123 92dsg764aq0np6j37upje71f1g Query : select 1 valor from information_schema.tables where table_type='base table' and table_name='wsfi039fields'
20240510@080253.3137 92dsg764aq0np6j37upje71f1g Query : select fieldkey,fieldname,fieldtype,calcformula from wsfi039fields
20240510@080253.3162 92dsg764aq0np6j37upje71f1g Query : insert into wsfi039data (fistamp,ousrdata, ousrhora, usrdata,usrhora,ousrinis,usrinis ,qtt ,ftstamp ,epv,pvmoeda ,tabiva,iva,lordem ,ref, design ,armazem) values ('aut663dc88053663dc69d4c',getdate(),convert(char(8),convert (time,getdate())),getdate(),convert(char(8),convert (time,getdate())),'wsv','wsv',0 ,'aut663dc36827663dc69c4b' ,0,0 ,2,23.00,290000,?,?,?)
20240510@080253.3394 92dsg764aq0np6j37upje71f1g Query : select 1 valor from information_schema.tables where table_type='base table' and table_name='wsfi2039fields'
20240510@080253.3428 92dsg764aq0np6j37upje71f1g Query : select fieldkey,fieldname,fieldtype,calcformula from wsfi2039fields
20240510@080253.3432 92dsg764aq0np6j37upje71f1g Query : insert into wsfi2039data (fi2stamp,ftstamp ,ousrdata, ousrhora, usrdata,usrhora,ousrinis,usrinis) values ('aut663dc88053663dc69d4c','aut663dc36827663dc69c4b' ,getdate(),convert(char(8),convert (time,getdate())),getdate(),convert(char(8),convert (time,getdate())),'wsv','wsv')
20240510@080253.3437 92dsg764aq0np6j37upje71f1g Query : use flama_phc
20240510@080253.3441 92dsg764aq0np6j37upje71f1g Query : select st.usalote valor from st where st.ref = '324.682.00.01'
20240510@080253.3451 92dsg764aq0np6j37upje71f1g Query : select top 1 st.tabiva ,st.ivaincl ,st.stns ,st.uni2 ,st.familia ,isnull(tx.taxa, 0) txiva ,unidade ,usalote ,epcpond ,noserie from st left join taxasiva tx on st.tabiva = tx.codigo where st.ref = '324.682.00.01'
20240510@080253.3461 92dsg764aq0np6j37upje71f1g Query : select 1 valor from information_schema.tables where table_type='base table' and table_name='wsfi039fields'
20240510@080253.3486 92dsg764aq0np6j37upje71f1g Query : select fieldkey,fieldname,fieldtype,mandatory from wsfi039fields
20240510@080253.3508 92dsg764aq0np6j37upje71f1g Query : select 1 valor from information_schema.tables where table_type='base table' and table_name='wsfi2039fields'
20240510@080253.3541 92dsg764aq0np6j37upje71f1g Query : select fieldkey,fieldname,fieldtype,mandatory from wsfi2039fields
20240510@080253.3546 92dsg764aq0np6j37upje71f1g Query : select sestamp valor from se where ref ='324.682.00.01' and lote = 'r2301244100a'
20240510@080253.3555 92dsg764aq0np6j37upje71f1g Query : select top 1 convert(numeric(6,2),t.taxa) valor from taxasiva t where t.codigo='2'
20240510@080253.3564 92dsg764aq0np6j37upje71f1g Query : select 1 valor from information_schema.tables where table_type='base table' and table_name='wsfi039fields'
20240510@080253.3584 92dsg764aq0np6j37upje71f1g Query : select fieldkey,fieldname,fieldtype,calcformula from wsfi039fields
20240510@080253.3605 92dsg764aq0np6j37upje71f1g Query : insert into wsfi039data (fistamp,ousrdata, ousrhora, usrdata,usrhora,ousrinis,usrinis ,qtt ,ftstamp ,epv,pvmoeda ,tabiva,iva,lordem ,ref, design ,lote,armazem,bistamp ) values ('aut663dc99502663dc69d57',getdate(),convert(char(8),convert (time,getdate())),getdate(),convert(char(8),convert (time,getdate())),'wsv','wsv',24.000 ,'aut663dc36827663dc69c4b' ,0,0 ,2,23.00,310000,?,?,?,?,?)
20240510@080253.3838 92dsg764aq0np6j37upje71f1g Query : select 1 valor from information_schema.tables where table_type='base table' and table_name='wsfi2039fields'
20240510@080253.3853 92dsg764aq0np6j37upje71f1g Query : select fieldkey,fieldname,fieldtype,calcformula from wsfi2039fields
20240510@080253.3857 92dsg764aq0np6j37upje71f1g Query : insert into wsfi2039data (fi2stamp,ftstamp ,ousrdata, ousrhora, usrdata,usrhora,ousrinis,usrinis) values ('aut663dc99502663dc69d57','aut663dc36827663dc69c4b' ,getdate(),convert(char(8),convert (time,getdate())),getdate(),convert(char(8),convert (time,getdate())),'wsv','wsv')
20240510@080253.3862 92dsg764aq0np6j37upje71f1g Query : select 1 valor from information_schema.tables where table_type='base table' and table_name='wsfi039fields'
20240510@080253.3910 92dsg764aq0np6j37upje71f1g Query : select fieldkey,fieldname,fieldtype,mandatory from wsfi039fields
20240510@080253.3933 92dsg764aq0np6j37upje71f1g Query : select 1 valor from information_schema.tables where table_type='base table' and table_name='wsfi2039fields'
20240510@080253.3955 92dsg764aq0np6j37upje71f1g Query : select fieldkey,fieldname,fieldtype,mandatory from wsfi2039fields
20240510@080253.3960 92dsg764aq0np6j37upje71f1g Query : select top 1 convert(numeric(6,2),t.taxa) valor from taxasiva t where t.codigo='2'
20240510@080253.3969 92dsg764aq0np6j37upje71f1g Query : select 1 valor from information_schema.tables where table_type='base table' and table_name='wsfi039fields'
20240510@080253.3981 92dsg764aq0np6j37upje71f1g Query : select fieldkey,fieldname,fieldtype,calcformula from wsfi039fields
20240510@080253.4019 92dsg764aq0np6j37upje71f1g Query : insert into wsfi039data (fistamp,ousrdata, ousrhora, usrdata,usrhora,ousrinis,usrinis ,qtt ,ftstamp ,epv,pvmoeda ,tabiva,iva,lordem ,ref, design ,armazem) values ('aut663dc11907663dc69d60',getdate(),convert(char(8),convert (time,getdate())),getdate(),convert(char(8),convert (time,getdate())),'wsv','wsv',0 ,'aut663dc36827663dc69c4b' ,0,0 ,2,23.00,320000,?,?,?)
20240510@080253.4254 92dsg764aq0np6j37upje71f1g Query : select 1 valor from information_schema.tables where table_type='base table' and table_name='wsfi2039fields'
20240510@080253.4279 92dsg764aq0np6j37upje71f1g Query : select fieldkey,fieldname,fieldtype,calcformula from wsfi2039fields
20240510@080253.4284 92dsg764aq0np6j37upje71f1g Query : insert into wsfi2039data (fi2stamp,ftstamp ,ousrdata, ousrhora, usrdata,usrhora,ousrinis,usrinis) values ('aut663dc11907663dc69d60','aut663dc36827663dc69c4b' ,getdate(),convert(char(8),convert (time,getdate())),getdate(),convert(char(8),convert (time,getdate())),'wsv','wsv')
20240510@080253.4289 92dsg764aq0np6j37upje71f1g Query : use flama_phc
20240510@080253.4293 92dsg764aq0np6j37upje71f1g Query : select st.usalote valor from st where st.ref = '324.682.00.01'
20240510@080253.4305 92dsg764aq0np6j37upje71f1g Query : select top 1 st.tabiva ,st.ivaincl ,st.stns ,st.uni2 ,st.familia ,isnull(tx.taxa, 0) txiva ,unidade ,usalote ,epcpond ,noserie from st left join taxasiva tx on st.tabiva = tx.codigo where st.ref = '324.682.00.01'
20240510@080253.4316 92dsg764aq0np6j37upje71f1g Query : select 1 valor from information_schema.tables where table_type='base table' and table_name='wsfi039fields'
20240510@080253.4399 92dsg764aq0np6j37upje71f1g Query : select fieldkey,fieldname,fieldtype,mandatory from wsfi039fields
20240510@080253.4423 92dsg764aq0np6j37upje71f1g Query : select 1 valor from information_schema.tables where table_type='base table' and table_name='wsfi2039fields'
20240510@080253.4521 92dsg764aq0np6j37upje71f1g Query : select fieldkey,fieldname,fieldtype,mandatory from wsfi2039fields
20240510@080253.4527 92dsg764aq0np6j37upje71f1g Query : select sestamp valor from se where ref ='324.682.00.01' and lote = 'r2301244100a'
20240510@080253.4538 92dsg764aq0np6j37upje71f1g Query : select top 1 convert(numeric(6,2),t.taxa) valor from taxasiva t where t.codigo='2'
20240510@080253.4548 92dsg764aq0np6j37upje71f1g Query : select 1 valor from information_schema.tables where table_type='base table' and table_name='wsfi039fields'
20240510@080253.4647 92dsg764aq0np6j37upje71f1g Query : select fieldkey,fieldname,fieldtype,calcformula from wsfi039fields
20240510@080253.4671 92dsg764aq0np6j37upje71f1g Query : insert into wsfi039data (fistamp,ousrdata, ousrhora, usrdata,usrhora,ousrinis,usrinis ,qtt ,ftstamp ,epv,pvmoeda ,tabiva,iva,lordem ,ref, design ,lote,armazem,bistamp ) values ('aut663dc11941663dc69d6f',getdate(),convert(char(8),convert (time,getdate())),getdate(),convert(char(8),convert (time,getdate())),'wsv','wsv',24.000 ,'aut663dc36827663dc69c4b' ,0,0 ,2,23.00,340000,?,?,?,?,?)
20240510@080253.4938 92dsg764aq0np6j37upje71f1g Query : select 1 valor from information_schema.tables where table_type='base table' and table_name='wsfi2039fields'
20240510@080253.4954 92dsg764aq0np6j37upje71f1g Query : select fieldkey,fieldname,fieldtype,calcformula from wsfi2039fields
20240510@080253.4959 92dsg764aq0np6j37upje71f1g Query : insert into wsfi2039data (fi2stamp,ftstamp ,ousrdata, ousrhora, usrdata,usrhora,ousrinis,usrinis) values ('aut663dc11941663dc69d6f','aut663dc36827663dc69c4b' ,getdate(),convert(char(8),convert (time,getdate())),getdate(),convert(char(8),convert (time,getdate())),'wsv','wsv')
20240510@080253.4964 92dsg764aq0np6j37upje71f1g Query : select 1 valor from information_schema.tables where table_type='base table' and table_name='wsfi039fields'
20240510@080253.4978 92dsg764aq0np6j37upje71f1g Query : select fieldkey,fieldname,fieldtype,mandatory from wsfi039fields
20240510@080253.5003 92dsg764aq0np6j37upje71f1g Query : select 1 valor from information_schema.tables where table_type='base table' and table_name='wsfi2039fields'
20240510@080253.5167 92dsg764aq0np6j37upje71f1g Query : select fieldkey,fieldname,fieldtype,mandatory from wsfi2039fields
20240510@080253.5173 92dsg764aq0np6j37upje71f1g Query : select top 1 convert(numeric(6,2),t.taxa) valor from taxasiva t where t.codigo='2'
20240510@080253.5184 92dsg764aq0np6j37upje71f1g Query : select 1 valor from information_schema.tables where table_type='base table' and table_name='wsfi039fields'
20240510@080253.5199 92dsg764aq0np6j37upje71f1g Query : select fieldkey,fieldname,fieldtype,calcformula from wsfi039fields
20240510@080253.5282 92dsg764aq0np6j37upje71f1g Query : insert into wsfi039data (fistamp,ousrdata, ousrhora, usrdata,usrhora,ousrinis,usrinis ,qtt ,ftstamp ,epv,pvmoeda ,tabiva,iva,lordem ,ref, design ,armazem) values ('aut663dc32056663dc69d7e',getdate(),convert(char(8),convert (time,getdate())),getdate(),convert(char(8),convert (time,getdate())),'wsv','wsv',0 ,'aut663dc36827663dc69c4b' ,0,0 ,2,23.00,350000,?,?,?)
20240510@080253.5505 92dsg764aq0np6j37upje71f1g Query : select 1 valor from information_schema.tables where table_type='base table' and table_name='wsfi2039fields'
20240510@080253.5521 92dsg764aq0np6j37upje71f1g Query : select fieldkey,fieldname,fieldtype,calcformula from wsfi2039fields
20240510@080253.5525 92dsg764aq0np6j37upje71f1g Query : insert into wsfi2039data (fi2stamp,ftstamp ,ousrdata, ousrhora, usrdata,usrhora,ousrinis,usrinis) values ('aut663dc32056663dc69d7e','aut663dc36827663dc69c4b' ,getdate(),convert(char(8),convert (time,getdate())),getdate(),convert(char(8),convert (time,getdate())),'wsv','wsv')
20240510@080253.5530 92dsg764aq0np6j37upje71f1g Query : use flama_phc
20240510@080253.5533 92dsg764aq0np6j37upje71f1g Query : select st.usalote valor from st where st.ref = '324.682.00.01'
20240510@080253.5544 92dsg764aq0np6j37upje71f1g Query : select top 1 st.tabiva ,st.ivaincl ,st.stns ,st.uni2 ,st.familia ,isnull(tx.taxa, 0) txiva ,unidade ,usalote ,epcpond ,noserie from st left join taxasiva tx on st.tabiva = tx.codigo where st.ref = '324.682.00.01'
20240510@080253.5555 92dsg764aq0np6j37upje71f1g Query : select 1 valor from information_schema.tables where table_type='base table' and table_name='wsfi039fields'
20240510@080253.5569 92dsg764aq0np6j37upje71f1g Query : select fieldkey,fieldname,fieldtype,mandatory from wsfi039fields
20240510@080253.5594 92dsg764aq0np6j37upje71f1g Query : select 1 valor from information_schema.tables where table_type='base table' and table_name='wsfi2039fields'
20240510@080253.5607 92dsg764aq0np6j37upje71f1g Query : select fieldkey,fieldname,fieldtype,mandatory from wsfi2039fields
20240510@080253.5611 92dsg764aq0np6j37upje71f1g Query : select sestamp valor from se where ref ='324.682.00.01' and lote = 'r2301181200a'
20240510@080253.5621 92dsg764aq0np6j37upje71f1g Query : select top 1 convert(numeric(6,2),t.taxa) valor from taxasiva t where t.codigo='2'
20240510@080253.5630 92dsg764aq0np6j37upje71f1g Query : select 1 valor from information_schema.tables where table_type='base table' and table_name='wsfi039fields'
20240510@080253.5643 92dsg764aq0np6j37upje71f1g Query : select fieldkey,fieldname,fieldtype,calcformula from wsfi039fields
20240510@080253.5667 92dsg764aq0np6j37upje71f1g Query : insert into wsfi039data (fistamp,ousrdata, ousrhora, usrdata,usrhora,ousrinis,usrinis ,qtt ,ftstamp ,epv,pvmoeda ,tabiva,iva,lordem ,ref, design ,lote,armazem,bistamp ) values ('aut663dc26156663dc69d89',getdate(),convert(char(8),convert (time,getdate())),getdate(),convert(char(8),convert (time,getdate())),'wsv','wsv',24.000 ,'aut663dc36827663dc69c4b' ,0,0 ,2,23.00,370000,?,?,?,?,?)
20240510@080253.6069 92dsg764aq0np6j37upje71f1g Query : select 1 valor from information_schema.tables where table_type='base table' and table_name='wsfi2039fields'
20240510@080253.7138 92dsg764aq0np6j37upje71f1g Query : select fieldkey,fieldname,fieldtype,calcformula from wsfi2039fields
20240510@080253.7143 92dsg764aq0np6j37upje71f1g Query : insert into wsfi2039data (fi2stamp,ftstamp ,ousrdata, ousrhora, usrdata,usrhora,ousrinis,usrinis) values ('aut663dc26156663dc69d89','aut663dc36827663dc69c4b' ,getdate(),convert(char(8),convert (time,getdate())),getdate(),convert(char(8),convert (time,getdate())),'wsv','wsv')
20240510@080253.7149 92dsg764aq0np6j37upje71f1g Query : select 1 valor from information_schema.tables where table_type='base table' and table_name='wsfi039fields'
20240510@080253.7163 92dsg764aq0np6j37upje71f1g Query : select fieldkey,fieldname,fieldtype,mandatory from wsfi039fields
20240510@080253.7188 92dsg764aq0np6j37upje71f1g Query : select 1 valor from information_schema.tables where table_type='base table' and table_name='wsfi2039fields'
20240510@080253.7201 92dsg764aq0np6j37upje71f1g Query : select fieldkey,fieldname,fieldtype,mandatory from wsfi2039fields
20240510@080253.7205 92dsg764aq0np6j37upje71f1g Query : select top 1 convert(numeric(6,2),t.taxa) valor from taxasiva t where t.codigo='2'
20240510@080253.7215 92dsg764aq0np6j37upje71f1g Query : select 1 valor from information_schema.tables where table_type='base table' and table_name='wsfi039fields'
20240510@080253.7227 92dsg764aq0np6j37upje71f1g Query : select fieldkey,fieldname,fieldtype,calcformula from wsfi039fields
20240510@080253.7250 92dsg764aq0np6j37upje71f1g Query : insert into wsfi039data (fistamp,ousrdata, ousrhora, usrdata,usrhora,ousrinis,usrinis ,qtt ,ftstamp ,epv,pvmoeda ,tabiva,iva,lordem ,ref, design ,armazem) values ('aut663dc65663663dc69db0',getdate(),convert(char(8),convert (time,getdate())),getdate(),convert(char(8),convert (time,getdate())),'wsv','wsv',0 ,'aut663dc36827663dc69c4b' ,0,0 ,2,23.00,380000,?,?,?)
20240510@080253.7471 92dsg764aq0np6j37upje71f1g Query : select 1 valor from information_schema.tables where table_type='base table' and table_name='wsfi2039fields'
20240510@080253.7486 92dsg764aq0np6j37upje71f1g Query : select fieldkey,fieldname,fieldtype,calcformula from wsfi2039fields
20240510@080253.7491 92dsg764aq0np6j37upje71f1g Query : insert into wsfi2039data (fi2stamp,ftstamp ,ousrdata, ousrhora, usrdata,usrhora,ousrinis,usrinis) values ('aut663dc65663663dc69db0','aut663dc36827663dc69c4b' ,getdate(),convert(char(8),convert (time,getdate())),getdate(),convert(char(8),convert (time,getdate())),'wsv','wsv')
20240510@080253.7495 92dsg764aq0np6j37upje71f1g Query : use flama_phc
20240510@080253.7498 92dsg764aq0np6j37upje71f1g Query : select st.usalote valor from st where st.ref = '324.682.00.01'
20240510@080253.7508 92dsg764aq0np6j37upje71f1g Query : select top 1 st.tabiva ,st.ivaincl ,st.stns ,st.uni2 ,st.familia ,isnull(tx.taxa, 0) txiva ,unidade ,usalote ,epcpond ,noserie from st left join taxasiva tx on st.tabiva = tx.codigo where st.ref = '324.682.00.01'
20240510@080253.7519 92dsg764aq0np6j37upje71f1g Query : select 1 valor from information_schema.tables where table_type='base table' and table_name='wsfi039fields'
20240510@080253.7531 92dsg764aq0np6j37upje71f1g Query : select fieldkey,fieldname,fieldtype,mandatory from wsfi039fields
20240510@080253.7553 92dsg764aq0np6j37upje71f1g Query : select 1 valor from information_schema.tables where table_type='base table' and table_name='wsfi2039fields'
20240510@080253.7566 92dsg764aq0np6j37upje71f1g Query : select fieldkey,fieldname,fieldtype,mandatory from wsfi2039fields
20240510@080253.7570 92dsg764aq0np6j37upje71f1g Query : select sestamp valor from se where ref ='324.682.00.01' and lote = 'r2301181200a'
20240510@080253.7579 92dsg764aq0np6j37upje71f1g Query : select top 1 convert(numeric(6,2),t.taxa) valor from taxasiva t where t.codigo='2'
20240510@080253.7589 92dsg764aq0np6j37upje71f1g Query : select 1 valor from information_schema.tables where table_type='base table' and table_name='wsfi039fields'
20240510@080253.7601 92dsg764aq0np6j37upje71f1g Query : select fieldkey,fieldname,fieldtype,calcformula from wsfi039fields
20240510@080253.7623 92dsg764aq0np6j37upje71f1g Query : insert into wsfi039data (fistamp,ousrdata, ousrhora, usrdata,usrhora,ousrinis,usrinis ,qtt ,ftstamp ,epv,pvmoeda ,tabiva,iva,lordem ,ref, design ,lote,armazem,bistamp ) values ('aut663dc09638663dc69db9',getdate(),convert(char(8),convert (time,getdate())),getdate(),convert(char(8),convert (time,getdate())),'wsv','wsv',24.000 ,'aut663dc36827663dc69c4b' ,0,0 ,2,23.00,400000,?,?,?,?,?)
20240510@080253.7848 92dsg764aq0np6j37upje71f1g Query : select 1 valor from information_schema.tables where table_type='base table' and table_name='wsfi2039fields'
20240510@080253.7862 92dsg764aq0np6j37upje71f1g Query : select fieldkey,fieldname,fieldtype,calcformula from wsfi2039fields
20240510@080253.7867 92dsg764aq0np6j37upje71f1g Query : insert into wsfi2039data (fi2stamp,ftstamp ,ousrdata, ousrhora, usrdata,usrhora,ousrinis,usrinis) values ('aut663dc09638663dc69db9','aut663dc36827663dc69c4b' ,getdate(),convert(char(8),convert (time,getdate())),getdate(),convert(char(8),convert (time,getdate())),'wsv','wsv')
20240510@080253.7878 92dsg764aq0np6j37upje71f1g Query : select 1 valor from information_schema.tables where table_type='base table' and table_name='wsfi039fields'
20240510@080253.7891 92dsg764aq0np6j37upje71f1g Query : select fieldkey,fieldname,fieldtype,mandatory from wsfi039fields
20240510@080253.7915 92dsg764aq0np6j37upje71f1g Query : select 1 valor from information_schema.tables where table_type='base table' and table_name='wsfi2039fields'
20240510@080253.7929 92dsg764aq0np6j37upje71f1g Query : select fieldkey,fieldname,fieldtype,mandatory from wsfi2039fields
20240510@080253.7934 92dsg764aq0np6j37upje71f1g Query : select top 1 convert(numeric(6,2),t.taxa) valor from taxasiva t where t.codigo='2'
20240510@080253.7944 92dsg764aq0np6j37upje71f1g Query : select 1 valor from information_schema.tables where table_type='base table' and table_name='wsfi039fields'
20240510@080253.7956 92dsg764aq0np6j37upje71f1g Query : select fieldkey,fieldname,fieldtype,calcformula from wsfi039fields
20240510@080253.7979 92dsg764aq0np6j37upje71f1g Query : insert into wsfi039data (fistamp,ousrdata, ousrhora, usrdata,usrhora,ousrinis,usrinis ,qtt ,ftstamp ,epv,pvmoeda ,tabiva,iva,lordem ,ref, design ,armazem) values ('aut663dc76926663dc69dc1',getdate(),convert(char(8),convert (time,getdate())),getdate(),convert(char(8),convert (time,getdate())),'wsv','wsv',0 ,'aut663dc36827663dc69c4b' ,0,0 ,2,23.00,410000,?,?,?)
20240510@080253.8195 92dsg764aq0np6j37upje71f1g Query : select 1 valor from information_schema.tables where table_type='base table' and table_name='wsfi2039fields'
20240510@080253.8210 92dsg764aq0np6j37upje71f1g Query : select fieldkey,fieldname,fieldtype,calcformula from wsfi2039fields
20240510@080253.8214 92dsg764aq0np6j37upje71f1g Query : insert into wsfi2039data (fi2stamp,ftstamp ,ousrdata, ousrhora, usrdata,usrhora,ousrinis,usrinis) values ('aut663dc76926663dc69dc1','aut663dc36827663dc69c4b' ,getdate(),convert(char(8),convert (time,getdate())),getdate(),convert(char(8),convert (time,getdate())),'wsv','wsv')
20240510@080253.8219 92dsg764aq0np6j37upje71f1g Query : use flama_phc
20240510@080253.8222 92dsg764aq0np6j37upje71f1g Query : select st.usalote valor from st where st.ref = '324.682.00.01'
20240510@080253.8233 92dsg764aq0np6j37upje71f1g Query : select top 1 st.tabiva ,st.ivaincl ,st.stns ,st.uni2 ,st.familia ,isnull(tx.taxa, 0) txiva ,unidade ,usalote ,epcpond ,noserie from st left join taxasiva tx on st.tabiva = tx.codigo where st.ref = '324.682.00.01'
20240510@080253.8244 92dsg764aq0np6j37upje71f1g Query : select 1 valor from information_schema.tables where table_type='base table' and table_name='wsfi039fields'
20240510@080253.8257 92dsg764aq0np6j37upje71f1g Query : select fieldkey,fieldname,fieldtype,mandatory from wsfi039fields
20240510@080253.8280 92dsg764aq0np6j37upje71f1g Query : select 1 valor from information_schema.tables where table_type='base table' and table_name='wsfi2039fields'
20240510@080253.8293 92dsg764aq0np6j37upje71f1g Query : select fieldkey,fieldname,fieldtype,mandatory from wsfi2039fields
20240510@080253.8297 92dsg764aq0np6j37upje71f1g Query : select sestamp valor from se where ref ='324.682.00.01' and lote = 'r2301181200a'
20240510@080253.8306 92dsg764aq0np6j37upje71f1g Query : select top 1 convert(numeric(6,2),t.taxa) valor from taxasiva t where t.codigo='2'
20240510@080253.8316 92dsg764aq0np6j37upje71f1g Query : select 1 valor from information_schema.tables where table_type='base table' and table_name='wsfi039fields'
20240510@080253.8328 92dsg764aq0np6j37upje71f1g Query : select fieldkey,fieldname,fieldtype,calcformula from wsfi039fields
20240510@080253.8351 92dsg764aq0np6j37upje71f1g Query : insert into wsfi039data (fistamp,ousrdata, ousrhora, usrdata,usrhora,ousrinis,usrinis ,qtt ,ftstamp ,epv,pvmoeda ,tabiva,iva,lordem ,ref, design ,lote,armazem,bistamp ) values ('aut663dc17659663dc69dcb',getdate(),convert(char(8),convert (time,getdate())),getdate(),convert(char(8),convert (time,getdate())),'wsv','wsv',24.000 ,'aut663dc36827663dc69c4b' ,0,0 ,2,23.00,430000,?,?,?,?,?)
20240510@080253.8572 92dsg764aq0np6j37upje71f1g Query : select 1 valor from information_schema.tables where table_type='base table' and table_name='wsfi2039fields'
20240510@080253.8588 92dsg764aq0np6j37upje71f1g Query : select fieldkey,fieldname,fieldtype,calcformula from wsfi2039fields
20240510@080253.8592 92dsg764aq0np6j37upje71f1g Query : insert into wsfi2039data (fi2stamp,ftstamp ,ousrdata, ousrhora, usrdata,usrhora,ousrinis,usrinis) values ('aut663dc17659663dc69dcb','aut663dc36827663dc69c4b' ,getdate(),convert(char(8),convert (time,getdate())),getdate(),convert(char(8),convert (time,getdate())),'wsv','wsv')
20240510@080253.8597 92dsg764aq0np6j37upje71f1g Query : select 1 valor from information_schema.tables where table_type='base table' and table_name='wsfi039fields'
20240510@080253.8610 92dsg764aq0np6j37upje71f1g Query : select fieldkey,fieldname,fieldtype,mandatory from wsfi039fields
20240510@080253.8632 92dsg764aq0np6j37upje71f1g Query : select 1 valor from information_schema.tables where table_type='base table' and table_name='wsfi2039fields'
20240510@080253.8643 92dsg764aq0np6j37upje71f1g Query : select fieldkey,fieldname,fieldtype,mandatory from wsfi2039fields
20240510@080253.8647 92dsg764aq0np6j37upje71f1g Query : select top 1 convert(numeric(6,2),t.taxa) valor from taxasiva t where t.codigo='2'
20240510@080253.8656 92dsg764aq0np6j37upje71f1g Query : select 1 valor from information_schema.tables where table_type='base table' and table_name='wsfi039fields'
20240510@080253.8667 92dsg764aq0np6j37upje71f1g Query : select fieldkey,fieldname,fieldtype,calcformula from wsfi039fields
20240510@080253.8689 92dsg764aq0np6j37upje71f1g Query : insert into wsfi039data (fistamp,ousrdata, ousrhora, usrdata,usrhora,ousrinis,usrinis ,qtt ,ftstamp ,epv,pvmoeda ,tabiva,iva,lordem ,ref, design ,armazem) values ('aut663dc33331663dc69dd3',getdate(),convert(char(8),convert (time,getdate())),getdate(),convert(char(8),convert (time,getdate())),'wsv','wsv',0 ,'aut663dc36827663dc69c4b' ,0,0 ,2,23.00,440000,?,?,?)
20240510@080253.8903 92dsg764aq0np6j37upje71f1g Query : select 1 valor from information_schema.tables where table_type='base table' and table_name='wsfi2039fields'
20240510@080253.8921 92dsg764aq0np6j37upje71f1g Query : select fieldkey,fieldname,fieldtype,calcformula from wsfi2039fields
20240510@080253.8925 92dsg764aq0np6j37upje71f1g Query : insert into wsfi2039data (fi2stamp,ftstamp ,ousrdata, ousrhora, usrdata,usrhora,ousrinis,usrinis) values ('aut663dc33331663dc69dd3','aut663dc36827663dc69c4b' ,getdate(),convert(char(8),convert (time,getdate())),getdate(),convert(char(8),convert (time,getdate())),'wsv','wsv')
20240510@080253.8930 92dsg764aq0np6j37upje71f1g Query : insert into wsftcreationlog (initialftstamp,externalid,creationstatus,documenttypeid,idustamp) values ('aut663dc36827663dc69c4b','2403248','wait',39,'ari17112337378,753000005')
20240510@080253.8947 92dsg764aq0np6j37upje71f1g Query : use flama_phc
20240510@080253.8950 92dsg764aq0np6j37upje71f1g Query : update u_wsusers set rqsttoken =? where userid ='userls001'
20240510@080253.8961 92dsg764aq0np6j37upje71f1g Query : select concat(rtrim(relative_path),ltrim(name_new)) as valor from uploadfiles where uploadfile_id='1578';
20240510@080253.8975 92dsg764aq0np6j37upje71f1g Query : update uploadfiles set whenupdated=current_timestamp where uploadfile_id='1578';
20240510@080253.8994 92dsg764aq0np6j37upje71f1g Query : select concat(rtrim(relative_path),ltrim(name_new)) as valor from uploadfiles where uploadfile_id='1578';
20240510@080253.9008 92dsg764aq0np6j37upje71f1g Query : update uploadfiles set whenupdated=current_timestamp where uploadfile_id='1578';
20240510@080254.1240 rgmd6kp97jrspfp7cgik01crjt Query : insert into uploadfiles ( name_original, name_new, option_type, relative_path, whencreated ) values ( ?, ?, ?, ?, getdate() )
20240510@080254.1380 rgmd6kp97jrspfp7cgik01crjt Query : select uploadfile_id valor from uploadfiles where name_new = ? and option_type = ? 
20240510@080254.1560 rgmd6kp97jrspfp7cgik01crjt Query : select concat(rtrim(relative_path),ltrim(name_new)) as valor from uploadfiles where uploadfile_id='1579';
20240510@080254.2470 rgmd6kp97jrspfp7cgik01crjt Query : update uploadfiles set whenupdated=current_timestamp where uploadfile_id='1579';
20240510@080254.2690 rgmd6kp97jrspfp7cgik01crjt Query : select concat(rtrim(relative_path),ltrim(name_new)) as valor from uploadfiles where uploadfile_id='1579';
20240510@080254.2820 rgmd6kp97jrspfp7cgik01crjt Query : update uploadfiles set whenupdated=current_timestamp where uploadfile_id='1579';
20240510@080254.2980 rgmd6kp97jrspfp7cgik01crjt Query : use flama_phc
20240510@080254.3020 rgmd6kp97jrspfp7cgik01crjt Query : select top 1 secretkey valor from u_wsusers u where u.userid = ? and u.inactivo=0
20240510@080254.3150 rgmd6kp97jrspfp7cgik01crjt Query : use flama_phc
20240510@080254.3190 rgmd6kp97jrspfp7cgik01crjt Query : select no, estab,szadrsdesc from szadrs where u_coddest=4743
20240510@080254.3460 rgmd6kp97jrspfp7cgik01crjt Query : select top 1 isnull(design,'') valor from st (nolock) left join stobs (nolock) on st.ref = stobs.ref where st.ref = '304.4006.00.2'
20240510@080254.5020 rgmd6kp97jrspfp7cgik01crjt Query : select top 1 bistamp valor from bi inner join bo on bo.bostamp=bi.bostamp where bo.ndos =240 and bo.boano =2032 and bo.obrano = 2403278 and bi.ref ='304.4006.00.2' and bi.lordem =1
20240510@080254.8300 rgmd6kp97jrspfp7cgik01crjt Query : use flama_phc
20240510@080254.8340 rgmd6kp97jrspfp7cgik01crjt Query : select top 1 convert(date,fdata) valor from ft where ndoc = 39 and anulado= 0 and fno>0 order by fdata desc
20240510@080254.9630 rgmd6kp97jrspfp7cgik01crjt Query : use flama_phc
20240510@080254.9680 rgmd6kp97jrspfp7cgik01crjt Query : select top 1 1 valor from td where td.ndoc = 39
20240510@080254.9800 rgmd6kp97jrspfp7cgik01crjt Query : use flama_phc
20240510@080254.9830 rgmd6kp97jrspfp7cgik01crjt Query : select descricao ,case when valor='s' then 1 else 0 end usalotes from para1 where descricao in ('st_lote')
20240510@080254.9940 rgmd6kp97jrspfp7cgik01crjt Query : select top 1 assinadoc issigned ,td.lancasl stocks ,'cl' origin ,case when (cmsl between 1 and 50 ) then 1 else 0 end entrada ,case when (cmsl>50 ) then 1 else 0 end saida ,~lotestock validatestock ,tiposaft from td inner join td2 on td.tdstamp=td2.td2stamp where td.ndoc =39
20240510@080254.1007 rgmd6kp97jrspfp7cgik01crjt Query : use flama_phc
20240510@080254.1010 rgmd6kp97jrspfp7cgik01crjt Query : select top 1 ~inactivo valor from cl where no = '101597' and estab = 0 order by inactivo desc
20240510@080254.1020 rgmd6kp97jrspfp7cgik01crjt Query : use flama_phc
20240510@080254.1023 rgmd6kp97jrspfp7cgik01crjt Query : select top 1 tipodoc,regrd from td where ndoc = 39
20240510@080254.1033 rgmd6kp97jrspfp7cgik01crjt Query : use flama_phc
20240510@080254.1036 rgmd6kp97jrspfp7cgik01crjt Query : select szadrsstamp valor from szadrs where szadrsdesc='espaÇotrans,lda'
20240510@080254.1046 rgmd6kp97jrspfp7cgik01crjt Query : use flama_phc
20240510@080254.1049 rgmd6kp97jrspfp7cgik01crjt Query : select szadrsstamp valor from szadrs where szadrsdesc='101597 - auchan retail portugal , sa'
20240510@080254.1061 rgmd6kp97jrspfp7cgik01crjt Query : use flama_phc
20240510@080254.1064 rgmd6kp97jrspfp7cgik01crjt Query : select 1 valor from td where ndoc = 39
20240510@080254.1073 rgmd6kp97jrspfp7cgik01crjt Query : select top 1 manternumero, tiposaft, nmdos,td.assinadoc from td where td.ndoc = 39
20240510@080254.1087 rgmd6kp97jrspfp7cgik01crjt Query : select 1 valor from information_schema.tables where table_type='base table' and table_name='wsft039fields'
20240510@080254.1101 rgmd6kp97jrspfp7cgik01crjt Query : select fieldkey,fieldname,fieldtype,mandatory from wsft039fields
20240510@080254.1117 rgmd6kp97jrspfp7cgik01crjt Query : select 1 valor from information_schema.tables where table_type='base table' and table_name='wsft2039fields'
20240510@080254.1130 rgmd6kp97jrspfp7cgik01crjt Query : select fieldkey,fieldname,fieldtype,mandatory from wsft2039fields
20240510@080254.1156 rgmd6kp97jrspfp7cgik01crjt Query : select 1 valor from information_schema.tables where table_type='base table' and table_name='wsft3039fields'
20240510@080254.1169 rgmd6kp97jrspfp7cgik01crjt Query : select fieldkey,fieldname,fieldtype,mandatory from wsft3039fields
20240510@080254.1178 rgmd6kp97jrspfp7cgik01crjt Query : select top 1 ft.fno valor from ft ft where ft.ndoc = 39 and ftano=2024 order by fno desc
20240510@080254.1259 rgmd6kp97jrspfp7cgik01crjt Query : select top 1 ft.fno valor from wsft039data ft where ft.ndoc = 39 and ftano=2024 order by fno desc
20240510@080254.1269 rgmd6kp97jrspfp7cgik01crjt Query : select 1 valor from information_schema.tables where table_type='base table' and table_name='wsft3039fields'
20240510@080254.1282 rgmd6kp97jrspfp7cgik01crjt Query : select fieldkey,fieldname,fieldtype,calcformula from wsft3039fields
20240510@080254.1292 rgmd6kp97jrspfp7cgik01crjt Query : insert into wsft3039data (ft3stamp, ousrdata, ousrhora, usrdata,usrhora,ousrinis,usrinis,taxpointdt ) values ('aut663dc77753663dc69e1c' ,getdate(),convert(char(8),convert (time,getdate())),getdate(),convert(char(8),convert (time,getdate())),'wsv','wsv',?)
20240510@080254.1450 rgmd6kp97jrspfp7cgik01crjt Query : select 1 valor from information_schema.tables where table_type='base table' and table_name='wsft2039fields'
20240510@080254.1464 rgmd6kp97jrspfp7cgik01crjt Query : select fieldkey,fieldname,fieldtype,calcformula from wsft2039fields
20240510@080254.1520 rgmd6kp97jrspfp7cgik01crjt Query : select top 1 bo.u_nomeenv valor from bo where bo.bostamp=''
20240510@080254.1525 rgmd6kp97jrspfp7cgik01crjt Query : select top 1 bo.u_moradaen valor from bo where bo.bostamp=''
20240510@080254.1530 rgmd6kp97jrspfp7cgik01crjt Query : select top 1 bo.u_codposen valor from bo where bo.bostamp=''
20240510@080254.1535 rgmd6kp97jrspfp7cgik01crjt Query : select top 1 bo.u_localenv valor from bo where bo.bostamp=''
20240510@080254.1540 rgmd6kp97jrspfp7cgik01crjt Query : select top 1 bo.trab5 valor from bo where bo.bostamp=''
20240510@080254.1544 rgmd6kp97jrspfp7cgik01crjt Query : select top 1 bo.serie valor from bo where bo.bostamp=''
20240510@080254.1548 rgmd6kp97jrspfp7cgik01crjt Query : insert into wsft2039data (ft2stamp, ousrdata,ousrhora, usrdata,usrhora,ousrinis,usrinis,u_nomeenv ,u_moradaen ,u_codposen ,u_localenv ,u_coddest ,u_codby ) values ('aut663dc77753663dc69e1c',getdate(),convert(char(8),convert (time,getdate())),getdate(),convert(char(8),convert (time,getdate())),'wsv','wsv',?,?,?,?,?,?)
20240510@080254.1776 rgmd6kp97jrspfp7cgik01crjt Query : select top 1 fno valor from wsft039data order by fno desc
20240510@080254.1797 rgmd6kp97jrspfp7cgik01crjt Query : select 1 valor from information_schema.tables where table_type='base table' and table_name='wsft039fields'
20240510@080254.1811 rgmd6kp97jrspfp7cgik01crjt Query : select fieldkey,fieldname,fieldtype,calcformula from wsft039fields
20240510@080254.1827 rgmd6kp97jrspfp7cgik01crjt Query : insert into wsft039data (ftstamp, ousrdata,ousrhora, usrdata,usrhora,ousrinis,usrinis,fno,no,estab,fdata,ndoc,moeda,cambio,cambiofixo,ftano,cdata,chora,carga,descar,site ,classe ) values ('aut663dc77753663dc69e1c',getdate(),convert(char(8),convert (time,getdate())),getdate(),convert(char(8),convert (time,getdate())),'wsv','wsv',1260,101597,0,'2024-05-10',39,'euro',0,0,2024 ,'20240510','0832',?,?,?,?)
20240510@080254.2196 rgmd6kp97jrspfp7cgik01crjt Query : use flama_phc
20240510@080254.2309 rgmd6kp97jrspfp7cgik01crjt Query : select st.usalote valor from st where st.ref = '304.4006.00.2'
20240510@080254.2501 rgmd6kp97jrspfp7cgik01crjt Query : select top 1 st.tabiva ,st.ivaincl ,st.stns ,st.uni2 ,st.familia ,isnull(tx.taxa, 0) txiva ,unidade ,usalote ,epcpond ,noserie from st left join taxasiva tx on st.tabiva = tx.codigo where st.ref = '304.4006.00.2'
20240510@080254.2685 rgmd6kp97jrspfp7cgik01crjt Query : select 1 valor from information_schema.tables where table_type='base table' and table_name='wsfi039fields'
20240510@080254.2699 rgmd6kp97jrspfp7cgik01crjt Query : select fieldkey,fieldname,fieldtype,mandatory from wsfi039fields
20240510@080254.2721 rgmd6kp97jrspfp7cgik01crjt Query : select 1 valor from information_schema.tables where table_type='base table' and table_name='wsfi2039fields'
20240510@080254.2735 rgmd6kp97jrspfp7cgik01crjt Query : select fieldkey,fieldname,fieldtype,mandatory from wsfi2039fields
20240510@080254.2739 rgmd6kp97jrspfp7cgik01crjt Query : select sestamp valor from se where ref ='304.4006.00.2' and lote = '201798'
20240510@080254.2768 rgmd6kp97jrspfp7cgik01crjt Query : select top 1 convert(numeric(6,2),t.taxa) valor from taxasiva t where t.codigo='2'
20240510@080254.2777 rgmd6kp97jrspfp7cgik01crjt Query : select 1 valor from information_schema.tables where table_type='base table' and table_name='wsfi039fields'
20240510@080254.2790 rgmd6kp97jrspfp7cgik01crjt Query : select fieldkey,fieldname,fieldtype,calcformula from wsfi039fields
20240510@080254.2812 rgmd6kp97jrspfp7cgik01crjt Query : insert into wsfi039data (fistamp,ousrdata, ousrhora, usrdata,usrhora,ousrinis,usrinis ,qtt ,ftstamp ,epv,pvmoeda ,tabiva,iva,lordem ,ref, design ,lote,armazem,bistamp ) values ('aut663dc99255663dc69e43',getdate(),convert(char(8),convert (time,getdate())),getdate(),convert(char(8),convert (time,getdate())),'wsv','wsv',1.000 ,'aut663dc77753663dc69e1c' ,0,0 ,2,23.00,10000,?,?,?,?,?)
20240510@080254.3070 rgmd6kp97jrspfp7cgik01crjt Query : select 1 valor from information_schema.tables where table_type='base table' and table_name='wsfi2039fields'
20240510@080254.3085 rgmd6kp97jrspfp7cgik01crjt Query : select fieldkey,fieldname,fieldtype,calcformula from wsfi2039fields
20240510@080254.3089 rgmd6kp97jrspfp7cgik01crjt Query : insert into wsfi2039data (fi2stamp,ftstamp ,ousrdata, ousrhora, usrdata,usrhora,ousrinis,usrinis) values ('aut663dc99255663dc69e43','aut663dc77753663dc69e1c' ,getdate(),convert(char(8),convert (time,getdate())),getdate(),convert(char(8),convert (time,getdate())),'wsv','wsv')
20240510@080254.3094 rgmd6kp97jrspfp7cgik01crjt Query : insert into wsftcreationlog (initialftstamp,externalid,creationstatus,documenttypeid,idustamp) values ('aut663dc77753663dc69e1c','2403278','wait',39,'ari17112337378,753000005')
20240510@080254.3109 rgmd6kp97jrspfp7cgik01crjt Query : use flama_phc
20240510@080254.3112 rgmd6kp97jrspfp7cgik01crjt Query : update u_wsusers set rqsttoken =? where userid ='userls001'
20240510@080254.3123 rgmd6kp97jrspfp7cgik01crjt Query : select concat(rtrim(relative_path),ltrim(name_new)) as valor from uploadfiles where uploadfile_id='1579';
20240510@080254.3138 rgmd6kp97jrspfp7cgik01crjt Query : update uploadfiles set whenupdated=current_timestamp where uploadfile_id='1579';
20240510@080254.3155 rgmd6kp97jrspfp7cgik01crjt Query : select concat(rtrim(relative_path),ltrim(name_new)) as valor from uploadfiles where uploadfile_id='1579';
20240510@080254.3167 rgmd6kp97jrspfp7cgik01crjt Query : update uploadfiles set whenupdated=current_timestamp where uploadfile_id='1579';
20240510@080254.3587 mhv3o1nqqjr1deibq4g0ctum2o Query : insert into uploadfiles ( name_original, name_new, option_type, relative_path, whencreated ) values ( ?, ?, ?, ?, getdate() )
20240510@080254.3600 mhv3o1nqqjr1deibq4g0ctum2o Query : select uploadfile_id valor from uploadfiles where name_new = ? and option_type = ? 
20240510@080254.3638 mhv3o1nqqjr1deibq4g0ctum2o Query : select concat(rtrim(relative_path),ltrim(name_new)) as valor from uploadfiles where uploadfile_id='1580';
20240510@080254.3679 mhv3o1nqqjr1deibq4g0ctum2o Query : update uploadfiles set whenupdated=current_timestamp where uploadfile_id='1580';
20240510@080254.3698 mhv3o1nqqjr1deibq4g0ctum2o Query : select concat(rtrim(relative_path),ltrim(name_new)) as valor from uploadfiles where uploadfile_id='1580';
20240510@080254.3710 mhv3o1nqqjr1deibq4g0ctum2o Query : update uploadfiles set whenupdated=current_timestamp where uploadfile_id='1580';
20240510@080254.3727 mhv3o1nqqjr1deibq4g0ctum2o Query : use flama_phc
20240510@080254.3730 mhv3o1nqqjr1deibq4g0ctum2o Query : select top 1 secretkey valor from u_wsusers u where u.userid = ? and u.inactivo=0
20240510@080254.3742 mhv3o1nqqjr1deibq4g0ctum2o Query : use flama_phc
20240510@080254.3745 mhv3o1nqqjr1deibq4g0ctum2o Query : select no, estab,szadrsdesc from szadrs where u_coddest=1123
20240510@080254.4021 mhv3o1nqqjr1deibq4g0ctum2o Query : select top 1 isnull(design,'') valor from st (nolock) left join stobs (nolock) on st.ref = stobs.ref where st.ref = '324.1824.00.1'
20240510@080254.4175 mhv3o1nqqjr1deibq4g0ctum2o Query : select top 1 bistamp valor from bi inner join bo on bo.bostamp=bi.bostamp where bo.ndos =240 and bo.boano =2032 and bo.obrano = 2403291 and bi.ref ='324.1824.00.1' and bi.lordem =1
20240510@080254.4491 mhv3o1nqqjr1deibq4g0ctum2o Query : select top 1 isnull(design,'') valor from st (nolock) left join stobs (nolock) on st.ref = stobs.ref where st.ref = '324.1824.00.1'
20240510@080254.4503 mhv3o1nqqjr1deibq4g0ctum2o Query : select top 1 bistamp valor from bi inner join bo on bo.bostamp=bi.bostamp where bo.ndos =240 and bo.boano =2032 and bo.obrano = 2403291 and bi.ref ='324.1824.00.1' and bi.lordem =2
20240510@080254.4816 mhv3o1nqqjr1deibq4g0ctum2o Query : use flama_phc
20240510@080254.4820 mhv3o1nqqjr1deibq4g0ctum2o Query : select top 1 convert(date,fdata) valor from ft where ndoc = 39 and anulado= 0 and fno>0 order by fdata desc
20240510@080254.4835 mhv3o1nqqjr1deibq4g0ctum2o Query : use flama_phc
20240510@080254.4838 mhv3o1nqqjr1deibq4g0ctum2o Query : select top 1 1 valor from td where td.ndoc = 39
20240510@080254.4849 mhv3o1nqqjr1deibq4g0ctum2o Query : use flama_phc
20240510@080254.4852 mhv3o1nqqjr1deibq4g0ctum2o Query : select descricao ,case when valor='s' then 1 else 0 end usalotes from para1 where descricao in ('st_lote')
20240510@080254.4866 mhv3o1nqqjr1deibq4g0ctum2o Query : select top 1 assinadoc issigned ,td.lancasl stocks ,'cl' origin ,case when (cmsl between 1 and 50 ) then 1 else 0 end entrada ,case when (cmsl>50 ) then 1 else 0 end saida ,~lotestock validatestock ,tiposaft from td inner join td2 on td.tdstamp=td2.td2stamp where td.ndoc =39
20240510@080254.4881 mhv3o1nqqjr1deibq4g0ctum2o Query : use flama_phc
20240510@080254.4885 mhv3o1nqqjr1deibq4g0ctum2o Query : select top 1 ~inactivo valor from cl where no = '101794' and estab = 0 order by inactivo desc
20240510@080254.4999 mhv3o1nqqjr1deibq4g0ctum2o Query : use flama_phc
20240510@080254.5002 mhv3o1nqqjr1deibq4g0ctum2o Query : select top 1 tipodoc,regrd from td where ndoc = 39
20240510@080254.5012 mhv3o1nqqjr1deibq4g0ctum2o Query : use flama_phc
20240510@080254.5015 mhv3o1nqqjr1deibq4g0ctum2o Query : select szadrsstamp valor from szadrs where szadrsdesc='espaÇotrans,lda'
20240510@080254.5026 mhv3o1nqqjr1deibq4g0ctum2o Query : use flama_phc
20240510@080254.5029 mhv3o1nqqjr1deibq4g0ctum2o Query : select szadrsstamp valor from szadrs where szadrsdesc='dario alberto almeida, lda'
20240510@080254.5042 mhv3o1nqqjr1deibq4g0ctum2o Query : use flama_phc
20240510@080254.5044 mhv3o1nqqjr1deibq4g0ctum2o Query : select 1 valor from td where ndoc = 39
20240510@080254.5054 mhv3o1nqqjr1deibq4g0ctum2o Query : select top 1 manternumero, tiposaft, nmdos,td.assinadoc from td where td.ndoc = 39
20240510@080254.5065 mhv3o1nqqjr1deibq4g0ctum2o Query : select 1 valor from information_schema.tables where table_type='base table' and table_name='wsft039fields'
20240510@080254.5079 mhv3o1nqqjr1deibq4g0ctum2o Query : select fieldkey,fieldname,fieldtype,mandatory from wsft039fields
20240510@080254.5095 mhv3o1nqqjr1deibq4g0ctum2o Query : select 1 valor from information_schema.tables where table_type='base table' and table_name='wsft2039fields'
20240510@080254.5106 mhv3o1nqqjr1deibq4g0ctum2o Query : select fieldkey,fieldname,fieldtype,mandatory from wsft2039fields
20240510@080254.5130 mhv3o1nqqjr1deibq4g0ctum2o Query : select 1 valor from information_schema.tables where table_type='base table' and table_name='wsft3039fields'
20240510@080254.5142 mhv3o1nqqjr1deibq4g0ctum2o Query : select fieldkey,fieldname,fieldtype,mandatory from wsft3039fields
20240510@080254.5151 mhv3o1nqqjr1deibq4g0ctum2o Query : select top 1 ft.fno valor from ft ft where ft.ndoc = 39 and ftano=2024 order by fno desc
20240510@080254.5229 mhv3o1nqqjr1deibq4g0ctum2o Query : select top 1 ft.fno valor from wsft039data ft where ft.ndoc = 39 and ftano=2024 order by fno desc
20240510@080254.5238 mhv3o1nqqjr1deibq4g0ctum2o Query : select 1 valor from information_schema.tables where table_type='base table' and table_name='wsft3039fields'
20240510@080254.5252 mhv3o1nqqjr1deibq4g0ctum2o Query : select fieldkey,fieldname,fieldtype,calcformula from wsft3039fields
20240510@080254.5261 mhv3o1nqqjr1deibq4g0ctum2o Query : insert into wsft3039data (ft3stamp, ousrdata, ousrhora, usrdata,usrhora,ousrinis,usrinis,taxpointdt ) values ('aut663dc95521663dc69e7d' ,getdate(),convert(char(8),convert (time,getdate())),getdate(),convert(char(8),convert (time,getdate())),'wsv','wsv',?)
20240510@080254.5475 mhv3o1nqqjr1deibq4g0ctum2o Query : select 1 valor from information_schema.tables where table_type='base table' and table_name='wsft2039fields'
20240510@080254.5514 mhv3o1nqqjr1deibq4g0ctum2o Query : select fieldkey,fieldname,fieldtype,calcformula from wsft2039fields
20240510@080254.5544 mhv3o1nqqjr1deibq4g0ctum2o Query : select top 1 bo.u_nomeenv valor from bo where bo.bostamp=''
20240510@080254.5549 mhv3o1nqqjr1deibq4g0ctum2o Query : select top 1 bo.u_moradaen valor from bo where bo.bostamp=''
20240510@080254.5554 mhv3o1nqqjr1deibq4g0ctum2o Query : select top 1 bo.u_codposen valor from bo where bo.bostamp=''
20240510@080254.5558 mhv3o1nqqjr1deibq4g0ctum2o Query : select top 1 bo.u_localenv valor from bo where bo.bostamp=''
20240510@080254.5563 mhv3o1nqqjr1deibq4g0ctum2o Query : select top 1 bo.trab5 valor from bo where bo.bostamp=''
20240510@080254.5567 mhv3o1nqqjr1deibq4g0ctum2o Query : select top 1 bo.serie valor from bo where bo.bostamp=''
20240510@080254.5572 mhv3o1nqqjr1deibq4g0ctum2o Query : insert into wsft2039data (ft2stamp, ousrdata,ousrhora, usrdata,usrhora,ousrinis,usrinis,u_nomeenv ,u_moradaen ,u_codposen ,u_localenv ,u_coddest ,u_codby ) values ('aut663dc95521663dc69e7d',getdate(),convert(char(8),convert (time,getdate())),getdate(),convert(char(8),convert (time,getdate())),'wsv','wsv',?,?,?,?,?,?)
20240510@080254.5893 mhv3o1nqqjr1deibq4g0ctum2o Query : select top 1 fno valor from wsft039data order by fno desc
20240510@080254.6010 mhv3o1nqqjr1deibq4g0ctum2o Query : select 1 valor from information_schema.tables where table_type='base table' and table_name='wsft039fields'
20240510@080254.6026 mhv3o1nqqjr1deibq4g0ctum2o Query : select fieldkey,fieldname,fieldtype,calcformula from wsft039fields
20240510@080254.6043 mhv3o1nqqjr1deibq4g0ctum2o Query : insert into wsft039data (ftstamp, ousrdata,ousrhora, usrdata,usrhora,ousrinis,usrinis,fno,no,estab,fdata,ndoc,moeda,cambio,cambiofixo,ftano,cdata,chora,carga,descar,site ,classe ) values ('aut663dc95521663dc69e7d',getdate(),convert(char(8),convert (time,getdate())),getdate(),convert(char(8),convert (time,getdate())),'wsv','wsv',1261,101794,0,'2024-05-10',39,'euro',0,0,2024 ,'20240510','0832',?,?,?,?)
20240510@080254.6317 mhv3o1nqqjr1deibq4g0ctum2o Query : use flama_phc
20240510@080254.6322 mhv3o1nqqjr1deibq4g0ctum2o Query : select st.usalote valor from st where st.ref = '324.1824.00.1'
20240510@080254.6334 mhv3o1nqqjr1deibq4g0ctum2o Query : select top 1 st.tabiva ,st.ivaincl ,st.stns ,st.uni2 ,st.familia ,isnull(tx.taxa, 0) txiva ,unidade ,usalote ,epcpond ,noserie from st left join taxasiva tx on st.tabiva = tx.codigo where st.ref = '324.1824.00.1'
20240510@080254.6548 mhv3o1nqqjr1deibq4g0ctum2o Query : select 1 valor from information_schema.tables where table_type='base table' and table_name='wsfi039fields'
20240510@080254.6563 mhv3o1nqqjr1deibq4g0ctum2o Query : select fieldkey,fieldname,fieldtype,mandatory from wsfi039fields
20240510@080254.6663 mhv3o1nqqjr1deibq4g0ctum2o Query : select 1 valor from information_schema.tables where table_type='base table' and table_name='wsfi2039fields'
20240510@080254.6678 mhv3o1nqqjr1deibq4g0ctum2o Query : select fieldkey,fieldname,fieldtype,mandatory from wsfi2039fields
20240510@080254.6683 mhv3o1nqqjr1deibq4g0ctum2o Query : select sestamp valor from se where ref ='324.1824.00.1' and lote = 'r2301208200a'
20240510@080254.6702 mhv3o1nqqjr1deibq4g0ctum2o Query : select top 1 convert(numeric(6,2),t.taxa) valor from taxasiva t where t.codigo='2'
20240510@080254.6712 mhv3o1nqqjr1deibq4g0ctum2o Query : select 1 valor from information_schema.tables where table_type='base table' and table_name='wsfi039fields'
20240510@080254.6726 mhv3o1nqqjr1deibq4g0ctum2o Query : select fieldkey,fieldname,fieldtype,calcformula from wsfi039fields
20240510@080254.6755 mhv3o1nqqjr1deibq4g0ctum2o Query : insert into wsfi039data (fistamp,ousrdata, ousrhora, usrdata,usrhora,ousrinis,usrinis ,qtt ,ftstamp ,epv,pvmoeda ,tabiva,iva,lordem ,ref, design ,lote,armazem,bistamp ) values ('aut663dc07468663dc69ea3',getdate(),convert(char(8),convert (time,getdate())),getdate(),convert(char(8),convert (time,getdate())),'wsv','wsv',15.000 ,'aut663dc95521663dc69e7d' ,0,0 ,2,23.00,10000,?,?,?,?,?)
20240510@080254.7046 mhv3o1nqqjr1deibq4g0ctum2o Query : select 1 valor from information_schema.tables where table_type='base table' and table_name='wsfi2039fields'
20240510@080254.7098 mhv3o1nqqjr1deibq4g0ctum2o Query : select fieldkey,fieldname,fieldtype,calcformula from wsfi2039fields
20240510@080254.7103 mhv3o1nqqjr1deibq4g0ctum2o Query : insert into wsfi2039data (fi2stamp,ftstamp ,ousrdata, ousrhora, usrdata,usrhora,ousrinis,usrinis) values ('aut663dc07468663dc69ea3','aut663dc95521663dc69e7d' ,getdate(),convert(char(8),convert (time,getdate())),getdate(),convert(char(8),convert (time,getdate())),'wsv','wsv')
20240510@080254.7109 mhv3o1nqqjr1deibq4g0ctum2o Query : select 1 valor from information_schema.tables where table_type='base table' and table_name='wsfi039fields'
20240510@080254.7124 mhv3o1nqqjr1deibq4g0ctum2o Query : select fieldkey,fieldname,fieldtype,mandatory from wsfi039fields
20240510@080254.7189 mhv3o1nqqjr1deibq4g0ctum2o Query : select 1 valor from information_schema.tables where table_type='base table' and table_name='wsfi2039fields'
20240510@080254.7204 mhv3o1nqqjr1deibq4g0ctum2o Query : select fieldkey,fieldname,fieldtype,mandatory from wsfi2039fields
20240510@080254.7209 mhv3o1nqqjr1deibq4g0ctum2o Query : select top 1 convert(numeric(6,2),t.taxa) valor from taxasiva t where t.codigo='2'
20240510@080254.7219 mhv3o1nqqjr1deibq4g0ctum2o Query : select 1 valor from information_schema.tables where table_type='base table' and table_name='wsfi039fields'
20240510@080254.7232 mhv3o1nqqjr1deibq4g0ctum2o Query : select fieldkey,fieldname,fieldtype,calcformula from wsfi039fields
20240510@080254.7255 mhv3o1nqqjr1deibq4g0ctum2o Query : insert into wsfi039data (fistamp,ousrdata, ousrhora, usrdata,usrhora,ousrinis,usrinis ,qtt ,ftstamp ,epv,pvmoeda ,tabiva,iva,lordem ,ref, design ,armazem) values ('aut663dc72528663dc69eb0',getdate(),convert(char(8),convert (time,getdate())),getdate(),convert(char(8),convert (time,getdate())),'wsv','wsv',0 ,'aut663dc95521663dc69e7d' ,0,0 ,2,23.00,20000,?,?,?)
20240510@080254.7479 mhv3o1nqqjr1deibq4g0ctum2o Query : select 1 valor from information_schema.tables where table_type='base table' and table_name='wsfi2039fields'
20240510@080254.7496 mhv3o1nqqjr1deibq4g0ctum2o Query : select fieldkey,fieldname,fieldtype,calcformula from wsfi2039fields
20240510@080254.7501 mhv3o1nqqjr1deibq4g0ctum2o Query : insert into wsfi2039data (fi2stamp,ftstamp ,ousrdata, ousrhora, usrdata,usrhora,ousrinis,usrinis) values ('aut663dc72528663dc69eb0','aut663dc95521663dc69e7d' ,getdate(),convert(char(8),convert (time,getdate())),getdate(),convert(char(8),convert (time,getdate())),'wsv','wsv')
20240510@080254.7507 mhv3o1nqqjr1deibq4g0ctum2o Query : use flama_phc
20240510@080254.7510 mhv3o1nqqjr1deibq4g0ctum2o Query : select st.usalote valor from st where st.ref = '324.1824.00.1'
20240510@080254.7522 mhv3o1nqqjr1deibq4g0ctum2o Query : select top 1 st.tabiva ,st.ivaincl ,st.stns ,st.uni2 ,st.familia ,isnull(tx.taxa, 0) txiva ,unidade ,usalote ,epcpond ,noserie from st left join taxasiva tx on st.tabiva = tx.codigo where st.ref = '324.1824.00.1'
20240510@080254.7534 mhv3o1nqqjr1deibq4g0ctum2o Query : select 1 valor from information_schema.tables where table_type='base table' and table_name='wsfi039fields'
20240510@080254.7547 mhv3o1nqqjr1deibq4g0ctum2o Query : select fieldkey,fieldname,fieldtype,mandatory from wsfi039fields
20240510@080254.7574 mhv3o1nqqjr1deibq4g0ctum2o Query : select 1 valor from information_schema.tables where table_type='base table' and table_name='wsfi2039fields'
20240510@080254.7587 mhv3o1nqqjr1deibq4g0ctum2o Query : select fieldkey,fieldname,fieldtype,mandatory from wsfi2039fields
20240510@080254.7592 mhv3o1nqqjr1deibq4g0ctum2o Query : select sestamp valor from se where ref ='324.1824.00.1' and lote = 'r2301208200a'
20240510@080254.7602 mhv3o1nqqjr1deibq4g0ctum2o Query : select top 1 convert(numeric(6,2),t.taxa) valor from taxasiva t where t.codigo='2'
20240510@080254.7612 mhv3o1nqqjr1deibq4g0ctum2o Query : select 1 valor from information_schema.tables where table_type='base table' and table_name='wsfi039fields'
20240510@080254.7624 mhv3o1nqqjr1deibq4g0ctum2o Query : select fieldkey,fieldname,fieldtype,calcformula from wsfi039fields
20240510@080254.7650 mhv3o1nqqjr1deibq4g0ctum2o Query : insert into wsfi039data (fistamp,ousrdata, ousrhora, usrdata,usrhora,ousrinis,usrinis ,qtt ,ftstamp ,epv,pvmoeda ,tabiva,iva,lordem ,ref, design ,lote,armazem,bistamp ) values ('aut663dc41116663dc69eb9',getdate(),convert(char(8),convert (time,getdate())),getdate(),convert(char(8),convert (time,getdate())),'wsv','wsv',4.000 ,'aut663dc95521663dc69e7d' ,0,0 ,2,23.00,40000,?,?,?,?,?)
20240510@080254.7949 mhv3o1nqqjr1deibq4g0ctum2o Query : select 1 valor from information_schema.tables where table_type='base table' and table_name='wsfi2039fields'
20240510@080254.7966 mhv3o1nqqjr1deibq4g0ctum2o Query : select fieldkey,fieldname,fieldtype,calcformula from wsfi2039fields
20240510@080254.7971 mhv3o1nqqjr1deibq4g0ctum2o Query : insert into wsfi2039data (fi2stamp,ftstamp ,ousrdata, ousrhora, usrdata,usrhora,ousrinis,usrinis) values ('aut663dc41116663dc69eb9','aut663dc95521663dc69e7d' ,getdate(),convert(char(8),convert (time,getdate())),getdate(),convert(char(8),convert (time,getdate())),'wsv','wsv')
20240510@080254.7976 mhv3o1nqqjr1deibq4g0ctum2o Query : select 1 valor from information_schema.tables where table_type='base table' and table_name='wsfi039fields'
20240510@080254.7997 mhv3o1nqqjr1deibq4g0ctum2o Query : select fieldkey,fieldname,fieldtype,mandatory from wsfi039fields
20240510@080254.8020 mhv3o1nqqjr1deibq4g0ctum2o Query : select 1 valor from information_schema.tables where table_type='base table' and table_name='wsfi2039fields'
20240510@080254.8033 mhv3o1nqqjr1deibq4g0ctum2o Query : select fieldkey,fieldname,fieldtype,mandatory from wsfi2039fields
20240510@080254.8037 mhv3o1nqqjr1deibq4g0ctum2o Query : select top 1 convert(numeric(6,2),t.taxa) valor from taxasiva t where t.codigo='2'
20240510@080254.8047 mhv3o1nqqjr1deibq4g0ctum2o Query : select 1 valor from information_schema.tables where table_type='base table' and table_name='wsfi039fields'
20240510@080254.8059 mhv3o1nqqjr1deibq4g0ctum2o Query : select fieldkey,fieldname,fieldtype,calcformula from wsfi039fields
20240510@080254.8085 mhv3o1nqqjr1deibq4g0ctum2o Query : insert into wsfi039data (fistamp,ousrdata, ousrhora, usrdata,usrhora,ousrinis,usrinis ,qtt ,ftstamp ,epv,pvmoeda ,tabiva,iva,lordem ,ref, design ,armazem) values ('aut663dc49125663dc69ec4',getdate(),convert(char(8),convert (time,getdate())),getdate(),convert(char(8),convert (time,getdate())),'wsv','wsv',0 ,'aut663dc95521663dc69e7d' ,0,0 ,2,23.00,50000,?,?,?)
20240510@080254.8316 mhv3o1nqqjr1deibq4g0ctum2o Query : select 1 valor from information_schema.tables where table_type='base table' and table_name='wsfi2039fields'
20240510@080254.8331 mhv3o1nqqjr1deibq4g0ctum2o Query : select fieldkey,fieldname,fieldtype,calcformula from wsfi2039fields
20240510@080254.8336 mhv3o1nqqjr1deibq4g0ctum2o Query : insert into wsfi2039data (fi2stamp,ftstamp ,ousrdata, ousrhora, usrdata,usrhora,ousrinis,usrinis) values ('aut663dc49125663dc69ec4','aut663dc95521663dc69e7d' ,getdate(),convert(char(8),convert (time,getdate())),getdate(),convert(char(8),convert (time,getdate())),'wsv','wsv')
20240510@080254.8341 mhv3o1nqqjr1deibq4g0ctum2o Query : insert into wsftcreationlog (initialftstamp,externalid,creationstatus,documenttypeid,idustamp) values ('aut663dc95521663dc69e7d','2403291','wait',39,'ari17112337378,753000005')
20240510@080254.8370 mhv3o1nqqjr1deibq4g0ctum2o Query : use flama_phc
20240510@080254.8373 mhv3o1nqqjr1deibq4g0ctum2o Query : update u_wsusers set rqsttoken =? where userid ='userls001'
20240510@080254.8384 mhv3o1nqqjr1deibq4g0ctum2o Query : select concat(rtrim(relative_path),ltrim(name_new)) as valor from uploadfiles where uploadfile_id='1580';
20240510@080254.8399 mhv3o1nqqjr1deibq4g0ctum2o Query : update uploadfiles set whenupdated=current_timestamp where uploadfile_id='1580';
20240510@080254.8417 mhv3o1nqqjr1deibq4g0ctum2o Query : select concat(rtrim(relative_path),ltrim(name_new)) as valor from uploadfiles where uploadfile_id='1580';
20240510@080254.8429 mhv3o1nqqjr1deibq4g0ctum2o Query : update uploadfiles set whenupdated=current_timestamp where uploadfile_id='1580';
20240510@080254.8821 tutrbkslb2l8mvhcherdfd55nb Query : insert into uploadfiles ( name_original, name_new, option_type, relative_path, whencreated ) values ( ?, ?, ?, ?, getdate() )
20240510@080254.8834 tutrbkslb2l8mvhcherdfd55nb Query : select uploadfile_id valor from uploadfiles where name_new = ? and option_type = ? 
20240510@080254.8852 tutrbkslb2l8mvhcherdfd55nb Query : select concat(rtrim(relative_path),ltrim(name_new)) as valor from uploadfiles where uploadfile_id='1581';
20240510@080254.8894 tutrbkslb2l8mvhcherdfd55nb Query : update uploadfiles set whenupdated=current_timestamp where uploadfile_id='1581';
20240510@080254.8913 tutrbkslb2l8mvhcherdfd55nb Query : select concat(rtrim(relative_path),ltrim(name_new)) as valor from uploadfiles where uploadfile_id='1581';
20240510@080254.8926 tutrbkslb2l8mvhcherdfd55nb Query : update uploadfiles set whenupdated=current_timestamp where uploadfile_id='1581';
20240510@080254.8943 tutrbkslb2l8mvhcherdfd55nb Query : use flama_phc
20240510@080254.8946 tutrbkslb2l8mvhcherdfd55nb Query : select top 1 secretkey valor from u_wsusers u where u.userid = ? and u.inactivo=0
20240510@080254.8960 tutrbkslb2l8mvhcherdfd55nb Query : select no, estab,szadrsdesc from szadrs where u_coddest=2
20240510@080254.9038 tutrbkslb2l8mvhcherdfd55nb Query : select top 1 isnull(design,'') valor from st (nolock) where st.ref = '328.9170.00.1'
20240510@080254.9185 tutrbkslb2l8mvhcherdfd55nb Query : select top 1 isnull(design,'') valor from st (nolock) where st.ref = '328.9170.00.1'
20240510@080254.9195 tutrbkslb2l8mvhcherdfd55nb Query : select top 1 isnull(design,'') valor from st (nolock) where st.ref = '324.698.00.01'
20240510@080254.9303 tutrbkslb2l8mvhcherdfd55nb Query : select top 1 isnull(design,'') valor from st (nolock) where st.ref = '324.698.00.01'
20240510@080254.9312 tutrbkslb2l8mvhcherdfd55nb Query : select top 1 isnull(design,'') valor from st (nolock) where st.ref = '322.227.28.01'
20240510@080254.9416 tutrbkslb2l8mvhcherdfd55nb Query : select top 1 isnull(design,'') valor from st (nolock) where st.ref = '322.227.20.01'
20240510@080254.9527 tutrbkslb2l8mvhcherdfd55nb Query : select top 1 isnull(design,'') valor from st (nolock) where st.ref = '322.227.28.02'
20240510@080254.9640 tutrbkslb2l8mvhcherdfd55nb Query : select top 1 isnull(design,'') valor from st (nolock) where st.ref = '304.4211.00.1'
20240510@080254.9733 tutrbkslb2l8mvhcherdfd55nb Query : select top 1 isnull(design,'') valor from st (nolock) where st.ref = '304.4006.00.2'
20240510@080254.9821 tutrbkslb2l8mvhcherdfd55nb Query : select top 1 isnull(design,'') valor from st (nolock) where st.ref = '304.4006.00.2'
20240510@080254.9829 tutrbkslb2l8mvhcherdfd55nb Query : select top 1 isnull(design,'') valor from st (nolock) where st.ref = '324.1879.00.1'
20240510@080254.9915 tutrbkslb2l8mvhcherdfd55nb Query : select top 1 isnull(design,'') valor from st (nolock) where st.ref = '324.1675.00.2'
20240510@080255.3000 tutrbkslb2l8mvhcherdfd55nb Query : select top 1 isnull(design,'') valor from st (nolock) where st.ref = '324.1426.00.1'
20240510@080255.9300 tutrbkslb2l8mvhcherdfd55nb Query : select top 1 isnull(design,'') valor from st (nolock) where st.ref = '324.969.00.01'
20240510@080255.2000 tutrbkslb2l8mvhcherdfd55nb Query : select top 1 isnull(design,'') valor from st (nolock) where st.ref = '324.1405.00.1'
20240510@080255.3050 tutrbkslb2l8mvhcherdfd55nb Query : select top 1 isnull(design,'') valor from st (nolock) where st.ref = '327.8171.00.1'
20240510@080255.4010 tutrbkslb2l8mvhcherdfd55nb Query : select top 1 isnull(design,'') valor from st (nolock) where st.ref = '327.8171.00.1'
20240510@080255.4100 tutrbkslb2l8mvhcherdfd55nb Query : select top 1 isnull(design,'') valor from st (nolock) where st.ref = '328.9106.00.1'
20240510@080255.6620 tutrbkslb2l8mvhcherdfd55nb Query : select top 1 isnull(design,'') valor from st (nolock) where st.ref = '328.9106.00.1'
20240510@080255.7160 tutrbkslb2l8mvhcherdfd55nb Query : use flama_phc
20240510@080255.7200 tutrbkslb2l8mvhcherdfd55nb Query : select top 1 1 valor from ts where ts.ndos = 5
20240510@080255.8490 tutrbkslb2l8mvhcherdfd55nb Query : use flama_phc
20240510@080255.8530 tutrbkslb2l8mvhcherdfd55nb Query : select descricao ,case when valor='s' then 1 else 0 end usalotes from para1 where descricao in ('st_lote')
20240510@080255.8640 tutrbkslb2l8mvhcherdfd55nb Query : select top 1 assinadoc issigned ,ts.stocks ,ts.bdempresas origin ,case when (cmstocks between 1 and 50 or cm2stocks between 1 and 50 ) then 1 else 0 end entrada ,case when (cmstocks>50 or cm2stocks>50 ) then 1 else 0 end saida ,stneg validatestock ,tiposaft from ts inner join ts2 on ts.tsstamp=ts2.ts2stamp where ts.ndos =5
20240510@080255.1009 tutrbkslb2l8mvhcherdfd55nb Query : use flama_phc
20240510@080255.1013 tutrbkslb2l8mvhcherdfd55nb Query : select top 1 ~inactivo valor from fl where no = '100500' and estab = 0 order by inactivo desc
20240510@080255.1091 tutrbkslb2l8mvhcherdfd55nb Query : use flama_phc
20240510@080255.1094 tutrbkslb2l8mvhcherdfd55nb Query : select szadrsstamp valor from szadrs where szadrsdesc='espaÇotrans,lda'
20240510@080255.1105 tutrbkslb2l8mvhcherdfd55nb Query : use flama_phc
20240510@080255.1108 tutrbkslb2l8mvhcherdfd55nb Query : select szadrsstamp valor from szadrs where szadrsdesc='n/instalaÇÕes sede'
20240510@080255.1121 tutrbkslb2l8mvhcherdfd55nb Query : use flama_phc
20240510@080255.1123 tutrbkslb2l8mvhcherdfd55nb Query : select 1 valor from ts where ndos = 5
20240510@080255.1199 tutrbkslb2l8mvhcherdfd55nb Query : select 1 valor from information_schema.tables where table_type='base table' and table_name='wsbo005fields'
20240510@080255.1489 tutrbkslb2l8mvhcherdfd55nb Query : select fieldkey,fieldname,fieldtype,mandatory from wsbo005fields
20240510@080255.1533 tutrbkslb2l8mvhcherdfd55nb Query : select 1 valor from information_schema.tables where table_type='base table' and table_name='wsbo2005fields'
20240510@080255.1795 tutrbkslb2l8mvhcherdfd55nb Query : select 1 valor from information_schema.tables where table_type='base table' and table_name='wsbo3005fields'
20240510@080255.2065 tutrbkslb2l8mvhcherdfd55nb Query : select top 1 ts2.manternumero, ts.tiposaft, ts.idserie,ts.nmdos,ts.bdempresas from ts inner join ts2 on ts.tsstamp=ts2.ts2stamp where ts.ndos = 5
20240510@080255.2190 tutrbkslb2l8mvhcherdfd55nb Query : select top 1 bo.obrano valor from bo bo where bo.ndos = 5 and boano=2024 order by obrano desc
20240510@080255.2331 tutrbkslb2l8mvhcherdfd55nb Query : select top 1 bo.obrano valor from wsbo005data bo where bo.ndos = 5 and boano=2024 order by obrano desc
20240510@080255.2384 tutrbkslb2l8mvhcherdfd55nb Query : use flama_phc
20240510@080255.2388 tutrbkslb2l8mvhcherdfd55nb Query : select top 1 no,estab,nome, morada, local,codpost,ncont,pncont,pais,inactivo,motiseimp,codmotiseimp from fl where no='100500' and estab=0
20240510@080255.2481 tutrbkslb2l8mvhcherdfd55nb Query : select 1 valor from information_schema.tables where table_type='base table' and table_name='wsbo3005fields'
20240510@080255.2487 tutrbkslb2l8mvhcherdfd55nb Query : insert into wsbo3005data (bo3stamp, ousrdata, ousrhora, usrdata,usrhora,ousrinis,usrinis) values ('aut663dc32507663dc69f3a',getdate(),convert(char(8),convert (time,getdate())),getdate(),convert(char(8),convert (time,getdate())),'aut','aut')
20240510@080255.2627 tutrbkslb2l8mvhcherdfd55nb Query : select 1 valor from information_schema.tables where table_type='base table' and table_name='wsbo2005fields'
20240510@080255.2635 tutrbkslb2l8mvhcherdfd55nb Query : insert into wsbo2005data (bo2stamp, tiposaft, idserie,cambio,cambiofixo,ousrdata, ousrhora, usrdata,usrhora,ousrinis,usrinis,xpddata,xpdhora,carga,descar) values ('aut663dc32507663dc69f3a','ga','bo','0',0,getdate(),convert(char(8),convert (time,getdate())),getdate(),convert(char(8),convert (time,getdate())),'aut','aut','20240510','08:32',?,?)
20240510@080255.3000 tutrbkslb2l8mvhcherdfd55nb Query : select 1 valor from information_schema.tables where table_type='base table' and table_name='wsbo005fields'
20240510@080255.3017 tutrbkslb2l8mvhcherdfd55nb Query : select fieldkey,fieldname,fieldtype,calcformula from wsbo005fields
20240510@080255.3051 tutrbkslb2l8mvhcherdfd55nb Query : insert into wsbo005data (bostamp, nmdos, dataobra, ndos, obrano, no, estab, nome, ncont, morada, local, codpost, moeda, boano, memissao,ousrdata, ousrhora, usrdata,usrhora,ousrinis,usrinis,maquina ) values ('aut663dc32507663dc69f3a','trf entre armazéns a','2024-05-10',5,266,?,?,?,?,?,?,?,?,2024, (select valor from para1 where descricao = 'ge_euro') ,getdate(),convert(char(8),convert (time,getdate())),getdate(),convert(char(8),convert (time,getdate())),'aut','aut',?)
20240510@080255.3713 tutrbkslb2l8mvhcherdfd55nb Query : use flama_phc
20240510@080255.3717 tutrbkslb2l8mvhcherdfd55nb Query : select st.usalote valor from st where st.ref = '328.9170.00.1'
20240510@080255.3729 tutrbkslb2l8mvhcherdfd55nb Query : select top 1 st.tabiva ,st.ivaincl ,st.stns ,st.uni2 ,st.familia ,isnull(tx.taxa, 0) txiva ,unidade ,usalote ,epcpond ,noserie from st left join taxasiva tx on st.tabiva = tx.codigo where st.ref = '328.9170.00.1'
20240510@080255.3906 tutrbkslb2l8mvhcherdfd55nb Query : select 1 valor from information_schema.tables where table_type='base table' and table_name='wsbi005fields'
20240510@080255.4312 tutrbkslb2l8mvhcherdfd55nb Query : select fieldkey,fieldname,fieldtype,mandatory from wsbi005fields
20240510@080255.5407 tutrbkslb2l8mvhcherdfd55nb Query : select 1 valor from information_schema.tables where table_type='base table' and table_name='wsbi2005fields'
20240510@080255.5696 tutrbkslb2l8mvhcherdfd55nb Query : select 1 valor from information_schema.tables where table_type='base table' and table_name='wsbi005fields'
20240510@080255.5710 tutrbkslb2l8mvhcherdfd55nb Query : select fieldkey,fieldname,fieldtype,mandatory from wsbi005fields
20240510@080255.5724 tutrbkslb2l8mvhcherdfd55nb Query : select 1 valor from information_schema.tables where table_type='base table' and table_name='wsbi2005fields'
20240510@080255.5730 tutrbkslb2l8mvhcherdfd55nb Query : select top 1 convert(numeric(6,2),t.taxa) valor from taxasiva t where t.codigo='2'
20240510@080255.5741 tutrbkslb2l8mvhcherdfd55nb Query : select 1 valor from information_schema.tables where table_type='base table' and table_name='wsbi005fields'
20240510@080255.5754 tutrbkslb2l8mvhcherdfd55nb Query : select fieldkey,fieldname,fieldtype,calcformula from wsbi005fields
20240510@080255.5791 tutrbkslb2l8mvhcherdfd55nb Query : insert into wsbi005data (bistamp,ousrdata, ousrhora, usrdata,usrhora,ousrinis,usrinis ,obrano, qtt ,no, estab,nmdos ,ndos, obranome,fechada, dataobra ,dataopen, datafecho,local, morada ,codpost, nome,bostamp,lordem , edebito,debito ,ivaincl,stns,unidade, unidad2 ,marcada,usalote ,ettdeb,ttdeb,epcusto, pcusto ,ecustoind,custoind ,vumoeda,ttmoeda ,vendedor,vendnm, ccusto,ncusto ,noserie,tabiva,iva ,ref,design,familia,armazem,ar2mazem) select 'aut663dc24262663dc69f8c',getdate(),convert(char(8),convert (time,getdate())),getdate(),convert(char(8),convert (time,getdate())),'aut','aut',bo.obrano, 0 ,bo.no, bo.estab,bo.nmdos ,bo.ndos, bo.obranome,bo.fechada, bo.dataobra ,bo.dataopen,bo.datafecho,bo.local, bo.morada ,bo.codpost, bo.nome,bo.bostamp,20000 ,0,0*200.48 ,0,0,'','' ,bo.marcada,0 ,0*0,0*0*200.48 ,0,0*200.48 ,0,0*200.48 ,0,0*0 ,bo.vendedor,bo.vendnm,bo.ccusto,bo.ncusto ,0,2,23.00,?,?,?,?,? from wsbo005data bo where bo.bostamp = 'aut663dc32507663dc69f3a'
20240510@080255.6185 tutrbkslb2l8mvhcherdfd55nb Query : select 1 valor from information_schema.tables where table_type='base table' and table_name='wsbi2005fields'
20240510@080255.6194 tutrbkslb2l8mvhcherdfd55nb Query : insert into wsbi2005data (bi2stamp,bostamp,morada, local,codpost ,ousrdata, ousrhora, usrdata,usrhora,ousrinis,usrinis) select 'aut663dc24262663dc69f8c','aut663dc32507663dc69f3a',bo.morada, bo.local,bo.codpost ,getdate(),convert(char(8),convert (time,getdate())),getdate(),convert(char(8),convert (time,getdate())),'aut','aut' from wsbo005data bo where bo.bostamp = 'aut663dc32507663dc69f3a'
20240510@080255.6453 tutrbkslb2l8mvhcherdfd55nb Query : use flama_phc
20240510@080255.6457 tutrbkslb2l8mvhcherdfd55nb Query : select st.usalote valor from st where st.ref = '328.9170.00.1'
20240510@080255.6468 tutrbkslb2l8mvhcherdfd55nb Query : use flama_phc
20240510@080255.6470 tutrbkslb2l8mvhcherdfd55nb Query : select st.usalote valor from st where st.ref = '324.698.00.01'
20240510@080255.6480 tutrbkslb2l8mvhcherdfd55nb Query : use flama_phc
20240510@080255.6483 tutrbkslb2l8mvhcherdfd55nb Query : select st.usalote valor from st where st.ref = '324.698.00.01'
20240510@080255.6492 tutrbkslb2l8mvhcherdfd55nb Query : use flama_phc
20240510@080255.6494 tutrbkslb2l8mvhcherdfd55nb Query : select st.usalote valor from st where st.ref = '322.227.28.01'
20240510@080255.6506 tutrbkslb2l8mvhcherdfd55nb Query : use flama_phc
20240510@080255.6508 tutrbkslb2l8mvhcherdfd55nb Query : select st.usalote valor from st where st.ref = '322.227.20.01'
20240510@080255.6518 tutrbkslb2l8mvhcherdfd55nb Query : use flama_phc
20240510@080255.6521 tutrbkslb2l8mvhcherdfd55nb Query : select st.usalote valor from st where st.ref = '322.227.28.02'
20240510@080255.6530 tutrbkslb2l8mvhcherdfd55nb Query : use flama_phc
20240510@080255.6533 tutrbkslb2l8mvhcherdfd55nb Query : select st.usalote valor from st where st.ref = '304.4211.00.1'
20240510@080255.6542 tutrbkslb2l8mvhcherdfd55nb Query : use flama_phc
20240510@080255.6545 tutrbkslb2l8mvhcherdfd55nb Query : select st.usalote valor from st where st.ref = '304.4006.00.2'
20240510@080255.6553 tutrbkslb2l8mvhcherdfd55nb Query : use flama_phc
20240510@080255.6556 tutrbkslb2l8mvhcherdfd55nb Query : select st.usalote valor from st where st.ref = '304.4006.00.2'
20240510@080255.6565 tutrbkslb2l8mvhcherdfd55nb Query : use flama_phc
20240510@080255.6568 tutrbkslb2l8mvhcherdfd55nb Query : select st.usalote valor from st where st.ref = '324.1879.00.1'
20240510@080255.6577 tutrbkslb2l8mvhcherdfd55nb Query : use flama_phc
20240510@080255.6579 tutrbkslb2l8mvhcherdfd55nb Query : select st.usalote valor from st where st.ref = '324.1675.00.2'
20240510@080255.6589 tutrbkslb2l8mvhcherdfd55nb Query : use flama_phc
20240510@080255.6592 tutrbkslb2l8mvhcherdfd55nb Query : select st.usalote valor from st where st.ref = '324.1426.00.1'
20240510@080255.6601 tutrbkslb2l8mvhcherdfd55nb Query : use flama_phc
20240510@080255.6603 tutrbkslb2l8mvhcherdfd55nb Query : select st.usalote valor from st where st.ref = '324.969.00.01'
20240510@080255.6624 tutrbkslb2l8mvhcherdfd55nb Query : use flama_phc
20240510@080255.6627 tutrbkslb2l8mvhcherdfd55nb Query : select st.usalote valor from st where st.ref = '324.1405.00.1'
20240510@080255.6636 tutrbkslb2l8mvhcherdfd55nb Query : use flama_phc
20240510@080255.6638 tutrbkslb2l8mvhcherdfd55nb Query : select st.usalote valor from st where st.ref = '327.8171.00.1'
20240510@080255.6648 tutrbkslb2l8mvhcherdfd55nb Query : use flama_phc
20240510@080255.6650 tutrbkslb2l8mvhcherdfd55nb Query : select st.usalote valor from st where st.ref = '327.8171.00.1'
20240510@080255.6659 tutrbkslb2l8mvhcherdfd55nb Query : use flama_phc
20240510@080255.6661 tutrbkslb2l8mvhcherdfd55nb Query : select st.usalote valor from st where st.ref = '328.9106.00.1'
20240510@080255.6670 tutrbkslb2l8mvhcherdfd55nb Query : use flama_phc
20240510@080255.6673 tutrbkslb2l8mvhcherdfd55nb Query : select st.usalote valor from st where st.ref = '328.9106.00.1'
20240510@080255.6687 tutrbkslb2l8mvhcherdfd55nb Query : use flama_phc
20240510@080255.6690 tutrbkslb2l8mvhcherdfd55nb Query : select top 1 errorresult result ,errornumber errornumber ,errorcode code ,descriptionpt description ,isnull(descriptionen,'') descriptionen ,isnull(descriptionfr,'') descriptionfr from wserrorcodes where errornumber = -150
20240510@080255.6746 tutrbkslb2l8mvhcherdfd55nb Query : select concat(rtrim(relative_path),ltrim(name_new)) as valor from uploadfiles where uploadfile_id='1581';
20240510@080255.6762 tutrbkslb2l8mvhcherdfd55nb Query : update uploadfiles set whenupdated=current_timestamp where uploadfile_id='1581';
20240510@081910.3842 todmn1h55pcu25dq2g2tt4naf7 Query : use flama_phc
20240510@081910.3847 todmn1h55pcu25dq2g2tt4naf7 Query : select secretkey valor from u_wsusers u where u.userid = ? and u.username=? and u.password=? and u.inactivo=0
20240510@081910.3901 todmn1h55pcu25dq2g2tt4naf7 Query : use flama_phc
20240510@081910.3945 todmn1h55pcu25dq2g2tt4naf7 Query : update u_wsusers set rqsttoken =? where userid ='userls001'
20240510@083610.2505 v6na1ac7os7lbfnihfttunurs1 Query : use flama_phc
20240510@083610.2509 v6na1ac7os7lbfnihfttunurs1 Query : select secretkey valor from u_wsusers u where u.userid = ? and u.username=? and u.password=? and u.inactivo=0
20240510@083610.2526 v6na1ac7os7lbfnihfttunurs1 Query : use flama_phc
20240510@083610.2529 v6na1ac7os7lbfnihfttunurs1 Query : update u_wsusers set rqsttoken =? where userid ='userls001'
20240510@084749.2478 ngm5uf54vhi25nb0psrtq6su3s Query : insert into uploadfiles ( name_original, name_new, option_type, relative_path, whencreated ) values ( ?, ?, ?, ?, getdate() )
20240510@084749.2504 ngm5uf54vhi25nb0psrtq6su3s Query : select uploadfile_id valor from uploadfiles where name_new = ? and option_type = ? 
20240510@084749.2559 ngm5uf54vhi25nb0psrtq6su3s Query : select concat(rtrim(relative_path),ltrim(name_new)) as valor from uploadfiles where uploadfile_id='1582';
20240510@084749.2614 ngm5uf54vhi25nb0psrtq6su3s Query : update uploadfiles set whenupdated=current_timestamp where uploadfile_id='1582';
20240510@084749.2645 ngm5uf54vhi25nb0psrtq6su3s Query : select concat(rtrim(relative_path),ltrim(name_new)) as valor from uploadfiles where uploadfile_id='1582';
20240510@084749.2659 ngm5uf54vhi25nb0psrtq6su3s Query : update uploadfiles set whenupdated=current_timestamp where uploadfile_id='1582';
20240510@084749.2677 ngm5uf54vhi25nb0psrtq6su3s Query : use flama_phc
20240510@084749.2681 ngm5uf54vhi25nb0psrtq6su3s Query : select top 1 secretkey valor from u_wsusers u where u.userid = ? and u.inactivo=0
20240510@084749.2729 ngm5uf54vhi25nb0psrtq6su3s Query : select no, estab,szadrsdesc from szadrs where u_coddest=2
20240510@084749.2798 ngm5uf54vhi25nb0psrtq6su3s Query : select top 1 isnull(design,'') valor from st (nolock) where st.ref = '304.421.00.04'
20240510@084749.2906 ngm5uf54vhi25nb0psrtq6su3s Query : select top 1 bistamp valor from bi inner join bo on bo.bostamp=bi.bostamp where bo.ndos =gt2 and bo.boano =2002 and bo.obrano = 4 and bi.ref ='304.421.00.04' and bi.lordem =1
20240510@091915.7442 elvq17ivis7m9s0ju2jttpalce Query : use flama_phc
20240510@091915.7804 elvq17ivis7m9s0ju2jttpalce Query : select secretkey valor from u_wsusers u where u.userid = ? and u.username=? and u.password=? and u.inactivo=0
20240510@091915.8256 elvq17ivis7m9s0ju2jttpalce Query : use flama_phc
20240510@091915.8376 elvq17ivis7m9s0ju2jttpalce Query : update u_wsusers set rqsttoken =? where userid ='userls001'
20240510@093615.9459 t7eob28gnn0vvo3uv4dshvdb54 Query : use flama_phc
20240510@093615.9464 t7eob28gnn0vvo3uv4dshvdb54 Query : select secretkey valor from u_wsusers u where u.userid = ? and u.username=? and u.password=? and u.inactivo=0
20240510@093615.9533 t7eob28gnn0vvo3uv4dshvdb54 Query : use flama_phc
20240510@093615.9580 t7eob28gnn0vvo3uv4dshvdb54 Query : update u_wsusers set rqsttoken =? where userid ='userls001'
20240510@101926.2131 l3rlusl0s07erjlmfaajuoo4kn Query : use flama_phc
20240510@101926.2135 l3rlusl0s07erjlmfaajuoo4kn Query : select secretkey valor from u_wsusers u where u.userid = ? and u.username=? and u.password=? and u.inactivo=0
20240510@101926.2151 l3rlusl0s07erjlmfaajuoo4kn Query : use flama_phc
20240510@101926.2154 l3rlusl0s07erjlmfaajuoo4kn Query : update u_wsusers set rqsttoken =? where userid ='userls001'
20240510@103626.4686 f63tqgcp9ocuo92eobtrrnn5tg Query : use flama_phc
20240510@103626.4692 f63tqgcp9ocuo92eobtrrnn5tg Query : select secretkey valor from u_wsusers u where u.userid = ? and u.username=? and u.password=? and u.inactivo=0
20240510@103626.4712 f63tqgcp9ocuo92eobtrrnn5tg Query : use flama_phc
20240510@103626.4716 f63tqgcp9ocuo92eobtrrnn5tg Query : update u_wsusers set rqsttoken =? where userid ='userls001'
20240510@111924.7335 s17a446ht86kink49nqi2r3ru2 Query : use flama_phc
20240510@111924.7340 s17a446ht86kink49nqi2r3ru2 Query : select secretkey valor from u_wsusers u where u.userid = ? and u.username=? and u.password=? and u.inactivo=0
20240510@111924.7356 s17a446ht86kink49nqi2r3ru2 Query : use flama_phc
20240510@111924.7359 s17a446ht86kink49nqi2r3ru2 Query : update u_wsusers set rqsttoken =? where userid ='userls001'
20240510@113624.5491 a9dagna3nrt86h38864s842m6c Query : use flama_phc
20240510@113624.5497 a9dagna3nrt86h38864s842m6c Query : select secretkey valor from u_wsusers u where u.userid = ? and u.username=? and u.password=? and u.inactivo=0
20240510@113624.5529 a9dagna3nrt86h38864s842m6c Query : use flama_phc
20240510@113624.5533 a9dagna3nrt86h38864s842m6c Query : update u_wsusers set rqsttoken =? where userid ='userls001'
20240510@121918.5789 6gsgfqma838feaaa7hfbk1qkc1 Query : use flama_phc
20240510@121918.5793 6gsgfqma838feaaa7hfbk1qkc1 Query : select secretkey valor from u_wsusers u where u.userid = ? and u.username=? and u.password=? and u.inactivo=0
20240510@121918.5853 6gsgfqma838feaaa7hfbk1qkc1 Query : use flama_phc
20240510@121918.5856 6gsgfqma838feaaa7hfbk1qkc1 Query : update u_wsusers set rqsttoken =? where userid ='userls001'
20240510@122429.5490 6t0s4054far9jju5ep4rcba5cd Query : insert into uploadfiles ( name_original, name_new, option_type, relative_path, whencreated ) values ( ?, ?, ?, ?, getdate() )
20240510@122429.5522 6t0s4054far9jju5ep4rcba5cd Query : select uploadfile_id valor from uploadfiles where name_new = ? and option_type = ? 
20240510@122429.5670 6t0s4054far9jju5ep4rcba5cd Query : select concat(rtrim(relative_path),ltrim(name_new)) as valor from uploadfiles where uploadfile_id='1583';
20240510@122429.5718 6t0s4054far9jju5ep4rcba5cd Query : update uploadfiles set whenupdated=current_timestamp where uploadfile_id='1583';
20240510@122429.5749 6t0s4054far9jju5ep4rcba5cd Query : select concat(rtrim(relative_path),ltrim(name_new)) as valor from uploadfiles where uploadfile_id='1583';
20240510@122429.5761 6t0s4054far9jju5ep4rcba5cd Query : update uploadfiles set whenupdated=current_timestamp where uploadfile_id='1583';
20240510@122429.5776 6t0s4054far9jju5ep4rcba5cd Query : use flama_phc
20240510@122429.5779 6t0s4054far9jju5ep4rcba5cd Query : select top 1 secretkey valor from u_wsusers u where u.userid = ? and u.inactivo=0
20240510@122429.5824 6t0s4054far9jju5ep4rcba5cd Query : select top 1 isnull(design,'') valor from st (nolock) where st.ref = '304.4860.00.1'
20240510@122429.5921 6t0s4054far9jju5ep4rcba5cd Query : select top 1 bistamp valor from bi inner join bo on bo.bostamp=bi.bostamp where bo.ndos =gt2 and bo.boano =2002 and bo.obrano = 9 and bi.ref ='304.4860.00.1' and bi.lordem =4
20240510@123618.8684 9938jnhertk0a6f9nd1qd6i9qf Query : use flama_phc
20240510@123618.8689 9938jnhertk0a6f9nd1qd6i9qf Query : select secretkey valor from u_wsusers u where u.userid = ? and u.username=? and u.password=? and u.inactivo=0
20240510@123618.8744 9938jnhertk0a6f9nd1qd6i9qf Query : use flama_phc
20240510@123618.8747 9938jnhertk0a6f9nd1qd6i9qf Query : update u_wsusers set rqsttoken =? where userid ='userls001'
20240510@131915.3318 qab5bk5ip168kodsto8e98eonq Query : use flama_phc
20240510@131915.3322 qab5bk5ip168kodsto8e98eonq Query : select secretkey valor from u_wsusers u where u.userid = ? and u.username=? and u.password=? and u.inactivo=0
20240510@131915.3339 qab5bk5ip168kodsto8e98eonq Query : use flama_phc
20240510@131915.3342 qab5bk5ip168kodsto8e98eonq Query : update u_wsusers set rqsttoken =? where userid ='userls001'
20240510@133615.6440 tklovqog60cgs23md36dq410ao Query : use flama_phc
20240510@133615.6490 tklovqog60cgs23md36dq410ao Query : select secretkey valor from u_wsusers u where u.userid = ? and u.username=? and u.password=? and u.inactivo=0
20240510@133615.6640 tklovqog60cgs23md36dq410ao Query : use flama_phc
20240510@133615.6670 tklovqog60cgs23md36dq410ao Query : update u_wsusers set rqsttoken =? where userid ='userls001'
20240510@141928.3508 0cumi92jmhvra6b378odgpavrb Query : use flama_phc
20240510@141928.3512 0cumi92jmhvra6b378odgpavrb Query : select secretkey valor from u_wsusers u where u.userid = ? and u.username=? and u.password=? and u.inactivo=0
20240510@141928.3530 0cumi92jmhvra6b378odgpavrb Query : use flama_phc
20240510@141928.3532 0cumi92jmhvra6b378odgpavrb Query : update u_wsusers set rqsttoken =? where userid ='userls001'
20240510@142452.3334 rpjm96d8jbq898o1o20ckbah7g Query : insert into uploadfiles ( name_original, name_new, option_type, relative_path, whencreated ) values ( ?, ?, ?, ?, getdate() )
20240510@142452.3348 rpjm96d8jbq898o1o20ckbah7g Query : select uploadfile_id valor from uploadfiles where name_new = ? and option_type = ? 
20240510@142452.3405 rpjm96d8jbq898o1o20ckbah7g Query : select concat(rtrim(relative_path),ltrim(name_new)) as valor from uploadfiles where uploadfile_id='1584';
20240510@142452.3445 rpjm96d8jbq898o1o20ckbah7g Query : update uploadfiles set whenupdated=current_timestamp where uploadfile_id='1584';
20240510@142452.3464 rpjm96d8jbq898o1o20ckbah7g Query : select concat(rtrim(relative_path),ltrim(name_new)) as valor from uploadfiles where uploadfile_id='1584';
20240510@142452.3476 rpjm96d8jbq898o1o20ckbah7g Query : update uploadfiles set whenupdated=current_timestamp where uploadfile_id='1584';
20240510@142452.3491 rpjm96d8jbq898o1o20ckbah7g Query : use flama_phc
20240510@142452.3494 rpjm96d8jbq898o1o20ckbah7g Query : select top 1 secretkey valor from u_wsusers u where u.userid = ? and u.inactivo=0
20240510@142452.3507 rpjm96d8jbq898o1o20ckbah7g Query : select top 1 isnull(design,'') valor from st (nolock) where st.ref = '324.2366.00.1'
20240510@142452.3616 rpjm96d8jbq898o1o20ckbah7g Query : select top 1 bistamp valor from bi inner join bo on bo.bostamp=bi.bostamp where bo.ndos =gt2 and bo.boano =2002 and bo.obrano = 9 and bi.ref ='324.2366.00.1' and bi.lordem =1
20240510@143628.7504 l6dsbmqiqeljun9kvc3sp3rrhv Query : use flama_phc
20240510@143628.7508 l6dsbmqiqeljun9kvc3sp3rrhv Query : select secretkey valor from u_wsusers u where u.userid = ? and u.username=? and u.password=? and u.inactivo=0
20240510@143628.7523 l6dsbmqiqeljun9kvc3sp3rrhv Query : use flama_phc
20240510@143628.7526 l6dsbmqiqeljun9kvc3sp3rrhv Query : update u_wsusers set rqsttoken =? where userid ='userls001'
20240510@151912.7091 8pdt0vkfogr372d4abp1j986qm Query : use flama_phc
20240510@151912.7095 8pdt0vkfogr372d4abp1j986qm Query : select secretkey valor from u_wsusers u where u.userid = ? and u.username=? and u.password=? and u.inactivo=0
20240510@151912.7111 8pdt0vkfogr372d4abp1j986qm Query : use flama_phc
20240510@151912.7114 8pdt0vkfogr372d4abp1j986qm Query : update u_wsusers set rqsttoken =? where userid ='userls001'
20240510@153612.9939 nv31ln1sm9ovbg7f3a1sji3mm7 Query : use flama_phc
20240510@153612.9949 nv31ln1sm9ovbg7f3a1sji3mm7 Query : select secretkey valor from u_wsusers u where u.userid = ? and u.username=? and u.password=? and u.inactivo=0
20240510@153612.9976 nv31ln1sm9ovbg7f3a1sji3mm7 Query : use flama_phc
20240510@153612.9979 nv31ln1sm9ovbg7f3a1sji3mm7 Query : update u_wsusers set rqsttoken =? where userid ='userls001'
20240510@161913.7419 gat8rn55dt80vio8ak7mb2ur36 Query : use flama_phc
20240510@161913.7424 gat8rn55dt80vio8ak7mb2ur36 Query : select secretkey valor from u_wsusers u where u.userid = ? and u.username=? and u.password=? and u.inactivo=0
20240510@161913.7443 gat8rn55dt80vio8ak7mb2ur36 Query : use flama_phc
20240510@161913.7446 gat8rn55dt80vio8ak7mb2ur36 Query : update u_wsusers set rqsttoken =? where userid ='userls001'
20240510@163613.8526 3dqgpc1kf1qvvhs39vn11sfqh5 Query : use flama_phc
20240510@163613.8530 3dqgpc1kf1qvvhs39vn11sfqh5 Query : select secretkey valor from u_wsusers u where u.userid = ? and u.username=? and u.password=? and u.inactivo=0
20240510@163613.8662 3dqgpc1kf1qvvhs39vn11sfqh5 Query : use flama_phc
20240510@163613.8665 3dqgpc1kf1qvvhs39vn11sfqh5 Query : update u_wsusers set rqsttoken =? where userid ='userls001'
20240510@171926.8545 t6fr1eh0idecs7t9c7etirl2rh Query : use flama_phc
20240510@171926.8550 t6fr1eh0idecs7t9c7etirl2rh Query : select secretkey valor from u_wsusers u where u.userid = ? and u.username=? and u.password=? and u.inactivo=0
20240510@171926.8567 t6fr1eh0idecs7t9c7etirl2rh Query : use flama_phc
20240510@171926.8570 t6fr1eh0idecs7t9c7etirl2rh Query : update u_wsusers set rqsttoken =? where userid ='userls001'
20240510@173626.9795 686o5j9d6v6trs9khdefvmtj4c Query : use flama_phc
20240510@173626.9799 686o5j9d6v6trs9khdefvmtj4c Query : select secretkey valor from u_wsusers u where u.userid = ? and u.username=? and u.password=? and u.inactivo=0
20240510@173626.9815 686o5j9d6v6trs9khdefvmtj4c Query : use flama_phc
20240510@173626.9818 686o5j9d6v6trs9khdefvmtj4c Query : update u_wsusers set rqsttoken =? where userid ='userls001'
20240510@181910.6393 qr80pi1gv5thue0u4d2ht3kghp Query : use flama_phc
20240510@181910.6399 qr80pi1gv5thue0u4d2ht3kghp Query : select secretkey valor from u_wsusers u where u.userid = ? and u.username=? and u.password=? and u.inactivo=0
20240510@181910.6463 qr80pi1gv5thue0u4d2ht3kghp Query : use flama_phc
20240510@181910.6466 qr80pi1gv5thue0u4d2ht3kghp Query : update u_wsusers set rqsttoken =? where userid ='userls001'
20240510@183610.9964 4jg5l9bu2vo881r4e9k36nonl0 Query : use flama_phc
20240510@183610.9968 4jg5l9bu2vo881r4e9k36nonl0 Query : select secretkey valor from u_wsusers u where u.userid = ? and u.username=? and u.password=? and u.inactivo=0
20240510@183611.4200 4jg5l9bu2vo881r4e9k36nonl0 Query : use flama_phc
20240510@183611.4500 4jg5l9bu2vo881r4e9k36nonl0 Query : update u_wsusers set rqsttoken =? where userid ='userls001'
20240510@191913.2946 pqf1s5ol0m3gfh2ds9b7uu9aqd Query : use flama_phc
20240510@191913.2950 pqf1s5ol0m3gfh2ds9b7uu9aqd Query : select secretkey valor from u_wsusers u where u.userid = ? and u.username=? and u.password=? and u.inactivo=0
20240510@191913.2965 pqf1s5ol0m3gfh2ds9b7uu9aqd Query : use flama_phc
20240510@191913.2968 pqf1s5ol0m3gfh2ds9b7uu9aqd Query : update u_wsusers set rqsttoken =? where userid ='userls001'
20240510@193613.7544 9tatic3kjlv4daghl7iqllmbu3 Query : use flama_phc
20240510@193613.7550 9tatic3kjlv4daghl7iqllmbu3 Query : select secretkey valor from u_wsusers u where u.userid = ? and u.username=? and u.password=? and u.inactivo=0
20240510@193613.7567 9tatic3kjlv4daghl7iqllmbu3 Query : use flama_phc
20240510@193613.7569 9tatic3kjlv4daghl7iqllmbu3 Query : update u_wsusers set rqsttoken =? where userid ='userls001'
20240510@201928.1673 0svn2gsafhpaa3v12o9sqot080 Query : use flama_phc
20240510@201928.1677 0svn2gsafhpaa3v12o9sqot080 Query : select secretkey valor from u_wsusers u where u.userid = ? and u.username=? and u.password=? and u.inactivo=0
20240510@201928.1741 0svn2gsafhpaa3v12o9sqot080 Query : use flama_phc
20240510@201928.1772 0svn2gsafhpaa3v12o9sqot080 Query : update u_wsusers set rqsttoken =? where userid ='userls001'
20240510@203628.2589 08ie32bk9ctv7ifshhrvfj7qqb Query : use flama_phc
20240510@203628.2593 08ie32bk9ctv7ifshhrvfj7qqb Query : select secretkey valor from u_wsusers u where u.userid = ? and u.username=? and u.password=? and u.inactivo=0
20240510@203628.2609 08ie32bk9ctv7ifshhrvfj7qqb Query : use flama_phc
20240510@203628.2612 08ie32bk9ctv7ifshhrvfj7qqb Query : update u_wsusers set rqsttoken =? where userid ='userls001'
20240510@211910.8318 duues8pqso27ap6bfqq3o8amna Query : use flama_phc
20240510@211910.8322 duues8pqso27ap6bfqq3o8amna Query : select secretkey valor from u_wsusers u where u.userid = ? and u.username=? and u.password=? and u.inactivo=0
20240510@211910.8340 duues8pqso27ap6bfqq3o8amna Query : use flama_phc
20240510@211910.8343 duues8pqso27ap6bfqq3o8amna Query : update u_wsusers set rqsttoken =? where userid ='userls001'
20240510@213610.8681 u5hqo5hnt0v6ethpebl64pmuii Query : use flama_phc
20240510@213610.8685 u5hqo5hnt0v6ethpebl64pmuii Query : select secretkey valor from u_wsusers u where u.userid = ? and u.username=? and u.password=? and u.inactivo=0
20240510@213610.8719 u5hqo5hnt0v6ethpebl64pmuii Query : use flama_phc
20240510@213610.8760 u5hqo5hnt0v6ethpebl64pmuii Query : update u_wsusers set rqsttoken =? where userid ='userls001'
20240510@221910.4389 bi7ndvrcdtu7sspkf0kpoe313r Query : use flama_phc
20240510@221910.4394 bi7ndvrcdtu7sspkf0kpoe313r Query : select secretkey valor from u_wsusers u where u.userid = ? and u.username=? and u.password=? and u.inactivo=0
20240510@221910.4451 bi7ndvrcdtu7sspkf0kpoe313r Query : use flama_phc
20240510@221910.4454 bi7ndvrcdtu7sspkf0kpoe313r Query : update u_wsusers set rqsttoken =? where userid ='userls001'
20240510@223610.3633 fgbrg67ngqfpjnivkvh8ql6hu5 Query : use flama_phc
20240510@223610.3638 fgbrg67ngqfpjnivkvh8ql6hu5 Query : select secretkey valor from u_wsusers u where u.userid = ? and u.username=? and u.password=? and u.inactivo=0
20240510@223610.3654 fgbrg67ngqfpjnivkvh8ql6hu5 Query : use flama_phc
20240510@223610.3656 fgbrg67ngqfpjnivkvh8ql6hu5 Query : update u_wsusers set rqsttoken =? where userid ='userls001'
20240510@231909.9535 slpulol8i0p8dt293fle1fopou Query : use flama_phc
20240510@231909.9540 slpulol8i0p8dt293fle1fopou Query : select secretkey valor from u_wsusers u where u.userid = ? and u.username=? and u.password=? and u.inactivo=0
20240510@231909.9557 slpulol8i0p8dt293fle1fopou Query : use flama_phc
20240510@231909.9561 slpulol8i0p8dt293fle1fopou Query : update u_wsusers set rqsttoken =? where userid ='userls001'
20240510@233610.2937 evjplp8ihh7q8oveifhpnfvrun Query : use flama_phc
20240510@233610.2942 evjplp8ihh7q8oveifhpnfvrun Query : select secretkey valor from u_wsusers u where u.userid = ? and u.username=? and u.password=? and u.inactivo=0
20240510@233610.2960 evjplp8ihh7q8oveifhpnfvrun Query : use flama_phc
20240510@233610.2963 evjplp8ihh7q8oveifhpnfvrun Query : update u_wsusers set rqsttoken =? where userid ='userls001'
20240511@071929.4520 q8u2r09fl05uci22a587tb6j2n Query : use flama_phc
20240511@071929.4553 q8u2r09fl05uci22a587tb6j2n Query : select secretkey valor from u_wsusers u where u.userid = ? and u.username=? and u.password=? and u.inactivo=0
20240511@071929.4767 q8u2r09fl05uci22a587tb6j2n Query : use flama_phc
20240511@071929.4807 q8u2r09fl05uci22a587tb6j2n Query : update u_wsusers set rqsttoken =? where userid ='userls001'
20240511@073614.6752 11ctg2reur8adfh9eigraicaiu Query : use flama_phc
20240511@073614.6756 11ctg2reur8adfh9eigraicaiu Query : select secretkey valor from u_wsusers u where u.userid = ? and u.username=? and u.password=? and u.inactivo=0
20240511@073614.6808 11ctg2reur8adfh9eigraicaiu Query : use flama_phc
20240511@073614.6811 11ctg2reur8adfh9eigraicaiu Query : update u_wsusers set rqsttoken =? where userid ='userls001'
20240511@081910.3750 d2budskd5sosk0065mn4cjoalg Query : use flama_phc
20240511@081910.3755 d2budskd5sosk0065mn4cjoalg Query : select secretkey valor from u_wsusers u where u.userid = ? and u.username=? and u.password=? and u.inactivo=0
20240511@081910.3773 d2budskd5sosk0065mn4cjoalg Query : use flama_phc
20240511@081910.3775 d2budskd5sosk0065mn4cjoalg Query : update u_wsusers set rqsttoken =? where userid ='userls001'
20240511@083610.2956 llsci9g2muavjfj4fa8f7ffboo Query : use flama_phc
20240511@083610.2961 llsci9g2muavjfj4fa8f7ffboo Query : select secretkey valor from u_wsusers u where u.userid = ? and u.username=? and u.password=? and u.inactivo=0
20240511@083610.2978 llsci9g2muavjfj4fa8f7ffboo Query : use flama_phc
20240511@083610.2981 llsci9g2muavjfj4fa8f7ffboo Query : update u_wsusers set rqsttoken =? where userid ='userls001'
20240511@091910.9250 b68lpepusfknk4op9q61gvp888 Query : use flama_phc
20240511@091910.9300 b68lpepusfknk4op9q61gvp888 Query : select secretkey valor from u_wsusers u where u.userid = ? and u.username=? and u.password=? and u.inactivo=0
20240511@091910.9500 b68lpepusfknk4op9q61gvp888 Query : use flama_phc
20240511@091910.9600 b68lpepusfknk4op9q61gvp888 Query : update u_wsusers set rqsttoken =? where userid ='userls001'
20240511@093610.4293 dcas1u7r9ibbcd3s382vfvmjmn Query : use flama_phc
20240511@093610.4299 dcas1u7r9ibbcd3s382vfvmjmn Query : select secretkey valor from u_wsusers u where u.userid = ? and u.username=? and u.password=? and u.inactivo=0
20240511@093610.4317 dcas1u7r9ibbcd3s382vfvmjmn Query : use flama_phc
20240511@093610.4320 dcas1u7r9ibbcd3s382vfvmjmn Query : update u_wsusers set rqsttoken =? where userid ='userls001'
20240511@101913.5297 bgdp1t5la79259s4p29r7ass2o Query : use flama_phc
20240511@101913.5303 bgdp1t5la79259s4p29r7ass2o Query : select secretkey valor from u_wsusers u where u.userid = ? and u.username=? and u.password=? and u.inactivo=0
20240511@101913.5321 bgdp1t5la79259s4p29r7ass2o Query : use flama_phc
20240511@101913.5324 bgdp1t5la79259s4p29r7ass2o Query : update u_wsusers set rqsttoken =? where userid ='userls001'
20240511@103613.3507 t6hocvjtda45hc964figa00b1t Query : use flama_phc
20240511@103613.3512 t6hocvjtda45hc964figa00b1t Query : select secretkey valor from u_wsusers u where u.userid = ? and u.username=? and u.password=? and u.inactivo=0
20240511@103613.3534 t6hocvjtda45hc964figa00b1t Query : use flama_phc
20240511@103613.3538 t6hocvjtda45hc964figa00b1t Query : update u_wsusers set rqsttoken =? where userid ='userls001'
20240511@111910.6200 pkbsol1u93j44lmpopumrh8qui Query : use flama_phc
20240511@111910.6317 pkbsol1u93j44lmpopumrh8qui Query : select secretkey valor from u_wsusers u where u.userid = ? and u.username=? and u.password=? and u.inactivo=0
20240511@111910.6790 pkbsol1u93j44lmpopumrh8qui Query : use flama_phc
20240511@111910.6828 pkbsol1u93j44lmpopumrh8qui Query : update u_wsusers set rqsttoken =? where userid ='userls001'
20240511@113610.4129 fh1818ghrgju4ug8j9j9pi92tv Query : use flama_phc
20240511@113610.4134 fh1818ghrgju4ug8j9j9pi92tv Query : select secretkey valor from u_wsusers u where u.userid = ? and u.username=? and u.password=? and u.inactivo=0
20240511@113610.4149 fh1818ghrgju4ug8j9j9pi92tv Query : use flama_phc
20240511@113610.4153 fh1818ghrgju4ug8j9j9pi92tv Query : update u_wsusers set rqsttoken =? where userid ='userls001'
20240511@121911.7646 bg873a1rqlarfitetd59bnsccd Query : use flama_phc
20240511@121911.7669 bg873a1rqlarfitetd59bnsccd Query : select secretkey valor from u_wsusers u where u.userid = ? and u.username=? and u.password=? and u.inactivo=0
20240511@121911.7688 bg873a1rqlarfitetd59bnsccd Query : use flama_phc
20240511@121911.7691 bg873a1rqlarfitetd59bnsccd Query : update u_wsusers set rqsttoken =? where userid ='userls001'
20240511@123611.4474 bjvlo9un95uudv0s0trava4hga Query : use flama_phc
20240511@123611.4479 bjvlo9un95uudv0s0trava4hga Query : select secretkey valor from u_wsusers u where u.userid = ? and u.username=? and u.password=? and u.inactivo=0
20240511@123611.4501 bjvlo9un95uudv0s0trava4hga Query : use flama_phc
20240511@123611.4513 bjvlo9un95uudv0s0trava4hga Query : update u_wsusers set rqsttoken =? where userid ='userls001'
20240511@131910.5877 1flrskmq9njr1kacmcrkeud7j2 Query : use flama_phc
20240511@131910.5882 1flrskmq9njr1kacmcrkeud7j2 Query : select secretkey valor from u_wsusers u where u.userid = ? and u.username=? and u.password=? and u.inactivo=0
20240511@131910.5899 1flrskmq9njr1kacmcrkeud7j2 Query : use flama_phc
20240511@131910.5902 1flrskmq9njr1kacmcrkeud7j2 Query : update u_wsusers set rqsttoken =? where userid ='userls001'
20240511@133610.5536 lkpnmli3skocqqpadn06cbg3eb Query : use flama_phc
20240511@133610.5541 lkpnmli3skocqqpadn06cbg3eb Query : select secretkey valor from u_wsusers u where u.userid = ? and u.username=? and u.password=? and u.inactivo=0
20240511@133610.5558 lkpnmli3skocqqpadn06cbg3eb Query : use flama_phc
20240511@133610.5561 lkpnmli3skocqqpadn06cbg3eb Query : update u_wsusers set rqsttoken =? where userid ='userls001'
20240511@141910.5407 nu1lrke6ab3qmtght5779hsv16 Query : use flama_phc
20240511@141910.5412 nu1lrke6ab3qmtght5779hsv16 Query : select secretkey valor from u_wsusers u where u.userid = ? and u.username=? and u.password=? and u.inactivo=0
20240511@141910.5437 nu1lrke6ab3qmtght5779hsv16 Query : use flama_phc
20240511@141910.6251 nu1lrke6ab3qmtght5779hsv16 Query : update u_wsusers set rqsttoken =? where userid ='userls001'
20240511@143610.8570 rlcteorqcp2rs9rv296pb2fgd7 Query : use flama_phc
20240511@143610.8574 rlcteorqcp2rs9rv296pb2fgd7 Query : select secretkey valor from u_wsusers u where u.userid = ? and u.username=? and u.password=? and u.inactivo=0
20240511@143610.8590 rlcteorqcp2rs9rv296pb2fgd7 Query : use flama_phc
20240511@143610.8593 rlcteorqcp2rs9rv296pb2fgd7 Query : update u_wsusers set rqsttoken =? where userid ='userls001'
20240511@151914.7357 4571v1qb9d7ftvv3mm5ovpfk6r Query : use flama_phc
20240511@151914.7362 4571v1qb9d7ftvv3mm5ovpfk6r Query : select secretkey valor from u_wsusers u where u.userid = ? and u.username=? and u.password=? and u.inactivo=0
20240511@151914.7379 4571v1qb9d7ftvv3mm5ovpfk6r Query : use flama_phc
20240511@151914.7382 4571v1qb9d7ftvv3mm5ovpfk6r Query : update u_wsusers set rqsttoken =? where userid ='userls001'
20240511@153614.9927 c0s0v297708qcgqehe85nbv7b0 Query : use flama_phc
20240511@153614.9932 c0s0v297708qcgqehe85nbv7b0 Query : select secretkey valor from u_wsusers u where u.userid = ? and u.username=? and u.password=? and u.inactivo=0
20240511@153614.9948 c0s0v297708qcgqehe85nbv7b0 Query : use flama_phc
20240511@153614.9951 c0s0v297708qcgqehe85nbv7b0 Query : update u_wsusers set rqsttoken =? where userid ='userls001'
20240511@161912.1880 p71q20i4pa33r2tbgs0hfhnoj5 Query : use flama_phc
20240511@161912.1885 p71q20i4pa33r2tbgs0hfhnoj5 Query : select secretkey valor from u_wsusers u where u.userid = ? and u.username=? and u.password=? and u.inactivo=0
20240511@161912.1901 p71q20i4pa33r2tbgs0hfhnoj5 Query : use flama_phc
20240511@161912.1903 p71q20i4pa33r2tbgs0hfhnoj5 Query : update u_wsusers set rqsttoken =? where userid ='userls001'
20240511@163611.8051 75dlelcbkkuukrmo294fd50tee Query : use flama_phc
20240511@163611.8056 75dlelcbkkuukrmo294fd50tee Query : select secretkey valor from u_wsusers u where u.userid = ? and u.username=? and u.password=? and u.inactivo=0
20240511@163611.8072 75dlelcbkkuukrmo294fd50tee Query : use flama_phc
20240511@163611.8075 75dlelcbkkuukrmo294fd50tee Query : update u_wsusers set rqsttoken =? where userid ='userls001'
20240511@171911.7513 37rh2tsa3jjepr3973bs8q210k Query : use flama_phc
20240511@171911.7517 37rh2tsa3jjepr3973bs8q210k Query : select secretkey valor from u_wsusers u where u.userid = ? and u.username=? and u.password=? and u.inactivo=0
20240511@171911.7553 37rh2tsa3jjepr3973bs8q210k Query : use flama_phc
20240511@171911.7556 37rh2tsa3jjepr3973bs8q210k Query : update u_wsusers set rqsttoken =? where userid ='userls001'
20240511@173611.8683 945r662j8kq59lip34e769ufnp Query : use flama_phc
20240511@173611.8688 945r662j8kq59lip34e769ufnp Query : select secretkey valor from u_wsusers u where u.userid = ? and u.username=? and u.password=? and u.inactivo=0
20240511@173611.8706 945r662j8kq59lip34e769ufnp Query : use flama_phc
20240511@173611.8709 945r662j8kq59lip34e769ufnp Query : update u_wsusers set rqsttoken =? where userid ='userls001'
20240511@181911.4699 sdvbdd15kas6aqh5dcfabojs9o Query : use flama_phc
20240511@181911.4704 sdvbdd15kas6aqh5dcfabojs9o Query : select secretkey valor from u_wsusers u where u.userid = ? and u.username=? and u.password=? and u.inactivo=0
20240511@181911.4720 sdvbdd15kas6aqh5dcfabojs9o Query : use flama_phc
20240511@181911.4723 sdvbdd15kas6aqh5dcfabojs9o Query : update u_wsusers set rqsttoken =? where userid ='userls001'
20240511@183611.2560 68fjhnm38ce55igrlm7qi4srt5 Query : use flama_phc
20240511@183611.2600 68fjhnm38ce55igrlm7qi4srt5 Query : select secretkey valor from u_wsusers u where u.userid = ? and u.username=? and u.password=? and u.inactivo=0
20240511@183611.2760 68fjhnm38ce55igrlm7qi4srt5 Query : use flama_phc
20240511@183611.2780 68fjhnm38ce55igrlm7qi4srt5 Query : update u_wsusers set rqsttoken =? where userid ='userls001'
20240511@191910.3940 7bgjc9h2itug3mm47h9k3vbcoa Query : use flama_phc
20240511@191910.3945 7bgjc9h2itug3mm47h9k3vbcoa Query : select secretkey valor from u_wsusers u where u.userid = ? and u.username=? and u.password=? and u.inactivo=0
20240511@191910.3963 7bgjc9h2itug3mm47h9k3vbcoa Query : use flama_phc
20240511@191910.3966 7bgjc9h2itug3mm47h9k3vbcoa Query : update u_wsusers set rqsttoken =? where userid ='userls001'
20240511@193610.4518 agh1mgavlqn098p6plu9jaecvu Query : use flama_phc
20240511@193610.4523 agh1mgavlqn098p6plu9jaecvu Query : select secretkey valor from u_wsusers u where u.userid = ? and u.username=? and u.password=? and u.inactivo=0
20240511@193610.4543 agh1mgavlqn098p6plu9jaecvu Query : use flama_phc
20240511@193610.4546 agh1mgavlqn098p6plu9jaecvu Query : update u_wsusers set rqsttoken =? where userid ='userls001'
20240511@201913.4890 hgpg20jqgchfcrr08l8ju8fnci Query : use flama_phc
20240511@201913.4940 hgpg20jqgchfcrr08l8ju8fnci Query : select secretkey valor from u_wsusers u where u.userid = ? and u.username=? and u.password=? and u.inactivo=0
20240511@201913.5090 hgpg20jqgchfcrr08l8ju8fnci Query : use flama_phc
20240511@201913.5120 hgpg20jqgchfcrr08l8ju8fnci Query : update u_wsusers set rqsttoken =? where userid ='userls001'
20240511@203612.9934 7qp62gfbefal1o9b3qs2232k5o Query : use flama_phc
20240511@203612.9939 7qp62gfbefal1o9b3qs2232k5o Query : select secretkey valor from u_wsusers u where u.userid = ? and u.username=? and u.password=? and u.inactivo=0
20240511@203612.9956 7qp62gfbefal1o9b3qs2232k5o Query : use flama_phc
20240511@203612.9958 7qp62gfbefal1o9b3qs2232k5o Query : update u_wsusers set rqsttoken =? where userid ='userls001'
20240511@211910.5599 kvt49funripb3gv4rne66canu8 Query : use flama_phc
20240511@211910.5604 kvt49funripb3gv4rne66canu8 Query : select secretkey valor from u_wsusers u where u.userid = ? and u.username=? and u.password=? and u.inactivo=0
20240511@211910.5621 kvt49funripb3gv4rne66canu8 Query : use flama_phc
20240511@211910.5624 kvt49funripb3gv4rne66canu8 Query : update u_wsusers set rqsttoken =? where userid ='userls001'
20240511@213610.7265 vhels62udatruu7df5ljlhf45i Query : use flama_phc
20240511@213610.7270 vhels62udatruu7df5ljlhf45i Query : select secretkey valor from u_wsusers u where u.userid = ? and u.username=? and u.password=? and u.inactivo=0
20240511@213610.7289 vhels62udatruu7df5ljlhf45i Query : use flama_phc
20240511@213610.7293 vhels62udatruu7df5ljlhf45i Query : update u_wsusers set rqsttoken =? where userid ='userls001'
20240511@221914.4370 slc6qchv9fdao6hjp3gfmgc6is Query : use flama_phc
20240511@221914.4410 slc6qchv9fdao6hjp3gfmgc6is Query : select secretkey valor from u_wsusers u where u.userid = ? and u.username=? and u.password=? and u.inactivo=0
20240511@221914.4750 slc6qchv9fdao6hjp3gfmgc6is Query : use flama_phc
20240511@221914.4780 slc6qchv9fdao6hjp3gfmgc6is Query : update u_wsusers set rqsttoken =? where userid ='userls001'
20240511@223613.8778 jsfv6v60tn44gb4ndd3lqdaeq9 Query : use flama_phc
20240511@223613.8783 jsfv6v60tn44gb4ndd3lqdaeq9 Query : select secretkey valor from u_wsusers u where u.userid = ? and u.username=? and u.password=? and u.inactivo=0
20240511@223613.8800 jsfv6v60tn44gb4ndd3lqdaeq9 Query : use flama_phc
20240511@223613.8803 jsfv6v60tn44gb4ndd3lqdaeq9 Query : update u_wsusers set rqsttoken =? where userid ='userls001'
20240511@231909.7182 tm2lpagoaqb7hbjakgi2shqrmj Query : use flama_phc
20240511@231909.7186 tm2lpagoaqb7hbjakgi2shqrmj Query : select secretkey valor from u_wsusers u where u.userid = ? and u.username=? and u.password=? and u.inactivo=0
20240511@231909.7203 tm2lpagoaqb7hbjakgi2shqrmj Query : use flama_phc
20240511@231909.7206 tm2lpagoaqb7hbjakgi2shqrmj Query : update u_wsusers set rqsttoken =? where userid ='userls001'
20240511@233609.6663 9f2cujl03rngq68hbhb3ovaua8 Query : use flama_phc
20240511@233609.6668 9f2cujl03rngq68hbhb3ovaua8 Query : select secretkey valor from u_wsusers u where u.userid = ? and u.username=? and u.password=? and u.inactivo=0
20240511@233609.6685 9f2cujl03rngq68hbhb3ovaua8 Query : use flama_phc
20240511@233609.6688 9f2cujl03rngq68hbhb3ovaua8 Query : update u_wsusers set rqsttoken =? where userid ='userls001'
20240512@071906.9168 acngsd1p3cptseaprke31q0av7 Query : use flama_phc
20240512@071906.9172 acngsd1p3cptseaprke31q0av7 Query : select secretkey valor from u_wsusers u where u.userid = ? and u.username=? and u.password=? and u.inactivo=0
20240512@071906.9189 acngsd1p3cptseaprke31q0av7 Query : use flama_phc
20240512@071906.9197 acngsd1p3cptseaprke31q0av7 Query : update u_wsusers set rqsttoken =? where userid ='userls001'
20240512@073607.2143 gk7j3oip1vfv4kl8irue3ri3mr Query : use flama_phc
20240512@073607.2147 gk7j3oip1vfv4kl8irue3ri3mr Query : select secretkey valor from u_wsusers u where u.userid = ? and u.username=? and u.password=? and u.inactivo=0
20240512@073607.2162 gk7j3oip1vfv4kl8irue3ri3mr Query : use flama_phc
20240512@073607.2165 gk7j3oip1vfv4kl8irue3ri3mr Query : update u_wsusers set rqsttoken =? where userid ='userls001'
20240512@081913.6240 cnemk907m9riqsgbjncdu4kkfk Query : use flama_phc
20240512@081913.6290 cnemk907m9riqsgbjncdu4kkfk Query : select secretkey valor from u_wsusers u where u.userid = ? and u.username=? and u.password=? and u.inactivo=0
20240512@081913.6700 cnemk907m9riqsgbjncdu4kkfk Query : use flama_phc
20240512@081913.6740 cnemk907m9riqsgbjncdu4kkfk Query : update u_wsusers set rqsttoken =? where userid ='userls001'
20240512@083613.1429 3o3g0m3rma8seqlot8gkso1575 Query : use flama_phc
20240512@083613.1434 3o3g0m3rma8seqlot8gkso1575 Query : select secretkey valor from u_wsusers u where u.userid = ? and u.username=? and u.password=? and u.inactivo=0
20240512@083613.1458 3o3g0m3rma8seqlot8gkso1575 Query : use flama_phc
20240512@083613.1462 3o3g0m3rma8seqlot8gkso1575 Query : update u_wsusers set rqsttoken =? where userid ='userls001'
20240512@091911.8600 9t9k2nejnnj2ksocsgujms0o5m Query : use flama_phc
20240512@091911.8650 9t9k2nejnnj2ksocsgujms0o5m Query : select secretkey valor from u_wsusers u where u.userid = ? and u.username=? and u.password=? and u.inactivo=0
20240512@091911.8830 9t9k2nejnnj2ksocsgujms0o5m Query : use flama_phc
20240512@091911.8870 9t9k2nejnnj2ksocsgujms0o5m Query : update u_wsusers set rqsttoken =? where userid ='userls001'
20240512@093611.7900 2af58q98fbvgb8tj44c4nhrecm Query : use flama_phc
20240512@093611.8300 2af58q98fbvgb8tj44c4nhrecm Query : select secretkey valor from u_wsusers u where u.userid = ? and u.username=? and u.password=? and u.inactivo=0
20240512@093611.9900 2af58q98fbvgb8tj44c4nhrecm Query : use flama_phc
20240512@093611.1020 2af58q98fbvgb8tj44c4nhrecm Query : update u_wsusers set rqsttoken =? where userid ='userls001'
20240512@101910.3574 ldhuhhk04v51ogpi16re0pknsp Query : use flama_phc
20240512@101910.3613 ldhuhhk04v51ogpi16re0pknsp Query : select secretkey valor from u_wsusers u where u.userid = ? and u.username=? and u.password=? and u.inactivo=0
20240512@101910.5524 ldhuhhk04v51ogpi16re0pknsp Query : use flama_phc
20240512@101910.5529 ldhuhhk04v51ogpi16re0pknsp Query : update u_wsusers set rqsttoken =? where userid ='userls001'
20240512@103610.5816 7i3bappalmh4g0aduhskekao03 Query : use flama_phc
20240512@103610.5821 7i3bappalmh4g0aduhskekao03 Query : select secretkey valor from u_wsusers u where u.userid = ? and u.username=? and u.password=? and u.inactivo=0
20240512@103610.5838 7i3bappalmh4g0aduhskekao03 Query : use flama_phc
20240512@103610.5841 7i3bappalmh4g0aduhskekao03 Query : update u_wsusers set rqsttoken =? where userid ='userls001'
20240512@111910.8813 jqphm7kkh26j8j4heqg60utfgp Query : use flama_phc
20240512@111910.8818 jqphm7kkh26j8j4heqg60utfgp Query : select secretkey valor from u_wsusers u where u.userid = ? and u.username=? and u.password=? and u.inactivo=0
20240512@111910.8838 jqphm7kkh26j8j4heqg60utfgp Query : use flama_phc
20240512@111910.8841 jqphm7kkh26j8j4heqg60utfgp Query : update u_wsusers set rqsttoken =? where userid ='userls001'
20240512@113610.7524 ekiqhcvmgoh60ogfe1d85vv9vm Query : use flama_phc
20240512@113610.7528 ekiqhcvmgoh60ogfe1d85vv9vm Query : select secretkey valor from u_wsusers u where u.userid = ? and u.username=? and u.password=? and u.inactivo=0
20240512@113610.7546 ekiqhcvmgoh60ogfe1d85vv9vm Query : use flama_phc
20240512@113610.7549 ekiqhcvmgoh60ogfe1d85vv9vm Query : update u_wsusers set rqsttoken =? where userid ='userls001'
20240512@121910.1944 8ug575hie1sh2g0m8vlghbdotr Query : use flama_phc
20240512@121910.1950 8ug575hie1sh2g0m8vlghbdotr Query : select secretkey valor from u_wsusers u where u.userid = ? and u.username=? and u.password=? and u.inactivo=0
20240512@121910.1969 8ug575hie1sh2g0m8vlghbdotr Query : use flama_phc
20240512@121910.1972 8ug575hie1sh2g0m8vlghbdotr Query : update u_wsusers set rqsttoken =? where userid ='userls001'
20240512@123610.4740 a1a2aa64uog4s43bentaghv45l Query : use flama_phc
20240512@123610.4810 a1a2aa64uog4s43bentaghv45l Query : select secretkey valor from u_wsusers u where u.userid = ? and u.username=? and u.password=? and u.inactivo=0
20240512@123610.4990 a1a2aa64uog4s43bentaghv45l Query : use flama_phc
20240512@123610.5020 a1a2aa64uog4s43bentaghv45l Query : update u_wsusers set rqsttoken =? where userid ='userls001'
20240512@131910.1154 9nofjsaps0nabk1dd3jee4r63k Query : use flama_phc
20240512@131910.1160 9nofjsaps0nabk1dd3jee4r63k Query : select secretkey valor from u_wsusers u where u.userid = ? and u.username=? and u.password=? and u.inactivo=0
20240512@131910.1176 9nofjsaps0nabk1dd3jee4r63k Query : use flama_phc
20240512@131910.1178 9nofjsaps0nabk1dd3jee4r63k Query : update u_wsusers set rqsttoken =? where userid ='userls001'
20240512@133610.1507 h7gtdmurpofmdd2ofpg4ll9lau Query : use flama_phc
20240512@133610.1512 h7gtdmurpofmdd2ofpg4ll9lau Query : select secretkey valor from u_wsusers u where u.userid = ? and u.username=? and u.password=? and u.inactivo=0
20240512@133610.1533 h7gtdmurpofmdd2ofpg4ll9lau Query : use flama_phc
20240512@133610.1536 h7gtdmurpofmdd2ofpg4ll9lau Query : update u_wsusers set rqsttoken =? where userid ='userls001'
20240512@141909.4206 3v39gmu9mlhtkvcg74tqb2cvb7 Query : use flama_phc
20240512@141909.4211 3v39gmu9mlhtkvcg74tqb2cvb7 Query : select secretkey valor from u_wsusers u where u.userid = ? and u.username=? and u.password=? and u.inactivo=0
20240512@141909.4239 3v39gmu9mlhtkvcg74tqb2cvb7 Query : use flama_phc
20240512@141909.4242 3v39gmu9mlhtkvcg74tqb2cvb7 Query : update u_wsusers set rqsttoken =? where userid ='userls001'
20240512@143609.9656 vtijvqq67u17k3k6hqgecmamu7 Query : use flama_phc
20240512@143609.9660 vtijvqq67u17k3k6hqgecmamu7 Query : select secretkey valor from u_wsusers u where u.userid = ? and u.username=? and u.password=? and u.inactivo=0
20240512@143609.9677 vtijvqq67u17k3k6hqgecmamu7 Query : use flama_phc
20240512@143609.9679 vtijvqq67u17k3k6hqgecmamu7 Query : update u_wsusers set rqsttoken =? where userid ='userls001'
20240512@151910.6300 diup50tfuiu4jqued4gb5dtt4i Query : use flama_phc
20240512@151910.6700 diup50tfuiu4jqued4gb5dtt4i Query : select secretkey valor from u_wsusers u where u.userid = ? and u.username=? and u.password=? and u.inactivo=0
20240512@151910.8200 diup50tfuiu4jqued4gb5dtt4i Query : use flama_phc
20240512@151910.8400 diup50tfuiu4jqued4gb5dtt4i Query : update u_wsusers set rqsttoken =? where userid ='userls001'
20240512@153610.1122 55qm7t4n6et11mg93cs1cm8dfe Query : use flama_phc
20240512@153610.1128 55qm7t4n6et11mg93cs1cm8dfe Query : select secretkey valor from u_wsusers u where u.userid = ? and u.username=? and u.password=? and u.inactivo=0
20240512@153610.1147 55qm7t4n6et11mg93cs1cm8dfe Query : use flama_phc
20240512@153610.1151 55qm7t4n6et11mg93cs1cm8dfe Query : update u_wsusers set rqsttoken =? where userid ='userls001'
20240512@161909.8444 9qb6pb6fjng8ru8re7i7s12vru Query : use flama_phc
20240512@161909.8449 9qb6pb6fjng8ru8re7i7s12vru Query : select secretkey valor from u_wsusers u where u.userid = ? and u.username=? and u.password=? and u.inactivo=0
20240512@161909.8465 9qb6pb6fjng8ru8re7i7s12vru Query : use flama_phc
20240512@161909.8468 9qb6pb6fjng8ru8re7i7s12vru Query : update u_wsusers set rqsttoken =? where userid ='userls001'
20240512@163609.8812 bb11215pjqpp8e3kerc4lr812c Query : use flama_phc
20240512@163609.8817 bb11215pjqpp8e3kerc4lr812c Query : select secretkey valor from u_wsusers u where u.userid = ? and u.username=? and u.password=? and u.inactivo=0
20240512@163609.8834 bb11215pjqpp8e3kerc4lr812c Query : use flama_phc
20240512@163609.8873 bb11215pjqpp8e3kerc4lr812c Query : update u_wsusers set rqsttoken =? where userid ='userls001'
20240512@171913.5858 n8iqe1bfj3esl2nplj00c72btu Query : use flama_phc
20240512@171913.5863 n8iqe1bfj3esl2nplj00c72btu Query : select secretkey valor from u_wsusers u where u.userid = ? and u.username=? and u.password=? and u.inactivo=0
20240512@171913.5921 n8iqe1bfj3esl2nplj00c72btu Query : use flama_phc
20240512@171913.5924 n8iqe1bfj3esl2nplj00c72btu Query : update u_wsusers set rqsttoken =? where userid ='userls001'
20240512@173613.9173 4hrekrhedkcmjnt2vt1h2kqlte Query : use flama_phc
20240512@173613.9177 4hrekrhedkcmjnt2vt1h2kqlte Query : select secretkey valor from u_wsusers u where u.userid = ? and u.username=? and u.password=? and u.inactivo=0
20240512@173613.9194 4hrekrhedkcmjnt2vt1h2kqlte Query : use flama_phc
20240512@173613.9197 4hrekrhedkcmjnt2vt1h2kqlte Query : update u_wsusers set rqsttoken =? where userid ='userls001'
20240512@181910.9689 d249p0s4m1vi3peucfnhc6nhg6 Query : use flama_phc
20240512@181911.9000 d249p0s4m1vi3peucfnhc6nhg6 Query : select secretkey valor from u_wsusers u where u.userid = ? and u.username=? and u.password=? and u.inactivo=0
20240512@181911.1910 d249p0s4m1vi3peucfnhc6nhg6 Query : use flama_phc
20240512@181911.1960 d249p0s4m1vi3peucfnhc6nhg6 Query : update u_wsusers set rqsttoken =? where userid ='userls001'
20240512@183610.5216 qg5e3eq8mkc6pc80tc4q80opn2 Query : use flama_phc
20240512@183610.5334 qg5e3eq8mkc6pc80tc4q80opn2 Query : select secretkey valor from u_wsusers u where u.userid = ? and u.username=? and u.password=? and u.inactivo=0
20240512@183610.5381 qg5e3eq8mkc6pc80tc4q80opn2 Query : use flama_phc
20240512@183610.5384 qg5e3eq8mkc6pc80tc4q80opn2 Query : update u_wsusers set rqsttoken =? where userid ='userls001'
20240512@191910.5546 46u31ol4r4116fcfhd1stt7van Query : use flama_phc
20240512@191910.5552 46u31ol4r4116fcfhd1stt7van Query : select secretkey valor from u_wsusers u where u.userid = ? and u.username=? and u.password=? and u.inactivo=0
20240512@191910.5568 46u31ol4r4116fcfhd1stt7van Query : use flama_phc
20240512@191910.5570 46u31ol4r4116fcfhd1stt7van Query : update u_wsusers set rqsttoken =? where userid ='userls001'
20240512@193610.6426 3fghasoaj41lbatuhk4vmi7q0k Query : use flama_phc
20240512@193610.6449 3fghasoaj41lbatuhk4vmi7q0k Query : select secretkey valor from u_wsusers u where u.userid = ? and u.username=? and u.password=? and u.inactivo=0
20240512@193610.6467 3fghasoaj41lbatuhk4vmi7q0k Query : use flama_phc
20240512@193610.6470 3fghasoaj41lbatuhk4vmi7q0k Query : update u_wsusers set rqsttoken =? where userid ='userls001'
20240512@201910.5046 nr2ochuot2kvo8nk9tj7mv0te5 Query : use flama_phc
20240512@201910.5052 nr2ochuot2kvo8nk9tj7mv0te5 Query : select secretkey valor from u_wsusers u where u.userid = ? and u.username=? and u.password=? and u.inactivo=0
20240512@201910.5108 nr2ochuot2kvo8nk9tj7mv0te5 Query : use flama_phc
20240512@201910.5111 nr2ochuot2kvo8nk9tj7mv0te5 Query : update u_wsusers set rqsttoken =? where userid ='userls001'
20240512@203610.4026 sgael0tuf75sqdc96gunlibs9c Query : use flama_phc
20240512@203610.4032 sgael0tuf75sqdc96gunlibs9c Query : select secretkey valor from u_wsusers u where u.userid = ? and u.username=? and u.password=? and u.inactivo=0
20240512@203610.4049 sgael0tuf75sqdc96gunlibs9c Query : use flama_phc
20240512@203610.4052 sgael0tuf75sqdc96gunlibs9c Query : update u_wsusers set rqsttoken =? where userid ='userls001'
20240512@211909.4587 u1i9hmj1308d08t5k6vm5q2t1a Query : use flama_phc
20240512@211909.4592 u1i9hmj1308d08t5k6vm5q2t1a Query : select secretkey valor from u_wsusers u where u.userid = ? and u.username=? and u.password=? and u.inactivo=0
20240512@211909.4608 u1i9hmj1308d08t5k6vm5q2t1a Query : use flama_phc
20240512@211909.4611 u1i9hmj1308d08t5k6vm5q2t1a Query : update u_wsusers set rqsttoken =? where userid ='userls001'
20240512@213609.6646 tqudvv977pnj5g90vdujbgn3ub Query : use flama_phc
20240512@213609.6651 tqudvv977pnj5g90vdujbgn3ub Query : select secretkey valor from u_wsusers u where u.userid = ? and u.username=? and u.password=? and u.inactivo=0
20240512@213609.6668 tqudvv977pnj5g90vdujbgn3ub Query : use flama_phc
20240512@213609.6671 tqudvv977pnj5g90vdujbgn3ub Query : update u_wsusers set rqsttoken =? where userid ='userls001'
20240512@221909.8731 cbtv8jt1mnf9jie09ijg7ga8af Query : use flama_phc
20240512@221909.8736 cbtv8jt1mnf9jie09ijg7ga8af Query : select secretkey valor from u_wsusers u where u.userid = ? and u.username=? and u.password=? and u.inactivo=0
20240512@221909.8754 cbtv8jt1mnf9jie09ijg7ga8af Query : use flama_phc
20240512@221909.8757 cbtv8jt1mnf9jie09ijg7ga8af Query : update u_wsusers set rqsttoken =? where userid ='userls001'
20240512@223610.3700 qc64uqe9bc4j9vbs4vtqdk66vj Query : use flama_phc
20240512@223610.4200 qc64uqe9bc4j9vbs4vtqdk66vj Query : select secretkey valor from u_wsusers u where u.userid = ? and u.username=? and u.password=? and u.inactivo=0
20240512@223610.9900 qc64uqe9bc4j9vbs4vtqdk66vj Query : use flama_phc
20240512@223610.1020 qc64uqe9bc4j9vbs4vtqdk66vj Query : update u_wsusers set rqsttoken =? where userid ='userls001'
20240512@231909.5203 ti2thhgji5n2uab4ufj29fe8kb Query : use flama_phc
20240512@231909.5207 ti2thhgji5n2uab4ufj29fe8kb Query : select secretkey valor from u_wsusers u where u.userid = ? and u.username=? and u.password=? and u.inactivo=0
20240512@231909.5223 ti2thhgji5n2uab4ufj29fe8kb Query : use flama_phc
20240512@231909.5226 ti2thhgji5n2uab4ufj29fe8kb Query : update u_wsusers set rqsttoken =? where userid ='userls001'
20240512@233609.1578 g8vuj0oelfqooaclrehe3032hm Query : use flama_phc
20240512@233609.1583 g8vuj0oelfqooaclrehe3032hm Query : select secretkey valor from u_wsusers u where u.userid = ? and u.username=? and u.password=? and u.inactivo=0
20240512@233609.1599 g8vuj0oelfqooaclrehe3032hm Query : use flama_phc
20240512@233609.1601 g8vuj0oelfqooaclrehe3032hm Query : update u_wsusers set rqsttoken =? where userid ='userls001'
20240513@071914.6550 t7595vbtmp9lctrha4b2bjphai Query : use flama_phc
20240513@071914.6554 t7595vbtmp9lctrha4b2bjphai Query : select secretkey valor from u_wsusers u where u.userid = ? and u.username=? and u.password=? and u.inactivo=0
20240513@071914.6572 t7595vbtmp9lctrha4b2bjphai Query : use flama_phc
20240513@071914.6575 t7595vbtmp9lctrha4b2bjphai Query : update u_wsusers set rqsttoken =? where userid ='userls001'
20240513@073638.8602 3t9gum9nkkumejbchku9qnj82a Query : use flama_phc
20240513@073638.8606 3t9gum9nkkumejbchku9qnj82a Query : select secretkey valor from u_wsusers u where u.userid = ? and u.username=? and u.password=? and u.inactivo=0
20240513@073638.8621 3t9gum9nkkumejbchku9qnj82a Query : use flama_phc
20240513@073638.8624 3t9gum9nkkumejbchku9qnj82a Query : update u_wsusers set rqsttoken =? where userid ='userls001'
20240513@080330.5961 72d4kg9n95ugh5s5ndgedi5r5k Query : insert into uploadfiles ( name_original, name_new, option_type, relative_path, whencreated ) values ( ?, ?, ?, ?, getdate() )
20240513@080330.5996 72d4kg9n95ugh5s5ndgedi5r5k Query : select uploadfile_id valor from uploadfiles where name_new = ? and option_type = ? 
20240513@080330.6187 72d4kg9n95ugh5s5ndgedi5r5k Query : select concat(rtrim(relative_path),ltrim(name_new)) as valor from uploadfiles where uploadfile_id='1585';
20240513@080330.6250 72d4kg9n95ugh5s5ndgedi5r5k Query : update uploadfiles set whenupdated=current_timestamp where uploadfile_id='1585';
20240513@080330.6284 72d4kg9n95ugh5s5ndgedi5r5k Query : select concat(rtrim(relative_path),ltrim(name_new)) as valor from uploadfiles where uploadfile_id='1585';
20240513@080330.6297 72d4kg9n95ugh5s5ndgedi5r5k Query : update uploadfiles set whenupdated=current_timestamp where uploadfile_id='1585';
20240513@080330.6313 72d4kg9n95ugh5s5ndgedi5r5k Query : use flama_phc
20240513@080330.6316 72d4kg9n95ugh5s5ndgedi5r5k Query : select top 1 secretkey valor from u_wsusers u where u.userid = ? and u.inactivo=0
20240513@080330.6374 72d4kg9n95ugh5s5ndgedi5r5k Query : use flama_phc
20240513@080330.6377 72d4kg9n95ugh5s5ndgedi5r5k Query : select no, estab,szadrsdesc from szadrs where u_coddest=4779
20240513@080330.6462 72d4kg9n95ugh5s5ndgedi5r5k Query : select top 1 isnull(design,'') valor from st (nolock) left join stobs (nolock) on st.ref = stobs.ref where st.ref = '304.421.00.04'
20240513@080330.6618 72d4kg9n95ugh5s5ndgedi5r5k Query : select top 1 bistamp valor from bi inner join bo on bo.bostamp=bi.bostamp where bo.ndos =240 and bo.boano =2032 and bo.obrano = 2403280 and bi.ref ='304.421.00.04' and bi.lordem =1
20240513@080330.6955 72d4kg9n95ugh5s5ndgedi5r5k Query : select top 1 isnull(design,'') valor from st (nolock) left join stobs (nolock) on st.ref = stobs.ref where st.ref = '304.421.00.04'
20240513@080330.6971 72d4kg9n95ugh5s5ndgedi5r5k Query : select top 1 bistamp valor from bi inner join bo on bo.bostamp=bi.bostamp where bo.ndos =240 and bo.boano =2032 and bo.obrano = 2403280 and bi.ref ='304.421.00.04' and bi.lordem =1
20240513@080330.6976 72d4kg9n95ugh5s5ndgedi5r5k Query : select top 1 isnull(design,'') valor from st (nolock) left join stobs (nolock) on st.ref = stobs.ref where st.ref = '324.4960.00.1'
20240513@080330.7157 72d4kg9n95ugh5s5ndgedi5r5k Query : select top 1 bistamp valor from bi inner join bo on bo.bostamp=bi.bostamp where bo.ndos =240 and bo.boano =2032 and bo.obrano = 2403280 and bi.ref ='324.4960.00.1' and bi.lordem =2
20240513@080330.7472 72d4kg9n95ugh5s5ndgedi5r5k Query : use flama_phc
20240513@080330.7475 72d4kg9n95ugh5s5ndgedi5r5k Query : select top 1 convert(date,fdata) valor from ft where ndoc = 39 and anulado= 0 and fno>0 order by fdata desc
