20240520@152117.7772 aq5sk79ntib241jjbt0pmavq3d Query : select fieldkey,fieldname,fieldtype,mandatory from wsfi039fields
20240520@152117.7809 aq5sk79ntib241jjbt0pmavq3d Query : select 1 valor from information_schema.tables where table_type='base table' and table_name='wsfi2039fields'
20240520@152117.7825 aq5sk79ntib241jjbt0pmavq3d Query : select fieldkey,fieldname,fieldtype,mandatory from wsfi2039fields
20240520@152117.7830 aq5sk79ntib241jjbt0pmavq3d Query : select sestamp valor from se where ref ='324.692.00.01' and lote = 'r2400063200a'
20240520@152117.8158 aq5sk79ntib241jjbt0pmavq3d Query : select top 1 convert(numeric(6,2),t.taxa) valor from taxasiva t where t.codigo='2'
20240520@152117.8555 aq5sk79ntib241jjbt0pmavq3d Query : select 1 valor from information_schema.tables where table_type='base table' and table_name='wsfi039fields'
20240520@152117.8980 aq5sk79ntib241jjbt0pmavq3d Query : select fieldkey,fieldname,fieldtype,calcformula from wsfi039fields
20240520@152117.9124 aq5sk79ntib241jjbt0pmavq3d Query : insert into wsfi039data (fistamp,ousrdata, ousrhora, usrdata,usrhora,ousrinis,usrinis ,qtt ,ftstamp ,epv,pvmoeda ,tabiva,iva,lordem ,ref, design ,lote,armazem) values ('aut664b503215664b5c5dd0',getdate(),convert(char(8),convert (time,getdate())),getdate(),convert(char(8),convert (time,getdate())),'wsv','wsv',16.000 ,'aut664b584181664b5c5c0b' ,0,0 ,2,23.00,260000,?,?,?,?)
20240520@152117.9515 aq5sk79ntib241jjbt0pmavq3d Query : select 1 valor from information_schema.tables where table_type='base table' and table_name='wsfi2039fields'
20240520@152117.9562 aq5sk79ntib241jjbt0pmavq3d Query : select fieldkey,fieldname,fieldtype,calcformula from wsfi2039fields
20240520@152117.9566 aq5sk79ntib241jjbt0pmavq3d Query : insert into wsfi2039data (fi2stamp,ftstamp ,ousrdata, ousrhora, usrdata,usrhora,ousrinis,usrinis) values ('aut664b503215664b5c5dd0','aut664b584181664b5c5c0b' ,getdate(),convert(char(8),convert (time,getdate())),getdate(),convert(char(8),convert (time,getdate())),'wsv','wsv')
20240520@152117.9572 aq5sk79ntib241jjbt0pmavq3d Query : select 1 valor from information_schema.tables where table_type='base table' and table_name='wsfi039fields'
20240520@152117.9586 aq5sk79ntib241jjbt0pmavq3d Query : select fieldkey,fieldname,fieldtype,mandatory from wsfi039fields
20240520@152117.9686 aq5sk79ntib241jjbt0pmavq3d Query : select 1 valor from information_schema.tables where table_type='base table' and table_name='wsfi2039fields'
20240520@152117.9777 aq5sk79ntib241jjbt0pmavq3d Query : select fieldkey,fieldname,fieldtype,mandatory from wsfi2039fields
20240520@152117.9820 aq5sk79ntib241jjbt0pmavq3d Query : select top 1 convert(numeric(6,2),t.taxa) valor from taxasiva t where t.codigo='2'
20240520@152117.9872 aq5sk79ntib241jjbt0pmavq3d Query : select 1 valor from information_schema.tables where table_type='base table' and table_name='wsfi039fields'
20240520@152117.9935 aq5sk79ntib241jjbt0pmavq3d Query : select fieldkey,fieldname,fieldtype,calcformula from wsfi039fields
20240520@152117.9967 aq5sk79ntib241jjbt0pmavq3d Query : insert into wsfi039data (fistamp,ousrdata, ousrhora, usrdata,usrhora,ousrinis,usrinis ,qtt ,ftstamp ,epv,pvmoeda ,tabiva,iva,lordem ,ref, design ,armazem) values ('aut664b545479664b5c5df1',getdate(),convert(char(8),convert (time,getdate())),getdate(),convert(char(8),convert (time,getdate())),'wsv','wsv',0 ,'aut664b584181664b5c5c0b' ,0,0 ,2,23.00,270000,?,?,?)
20240520@152118.2840 aq5sk79ntib241jjbt0pmavq3d Query : select 1 valor from information_schema.tables where table_type='base table' and table_name='wsfi2039fields'
20240520@152118.3080 aq5sk79ntib241jjbt0pmavq3d Query : select fieldkey,fieldname,fieldtype,calcformula from wsfi2039fields
20240520@152118.3150 aq5sk79ntib241jjbt0pmavq3d Query : insert into wsfi2039data (fi2stamp,ftstamp ,ousrdata, ousrhora, usrdata,usrhora,ousrinis,usrinis) values ('aut664b545479664b5c5df1','aut664b584181664b5c5c0b' ,getdate(),convert(char(8),convert (time,getdate())),getdate(),convert(char(8),convert (time,getdate())),'wsv','wsv')
20240520@152118.3310 aq5sk79ntib241jjbt0pmavq3d Query : use flama_phc
20240520@152118.3350 aq5sk79ntib241jjbt0pmavq3d Query : select st.usalote valor from st where st.ref = '324.692.00.01'
20240520@152118.3700 aq5sk79ntib241jjbt0pmavq3d Query : select top 1 st.tabiva ,st.ivaincl ,st.stns ,st.uni2 ,st.familia ,isnull(tx.taxa, 0) txiva ,unidade ,usalote ,epcpond ,noserie from st left join taxasiva tx on st.tabiva = tx.codigo where st.ref = '324.692.00.01'
20240520@152118.4080 aq5sk79ntib241jjbt0pmavq3d Query : select 1 valor from information_schema.tables where table_type='base table' and table_name='wsfi039fields'
20240520@152118.4330 aq5sk79ntib241jjbt0pmavq3d Query : select fieldkey,fieldname,fieldtype,mandatory from wsfi039fields
20240520@152118.4810 aq5sk79ntib241jjbt0pmavq3d Query : select 1 valor from information_schema.tables where table_type='base table' and table_name='wsfi2039fields'
20240520@152118.5130 aq5sk79ntib241jjbt0pmavq3d Query : select fieldkey,fieldname,fieldtype,mandatory from wsfi2039fields
20240520@152118.5170 aq5sk79ntib241jjbt0pmavq3d Query : select sestamp valor from se where ref ='324.692.00.01' and lote = 'r2400063200a'
20240520@152118.5280 aq5sk79ntib241jjbt0pmavq3d Query : select top 1 convert(numeric(6,2),t.taxa) valor from taxasiva t where t.codigo='2'
20240520@152118.5460 aq5sk79ntib241jjbt0pmavq3d Query : select 1 valor from information_schema.tables where table_type='base table' and table_name='wsfi039fields'
20240520@152118.5830 aq5sk79ntib241jjbt0pmavq3d Query : select fieldkey,fieldname,fieldtype,calcformula from wsfi039fields
20240520@152118.6250 aq5sk79ntib241jjbt0pmavq3d Query : insert into wsfi039data (fistamp,ousrdata, ousrhora, usrdata,usrhora,ousrinis,usrinis ,qtt ,ftstamp ,epv,pvmoeda ,tabiva,iva,lordem ,ref, design ,lote,armazem) values ('aut664b584793664b5c5e0d',getdate(),convert(char(8),convert (time,getdate())),getdate(),convert(char(8),convert (time,getdate())),'wsv','wsv',16.000 ,'aut664b584181664b5c5c0b' ,0,0 ,2,23.00,290000,?,?,?,?)
20240520@152118.9010 aq5sk79ntib241jjbt0pmavq3d Query : select 1 valor from information_schema.tables where table_type='base table' and table_name='wsfi2039fields'
20240520@152118.9190 aq5sk79ntib241jjbt0pmavq3d Query : select fieldkey,fieldname,fieldtype,calcformula from wsfi2039fields
20240520@152118.9230 aq5sk79ntib241jjbt0pmavq3d Query : insert into wsfi2039data (fi2stamp,ftstamp ,ousrdata, ousrhora, usrdata,usrhora,ousrinis,usrinis) values ('aut664b584793664b5c5e0d','aut664b584181664b5c5c0b' ,getdate(),convert(char(8),convert (time,getdate())),getdate(),convert(char(8),convert (time,getdate())),'wsv','wsv')
20240520@152118.9280 aq5sk79ntib241jjbt0pmavq3d Query : select 1 valor from information_schema.tables where table_type='base table' and table_name='wsfi039fields'
20240520@152118.9450 aq5sk79ntib241jjbt0pmavq3d Query : select fieldkey,fieldname,fieldtype,mandatory from wsfi039fields
20240520@152118.9750 aq5sk79ntib241jjbt0pmavq3d Query : select 1 valor from information_schema.tables where table_type='base table' and table_name='wsfi2039fields'
20240520@152118.9870 aq5sk79ntib241jjbt0pmavq3d Query : select fieldkey,fieldname,fieldtype,mandatory from wsfi2039fields
20240520@152118.9910 aq5sk79ntib241jjbt0pmavq3d Query : select top 1 convert(numeric(6,2),t.taxa) valor from taxasiva t where t.codigo='2'
20240520@152118.1023 aq5sk79ntib241jjbt0pmavq3d Query : select 1 valor from information_schema.tables where table_type='base table' and table_name='wsfi039fields'
20240520@152118.1043 aq5sk79ntib241jjbt0pmavq3d Query : select fieldkey,fieldname,fieldtype,calcformula from wsfi039fields
20240520@152118.1112 aq5sk79ntib241jjbt0pmavq3d Query : insert into wsfi039data (fistamp,ousrdata, ousrhora, usrdata,usrhora,ousrinis,usrinis ,qtt ,ftstamp ,epv,pvmoeda ,tabiva,iva,lordem ,ref, design ,armazem) values ('aut664b583515664b5c5e18',getdate(),convert(char(8),convert (time,getdate())),getdate(),convert(char(8),convert (time,getdate())),'wsv','wsv',0 ,'aut664b584181664b5c5c0b' ,0,0 ,2,23.00,300000,?,?,?)
20240520@152118.1412 aq5sk79ntib241jjbt0pmavq3d Query : select 1 valor from information_schema.tables where table_type='base table' and table_name='wsfi2039fields'
20240520@152118.1472 aq5sk79ntib241jjbt0pmavq3d Query : select fieldkey,fieldname,fieldtype,calcformula from wsfi2039fields
20240520@152118.1477 aq5sk79ntib241jjbt0pmavq3d Query : insert into wsfi2039data (fi2stamp,ftstamp ,ousrdata, ousrhora, usrdata,usrhora,ousrinis,usrinis) values ('aut664b583515664b5c5e18','aut664b584181664b5c5c0b' ,getdate(),convert(char(8),convert (time,getdate())),getdate(),convert(char(8),convert (time,getdate())),'wsv','wsv')
20240520@152118.1482 aq5sk79ntib241jjbt0pmavq3d Query : use flama_phc
20240520@152118.1486 aq5sk79ntib241jjbt0pmavq3d Query : select st.usalote valor from st where st.ref = '324.692.00.01'
20240520@152118.1651 aq5sk79ntib241jjbt0pmavq3d Query : select top 1 st.tabiva ,st.ivaincl ,st.stns ,st.uni2 ,st.familia ,isnull(tx.taxa, 0) txiva ,unidade ,usalote ,epcpond ,noserie from st left join taxasiva tx on st.tabiva = tx.codigo where st.ref = '324.692.00.01'
20240520@152118.1680 aq5sk79ntib241jjbt0pmavq3d Query : select 1 valor from information_schema.tables where table_type='base table' and table_name='wsfi039fields'
20240520@152118.1695 aq5sk79ntib241jjbt0pmavq3d Query : select fieldkey,fieldname,fieldtype,mandatory from wsfi039fields
20240520@152118.1753 aq5sk79ntib241jjbt0pmavq3d Query : select 1 valor from information_schema.tables where table_type='base table' and table_name='wsfi2039fields'
20240520@152118.1807 aq5sk79ntib241jjbt0pmavq3d Query : select fieldkey,fieldname,fieldtype,mandatory from wsfi2039fields
20240520@152118.1813 aq5sk79ntib241jjbt0pmavq3d Query : select sestamp valor from se where ref ='324.692.00.01' and lote = 'r2400063200a'
20240520@152118.1873 aq5sk79ntib241jjbt0pmavq3d Query : select top 1 convert(numeric(6,2),t.taxa) valor from taxasiva t where t.codigo='2'
20240520@152118.1900 aq5sk79ntib241jjbt0pmavq3d Query : select 1 valor from information_schema.tables where table_type='base table' and table_name='wsfi039fields'
20240520@152118.1916 aq5sk79ntib241jjbt0pmavq3d Query : select fieldkey,fieldname,fieldtype,calcformula from wsfi039fields
20240520@152118.1961 aq5sk79ntib241jjbt0pmavq3d Query : insert into wsfi039data (fistamp,ousrdata, ousrhora, usrdata,usrhora,ousrinis,usrinis ,qtt ,ftstamp ,epv,pvmoeda ,tabiva,iva,lordem ,ref, design ,lote,armazem) values ('aut664b582731664b5c5e2e',getdate(),convert(char(8),convert (time,getdate())),getdate(),convert(char(8),convert (time,getdate())),'wsv','wsv',16.000 ,'aut664b584181664b5c5c0b' ,0,0 ,2,23.00,320000,?,?,?,?)
20240520@152118.2230 aq5sk79ntib241jjbt0pmavq3d Query : select 1 valor from information_schema.tables where table_type='base table' and table_name='wsfi2039fields'
20240520@152118.2270 aq5sk79ntib241jjbt0pmavq3d Query : select fieldkey,fieldname,fieldtype,calcformula from wsfi2039fields
20240520@152118.2274 aq5sk79ntib241jjbt0pmavq3d Query : insert into wsfi2039data (fi2stamp,ftstamp ,ousrdata, ousrhora, usrdata,usrhora,ousrinis,usrinis) values ('aut664b582731664b5c5e2e','aut664b584181664b5c5c0b' ,getdate(),convert(char(8),convert (time,getdate())),getdate(),convert(char(8),convert (time,getdate())),'wsv','wsv')
20240520@152118.2280 aq5sk79ntib241jjbt0pmavq3d Query : select 1 valor from information_schema.tables where table_type='base table' and table_name='wsfi039fields'
20240520@152118.2304 aq5sk79ntib241jjbt0pmavq3d Query : select fieldkey,fieldname,fieldtype,mandatory from wsfi039fields
20240520@152118.2333 aq5sk79ntib241jjbt0pmavq3d Query : select 1 valor from information_schema.tables where table_type='base table' and table_name='wsfi2039fields'
20240520@152118.2346 aq5sk79ntib241jjbt0pmavq3d Query : select fieldkey,fieldname,fieldtype,mandatory from wsfi2039fields
20240520@152118.2350 aq5sk79ntib241jjbt0pmavq3d Query : select top 1 convert(numeric(6,2),t.taxa) valor from taxasiva t where t.codigo='2'
20240520@152118.2361 aq5sk79ntib241jjbt0pmavq3d Query : select 1 valor from information_schema.tables where table_type='base table' and table_name='wsfi039fields'
20240520@152118.2373 aq5sk79ntib241jjbt0pmavq3d Query : select fieldkey,fieldname,fieldtype,calcformula from wsfi039fields
20240520@152118.2413 aq5sk79ntib241jjbt0pmavq3d Query : insert into wsfi039data (fistamp,ousrdata, ousrhora, usrdata,usrhora,ousrinis,usrinis ,qtt ,ftstamp ,epv,pvmoeda ,tabiva,iva,lordem ,ref, design ,armazem) values ('aut664b518382664b5c5e39',getdate(),convert(char(8),convert (time,getdate())),getdate(),convert(char(8),convert (time,getdate())),'wsv','wsv',0 ,'aut664b584181664b5c5c0b' ,0,0 ,2,23.00,330000,?,?,?)
20240520@152118.2662 aq5sk79ntib241jjbt0pmavq3d Query : select 1 valor from information_schema.tables where table_type='base table' and table_name='wsfi2039fields'
20240520@152118.2681 aq5sk79ntib241jjbt0pmavq3d Query : select fieldkey,fieldname,fieldtype,calcformula from wsfi2039fields
20240520@152118.2697 aq5sk79ntib241jjbt0pmavq3d Query : insert into wsfi2039data (fi2stamp,ftstamp ,ousrdata, ousrhora, usrdata,usrhora,ousrinis,usrinis) values ('aut664b518382664b5c5e39','aut664b584181664b5c5c0b' ,getdate(),convert(char(8),convert (time,getdate())),getdate(),convert(char(8),convert (time,getdate())),'wsv','wsv')
20240520@152118.2701 aq5sk79ntib241jjbt0pmavq3d Query : use flama_phc
20240520@152118.2705 aq5sk79ntib241jjbt0pmavq3d Query : select st.usalote valor from st where st.ref = '324.692.00.01'
20240520@152118.2715 aq5sk79ntib241jjbt0pmavq3d Query : select top 1 st.tabiva ,st.ivaincl ,st.stns ,st.uni2 ,st.familia ,isnull(tx.taxa, 0) txiva ,unidade ,usalote ,epcpond ,noserie from st left join taxasiva tx on st.tabiva = tx.codigo where st.ref = '324.692.00.01'
20240520@152118.2727 aq5sk79ntib241jjbt0pmavq3d Query : select 1 valor from information_schema.tables where table_type='base table' and table_name='wsfi039fields'
20240520@152118.2752 aq5sk79ntib241jjbt0pmavq3d Query : select fieldkey,fieldname,fieldtype,mandatory from wsfi039fields
20240520@152118.2823 aq5sk79ntib241jjbt0pmavq3d Query : select 1 valor from information_schema.tables where table_type='base table' and table_name='wsfi2039fields'
20240520@152118.2840 aq5sk79ntib241jjbt0pmavq3d Query : select fieldkey,fieldname,fieldtype,mandatory from wsfi2039fields
20240520@152118.2856 aq5sk79ntib241jjbt0pmavq3d Query : select sestamp valor from se where ref ='324.692.00.01' and lote = 'r2400063200a'
20240520@152118.2901 aq5sk79ntib241jjbt0pmavq3d Query : select top 1 convert(numeric(6,2),t.taxa) valor from taxasiva t where t.codigo='2'
20240520@152118.2914 aq5sk79ntib241jjbt0pmavq3d Query : select 1 valor from information_schema.tables where table_type='base table' and table_name='wsfi039fields'
20240520@152118.2934 aq5sk79ntib241jjbt0pmavq3d Query : select fieldkey,fieldname,fieldtype,calcformula from wsfi039fields
20240520@152118.2966 aq5sk79ntib241jjbt0pmavq3d Query : insert into wsfi039data (fistamp,ousrdata, ousrhora, usrdata,usrhora,ousrinis,usrinis ,qtt ,ftstamp ,epv,pvmoeda ,tabiva,iva,lordem ,ref, design ,lote,armazem) values ('aut664b502256664b5c5e47',getdate(),convert(char(8),convert (time,getdate())),getdate(),convert(char(8),convert (time,getdate())),'wsv','wsv',16.000 ,'aut664b584181664b5c5c0b' ,0,0 ,2,23.00,350000,?,?,?,?)
20240520@152118.3297 aq5sk79ntib241jjbt0pmavq3d Query : select 1 valor from information_schema.tables where table_type='base table' and table_name='wsfi2039fields'
20240520@152118.3325 aq5sk79ntib241jjbt0pmavq3d Query : select fieldkey,fieldname,fieldtype,calcformula from wsfi2039fields
20240520@152118.3329 aq5sk79ntib241jjbt0pmavq3d Query : insert into wsfi2039data (fi2stamp,ftstamp ,ousrdata, ousrhora, usrdata,usrhora,ousrinis,usrinis) values ('aut664b502256664b5c5e47','aut664b584181664b5c5c0b' ,getdate(),convert(char(8),convert (time,getdate())),getdate(),convert(char(8),convert (time,getdate())),'wsv','wsv')
20240520@152118.3334 aq5sk79ntib241jjbt0pmavq3d Query : select 1 valor from information_schema.tables where table_type='base table' and table_name='wsfi039fields'
20240520@152118.3393 aq5sk79ntib241jjbt0pmavq3d Query : select fieldkey,fieldname,fieldtype,mandatory from wsfi039fields
20240520@152118.3429 aq5sk79ntib241jjbt0pmavq3d Query : select 1 valor from information_schema.tables where table_type='base table' and table_name='wsfi2039fields'
20240520@152118.3446 aq5sk79ntib241jjbt0pmavq3d Query : select fieldkey,fieldname,fieldtype,mandatory from wsfi2039fields
20240520@152118.3469 aq5sk79ntib241jjbt0pmavq3d Query : select top 1 convert(numeric(6,2),t.taxa) valor from taxasiva t where t.codigo='2'
20240520@152118.3519 aq5sk79ntib241jjbt0pmavq3d Query : select 1 valor from information_schema.tables where table_type='base table' and table_name='wsfi039fields'
20240520@152118.3532 aq5sk79ntib241jjbt0pmavq3d Query : select fieldkey,fieldname,fieldtype,calcformula from wsfi039fields
20240520@152118.3561 aq5sk79ntib241jjbt0pmavq3d Query : insert into wsfi039data (fistamp,ousrdata, ousrhora, usrdata,usrhora,ousrinis,usrinis ,qtt ,ftstamp ,epv,pvmoeda ,tabiva,iva,lordem ,ref, design ,armazem) values ('aut664b522086664b5c5e55',getdate(),convert(char(8),convert (time,getdate())),getdate(),convert(char(8),convert (time,getdate())),'wsv','wsv',0 ,'aut664b584181664b5c5c0b' ,0,0 ,2,23.00,360000,?,?,?)
20240520@152118.3814 aq5sk79ntib241jjbt0pmavq3d Query : select 1 valor from information_schema.tables where table_type='base table' and table_name='wsfi2039fields'
20240520@152118.3837 aq5sk79ntib241jjbt0pmavq3d Query : select fieldkey,fieldname,fieldtype,calcformula from wsfi2039fields
20240520@152118.3842 aq5sk79ntib241jjbt0pmavq3d Query : insert into wsfi2039data (fi2stamp,ftstamp ,ousrdata, ousrhora, usrdata,usrhora,ousrinis,usrinis) values ('aut664b522086664b5c5e55','aut664b584181664b5c5c0b' ,getdate(),convert(char(8),convert (time,getdate())),getdate(),convert(char(8),convert (time,getdate())),'wsv','wsv')
20240520@152118.3846 aq5sk79ntib241jjbt0pmavq3d Query : use flama_phc
20240520@152118.3850 aq5sk79ntib241jjbt0pmavq3d Query : select st.usalote valor from st where st.ref = '324.692.00.01'
20240520@152118.3867 aq5sk79ntib241jjbt0pmavq3d Query : select top 1 st.tabiva ,st.ivaincl ,st.stns ,st.uni2 ,st.familia ,isnull(tx.taxa, 0) txiva ,unidade ,usalote ,epcpond ,noserie from st left join taxasiva tx on st.tabiva = tx.codigo where st.ref = '324.692.00.01'
20240520@152118.3903 aq5sk79ntib241jjbt0pmavq3d Query : select 1 valor from information_schema.tables where table_type='base table' and table_name='wsfi039fields'
20240520@152118.3924 aq5sk79ntib241jjbt0pmavq3d Query : select fieldkey,fieldname,fieldtype,mandatory from wsfi039fields
20240520@152118.3953 aq5sk79ntib241jjbt0pmavq3d Query : select 1 valor from information_schema.tables where table_type='base table' and table_name='wsfi2039fields'
20240520@152118.3965 aq5sk79ntib241jjbt0pmavq3d Query : select fieldkey,fieldname,fieldtype,mandatory from wsfi2039fields
20240520@152118.3969 aq5sk79ntib241jjbt0pmavq3d Query : select sestamp valor from se where ref ='324.692.00.01' and lote = 'r2400063200a'
20240520@152118.3979 aq5sk79ntib241jjbt0pmavq3d Query : select top 1 convert(numeric(6,2),t.taxa) valor from taxasiva t where t.codigo='2'
20240520@152118.4001 aq5sk79ntib241jjbt0pmavq3d Query : select 1 valor from information_schema.tables where table_type='base table' and table_name='wsfi039fields'
20240520@152118.4036 aq5sk79ntib241jjbt0pmavq3d Query : select fieldkey,fieldname,fieldtype,calcformula from wsfi039fields
20240520@152118.4058 aq5sk79ntib241jjbt0pmavq3d Query : insert into wsfi039data (fistamp,ousrdata, ousrhora, usrdata,usrhora,ousrinis,usrinis ,qtt ,ftstamp ,epv,pvmoeda ,tabiva,iva,lordem ,ref, design ,lote,armazem) values ('aut664b562776664b5c5e61',getdate(),convert(char(8),convert (time,getdate())),getdate(),convert(char(8),convert (time,getdate())),'wsv','wsv',16.000 ,'aut664b584181664b5c5c0b' ,0,0 ,2,23.00,380000,?,?,?,?)
20240520@152118.4316 aq5sk79ntib241jjbt0pmavq3d Query : select 1 valor from information_schema.tables where table_type='base table' and table_name='wsfi2039fields'
20240520@152118.4359 aq5sk79ntib241jjbt0pmavq3d Query : select fieldkey,fieldname,fieldtype,calcformula from wsfi2039fields
20240520@152118.4374 aq5sk79ntib241jjbt0pmavq3d Query : insert into wsfi2039data (fi2stamp,ftstamp ,ousrdata, ousrhora, usrdata,usrhora,ousrinis,usrinis) values ('aut664b562776664b5c5e61','aut664b584181664b5c5c0b' ,getdate(),convert(char(8),convert (time,getdate())),getdate(),convert(char(8),convert (time,getdate())),'wsv','wsv')
20240520@152118.4379 aq5sk79ntib241jjbt0pmavq3d Query : select 1 valor from information_schema.tables where table_type='base table' and table_name='wsfi039fields'
20240520@152118.4395 aq5sk79ntib241jjbt0pmavq3d Query : select fieldkey,fieldname,fieldtype,mandatory from wsfi039fields
20240520@152118.4595 aq5sk79ntib241jjbt0pmavq3d Query : select 1 valor from information_schema.tables where table_type='base table' and table_name='wsfi2039fields'
20240520@152118.4628 aq5sk79ntib241jjbt0pmavq3d Query : select fieldkey,fieldname,fieldtype,mandatory from wsfi2039fields
20240520@152118.4633 aq5sk79ntib241jjbt0pmavq3d Query : select top 1 convert(numeric(6,2),t.taxa) valor from taxasiva t where t.codigo='2'
20240520@152118.4661 aq5sk79ntib241jjbt0pmavq3d Query : select 1 valor from information_schema.tables where table_type='base table' and table_name='wsfi039fields'
20240520@152118.4675 aq5sk79ntib241jjbt0pmavq3d Query : select fieldkey,fieldname,fieldtype,calcformula from wsfi039fields
20240520@152118.4740 aq5sk79ntib241jjbt0pmavq3d Query : insert into wsfi039data (fistamp,ousrdata, ousrhora, usrdata,usrhora,ousrinis,usrinis ,qtt ,ftstamp ,epv,pvmoeda ,tabiva,iva,lordem ,ref, design ,armazem) values ('aut664b502509664b5c5e71',getdate(),convert(char(8),convert (time,getdate())),getdate(),convert(char(8),convert (time,getdate())),'wsv','wsv',0 ,'aut664b584181664b5c5c0b' ,0,0 ,2,23.00,390000,?,?,?)
20240520@152118.4996 aq5sk79ntib241jjbt0pmavq3d Query : select 1 valor from information_schema.tables where table_type='base table' and table_name='wsfi2039fields'
20240520@152118.5027 aq5sk79ntib241jjbt0pmavq3d Query : select fieldkey,fieldname,fieldtype,calcformula from wsfi2039fields
20240520@152118.5031 aq5sk79ntib241jjbt0pmavq3d Query : insert into wsfi2039data (fi2stamp,ftstamp ,ousrdata, ousrhora, usrdata,usrhora,ousrinis,usrinis) values ('aut664b502509664b5c5e71','aut664b584181664b5c5c0b' ,getdate(),convert(char(8),convert (time,getdate())),getdate(),convert(char(8),convert (time,getdate())),'wsv','wsv')
20240520@152118.5036 aq5sk79ntib241jjbt0pmavq3d Query : use flama_phc
20240520@152118.5039 aq5sk79ntib241jjbt0pmavq3d Query : select st.usalote valor from st where st.ref = '324.692.00.01'
20240520@152118.5093 aq5sk79ntib241jjbt0pmavq3d Query : select top 1 st.tabiva ,st.ivaincl ,st.stns ,st.uni2 ,st.familia ,isnull(tx.taxa, 0) txiva ,unidade ,usalote ,epcpond ,noserie from st left join taxasiva tx on st.tabiva = tx.codigo where st.ref = '324.692.00.01'
20240520@152118.5131 aq5sk79ntib241jjbt0pmavq3d Query : select 1 valor from information_schema.tables where table_type='base table' and table_name='wsfi039fields'
20240520@152118.5152 aq5sk79ntib241jjbt0pmavq3d Query : select fieldkey,fieldname,fieldtype,mandatory from wsfi039fields
20240520@152118.5178 aq5sk79ntib241jjbt0pmavq3d Query : select 1 valor from information_schema.tables where table_type='base table' and table_name='wsfi2039fields'
20240520@152118.5191 aq5sk79ntib241jjbt0pmavq3d Query : select fieldkey,fieldname,fieldtype,mandatory from wsfi2039fields
20240520@152118.5195 aq5sk79ntib241jjbt0pmavq3d Query : select sestamp valor from se where ref ='324.692.00.01' and lote = 'r2400063200a'
20240520@152118.5213 aq5sk79ntib241jjbt0pmavq3d Query : select top 1 convert(numeric(6,2),t.taxa) valor from taxasiva t where t.codigo='2'
20240520@152118.5229 aq5sk79ntib241jjbt0pmavq3d Query : select 1 valor from information_schema.tables where table_type='base table' and table_name='wsfi039fields'
20240520@152118.5267 aq5sk79ntib241jjbt0pmavq3d Query : select fieldkey,fieldname,fieldtype,calcformula from wsfi039fields
20240520@152118.5341 aq5sk79ntib241jjbt0pmavq3d Query : insert into wsfi039data (fistamp,ousrdata, ousrhora, usrdata,usrhora,ousrinis,usrinis ,qtt ,ftstamp ,epv,pvmoeda ,tabiva,iva,lordem ,ref, design ,lote,armazem) values ('aut664b550420664b5c5e7f',getdate(),convert(char(8),convert (time,getdate())),getdate(),convert(char(8),convert (time,getdate())),'wsv','wsv',16.000 ,'aut664b584181664b5c5c0b' ,0,0 ,2,23.00,410000,?,?,?,?)
20240520@152118.5576 aq5sk79ntib241jjbt0pmavq3d Query : select 1 valor from information_schema.tables where table_type='base table' and table_name='wsfi2039fields'
20240520@152118.5602 aq5sk79ntib241jjbt0pmavq3d Query : select fieldkey,fieldname,fieldtype,calcformula from wsfi2039fields
20240520@152118.5606 aq5sk79ntib241jjbt0pmavq3d Query : insert into wsfi2039data (fi2stamp,ftstamp ,ousrdata, ousrhora, usrdata,usrhora,ousrinis,usrinis) values ('aut664b550420664b5c5e7f','aut664b584181664b5c5c0b' ,getdate(),convert(char(8),convert (time,getdate())),getdate(),convert(char(8),convert (time,getdate())),'wsv','wsv')
20240520@152118.5610 aq5sk79ntib241jjbt0pmavq3d Query : select 1 valor from information_schema.tables where table_type='base table' and table_name='wsfi039fields'
20240520@152118.5647 aq5sk79ntib241jjbt0pmavq3d Query : select fieldkey,fieldname,fieldtype,mandatory from wsfi039fields
20240520@152118.5713 aq5sk79ntib241jjbt0pmavq3d Query : select 1 valor from information_schema.tables where table_type='base table' and table_name='wsfi2039fields'
20240520@152118.5726 aq5sk79ntib241jjbt0pmavq3d Query : select fieldkey,fieldname,fieldtype,mandatory from wsfi2039fields
20240520@152118.5730 aq5sk79ntib241jjbt0pmavq3d Query : select top 1 convert(numeric(6,2),t.taxa) valor from taxasiva t where t.codigo='2'
20240520@152118.5753 aq5sk79ntib241jjbt0pmavq3d Query : select 1 valor from information_schema.tables where table_type='base table' and table_name='wsfi039fields'
20240520@152118.5801 aq5sk79ntib241jjbt0pmavq3d Query : select fieldkey,fieldname,fieldtype,calcformula from wsfi039fields
20240520@152118.5845 aq5sk79ntib241jjbt0pmavq3d Query : insert into wsfi039data (fistamp,ousrdata, ousrhora, usrdata,usrhora,ousrinis,usrinis ,qtt ,ftstamp ,epv,pvmoeda ,tabiva,iva,lordem ,ref, design ,armazem) values ('aut664b519151664b5c5e8c',getdate(),convert(char(8),convert (time,getdate())),getdate(),convert(char(8),convert (time,getdate())),'wsv','wsv',0 ,'aut664b584181664b5c5c0b' ,0,0 ,2,23.00,420000,?,?,?)
20240520@152118.6085 aq5sk79ntib241jjbt0pmavq3d Query : select 1 valor from information_schema.tables where table_type='base table' and table_name='wsfi2039fields'
20240520@152118.6099 aq5sk79ntib241jjbt0pmavq3d Query : select fieldkey,fieldname,fieldtype,calcformula from wsfi2039fields
20240520@152118.6103 aq5sk79ntib241jjbt0pmavq3d Query : insert into wsfi2039data (fi2stamp,ftstamp ,ousrdata, ousrhora, usrdata,usrhora,ousrinis,usrinis) values ('aut664b519151664b5c5e8c','aut664b584181664b5c5c0b' ,getdate(),convert(char(8),convert (time,getdate())),getdate(),convert(char(8),convert (time,getdate())),'wsv','wsv')
20240520@152118.6107 aq5sk79ntib241jjbt0pmavq3d Query : use flama_phc
20240520@152118.6111 aq5sk79ntib241jjbt0pmavq3d Query : select st.usalote valor from st where st.ref = '324.692.00.01'
20240520@152118.6120 aq5sk79ntib241jjbt0pmavq3d Query : select top 1 st.tabiva ,st.ivaincl ,st.stns ,st.uni2 ,st.familia ,isnull(tx.taxa, 0) txiva ,unidade ,usalote ,epcpond ,noserie from st left join taxasiva tx on st.tabiva = tx.codigo where st.ref = '324.692.00.01'
20240520@152118.6131 aq5sk79ntib241jjbt0pmavq3d Query : select 1 valor from information_schema.tables where table_type='base table' and table_name='wsfi039fields'
20240520@152118.6143 aq5sk79ntib241jjbt0pmavq3d Query : select fieldkey,fieldname,fieldtype,mandatory from wsfi039fields
20240520@152118.6168 aq5sk79ntib241jjbt0pmavq3d Query : select 1 valor from information_schema.tables where table_type='base table' and table_name='wsfi2039fields'
20240520@152118.6180 aq5sk79ntib241jjbt0pmavq3d Query : select fieldkey,fieldname,fieldtype,mandatory from wsfi2039fields
20240520@152118.6184 aq5sk79ntib241jjbt0pmavq3d Query : select sestamp valor from se where ref ='324.692.00.01' and lote = 'r2400063200a'
20240520@152118.6193 aq5sk79ntib241jjbt0pmavq3d Query : select top 1 convert(numeric(6,2),t.taxa) valor from taxasiva t where t.codigo='2'
20240520@152118.6204 aq5sk79ntib241jjbt0pmavq3d Query : select 1 valor from information_schema.tables where table_type='base table' and table_name='wsfi039fields'
20240520@152118.6216 aq5sk79ntib241jjbt0pmavq3d Query : select fieldkey,fieldname,fieldtype,calcformula from wsfi039fields
20240520@152118.6238 aq5sk79ntib241jjbt0pmavq3d Query : insert into wsfi039data (fistamp,ousrdata, ousrhora, usrdata,usrhora,ousrinis,usrinis ,qtt ,ftstamp ,epv,pvmoeda ,tabiva,iva,lordem ,ref, design ,lote,armazem) values ('aut664b576214664b5c5e97',getdate(),convert(char(8),convert (time,getdate())),getdate(),convert(char(8),convert (time,getdate())),'wsv','wsv',16.000 ,'aut664b584181664b5c5c0b' ,0,0 ,2,23.00,440000,?,?,?,?)
20240520@152118.6483 aq5sk79ntib241jjbt0pmavq3d Query : select 1 valor from information_schema.tables where table_type='base table' and table_name='wsfi2039fields'
20240520@152118.6499 aq5sk79ntib241jjbt0pmavq3d Query : select fieldkey,fieldname,fieldtype,calcformula from wsfi2039fields
20240520@152118.6503 aq5sk79ntib241jjbt0pmavq3d Query : insert into wsfi2039data (fi2stamp,ftstamp ,ousrdata, ousrhora, usrdata,usrhora,ousrinis,usrinis) values ('aut664b576214664b5c5e97','aut664b584181664b5c5c0b' ,getdate(),convert(char(8),convert (time,getdate())),getdate(),convert(char(8),convert (time,getdate())),'wsv','wsv')
20240520@152118.6508 aq5sk79ntib241jjbt0pmavq3d Query : select 1 valor from information_schema.tables where table_type='base table' and table_name='wsfi039fields'
20240520@152118.6521 aq5sk79ntib241jjbt0pmavq3d Query : select fieldkey,fieldname,fieldtype,mandatory from wsfi039fields
20240520@152118.6542 aq5sk79ntib241jjbt0pmavq3d Query : select 1 valor from information_schema.tables where table_type='base table' and table_name='wsfi2039fields'
20240520@152118.6554 aq5sk79ntib241jjbt0pmavq3d Query : select fieldkey,fieldname,fieldtype,mandatory from wsfi2039fields
20240520@152118.6560 aq5sk79ntib241jjbt0pmavq3d Query : select top 1 convert(numeric(6,2),t.taxa) valor from taxasiva t where t.codigo='2'
20240520@152118.6569 aq5sk79ntib241jjbt0pmavq3d Query : select 1 valor from information_schema.tables where table_type='base table' and table_name='wsfi039fields'
20240520@152118.6582 aq5sk79ntib241jjbt0pmavq3d Query : select fieldkey,fieldname,fieldtype,calcformula from wsfi039fields
20240520@152118.6604 aq5sk79ntib241jjbt0pmavq3d Query : insert into wsfi039data (fistamp,ousrdata, ousrhora, usrdata,usrhora,ousrinis,usrinis ,qtt ,ftstamp ,epv,pvmoeda ,tabiva,iva,lordem ,ref, design ,armazem) values ('aut664b593395664b5c5ea0',getdate(),convert(char(8),convert (time,getdate())),getdate(),convert(char(8),convert (time,getdate())),'wsv','wsv',0 ,'aut664b584181664b5c5c0b' ,0,0 ,2,23.00,450000,?,?,?)
20240520@152118.6852 aq5sk79ntib241jjbt0pmavq3d Query : select 1 valor from information_schema.tables where table_type='base table' and table_name='wsfi2039fields'
20240520@152118.6876 aq5sk79ntib241jjbt0pmavq3d Query : select fieldkey,fieldname,fieldtype,calcformula from wsfi2039fields
20240520@152118.6880 aq5sk79ntib241jjbt0pmavq3d Query : insert into wsfi2039data (fi2stamp,ftstamp ,ousrdata, ousrhora, usrdata,usrhora,ousrinis,usrinis) values ('aut664b593395664b5c5ea0','aut664b584181664b5c5c0b' ,getdate(),convert(char(8),convert (time,getdate())),getdate(),convert(char(8),convert (time,getdate())),'wsv','wsv')
20240520@152118.6885 aq5sk79ntib241jjbt0pmavq3d Query : use flama_phc
20240520@152118.6889 aq5sk79ntib241jjbt0pmavq3d Query : select st.usalote valor from st where st.ref = '324.692.00.01'
20240520@152118.6899 aq5sk79ntib241jjbt0pmavq3d Query : select top 1 st.tabiva ,st.ivaincl ,st.stns ,st.uni2 ,st.familia ,isnull(tx.taxa, 0) txiva ,unidade ,usalote ,epcpond ,noserie from st left join taxasiva tx on st.tabiva = tx.codigo where st.ref = '324.692.00.01'
20240520@152118.6911 aq5sk79ntib241jjbt0pmavq3d Query : select 1 valor from information_schema.tables where table_type='base table' and table_name='wsfi039fields'
20240520@152118.6925 aq5sk79ntib241jjbt0pmavq3d Query : select fieldkey,fieldname,fieldtype,mandatory from wsfi039fields
20240520@152118.6948 aq5sk79ntib241jjbt0pmavq3d Query : select 1 valor from information_schema.tables where table_type='base table' and table_name='wsfi2039fields'
20240520@152118.6966 aq5sk79ntib241jjbt0pmavq3d Query : select fieldkey,fieldname,fieldtype,mandatory from wsfi2039fields
20240520@152118.6970 aq5sk79ntib241jjbt0pmavq3d Query : select sestamp valor from se where ref ='324.692.00.01' and lote = 'r2400063200a'
20240520@152118.6980 aq5sk79ntib241jjbt0pmavq3d Query : select top 1 convert(numeric(6,2),t.taxa) valor from taxasiva t where t.codigo='2'
20240520@152118.6989 aq5sk79ntib241jjbt0pmavq3d Query : select 1 valor from information_schema.tables where table_type='base table' and table_name='wsfi039fields'
20240520@152118.7002 aq5sk79ntib241jjbt0pmavq3d Query : select fieldkey,fieldname,fieldtype,calcformula from wsfi039fields
20240520@152118.7027 aq5sk79ntib241jjbt0pmavq3d Query : insert into wsfi039data (fistamp,ousrdata, ousrhora, usrdata,usrhora,ousrinis,usrinis ,qtt ,ftstamp ,epv,pvmoeda ,tabiva,iva,lordem ,ref, design ,lote,armazem) values ('aut664b511103664b5c5eaa',getdate(),convert(char(8),convert (time,getdate())),getdate(),convert(char(8),convert (time,getdate())),'wsv','wsv',16.000 ,'aut664b584181664b5c5c0b' ,0,0 ,2,23.00,470000,?,?,?,?)
20240520@152118.7344 aq5sk79ntib241jjbt0pmavq3d Query : select 1 valor from information_schema.tables where table_type='base table' and table_name='wsfi2039fields'
20240520@152118.7359 aq5sk79ntib241jjbt0pmavq3d Query : select fieldkey,fieldname,fieldtype,calcformula from wsfi2039fields
20240520@152118.7364 aq5sk79ntib241jjbt0pmavq3d Query : insert into wsfi2039data (fi2stamp,ftstamp ,ousrdata, ousrhora, usrdata,usrhora,ousrinis,usrinis) values ('aut664b511103664b5c5eaa','aut664b584181664b5c5c0b' ,getdate(),convert(char(8),convert (time,getdate())),getdate(),convert(char(8),convert (time,getdate())),'wsv','wsv')
20240520@152118.7369 aq5sk79ntib241jjbt0pmavq3d Query : select 1 valor from information_schema.tables where table_type='base table' and table_name='wsfi039fields'
20240520@152118.7382 aq5sk79ntib241jjbt0pmavq3d Query : select fieldkey,fieldname,fieldtype,mandatory from wsfi039fields
20240520@152118.7406 aq5sk79ntib241jjbt0pmavq3d Query : select 1 valor from information_schema.tables where table_type='base table' and table_name='wsfi2039fields'
20240520@152118.7419 aq5sk79ntib241jjbt0pmavq3d Query : select fieldkey,fieldname,fieldtype,mandatory from wsfi2039fields
20240520@152118.7423 aq5sk79ntib241jjbt0pmavq3d Query : select top 1 convert(numeric(6,2),t.taxa) valor from taxasiva t where t.codigo='2'
20240520@152118.7433 aq5sk79ntib241jjbt0pmavq3d Query : select 1 valor from information_schema.tables where table_type='base table' and table_name='wsfi039fields'
20240520@152118.7450 aq5sk79ntib241jjbt0pmavq3d Query : select fieldkey,fieldname,fieldtype,calcformula from wsfi039fields
20240520@152118.7474 aq5sk79ntib241jjbt0pmavq3d Query : insert into wsfi039data (fistamp,ousrdata, ousrhora, usrdata,usrhora,ousrinis,usrinis ,qtt ,ftstamp ,epv,pvmoeda ,tabiva,iva,lordem ,ref, design ,armazem) values ('aut664b525372664b5c5eb5',getdate(),convert(char(8),convert (time,getdate())),getdate(),convert(char(8),convert (time,getdate())),'wsv','wsv',0 ,'aut664b584181664b5c5c0b' ,0,0 ,2,23.00,480000,?,?,?)
20240520@152118.7716 aq5sk79ntib241jjbt0pmavq3d Query : select 1 valor from information_schema.tables where table_type='base table' and table_name='wsfi2039fields'
20240520@152118.7730 aq5sk79ntib241jjbt0pmavq3d Query : select fieldkey,fieldname,fieldtype,calcformula from wsfi2039fields
20240520@152118.7734 aq5sk79ntib241jjbt0pmavq3d Query : insert into wsfi2039data (fi2stamp,ftstamp ,ousrdata, ousrhora, usrdata,usrhora,ousrinis,usrinis) values ('aut664b525372664b5c5eb5','aut664b584181664b5c5c0b' ,getdate(),convert(char(8),convert (time,getdate())),getdate(),convert(char(8),convert (time,getdate())),'wsv','wsv')
20240520@152118.7742 aq5sk79ntib241jjbt0pmavq3d Query : use flama_phc
20240520@152118.7745 aq5sk79ntib241jjbt0pmavq3d Query : select st.usalote valor from st where st.ref = '324.692.00.01'
20240520@152118.7755 aq5sk79ntib241jjbt0pmavq3d Query : select top 1 st.tabiva ,st.ivaincl ,st.stns ,st.uni2 ,st.familia ,isnull(tx.taxa, 0) txiva ,unidade ,usalote ,epcpond ,noserie from st left join taxasiva tx on st.tabiva = tx.codigo where st.ref = '324.692.00.01'
20240520@152118.7779 aq5sk79ntib241jjbt0pmavq3d Query : select 1 valor from information_schema.tables where table_type='base table' and table_name='wsfi039fields'
20240520@152118.7793 aq5sk79ntib241jjbt0pmavq3d Query : select fieldkey,fieldname,fieldtype,mandatory from wsfi039fields
20240520@152118.7818 aq5sk79ntib241jjbt0pmavq3d Query : select 1 valor from information_schema.tables where table_type='base table' and table_name='wsfi2039fields'
20240520@152118.7832 aq5sk79ntib241jjbt0pmavq3d Query : select fieldkey,fieldname,fieldtype,mandatory from wsfi2039fields
20240520@152118.7837 aq5sk79ntib241jjbt0pmavq3d Query : select sestamp valor from se where ref ='324.692.00.01' and lote = 'r2400063200a'
20240520@152118.7847 aq5sk79ntib241jjbt0pmavq3d Query : select top 1 convert(numeric(6,2),t.taxa) valor from taxasiva t where t.codigo='2'
20240520@152118.7859 aq5sk79ntib241jjbt0pmavq3d Query : select 1 valor from information_schema.tables where table_type='base table' and table_name='wsfi039fields'
20240520@152118.7872 aq5sk79ntib241jjbt0pmavq3d Query : select fieldkey,fieldname,fieldtype,calcformula from wsfi039fields
20240520@152118.7894 aq5sk79ntib241jjbt0pmavq3d Query : insert into wsfi039data (fistamp,ousrdata, ousrhora, usrdata,usrhora,ousrinis,usrinis ,qtt ,ftstamp ,epv,pvmoeda ,tabiva,iva,lordem ,ref, design ,lote,armazem) values ('aut664b596629664b5c5ebf',getdate(),convert(char(8),convert (time,getdate())),getdate(),convert(char(8),convert (time,getdate())),'wsv','wsv',16.000 ,'aut664b584181664b5c5c0b' ,0,0 ,2,23.00,500000,?,?,?,?)
20240520@152118.8128 aq5sk79ntib241jjbt0pmavq3d Query : select 1 valor from information_schema.tables where table_type='base table' and table_name='wsfi2039fields'
20240520@152118.8143 aq5sk79ntib241jjbt0pmavq3d Query : select fieldkey,fieldname,fieldtype,calcformula from wsfi2039fields
20240520@152118.8147 aq5sk79ntib241jjbt0pmavq3d Query : insert into wsfi2039data (fi2stamp,ftstamp ,ousrdata, ousrhora, usrdata,usrhora,ousrinis,usrinis) values ('aut664b596629664b5c5ebf','aut664b584181664b5c5c0b' ,getdate(),convert(char(8),convert (time,getdate())),getdate(),convert(char(8),convert (time,getdate())),'wsv','wsv')
20240520@152118.8152 aq5sk79ntib241jjbt0pmavq3d Query : select 1 valor from information_schema.tables where table_type='base table' and table_name='wsfi039fields'
20240520@152118.8164 aq5sk79ntib241jjbt0pmavq3d Query : select fieldkey,fieldname,fieldtype,mandatory from wsfi039fields
20240520@152118.8188 aq5sk79ntib241jjbt0pmavq3d Query : select 1 valor from information_schema.tables where table_type='base table' and table_name='wsfi2039fields'
20240520@152118.8203 aq5sk79ntib241jjbt0pmavq3d Query : select fieldkey,fieldname,fieldtype,mandatory from wsfi2039fields
20240520@152118.8207 aq5sk79ntib241jjbt0pmavq3d Query : select top 1 convert(numeric(6,2),t.taxa) valor from taxasiva t where t.codigo='2'
20240520@152118.8216 aq5sk79ntib241jjbt0pmavq3d Query : select 1 valor from information_schema.tables where table_type='base table' and table_name='wsfi039fields'
20240520@152118.8229 aq5sk79ntib241jjbt0pmavq3d Query : select fieldkey,fieldname,fieldtype,calcformula from wsfi039fields
20240520@152118.8250 aq5sk79ntib241jjbt0pmavq3d Query : insert into wsfi039data (fistamp,ousrdata, ousrhora, usrdata,usrhora,ousrinis,usrinis ,qtt ,ftstamp ,epv,pvmoeda ,tabiva,iva,lordem ,ref, design ,armazem) values ('aut664b554998664b5c5ec8',getdate(),convert(char(8),convert (time,getdate())),getdate(),convert(char(8),convert (time,getdate())),'wsv','wsv',0 ,'aut664b584181664b5c5c0b' ,0,0 ,2,23.00,510000,?,?,?)
20240520@152118.8487 aq5sk79ntib241jjbt0pmavq3d Query : select 1 valor from information_schema.tables where table_type='base table' and table_name='wsfi2039fields'
20240520@152118.8544 aq5sk79ntib241jjbt0pmavq3d Query : select fieldkey,fieldname,fieldtype,calcformula from wsfi2039fields
20240520@152118.8548 aq5sk79ntib241jjbt0pmavq3d Query : insert into wsfi2039data (fi2stamp,ftstamp ,ousrdata, ousrhora, usrdata,usrhora,ousrinis,usrinis) values ('aut664b554998664b5c5ec8','aut664b584181664b5c5c0b' ,getdate(),convert(char(8),convert (time,getdate())),getdate(),convert(char(8),convert (time,getdate())),'wsv','wsv')
20240520@152118.8553 aq5sk79ntib241jjbt0pmavq3d Query : use flama_phc
20240520@152118.8556 aq5sk79ntib241jjbt0pmavq3d Query : select st.usalote valor from st where st.ref = '324.692.00.01'
20240520@152118.8569 aq5sk79ntib241jjbt0pmavq3d Query : select top 1 st.tabiva ,st.ivaincl ,st.stns ,st.uni2 ,st.familia ,isnull(tx.taxa, 0) txiva ,unidade ,usalote ,epcpond ,noserie from st left join taxasiva tx on st.tabiva = tx.codigo where st.ref = '324.692.00.01'
20240520@152118.8581 aq5sk79ntib241jjbt0pmavq3d Query : select 1 valor from information_schema.tables where table_type='base table' and table_name='wsfi039fields'
20240520@152118.8594 aq5sk79ntib241jjbt0pmavq3d Query : select fieldkey,fieldname,fieldtype,mandatory from wsfi039fields
20240520@152118.8619 aq5sk79ntib241jjbt0pmavq3d Query : select 1 valor from information_schema.tables where table_type='base table' and table_name='wsfi2039fields'
20240520@152118.8632 aq5sk79ntib241jjbt0pmavq3d Query : select fieldkey,fieldname,fieldtype,mandatory from wsfi2039fields
20240520@152118.8636 aq5sk79ntib241jjbt0pmavq3d Query : select sestamp valor from se where ref ='324.692.00.01' and lote = 'r2400063200a'
20240520@152118.8646 aq5sk79ntib241jjbt0pmavq3d Query : select top 1 convert(numeric(6,2),t.taxa) valor from taxasiva t where t.codigo='2'
20240520@152118.8656 aq5sk79ntib241jjbt0pmavq3d Query : select 1 valor from information_schema.tables where table_type='base table' and table_name='wsfi039fields'
20240520@152118.8669 aq5sk79ntib241jjbt0pmavq3d Query : select fieldkey,fieldname,fieldtype,calcformula from wsfi039fields
20240520@152118.8691 aq5sk79ntib241jjbt0pmavq3d Query : insert into wsfi039data (fistamp,ousrdata, ousrhora, usrdata,usrhora,ousrinis,usrinis ,qtt ,ftstamp ,epv,pvmoeda ,tabiva,iva,lordem ,ref, design ,lote,armazem) values ('aut664b554496664b5c5ed3',getdate(),convert(char(8),convert (time,getdate())),getdate(),convert(char(8),convert (time,getdate())),'wsv','wsv',16.000 ,'aut664b584181664b5c5c0b' ,0,0 ,2,23.00,530000,?,?,?,?)
20240520@152118.9041 aq5sk79ntib241jjbt0pmavq3d Query : select 1 valor from information_schema.tables where table_type='base table' and table_name='wsfi2039fields'
20240520@152118.9148 aq5sk79ntib241jjbt0pmavq3d Query : select fieldkey,fieldname,fieldtype,calcformula from wsfi2039fields
20240520@152118.9153 aq5sk79ntib241jjbt0pmavq3d Query : insert into wsfi2039data (fi2stamp,ftstamp ,ousrdata, ousrhora, usrdata,usrhora,ousrinis,usrinis) values ('aut664b554496664b5c5ed3','aut664b584181664b5c5c0b' ,getdate(),convert(char(8),convert (time,getdate())),getdate(),convert(char(8),convert (time,getdate())),'wsv','wsv')
20240520@152118.9158 aq5sk79ntib241jjbt0pmavq3d Query : select 1 valor from information_schema.tables where table_type='base table' and table_name='wsfi039fields'
20240520@152118.9173 aq5sk79ntib241jjbt0pmavq3d Query : select fieldkey,fieldname,fieldtype,mandatory from wsfi039fields
20240520@152118.9197 aq5sk79ntib241jjbt0pmavq3d Query : select 1 valor from information_schema.tables where table_type='base table' and table_name='wsfi2039fields'
20240520@152118.9210 aq5sk79ntib241jjbt0pmavq3d Query : select fieldkey,fieldname,fieldtype,mandatory from wsfi2039fields
20240520@152118.9213 aq5sk79ntib241jjbt0pmavq3d Query : select top 1 convert(numeric(6,2),t.taxa) valor from taxasiva t where t.codigo='2'
20240520@152118.9223 aq5sk79ntib241jjbt0pmavq3d Query : select 1 valor from information_schema.tables where table_type='base table' and table_name='wsfi039fields'
20240520@152118.9235 aq5sk79ntib241jjbt0pmavq3d Query : select fieldkey,fieldname,fieldtype,calcformula from wsfi039fields
20240520@152118.9256 aq5sk79ntib241jjbt0pmavq3d Query : insert into wsfi039data (fistamp,ousrdata, ousrhora, usrdata,usrhora,ousrinis,usrinis ,qtt ,ftstamp ,epv,pvmoeda ,tabiva,iva,lordem ,ref, design ,armazem) values ('aut664b515913664b5c5ee1',getdate(),convert(char(8),convert (time,getdate())),getdate(),convert(char(8),convert (time,getdate())),'wsv','wsv',0 ,'aut664b584181664b5c5c0b' ,0,0 ,2,23.00,540000,?,?,?)
20240520@152118.9482 aq5sk79ntib241jjbt0pmavq3d Query : select 1 valor from information_schema.tables where table_type='base table' and table_name='wsfi2039fields'
20240520@152118.9497 aq5sk79ntib241jjbt0pmavq3d Query : select fieldkey,fieldname,fieldtype,calcformula from wsfi2039fields
20240520@152118.9501 aq5sk79ntib241jjbt0pmavq3d Query : insert into wsfi2039data (fi2stamp,ftstamp ,ousrdata, ousrhora, usrdata,usrhora,ousrinis,usrinis) values ('aut664b515913664b5c5ee1','aut664b584181664b5c5c0b' ,getdate(),convert(char(8),convert (time,getdate())),getdate(),convert(char(8),convert (time,getdate())),'wsv','wsv')
20240520@152118.9506 aq5sk79ntib241jjbt0pmavq3d Query : use flama_phc
20240520@152118.9509 aq5sk79ntib241jjbt0pmavq3d Query : select st.usalote valor from st where st.ref = '324.692.00.01'
20240520@152118.9519 aq5sk79ntib241jjbt0pmavq3d Query : select top 1 st.tabiva ,st.ivaincl ,st.stns ,st.uni2 ,st.familia ,isnull(tx.taxa, 0) txiva ,unidade ,usalote ,epcpond ,noserie from st left join taxasiva tx on st.tabiva = tx.codigo where st.ref = '324.692.00.01'
20240520@152118.9530 aq5sk79ntib241jjbt0pmavq3d Query : select 1 valor from information_schema.tables where table_type='base table' and table_name='wsfi039fields'
20240520@152118.9543 aq5sk79ntib241jjbt0pmavq3d Query : select fieldkey,fieldname,fieldtype,mandatory from wsfi039fields
20240520@152118.9565 aq5sk79ntib241jjbt0pmavq3d Query : select 1 valor from information_schema.tables where table_type='base table' and table_name='wsfi2039fields'
20240520@152118.9577 aq5sk79ntib241jjbt0pmavq3d Query : select fieldkey,fieldname,fieldtype,mandatory from wsfi2039fields
20240520@152118.9582 aq5sk79ntib241jjbt0pmavq3d Query : select sestamp valor from se where ref ='324.692.00.01' and lote = 'r2400063200a'
20240520@152118.9593 aq5sk79ntib241jjbt0pmavq3d Query : select top 1 convert(numeric(6,2),t.taxa) valor from taxasiva t where t.codigo='2'
20240520@152118.9603 aq5sk79ntib241jjbt0pmavq3d Query : select 1 valor from information_schema.tables where table_type='base table' and table_name='wsfi039fields'
20240520@152118.9617 aq5sk79ntib241jjbt0pmavq3d Query : select fieldkey,fieldname,fieldtype,calcformula from wsfi039fields
20240520@152118.9641 aq5sk79ntib241jjbt0pmavq3d Query : insert into wsfi039data (fistamp,ousrdata, ousrhora, usrdata,usrhora,ousrinis,usrinis ,qtt ,ftstamp ,epv,pvmoeda ,tabiva,iva,lordem ,ref, design ,lote,armazem) values ('aut664b548306664b5c5eea',getdate(),convert(char(8),convert (time,getdate())),getdate(),convert(char(8),convert (time,getdate())),'wsv','wsv',16.000 ,'aut664b584181664b5c5c0b' ,0,0 ,2,23.00,560000,?,?,?,?)
20240520@152118.9942 aq5sk79ntib241jjbt0pmavq3d Query : select 1 valor from information_schema.tables where table_type='base table' and table_name='wsfi2039fields'
20240520@152119.2389 aq5sk79ntib241jjbt0pmavq3d Query : select fieldkey,fieldname,fieldtype,calcformula from wsfi2039fields
20240520@152119.2394 aq5sk79ntib241jjbt0pmavq3d Query : insert into wsfi2039data (fi2stamp,ftstamp ,ousrdata, ousrhora, usrdata,usrhora,ousrinis,usrinis) values ('aut664b548306664b5c5eea','aut664b584181664b5c5c0b' ,getdate(),convert(char(8),convert (time,getdate())),getdate(),convert(char(8),convert (time,getdate())),'wsv','wsv')
20240520@152119.2400 aq5sk79ntib241jjbt0pmavq3d Query : select 1 valor from information_schema.tables where table_type='base table' and table_name='wsfi039fields'
20240520@152119.2416 aq5sk79ntib241jjbt0pmavq3d Query : select fieldkey,fieldname,fieldtype,mandatory from wsfi039fields
20240520@152119.2444 aq5sk79ntib241jjbt0pmavq3d Query : select 1 valor from information_schema.tables where table_type='base table' and table_name='wsfi2039fields'
20240520@152119.2458 aq5sk79ntib241jjbt0pmavq3d Query : select fieldkey,fieldname,fieldtype,mandatory from wsfi2039fields
20240520@152119.2462 aq5sk79ntib241jjbt0pmavq3d Query : select top 1 convert(numeric(6,2),t.taxa) valor from taxasiva t where t.codigo='2'
20240520@152119.2472 aq5sk79ntib241jjbt0pmavq3d Query : select 1 valor from information_schema.tables where table_type='base table' and table_name='wsfi039fields'
20240520@152119.2500 aq5sk79ntib241jjbt0pmavq3d Query : select fieldkey,fieldname,fieldtype,calcformula from wsfi039fields
20240520@152119.2526 aq5sk79ntib241jjbt0pmavq3d Query : insert into wsfi039data (fistamp,ousrdata, ousrhora, usrdata,usrhora,ousrinis,usrinis ,qtt ,ftstamp ,epv,pvmoeda ,tabiva,iva,lordem ,ref, design ,armazem) values ('aut664b521038664b5c5f3c',getdate(),convert(char(8),convert (time,getdate())),getdate(),convert(char(8),convert (time,getdate())),'wsv','wsv',0 ,'aut664b584181664b5c5c0b' ,0,0 ,2,23.00,570000,?,?,?)
20240520@152119.2779 aq5sk79ntib241jjbt0pmavq3d Query : select 1 valor from information_schema.tables where table_type='base table' and table_name='wsfi2039fields'
20240520@152119.2798 aq5sk79ntib241jjbt0pmavq3d Query : select fieldkey,fieldname,fieldtype,calcformula from wsfi2039fields
20240520@152119.2802 aq5sk79ntib241jjbt0pmavq3d Query : insert into wsfi2039data (fi2stamp,ftstamp ,ousrdata, ousrhora, usrdata,usrhora,ousrinis,usrinis) values ('aut664b521038664b5c5f3c','aut664b584181664b5c5c0b' ,getdate(),convert(char(8),convert (time,getdate())),getdate(),convert(char(8),convert (time,getdate())),'wsv','wsv')
20240520@152119.2807 aq5sk79ntib241jjbt0pmavq3d Query : use flama_phc
20240520@152119.2811 aq5sk79ntib241jjbt0pmavq3d Query : select st.usalote valor from st where st.ref = '324.692.00.01'
20240520@152119.2821 aq5sk79ntib241jjbt0pmavq3d Query : select top 1 st.tabiva ,st.ivaincl ,st.stns ,st.uni2 ,st.familia ,isnull(tx.taxa, 0) txiva ,unidade ,usalote ,epcpond ,noserie from st left join taxasiva tx on st.tabiva = tx.codigo where st.ref = '324.692.00.01'
20240520@152119.2841 aq5sk79ntib241jjbt0pmavq3d Query : select 1 valor from information_schema.tables where table_type='base table' and table_name='wsfi039fields'
20240520@152119.2854 aq5sk79ntib241jjbt0pmavq3d Query : select fieldkey,fieldname,fieldtype,mandatory from wsfi039fields
20240520@152119.2895 aq5sk79ntib241jjbt0pmavq3d Query : select 1 valor from information_schema.tables where table_type='base table' and table_name='wsfi2039fields'
20240520@152119.2917 aq5sk79ntib241jjbt0pmavq3d Query : select fieldkey,fieldname,fieldtype,mandatory from wsfi2039fields
20240520@152119.2922 aq5sk79ntib241jjbt0pmavq3d Query : select sestamp valor from se where ref ='324.692.00.01' and lote = 'r2400063200a'
20240520@152119.2947 aq5sk79ntib241jjbt0pmavq3d Query : select top 1 convert(numeric(6,2),t.taxa) valor from taxasiva t where t.codigo='2'
20240520@152119.2957 aq5sk79ntib241jjbt0pmavq3d Query : select 1 valor from information_schema.tables where table_type='base table' and table_name='wsfi039fields'
20240520@152119.2971 aq5sk79ntib241jjbt0pmavq3d Query : select fieldkey,fieldname,fieldtype,calcformula from wsfi039fields
20240520@152119.2995 aq5sk79ntib241jjbt0pmavq3d Query : insert into wsfi039data (fistamp,ousrdata, ousrhora, usrdata,usrhora,ousrinis,usrinis ,qtt ,ftstamp ,epv,pvmoeda ,tabiva,iva,lordem ,ref, design ,lote,armazem) values ('aut664b533880664b5c5f48',getdate(),convert(char(8),convert (time,getdate())),getdate(),convert(char(8),convert (time,getdate())),'wsv','wsv',16.000 ,'aut664b584181664b5c5c0b' ,0,0 ,2,23.00,590000,?,?,?,?)
20240520@152119.3234 aq5sk79ntib241jjbt0pmavq3d Query : select 1 valor from information_schema.tables where table_type='base table' and table_name='wsfi2039fields'
20240520@152119.3252 aq5sk79ntib241jjbt0pmavq3d Query : select fieldkey,fieldname,fieldtype,calcformula from wsfi2039fields
20240520@152119.3256 aq5sk79ntib241jjbt0pmavq3d Query : insert into wsfi2039data (fi2stamp,ftstamp ,ousrdata, ousrhora, usrdata,usrhora,ousrinis,usrinis) values ('aut664b533880664b5c5f48','aut664b584181664b5c5c0b' ,getdate(),convert(char(8),convert (time,getdate())),getdate(),convert(char(8),convert (time,getdate())),'wsv','wsv')
20240520@152119.3262 aq5sk79ntib241jjbt0pmavq3d Query : select 1 valor from information_schema.tables where table_type='base table' and table_name='wsfi039fields'
20240520@152119.3281 aq5sk79ntib241jjbt0pmavq3d Query : select fieldkey,fieldname,fieldtype,mandatory from wsfi039fields
20240520@152119.3304 aq5sk79ntib241jjbt0pmavq3d Query : select 1 valor from information_schema.tables where table_type='base table' and table_name='wsfi2039fields'
20240520@152119.3317 aq5sk79ntib241jjbt0pmavq3d Query : select fieldkey,fieldname,fieldtype,mandatory from wsfi2039fields
20240520@152119.3321 aq5sk79ntib241jjbt0pmavq3d Query : select top 1 convert(numeric(6,2),t.taxa) valor from taxasiva t where t.codigo='2'
20240520@152119.3331 aq5sk79ntib241jjbt0pmavq3d Query : select 1 valor from information_schema.tables where table_type='base table' and table_name='wsfi039fields'
20240520@152119.3347 aq5sk79ntib241jjbt0pmavq3d Query : select fieldkey,fieldname,fieldtype,calcformula from wsfi039fields
20240520@152119.3391 aq5sk79ntib241jjbt0pmavq3d Query : insert into wsfi039data (fistamp,ousrdata, ousrhora, usrdata,usrhora,ousrinis,usrinis ,qtt ,ftstamp ,epv,pvmoeda ,tabiva,iva,lordem ,ref, design ,armazem) values ('aut664b588063664b5c5f51',getdate(),convert(char(8),convert (time,getdate())),getdate(),convert(char(8),convert (time,getdate())),'wsv','wsv',0 ,'aut664b584181664b5c5c0b' ,0,0 ,2,23.00,600000,?,?,?)
20240520@152119.3621 aq5sk79ntib241jjbt0pmavq3d Query : select 1 valor from information_schema.tables where table_type='base table' and table_name='wsfi2039fields'
20240520@152119.3636 aq5sk79ntib241jjbt0pmavq3d Query : select fieldkey,fieldname,fieldtype,calcformula from wsfi2039fields
20240520@152119.3641 aq5sk79ntib241jjbt0pmavq3d Query : insert into wsfi2039data (fi2stamp,ftstamp ,ousrdata, ousrhora, usrdata,usrhora,ousrinis,usrinis) values ('aut664b588063664b5c5f51','aut664b584181664b5c5c0b' ,getdate(),convert(char(8),convert (time,getdate())),getdate(),convert(char(8),convert (time,getdate())),'wsv','wsv')
20240520@152119.3646 aq5sk79ntib241jjbt0pmavq3d Query : use flama_phc
20240520@152119.3649 aq5sk79ntib241jjbt0pmavq3d Query : select st.usalote valor from st where st.ref = '324.692.00.01'
20240520@152119.3660 aq5sk79ntib241jjbt0pmavq3d Query : select top 1 st.tabiva ,st.ivaincl ,st.stns ,st.uni2 ,st.familia ,isnull(tx.taxa, 0) txiva ,unidade ,usalote ,epcpond ,noserie from st left join taxasiva tx on st.tabiva = tx.codigo where st.ref = '324.692.00.01'
20240520@152119.3671 aq5sk79ntib241jjbt0pmavq3d Query : select 1 valor from information_schema.tables where table_type='base table' and table_name='wsfi039fields'
20240520@152119.3685 aq5sk79ntib241jjbt0pmavq3d Query : select fieldkey,fieldname,fieldtype,mandatory from wsfi039fields
20240520@152119.3708 aq5sk79ntib241jjbt0pmavq3d Query : select 1 valor from information_schema.tables where table_type='base table' and table_name='wsfi2039fields'
20240520@152119.3720 aq5sk79ntib241jjbt0pmavq3d Query : select fieldkey,fieldname,fieldtype,mandatory from wsfi2039fields
20240520@152119.3724 aq5sk79ntib241jjbt0pmavq3d Query : select sestamp valor from se where ref ='324.692.00.01' and lote = 'r2400063200a'
20240520@152119.3734 aq5sk79ntib241jjbt0pmavq3d Query : select top 1 convert(numeric(6,2),t.taxa) valor from taxasiva t where t.codigo='2'
20240520@152119.3743 aq5sk79ntib241jjbt0pmavq3d Query : select 1 valor from information_schema.tables where table_type='base table' and table_name='wsfi039fields'
20240520@152119.3755 aq5sk79ntib241jjbt0pmavq3d Query : select fieldkey,fieldname,fieldtype,calcformula from wsfi039fields
20240520@152119.3778 aq5sk79ntib241jjbt0pmavq3d Query : insert into wsfi039data (fistamp,ousrdata, ousrhora, usrdata,usrhora,ousrinis,usrinis ,qtt ,ftstamp ,epv,pvmoeda ,tabiva,iva,lordem ,ref, design ,lote,armazem) values ('aut664b586414664b5c5f5b',getdate(),convert(char(8),convert (time,getdate())),getdate(),convert(char(8),convert (time,getdate())),'wsv','wsv',8.000 ,'aut664b584181664b5c5c0b' ,0,0 ,2,23.00,620000,?,?,?,?)
20240520@152119.4068 aq5sk79ntib241jjbt0pmavq3d Query : select 1 valor from information_schema.tables where table_type='base table' and table_name='wsfi2039fields'
20240520@152119.4138 aq5sk79ntib241jjbt0pmavq3d Query : select fieldkey,fieldname,fieldtype,calcformula from wsfi2039fields
20240520@152119.4143 aq5sk79ntib241jjbt0pmavq3d Query : insert into wsfi2039data (fi2stamp,ftstamp ,ousrdata, ousrhora, usrdata,usrhora,ousrinis,usrinis) values ('aut664b586414664b5c5f5b','aut664b584181664b5c5c0b' ,getdate(),convert(char(8),convert (time,getdate())),getdate(),convert(char(8),convert (time,getdate())),'wsv','wsv')
20240520@152119.4149 aq5sk79ntib241jjbt0pmavq3d Query : select 1 valor from information_schema.tables where table_type='base table' and table_name='wsfi039fields'
20240520@152119.4163 aq5sk79ntib241jjbt0pmavq3d Query : select fieldkey,fieldname,fieldtype,mandatory from wsfi039fields
20240520@152119.4184 aq5sk79ntib241jjbt0pmavq3d Query : select 1 valor from information_schema.tables where table_type='base table' and table_name='wsfi2039fields'
20240520@152119.4196 aq5sk79ntib241jjbt0pmavq3d Query : select fieldkey,fieldname,fieldtype,mandatory from wsfi2039fields
20240520@152119.4202 aq5sk79ntib241jjbt0pmavq3d Query : select top 1 convert(numeric(6,2),t.taxa) valor from taxasiva t where t.codigo='2'
20240520@152119.4213 aq5sk79ntib241jjbt0pmavq3d Query : select 1 valor from information_schema.tables where table_type='base table' and table_name='wsfi039fields'
20240520@152119.4233 aq5sk79ntib241jjbt0pmavq3d Query : select fieldkey,fieldname,fieldtype,calcformula from wsfi039fields
20240520@152119.4690 aq5sk79ntib241jjbt0pmavq3d Query : insert into wsfi039data (fistamp,ousrdata, ousrhora, usrdata,usrhora,ousrinis,usrinis ,qtt ,ftstamp ,epv,pvmoeda ,tabiva,iva,lordem ,ref, design ,armazem) values ('aut664b587137664b5c5f66',getdate(),convert(char(8),convert (time,getdate())),getdate(),convert(char(8),convert (time,getdate())),'wsv','wsv',0 ,'aut664b584181664b5c5c0b' ,0,0 ,2,23.00,630000,?,?,?)
20240520@152119.5131 aq5sk79ntib241jjbt0pmavq3d Query : select 1 valor from information_schema.tables where table_type='base table' and table_name='wsfi2039fields'
20240520@152119.5150 aq5sk79ntib241jjbt0pmavq3d Query : select fieldkey,fieldname,fieldtype,calcformula from wsfi2039fields
20240520@152119.5154 aq5sk79ntib241jjbt0pmavq3d Query : insert into wsfi2039data (fi2stamp,ftstamp ,ousrdata, ousrhora, usrdata,usrhora,ousrinis,usrinis) values ('aut664b587137664b5c5f66','aut664b584181664b5c5c0b' ,getdate(),convert(char(8),convert (time,getdate())),getdate(),convert(char(8),convert (time,getdate())),'wsv','wsv')
20240520@152119.5160 aq5sk79ntib241jjbt0pmavq3d Query : insert into wsftcreationlog (initialftstamp,externalid,creationstatus,documenttypeid,idustamp) values ('aut664b584181664b5c5c0b','2403606','wait',39,'ari17112337378,753000005')
20240520@152119.5269 aq5sk79ntib241jjbt0pmavq3d Query : use flama_phc
20240520@152119.5273 aq5sk79ntib241jjbt0pmavq3d Query : update u_wsusers set rqsttoken =? where userid ='userls001'
20240520@152119.5287 aq5sk79ntib241jjbt0pmavq3d Query : select concat(rtrim(relative_path),ltrim(name_new)) as valor from uploadfiles where uploadfile_id='1770';
20240520@152119.5306 aq5sk79ntib241jjbt0pmavq3d Query : update uploadfiles set whenupdated=current_timestamp where uploadfile_id='1770';
20240520@152119.5402 aq5sk79ntib241jjbt0pmavq3d Query : select concat(rtrim(relative_path),ltrim(name_new)) as valor from uploadfiles where uploadfile_id='1770';
20240520@152119.5516 aq5sk79ntib241jjbt0pmavq3d Query : update uploadfiles set whenupdated=current_timestamp where uploadfile_id='1770';
20240520@153352.4984 sgq8a9f1nqcbj825nhfbagoh5m Query : insert into uploadfiles ( name_original, name_new, option_type, relative_path, whencreated ) values ( ?, ?, ?, ?, getdate() )
20240520@153352.5027 sgq8a9f1nqcbj825nhfbagoh5m Query : select uploadfile_id valor from uploadfiles where name_new = ? and option_type = ? 
20240520@153352.5087 sgq8a9f1nqcbj825nhfbagoh5m Query : select concat(rtrim(relative_path),ltrim(name_new)) as valor from uploadfiles where uploadfile_id='1771';
20240520@153352.5128 sgq8a9f1nqcbj825nhfbagoh5m Query : update uploadfiles set whenupdated=current_timestamp where uploadfile_id='1771';
20240520@153352.5150 sgq8a9f1nqcbj825nhfbagoh5m Query : select concat(rtrim(relative_path),ltrim(name_new)) as valor from uploadfiles where uploadfile_id='1771';
20240520@153352.5180 sgq8a9f1nqcbj825nhfbagoh5m Query : update uploadfiles set whenupdated=current_timestamp where uploadfile_id='1771';
20240520@153352.5198 sgq8a9f1nqcbj825nhfbagoh5m Query : use flama_phc
20240520@153352.5205 sgq8a9f1nqcbj825nhfbagoh5m Query : select top 1 secretkey valor from u_wsusers u where u.userid = ? and u.inactivo=0
20240520@153352.5255 sgq8a9f1nqcbj825nhfbagoh5m Query : select top 1 isnull(design,'') valor from st (nolock) where st.ref = '324.698.00.01'
20240520@153352.5390 sgq8a9f1nqcbj825nhfbagoh5m Query : select top 1 bistamp valor from bi inner join bo on bo.bostamp=bi.bostamp where bo.ndos =msm and bo.boano =20u5 and bo.obrano = 7 and bi.ref ='324.698.00.01' and bi.lordem =1
20240520@153618.9772 qkcmkchfac0lld4i04dfem5ba7 Query : use flama_phc
20240520@153618.9777 qkcmkchfac0lld4i04dfem5ba7 Query : select secretkey valor from u_wsusers u where u.userid = ? and u.username=? and u.password=? and u.inactivo=0
20240520@153618.9796 qkcmkchfac0lld4i04dfem5ba7 Query : use flama_phc
20240520@153618.9800 qkcmkchfac0lld4i04dfem5ba7 Query : update u_wsusers set rqsttoken =? where userid ='userls001'
20240520@160715.6646 im9gfeoe2p86pftmh58vvfa8gc Query : insert into uploadfiles ( name_original, name_new, option_type, relative_path, whencreated ) values ( ?, ?, ?, ?, getdate() )
20240520@160715.6663 im9gfeoe2p86pftmh58vvfa8gc Query : select uploadfile_id valor from uploadfiles where name_new = ? and option_type = ? 
20240520@160715.6713 im9gfeoe2p86pftmh58vvfa8gc Query : select concat(rtrim(relative_path),ltrim(name_new)) as valor from uploadfiles where uploadfile_id='1772';
20240520@160715.7256 im9gfeoe2p86pftmh58vvfa8gc Query : update uploadfiles set whenupdated=current_timestamp where uploadfile_id='1772';
20240520@160715.7379 im9gfeoe2p86pftmh58vvfa8gc Query : select concat(rtrim(relative_path),ltrim(name_new)) as valor from uploadfiles where uploadfile_id='1772';
20240520@160715.7398 im9gfeoe2p86pftmh58vvfa8gc Query : update uploadfiles set whenupdated=current_timestamp where uploadfile_id='1772';
20240520@160715.7419 im9gfeoe2p86pftmh58vvfa8gc Query : use flama_phc
20240520@160715.7423 im9gfeoe2p86pftmh58vvfa8gc Query : select top 1 secretkey valor from u_wsusers u where u.userid = ? and u.inactivo=0
20240520@160715.7437 im9gfeoe2p86pftmh58vvfa8gc Query : select no, estab,szadrsdesc from szadrs where u_coddest=2
20240520@160715.7518 im9gfeoe2p86pftmh58vvfa8gc Query : select top 1 isnull(design,'') valor from st (nolock) where st.ref = '324.646.00.01'
20240520@160715.7631 im9gfeoe2p86pftmh58vvfa8gc Query : select top 1 isnull(design,'') valor from st (nolock) where st.ref = '324.691.00.01'
20240520@160715.7722 im9gfeoe2p86pftmh58vvfa8gc Query : select top 1 isnull(design,'') valor from st (nolock) where st.ref = '324.692.00.01'
20240520@160715.7803 im9gfeoe2p86pftmh58vvfa8gc Query : select top 1 isnull(design,'') valor from st (nolock) where st.ref = '324.692.00.01'
20240520@160715.7813 im9gfeoe2p86pftmh58vvfa8gc Query : use flama_phc
20240520@160715.7818 im9gfeoe2p86pftmh58vvfa8gc Query : select top 1 1 valor from ts where ts.ndos = 5
20240520@160715.7927 im9gfeoe2p86pftmh58vvfa8gc Query : use flama_phc
20240520@160715.7934 im9gfeoe2p86pftmh58vvfa8gc Query : select descricao ,case when valor='s' then 1 else 0 end usalotes from para1 where descricao in ('st_lote')
20240520@160715.7945 im9gfeoe2p86pftmh58vvfa8gc Query : select top 1 assinadoc issigned ,ts.stocks ,ts.bdempresas origin ,case when (cmstocks between 1 and 50 or cm2stocks between 1 and 50 ) then 1 else 0 end entrada ,case when (cmstocks>50 or cm2stocks>50 ) then 1 else 0 end saida ,stneg validatestock ,tiposaft from ts inner join ts2 on ts.tsstamp=ts2.ts2stamp where ts.ndos =5
20240520@160715.8076 im9gfeoe2p86pftmh58vvfa8gc Query : use flama_phc
20240520@160715.8079 im9gfeoe2p86pftmh58vvfa8gc Query : select top 1 ~inactivo valor from fl where no = '100500' and estab = 0 order by inactivo desc
20240520@160715.8155 im9gfeoe2p86pftmh58vvfa8gc Query : use flama_phc
20240520@160715.8158 im9gfeoe2p86pftmh58vvfa8gc Query : select szadrsstamp valor from szadrs where szadrsdesc='espaÇotrans,lda'
20240520@160715.8169 im9gfeoe2p86pftmh58vvfa8gc Query : use flama_phc
20240520@160715.8172 im9gfeoe2p86pftmh58vvfa8gc Query : select szadrsstamp valor from szadrs where szadrsdesc='n/instalaÇÕes sede'
20240520@160715.8186 im9gfeoe2p86pftmh58vvfa8gc Query : use flama_phc
20240520@160715.8189 im9gfeoe2p86pftmh58vvfa8gc Query : select 1 valor from ts where ndos = 5
20240520@160715.8262 im9gfeoe2p86pftmh58vvfa8gc Query : select 1 valor from information_schema.tables where table_type='base table' and table_name='wsbo005fields'
20240520@160715.8565 im9gfeoe2p86pftmh58vvfa8gc Query : select fieldkey,fieldname,fieldtype,mandatory from wsbo005fields
20240520@160715.8607 im9gfeoe2p86pftmh58vvfa8gc Query : select 1 valor from information_schema.tables where table_type='base table' and table_name='wsbo2005fields'
20240520@160715.8874 im9gfeoe2p86pftmh58vvfa8gc Query : select 1 valor from information_schema.tables where table_type='base table' and table_name='wsbo3005fields'
20240520@160715.9121 im9gfeoe2p86pftmh58vvfa8gc Query : select top 1 ts2.manternumero, ts.tiposaft, ts.idserie,ts.nmdos,ts.bdempresas from ts inner join ts2 on ts.tsstamp=ts2.ts2stamp where ts.ndos = 5
20240520@160715.9247 im9gfeoe2p86pftmh58vvfa8gc Query : select top 1 bo.obrano valor from bo bo where bo.ndos = 5 and boano=2024 order by obrano desc
20240520@160715.9357 im9gfeoe2p86pftmh58vvfa8gc Query : select top 1 bo.obrano valor from wsbo005data bo where bo.ndos = 5 and boano=2024 order by obrano desc
20240520@160715.9439 im9gfeoe2p86pftmh58vvfa8gc Query : use flama_phc
20240520@160715.9443 im9gfeoe2p86pftmh58vvfa8gc Query : select top 1 no,estab,nome, morada, local,codpost,ncont,pncont,pais,inactivo,motiseimp,codmotiseimp from fl where no='100500' and estab=0
20240520@160715.9522 im9gfeoe2p86pftmh58vvfa8gc Query : select 1 valor from information_schema.tables where table_type='base table' and table_name='wsbo3005fields'
20240520@160715.9530 im9gfeoe2p86pftmh58vvfa8gc Query : insert into wsbo3005data (bo3stamp, ousrdata, ousrhora, usrdata,usrhora,ousrinis,usrinis) values ('aut664b621321664b6723e6',getdate(),convert(char(8),convert (time,getdate())),getdate(),convert(char(8),convert (time,getdate())),'aut','aut')
20240520@160715.9638 im9gfeoe2p86pftmh58vvfa8gc Query : select 1 valor from information_schema.tables where table_type='base table' and table_name='wsbo2005fields'
20240520@160715.9645 im9gfeoe2p86pftmh58vvfa8gc Query : insert into wsbo2005data (bo2stamp, tiposaft, idserie,cambio,cambiofixo,ousrdata, ousrhora, usrdata,usrhora,ousrinis,usrinis,xpddata,xpdhora,carga,descar) values ('aut664b621321664b6723e6','ga','bo','0',0,getdate(),convert(char(8),convert (time,getdate())),getdate(),convert(char(8),convert (time,getdate())),'aut','aut','20240520','16:37',?,?)
20240520@160715.9933 im9gfeoe2p86pftmh58vvfa8gc Query : select 1 valor from information_schema.tables where table_type='base table' and table_name='wsbo005fields'
20240520@160715.9952 im9gfeoe2p86pftmh58vvfa8gc Query : select fieldkey,fieldname,fieldtype,calcformula from wsbo005fields
20240520@160715.9986 im9gfeoe2p86pftmh58vvfa8gc Query : insert into wsbo005data (bostamp, nmdos, dataobra, ndos, obrano, no, estab, nome, ncont, morada, local, codpost, moeda, boano, memissao,ousrdata, ousrhora, usrdata,usrhora,ousrinis,usrinis,maquina ) values ('aut664b621321664b6723e6','trf entre armazéns a','2024-05-20',5,284,?,?,?,?,?,?,?,?,2024, (select valor from para1 where descricao = 'ge_euro') ,getdate(),convert(char(8),convert (time,getdate())),getdate(),convert(char(8),convert (time,getdate())),'aut','aut',?)
20240520@160716.6040 im9gfeoe2p86pftmh58vvfa8gc Query : use flama_phc
20240520@160716.6090 im9gfeoe2p86pftmh58vvfa8gc Query : select st.usalote valor from st where st.ref = '324.646.00.01'
20240520@160716.6250 im9gfeoe2p86pftmh58vvfa8gc Query : select top 1 st.tabiva ,st.ivaincl ,st.stns ,st.uni2 ,st.familia ,isnull(tx.taxa, 0) txiva ,unidade ,usalote ,epcpond ,noserie from st left join taxasiva tx on st.tabiva = tx.codigo where st.ref = '324.646.00.01'
20240520@160716.8140 im9gfeoe2p86pftmh58vvfa8gc Query : select 1 valor from information_schema.tables where table_type='base table' and table_name='wsbi005fields'
20240520@160716.1119 im9gfeoe2p86pftmh58vvfa8gc Query : select fieldkey,fieldname,fieldtype,mandatory from wsbi005fields
20240520@160716.1167 im9gfeoe2p86pftmh58vvfa8gc Query : select 1 valor from information_schema.tables where table_type='base table' and table_name='wsbi2005fields'
20240520@160716.1440 im9gfeoe2p86pftmh58vvfa8gc Query : select 1 valor from information_schema.tables where table_type='base table' and table_name='wsbi005fields'
20240520@160716.1454 im9gfeoe2p86pftmh58vvfa8gc Query : select fieldkey,fieldname,fieldtype,mandatory from wsbi005fields
20240520@160716.1469 im9gfeoe2p86pftmh58vvfa8gc Query : select 1 valor from information_schema.tables where table_type='base table' and table_name='wsbi2005fields'
20240520@160716.1475 im9gfeoe2p86pftmh58vvfa8gc Query : select top 1 convert(numeric(6,2),t.taxa) valor from taxasiva t where t.codigo='2'
20240520@160716.1487 im9gfeoe2p86pftmh58vvfa8gc Query : select 1 valor from information_schema.tables where table_type='base table' and table_name='wsbi005fields'
20240520@160716.1499 im9gfeoe2p86pftmh58vvfa8gc Query : select fieldkey,fieldname,fieldtype,calcformula from wsbi005fields
20240520@160716.1535 im9gfeoe2p86pftmh58vvfa8gc Query : insert into wsbi005data (bistamp,ousrdata, ousrhora, usrdata,usrhora,ousrinis,usrinis ,obrano, qtt ,no, estab,nmdos ,ndos, obranome,fechada, dataobra ,dataopen, datafecho,local, morada ,codpost, nome,bostamp,lordem , edebito,debito ,ivaincl,stns,unidade, unidad2 ,marcada,usalote ,ettdeb,ttdeb,epcusto, pcusto ,ecustoind,custoind ,vumoeda,ttmoeda ,vendedor,vendnm, ccusto,ncusto ,noserie,tabiva,iva ,ref,design,familia,armazem,ar2mazem) select 'aut664b676111664b672424',getdate(),convert(char(8),convert (time,getdate())),getdate(),convert(char(8),convert (time,getdate())),'aut','aut',bo.obrano, 0 ,bo.no, bo.estab,bo.nmdos ,bo.ndos, bo.obranome,bo.fechada, bo.dataobra ,bo.dataopen,bo.datafecho,bo.local, bo.morada ,bo.codpost, bo.nome,bo.bostamp,20000 ,0,0*200.48 ,0,0,'','' ,bo.marcada,0 ,0*0,0*0*200.48 ,0,0*200.48 ,0,0*200.48 ,0,0*0 ,bo.vendedor,bo.vendnm,bo.ccusto,bo.ncusto ,0,2,23.00,?,?,?,?,? from wsbo005data bo where bo.bostamp = 'aut664b621321664b6723e6'
20240520@160716.1920 im9gfeoe2p86pftmh58vvfa8gc Query : select 1 valor from information_schema.tables where table_type='base table' and table_name='wsbi2005fields'
20240520@160716.1929 im9gfeoe2p86pftmh58vvfa8gc Query : insert into wsbi2005data (bi2stamp,bostamp,morada, local,codpost ,ousrdata, ousrhora, usrdata,usrhora,ousrinis,usrinis) select 'aut664b676111664b672424','aut664b621321664b6723e6',bo.morada, bo.local,bo.codpost ,getdate(),convert(char(8),convert (time,getdate())),getdate(),convert(char(8),convert (time,getdate())),'aut','aut' from wsbo005data bo where bo.bostamp = 'aut664b621321664b6723e6'
20240520@160716.2102 im9gfeoe2p86pftmh58vvfa8gc Query : use flama_phc
20240520@160716.2107 im9gfeoe2p86pftmh58vvfa8gc Query : select st.usalote valor from st where st.ref = '324.691.00.01'
20240520@160716.2119 im9gfeoe2p86pftmh58vvfa8gc Query : use flama_phc
20240520@160716.2124 im9gfeoe2p86pftmh58vvfa8gc Query : select st.usalote valor from st where st.ref = '324.692.00.01'
20240520@160716.2134 im9gfeoe2p86pftmh58vvfa8gc Query : use flama_phc
20240520@160716.2137 im9gfeoe2p86pftmh58vvfa8gc Query : select st.usalote valor from st where st.ref = '324.692.00.01'
20240520@160716.2152 im9gfeoe2p86pftmh58vvfa8gc Query : use flama_phc
20240520@160716.2155 im9gfeoe2p86pftmh58vvfa8gc Query : select top 1 errorresult result ,errornumber errornumber ,errorcode code ,descriptionpt description ,isnull(descriptionen,'') descriptionen ,isnull(descriptionfr,'') descriptionfr from wserrorcodes where errornumber = -150
20240520@160716.2219 im9gfeoe2p86pftmh58vvfa8gc Query : select concat(rtrim(relative_path),ltrim(name_new)) as valor from uploadfiles where uploadfile_id='1772';
20240520@160716.2236 im9gfeoe2p86pftmh58vvfa8gc Query : update uploadfiles set whenupdated=current_timestamp where uploadfile_id='1772';
20240520@161911.4928 dm535u7u81fcakek9j0l2j9qs0 Query : use flama_phc
20240520@161911.4933 dm535u7u81fcakek9j0l2j9qs0 Query : select secretkey valor from u_wsusers u where u.userid = ? and u.username=? and u.password=? and u.inactivo=0
20240520@161911.4948 dm535u7u81fcakek9j0l2j9qs0 Query : use flama_phc
20240520@161911.4951 dm535u7u81fcakek9j0l2j9qs0 Query : update u_wsusers set rqsttoken =? where userid ='userls001'
20240520@162215.4482 n1cdpqfvhi23gh7lu8punos3m1 Query : insert into uploadfiles ( name_original, name_new, option_type, relative_path, whencreated ) values ( ?, ?, ?, ?, getdate() )
20240520@162215.4504 n1cdpqfvhi23gh7lu8punos3m1 Query : select uploadfile_id valor from uploadfiles where name_new = ? and option_type = ? 
20240520@162215.4526 n1cdpqfvhi23gh7lu8punos3m1 Query : select concat(rtrim(relative_path),ltrim(name_new)) as valor from uploadfiles where uploadfile_id='1784';
20240520@162215.4568 n1cdpqfvhi23gh7lu8punos3m1 Query : update uploadfiles set whenupdated=current_timestamp where uploadfile_id='1784';
20240520@162215.4591 n1cdpqfvhi23gh7lu8punos3m1 Query : select concat(rtrim(relative_path),ltrim(name_new)) as valor from uploadfiles where uploadfile_id='1784';
20240520@162215.4607 n1cdpqfvhi23gh7lu8punos3m1 Query : update uploadfiles set whenupdated=current_timestamp where uploadfile_id='1784';
20240520@162215.4626 n1cdpqfvhi23gh7lu8punos3m1 Query : use flama_phc
20240520@162215.4629 n1cdpqfvhi23gh7lu8punos3m1 Query : select top 1 secretkey valor from u_wsusers u where u.userid = ? and u.inactivo=0
20240520@162215.4642 n1cdpqfvhi23gh7lu8punos3m1 Query : select no, estab,szadrsdesc from szadrs where u_coddest=2
20240520@162215.4670 n1cdpqfvhi23gh7lu8punos3m1 Query : select top 1 isnull(design,'') valor from st (nolock) where st.ref = '324.4521.00.1'
20240520@162215.4791 n1cdpqfvhi23gh7lu8punos3m1 Query : use flama_phc
20240520@162215.4794 n1cdpqfvhi23gh7lu8punos3m1 Query : select top 1 1 valor from ts where ts.ndos = 5
20240520@162215.4805 n1cdpqfvhi23gh7lu8punos3m1 Query : use flama_phc
20240520@162215.4808 n1cdpqfvhi23gh7lu8punos3m1 Query : select descricao ,case when valor='s' then 1 else 0 end usalotes from para1 where descricao in ('st_lote')
20240520@162215.4819 n1cdpqfvhi23gh7lu8punos3m1 Query : select top 1 assinadoc issigned ,ts.stocks ,ts.bdempresas origin ,case when (cmstocks between 1 and 50 or cm2stocks between 1 and 50 ) then 1 else 0 end entrada ,case when (cmstocks>50 or cm2stocks>50 ) then 1 else 0 end saida ,stneg validatestock ,tiposaft from ts inner join ts2 on ts.tsstamp=ts2.ts2stamp where ts.ndos =5
20240520@162215.4834 n1cdpqfvhi23gh7lu8punos3m1 Query : use flama_phc
20240520@162215.4837 n1cdpqfvhi23gh7lu8punos3m1 Query : select top 1 ~inactivo valor from fl where no = '100500' and estab = 0 order by inactivo desc
20240520@162215.4848 n1cdpqfvhi23gh7lu8punos3m1 Query : use flama_phc
20240520@162215.4852 n1cdpqfvhi23gh7lu8punos3m1 Query : select szadrsstamp valor from szadrs where szadrsdesc='espaÇotrans,lda'
20240520@162215.4863 n1cdpqfvhi23gh7lu8punos3m1 Query : use flama_phc
20240520@162215.4865 n1cdpqfvhi23gh7lu8punos3m1 Query : select szadrsstamp valor from szadrs where szadrsdesc='n/instalaÇÕes sede'
20240520@162215.4879 n1cdpqfvhi23gh7lu8punos3m1 Query : use flama_phc
20240520@162215.4882 n1cdpqfvhi23gh7lu8punos3m1 Query : select 1 valor from ts where ndos = 5
20240520@162215.4893 n1cdpqfvhi23gh7lu8punos3m1 Query : select 1 valor from information_schema.tables where table_type='base table' and table_name='wsbo005fields'
20240520@162215.4907 n1cdpqfvhi23gh7lu8punos3m1 Query : select fieldkey,fieldname,fieldtype,mandatory from wsbo005fields
20240520@162215.4918 n1cdpqfvhi23gh7lu8punos3m1 Query : select 1 valor from information_schema.tables where table_type='base table' and table_name='wsbo2005fields'
20240520@162215.4924 n1cdpqfvhi23gh7lu8punos3m1 Query : select 1 valor from information_schema.tables where table_type='base table' and table_name='wsbo3005fields'
20240520@162215.4930 n1cdpqfvhi23gh7lu8punos3m1 Query : select top 1 ts2.manternumero, ts.tiposaft, ts.idserie,ts.nmdos,ts.bdempresas from ts inner join ts2 on ts.tsstamp=ts2.ts2stamp where ts.ndos = 5
20240520@162215.4943 n1cdpqfvhi23gh7lu8punos3m1 Query : select top 1 bo.obrano valor from bo bo where bo.ndos = 5 and boano=2024 order by obrano desc
20240520@162215.4970 n1cdpqfvhi23gh7lu8punos3m1 Query : select top 1 bo.obrano valor from wsbo005data bo where bo.ndos = 5 and boano=2024 order by obrano desc
20240520@162215.4974 n1cdpqfvhi23gh7lu8punos3m1 Query : use flama_phc
20240520@162215.4977 n1cdpqfvhi23gh7lu8punos3m1 Query : select top 1 no,estab,nome, morada, local,codpost,ncont,pncont,pais,inactivo,motiseimp,codmotiseimp from fl where no='100500' and estab=0
20240520@162215.4997 n1cdpqfvhi23gh7lu8punos3m1 Query : select 1 valor from information_schema.tables where table_type='base table' and table_name='wsbo3005fields'
20240520@162215.5003 n1cdpqfvhi23gh7lu8punos3m1 Query : insert into wsbo3005data (bo3stamp, ousrdata, ousrhora, usrdata,usrhora,ousrinis,usrinis) values ('aut664b681831664b6aa779',getdate(),convert(char(8),convert (time,getdate())),getdate(),convert(char(8),convert (time,getdate())),'aut','aut')
20240520@162215.5014 n1cdpqfvhi23gh7lu8punos3m1 Query : select 1 valor from information_schema.tables where table_type='base table' and table_name='wsbo2005fields'
20240520@162215.5020 n1cdpqfvhi23gh7lu8punos3m1 Query : insert into wsbo2005data (bo2stamp, tiposaft, idserie,cambio,cambiofixo,ousrdata, ousrhora, usrdata,usrhora,ousrinis,usrinis,xpddata,xpdhora,carga,descar) values ('aut664b681831664b6aa779','ga','bo','0',0,getdate(),convert(char(8),convert (time,getdate())),getdate(),convert(char(8),convert (time,getdate())),'aut','aut','20240520','16:52',?,?)
20240520@162215.5248 n1cdpqfvhi23gh7lu8punos3m1 Query : select 1 valor from information_schema.tables where table_type='base table' and table_name='wsbo005fields'
20240520@162215.5264 n1cdpqfvhi23gh7lu8punos3m1 Query : select fieldkey,fieldname,fieldtype,calcformula from wsbo005fields
20240520@162215.5274 n1cdpqfvhi23gh7lu8punos3m1 Query : insert into wsbo005data (bostamp, nmdos, dataobra, ndos, obrano, no, estab, nome, ncont, morada, local, codpost, moeda, boano, memissao,ousrdata, ousrhora, usrdata,usrhora,ousrinis,usrinis,maquina ) values ('aut664b681831664b6aa779','trf entre armazéns a','2024-05-20',5,284,?,?,?,?,?,?,?,?,2024, (select valor from para1 where descricao = 'ge_euro') ,getdate(),convert(char(8),convert (time,getdate())),getdate(),convert(char(8),convert (time,getdate())),'aut','aut',?)
20240520@162215.5651 n1cdpqfvhi23gh7lu8punos3m1 Query : use flama_phc
20240520@162215.5654 n1cdpqfvhi23gh7lu8punos3m1 Query : select st.usalote valor from st where st.ref = '324.4521.00.1'
20240520@162215.5666 n1cdpqfvhi23gh7lu8punos3m1 Query : select top 1 st.tabiva ,st.ivaincl ,st.stns ,st.uni2 ,st.familia ,isnull(tx.taxa, 0) txiva ,unidade ,usalote ,epcpond ,noserie from st left join taxasiva tx on st.tabiva = tx.codigo where st.ref = '324.4521.00.1'
20240520@162215.5822 n1cdpqfvhi23gh7lu8punos3m1 Query : select 1 valor from information_schema.tables where table_type='base table' and table_name='wsbi005fields'
20240520@162215.5837 n1cdpqfvhi23gh7lu8punos3m1 Query : select fieldkey,fieldname,fieldtype,mandatory from wsbi005fields
20240520@162215.5850 n1cdpqfvhi23gh7lu8punos3m1 Query : select 1 valor from information_schema.tables where table_type='base table' and table_name='wsbi2005fields'
20240520@162215.5862 n1cdpqfvhi23gh7lu8punos3m1 Query : use flama_phc
20240520@162215.5865 n1cdpqfvhi23gh7lu8punos3m1 Query : select top 1 errorresult result ,errornumber errornumber ,errorcode code ,descriptionpt description ,isnull(descriptionen,'') descriptionen ,isnull(descriptionfr,'') descriptionfr from wserrorcodes where errornumber = -150
20240520@162215.5877 n1cdpqfvhi23gh7lu8punos3m1 Query : select concat(rtrim(relative_path),ltrim(name_new)) as valor from uploadfiles where uploadfile_id='1784';
20240520@162215.5893 n1cdpqfvhi23gh7lu8punos3m1 Query : update uploadfiles set whenupdated=current_timestamp where uploadfile_id='1784';
20240520@163611.5269 rh1cki9jhn3jo3odt5frt6qdkh Query : use flama_phc
20240520@163611.5274 rh1cki9jhn3jo3odt5frt6qdkh Query : select secretkey valor from u_wsusers u where u.userid = ? and u.username=? and u.password=? and u.inactivo=0
20240520@163611.5294 rh1cki9jhn3jo3odt5frt6qdkh Query : use flama_phc
20240520@163611.5297 rh1cki9jhn3jo3odt5frt6qdkh Query : update u_wsusers set rqsttoken =? where userid ='userls001'
20240520@171914.2144 6hurl82u89nq7udee4i2rlt0rj Query : use flama_phc
20240520@171914.2149 6hurl82u89nq7udee4i2rlt0rj Query : select secretkey valor from u_wsusers u where u.userid = ? and u.username=? and u.password=? and u.inactivo=0
20240520@171914.2200 6hurl82u89nq7udee4i2rlt0rj Query : use flama_phc
20240520@171914.2203 6hurl82u89nq7udee4i2rlt0rj Query : update u_wsusers set rqsttoken =? where userid ='userls001'
20240520@173614.2285 eoc4dikhpltp6ufjhddt917fre Query : use flama_phc
20240520@173614.2289 eoc4dikhpltp6ufjhddt917fre Query : select secretkey valor from u_wsusers u where u.userid = ? and u.username=? and u.password=? and u.inactivo=0
20240520@173614.2306 eoc4dikhpltp6ufjhddt917fre Query : use flama_phc
20240520@173614.2308 eoc4dikhpltp6ufjhddt917fre Query : update u_wsusers set rqsttoken =? where userid ='userls001'
20240520@181910.6954 kjhd0us318pi7kafjutsr3topk Query : use flama_phc
20240520@181910.6959 kjhd0us318pi7kafjutsr3topk Query : select secretkey valor from u_wsusers u where u.userid = ? and u.username=? and u.password=? and u.inactivo=0
20240520@181910.7011 kjhd0us318pi7kafjutsr3topk Query : use flama_phc
20240520@181910.7013 kjhd0us318pi7kafjutsr3topk Query : update u_wsusers set rqsttoken =? where userid ='userls001'
20240520@183610.9417 vhntjp6mq9o8jj9on224q434a9 Query : use flama_phc
20240520@183610.9423 vhntjp6mq9o8jj9on224q434a9 Query : select secretkey valor from u_wsusers u where u.userid = ? and u.username=? and u.password=? and u.inactivo=0
20240520@183610.9440 vhntjp6mq9o8jj9on224q434a9 Query : use flama_phc
20240520@183610.9443 vhntjp6mq9o8jj9on224q434a9 Query : update u_wsusers set rqsttoken =? where userid ='userls001'
20240520@191927.2120 je14hdq4rudjq7mp5r0d18hmvc Query : use flama_phc
20240520@191927.2170 je14hdq4rudjq7mp5r0d18hmvc Query : select secretkey valor from u_wsusers u where u.userid = ? and u.username=? and u.password=? and u.inactivo=0
20240520@191927.2350 je14hdq4rudjq7mp5r0d18hmvc Query : use flama_phc
20240520@191927.2370 je14hdq4rudjq7mp5r0d18hmvc Query : update u_wsusers set rqsttoken =? where userid ='userls001'
20240520@193626.9120 prtujf8bsa2v0to4fqloqlem69 Query : use flama_phc
20240520@193626.9125 prtujf8bsa2v0to4fqloqlem69 Query : select secretkey valor from u_wsusers u where u.userid = ? and u.username=? and u.password=? and u.inactivo=0
20240520@193626.9141 prtujf8bsa2v0to4fqloqlem69 Query : use flama_phc
20240520@193626.9144 prtujf8bsa2v0to4fqloqlem69 Query : update u_wsusers set rqsttoken =? where userid ='userls001'
20240520@201913.7068 ur87g680je00v8p5hf6co1elg4 Query : use flama_phc
20240520@201913.7073 ur87g680je00v8p5hf6co1elg4 Query : select secretkey valor from u_wsusers u where u.userid = ? and u.username=? and u.password=? and u.inactivo=0
20240520@201913.7089 ur87g680je00v8p5hf6co1elg4 Query : use flama_phc
20240520@201913.7091 ur87g680je00v8p5hf6co1elg4 Query : update u_wsusers set rqsttoken =? where userid ='userls001'
20240520@203613.8753 p86csg95npi8d907ln4v65do67 Query : use flama_phc
20240520@203613.8757 p86csg95npi8d907ln4v65do67 Query : select secretkey valor from u_wsusers u where u.userid = ? and u.username=? and u.password=? and u.inactivo=0
20240520@203613.8783 p86csg95npi8d907ln4v65do67 Query : use flama_phc
20240520@203613.8786 p86csg95npi8d907ln4v65do67 Query : update u_wsusers set rqsttoken =? where userid ='userls001'
20240520@211910.6148 qppf174rrkt2ijqj3t5c6j7181 Query : use flama_phc
20240520@211910.6152 qppf174rrkt2ijqj3t5c6j7181 Query : select secretkey valor from u_wsusers u where u.userid = ? and u.username=? and u.password=? and u.inactivo=0
20240520@211910.6170 qppf174rrkt2ijqj3t5c6j7181 Query : use flama_phc
20240520@211910.6173 qppf174rrkt2ijqj3t5c6j7181 Query : update u_wsusers set rqsttoken =? where userid ='userls001'
20240520@213610.9627 e7nj4gph8603tvf21n9hsp5194 Query : use flama_phc
20240520@213610.9632 e7nj4gph8603tvf21n9hsp5194 Query : select secretkey valor from u_wsusers u where u.userid = ? and u.username=? and u.password=? and u.inactivo=0
20240520@213610.9649 e7nj4gph8603tvf21n9hsp5194 Query : use flama_phc
20240520@213610.9652 e7nj4gph8603tvf21n9hsp5194 Query : update u_wsusers set rqsttoken =? where userid ='userls001'
20240520@221910.5444 gp485ad51jkciktcj5bt67jk5s Query : use flama_phc
20240520@221910.5450 gp485ad51jkciktcj5bt67jk5s Query : select secretkey valor from u_wsusers u where u.userid = ? and u.username=? and u.password=? and u.inactivo=0
20240520@221910.5484 gp485ad51jkciktcj5bt67jk5s Query : use flama_phc
20240520@221910.5487 gp485ad51jkciktcj5bt67jk5s Query : update u_wsusers set rqsttoken =? where userid ='userls001'
20240520@223610.6254 o3go4094nv8in5qgepgc2v6qjm Query : use flama_phc
20240520@223610.6260 o3go4094nv8in5qgepgc2v6qjm Query : select secretkey valor from u_wsusers u where u.userid = ? and u.username=? and u.password=? and u.inactivo=0
20240520@223610.6278 o3go4094nv8in5qgepgc2v6qjm Query : use flama_phc
20240520@223610.6281 o3go4094nv8in5qgepgc2v6qjm Query : update u_wsusers set rqsttoken =? where userid ='userls001'
20240520@231909.6224 5mr5ej7pa6lumvv084b57rte8j Query : use flama_phc
20240520@231909.6229 5mr5ej7pa6lumvv084b57rte8j Query : select secretkey valor from u_wsusers u where u.userid = ? and u.username=? and u.password=? and u.inactivo=0
20240520@231909.6245 5mr5ej7pa6lumvv084b57rte8j Query : use flama_phc
20240520@231909.6248 5mr5ej7pa6lumvv084b57rte8j Query : update u_wsusers set rqsttoken =? where userid ='userls001'
20240520@233609.8531 7kvv9r61o1jfd7p5e3je1gl026 Query : use flama_phc
20240520@233609.8537 7kvv9r61o1jfd7p5e3je1gl026 Query : select secretkey valor from u_wsusers u where u.userid = ? and u.username=? and u.password=? and u.inactivo=0
20240520@233609.8556 7kvv9r61o1jfd7p5e3je1gl026 Query : use flama_phc
20240520@233609.8560 7kvv9r61o1jfd7p5e3je1gl026 Query : update u_wsusers set rqsttoken =? where userid ='userls001'
20240521@071935.6520 iip2o7olarh2ces14fk4rt9tcu Query : use flama_phc
20240521@071935.6598 iip2o7olarh2ces14fk4rt9tcu Query : select secretkey valor from u_wsusers u where u.userid = ? and u.username=? and u.password=? and u.inactivo=0
20240521@071935.7317 iip2o7olarh2ces14fk4rt9tcu Query : use flama_phc
20240521@071935.7320 iip2o7olarh2ces14fk4rt9tcu Query : update u_wsusers set rqsttoken =? where userid ='userls001'
20240521@073633.7557 2qdme1o6s7elok7ib121r5q995 Query : use flama_phc
20240521@073633.7562 2qdme1o6s7elok7ib121r5q995 Query : select secretkey valor from u_wsusers u where u.userid = ? and u.username=? and u.password=? and u.inactivo=0
20240521@073633.7590 2qdme1o6s7elok7ib121r5q995 Query : use flama_phc
20240521@073633.7593 2qdme1o6s7elok7ib121r5q995 Query : update u_wsusers set rqsttoken =? where userid ='userls001'
20240521@074541.7462 hnqlv00s664sp7c21jrk62dhmt Query : insert into uploadfiles ( name_original, name_new, option_type, relative_path, whencreated ) values ( ?, ?, ?, ?, getdate() )
20240521@074541.7569 hnqlv00s664sp7c21jrk62dhmt Query : select uploadfile_id valor from uploadfiles where name_new = ? and option_type = ? 
20240521@074541.8328 hnqlv00s664sp7c21jrk62dhmt Query : select concat(rtrim(relative_path),ltrim(name_new)) as valor from uploadfiles where uploadfile_id='1804';
20240521@074541.8577 hnqlv00s664sp7c21jrk62dhmt Query : update uploadfiles set whenupdated=current_timestamp where uploadfile_id='1804';
20240521@074541.8646 hnqlv00s664sp7c21jrk62dhmt Query : select concat(rtrim(relative_path),ltrim(name_new)) as valor from uploadfiles where uploadfile_id='1804';
20240521@074541.8748 hnqlv00s664sp7c21jrk62dhmt Query : update uploadfiles set whenupdated=current_timestamp where uploadfile_id='1804';
20240521@074541.8769 hnqlv00s664sp7c21jrk62dhmt Query : use flama_phc
20240521@074541.8772 hnqlv00s664sp7c21jrk62dhmt Query : select top 1 secretkey valor from u_wsusers u where u.userid = ? and u.inactivo=0
20240521@074541.8932 hnqlv00s664sp7c21jrk62dhmt Query : use flama_phc
20240521@074541.8974 hnqlv00s664sp7c21jrk62dhmt Query : select no, estab,szadrsdesc from szadrs where u_coddest=5546
20240521@074541.9138 hnqlv00s664sp7c21jrk62dhmt Query : select top 1 isnull(design,'') valor from st (nolock) left join stobs (nolock) on st.ref = stobs.ref where st.ref = '304.4320.00.1'
20240521@074541.9652 hnqlv00s664sp7c21jrk62dhmt Query : select top 1 bistamp valor from bi inner join bo on bo.bostamp=bi.bostamp where bo.ndos =240 and bo.boano =2035 and bo.obrano = 2403524 and bi.ref ='304.4320.00.1' and bi.lordem =1
20240521@074542.4840 hnqlv00s664sp7c21jrk62dhmt Query : select top 1 isnull(design,'') valor from st (nolock) left join stobs (nolock) on st.ref = stobs.ref where st.ref = '324.5343.00.1'
20240521@074542.9170 hnqlv00s664sp7c21jrk62dhmt Query : select top 1 bistamp valor from bi inner join bo on bo.bostamp=bi.bostamp where bo.ndos =240 and bo.boano =2035 and bo.obrano = 2403524 and bi.ref ='324.5343.00.1' and bi.lordem =2
20240521@074542.1500 hnqlv00s664sp7c21jrk62dhmt Query : select top 1 isnull(design,'') valor from st (nolock) left join stobs (nolock) on st.ref = stobs.ref where st.ref = '324.727.00.01'
20240521@074542.1927 hnqlv00s664sp7c21jrk62dhmt Query : select top 1 bistamp valor from bi inner join bo on bo.bostamp=bi.bostamp where bo.ndos =240 and bo.boano =2035 and bo.obrano = 2403524 and bi.ref ='324.727.00.01' and bi.lordem =3
20240521@074542.2867 hnqlv00s664sp7c21jrk62dhmt Query : select top 1 isnull(design,'') valor from st (nolock) left join stobs (nolock) on st.ref = stobs.ref where st.ref = '304.4020.00.1'
20240521@074542.3201 hnqlv00s664sp7c21jrk62dhmt Query : select top 1 bistamp valor from bi inner join bo on bo.bostamp=bi.bostamp where bo.ndos =240 and bo.boano =2035 and bo.obrano = 2403524 and bi.ref ='304.4020.00.1' and bi.lordem =4
20240521@074542.3845 hnqlv00s664sp7c21jrk62dhmt Query : use flama_phc
20240521@074542.3888 hnqlv00s664sp7c21jrk62dhmt Query : select top 1 convert(date,fdata) valor from ft where ndoc = 39 and anulado= 0 and fno>0 order by fdata desc
20240521@074542.4421 hnqlv00s664sp7c21jrk62dhmt Query : use flama_phc
20240521@074542.4463 hnqlv00s664sp7c21jrk62dhmt Query : select top 1 1 valor from td where td.ndoc = 39
20240521@074542.4904 hnqlv00s664sp7c21jrk62dhmt Query : use flama_phc
20240521@074542.4946 hnqlv00s664sp7c21jrk62dhmt Query : select descricao ,case when valor='s' then 1 else 0 end usalotes from para1 where descricao in ('st_lote')
20240521@074542.5608 hnqlv00s664sp7c21jrk62dhmt Query : select top 1 assinadoc issigned ,td.lancasl stocks ,'cl' origin ,case when (cmsl between 1 and 50 ) then 1 else 0 end entrada ,case when (cmsl>50 ) then 1 else 0 end saida ,~lotestock validatestock ,tiposaft from td inner join td2 on td.tdstamp=td2.td2stamp where td.ndoc =39
20240521@074542.6573 hnqlv00s664sp7c21jrk62dhmt Query : use flama_phc
20240521@074542.6616 hnqlv00s664sp7c21jrk62dhmt Query : select top 1 ~inactivo valor from cl where no = '199506' and estab = 0 order by inactivo desc
20240521@074542.7240 hnqlv00s664sp7c21jrk62dhmt Query : use flama_phc
20240521@074542.7283 hnqlv00s664sp7c21jrk62dhmt Query : select top 1 tipodoc,regrd from td where ndoc = 39
20240521@074542.7617 hnqlv00s664sp7c21jrk62dhmt Query : use flama_phc
20240521@074542.7659 hnqlv00s664sp7c21jrk62dhmt Query : select szadrsstamp valor from szadrs where szadrsdesc='espaÇotrans,lda'
20240521@074542.7841 hnqlv00s664sp7c21jrk62dhmt Query : use flama_phc
20240521@074542.7845 hnqlv00s664sp7c21jrk62dhmt Query : select szadrsstamp valor from szadrs where szadrsdesc='199506 - itmp alimentar, s.a.'
20240521@074542.8036 hnqlv00s664sp7c21jrk62dhmt Query : use flama_phc
20240521@074542.8040 hnqlv00s664sp7c21jrk62dhmt Query : select 1 valor from td where ndoc = 39
20240521@074542.8244 hnqlv00s664sp7c21jrk62dhmt Query : select top 1 manternumero, tiposaft, nmdos,td.assinadoc from td where td.ndoc = 39
20240521@074542.8489 hnqlv00s664sp7c21jrk62dhmt Query : select 1 valor from information_schema.tables where table_type='base table' and table_name='wsft039fields'
20240521@074542.9591 hnqlv00s664sp7c21jrk62dhmt Query : select fieldkey,fieldname,fieldtype,mandatory from wsft039fields
20240521@074542.9944 hnqlv00s664sp7c21jrk62dhmt Query : select 1 valor from information_schema.tables where table_type='base table' and table_name='wsft2039fields'
20240521@074543.6160 hnqlv00s664sp7c21jrk62dhmt Query : select fieldkey,fieldname,fieldtype,mandatory from wsft2039fields
20240521@074543.1273 hnqlv00s664sp7c21jrk62dhmt Query : select 1 valor from information_schema.tables where table_type='base table' and table_name='wsft3039fields'
20240521@074543.2165 hnqlv00s664sp7c21jrk62dhmt Query : select fieldkey,fieldname,fieldtype,mandatory from wsft3039fields
20240521@074543.2412 hnqlv00s664sp7c21jrk62dhmt Query : select top 1 ft.fno valor from ft ft where ft.ndoc = 39 and ftano=2024 order by fno desc
20240521@074543.3383 hnqlv00s664sp7c21jrk62dhmt Query : select top 1 ft.fno valor from wsft039data ft where ft.ndoc = 39 and ftano=2024 order by fno desc
20240521@074543.3647 hnqlv00s664sp7c21jrk62dhmt Query : select 1 valor from information_schema.tables where table_type='base table' and table_name='wsft3039fields'
20240521@074543.3661 hnqlv00s664sp7c21jrk62dhmt Query : select fieldkey,fieldname,fieldtype,calcformula from wsft3039fields
20240521@074543.3719 hnqlv00s664sp7c21jrk62dhmt Query : insert into wsft3039data (ft3stamp, ousrdata, ousrhora, usrdata,usrhora,ousrinis,usrinis,taxpointdt ) values ('aut664c488567664c43173a' ,getdate(),convert(char(8),convert (time,getdate())),getdate(),convert(char(8),convert (time,getdate())),'wsv','wsv',?)
20240521@074543.5003 hnqlv00s664sp7c21jrk62dhmt Query : select 1 valor from information_schema.tables where table_type='base table' and table_name='wsft2039fields'
20240521@074543.5141 hnqlv00s664sp7c21jrk62dhmt Query : select fieldkey,fieldname,fieldtype,calcformula from wsft2039fields
20240521@074543.5490 hnqlv00s664sp7c21jrk62dhmt Query : select top 1 bo.u_nomeenv valor from bo where bo.bostamp=''
20240521@074543.5719 hnqlv00s664sp7c21jrk62dhmt Query : select top 1 bo.u_moradaen valor from bo where bo.bostamp=''
20240521@074543.5964 hnqlv00s664sp7c21jrk62dhmt Query : select top 1 bo.u_codposen valor from bo where bo.bostamp=''
20240521@074543.6207 hnqlv00s664sp7c21jrk62dhmt Query : select top 1 bo.u_localenv valor from bo where bo.bostamp=''
20240521@074543.6453 hnqlv00s664sp7c21jrk62dhmt Query : select top 1 bo.trab5 valor from bo where bo.bostamp=''
20240521@074543.6652 hnqlv00s664sp7c21jrk62dhmt Query : select top 1 bo.serie valor from bo where bo.bostamp=''
20240521@074543.6861 hnqlv00s664sp7c21jrk62dhmt Query : insert into wsft2039data (ft2stamp, ousrdata,ousrhora, usrdata,usrhora,ousrinis,usrinis,u_nomeenv ,u_moradaen ,u_codposen ,u_localenv ,u_coddest ,u_codby ) values ('aut664c488567664c43173a',getdate(),convert(char(8),convert (time,getdate())),getdate(),convert(char(8),convert (time,getdate())),'wsv','wsv',?,?,?,?,?,?)
20240521@074543.8147 hnqlv00s664sp7c21jrk62dhmt Query : select top 1 fno valor from wsft039data order by fno desc
20240521@074543.8441 hnqlv00s664sp7c21jrk62dhmt Query : select 1 valor from information_schema.tables where table_type='base table' and table_name='wsft039fields'
20240521@074543.8497 hnqlv00s664sp7c21jrk62dhmt Query : select fieldkey,fieldname,fieldtype,calcformula from wsft039fields
20240521@074543.8663 hnqlv00s664sp7c21jrk62dhmt Query : insert into wsft039data (ftstamp, ousrdata,ousrhora, usrdata,usrhora,ousrinis,usrinis,fno,no,estab,fdata,ndoc,moeda,cambio,cambiofixo,ftano,cdata,chora,carga,descar,site ,classe ) values ('aut664c488567664c43173a',getdate(),convert(char(8),convert (time,getdate())),getdate(),convert(char(8),convert (time,getdate())),'wsv','wsv',1430,199506,0,'2024-05-21',39,'euro',0,0,2024 ,'20240521','0815',?,?,?,?)
20240521@074544.4300 hnqlv00s664sp7c21jrk62dhmt Query : use flama_phc
20240521@074544.4710 hnqlv00s664sp7c21jrk62dhmt Query : select st.usalote valor from st where st.ref = '304.4320.00.1'
20240521@074544.8230 hnqlv00s664sp7c21jrk62dhmt Query : select top 1 st.tabiva ,st.ivaincl ,st.stns ,st.uni2 ,st.familia ,isnull(tx.taxa, 0) txiva ,unidade ,usalote ,epcpond ,noserie from st left join taxasiva tx on st.tabiva = tx.codigo where st.ref = '304.4320.00.1'
20240521@074544.2264 hnqlv00s664sp7c21jrk62dhmt Query : select 1 valor from information_schema.tables where table_type='base table' and table_name='wsfi039fields'
20240521@074544.3153 hnqlv00s664sp7c21jrk62dhmt Query : select fieldkey,fieldname,fieldtype,mandatory from wsfi039fields
20240521@074544.3783 hnqlv00s664sp7c21jrk62dhmt Query : select 1 valor from information_schema.tables where table_type='base table' and table_name='wsfi2039fields'
20240521@074544.4394 hnqlv00s664sp7c21jrk62dhmt Query : select fieldkey,fieldname,fieldtype,mandatory from wsfi2039fields
20240521@074544.4425 hnqlv00s664sp7c21jrk62dhmt Query : select sestamp valor from se where ref ='304.4320.00.1' and lote = '240444'
20240521@074544.4714 hnqlv00s664sp7c21jrk62dhmt Query : select top 1 convert(numeric(6,2),t.taxa) valor from taxasiva t where t.codigo='2'
20240521@074544.4778 hnqlv00s664sp7c21jrk62dhmt Query : select 1 valor from information_schema.tables where table_type='base table' and table_name='wsfi039fields'
20240521@074544.4975 hnqlv00s664sp7c21jrk62dhmt Query : select fieldkey,fieldname,fieldtype,calcformula from wsfi039fields
20240521@074544.5540 hnqlv00s664sp7c21jrk62dhmt Query : insert into wsfi039data (fistamp,ousrdata, ousrhora, usrdata,usrhora,ousrinis,usrinis ,qtt ,ftstamp ,epv,pvmoeda ,tabiva,iva,lordem ,ref, design ,lote,armazem,bistamp ) values ('aut664c467005664c431874',getdate(),convert(char(8),convert (time,getdate())),getdate(),convert(char(8),convert (time,getdate())),'wsv','wsv',8.000 ,'aut664c488567664c43173a' ,0,0 ,2,23.00,10000,?,?,?,?,?)
20240521@074544.7214 hnqlv00s664sp7c21jrk62dhmt Query : select 1 valor from information_schema.tables where table_type='base table' and table_name='wsfi2039fields'
20240521@074544.7229 hnqlv00s664sp7c21jrk62dhmt Query : select fieldkey,fieldname,fieldtype,calcformula from wsfi2039fields
20240521@074544.7344 hnqlv00s664sp7c21jrk62dhmt Query : insert into wsfi2039data (fi2stamp,ftstamp ,ousrdata, ousrhora, usrdata,usrhora,ousrinis,usrinis) values ('aut664c467005664c431874','aut664c488567664c43173a' ,getdate(),convert(char(8),convert (time,getdate())),getdate(),convert(char(8),convert (time,getdate())),'wsv','wsv')
20240521@074544.7771 hnqlv00s664sp7c21jrk62dhmt Query : use flama_phc
20240521@074544.7775 hnqlv00s664sp7c21jrk62dhmt Query : select st.usalote valor from st where st.ref = '324.5343.00.1'
20240521@074544.8012 hnqlv00s664sp7c21jrk62dhmt Query : select top 1 st.tabiva ,st.ivaincl ,st.stns ,st.uni2 ,st.familia ,isnull(tx.taxa, 0) txiva ,unidade ,usalote ,epcpond ,noserie from st left join taxasiva tx on st.tabiva = tx.codigo where st.ref = '324.5343.00.1'
20240521@074544.8489 hnqlv00s664sp7c21jrk62dhmt Query : select 1 valor from information_schema.tables where table_type='base table' and table_name='wsfi039fields'
20240521@074544.8871 hnqlv00s664sp7c21jrk62dhmt Query : select fieldkey,fieldname,fieldtype,mandatory from wsfi039fields
20240521@074544.9201 hnqlv00s664sp7c21jrk62dhmt Query : select 1 valor from information_schema.tables where table_type='base table' and table_name='wsfi2039fields'
20240521@074544.9227 hnqlv00s664sp7c21jrk62dhmt Query : select fieldkey,fieldname,fieldtype,mandatory from wsfi2039fields
20240521@074544.9308 hnqlv00s664sp7c21jrk62dhmt Query : select sestamp valor from se where ref ='324.5343.00.1' and lote = 'r2301282100a'
20240521@074544.9501 hnqlv00s664sp7c21jrk62dhmt Query : select top 1 convert(numeric(6,2),t.taxa) valor from taxasiva t where t.codigo='2'
20240521@074544.9512 hnqlv00s664sp7c21jrk62dhmt Query : select 1 valor from information_schema.tables where table_type='base table' and table_name='wsfi039fields'
20240521@074544.9671 hnqlv00s664sp7c21jrk62dhmt Query : select fieldkey,fieldname,fieldtype,calcformula from wsfi039fields
20240521@074545.2150 hnqlv00s664sp7c21jrk62dhmt Query : insert into wsfi039data (fistamp,ousrdata, ousrhora, usrdata,usrhora,ousrinis,usrinis ,qtt ,ftstamp ,epv,pvmoeda ,tabiva,iva,lordem ,ref, design ,lote,armazem,bistamp ) values ('aut664c474821664c4318e8',getdate(),convert(char(8),convert (time,getdate())),getdate(),convert(char(8),convert (time,getdate())),'wsv','wsv',24.000 ,'aut664c488567664c43173a' ,0,0 ,2,23.00,20000,?,?,?,?,?)
20240521@074545.6950 hnqlv00s664sp7c21jrk62dhmt Query : select 1 valor from information_schema.tables where table_type='base table' and table_name='wsfi2039fields'
20240521@074545.7140 hnqlv00s664sp7c21jrk62dhmt Query : select fieldkey,fieldname,fieldtype,calcformula from wsfi2039fields
20240521@074545.7980 hnqlv00s664sp7c21jrk62dhmt Query : insert into wsfi2039data (fi2stamp,ftstamp ,ousrdata, ousrhora, usrdata,usrhora,ousrinis,usrinis) values ('aut664c474821664c4318e8','aut664c488567664c43173a' ,getdate(),convert(char(8),convert (time,getdate())),getdate(),convert(char(8),convert (time,getdate())),'wsv','wsv')
20240521@074545.8420 hnqlv00s664sp7c21jrk62dhmt Query : select 1 valor from information_schema.tables where table_type='base table' and table_name='wsfi039fields'
20240521@074545.9030 hnqlv00s664sp7c21jrk62dhmt Query : select fieldkey,fieldname,fieldtype,mandatory from wsfi039fields
20240521@074545.9400 hnqlv00s664sp7c21jrk62dhmt Query : select 1 valor from information_schema.tables where table_type='base table' and table_name='wsfi2039fields'
20240521@074545.1077 hnqlv00s664sp7c21jrk62dhmt Query : select fieldkey,fieldname,fieldtype,mandatory from wsfi2039fields
20240521@074545.1160 hnqlv00s664sp7c21jrk62dhmt Query : select top 1 convert(numeric(6,2),t.taxa) valor from taxasiva t where t.codigo='2'
20240521@074545.1325 hnqlv00s664sp7c21jrk62dhmt Query : select 1 valor from information_schema.tables where table_type='base table' and table_name='wsfi039fields'
20240521@074545.1344 hnqlv00s664sp7c21jrk62dhmt Query : select fieldkey,fieldname,fieldtype,calcformula from wsfi039fields
20240521@074545.1890 hnqlv00s664sp7c21jrk62dhmt Query : insert into wsfi039data (fistamp,ousrdata, ousrhora, usrdata,usrhora,ousrinis,usrinis ,qtt ,ftstamp ,epv,pvmoeda ,tabiva,iva,lordem ,ref, design ,armazem) values ('aut664c493430664c431920',getdate(),convert(char(8),convert (time,getdate())),getdate(),convert(char(8),convert (time,getdate())),'wsv','wsv',0 ,'aut664c488567664c43173a' ,0,0 ,2,23.00,30000,?,?,?)
20240521@074545.3436 hnqlv00s664sp7c21jrk62dhmt Query : select 1 valor from information_schema.tables where table_type='base table' and table_name='wsfi2039fields'
20240521@074545.3663 hnqlv00s664sp7c21jrk62dhmt Query : select fieldkey,fieldname,fieldtype,calcformula from wsfi2039fields
20240521@074545.3774 hnqlv00s664sp7c21jrk62dhmt Query : insert into wsfi2039data (fi2stamp,ftstamp ,ousrdata, ousrhora, usrdata,usrhora,ousrinis,usrinis) values ('aut664c493430664c431920','aut664c488567664c43173a' ,getdate(),convert(char(8),convert (time,getdate())),getdate(),convert(char(8),convert (time,getdate())),'wsv','wsv')
20240521@074545.3818 hnqlv00s664sp7c21jrk62dhmt Query : use flama_phc
20240521@074545.3862 hnqlv00s664sp7c21jrk62dhmt Query : select st.usalote valor from st where st.ref = '324.727.00.01'
20240521@074545.3953 hnqlv00s664sp7c21jrk62dhmt Query : select top 1 st.tabiva ,st.ivaincl ,st.stns ,st.uni2 ,st.familia ,isnull(tx.taxa, 0) txiva ,unidade ,usalote ,epcpond ,noserie from st left join taxasiva tx on st.tabiva = tx.codigo where st.ref = '324.727.00.01'
20240521@074545.4575 hnqlv00s664sp7c21jrk62dhmt Query : select 1 valor from information_schema.tables where table_type='base table' and table_name='wsfi039fields'
20240521@074545.4821 hnqlv00s664sp7c21jrk62dhmt Query : select fieldkey,fieldname,fieldtype,mandatory from wsfi039fields
20240521@074545.5177 hnqlv00s664sp7c21jrk62dhmt Query : select 1 valor from information_schema.tables where table_type='base table' and table_name='wsfi2039fields'
20240521@074545.5339 hnqlv00s664sp7c21jrk62dhmt Query : select fieldkey,fieldname,fieldtype,mandatory from wsfi2039fields
20240521@074545.5344 hnqlv00s664sp7c21jrk62dhmt Query : select sestamp valor from se where ref ='324.727.00.01' and lote = 'r2301222100a'
20240521@074545.5356 hnqlv00s664sp7c21jrk62dhmt Query : select top 1 convert(numeric(6,2),t.taxa) valor from taxasiva t where t.codigo='2'
20240521@074545.5369 hnqlv00s664sp7c21jrk62dhmt Query : select 1 valor from information_schema.tables where table_type='base table' and table_name='wsfi039fields'
20240521@074545.5389 hnqlv00s664sp7c21jrk62dhmt Query : select fieldkey,fieldname,fieldtype,calcformula from wsfi039fields
20240521@074545.5659 hnqlv00s664sp7c21jrk62dhmt Query : insert into wsfi039data (fistamp,ousrdata, ousrhora, usrdata,usrhora,ousrinis,usrinis ,qtt ,ftstamp ,epv,pvmoeda ,tabiva,iva,lordem ,ref, design ,lote,armazem,bistamp ) values ('aut664c423424664c431983',getdate(),convert(char(8),convert (time,getdate())),getdate(),convert(char(8),convert (time,getdate())),'wsv','wsv',12.000 ,'aut664c488567664c43173a' ,0,0 ,2,23.00,50000,?,?,?,?,?)
20240521@074545.6115 hnqlv00s664sp7c21jrk62dhmt Query : select 1 valor from information_schema.tables where table_type='base table' and table_name='wsfi2039fields'
20240521@074545.6329 hnqlv00s664sp7c21jrk62dhmt Query : select fieldkey,fieldname,fieldtype,calcformula from wsfi2039fields
20240521@074545.6412 hnqlv00s664sp7c21jrk62dhmt Query : insert into wsfi2039data (fi2stamp,ftstamp ,ousrdata, ousrhora, usrdata,usrhora,ousrinis,usrinis) values ('aut664c423424664c431983','aut664c488567664c43173a' ,getdate(),convert(char(8),convert (time,getdate())),getdate(),convert(char(8),convert (time,getdate())),'wsv','wsv')
20240521@074545.6458 hnqlv00s664sp7c21jrk62dhmt Query : select 1 valor from information_schema.tables where table_type='base table' and table_name='wsfi039fields'
20240521@074545.6671 hnqlv00s664sp7c21jrk62dhmt Query : select fieldkey,fieldname,fieldtype,mandatory from wsfi039fields
20240521@074545.6904 hnqlv00s664sp7c21jrk62dhmt Query : select 1 valor from information_schema.tables where table_type='base table' and table_name='wsfi2039fields'
20240521@074545.6950 hnqlv00s664sp7c21jrk62dhmt Query : select fieldkey,fieldname,fieldtype,mandatory from wsfi2039fields
20240521@074545.6954 hnqlv00s664sp7c21jrk62dhmt Query : select top 1 convert(numeric(6,2),t.taxa) valor from taxasiva t where t.codigo='2'
20240521@074545.6971 hnqlv00s664sp7c21jrk62dhmt Query : select 1 valor from information_schema.tables where table_type='base table' and table_name='wsfi039fields'
20240521@074545.7068 hnqlv00s664sp7c21jrk62dhmt Query : select fieldkey,fieldname,fieldtype,calcformula from wsfi039fields
20240521@074545.7272 hnqlv00s664sp7c21jrk62dhmt Query : insert into wsfi039data (fistamp,ousrdata, ousrhora, usrdata,usrhora,ousrinis,usrinis ,qtt ,ftstamp ,epv,pvmoeda ,tabiva,iva,lordem ,ref, design ,armazem) values ('aut664c431142664c4319aa',getdate(),convert(char(8),convert (time,getdate())),getdate(),convert(char(8),convert (time,getdate())),'wsv','wsv',0 ,'aut664c488567664c43173a' ,0,0 ,2,23.00,60000,?,?,?)
20240521@074545.7781 hnqlv00s664sp7c21jrk62dhmt Query : select 1 valor from information_schema.tables where table_type='base table' and table_name='wsfi2039fields'
20240521@074545.7991 hnqlv00s664sp7c21jrk62dhmt Query : select fieldkey,fieldname,fieldtype,calcformula from wsfi2039fields
20240521@074545.8074 hnqlv00s664sp7c21jrk62dhmt Query : insert into wsfi2039data (fi2stamp,ftstamp ,ousrdata, ousrhora, usrdata,usrhora,ousrinis,usrinis) values ('aut664c431142664c4319aa','aut664c488567664c43173a' ,getdate(),convert(char(8),convert (time,getdate())),getdate(),convert(char(8),convert (time,getdate())),'wsv','wsv')
20240521@074545.8118 hnqlv00s664sp7c21jrk62dhmt Query : use flama_phc
20240521@074545.8160 hnqlv00s664sp7c21jrk62dhmt Query : select st.usalote valor from st where st.ref = '304.4020.00.1'
20240521@074545.8360 hnqlv00s664sp7c21jrk62dhmt Query : select top 1 st.tabiva ,st.ivaincl ,st.stns ,st.uni2 ,st.familia ,isnull(tx.taxa, 0) txiva ,unidade ,usalote ,epcpond ,noserie from st left join taxasiva tx on st.tabiva = tx.codigo where st.ref = '304.4020.00.1'
20240521@074545.8856 hnqlv00s664sp7c21jrk62dhmt Query : select 1 valor from information_schema.tables where table_type='base table' and table_name='wsfi039fields'
20240521@074545.9095 hnqlv00s664sp7c21jrk62dhmt Query : select fieldkey,fieldname,fieldtype,mandatory from wsfi039fields
20240521@074545.9235 hnqlv00s664sp7c21jrk62dhmt Query : select 1 valor from information_schema.tables where table_type='base table' and table_name='wsfi2039fields'
20240521@074545.9447 hnqlv00s664sp7c21jrk62dhmt Query : select fieldkey,fieldname,fieldtype,mandatory from wsfi2039fields
20240521@074545.9530 hnqlv00s664sp7c21jrk62dhmt Query : select sestamp valor from se where ref ='304.4020.00.1' and lote = '240409'
20240521@074545.9782 hnqlv00s664sp7c21jrk62dhmt Query : select top 1 convert(numeric(6,2),t.taxa) valor from taxasiva t where t.codigo='2'
20240521@074545.9926 hnqlv00s664sp7c21jrk62dhmt Query : select 1 valor from information_schema.tables where table_type='base table' and table_name='wsfi039fields'
20240521@074545.9980 hnqlv00s664sp7c21jrk62dhmt Query : select fieldkey,fieldname,fieldtype,calcformula from wsfi039fields
20240521@074546.9000 hnqlv00s664sp7c21jrk62dhmt Query : insert into wsfi039data (fistamp,ousrdata, ousrhora, usrdata,usrhora,ousrinis,usrinis ,qtt ,ftstamp ,epv,pvmoeda ,tabiva,iva,lordem ,ref, design ,lote,armazem,bistamp ) values ('aut664c453515664c4319f2',getdate(),convert(char(8),convert (time,getdate())),getdate(),convert(char(8),convert (time,getdate())),'wsv','wsv',4.000 ,'aut664c488567664c43173a' ,0,0 ,2,23.00,80000,?,?,?,?,?)
20240521@074546.4760 hnqlv00s664sp7c21jrk62dhmt Query : select 1 valor from information_schema.tables where table_type='base table' and table_name='wsfi2039fields'
20240521@074546.5930 hnqlv00s664sp7c21jrk62dhmt Query : select fieldkey,fieldname,fieldtype,calcformula from wsfi2039fields
20240521@074546.5980 hnqlv00s664sp7c21jrk62dhmt Query : insert into wsfi2039data (fi2stamp,ftstamp ,ousrdata, ousrhora, usrdata,usrhora,ousrinis,usrinis) values ('aut664c453515664c4319f2','aut664c488567664c43173a' ,getdate(),convert(char(8),convert (time,getdate())),getdate(),convert(char(8),convert (time,getdate())),'wsv','wsv')
20240521@074546.6030 hnqlv00s664sp7c21jrk62dhmt Query : insert into wsftcreationlog (initialftstamp,externalid,creationstatus,documenttypeid,idustamp) values ('aut664c488567664c43173a','2403524','wait',39,'ari17112337378,753000005')
20240521@074546.8100 hnqlv00s664sp7c21jrk62dhmt Query : use flama_phc
20240521@074546.8510 hnqlv00s664sp7c21jrk62dhmt Query : update u_wsusers set rqsttoken =? where userid ='userls001'
20240521@074546.9350 hnqlv00s664sp7c21jrk62dhmt Query : select concat(rtrim(relative_path),ltrim(name_new)) as valor from uploadfiles where uploadfile_id='1804';
20240521@074546.1147 hnqlv00s664sp7c21jrk62dhmt Query : update uploadfiles set whenupdated=current_timestamp where uploadfile_id='1804';
20240521@074546.2433 hnqlv00s664sp7c21jrk62dhmt Query : select concat(rtrim(relative_path),ltrim(name_new)) as valor from uploadfiles where uploadfile_id='1804';
20240521@074546.2543 hnqlv00s664sp7c21jrk62dhmt Query : update uploadfiles set whenupdated=current_timestamp where uploadfile_id='1804';
20240521@074546.3053 u75qj0f0f832bu1c7robue5jo7 Query : insert into uploadfiles ( name_original, name_new, option_type, relative_path, whencreated ) values ( ?, ?, ?, ?, getdate() )
20240521@074546.3071 u75qj0f0f832bu1c7robue5jo7 Query : select uploadfile_id valor from uploadfiles where name_new = ? and option_type = ? 
20240521@074546.3091 u75qj0f0f832bu1c7robue5jo7 Query : select concat(rtrim(relative_path),ltrim(name_new)) as valor from uploadfiles where uploadfile_id='1805';
20240521@074546.3134 u75qj0f0f832bu1c7robue5jo7 Query : update uploadfiles set whenupdated=current_timestamp where uploadfile_id='1805';
20240521@074546.3154 u75qj0f0f832bu1c7robue5jo7 Query : select concat(rtrim(relative_path),ltrim(name_new)) as valor from uploadfiles where uploadfile_id='1805';
20240521@074546.3168 u75qj0f0f832bu1c7robue5jo7 Query : update uploadfiles set whenupdated=current_timestamp where uploadfile_id='1805';
20240521@074546.3185 u75qj0f0f832bu1c7robue5jo7 Query : use flama_phc
20240521@074546.3188 u75qj0f0f832bu1c7robue5jo7 Query : select top 1 secretkey valor from u_wsusers u where u.userid = ? and u.inactivo=0
20240521@074546.3201 u75qj0f0f832bu1c7robue5jo7 Query : use flama_phc
20240521@074546.3204 u75qj0f0f832bu1c7robue5jo7 Query : select no, estab,szadrsdesc from szadrs where u_coddest=6234
20240521@074546.3277 u75qj0f0f832bu1c7robue5jo7 Query : select top 1 isnull(design,'') valor from st (nolock) left join stobs (nolock) on st.ref = stobs.ref where st.ref = '304.421.00.04'
20240521@074546.3421 u75qj0f0f832bu1c7robue5jo7 Query : select top 1 bistamp valor from bi inner join bo on bo.bostamp=bi.bostamp where bo.ndos =240 and bo.boano =2035 and bo.obrano = 2403527 and bi.ref ='304.421.00.04' and bi.lordem =1
20240521@074546.3740 u75qj0f0f832bu1c7robue5jo7 Query : select top 1 isnull(design,'') valor from st (nolock) left join stobs (nolock) on st.ref = stobs.ref where st.ref = '324.4723.00.2'
20240521@074546.3884 u75qj0f0f832bu1c7robue5jo7 Query : select top 1 bistamp valor from bi inner join bo on bo.bostamp=bi.bostamp where bo.ndos =240 and bo.boano =2035 and bo.obrano = 2403527 and bi.ref ='324.4723.00.2' and bi.lordem =2
20240521@074546.4217 u75qj0f0f832bu1c7robue5jo7 Query : select top 1 isnull(design,'') valor from st (nolock) left join stobs (nolock) on st.ref = stobs.ref where st.ref = '324.645.00.01'
20240521@074546.4363 u75qj0f0f832bu1c7robue5jo7 Query : select top 1 bistamp valor from bi inner join bo on bo.bostamp=bi.bostamp where bo.ndos =240 and bo.boano =2035 and bo.obrano = 2403527 and bi.ref ='324.645.00.01' and bi.lordem =3
20240521@074546.4696 u75qj0f0f832bu1c7robue5jo7 Query : select top 1 isnull(design,'') valor from st (nolock) left join stobs (nolock) on st.ref = stobs.ref where st.ref = '324.646.00.01'
20240521@074546.5043 u75qj0f0f832bu1c7robue5jo7 Query : select top 1 bistamp valor from bi inner join bo on bo.bostamp=bi.bostamp where bo.ndos =240 and bo.boano =2035 and bo.obrano = 2403527 and bi.ref ='324.646.00.01' and bi.lordem =4
20240521@074546.5370 u75qj0f0f832bu1c7robue5jo7 Query : select top 1 isnull(design,'') valor from st (nolock) left join stobs (nolock) on st.ref = stobs.ref where st.ref = '324.1879.00.1'
20240521@074546.5512 u75qj0f0f832bu1c7robue5jo7 Query : select top 1 bistamp valor from bi inner join bo on bo.bostamp=bi.bostamp where bo.ndos =240 and bo.boano =2035 and bo.obrano = 2403527 and bi.ref ='324.1879.00.1' and bi.lordem =5
20240521@074546.5873 u75qj0f0f832bu1c7robue5jo7 Query : select top 1 isnull(design,'') valor from st (nolock) left join stobs (nolock) on st.ref = stobs.ref where st.ref = '324.1879.00.1'
20240521@074546.5884 u75qj0f0f832bu1c7robue5jo7 Query : select top 1 bistamp valor from bi inner join bo on bo.bostamp=bi.bostamp where bo.ndos =240 and bo.boano =2035 and bo.obrano = 2403527 and bi.ref ='324.1879.00.1' and bi.lordem =5
20240521@074546.5889 u75qj0f0f832bu1c7robue5jo7 Query : select top 1 isnull(design,'') valor from st (nolock) left join stobs (nolock) on st.ref = stobs.ref where st.ref = '324.1832.00.2'
20240521@074546.6034 u75qj0f0f832bu1c7robue5jo7 Query : select top 1 bistamp valor from bi inner join bo on bo.bostamp=bi.bostamp where bo.ndos =240 and bo.boano =2035 and bo.obrano = 2403527 and bi.ref ='324.1832.00.2' and bi.lordem =6
20240521@074546.6411 u75qj0f0f832bu1c7robue5jo7 Query : select top 1 isnull(design,'') valor from st (nolock) left join stobs (nolock) on st.ref = stobs.ref where st.ref = '324.1832.00.2'
20240521@074546.6422 u75qj0f0f832bu1c7robue5jo7 Query : select top 1 bistamp valor from bi inner join bo on bo.bostamp=bi.bostamp where bo.ndos =240 and bo.boano =2035 and bo.obrano = 2403527 and bi.ref ='324.1832.00.2' and bi.lordem =7
20240521@074546.6826 u75qj0f0f832bu1c7robue5jo7 Query : select top 1 isnull(design,'') valor from st (nolock) left join stobs (nolock) on st.ref = stobs.ref where st.ref = '324.1831.00.2'
20240521@074546.7027 u75qj0f0f832bu1c7robue5jo7 Query : select top 1 bistamp valor from bi inner join bo on bo.bostamp=bi.bostamp where bo.ndos =240 and bo.boano =2035 and bo.obrano = 2403527 and bi.ref ='324.1831.00.2' and bi.lordem =8
20240521@074546.7469 u75qj0f0f832bu1c7robue5jo7 Query : select top 1 isnull(design,'') valor from st (nolock) left join stobs (nolock) on st.ref = stobs.ref where st.ref = '324.1831.00.2'
20240521@074546.7481 u75qj0f0f832bu1c7robue5jo7 Query : select top 1 bistamp valor from bi inner join bo on bo.bostamp=bi.bostamp where bo.ndos =240 and bo.boano =2035 and bo.obrano = 2403527 and bi.ref ='324.1831.00.2' and bi.lordem =9
20240521@074546.7839 u75qj0f0f832bu1c7robue5jo7 Query : select top 1 isnull(design,'') valor from st (nolock) left join stobs (nolock) on st.ref = stobs.ref where st.ref = '324.1293.00.1'
20240521@074546.7987 u75qj0f0f832bu1c7robue5jo7 Query : select top 1 bistamp valor from bi inner join bo on bo.bostamp=bi.bostamp where bo.ndos =240 and bo.boano =2035 and bo.obrano = 2403527 and bi.ref ='324.1293.00.1' and bi.lordem =10
20240521@074546.8303 u75qj0f0f832bu1c7robue5jo7 Query : select top 1 isnull(design,'') valor from st (nolock) left join stobs (nolock) on st.ref = stobs.ref where st.ref = '324.1608.00.1'
20240521@074546.8447 u75qj0f0f832bu1c7robue5jo7 Query : select top 1 bistamp valor from bi inner join bo on bo.bostamp=bi.bostamp where bo.ndos =240 and bo.boano =2035 and bo.obrano = 2403527 and bi.ref ='324.1608.00.1' and bi.lordem =11
20240521@074546.8843 u75qj0f0f832bu1c7robue5jo7 Query : select top 1 isnull(design,'') valor from st (nolock) left join stobs (nolock) on st.ref = stobs.ref where st.ref = '324.1643.00.1'
20240521@074546.9022 u75qj0f0f832bu1c7robue5jo7 Query : select top 1 bistamp valor from bi inner join bo on bo.bostamp=bi.bostamp where bo.ndos =240 and bo.boano =2035 and bo.obrano = 2403527 and bi.ref ='324.1643.00.1' and bi.lordem =12
20240521@074546.9353 u75qj0f0f832bu1c7robue5jo7 Query : select top 1 isnull(design,'') valor from st (nolock) left join stobs (nolock) on st.ref = stobs.ref where st.ref = '324.1643.00.1'
20240521@074546.9364 u75qj0f0f832bu1c7robue5jo7 Query : select top 1 bistamp valor from bi inner join bo on bo.bostamp=bi.bostamp where bo.ndos =240 and bo.boano =2035 and bo.obrano = 2403527 and bi.ref ='324.1643.00.1' and bi.lordem =12
20240521@074546.9370 u75qj0f0f832bu1c7robue5jo7 Query : select top 1 isnull(design,'') valor from st (nolock) left join stobs (nolock) on st.ref = stobs.ref where st.ref = '324.1643.00.1'
20240521@074546.9380 u75qj0f0f832bu1c7robue5jo7 Query : select top 1 bistamp valor from bi inner join bo on bo.bostamp=bi.bostamp where bo.ndos =240 and bo.boano =2035 and bo.obrano = 2403527 and bi.ref ='324.1643.00.1' and bi.lordem =13
20240521@074546.9698 u75qj0f0f832bu1c7robue5jo7 Query : select top 1 isnull(design,'') valor from st (nolock) left join stobs (nolock) on st.ref = stobs.ref where st.ref = '324.1646.00.1'
20240521@074546.9923 u75qj0f0f832bu1c7robue5jo7 Query : select top 1 bistamp valor from bi inner join bo on bo.bostamp=bi.bostamp where bo.ndos =240 and bo.boano =2035 and bo.obrano = 2403527 and bi.ref ='324.1646.00.1' and bi.lordem =14
20240521@074547.2800 u75qj0f0f832bu1c7robue5jo7 Query : select top 1 isnull(design,'') valor from st (nolock) left join stobs (nolock) on st.ref = stobs.ref where st.ref = '324.1685.00.1'
20240521@074547.4450 u75qj0f0f832bu1c7robue5jo7 Query : select top 1 bistamp valor from bi inner join bo on bo.bostamp=bi.bostamp where bo.ndos =240 and bo.boano =2035 and bo.obrano = 2403527 and bi.ref ='324.1685.00.1' and bi.lordem =16
20240521@074547.7740 u75qj0f0f832bu1c7robue5jo7 Query : select top 1 isnull(design,'') valor from st (nolock) left join stobs (nolock) on st.ref = stobs.ref where st.ref = '324.1685.00.1'
20240521@074547.7860 u75qj0f0f832bu1c7robue5jo7 Query : select top 1 bistamp valor from bi inner join bo on bo.bostamp=bi.bostamp where bo.ndos =240 and bo.boano =2035 and bo.obrano = 2403527 and bi.ref ='324.1685.00.1' and bi.lordem =17
20240521@074547.1313 u75qj0f0f832bu1c7robue5jo7 Query : select top 1 isnull(design,'') valor from st (nolock) left join stobs (nolock) on st.ref = stobs.ref where st.ref = '325.1670.3015'
20240521@074547.1457 u75qj0f0f832bu1c7robue5jo7 Query : select top 1 bistamp valor from bi inner join bo on bo.bostamp=bi.bostamp where bo.ndos =240 and bo.boano =2035 and bo.obrano = 2403527 and bi.ref ='325.1670.3015' and bi.lordem =18
20240521@074547.1790 u75qj0f0f832bu1c7robue5jo7 Query : use flama_phc
20240521@074547.1794 u75qj0f0f832bu1c7robue5jo7 Query : select top 1 convert(date,fdata) valor from ft where ndoc = 39 and anulado= 0 and fno>0 order by fdata desc
20240521@074547.1808 u75qj0f0f832bu1c7robue5jo7 Query : use flama_phc
20240521@074547.1811 u75qj0f0f832bu1c7robue5jo7 Query : select top 1 1 valor from td where td.ndoc = 39
20240521@074547.1822 u75qj0f0f832bu1c7robue5jo7 Query : use flama_phc
20240521@074547.1825 u75qj0f0f832bu1c7robue5jo7 Query : select descricao ,case when valor='s' then 1 else 0 end usalotes from para1 where descricao in ('st_lote')
20240521@074547.1839 u75qj0f0f832bu1c7robue5jo7 Query : select top 1 assinadoc issigned ,td.lancasl stocks ,'cl' origin ,case when (cmsl between 1 and 50 ) then 1 else 0 end entrada ,case when (cmsl>50 ) then 1 else 0 end saida ,~lotestock validatestock ,tiposaft from td inner join td2 on td.tdstamp=td2.td2stamp where td.ndoc =39
20240521@074547.1855 u75qj0f0f832bu1c7robue5jo7 Query : use flama_phc
20240521@074547.1859 u75qj0f0f832bu1c7robue5jo7 Query : select top 1 ~inactivo valor from cl where no = '102382' and estab = 0 order by inactivo desc
20240521@074547.1965 u75qj0f0f832bu1c7robue5jo7 Query : use flama_phc
20240521@074547.1968 u75qj0f0f832bu1c7robue5jo7 Query : select top 1 tipodoc,regrd from td where ndoc = 39
20240521@074547.1993 u75qj0f0f832bu1c7robue5jo7 Query : use flama_phc
20240521@074547.1997 u75qj0f0f832bu1c7robue5jo7 Query : select szadrsstamp valor from szadrs where szadrsdesc='espaÇotrans,lda'
20240521@074547.2008 u75qj0f0f832bu1c7robue5jo7 Query : use flama_phc
20240521@074547.2011 u75qj0f0f832bu1c7robue5jo7 Query : select szadrsstamp valor from szadrs where szadrsdesc='ig-electrodomÉsticos, lda-loja euronics'
20240521@074547.2025 u75qj0f0f832bu1c7robue5jo7 Query : use flama_phc
20240521@074547.2028 u75qj0f0f832bu1c7robue5jo7 Query : select 1 valor from td where ndoc = 39
20240521@074547.2039 u75qj0f0f832bu1c7robue5jo7 Query : select top 1 manternumero, tiposaft, nmdos,td.assinadoc from td where td.ndoc = 39
20240521@074547.2052 u75qj0f0f832bu1c7robue5jo7 Query : select 1 valor from information_schema.tables where table_type='base table' and table_name='wsft039fields'
20240521@074547.2066 u75qj0f0f832bu1c7robue5jo7 Query : select fieldkey,fieldname,fieldtype,mandatory from wsft039fields
20240521@074547.2084 u75qj0f0f832bu1c7robue5jo7 Query : select 1 valor from information_schema.tables where table_type='base table' and table_name='wsft2039fields'
20240521@074547.2100 u75qj0f0f832bu1c7robue5jo7 Query : select fieldkey,fieldname,fieldtype,mandatory from wsft2039fields
20240521@074547.2128 u75qj0f0f832bu1c7robue5jo7 Query : select 1 valor from information_schema.tables where table_type='base table' and table_name='wsft3039fields'
20240521@074547.2418 u75qj0f0f832bu1c7robue5jo7 Query : select fieldkey,fieldname,fieldtype,mandatory from wsft3039fields
20240521@074547.2429 u75qj0f0f832bu1c7robue5jo7 Query : select top 1 ft.fno valor from ft ft where ft.ndoc = 39 and ftano=2024 order by fno desc
20240521@074547.2508 u75qj0f0f832bu1c7robue5jo7 Query : select top 1 ft.fno valor from wsft039data ft where ft.ndoc = 39 and ftano=2024 order by fno desc
20240521@074547.2519 u75qj0f0f832bu1c7robue5jo7 Query : select 1 valor from information_schema.tables where table_type='base table' and table_name='wsft3039fields'
20240521@074547.2536 u75qj0f0f832bu1c7robue5jo7 Query : select fieldkey,fieldname,fieldtype,calcformula from wsft3039fields
20240521@074547.2548 u75qj0f0f832bu1c7robue5jo7 Query : insert into wsft3039data (ft3stamp, ousrdata, ousrhora, usrdata,usrhora,ousrinis,usrinis,taxpointdt ) values ('aut664c444443664c431b3b' ,getdate(),convert(char(8),convert (time,getdate())),getdate(),convert(char(8),convert (time,getdate())),'wsv','wsv',?)
20240521@074547.2703 u75qj0f0f832bu1c7robue5jo7 Query : select 1 valor from information_schema.tables where table_type='base table' and table_name='wsft2039fields'
20240521@074547.2720 u75qj0f0f832bu1c7robue5jo7 Query : select fieldkey,fieldname,fieldtype,calcformula from wsft2039fields
20240521@074547.2749 u75qj0f0f832bu1c7robue5jo7 Query : select top 1 bo.u_nomeenv valor from bo where bo.bostamp=''
20240521@074547.2754 u75qj0f0f832bu1c7robue5jo7 Query : select top 1 bo.u_moradaen valor from bo where bo.bostamp=''
20240521@074547.2759 u75qj0f0f832bu1c7robue5jo7 Query : select top 1 bo.u_codposen valor from bo where bo.bostamp=''
20240521@074547.2763 u75qj0f0f832bu1c7robue5jo7 Query : select top 1 bo.u_localenv valor from bo where bo.bostamp=''
20240521@074547.2768 u75qj0f0f832bu1c7robue5jo7 Query : select top 1 bo.trab5 valor from bo where bo.bostamp=''
20240521@074547.2773 u75qj0f0f832bu1c7robue5jo7 Query : select top 1 bo.serie valor from bo where bo.bostamp=''
20240521@074547.2777 u75qj0f0f832bu1c7robue5jo7 Query : insert into wsft2039data (ft2stamp, ousrdata,ousrhora, usrdata,usrhora,ousrinis,usrinis,u_nomeenv ,u_moradaen ,u_codposen ,u_localenv ,u_coddest ,u_codby ) values ('aut664c444443664c431b3b',getdate(),convert(char(8),convert (time,getdate())),getdate(),convert(char(8),convert (time,getdate())),'wsv','wsv',?,?,?,?,?,?)
20240521@074547.3012 u75qj0f0f832bu1c7robue5jo7 Query : select top 1 fno valor from wsft039data order by fno desc
20240521@074547.3030 u75qj0f0f832bu1c7robue5jo7 Query : select 1 valor from information_schema.tables where table_type='base table' and table_name='wsft039fields'
20240521@074547.3163 u75qj0f0f832bu1c7robue5jo7 Query : select fieldkey,fieldname,fieldtype,calcformula from wsft039fields
20240521@074547.3193 u75qj0f0f832bu1c7robue5jo7 Query : insert into wsft039data (ftstamp, ousrdata,ousrhora, usrdata,usrhora,ousrinis,usrinis,fno,no,estab,fdata,ndoc,moeda,cambio,cambiofixo,ftano,cdata,chora,carga,descar,site ,classe ) values ('aut664c444443664c431b3b',getdate(),convert(char(8),convert (time,getdate())),getdate(),convert(char(8),convert (time,getdate())),'wsv','wsv',1431,102382,0,'2024-05-21',39,'euro',0,0,2024 ,'20240521','0815',?,?,?,?)
20240521@074547.3444 u75qj0f0f832bu1c7robue5jo7 Query : use flama_phc
20240521@074547.3448 u75qj0f0f832bu1c7robue5jo7 Query : select st.usalote valor from st where st.ref = '304.421.00.04'
20240521@074547.3460 u75qj0f0f832bu1c7robue5jo7 Query : select top 1 st.tabiva ,st.ivaincl ,st.stns ,st.uni2 ,st.familia ,isnull(tx.taxa, 0) txiva ,unidade ,usalote ,epcpond ,noserie from st left join taxasiva tx on st.tabiva = tx.codigo where st.ref = '304.421.00.04'
20240521@074547.3607 u75qj0f0f832bu1c7robue5jo7 Query : select 1 valor from information_schema.tables where table_type='base table' and table_name='wsfi039fields'
20240521@074547.3621 u75qj0f0f832bu1c7robue5jo7 Query : select fieldkey,fieldname,fieldtype,mandatory from wsfi039fields
20240521@074547.3646 u75qj0f0f832bu1c7robue5jo7 Query : select 1 valor from information_schema.tables where table_type='base table' and table_name='wsfi2039fields'
20240521@074547.3661 u75qj0f0f832bu1c7robue5jo7 Query : select fieldkey,fieldname,fieldtype,mandatory from wsfi2039fields
20240521@074547.3666 u75qj0f0f832bu1c7robue5jo7 Query : select sestamp valor from se where ref ='304.421.00.04' and lote = '240073'
