20240731@214915.1688 fv06e2o5vb7jd36d91mp7t1bki Query : use flama_phc
20240731@214915.1692 fv06e2o5vb7jd36d91mp7t1bki Query : select top 1 secretkey valor from u_wsusers u where u.userid = ? and u.inactivo=0
20240731@214915.1770 fv06e2o5vb7jd36d91mp7t1bki Query : use flama_phc
20240731@214915.1773 fv06e2o5vb7jd36d91mp7t1bki Query : select no, estab,szadrsdesc from szadrs where u_coddest=4740
20240731@214915.1867 fv06e2o5vb7jd36d91mp7t1bki Query : select top 1 isnull(design,'') valor from st (nolock) left join stobs (nolock) on st.ref = stobs.ref where st.ref = '324.2041.00.1'
20240731@214915.2041 fv06e2o5vb7jd36d91mp7t1bki Query : select top 1 bistamp valor from bi inner join bo on bo.bostamp=bi.bostamp where bo.ndos =240 and bo.boano =2050 and bo.obrano = 2405068 and bi.ref ='324.2041.00.1' and bi.lordem =1
20240731@214915.2375 fv06e2o5vb7jd36d91mp7t1bki Query : select top 1 isnull(design,'') valor from st (nolock) left join stobs (nolock) on st.ref = stobs.ref where st.ref = '324.2041.00.1'
20240731@214915.2399 fv06e2o5vb7jd36d91mp7t1bki Query : select top 1 bistamp valor from bi inner join bo on bo.bostamp=bi.bostamp where bo.ndos =240 and bo.boano =2050 and bo.obrano = 2405068 and bi.ref ='324.2041.00.1' and bi.lordem =1
20240731@214915.2417 fv06e2o5vb7jd36d91mp7t1bki Query : use flama_phc
20240731@214915.2420 fv06e2o5vb7jd36d91mp7t1bki Query : select top 1 convert(date,fdata) valor from ft where ndoc = 39 and anulado= 0 and fno>0 order by fdata desc
20240731@214915.2472 fv06e2o5vb7jd36d91mp7t1bki Query : use flama_phc
20240731@214915.2476 fv06e2o5vb7jd36d91mp7t1bki Query : select top 1 1 valor from td where td.ndoc = 39
20240731@214915.2508 fv06e2o5vb7jd36d91mp7t1bki Query : use flama_phc
20240731@214915.2511 fv06e2o5vb7jd36d91mp7t1bki Query : select lower(descricao) descricao ,case when valor='s' then 1 else 0 end valor from para1 where descricao in ('st_lote','st_usalogifunc', 'st_grelha')
20240731@214915.2543 fv06e2o5vb7jd36d91mp7t1bki Query : select top 1 manternumero ,assinadoc issigned ,tiposaft ,assinaimp ,nmdos ,td.assinadoc ,'cl' origin ,lancasl stocks ,case when cmsl<50 and td.lancasl=1 then 1 else 0 end entrada ,case when cmsl>50 and td.lancasl=1 then 1 else 0 end saida ,temserie assets ,~semgre usegridfields from td inner join td2 on td.tdstamp=td2.td2stamp where td.ndoc = 1
20240731@214915.2582 fv06e2o5vb7jd36d91mp7t1bki Query : use flama_phc
20240731@214915.2586 fv06e2o5vb7jd36d91mp7t1bki Query : select top 1 ~inactivo valor from cl where no = '100810' and estab = 0 order by inactivo desc
20240731@214915.2722 fv06e2o5vb7jd36d91mp7t1bki Query : use flama_phc
20240731@214915.2726 fv06e2o5vb7jd36d91mp7t1bki Query : select top 1 tipodoc,regrd from td where ndoc = 39
20240731@214915.2764 fv06e2o5vb7jd36d91mp7t1bki Query : use flama_phc
20240731@214915.2768 fv06e2o5vb7jd36d91mp7t1bki Query : select szadrsstamp valor from szadrs where szadrsdesc='espaÇotrans,lda'
20240731@214915.3405 fv06e2o5vb7jd36d91mp7t1bki Query : use flama_phc
20240731@214915.4060 fv06e2o5vb7jd36d91mp7t1bki Query : select szadrsstamp valor from szadrs where szadrsdesc='100810 - worten-equipamentos para o lar,sa.'
20240731@214915.4110 fv06e2o5vb7jd36d91mp7t1bki Query : use flama_phc
20240731@214915.4113 fv06e2o5vb7jd36d91mp7t1bki Query : select 1 valor from td where ndoc = 39
20240731@214915.4125 fv06e2o5vb7jd36d91mp7t1bki Query : select top 1 manternumero, tiposaft, nmdos,td.assinadoc from td where td.ndoc = 39
20240731@214915.4140 fv06e2o5vb7jd36d91mp7t1bki Query : select 1 valor from information_schema.tables where table_type='base table' and table_name='wstablefields'
20240731@214915.4157 fv06e2o5vb7jd36d91mp7t1bki Query : select fieldkey,fieldname,fieldtype,mandatory from wstablefields where tablename = 'ft' and documentnumber = 39
20240731@214915.4176 fv06e2o5vb7jd36d91mp7t1bki Query : select 1 valor from information_schema.tables where table_type='base table' and table_name='wstablefields'
20240731@214915.4192 fv06e2o5vb7jd36d91mp7t1bki Query : select fieldkey,fieldname,fieldtype,mandatory from wstablefields where tablename = 'ft2' and documentnumber = 39
20240731@214915.4222 fv06e2o5vb7jd36d91mp7t1bki Query : select 1 valor from information_schema.tables where table_type='base table' and table_name='wstablefields'
20240731@214915.4236 fv06e2o5vb7jd36d91mp7t1bki Query : select fieldkey,fieldname,fieldtype,mandatory from wstablefields where tablename = 'ft3' and documentnumber = 39
20240731@214915.4251 fv06e2o5vb7jd36d91mp7t1bki Query : select top 1 ft.fno valor from ft ft where ft.ndoc = 39 and ftano=2024 order by fno desc
20240731@214915.4321 fv06e2o5vb7jd36d91mp7t1bki Query : select top 1 ft.fno valor from wsftdata ft where ft.ndoc = 39 and ftano=2024 order by fno desc
20240731@214915.4334 fv06e2o5vb7jd36d91mp7t1bki Query : select 1 valor from information_schema.tables where table_type='base table' and table_name='wstablefields'
20240731@214915.4348 fv06e2o5vb7jd36d91mp7t1bki Query : select fieldkey,fieldname,fieldtype,calcformula from wstablefields where tablename = 'ft3' and documentnumber = 39
20240731@214915.4365 fv06e2o5vb7jd36d91mp7t1bki Query : insert into wsft3data (ft3stamp, ousrdata, ousrhora, usrdata,usrhora,ousrinis,usrinis,taxpointdt ) values ('aut66aaa4344766aaa34b67' ,getdate(),convert(char(8),convert (time,getdate())),getdate(),convert(char(8),convert (time,getdate())),'wsv','wsv',?)
20240731@214915.4547 fv06e2o5vb7jd36d91mp7t1bki Query : select 1 valor from information_schema.tables where table_type='base table' and table_name='wstablefields'
20240731@214915.4563 fv06e2o5vb7jd36d91mp7t1bki Query : select fieldkey,fieldname,fieldtype,calcformula from wstablefields where tablename = 'ft2' and documentnumber = 39
20240731@214915.4596 fv06e2o5vb7jd36d91mp7t1bki Query : select top 1 bo.u_nomeenv valor from bo where bo.bostamp=''
20240731@214915.4610 fv06e2o5vb7jd36d91mp7t1bki Query : select top 1 bo.u_moradaen valor from bo where bo.bostamp=''
20240731@214915.4623 fv06e2o5vb7jd36d91mp7t1bki Query : select top 1 bo.u_codposen valor from bo where bo.bostamp=''
20240731@214915.4634 fv06e2o5vb7jd36d91mp7t1bki Query : select top 1 bo.u_localenv valor from bo where bo.bostamp=''
20240731@214915.4647 fv06e2o5vb7jd36d91mp7t1bki Query : select top 1 bo.trab5 valor from bo where bo.bostamp=''
20240731@214915.4665 fv06e2o5vb7jd36d91mp7t1bki Query : select top 1 bo.serie valor from bo where bo.bostamp=''
20240731@214915.4676 fv06e2o5vb7jd36d91mp7t1bki Query : insert into wsft2data (ft2stamp, ousrdata,ousrhora, usrdata,usrhora,ousrinis,usrinis,u_nomeenv ,u_moradaen ,u_codposen ,u_localenv ,u_coddest ,u_codby ) values ('aut66aaa4344766aaa34b67',getdate(),convert(char(8),convert (time,getdate())),getdate(),convert(char(8),convert (time,getdate())),'wsv','wsv',?,?,?,?,?,?)
20240731@214915.4933 fv06e2o5vb7jd36d91mp7t1bki Query : select top 1 fno valor from wsftdata order by fno desc
20240731@214915.4947 fv06e2o5vb7jd36d91mp7t1bki Query : select 1 valor from information_schema.tables where table_type='base table' and table_name='wstablefields'
20240731@214915.4965 fv06e2o5vb7jd36d91mp7t1bki Query : select fieldkey,fieldname,fieldtype,calcformula from wstablefields where tablename = 'ft' and documentnumber = 39
20240731@214915.4988 fv06e2o5vb7jd36d91mp7t1bki Query : select 'normal' from dummy
20240731@214915.5004 fv06e2o5vb7jd36d91mp7t1bki Query : insert into wsftdata (ftstamp, ousrdata,ousrhora, usrdata,usrhora,ousrinis,usrinis,fno,no,estab,fdata,ndoc,moeda,cambio,cambiofixo,ftano,site ,classe ) values ('aut66aaa4344766aaa34b67',getdate(),convert(char(8),convert (time,getdate())),getdate(),convert(char(8),convert (time,getdate())),'wsv','wsv',114,100810,0,'2024-07-31',39,'euro',0,0,2024 ,?,?)
20240731@214915.5293 fv06e2o5vb7jd36d91mp7t1bki Query : use flama_phc
20240731@214915.5296 fv06e2o5vb7jd36d91mp7t1bki Query : select st.usalote valor from st where st.ref = '324.2041.00.1'
20240731@214915.5318 fv06e2o5vb7jd36d91mp7t1bki Query : select top 1 st.tabiva ,st.ivaincl ,st.stns ,st.uni2 ,st.familia ,isnull(tx.taxa, 0) txiva ,unidade ,usalote ,epcpond ,noserie ,conversao ,st.texteis from st left join taxasiva tx on st.tabiva = tx.codigo where st.ref = '324.2041.00.1'
20240731@214915.5520 fv06e2o5vb7jd36d91mp7t1bki Query : select 1 valor from information_schema.tables where table_type='base table' and table_name='wstablefields'
20240731@214915.5539 fv06e2o5vb7jd36d91mp7t1bki Query : select fieldkey,fieldname,fieldtype,mandatory from wstablefields where tablename = 'fi' and documentnumber = 39
20240731@214915.5568 fv06e2o5vb7jd36d91mp7t1bki Query : select 1 valor from information_schema.tables where table_type='base table' and table_name='wstablefields'
20240731@214915.5583 fv06e2o5vb7jd36d91mp7t1bki Query : select fieldkey,fieldname,fieldtype,mandatory from wstablefields where tablename = 'fi2' and documentnumber = 39
20240731@214915.5593 fv06e2o5vb7jd36d91mp7t1bki Query : select top 1 convert(numeric(6,2),t.taxa) valor from taxasiva t where t.codigo='2'
20240731@214915.5606 fv06e2o5vb7jd36d91mp7t1bki Query : select sestamp valor from se where ref ='324.2041.00.1' and lote = 'r2100232100a'
20240731@214915.5648 fv06e2o5vb7jd36d91mp7t1bki Query : select 1 valor from information_schema.tables where table_type='base table' and table_name='wstablefields'
20240731@214915.5664 fv06e2o5vb7jd36d91mp7t1bki Query : select fieldkey,fieldname,fieldtype,calcformula from wstablefields where tablename = 'fi2' and documentnumber = 39
20240731@214915.5676 fv06e2o5vb7jd36d91mp7t1bki Query : insert into wsfi2data (fi2stamp,ftstamp ,ousrdata, ousrhora, usrdata,usrhora,ousrinis,usrinis) values ('aut66aaa5520566aaa34b89','aut66aaa4344766aaa34b67' ,getdate(),convert(char(8),convert (time,getdate())),getdate(),convert(char(8),convert (time,getdate())),'wsv','wsv')
20240731@214915.5680 fv06e2o5vb7jd36d91mp7t1bki Query : select 1 valor from information_schema.tables where table_type='base table' and table_name='wstablefields'
20240731@214915.5695 fv06e2o5vb7jd36d91mp7t1bki Query : select fieldkey,fieldname,fieldtype,calcformula from wstablefields where tablename = 'fi' and documentnumber = 39
20240731@214915.5725 fv06e2o5vb7jd36d91mp7t1bki Query : insert into wsfidata (fistamp,ousrdata, ousrhora, usrdata,usrhora,ousrinis,usrinis ,qtt ,ftstamp ,epv,pvmoeda ,tabiva,iva,lordem ,ref, design ,lote,armazem,bistamp ) values ('aut66aaa5520566aaa34b89',getdate(),convert(char(8),convert (time,getdate())),getdate(),convert(char(8),convert (time,getdate())),'wsv','wsv',24.000 ,'aut66aaa4344766aaa34b67' ,0,0 ,2,23.00,10000,?,?,?,?,?)
20240731@214915.5980 fv06e2o5vb7jd36d91mp7t1bki Query : select 1 valor from information_schema.tables where table_type='base table' and table_name='wstablefields'
20240731@214915.5995 fv06e2o5vb7jd36d91mp7t1bki Query : select fieldkey,fieldname,fieldtype,mandatory from wstablefields where tablename = 'fi' and documentnumber = 39
20240731@214915.6022 fv06e2o5vb7jd36d91mp7t1bki Query : select 1 valor from information_schema.tables where table_type='base table' and table_name='wstablefields'
20240731@214915.6036 fv06e2o5vb7jd36d91mp7t1bki Query : select fieldkey,fieldname,fieldtype,mandatory from wstablefields where tablename = 'fi2' and documentnumber = 39
20240731@214915.6045 fv06e2o5vb7jd36d91mp7t1bki Query : select top 1 convert(numeric(6,2),t.taxa) valor from taxasiva t where t.codigo='2'
20240731@214915.6058 fv06e2o5vb7jd36d91mp7t1bki Query : select 1 valor from information_schema.tables where table_type='base table' and table_name='wstablefields'
20240731@214915.6081 fv06e2o5vb7jd36d91mp7t1bki Query : select fieldkey,fieldname,fieldtype,calcformula from wstablefields where tablename = 'fi2' and documentnumber = 39
20240731@214915.6096 fv06e2o5vb7jd36d91mp7t1bki Query : insert into wsfi2data (fi2stamp,ftstamp ,ousrdata, ousrhora, usrdata,usrhora,ousrinis,usrinis) values ('aut66aaa5903166aaa34b93','aut66aaa4344766aaa34b67' ,getdate(),convert(char(8),convert (time,getdate())),getdate(),convert(char(8),convert (time,getdate())),'wsv','wsv')
20240731@214915.6100 fv06e2o5vb7jd36d91mp7t1bki Query : select 1 valor from information_schema.tables where table_type='base table' and table_name='wstablefields'
20240731@214915.6115 fv06e2o5vb7jd36d91mp7t1bki Query : select fieldkey,fieldname,fieldtype,calcformula from wstablefields where tablename = 'fi' and documentnumber = 39
20240731@214915.6147 fv06e2o5vb7jd36d91mp7t1bki Query : insert into wsfidata (fistamp,ousrdata, ousrhora, usrdata,usrhora,ousrinis,usrinis ,qtt ,ftstamp ,epv,pvmoeda ,tabiva,iva,lordem ,ref, design ,armazem) values ('aut66aaa5903166aaa34b93',getdate(),convert(char(8),convert (time,getdate())),getdate(),convert(char(8),convert (time,getdate())),'wsv','wsv',0 ,'aut66aaa4344766aaa34b67' ,0,0 ,2,23.00,20000,?,?,?)
20240731@214915.6395 fv06e2o5vb7jd36d91mp7t1bki Query : use flama_phc
20240731@214915.6399 fv06e2o5vb7jd36d91mp7t1bki Query : select st.usalote valor from st where st.ref = '324.2041.00.1'
20240731@214915.6420 fv06e2o5vb7jd36d91mp7t1bki Query : select top 1 st.tabiva ,st.ivaincl ,st.stns ,st.uni2 ,st.familia ,isnull(tx.taxa, 0) txiva ,unidade ,usalote ,epcpond ,noserie ,conversao ,st.texteis from st left join taxasiva tx on st.tabiva = tx.codigo where st.ref = '324.2041.00.1'
20240731@214915.6435 fv06e2o5vb7jd36d91mp7t1bki Query : select 1 valor from information_schema.tables where table_type='base table' and table_name='wstablefields'
20240731@214915.6452 fv06e2o5vb7jd36d91mp7t1bki Query : select fieldkey,fieldname,fieldtype,mandatory from wstablefields where tablename = 'fi' and documentnumber = 39
20240731@214915.6480 fv06e2o5vb7jd36d91mp7t1bki Query : select 1 valor from information_schema.tables where table_type='base table' and table_name='wstablefields'
20240731@214915.6496 fv06e2o5vb7jd36d91mp7t1bki Query : select fieldkey,fieldname,fieldtype,mandatory from wstablefields where tablename = 'fi2' and documentnumber = 39
20240731@214915.6505 fv06e2o5vb7jd36d91mp7t1bki Query : select top 1 convert(numeric(6,2),t.taxa) valor from taxasiva t where t.codigo='2'
20240731@214915.6518 fv06e2o5vb7jd36d91mp7t1bki Query : select sestamp valor from se where ref ='324.2041.00.1' and lote = 'r2100232100a'
20240731@214915.6531 fv06e2o5vb7jd36d91mp7t1bki Query : select 1 valor from information_schema.tables where table_type='base table' and table_name='wstablefields'
20240731@214915.6547 fv06e2o5vb7jd36d91mp7t1bki Query : select fieldkey,fieldname,fieldtype,calcformula from wstablefields where tablename = 'fi2' and documentnumber = 39
20240731@214915.6561 fv06e2o5vb7jd36d91mp7t1bki Query : insert into wsfi2data (fi2stamp,ftstamp ,ousrdata, ousrhora, usrdata,usrhora,ousrinis,usrinis) values ('aut66aaa0972366aaa34b9f','aut66aaa4344766aaa34b67' ,getdate(),convert(char(8),convert (time,getdate())),getdate(),convert(char(8),convert (time,getdate())),'wsv','wsv')
20240731@214915.6568 fv06e2o5vb7jd36d91mp7t1bki Query : select 1 valor from information_schema.tables where table_type='base table' and table_name='wstablefields'
20240731@214915.6589 fv06e2o5vb7jd36d91mp7t1bki Query : select fieldkey,fieldname,fieldtype,calcformula from wstablefields where tablename = 'fi' and documentnumber = 39
20240731@214915.6624 fv06e2o5vb7jd36d91mp7t1bki Query : insert into wsfidata (fistamp,ousrdata, ousrhora, usrdata,usrhora,ousrinis,usrinis ,qtt ,ftstamp ,epv,pvmoeda ,tabiva,iva,lordem ,ref, design ,lote,armazem,bistamp ) values ('aut66aaa0972366aaa34b9f',getdate(),convert(char(8),convert (time,getdate())),getdate(),convert(char(8),convert (time,getdate())),'wsv','wsv',18.000 ,'aut66aaa4344766aaa34b67' ,0,0 ,2,23.00,40000,?,?,?,?,?)
20240731@214915.6887 fv06e2o5vb7jd36d91mp7t1bki Query : select 1 valor from information_schema.tables where table_type='base table' and table_name='wstablefields'
20240731@214915.6905 fv06e2o5vb7jd36d91mp7t1bki Query : select fieldkey,fieldname,fieldtype,mandatory from wstablefields where tablename = 'fi' and documentnumber = 39
20240731@214915.6933 fv06e2o5vb7jd36d91mp7t1bki Query : select 1 valor from information_schema.tables where table_type='base table' and table_name='wstablefields'
20240731@214915.6950 fv06e2o5vb7jd36d91mp7t1bki Query : select fieldkey,fieldname,fieldtype,mandatory from wstablefields where tablename = 'fi2' and documentnumber = 39
20240731@214915.6969 fv06e2o5vb7jd36d91mp7t1bki Query : select top 1 convert(numeric(6,2),t.taxa) valor from taxasiva t where t.codigo='2'
20240731@214915.6984 fv06e2o5vb7jd36d91mp7t1bki Query : select 1 valor from information_schema.tables where table_type='base table' and table_name='wstablefields'
20240731@214915.6999 fv06e2o5vb7jd36d91mp7t1bki Query : select fieldkey,fieldname,fieldtype,calcformula from wstablefields where tablename = 'fi2' and documentnumber = 39
20240731@214915.7012 fv06e2o5vb7jd36d91mp7t1bki Query : insert into wsfi2data (fi2stamp,ftstamp ,ousrdata, ousrhora, usrdata,usrhora,ousrinis,usrinis) values ('aut66aaa7291866aaa34baa','aut66aaa4344766aaa34b67' ,getdate(),convert(char(8),convert (time,getdate())),getdate(),convert(char(8),convert (time,getdate())),'wsv','wsv')
20240731@214915.7016 fv06e2o5vb7jd36d91mp7t1bki Query : select 1 valor from information_schema.tables where table_type='base table' and table_name='wstablefields'
20240731@214915.7032 fv06e2o5vb7jd36d91mp7t1bki Query : select fieldkey,fieldname,fieldtype,calcformula from wstablefields where tablename = 'fi' and documentnumber = 39
20240731@214915.7066 fv06e2o5vb7jd36d91mp7t1bki Query : insert into wsfidata (fistamp,ousrdata, ousrhora, usrdata,usrhora,ousrinis,usrinis ,qtt ,ftstamp ,epv,pvmoeda ,tabiva,iva,lordem ,ref, design ,armazem) values ('aut66aaa7291866aaa34baa',getdate(),convert(char(8),convert (time,getdate())),getdate(),convert(char(8),convert (time,getdate())),'wsv','wsv',0 ,'aut66aaa4344766aaa34b67' ,0,0 ,2,23.00,50000,?,?,?)
20240731@214915.7299 fv06e2o5vb7jd36d91mp7t1bki Query : insert into wsftcreationlog (initialftstamp,externalid,creationstatus,documenttypeid,idustamp) values ('aut66aaa4344766aaa34b67','2405068','wait',39,'adm09112754980.682000002')
20240731@214915.7475 fv06e2o5vb7jd36d91mp7t1bki Query : use flama_phc
20240731@214915.7480 fv06e2o5vb7jd36d91mp7t1bki Query : update u_wsusers set rqsttoken =? where userid ='userls001'
20240731@214915.7511 fv06e2o5vb7jd36d91mp7t1bki Query : select concat(rtrim(relative_path),ltrim(name_new)) as valor from uploadfiles where uploadfile_id='1279';
20240731@214915.7536 fv06e2o5vb7jd36d91mp7t1bki Query : update uploadfiles set whenupdated=current_timestamp where uploadfile_id='1279';
20240731@214915.7571 fv06e2o5vb7jd36d91mp7t1bki Query : select concat(rtrim(relative_path),ltrim(name_new)) as valor from uploadfiles where uploadfile_id='1279';
20240731@214915.7602 fv06e2o5vb7jd36d91mp7t1bki Query : update uploadfiles set whenupdated=current_timestamp where uploadfile_id='1279';
20240731@214915.9064 qhmjetfsefdg8v8ik4e71d30jr Query : insert into uploadfiles ( name_original, name_new, option_type, relative_path, whencreated ) values ( ?, ?, ?, ?, getdate() )
20240731@214915.9076 qhmjetfsefdg8v8ik4e71d30jr Query : select uploadfile_id valor from uploadfiles where name_new = ? and option_type = ? 
20240731@214915.9144 qhmjetfsefdg8v8ik4e71d30jr Query : select concat(rtrim(relative_path),ltrim(name_new)) as valor from uploadfiles where uploadfile_id='1280';
20240731@214915.9199 qhmjetfsefdg8v8ik4e71d30jr Query : update uploadfiles set whenupdated=current_timestamp where uploadfile_id='1280';
20240731@214915.9260 qhmjetfsefdg8v8ik4e71d30jr Query : select concat(rtrim(relative_path),ltrim(name_new)) as valor from uploadfiles where uploadfile_id='1280';
20240731@214915.9286 qhmjetfsefdg8v8ik4e71d30jr Query : update uploadfiles set whenupdated=current_timestamp where uploadfile_id='1280';
20240731@214915.9336 qhmjetfsefdg8v8ik4e71d30jr Query : use flama_phc
20240731@214915.9341 qhmjetfsefdg8v8ik4e71d30jr Query : select top 1 secretkey valor from u_wsusers u where u.userid = ? and u.inactivo=0
20240731@214915.9409 qhmjetfsefdg8v8ik4e71d30jr Query : use flama_phc
20240731@214915.9418 qhmjetfsefdg8v8ik4e71d30jr Query : select no, estab,szadrsdesc from szadrs where u_coddest=4740
20240731@214915.9472 qhmjetfsefdg8v8ik4e71d30jr Query : select top 1 isnull(design,'') valor from st (nolock) left join stobs (nolock) on st.ref = stobs.ref where st.ref = '324.2221.00.1'
20240731@214915.9669 qhmjetfsefdg8v8ik4e71d30jr Query : select top 1 bistamp valor from bi inner join bo on bo.bostamp=bi.bostamp where bo.ndos =240 and bo.boano =2050 and bo.obrano = 2405069 and bi.ref ='324.2221.00.1' and bi.lordem =1
20240731@214916.2590 qhmjetfsefdg8v8ik4e71d30jr Query : select top 1 isnull(design,'') valor from st (nolock) left join stobs (nolock) on st.ref = stobs.ref where st.ref = '324.2221.00.1'
20240731@214916.3200 qhmjetfsefdg8v8ik4e71d30jr Query : select top 1 bistamp valor from bi inner join bo on bo.bostamp=bi.bostamp where bo.ndos =240 and bo.boano =2050 and bo.obrano = 2405069 and bi.ref ='324.2221.00.1' and bi.lordem =1
20240731@214916.3430 qhmjetfsefdg8v8ik4e71d30jr Query : use flama_phc
20240731@214916.3460 qhmjetfsefdg8v8ik4e71d30jr Query : select top 1 convert(date,fdata) valor from ft where ndoc = 39 and anulado= 0 and fno>0 order by fdata desc
20240731@214916.3840 qhmjetfsefdg8v8ik4e71d30jr Query : use flama_phc
20240731@214916.3890 qhmjetfsefdg8v8ik4e71d30jr Query : select top 1 1 valor from td where td.ndoc = 39
20240731@214916.4210 qhmjetfsefdg8v8ik4e71d30jr Query : use flama_phc
20240731@214916.4240 qhmjetfsefdg8v8ik4e71d30jr Query : select lower(descricao) descricao ,case when valor='s' then 1 else 0 end valor from para1 where descricao in ('st_lote','st_usalogifunc', 'st_grelha')
20240731@214916.4560 qhmjetfsefdg8v8ik4e71d30jr Query : select top 1 manternumero ,assinadoc issigned ,tiposaft ,assinaimp ,nmdos ,td.assinadoc ,'cl' origin ,lancasl stocks ,case when cmsl<50 and td.lancasl=1 then 1 else 0 end entrada ,case when cmsl>50 and td.lancasl=1 then 1 else 0 end saida ,temserie assets ,~semgre usegridfields from td inner join td2 on td.tdstamp=td2.td2stamp where td.ndoc = 1
20240731@214916.5010 qhmjetfsefdg8v8ik4e71d30jr Query : use flama_phc
20240731@214916.5050 qhmjetfsefdg8v8ik4e71d30jr Query : select top 1 ~inactivo valor from cl where no = '100810' and estab = 0 order by inactivo desc
20240731@214916.5390 qhmjetfsefdg8v8ik4e71d30jr Query : use flama_phc
20240731@214916.5440 qhmjetfsefdg8v8ik4e71d30jr Query : select top 1 tipodoc,regrd from td where ndoc = 39
20240731@214916.5780 qhmjetfsefdg8v8ik4e71d30jr Query : use flama_phc
20240731@214916.5820 qhmjetfsefdg8v8ik4e71d30jr Query : select szadrsstamp valor from szadrs where szadrsdesc='espaÇotrans,lda'
20240731@214916.6300 qhmjetfsefdg8v8ik4e71d30jr Query : use flama_phc
20240731@214916.6350 qhmjetfsefdg8v8ik4e71d30jr Query : select szadrsstamp valor from szadrs where szadrsdesc='100810 - worten-equipamentos para o lar,sa.'
20240731@214916.6890 qhmjetfsefdg8v8ik4e71d30jr Query : use flama_phc
20240731@214916.6920 qhmjetfsefdg8v8ik4e71d30jr Query : select 1 valor from td where ndoc = 39
20240731@214916.7070 qhmjetfsefdg8v8ik4e71d30jr Query : select top 1 manternumero, tiposaft, nmdos,td.assinadoc from td where td.ndoc = 39
20240731@214916.7240 qhmjetfsefdg8v8ik4e71d30jr Query : select 1 valor from information_schema.tables where table_type='base table' and table_name='wstablefields'
20240731@214916.7420 qhmjetfsefdg8v8ik4e71d30jr Query : select fieldkey,fieldname,fieldtype,mandatory from wstablefields where tablename = 'ft' and documentnumber = 39
20240731@214916.7680 qhmjetfsefdg8v8ik4e71d30jr Query : select 1 valor from information_schema.tables where table_type='base table' and table_name='wstablefields'
20240731@214916.7840 qhmjetfsefdg8v8ik4e71d30jr Query : select fieldkey,fieldname,fieldtype,mandatory from wstablefields where tablename = 'ft2' and documentnumber = 39
20240731@214916.8190 qhmjetfsefdg8v8ik4e71d30jr Query : select 1 valor from information_schema.tables where table_type='base table' and table_name='wstablefields'
20240731@214916.8350 qhmjetfsefdg8v8ik4e71d30jr Query : select fieldkey,fieldname,fieldtype,mandatory from wstablefields where tablename = 'ft3' and documentnumber = 39
20240731@214916.8510 qhmjetfsefdg8v8ik4e71d30jr Query : select top 1 ft.fno valor from ft ft where ft.ndoc = 39 and ftano=2024 order by fno desc
20240731@214916.9250 qhmjetfsefdg8v8ik4e71d30jr Query : select top 1 ft.fno valor from wsftdata ft where ft.ndoc = 39 and ftano=2024 order by fno desc
20240731@214916.9390 qhmjetfsefdg8v8ik4e71d30jr Query : select 1 valor from information_schema.tables where table_type='base table' and table_name='wstablefields'
20240731@214916.9590 qhmjetfsefdg8v8ik4e71d30jr Query : select fieldkey,fieldname,fieldtype,calcformula from wstablefields where tablename = 'ft3' and documentnumber = 39
20240731@214916.9800 qhmjetfsefdg8v8ik4e71d30jr Query : insert into wsft3data (ft3stamp, ousrdata, ousrhora, usrdata,usrhora,ousrinis,usrinis,taxpointdt ) values ('aut66aaa7636066aaa34c14' ,getdate(),convert(char(8),convert (time,getdate())),getdate(),convert(char(8),convert (time,getdate())),'wsv','wsv',?)
20240731@214916.1165 qhmjetfsefdg8v8ik4e71d30jr Query : select 1 valor from information_schema.tables where table_type='base table' and table_name='wstablefields'
20240731@214916.1184 qhmjetfsefdg8v8ik4e71d30jr Query : select fieldkey,fieldname,fieldtype,calcformula from wstablefields where tablename = 'ft2' and documentnumber = 39
20240731@214916.1222 qhmjetfsefdg8v8ik4e71d30jr Query : select top 1 bo.u_nomeenv valor from bo where bo.bostamp=''
20240731@214916.1243 qhmjetfsefdg8v8ik4e71d30jr Query : select top 1 bo.u_moradaen valor from bo where bo.bostamp=''
20240731@214916.1257 qhmjetfsefdg8v8ik4e71d30jr Query : select top 1 bo.u_codposen valor from bo where bo.bostamp=''
20240731@214916.1272 qhmjetfsefdg8v8ik4e71d30jr Query : select top 1 bo.u_localenv valor from bo where bo.bostamp=''
20240731@214916.1286 qhmjetfsefdg8v8ik4e71d30jr Query : select top 1 bo.trab5 valor from bo where bo.bostamp=''
20240731@214916.1303 qhmjetfsefdg8v8ik4e71d30jr Query : select top 1 bo.serie valor from bo where bo.bostamp=''
20240731@214916.1317 qhmjetfsefdg8v8ik4e71d30jr Query : insert into wsft2data (ft2stamp, ousrdata,ousrhora, usrdata,usrhora,ousrinis,usrinis,u_nomeenv ,u_moradaen ,u_codposen ,u_localenv ,u_coddest ,u_codby ) values ('aut66aaa7636066aaa34c14',getdate(),convert(char(8),convert (time,getdate())),getdate(),convert(char(8),convert (time,getdate())),'wsv','wsv',?,?,?,?,?,?)
20240731@214916.1586 qhmjetfsefdg8v8ik4e71d30jr Query : select top 1 fno valor from wsftdata order by fno desc
20240731@214916.1610 qhmjetfsefdg8v8ik4e71d30jr Query : select 1 valor from information_schema.tables where table_type='base table' and table_name='wstablefields'
20240731@214916.1629 qhmjetfsefdg8v8ik4e71d30jr Query : select fieldkey,fieldname,fieldtype,calcformula from wstablefields where tablename = 'ft' and documentnumber = 39
20240731@214916.1657 qhmjetfsefdg8v8ik4e71d30jr Query : select 'normal' from dummy
20240731@214916.1675 qhmjetfsefdg8v8ik4e71d30jr Query : insert into wsftdata (ftstamp, ousrdata,ousrhora, usrdata,usrhora,ousrinis,usrinis,fno,no,estab,fdata,ndoc,moeda,cambio,cambiofixo,ftano,site ,classe ) values ('aut66aaa7636066aaa34c14',getdate(),convert(char(8),convert (time,getdate())),getdate(),convert(char(8),convert (time,getdate())),'wsv','wsv',115,100810,0,'2024-07-31',39,'euro',0,0,2024 ,?,?)
20240731@214916.1996 qhmjetfsefdg8v8ik4e71d30jr Query : use flama_phc
20240731@214916.2000 qhmjetfsefdg8v8ik4e71d30jr Query : select st.usalote valor from st where st.ref = '324.2221.00.1'
20240731@214916.2026 qhmjetfsefdg8v8ik4e71d30jr Query : select top 1 st.tabiva ,st.ivaincl ,st.stns ,st.uni2 ,st.familia ,isnull(tx.taxa, 0) txiva ,unidade ,usalote ,epcpond ,noserie ,conversao ,st.texteis from st left join taxasiva tx on st.tabiva = tx.codigo where st.ref = '324.2221.00.1'
20240731@214916.2186 qhmjetfsefdg8v8ik4e71d30jr Query : select 1 valor from information_schema.tables where table_type='base table' and table_name='wstablefields'
20240731@214916.2203 qhmjetfsefdg8v8ik4e71d30jr Query : select fieldkey,fieldname,fieldtype,mandatory from wstablefields where tablename = 'fi' and documentnumber = 39
20240731@214916.2238 qhmjetfsefdg8v8ik4e71d30jr Query : select 1 valor from information_schema.tables where table_type='base table' and table_name='wstablefields'
20240731@214916.2256 qhmjetfsefdg8v8ik4e71d30jr Query : select fieldkey,fieldname,fieldtype,mandatory from wstablefields where tablename = 'fi2' and documentnumber = 39
20240731@214916.2268 qhmjetfsefdg8v8ik4e71d30jr Query : select top 1 convert(numeric(6,2),t.taxa) valor from taxasiva t where t.codigo='2'
20240731@214916.2282 qhmjetfsefdg8v8ik4e71d30jr Query : select sestamp valor from se where ref ='324.2221.00.1' and lote = 'r2301281300a'
20240731@214916.2311 qhmjetfsefdg8v8ik4e71d30jr Query : select 1 valor from information_schema.tables where table_type='base table' and table_name='wstablefields'
20240731@214916.2331 qhmjetfsefdg8v8ik4e71d30jr Query : select fieldkey,fieldname,fieldtype,calcformula from wstablefields where tablename = 'fi2' and documentnumber = 39
20240731@214916.2346 qhmjetfsefdg8v8ik4e71d30jr Query : insert into wsfi2data (fi2stamp,ftstamp ,ousrdata, ousrhora, usrdata,usrhora,ousrinis,usrinis) values ('aut66aaa3607766aaa34c38','aut66aaa7636066aaa34c14' ,getdate(),convert(char(8),convert (time,getdate())),getdate(),convert(char(8),convert (time,getdate())),'wsv','wsv')
20240731@214916.2352 qhmjetfsefdg8v8ik4e71d30jr Query : select 1 valor from information_schema.tables where table_type='base table' and table_name='wstablefields'
20240731@214916.2370 qhmjetfsefdg8v8ik4e71d30jr Query : select fieldkey,fieldname,fieldtype,calcformula from wstablefields where tablename = 'fi' and documentnumber = 39
20240731@214916.2406 qhmjetfsefdg8v8ik4e71d30jr Query : insert into wsfidata (fistamp,ousrdata, ousrhora, usrdata,usrhora,ousrinis,usrinis ,qtt ,ftstamp ,epv,pvmoeda ,tabiva,iva,lordem ,ref, design ,lote,armazem,bistamp ) values ('aut66aaa3607766aaa34c38',getdate(),convert(char(8),convert (time,getdate())),getdate(),convert(char(8),convert (time,getdate())),'wsv','wsv',12.000 ,'aut66aaa7636066aaa34c14' ,0,0 ,2,23.00,10000,?,?,?,?,?)
20240731@214916.2740 qhmjetfsefdg8v8ik4e71d30jr Query : use flama_phc
20240731@214916.2744 qhmjetfsefdg8v8ik4e71d30jr Query : select st.usalote valor from st where st.ref = '324.2221.00.1'
20240731@214916.2768 qhmjetfsefdg8v8ik4e71d30jr Query : select top 1 st.tabiva ,st.ivaincl ,st.stns ,st.uni2 ,st.familia ,isnull(tx.taxa, 0) txiva ,unidade ,usalote ,epcpond ,noserie ,conversao ,st.texteis from st left join taxasiva tx on st.tabiva = tx.codigo where st.ref = '324.2221.00.1'
20240731@214916.2786 qhmjetfsefdg8v8ik4e71d30jr Query : select 1 valor from information_schema.tables where table_type='base table' and table_name='wstablefields'
20240731@214916.2807 qhmjetfsefdg8v8ik4e71d30jr Query : select fieldkey,fieldname,fieldtype,mandatory from wstablefields where tablename = 'fi' and documentnumber = 39
20240731@214916.2836 qhmjetfsefdg8v8ik4e71d30jr Query : select 1 valor from information_schema.tables where table_type='base table' and table_name='wstablefields'
20240731@214916.2854 qhmjetfsefdg8v8ik4e71d30jr Query : select fieldkey,fieldname,fieldtype,mandatory from wstablefields where tablename = 'fi2' and documentnumber = 39
20240731@214916.2865 qhmjetfsefdg8v8ik4e71d30jr Query : select top 1 convert(numeric(6,2),t.taxa) valor from taxasiva t where t.codigo='2'
20240731@214916.2880 qhmjetfsefdg8v8ik4e71d30jr Query : select sestamp valor from se where ref ='324.2221.00.1' and lote = 'r2301281300a'
20240731@214916.2897 qhmjetfsefdg8v8ik4e71d30jr Query : select 1 valor from information_schema.tables where table_type='base table' and table_name='wstablefields'
20240731@214916.2916 qhmjetfsefdg8v8ik4e71d30jr Query : select fieldkey,fieldname,fieldtype,calcformula from wstablefields where tablename = 'fi2' and documentnumber = 39
20240731@214916.2929 qhmjetfsefdg8v8ik4e71d30jr Query : insert into wsfi2data (fi2stamp,ftstamp ,ousrdata, ousrhora, usrdata,usrhora,ousrinis,usrinis) values ('aut66aaa0290566aaa34c46','aut66aaa7636066aaa34c14' ,getdate(),convert(char(8),convert (time,getdate())),getdate(),convert(char(8),convert (time,getdate())),'wsv','wsv')
20240731@214916.2935 qhmjetfsefdg8v8ik4e71d30jr Query : select 1 valor from information_schema.tables where table_type='base table' and table_name='wstablefields'
20240731@214916.2953 qhmjetfsefdg8v8ik4e71d30jr Query : select fieldkey,fieldname,fieldtype,calcformula from wstablefields where tablename = 'fi' and documentnumber = 39
20240731@214916.2985 qhmjetfsefdg8v8ik4e71d30jr Query : insert into wsfidata (fistamp,ousrdata, ousrhora, usrdata,usrhora,ousrinis,usrinis ,qtt ,ftstamp ,epv,pvmoeda ,tabiva,iva,lordem ,ref, design ,lote,armazem,bistamp ) values ('aut66aaa0290566aaa34c46',getdate(),convert(char(8),convert (time,getdate())),getdate(),convert(char(8),convert (time,getdate())),'wsv','wsv',60.000 ,'aut66aaa7636066aaa34c14' ,0,0 ,2,23.00,20000,?,?,?,?,?)
20240731@214916.5209 qhmjetfsefdg8v8ik4e71d30jr Query : insert into wsftcreationlog (initialftstamp,externalid,creationstatus,documenttypeid,idustamp) values ('aut66aaa7636066aaa34c14','2405069','wait',39,'adm09112754980.682000002')
20240731@214916.5848 qhmjetfsefdg8v8ik4e71d30jr Query : use flama_phc
20240731@214916.5851 qhmjetfsefdg8v8ik4e71d30jr Query : update u_wsusers set rqsttoken =? where userid ='userls001'
20240731@214916.5896 qhmjetfsefdg8v8ik4e71d30jr Query : select concat(rtrim(relative_path),ltrim(name_new)) as valor from uploadfiles where uploadfile_id='1280';
20240731@214916.5921 qhmjetfsefdg8v8ik4e71d30jr Query : update uploadfiles set whenupdated=current_timestamp where uploadfile_id='1280';
20240731@214916.5957 qhmjetfsefdg8v8ik4e71d30jr Query : select concat(rtrim(relative_path),ltrim(name_new)) as valor from uploadfiles where uploadfile_id='1280';
20240731@214916.5980 qhmjetfsefdg8v8ik4e71d30jr Query : update uploadfiles set whenupdated=current_timestamp where uploadfile_id='1280';
20240731@214916.6494 jiue5jm3cu2icen7uh1dvlv771 Query : insert into uploadfiles ( name_original, name_new, option_type, relative_path, whencreated ) values ( ?, ?, ?, ?, getdate() )
20240731@214916.6514 jiue5jm3cu2icen7uh1dvlv771 Query : select uploadfile_id valor from uploadfiles where name_new = ? and option_type = ? 
20240731@214916.6563 jiue5jm3cu2icen7uh1dvlv771 Query : select concat(rtrim(relative_path),ltrim(name_new)) as valor from uploadfiles where uploadfile_id='1281';
20240731@214916.6626 jiue5jm3cu2icen7uh1dvlv771 Query : update uploadfiles set whenupdated=current_timestamp where uploadfile_id='1281';
20240731@214916.6699 jiue5jm3cu2icen7uh1dvlv771 Query : select concat(rtrim(relative_path),ltrim(name_new)) as valor from uploadfiles where uploadfile_id='1281';
20240731@214916.6726 jiue5jm3cu2icen7uh1dvlv771 Query : update uploadfiles set whenupdated=current_timestamp where uploadfile_id='1281';
20240731@214916.6779 jiue5jm3cu2icen7uh1dvlv771 Query : use flama_phc
20240731@214916.6782 jiue5jm3cu2icen7uh1dvlv771 Query : select top 1 secretkey valor from u_wsusers u where u.userid = ? and u.inactivo=0
20240731@214916.6855 jiue5jm3cu2icen7uh1dvlv771 Query : use flama_phc
20240731@214916.6858 jiue5jm3cu2icen7uh1dvlv771 Query : select no, estab,szadrsdesc from szadrs where u_coddest=4740
20240731@214916.6902 jiue5jm3cu2icen7uh1dvlv771 Query : select top 1 isnull(design,'') valor from st (nolock) left join stobs (nolock) on st.ref = stobs.ref where st.ref = '324.2224.00.1'
20240731@214916.7071 jiue5jm3cu2icen7uh1dvlv771 Query : select top 1 bistamp valor from bi inner join bo on bo.bostamp=bi.bostamp where bo.ndos =240 and bo.boano =2050 and bo.obrano = 2405070 and bi.ref ='324.2224.00.1' and bi.lordem =1
20240731@214916.7399 jiue5jm3cu2icen7uh1dvlv771 Query : select top 1 isnull(design,'') valor from st (nolock) left join stobs (nolock) on st.ref = stobs.ref where st.ref = '324.2224.00.1'
20240731@214916.7421 jiue5jm3cu2icen7uh1dvlv771 Query : select top 1 bistamp valor from bi inner join bo on bo.bostamp=bi.bostamp where bo.ndos =240 and bo.boano =2050 and bo.obrano = 2405070 and bi.ref ='324.2224.00.1' and bi.lordem =1
20240731@214916.7440 jiue5jm3cu2icen7uh1dvlv771 Query : use flama_phc
20240731@214916.7444 jiue5jm3cu2icen7uh1dvlv771 Query : select top 1 convert(date,fdata) valor from ft where ndoc = 39 and anulado= 0 and fno>0 order by fdata desc
20240731@214916.7490 jiue5jm3cu2icen7uh1dvlv771 Query : use flama_phc
20240731@214916.7495 jiue5jm3cu2icen7uh1dvlv771 Query : select top 1 1 valor from td where td.ndoc = 39
20240731@214916.7526 jiue5jm3cu2icen7uh1dvlv771 Query : use flama_phc
20240731@214916.7530 jiue5jm3cu2icen7uh1dvlv771 Query : select lower(descricao) descricao ,case when valor='s' then 1 else 0 end valor from para1 where descricao in ('st_lote','st_usalogifunc', 'st_grelha')
20240731@214916.7558 jiue5jm3cu2icen7uh1dvlv771 Query : select top 1 manternumero ,assinadoc issigned ,tiposaft ,assinaimp ,nmdos ,td.assinadoc ,'cl' origin ,lancasl stocks ,case when cmsl<50 and td.lancasl=1 then 1 else 0 end entrada ,case when cmsl>50 and td.lancasl=1 then 1 else 0 end saida ,temserie assets ,~semgre usegridfields from td inner join td2 on td.tdstamp=td2.td2stamp where td.ndoc = 1
20240731@214916.7594 jiue5jm3cu2icen7uh1dvlv771 Query : use flama_phc
20240731@214916.7598 jiue5jm3cu2icen7uh1dvlv771 Query : select top 1 ~inactivo valor from cl where no = '100810' and estab = 0 order by inactivo desc
20240731@214916.7631 jiue5jm3cu2icen7uh1dvlv771 Query : use flama_phc
20240731@214916.7635 jiue5jm3cu2icen7uh1dvlv771 Query : select top 1 tipodoc,regrd from td where ndoc = 39
20240731@214916.7667 jiue5jm3cu2icen7uh1dvlv771 Query : use flama_phc
20240731@214916.7670 jiue5jm3cu2icen7uh1dvlv771 Query : select szadrsstamp valor from szadrs where szadrsdesc='espaÇotrans,lda'
20240731@214916.7713 jiue5jm3cu2icen7uh1dvlv771 Query : use flama_phc
20240731@214916.7725 jiue5jm3cu2icen7uh1dvlv771 Query : select szadrsstamp valor from szadrs where szadrsdesc='100810 - worten-equipamentos para o lar,sa.'
20240731@214916.7771 jiue5jm3cu2icen7uh1dvlv771 Query : use flama_phc
20240731@214916.7774 jiue5jm3cu2icen7uh1dvlv771 Query : select 1 valor from td where ndoc = 39
20240731@214916.7788 jiue5jm3cu2icen7uh1dvlv771 Query : select top 1 manternumero, tiposaft, nmdos,td.assinadoc from td where td.ndoc = 39
20240731@214916.7804 jiue5jm3cu2icen7uh1dvlv771 Query : select 1 valor from information_schema.tables where table_type='base table' and table_name='wstablefields'
20240731@214916.7824 jiue5jm3cu2icen7uh1dvlv771 Query : select fieldkey,fieldname,fieldtype,mandatory from wstablefields where tablename = 'ft' and documentnumber = 39
20240731@214916.7847 jiue5jm3cu2icen7uh1dvlv771 Query : select 1 valor from information_schema.tables where table_type='base table' and table_name='wstablefields'
20240731@214916.7871 jiue5jm3cu2icen7uh1dvlv771 Query : select fieldkey,fieldname,fieldtype,mandatory from wstablefields where tablename = 'ft2' and documentnumber = 39
20240731@214916.7908 jiue5jm3cu2icen7uh1dvlv771 Query : select 1 valor from information_schema.tables where table_type='base table' and table_name='wstablefields'
20240731@214916.7925 jiue5jm3cu2icen7uh1dvlv771 Query : select fieldkey,fieldname,fieldtype,mandatory from wstablefields where tablename = 'ft3' and documentnumber = 39
20240731@214916.7938 jiue5jm3cu2icen7uh1dvlv771 Query : select top 1 ft.fno valor from ft ft where ft.ndoc = 39 and ftano=2024 order by fno desc
20240731@214916.8014 jiue5jm3cu2icen7uh1dvlv771 Query : select top 1 ft.fno valor from wsftdata ft where ft.ndoc = 39 and ftano=2024 order by fno desc
20240731@214916.8038 jiue5jm3cu2icen7uh1dvlv771 Query : select 1 valor from information_schema.tables where table_type='base table' and table_name='wstablefields'
20240731@214916.8055 jiue5jm3cu2icen7uh1dvlv771 Query : select fieldkey,fieldname,fieldtype,calcformula from wstablefields where tablename = 'ft3' and documentnumber = 39
20240731@214916.8072 jiue5jm3cu2icen7uh1dvlv771 Query : insert into wsft3data (ft3stamp, ousrdata, ousrhora, usrdata,usrhora,ousrinis,usrinis,taxpointdt ) values ('aut66aaa5819666aaa34cc1' ,getdate(),convert(char(8),convert (time,getdate())),getdate(),convert(char(8),convert (time,getdate())),'wsv','wsv',?)
20240731@214916.8261 jiue5jm3cu2icen7uh1dvlv771 Query : select 1 valor from information_schema.tables where table_type='base table' and table_name='wstablefields'
20240731@214916.8285 jiue5jm3cu2icen7uh1dvlv771 Query : select fieldkey,fieldname,fieldtype,calcformula from wstablefields where tablename = 'ft2' and documentnumber = 39
20240731@214916.8324 jiue5jm3cu2icen7uh1dvlv771 Query : select top 1 bo.u_nomeenv valor from bo where bo.bostamp=''
20240731@214916.8338 jiue5jm3cu2icen7uh1dvlv771 Query : select top 1 bo.u_moradaen valor from bo where bo.bostamp=''
20240731@214916.8353 jiue5jm3cu2icen7uh1dvlv771 Query : select top 1 bo.u_codposen valor from bo where bo.bostamp=''
20240731@214916.8370 jiue5jm3cu2icen7uh1dvlv771 Query : select top 1 bo.u_localenv valor from bo where bo.bostamp=''
20240731@214916.8386 jiue5jm3cu2icen7uh1dvlv771 Query : select top 1 bo.trab5 valor from bo where bo.bostamp=''
20240731@214916.8401 jiue5jm3cu2icen7uh1dvlv771 Query : select top 1 bo.serie valor from bo where bo.bostamp=''
20240731@214916.8416 jiue5jm3cu2icen7uh1dvlv771 Query : insert into wsft2data (ft2stamp, ousrdata,ousrhora, usrdata,usrhora,ousrinis,usrinis,u_nomeenv ,u_moradaen ,u_codposen ,u_localenv ,u_coddest ,u_codby ) values ('aut66aaa5819666aaa34cc1',getdate(),convert(char(8),convert (time,getdate())),getdate(),convert(char(8),convert (time,getdate())),'wsv','wsv',?,?,?,?,?,?)
20240731@214916.8733 jiue5jm3cu2icen7uh1dvlv771 Query : select top 1 fno valor from wsftdata order by fno desc
20240731@214916.8762 jiue5jm3cu2icen7uh1dvlv771 Query : select 1 valor from information_schema.tables where table_type='base table' and table_name='wstablefields'
20240731@214916.8779 jiue5jm3cu2icen7uh1dvlv771 Query : select fieldkey,fieldname,fieldtype,calcformula from wstablefields where tablename = 'ft' and documentnumber = 39
20240731@214916.8805 jiue5jm3cu2icen7uh1dvlv771 Query : select 'normal' from dummy
20240731@214916.8821 jiue5jm3cu2icen7uh1dvlv771 Query : insert into wsftdata (ftstamp, ousrdata,ousrhora, usrdata,usrhora,ousrinis,usrinis,fno,no,estab,fdata,ndoc,moeda,cambio,cambiofixo,ftano,site ,classe ) values ('aut66aaa5819666aaa34cc1',getdate(),convert(char(8),convert (time,getdate())),getdate(),convert(char(8),convert (time,getdate())),'wsv','wsv',116,100810,0,'2024-07-31',39,'euro',0,0,2024 ,?,?)
20240731@214916.9142 jiue5jm3cu2icen7uh1dvlv771 Query : use flama_phc
20240731@214916.9146 jiue5jm3cu2icen7uh1dvlv771 Query : select st.usalote valor from st where st.ref = '324.2224.00.1'
20240731@214916.9173 jiue5jm3cu2icen7uh1dvlv771 Query : select top 1 st.tabiva ,st.ivaincl ,st.stns ,st.uni2 ,st.familia ,isnull(tx.taxa, 0) txiva ,unidade ,usalote ,epcpond ,noserie ,conversao ,st.texteis from st left join taxasiva tx on st.tabiva = tx.codigo where st.ref = '324.2224.00.1'
20240731@214916.9335 jiue5jm3cu2icen7uh1dvlv771 Query : select 1 valor from information_schema.tables where table_type='base table' and table_name='wstablefields'
20240731@214916.9354 jiue5jm3cu2icen7uh1dvlv771 Query : select fieldkey,fieldname,fieldtype,mandatory from wstablefields where tablename = 'fi' and documentnumber = 39
20240731@214916.9394 jiue5jm3cu2icen7uh1dvlv771 Query : select 1 valor from information_schema.tables where table_type='base table' and table_name='wstablefields'
20240731@214916.9413 jiue5jm3cu2icen7uh1dvlv771 Query : select fieldkey,fieldname,fieldtype,mandatory from wstablefields where tablename = 'fi2' and documentnumber = 39
20240731@214916.9423 jiue5jm3cu2icen7uh1dvlv771 Query : select top 1 convert(numeric(6,2),t.taxa) valor from taxasiva t where t.codigo='2'
20240731@214916.9436 jiue5jm3cu2icen7uh1dvlv771 Query : select sestamp valor from se where ref ='324.2224.00.1' and lote = 'r2301281600a'
20240731@214916.9453 jiue5jm3cu2icen7uh1dvlv771 Query : select 1 valor from information_schema.tables where table_type='base table' and table_name='wstablefields'
20240731@214916.9470 jiue5jm3cu2icen7uh1dvlv771 Query : select fieldkey,fieldname,fieldtype,calcformula from wstablefields where tablename = 'fi2' and documentnumber = 39
20240731@214916.9483 jiue5jm3cu2icen7uh1dvlv771 Query : insert into wsfi2data (fi2stamp,ftstamp ,ousrdata, ousrhora, usrdata,usrhora,ousrinis,usrinis) values ('aut66aaa1681466aaa34ce6','aut66aaa5819666aaa34cc1' ,getdate(),convert(char(8),convert (time,getdate())),getdate(),convert(char(8),convert (time,getdate())),'wsv','wsv')
20240731@214916.9488 jiue5jm3cu2icen7uh1dvlv771 Query : select 1 valor from information_schema.tables where table_type='base table' and table_name='wstablefields'
20240731@214916.9505 jiue5jm3cu2icen7uh1dvlv771 Query : select fieldkey,fieldname,fieldtype,calcformula from wstablefields where tablename = 'fi' and documentnumber = 39
20240731@214916.9540 jiue5jm3cu2icen7uh1dvlv771 Query : insert into wsfidata (fistamp,ousrdata, ousrhora, usrdata,usrhora,ousrinis,usrinis ,qtt ,ftstamp ,epv,pvmoeda ,tabiva,iva,lordem ,ref, design ,lote,armazem,bistamp ) values ('aut66aaa1681466aaa34ce6',getdate(),convert(char(8),convert (time,getdate())),getdate(),convert(char(8),convert (time,getdate())),'wsv','wsv',8.000 ,'aut66aaa5819666aaa34cc1' ,0,0 ,2,23.00,10000,?,?,?,?,?)
20240731@214916.9953 jiue5jm3cu2icen7uh1dvlv771 Query : use flama_phc
20240731@214916.9956 jiue5jm3cu2icen7uh1dvlv771 Query : select st.usalote valor from st where st.ref = '324.2224.00.1'
20240731@214916.9983 jiue5jm3cu2icen7uh1dvlv771 Query : select top 1 st.tabiva ,st.ivaincl ,st.stns ,st.uni2 ,st.familia ,isnull(tx.taxa, 0) txiva ,unidade ,usalote ,epcpond ,noserie ,conversao ,st.texteis from st left join taxasiva tx on st.tabiva = tx.codigo where st.ref = '324.2224.00.1'
20240731@214917.0000 jiue5jm3cu2icen7uh1dvlv771 Query : select 1 valor from information_schema.tables where table_type='base table' and table_name='wstablefields'
20240731@214917.1900 jiue5jm3cu2icen7uh1dvlv771 Query : select fieldkey,fieldname,fieldtype,mandatory from wstablefields where tablename = 'fi' and documentnumber = 39
20240731@214917.5300 jiue5jm3cu2icen7uh1dvlv771 Query : select 1 valor from information_schema.tables where table_type='base table' and table_name='wstablefields'
20240731@214917.6900 jiue5jm3cu2icen7uh1dvlv771 Query : select fieldkey,fieldname,fieldtype,mandatory from wstablefields where tablename = 'fi2' and documentnumber = 39
20240731@214917.8000 jiue5jm3cu2icen7uh1dvlv771 Query : select top 1 convert(numeric(6,2),t.taxa) valor from taxasiva t where t.codigo='2'
20240731@214917.9700 jiue5jm3cu2icen7uh1dvlv771 Query : select sestamp valor from se where ref ='324.2224.00.1' and lote = 'r2301281600a'
20240731@214917.1140 jiue5jm3cu2icen7uh1dvlv771 Query : select 1 valor from information_schema.tables where table_type='base table' and table_name='wstablefields'
20240731@214917.1380 jiue5jm3cu2icen7uh1dvlv771 Query : select fieldkey,fieldname,fieldtype,calcformula from wstablefields where tablename = 'fi2' and documentnumber = 39
20240731@214917.1540 jiue5jm3cu2icen7uh1dvlv771 Query : insert into wsfi2data (fi2stamp,ftstamp ,ousrdata, ousrhora, usrdata,usrhora,ousrinis,usrinis) values ('aut66aaa0898466aaa34d02','aut66aaa5819666aaa34cc1' ,getdate(),convert(char(8),convert (time,getdate())),getdate(),convert(char(8),convert (time,getdate())),'wsv','wsv')
20240731@214917.1610 jiue5jm3cu2icen7uh1dvlv771 Query : select 1 valor from information_schema.tables where table_type='base table' and table_name='wstablefields'
20240731@214917.1810 jiue5jm3cu2icen7uh1dvlv771 Query : select fieldkey,fieldname,fieldtype,calcformula from wstablefields where tablename = 'fi' and documentnumber = 39
20240731@214917.2170 jiue5jm3cu2icen7uh1dvlv771 Query : insert into wsfidata (fistamp,ousrdata, ousrhora, usrdata,usrhora,ousrinis,usrinis ,qtt ,ftstamp ,epv,pvmoeda ,tabiva,iva,lordem ,ref, design ,lote,armazem,bistamp ) values ('aut66aaa0898466aaa34d02',getdate(),convert(char(8),convert (time,getdate())),getdate(),convert(char(8),convert (time,getdate())),'wsv','wsv',52.000 ,'aut66aaa5819666aaa34cc1' ,0,0 ,2,23.00,20000,?,?,?,?,?)
20240731@214917.1589 jiue5jm3cu2icen7uh1dvlv771 Query : insert into wsftcreationlog (initialftstamp,externalid,creationstatus,documenttypeid,idustamp) values ('aut66aaa5819666aaa34cc1','2405070','wait',39,'adm09112754980.682000002')
20240731@214917.1678 jiue5jm3cu2icen7uh1dvlv771 Query : use flama_phc
20240731@214917.1684 jiue5jm3cu2icen7uh1dvlv771 Query : update u_wsusers set rqsttoken =? where userid ='userls001'
20240731@214917.2980 jiue5jm3cu2icen7uh1dvlv771 Query : select concat(rtrim(relative_path),ltrim(name_new)) as valor from uploadfiles where uploadfile_id='1281';
20240731@214917.3012 jiue5jm3cu2icen7uh1dvlv771 Query : update uploadfiles set whenupdated=current_timestamp where uploadfile_id='1281';
20240731@214917.3050 jiue5jm3cu2icen7uh1dvlv771 Query : select concat(rtrim(relative_path),ltrim(name_new)) as valor from uploadfiles where uploadfile_id='1281';
20240731@214917.3077 jiue5jm3cu2icen7uh1dvlv771 Query : update uploadfiles set whenupdated=current_timestamp where uploadfile_id='1281';
20240731@214917.4654 rsp42pt34l4qdr12m60no3f1o3 Query : insert into uploadfiles ( name_original, name_new, option_type, relative_path, whencreated ) values ( ?, ?, ?, ?, getdate() )
20240731@214917.4666 rsp42pt34l4qdr12m60no3f1o3 Query : select uploadfile_id valor from uploadfiles where name_new = ? and option_type = ? 
20240731@214917.4847 rsp42pt34l4qdr12m60no3f1o3 Query : select concat(rtrim(relative_path),ltrim(name_new)) as valor from uploadfiles where uploadfile_id='1282';
20240731@214917.4900 rsp42pt34l4qdr12m60no3f1o3 Query : update uploadfiles set whenupdated=current_timestamp where uploadfile_id='1282';
20240731@214917.4949 rsp42pt34l4qdr12m60no3f1o3 Query : select concat(rtrim(relative_path),ltrim(name_new)) as valor from uploadfiles where uploadfile_id='1282';
20240731@214917.4971 rsp42pt34l4qdr12m60no3f1o3 Query : update uploadfiles set whenupdated=current_timestamp where uploadfile_id='1282';
20240731@214917.5016 rsp42pt34l4qdr12m60no3f1o3 Query : use flama_phc
20240731@214917.5019 rsp42pt34l4qdr12m60no3f1o3 Query : select top 1 secretkey valor from u_wsusers u where u.userid = ? and u.inactivo=0
20240731@214917.5085 rsp42pt34l4qdr12m60no3f1o3 Query : use flama_phc
20240731@214917.5088 rsp42pt34l4qdr12m60no3f1o3 Query : select no, estab,szadrsdesc from szadrs where u_coddest=4790
20240731@214917.5126 rsp42pt34l4qdr12m60no3f1o3 Query : select top 1 isnull(design,'') valor from st (nolock) left join stobs (nolock) on st.ref = stobs.ref where st.ref = '324.2224.00.1'
20240731@214917.5148 rsp42pt34l4qdr12m60no3f1o3 Query : select top 1 bistamp valor from bi inner join bo on bo.bostamp=bi.bostamp where bo.ndos =240 and bo.boano =2050 and bo.obrano = 2405073 and bi.ref ='324.2224.00.1' and bi.lordem =1
20240731@214917.5480 rsp42pt34l4qdr12m60no3f1o3 Query : select top 1 isnull(design,'') valor from st (nolock) left join stobs (nolock) on st.ref = stobs.ref where st.ref = '324.2224.00.1'
20240731@214917.5502 rsp42pt34l4qdr12m60no3f1o3 Query : select top 1 bistamp valor from bi inner join bo on bo.bostamp=bi.bostamp where bo.ndos =240 and bo.boano =2050 and bo.obrano = 2405073 and bi.ref ='324.2224.00.1' and bi.lordem =1
20240731@214917.5519 rsp42pt34l4qdr12m60no3f1o3 Query : select top 1 isnull(design,'') valor from st (nolock) left join stobs (nolock) on st.ref = stobs.ref where st.ref = '324.2224.00.1'
20240731@214917.5538 rsp42pt34l4qdr12m60no3f1o3 Query : select top 1 bistamp valor from bi inner join bo on bo.bostamp=bi.bostamp where bo.ndos =240 and bo.boano =2050 and bo.obrano = 2405073 and bi.ref ='324.2224.00.1' and bi.lordem =1
20240731@214917.5554 rsp42pt34l4qdr12m60no3f1o3 Query : select top 1 isnull(design,'') valor from st (nolock) left join stobs (nolock) on st.ref = stobs.ref where st.ref = '324.2223.00.1'
20240731@214917.5767 rsp42pt34l4qdr12m60no3f1o3 Query : select top 1 bistamp valor from bi inner join bo on bo.bostamp=bi.bostamp where bo.ndos =240 and bo.boano =2050 and bo.obrano = 2405073 and bi.ref ='324.2223.00.1' and bi.lordem =2
20240731@214917.6097 rsp42pt34l4qdr12m60no3f1o3 Query : select top 1 isnull(design,'') valor from st (nolock) left join stobs (nolock) on st.ref = stobs.ref where st.ref = '324.2222.00.1'
20240731@214917.6262 rsp42pt34l4qdr12m60no3f1o3 Query : select top 1 bistamp valor from bi inner join bo on bo.bostamp=bi.bostamp where bo.ndos =240 and bo.boano =2050 and bo.obrano = 2405073 and bi.ref ='324.2222.00.1' and bi.lordem =3
20240731@214917.6662 rsp42pt34l4qdr12m60no3f1o3 Query : select top 1 isnull(design,'') valor from st (nolock) left join stobs (nolock) on st.ref = stobs.ref where st.ref = '324.4840.00.1'
20240731@214917.7043 rsp42pt34l4qdr12m60no3f1o3 Query : select top 1 bistamp valor from bi inner join bo on bo.bostamp=bi.bostamp where bo.ndos =240 and bo.boano =2050 and bo.obrano = 2405073 and bi.ref ='324.4840.00.1' and bi.lordem =4
20240731@214917.7875 rsp42pt34l4qdr12m60no3f1o3 Query : select top 1 isnull(design,'') valor from st (nolock) left join stobs (nolock) on st.ref = stobs.ref where st.ref = '324.4840.00.1'
20240731@214917.7897 rsp42pt34l4qdr12m60no3f1o3 Query : select top 1 bistamp valor from bi inner join bo on bo.bostamp=bi.bostamp where bo.ndos =240 and bo.boano =2050 and bo.obrano = 2405073 and bi.ref ='324.4840.00.1' and bi.lordem =4
20240731@214917.7960 rsp42pt34l4qdr12m60no3f1o3 Query : select top 1 isnull(design,'') valor from st (nolock) left join stobs (nolock) on st.ref = stobs.ref where st.ref = '304.4320.00.1'
20240731@214917.8140 rsp42pt34l4qdr12m60no3f1o3 Query : select top 1 bistamp valor from bi inner join bo on bo.bostamp=bi.bostamp where bo.ndos =240 and bo.boano =2050 and bo.obrano = 2405073 and bi.ref ='304.4320.00.1' and bi.lordem =5
20240731@214917.8465 rsp42pt34l4qdr12m60no3f1o3 Query : select top 1 isnull(design,'') valor from st (nolock) left join stobs (nolock) on st.ref = stobs.ref where st.ref = '304.4320.00.1'
20240731@214917.8498 rsp42pt34l4qdr12m60no3f1o3 Query : select top 1 bistamp valor from bi inner join bo on bo.bostamp=bi.bostamp where bo.ndos =240 and bo.boano =2050 and bo.obrano = 2405073 and bi.ref ='304.4320.00.1' and bi.lordem =5
20240731@214917.8517 rsp42pt34l4qdr12m60no3f1o3 Query : select top 1 isnull(design,'') valor from st (nolock) left join stobs (nolock) on st.ref = stobs.ref where st.ref = '304.4320.00.1'
20240731@214917.8542 rsp42pt34l4qdr12m60no3f1o3 Query : select top 1 bistamp valor from bi inner join bo on bo.bostamp=bi.bostamp where bo.ndos =240 and bo.boano =2050 and bo.obrano = 2405073 and bi.ref ='304.4320.00.1' and bi.lordem =5
20240731@214917.8561 rsp42pt34l4qdr12m60no3f1o3 Query : select top 1 isnull(design,'') valor from st (nolock) left join stobs (nolock) on st.ref = stobs.ref where st.ref = '304.4320.00.1'
20240731@214917.8586 rsp42pt34l4qdr12m60no3f1o3 Query : select top 1 bistamp valor from bi inner join bo on bo.bostamp=bi.bostamp where bo.ndos =240 and bo.boano =2050 and bo.obrano = 2405073 and bi.ref ='304.4320.00.1' and bi.lordem =5
20240731@214917.8607 rsp42pt34l4qdr12m60no3f1o3 Query : select top 1 isnull(design,'') valor from st (nolock) left join stobs (nolock) on st.ref = stobs.ref where st.ref = '304.4320.00.1'
20240731@214917.8634 rsp42pt34l4qdr12m60no3f1o3 Query : select top 1 bistamp valor from bi inner join bo on bo.bostamp=bi.bostamp where bo.ndos =240 and bo.boano =2050 and bo.obrano = 2405073 and bi.ref ='304.4320.00.1' and bi.lordem =5
20240731@214917.8656 rsp42pt34l4qdr12m60no3f1o3 Query : use flama_phc
20240731@214917.8661 rsp42pt34l4qdr12m60no3f1o3 Query : select top 1 convert(date,fdata) valor from ft where ndoc = 39 and anulado= 0 and fno>0 order by fdata desc
20240731@214917.8697 rsp42pt34l4qdr12m60no3f1o3 Query : use flama_phc
20240731@214917.8702 rsp42pt34l4qdr12m60no3f1o3 Query : select top 1 1 valor from td where td.ndoc = 39
20240731@214917.8738 rsp42pt34l4qdr12m60no3f1o3 Query : use flama_phc
20240731@214917.8743 rsp42pt34l4qdr12m60no3f1o3 Query : select lower(descricao) descricao ,case when valor='s' then 1 else 0 end valor from para1 where descricao in ('st_lote','st_usalogifunc', 'st_grelha')
20240731@214917.8779 rsp42pt34l4qdr12m60no3f1o3 Query : select top 1 manternumero ,assinadoc issigned ,tiposaft ,assinaimp ,nmdos ,td.assinadoc ,'cl' origin ,lancasl stocks ,case when cmsl<50 and td.lancasl=1 then 1 else 0 end entrada ,case when cmsl>50 and td.lancasl=1 then 1 else 0 end saida ,temserie assets ,~semgre usegridfields from td inner join td2 on td.tdstamp=td2.td2stamp where td.ndoc = 1
20240731@214917.8831 rsp42pt34l4qdr12m60no3f1o3 Query : use flama_phc
20240731@214917.8835 rsp42pt34l4qdr12m60no3f1o3 Query : select top 1 ~inactivo valor from cl where no = '199510' and estab = 0 order by inactivo desc
20240731@214917.8867 rsp42pt34l4qdr12m60no3f1o3 Query : use flama_phc
20240731@214917.8870 rsp42pt34l4qdr12m60no3f1o3 Query : select top 1 tipodoc,regrd from td where ndoc = 39
20240731@214917.8915 rsp42pt34l4qdr12m60no3f1o3 Query : use flama_phc
20240731@214917.8919 rsp42pt34l4qdr12m60no3f1o3 Query : select szadrsstamp valor from szadrs where szadrsdesc='espaÇotrans,lda'
20240731@214917.8967 rsp42pt34l4qdr12m60no3f1o3 Query : use flama_phc
20240731@214917.8971 rsp42pt34l4qdr12m60no3f1o3 Query : select szadrsstamp valor from szadrs where szadrsdesc='199510 - cdnogueira regedoura'
20240731@214917.9053 rsp42pt34l4qdr12m60no3f1o3 Query : use flama_phc
20240731@214917.9056 rsp42pt34l4qdr12m60no3f1o3 Query : select 1 valor from td where ndoc = 39
20240731@214917.9074 rsp42pt34l4qdr12m60no3f1o3 Query : select top 1 manternumero, tiposaft, nmdos,td.assinadoc from td where td.ndoc = 39
20240731@214917.9105 rsp42pt34l4qdr12m60no3f1o3 Query : select 1 valor from information_schema.tables where table_type='base table' and table_name='wstablefields'
20240731@214917.9126 rsp42pt34l4qdr12m60no3f1o3 Query : select fieldkey,fieldname,fieldtype,mandatory from wstablefields where tablename = 'ft' and documentnumber = 39
20240731@214917.9151 rsp42pt34l4qdr12m60no3f1o3 Query : select 1 valor from information_schema.tables where table_type='base table' and table_name='wstablefields'
20240731@214917.9171 rsp42pt34l4qdr12m60no3f1o3 Query : select fieldkey,fieldname,fieldtype,mandatory from wstablefields where tablename = 'ft2' and documentnumber = 39
20240731@214917.9211 rsp42pt34l4qdr12m60no3f1o3 Query : select 1 valor from information_schema.tables where table_type='base table' and table_name='wstablefields'
20240731@214917.9231 rsp42pt34l4qdr12m60no3f1o3 Query : select fieldkey,fieldname,fieldtype,mandatory from wstablefields where tablename = 'ft3' and documentnumber = 39
20240731@214917.9249 rsp42pt34l4qdr12m60no3f1o3 Query : select top 1 ft.fno valor from ft ft where ft.ndoc = 39 and ftano=2024 order by fno desc
20240731@214917.9325 rsp42pt34l4qdr12m60no3f1o3 Query : select top 1 ft.fno valor from wsftdata ft where ft.ndoc = 39 and ftano=2024 order by fno desc
20240731@214917.9342 rsp42pt34l4qdr12m60no3f1o3 Query : select 1 valor from information_schema.tables where table_type='base table' and table_name='wstablefields'
20240731@214917.9372 rsp42pt34l4qdr12m60no3f1o3 Query : select fieldkey,fieldname,fieldtype,calcformula from wstablefields where tablename = 'ft3' and documentnumber = 39
20240731@214917.9394 rsp42pt34l4qdr12m60no3f1o3 Query : insert into wsft3data (ft3stamp, ousrdata, ousrhora, usrdata,usrhora,ousrinis,usrinis,taxpointdt ) values ('aut66aaa2826666aaa34de1' ,getdate(),convert(char(8),convert (time,getdate())),getdate(),convert(char(8),convert (time,getdate())),'wsv','wsv',?)
20240731@214917.9587 rsp42pt34l4qdr12m60no3f1o3 Query : select 1 valor from information_schema.tables where table_type='base table' and table_name='wstablefields'
20240731@214917.9609 rsp42pt34l4qdr12m60no3f1o3 Query : select fieldkey,fieldname,fieldtype,calcformula from wstablefields where tablename = 'ft2' and documentnumber = 39
20240731@214917.9654 rsp42pt34l4qdr12m60no3f1o3 Query : select top 1 bo.u_nomeenv valor from bo where bo.bostamp=''
20240731@214917.9668 rsp42pt34l4qdr12m60no3f1o3 Query : select top 1 bo.u_moradaen valor from bo where bo.bostamp=''
20240731@214917.9685 rsp42pt34l4qdr12m60no3f1o3 Query : select top 1 bo.u_codposen valor from bo where bo.bostamp=''
20240731@214917.9702 rsp42pt34l4qdr12m60no3f1o3 Query : select top 1 bo.u_localenv valor from bo where bo.bostamp=''
20240731@214917.9717 rsp42pt34l4qdr12m60no3f1o3 Query : select top 1 bo.trab5 valor from bo where bo.bostamp=''
20240731@214917.9733 rsp42pt34l4qdr12m60no3f1o3 Query : select top 1 bo.serie valor from bo where bo.bostamp=''
20240731@214917.9749 rsp42pt34l4qdr12m60no3f1o3 Query : insert into wsft2data (ft2stamp, ousrdata,ousrhora, usrdata,usrhora,ousrinis,usrinis,u_nomeenv ,u_moradaen ,u_codposen ,u_localenv ,u_coddest ,u_codby ) values ('aut66aaa2826666aaa34de1',getdate(),convert(char(8),convert (time,getdate())),getdate(),convert(char(8),convert (time,getdate())),'wsv','wsv',?,?,?,?,?,?)
20240731@214918.4630 rsp42pt34l4qdr12m60no3f1o3 Query : select top 1 fno valor from wsftdata order by fno desc
20240731@214918.9610 rsp42pt34l4qdr12m60no3f1o3 Query : select 1 valor from information_schema.tables where table_type='base table' and table_name='wstablefields'
20240731@214918.1016 rsp42pt34l4qdr12m60no3f1o3 Query : select fieldkey,fieldname,fieldtype,calcformula from wstablefields where tablename = 'ft' and documentnumber = 39
20240731@214918.1043 rsp42pt34l4qdr12m60no3f1o3 Query : select 'normal' from dummy
20240731@214918.1061 rsp42pt34l4qdr12m60no3f1o3 Query : insert into wsftdata (ftstamp, ousrdata,ousrhora, usrdata,usrhora,ousrinis,usrinis,fno,no,estab,fdata,ndoc,moeda,cambio,cambiofixo,ftano,site ,classe ) values ('aut66aaa2826666aaa34de1',getdate(),convert(char(8),convert (time,getdate())),getdate(),convert(char(8),convert (time,getdate())),'wsv','wsv',117,199510,0,'2024-07-31',39,'euro',0,0,2024 ,?,?)
20240731@214918.2275 rsp42pt34l4qdr12m60no3f1o3 Query : use flama_phc
20240731@214918.3313 rsp42pt34l4qdr12m60no3f1o3 Query : select st.usalote valor from st where st.ref = '324.2224.00.1'
20240731@214918.3349 rsp42pt34l4qdr12m60no3f1o3 Query : select top 1 st.tabiva ,st.ivaincl ,st.stns ,st.uni2 ,st.familia ,isnull(tx.taxa, 0) txiva ,unidade ,usalote ,epcpond ,noserie ,conversao ,st.texteis from st left join taxasiva tx on st.tabiva = tx.codigo where st.ref = '324.2224.00.1'
20240731@214918.3364 rsp42pt34l4qdr12m60no3f1o3 Query : select 1 valor from information_schema.tables where table_type='base table' and table_name='wstablefields'
20240731@214918.3394 rsp42pt34l4qdr12m60no3f1o3 Query : select fieldkey,fieldname,fieldtype,mandatory from wstablefields where tablename = 'fi' and documentnumber = 39
20240731@214918.3421 rsp42pt34l4qdr12m60no3f1o3 Query : select 1 valor from information_schema.tables where table_type='base table' and table_name='wstablefields'
20240731@214918.3437 rsp42pt34l4qdr12m60no3f1o3 Query : select fieldkey,fieldname,fieldtype,mandatory from wstablefields where tablename = 'fi2' and documentnumber = 39
20240731@214918.3446 rsp42pt34l4qdr12m60no3f1o3 Query : select top 1 convert(numeric(6,2),t.taxa) valor from taxasiva t where t.codigo='2'
20240731@214918.3461 rsp42pt34l4qdr12m60no3f1o3 Query : select sestamp valor from se where ref ='324.2224.00.1' and lote = 'r2301281600a'
20240731@214918.3475 rsp42pt34l4qdr12m60no3f1o3 Query : select 1 valor from information_schema.tables where table_type='base table' and table_name='wstablefields'
20240731@214918.3491 rsp42pt34l4qdr12m60no3f1o3 Query : select fieldkey,fieldname,fieldtype,calcformula from wstablefields where tablename = 'fi2' and documentnumber = 39
20240731@214918.3504 rsp42pt34l4qdr12m60no3f1o3 Query : insert into wsfi2data (fi2stamp,ftstamp ,ousrdata, ousrhora, usrdata,usrhora,ousrinis,usrinis) values ('aut66aaa0425066aaa34e54','aut66aaa2826666aaa34de1' ,getdate(),convert(char(8),convert (time,getdate())),getdate(),convert(char(8),convert (time,getdate())),'wsv','wsv')
20240731@214918.3509 rsp42pt34l4qdr12m60no3f1o3 Query : select 1 valor from information_schema.tables where table_type='base table' and table_name='wstablefields'
20240731@214918.3524 rsp42pt34l4qdr12m60no3f1o3 Query : select fieldkey,fieldname,fieldtype,calcformula from wstablefields where tablename = 'fi' and documentnumber = 39
20240731@214918.3553 rsp42pt34l4qdr12m60no3f1o3 Query : insert into wsfidata (fistamp,ousrdata, ousrhora, usrdata,usrhora,ousrinis,usrinis ,qtt ,ftstamp ,epv,pvmoeda ,tabiva,iva,lordem ,ref, design ,lote,armazem,bistamp ) values ('aut66aaa0425066aaa34e54',getdate(),convert(char(8),convert (time,getdate())),getdate(),convert(char(8),convert (time,getdate())),'wsv','wsv',44.000 ,'aut66aaa2826666aaa34de1' ,0,0 ,2,23.00,10000,?,?,?,?,?)
20240731@214918.3926 rsp42pt34l4qdr12m60no3f1o3 Query : use flama_phc
20240731@214918.3935 rsp42pt34l4qdr12m60no3f1o3 Query : select st.usalote valor from st where st.ref = '324.2224.00.1'
20240731@214918.3990 rsp42pt34l4qdr12m60no3f1o3 Query : select top 1 st.tabiva ,st.ivaincl ,st.stns ,st.uni2 ,st.familia ,isnull(tx.taxa, 0) txiva ,unidade ,usalote ,epcpond ,noserie ,conversao ,st.texteis from st left join taxasiva tx on st.tabiva = tx.codigo where st.ref = '324.2224.00.1'
20240731@214918.4040 rsp42pt34l4qdr12m60no3f1o3 Query : select 1 valor from information_schema.tables where table_type='base table' and table_name='wstablefields'
20240731@214918.4078 rsp42pt34l4qdr12m60no3f1o3 Query : select fieldkey,fieldname,fieldtype,mandatory from wstablefields where tablename = 'fi' and documentnumber = 39
20240731@214918.4183 rsp42pt34l4qdr12m60no3f1o3 Query : select 1 valor from information_schema.tables where table_type='base table' and table_name='wstablefields'
20240731@214918.4278 rsp42pt34l4qdr12m60no3f1o3 Query : select fieldkey,fieldname,fieldtype,mandatory from wstablefields where tablename = 'fi2' and documentnumber = 39
20240731@214918.4346 rsp42pt34l4qdr12m60no3f1o3 Query : select top 1 convert(numeric(6,2),t.taxa) valor from taxasiva t where t.codigo='2'
20240731@214918.4411 rsp42pt34l4qdr12m60no3f1o3 Query : select sestamp valor from se where ref ='324.2224.00.1' and lote = 'r2301280100a'
20240731@214918.4467 rsp42pt34l4qdr12m60no3f1o3 Query : select 1 valor from information_schema.tables where table_type='base table' and table_name='wstablefields'
20240731@214918.4488 rsp42pt34l4qdr12m60no3f1o3 Query : select fieldkey,fieldname,fieldtype,calcformula from wstablefields where tablename = 'fi2' and documentnumber = 39
20240731@214918.4499 rsp42pt34l4qdr12m60no3f1o3 Query : insert into wsfi2data (fi2stamp,ftstamp ,ousrdata, ousrhora, usrdata,usrhora,ousrinis,usrinis) values ('aut66aaa5461566aaa34e6d','aut66aaa2826666aaa34de1' ,getdate(),convert(char(8),convert (time,getdate())),getdate(),convert(char(8),convert (time,getdate())),'wsv','wsv')
20240731@214918.4503 rsp42pt34l4qdr12m60no3f1o3 Query : select 1 valor from information_schema.tables where table_type='base table' and table_name='wstablefields'
20240731@214918.4539 rsp42pt34l4qdr12m60no3f1o3 Query : select fieldkey,fieldname,fieldtype,calcformula from wstablefields where tablename = 'fi' and documentnumber = 39
20240731@214918.4569 rsp42pt34l4qdr12m60no3f1o3 Query : insert into wsfidata (fistamp,ousrdata, ousrhora, usrdata,usrhora,ousrinis,usrinis ,qtt ,ftstamp ,epv,pvmoeda ,tabiva,iva,lordem ,ref, design ,lote,armazem,bistamp ) values ('aut66aaa5461566aaa34e6d',getdate(),convert(char(8),convert (time,getdate())),getdate(),convert(char(8),convert (time,getdate())),'wsv','wsv',4.000 ,'aut66aaa2826666aaa34de1' ,0,0 ,2,23.00,20000,?,?,?,?,?)
20240731@214918.4839 rsp42pt34l4qdr12m60no3f1o3 Query : use flama_phc
20240731@214918.4842 rsp42pt34l4qdr12m60no3f1o3 Query : select st.usalote valor from st where st.ref = '324.2224.00.1'
20240731@214918.5007 rsp42pt34l4qdr12m60no3f1o3 Query : select top 1 st.tabiva ,st.ivaincl ,st.stns ,st.uni2 ,st.familia ,isnull(tx.taxa, 0) txiva ,unidade ,usalote ,epcpond ,noserie ,conversao ,st.texteis from st left join taxasiva tx on st.tabiva = tx.codigo where st.ref = '324.2224.00.1'
20240731@214918.5024 rsp42pt34l4qdr12m60no3f1o3 Query : select 1 valor from information_schema.tables where table_type='base table' and table_name='wstablefields'
20240731@214918.5039 rsp42pt34l4qdr12m60no3f1o3 Query : select fieldkey,fieldname,fieldtype,mandatory from wstablefields where tablename = 'fi' and documentnumber = 39
20240731@214918.5068 rsp42pt34l4qdr12m60no3f1o3 Query : select 1 valor from information_schema.tables where table_type='base table' and table_name='wstablefields'
20240731@214918.5084 rsp42pt34l4qdr12m60no3f1o3 Query : select fieldkey,fieldname,fieldtype,mandatory from wstablefields where tablename = 'fi2' and documentnumber = 39
20240731@214918.5093 rsp42pt34l4qdr12m60no3f1o3 Query : select top 1 convert(numeric(6,2),t.taxa) valor from taxasiva t where t.codigo='2'
20240731@214918.5107 rsp42pt34l4qdr12m60no3f1o3 Query : select sestamp valor from se where ref ='324.2224.00.1' and lote = 'r2301280100a'
20240731@214918.5121 rsp42pt34l4qdr12m60no3f1o3 Query : select 1 valor from information_schema.tables where table_type='base table' and table_name='wstablefields'
20240731@214918.5135 rsp42pt34l4qdr12m60no3f1o3 Query : select fieldkey,fieldname,fieldtype,calcformula from wstablefields where tablename = 'fi2' and documentnumber = 39
20240731@214918.5151 rsp42pt34l4qdr12m60no3f1o3 Query : insert into wsfi2data (fi2stamp,ftstamp ,ousrdata, ousrhora, usrdata,usrhora,ousrinis,usrinis) values ('aut66aaa6559266aaa34e7d','aut66aaa2826666aaa34de1' ,getdate(),convert(char(8),convert (time,getdate())),getdate(),convert(char(8),convert (time,getdate())),'wsv','wsv')
20240731@214918.5156 rsp42pt34l4qdr12m60no3f1o3 Query : select 1 valor from information_schema.tables where table_type='base table' and table_name='wstablefields'
20240731@214918.5170 rsp42pt34l4qdr12m60no3f1o3 Query : select fieldkey,fieldname,fieldtype,calcformula from wstablefields where tablename = 'fi' and documentnumber = 39
20240731@214918.5201 rsp42pt34l4qdr12m60no3f1o3 Query : insert into wsfidata (fistamp,ousrdata, ousrhora, usrdata,usrhora,ousrinis,usrinis ,qtt ,ftstamp ,epv,pvmoeda ,tabiva,iva,lordem ,ref, design ,lote,armazem,bistamp ) values ('aut66aaa6559266aaa34e7d',getdate(),convert(char(8),convert (time,getdate())),getdate(),convert(char(8),convert (time,getdate())),'wsv','wsv',12.000 ,'aut66aaa2826666aaa34de1' ,0,0 ,2,23.00,30000,?,?,?,?,?)
20240731@214918.5463 rsp42pt34l4qdr12m60no3f1o3 Query : use flama_phc
20240731@214918.5466 rsp42pt34l4qdr12m60no3f1o3 Query : select st.usalote valor from st where st.ref = '324.2223.00.1'
20240731@214918.5488 rsp42pt34l4qdr12m60no3f1o3 Query : select top 1 st.tabiva ,st.ivaincl ,st.stns ,st.uni2 ,st.familia ,isnull(tx.taxa, 0) txiva ,unidade ,usalote ,epcpond ,noserie ,conversao ,st.texteis from st left join taxasiva tx on st.tabiva = tx.codigo where st.ref = '324.2223.00.1'
20240731@214918.5654 rsp42pt34l4qdr12m60no3f1o3 Query : select 1 valor from information_schema.tables where table_type='base table' and table_name='wstablefields'
20240731@214918.5670 rsp42pt34l4qdr12m60no3f1o3 Query : select fieldkey,fieldname,fieldtype,mandatory from wstablefields where tablename = 'fi' and documentnumber = 39
20240731@214918.5704 rsp42pt34l4qdr12m60no3f1o3 Query : select 1 valor from information_schema.tables where table_type='base table' and table_name='wstablefields'
20240731@214918.5719 rsp42pt34l4qdr12m60no3f1o3 Query : select fieldkey,fieldname,fieldtype,mandatory from wstablefields where tablename = 'fi2' and documentnumber = 39
20240731@214918.5728 rsp42pt34l4qdr12m60no3f1o3 Query : select top 1 convert(numeric(6,2),t.taxa) valor from taxasiva t where t.codigo='2'
20240731@214918.5741 rsp42pt34l4qdr12m60no3f1o3 Query : select sestamp valor from se where ref ='324.2223.00.1' and lote = 'r2301281500a'
20240731@214918.5757 rsp42pt34l4qdr12m60no3f1o3 Query : select 1 valor from information_schema.tables where table_type='base table' and table_name='wstablefields'
20240731@214918.5773 rsp42pt34l4qdr12m60no3f1o3 Query : select fieldkey,fieldname,fieldtype,calcformula from wstablefields where tablename = 'fi2' and documentnumber = 39
20240731@214918.5787 rsp42pt34l4qdr12m60no3f1o3 Query : insert into wsfi2data (fi2stamp,ftstamp ,ousrdata, ousrhora, usrdata,usrhora,ousrinis,usrinis) values ('aut66aaa3625566aaa34e8c','aut66aaa2826666aaa34de1' ,getdate(),convert(char(8),convert (time,getdate())),getdate(),convert(char(8),convert (time,getdate())),'wsv','wsv')
20240731@214918.5791 rsp42pt34l4qdr12m60no3f1o3 Query : select 1 valor from information_schema.tables where table_type='base table' and table_name='wstablefields'
20240731@214918.5808 rsp42pt34l4qdr12m60no3f1o3 Query : select fieldkey,fieldname,fieldtype,calcformula from wstablefields where tablename = 'fi' and documentnumber = 39
20240731@214918.5842 rsp42pt34l4qdr12m60no3f1o3 Query : insert into wsfidata (fistamp,ousrdata, ousrhora, usrdata,usrhora,ousrinis,usrinis ,qtt ,ftstamp ,epv,pvmoeda ,tabiva,iva,lordem ,ref, design ,lote,armazem,bistamp ) values ('aut66aaa3625566aaa34e8c',getdate(),convert(char(8),convert (time,getdate())),getdate(),convert(char(8),convert (time,getdate())),'wsv','wsv',16.000 ,'aut66aaa2826666aaa34de1' ,0,0 ,2,23.00,40000,?,?,?,?,?)
20240731@214918.6129 rsp42pt34l4qdr12m60no3f1o3 Query : use flama_phc
20240731@214918.6133 rsp42pt34l4qdr12m60no3f1o3 Query : select st.usalote valor from st where st.ref = '324.2222.00.1'
20240731@214918.6155 rsp42pt34l4qdr12m60no3f1o3 Query : select top 1 st.tabiva ,st.ivaincl ,st.stns ,st.uni2 ,st.familia ,isnull(tx.taxa, 0) txiva ,unidade ,usalote ,epcpond ,noserie ,conversao ,st.texteis from st left join taxasiva tx on st.tabiva = tx.codigo where st.ref = '324.2222.00.1'
20240731@214918.6375 rsp42pt34l4qdr12m60no3f1o3 Query : select 1 valor from information_schema.tables where table_type='base table' and table_name='wstablefields'
20240731@214918.6391 rsp42pt34l4qdr12m60no3f1o3 Query : select fieldkey,fieldname,fieldtype,mandatory from wstablefields where tablename = 'fi' and documentnumber = 39
20240731@214918.6419 rsp42pt34l4qdr12m60no3f1o3 Query : select 1 valor from information_schema.tables where table_type='base table' and table_name='wstablefields'
20240731@214918.6433 rsp42pt34l4qdr12m60no3f1o3 Query : select fieldkey,fieldname,fieldtype,mandatory from wstablefields where tablename = 'fi2' and documentnumber = 39
20240731@214918.6442 rsp42pt34l4qdr12m60no3f1o3 Query : select top 1 convert(numeric(6,2),t.taxa) valor from taxasiva t where t.codigo='2'
20240731@214918.6455 rsp42pt34l4qdr12m60no3f1o3 Query : select sestamp valor from se where ref ='324.2222.00.1' and lote = 'r2301281400a'
20240731@214918.6469 rsp42pt34l4qdr12m60no3f1o3 Query : select 1 valor from information_schema.tables where table_type='base table' and table_name='wstablefields'
20240731@214918.6483 rsp42pt34l4qdr12m60no3f1o3 Query : select fieldkey,fieldname,fieldtype,calcformula from wstablefields where tablename = 'fi2' and documentnumber = 39
20240731@214918.6495 rsp42pt34l4qdr12m60no3f1o3 Query : insert into wsfi2data (fi2stamp,ftstamp ,ousrdata, ousrhora, usrdata,usrhora,ousrinis,usrinis) values ('aut66aaa2873966aaa34e9d','aut66aaa2826666aaa34de1' ,getdate(),convert(char(8),convert (time,getdate())),getdate(),convert(char(8),convert (time,getdate())),'wsv','wsv')
20240731@214918.6499 rsp42pt34l4qdr12m60no3f1o3 Query : select 1 valor from information_schema.tables where table_type='base table' and table_name='wstablefields'
20240731@214918.6514 rsp42pt34l4qdr12m60no3f1o3 Query : select fieldkey,fieldname,fieldtype,calcformula from wstablefields where tablename = 'fi' and documentnumber = 39
20240731@214918.6542 rsp42pt34l4qdr12m60no3f1o3 Query : insert into wsfidata (fistamp,ousrdata, ousrhora, usrdata,usrhora,ousrinis,usrinis ,qtt ,ftstamp ,epv,pvmoeda ,tabiva,iva,lordem ,ref, design ,lote,armazem,bistamp ) values ('aut66aaa2873966aaa34e9d',getdate(),convert(char(8),convert (time,getdate())),getdate(),convert(char(8),convert (time,getdate())),'wsv','wsv',16.000 ,'aut66aaa2826666aaa34de1' ,0,0 ,2,23.00,50000,?,?,?,?,?)
20240731@214918.6869 rsp42pt34l4qdr12m60no3f1o3 Query : use flama_phc
20240731@214918.6872 rsp42pt34l4qdr12m60no3f1o3 Query : select st.usalote valor from st where st.ref = '324.4840.00.1'
20240731@214918.6894 rsp42pt34l4qdr12m60no3f1o3 Query : select top 1 st.tabiva ,st.ivaincl ,st.stns ,st.uni2 ,st.familia ,isnull(tx.taxa, 0) txiva ,unidade ,usalote ,epcpond ,noserie ,conversao ,st.texteis from st left join taxasiva tx on st.tabiva = tx.codigo where st.ref = '324.4840.00.1'
20240731@214918.7047 rsp42pt34l4qdr12m60no3f1o3 Query : select 1 valor from information_schema.tables where table_type='base table' and table_name='wstablefields'
20240731@214918.7064 rsp42pt34l4qdr12m60no3f1o3 Query : select fieldkey,fieldname,fieldtype,mandatory from wstablefields where tablename = 'fi' and documentnumber = 39
20240731@214918.7093 rsp42pt34l4qdr12m60no3f1o3 Query : select 1 valor from information_schema.tables where table_type='base table' and table_name='wstablefields'
20240731@214918.7109 rsp42pt34l4qdr12m60no3f1o3 Query : select fieldkey,fieldname,fieldtype,mandatory from wstablefields where tablename = 'fi2' and documentnumber = 39
20240731@214918.7119 rsp42pt34l4qdr12m60no3f1o3 Query : select top 1 convert(numeric(6,2),t.taxa) valor from taxasiva t where t.codigo='2'
20240731@214918.7132 rsp42pt34l4qdr12m60no3f1o3 Query : select sestamp valor from se where ref ='324.4840.00.1' and lote = 'r2400064200a'
20240731@214918.7158 rsp42pt34l4qdr12m60no3f1o3 Query : select 1 valor from information_schema.tables where table_type='base table' and table_name='wstablefields'
20240731@214918.7174 rsp42pt34l4qdr12m60no3f1o3 Query : select fieldkey,fieldname,fieldtype,calcformula from wstablefields where tablename = 'fi2' and documentnumber = 39
20240731@214918.7187 rsp42pt34l4qdr12m60no3f1o3 Query : insert into wsfi2data (fi2stamp,ftstamp ,ousrdata, ousrhora, usrdata,usrhora,ousrinis,usrinis) values ('aut66aaa4073566aaa34eae','aut66aaa2826666aaa34de1' ,getdate(),convert(char(8),convert (time,getdate())),getdate(),convert(char(8),convert (time,getdate())),'wsv','wsv')
20240731@214918.7192 rsp42pt34l4qdr12m60no3f1o3 Query : select 1 valor from information_schema.tables where table_type='base table' and table_name='wstablefields'
20240731@214918.7210 rsp42pt34l4qdr12m60no3f1o3 Query : select fieldkey,fieldname,fieldtype,calcformula from wstablefields where tablename = 'fi' and documentnumber = 39
20240731@214918.7243 rsp42pt34l4qdr12m60no3f1o3 Query : insert into wsfidata (fistamp,ousrdata, ousrhora, usrdata,usrhora,ousrinis,usrinis ,qtt ,ftstamp ,epv,pvmoeda ,tabiva,iva,lordem ,ref, design ,lote,armazem,bistamp ) values ('aut66aaa4073566aaa34eae',getdate(),convert(char(8),convert (time,getdate())),getdate(),convert(char(8),convert (time,getdate())),'wsv','wsv',24.000 ,'aut66aaa2826666aaa34de1' ,0,0 ,2,23.00,60000,?,?,?,?,?)
20240731@214918.7518 rsp42pt34l4qdr12m60no3f1o3 Query : use flama_phc
20240731@214918.7522 rsp42pt34l4qdr12m60no3f1o3 Query : select st.usalote valor from st where st.ref = '324.4840.00.1'
20240731@214918.7546 rsp42pt34l4qdr12m60no3f1o3 Query : select top 1 st.tabiva ,st.ivaincl ,st.stns ,st.uni2 ,st.familia ,isnull(tx.taxa, 0) txiva ,unidade ,usalote ,epcpond ,noserie ,conversao ,st.texteis from st left join taxasiva tx on st.tabiva = tx.codigo where st.ref = '324.4840.00.1'
20240731@214918.7563 rsp42pt34l4qdr12m60no3f1o3 Query : select 1 valor from information_schema.tables where table_type='base table' and table_name='wstablefields'
20240731@214918.7581 rsp42pt34l4qdr12m60no3f1o3 Query : select fieldkey,fieldname,fieldtype,mandatory from wstablefields where tablename = 'fi' and documentnumber = 39
20240731@214918.7610 rsp42pt34l4qdr12m60no3f1o3 Query : select 1 valor from information_schema.tables where table_type='base table' and table_name='wstablefields'
20240731@214918.7626 rsp42pt34l4qdr12m60no3f1o3 Query : select fieldkey,fieldname,fieldtype,mandatory from wstablefields where tablename = 'fi2' and documentnumber = 39
20240731@214918.7635 rsp42pt34l4qdr12m60no3f1o3 Query : select top 1 convert(numeric(6,2),t.taxa) valor from taxasiva t where t.codigo='2'
20240731@214918.7652 rsp42pt34l4qdr12m60no3f1o3 Query : select sestamp valor from se where ref ='324.4840.00.1' and lote = 'r2400064200a'
20240731@214918.7668 rsp42pt34l4qdr12m60no3f1o3 Query : select 1 valor from information_schema.tables where table_type='base table' and table_name='wstablefields'
20240731@214918.7685 rsp42pt34l4qdr12m60no3f1o3 Query : select fieldkey,fieldname,fieldtype,calcformula from wstablefields where tablename = 'fi2' and documentnumber = 39
20240731@214918.7699 rsp42pt34l4qdr12m60no3f1o3 Query : insert into wsfi2data (fi2stamp,ftstamp ,ousrdata, ousrhora, usrdata,usrhora,ousrinis,usrinis) values ('aut66aaa9972566aaa34ebb','aut66aaa2826666aaa34de1' ,getdate(),convert(char(8),convert (time,getdate())),getdate(),convert(char(8),convert (time,getdate())),'wsv','wsv')
20240731@214918.7704 rsp42pt34l4qdr12m60no3f1o3 Query : select 1 valor from information_schema.tables where table_type='base table' and table_name='wstablefields'
20240731@214918.7723 rsp42pt34l4qdr12m60no3f1o3 Query : select fieldkey,fieldname,fieldtype,calcformula from wstablefields where tablename = 'fi' and documentnumber = 39
20240731@214918.7756 rsp42pt34l4qdr12m60no3f1o3 Query : insert into wsfidata (fistamp,ousrdata, ousrhora, usrdata,usrhora,ousrinis,usrinis ,qtt ,ftstamp ,epv,pvmoeda ,tabiva,iva,lordem ,ref, design ,lote,armazem,bistamp ) values ('aut66aaa9972566aaa34ebb',getdate(),convert(char(8),convert (time,getdate())),getdate(),convert(char(8),convert (time,getdate())),'wsv','wsv',6.000 ,'aut66aaa2826666aaa34de1' ,0,0 ,2,23.00,70000,?,?,?,?,?)
20240731@214918.8034 rsp42pt34l4qdr12m60no3f1o3 Query : use flama_phc
20240731@214918.8038 rsp42pt34l4qdr12m60no3f1o3 Query : select st.usalote valor from st where st.ref = '304.4320.00.1'
20240731@214918.8062 rsp42pt34l4qdr12m60no3f1o3 Query : select top 1 st.tabiva ,st.ivaincl ,st.stns ,st.uni2 ,st.familia ,isnull(tx.taxa, 0) txiva ,unidade ,usalote ,epcpond ,noserie ,conversao ,st.texteis from st left join taxasiva tx on st.tabiva = tx.codigo where st.ref = '304.4320.00.1'
20240731@214918.8213 rsp42pt34l4qdr12m60no3f1o3 Query : select 1 valor from information_schema.tables where table_type='base table' and table_name='wstablefields'
20240731@214918.8237 rsp42pt34l4qdr12m60no3f1o3 Query : select fieldkey,fieldname,fieldtype,mandatory from wstablefields where tablename = 'fi' and documentnumber = 39
20240731@214918.8329 rsp42pt34l4qdr12m60no3f1o3 Query : select 1 valor from information_schema.tables where table_type='base table' and table_name='wstablefields'
20240731@214918.8348 rsp42pt34l4qdr12m60no3f1o3 Query : select fieldkey,fieldname,fieldtype,mandatory from wstablefields where tablename = 'fi2' and documentnumber = 39
20240731@214918.8358 rsp42pt34l4qdr12m60no3f1o3 Query : select top 1 convert(numeric(6,2),t.taxa) valor from taxasiva t where t.codigo='2'
20240731@214918.8371 rsp42pt34l4qdr12m60no3f1o3 Query : select sestamp valor from se where ref ='304.4320.00.1' and lote = '240897'
20240731@214918.8402 rsp42pt34l4qdr12m60no3f1o3 Query : select 1 valor from information_schema.tables where table_type='base table' and table_name='wstablefields'
20240731@214918.8420 rsp42pt34l4qdr12m60no3f1o3 Query : select fieldkey,fieldname,fieldtype,calcformula from wstablefields where tablename = 'fi2' and documentnumber = 39
20240731@214918.8433 rsp42pt34l4qdr12m60no3f1o3 Query : insert into wsfi2data (fi2stamp,ftstamp ,ousrdata, ousrhora, usrdata,usrhora,ousrinis,usrinis) values ('aut66aaa8175866aaa34ecd','aut66aaa2826666aaa34de1' ,getdate(),convert(char(8),convert (time,getdate())),getdate(),convert(char(8),convert (time,getdate())),'wsv','wsv')
20240731@214918.8438 rsp42pt34l4qdr12m60no3f1o3 Query : select 1 valor from information_schema.tables where table_type='base table' and table_name='wstablefields'
20240731@214918.8454 rsp42pt34l4qdr12m60no3f1o3 Query : select fieldkey,fieldname,fieldtype,calcformula from wstablefields where tablename = 'fi' and documentnumber = 39
20240731@214918.8485 rsp42pt34l4qdr12m60no3f1o3 Query : insert into wsfidata (fistamp,ousrdata, ousrhora, usrdata,usrhora,ousrinis,usrinis ,qtt ,ftstamp ,epv,pvmoeda ,tabiva,iva,lordem ,ref, design ,lote,armazem,bistamp ) values ('aut66aaa8175866aaa34ecd',getdate(),convert(char(8),convert (time,getdate())),getdate(),convert(char(8),convert (time,getdate())),'wsv','wsv',8.000 ,'aut66aaa2826666aaa34de1' ,0,0 ,2,23.00,80000,?,?,?,?,?)
20240731@214918.8756 rsp42pt34l4qdr12m60no3f1o3 Query : use flama_phc
20240731@214918.8759 rsp42pt34l4qdr12m60no3f1o3 Query : select st.usalote valor from st where st.ref = '304.4320.00.1'
20240731@214918.8780 rsp42pt34l4qdr12m60no3f1o3 Query : select top 1 st.tabiva ,st.ivaincl ,st.stns ,st.uni2 ,st.familia ,isnull(tx.taxa, 0) txiva ,unidade ,usalote ,epcpond ,noserie ,conversao ,st.texteis from st left join taxasiva tx on st.tabiva = tx.codigo where st.ref = '304.4320.00.1'
20240731@214918.8796 rsp42pt34l4qdr12m60no3f1o3 Query : select 1 valor from information_schema.tables where table_type='base table' and table_name='wstablefields'
20240731@214918.8815 rsp42pt34l4qdr12m60no3f1o3 Query : select fieldkey,fieldname,fieldtype,mandatory from wstablefields where tablename = 'fi' and documentnumber = 39
20240731@214918.8843 rsp42pt34l4qdr12m60no3f1o3 Query : select 1 valor from information_schema.tables where table_type='base table' and table_name='wstablefields'
20240731@214918.8908 rsp42pt34l4qdr12m60no3f1o3 Query : select fieldkey,fieldname,fieldtype,mandatory from wstablefields where tablename = 'fi2' and documentnumber = 39
20240731@214918.8918 rsp42pt34l4qdr12m60no3f1o3 Query : select top 1 convert(numeric(6,2),t.taxa) valor from taxasiva t where t.codigo='2'
20240731@214918.8932 rsp42pt34l4qdr12m60no3f1o3 Query : select sestamp valor from se where ref ='304.4320.00.1' and lote = '240897'
20240731@214918.8948 rsp42pt34l4qdr12m60no3f1o3 Query : select 1 valor from information_schema.tables where table_type='base table' and table_name='wstablefields'
20240731@214918.8966 rsp42pt34l4qdr12m60no3f1o3 Query : select fieldkey,fieldname,fieldtype,calcformula from wstablefields where tablename = 'fi2' and documentnumber = 39
20240731@214918.8978 rsp42pt34l4qdr12m60no3f1o3 Query : insert into wsfi2data (fi2stamp,ftstamp ,ousrdata, ousrhora, usrdata,usrhora,ousrinis,usrinis) values ('aut66aaa5390666aaa34eda','aut66aaa2826666aaa34de1' ,getdate(),convert(char(8),convert (time,getdate())),getdate(),convert(char(8),convert (time,getdate())),'wsv','wsv')
20240731@214918.8983 rsp42pt34l4qdr12m60no3f1o3 Query : select 1 valor from information_schema.tables where table_type='base table' and table_name='wstablefields'
20240731@214918.9006 rsp42pt34l4qdr12m60no3f1o3 Query : select fieldkey,fieldname,fieldtype,calcformula from wstablefields where tablename = 'fi' and documentnumber = 39
20240731@214918.9038 rsp42pt34l4qdr12m60no3f1o3 Query : insert into wsfidata (fistamp,ousrdata, ousrhora, usrdata,usrhora,ousrinis,usrinis ,qtt ,ftstamp ,epv,pvmoeda ,tabiva,iva,lordem ,ref, design ,lote,armazem,bistamp ) values ('aut66aaa5390666aaa34eda',getdate(),convert(char(8),convert (time,getdate())),getdate(),convert(char(8),convert (time,getdate())),'wsv','wsv',52.000 ,'aut66aaa2826666aaa34de1' ,0,0 ,2,23.00,90000,?,?,?,?,?)
20240731@214918.9320 rsp42pt34l4qdr12m60no3f1o3 Query : use flama_phc
20240731@214918.9323 rsp42pt34l4qdr12m60no3f1o3 Query : select st.usalote valor from st where st.ref = '304.4320.00.1'
20240731@214918.9345 rsp42pt34l4qdr12m60no3f1o3 Query : select top 1 st.tabiva ,st.ivaincl ,st.stns ,st.uni2 ,st.familia ,isnull(tx.taxa, 0) txiva ,unidade ,usalote ,epcpond ,noserie ,conversao ,st.texteis from st left join taxasiva tx on st.tabiva = tx.codigo where st.ref = '304.4320.00.1'
20240731@214918.9359 rsp42pt34l4qdr12m60no3f1o3 Query : select 1 valor from information_schema.tables where table_type='base table' and table_name='wstablefields'
20240731@214918.9377 rsp42pt34l4qdr12m60no3f1o3 Query : select fieldkey,fieldname,fieldtype,mandatory from wstablefields where tablename = 'fi' and documentnumber = 39
20240731@214918.9406 rsp42pt34l4qdr12m60no3f1o3 Query : select 1 valor from information_schema.tables where table_type='base table' and table_name='wstablefields'
20240731@214918.9422 rsp42pt34l4qdr12m60no3f1o3 Query : select fieldkey,fieldname,fieldtype,mandatory from wstablefields where tablename = 'fi2' and documentnumber = 39
20240731@214918.9431 rsp42pt34l4qdr12m60no3f1o3 Query : select top 1 convert(numeric(6,2),t.taxa) valor from taxasiva t where t.codigo='2'
20240731@214918.9446 rsp42pt34l4qdr12m60no3f1o3 Query : select sestamp valor from se where ref ='304.4320.00.1' and lote = '240897'
20240731@214918.9462 rsp42pt34l4qdr12m60no3f1o3 Query : select 1 valor from information_schema.tables where table_type='base table' and table_name='wstablefields'
20240731@214918.9478 rsp42pt34l4qdr12m60no3f1o3 Query : select fieldkey,fieldname,fieldtype,calcformula from wstablefields where tablename = 'fi2' and documentnumber = 39
20240731@214918.9492 rsp42pt34l4qdr12m60no3f1o3 Query : insert into wsfi2data (fi2stamp,ftstamp ,ousrdata, ousrhora, usrdata,usrhora,ousrinis,usrinis) values ('aut66aaa3190266aaa34ee7','aut66aaa2826666aaa34de1' ,getdate(),convert(char(8),convert (time,getdate())),getdate(),convert(char(8),convert (time,getdate())),'wsv','wsv')
20240731@214918.9496 rsp42pt34l4qdr12m60no3f1o3 Query : select 1 valor from information_schema.tables where table_type='base table' and table_name='wstablefields'
20240731@214918.9512 rsp42pt34l4qdr12m60no3f1o3 Query : select fieldkey,fieldname,fieldtype,calcformula from wstablefields where tablename = 'fi' and documentnumber = 39
20240731@214918.9545 rsp42pt34l4qdr12m60no3f1o3 Query : insert into wsfidata (fistamp,ousrdata, ousrhora, usrdata,usrhora,ousrinis,usrinis ,qtt ,ftstamp ,epv,pvmoeda ,tabiva,iva,lordem ,ref, design ,lote,armazem,bistamp ) values ('aut66aaa3190266aaa34ee7',getdate(),convert(char(8),convert (time,getdate())),getdate(),convert(char(8),convert (time,getdate())),'wsv','wsv',80.000 ,'aut66aaa2826666aaa34de1' ,0,0 ,2,23.00,100000,?,?,?,?,?)
20240731@214918.9859 rsp42pt34l4qdr12m60no3f1o3 Query : use flama_phc
20240731@214918.9863 rsp42pt34l4qdr12m60no3f1o3 Query : select st.usalote valor from st where st.ref = '304.4320.00.1'
20240731@214918.9890 rsp42pt34l4qdr12m60no3f1o3 Query : select top 1 st.tabiva ,st.ivaincl ,st.stns ,st.uni2 ,st.familia ,isnull(tx.taxa, 0) txiva ,unidade ,usalote ,epcpond ,noserie ,conversao ,st.texteis from st left join taxasiva tx on st.tabiva = tx.codigo where st.ref = '304.4320.00.1'
20240731@214918.9908 rsp42pt34l4qdr12m60no3f1o3 Query : select 1 valor from information_schema.tables where table_type='base table' and table_name='wstablefields'
20240731@214918.9927 rsp42pt34l4qdr12m60no3f1o3 Query : select fieldkey,fieldname,fieldtype,mandatory from wstablefields where tablename = 'fi' and documentnumber = 39
20240731@214918.9956 rsp42pt34l4qdr12m60no3f1o3 Query : select 1 valor from information_schema.tables where table_type='base table' and table_name='wstablefields'
20240731@214918.9974 rsp42pt34l4qdr12m60no3f1o3 Query : select fieldkey,fieldname,fieldtype,mandatory from wstablefields where tablename = 'fi2' and documentnumber = 39
20240731@214918.9985 rsp42pt34l4qdr12m60no3f1o3 Query : select top 1 convert(numeric(6,2),t.taxa) valor from taxasiva t where t.codigo='2'
20240731@214919.0000 rsp42pt34l4qdr12m60no3f1o3 Query : select sestamp valor from se where ref ='304.4320.00.1' and lote = '240897'
20240731@214919.1500 rsp42pt34l4qdr12m60no3f1o3 Query : select 1 valor from information_schema.tables where table_type='base table' and table_name='wstablefields'
20240731@214919.3300 rsp42pt34l4qdr12m60no3f1o3 Query : select fieldkey,fieldname,fieldtype,calcformula from wstablefields where tablename = 'fi2' and documentnumber = 39
20240731@214919.4900 rsp42pt34l4qdr12m60no3f1o3 Query : insert into wsfi2data (fi2stamp,ftstamp ,ousrdata, ousrhora, usrdata,usrhora,ousrinis,usrinis) values ('aut66aaa2879766aaa34f00','aut66aaa2826666aaa34de1' ,getdate(),convert(char(8),convert (time,getdate())),getdate(),convert(char(8),convert (time,getdate())),'wsv','wsv')
20240731@214919.5300 rsp42pt34l4qdr12m60no3f1o3 Query : select 1 valor from information_schema.tables where table_type='base table' and table_name='wstablefields'
20240731@214919.7000 rsp42pt34l4qdr12m60no3f1o3 Query : select fieldkey,fieldname,fieldtype,calcformula from wstablefields where tablename = 'fi' and documentnumber = 39
20240731@214919.1030 rsp42pt34l4qdr12m60no3f1o3 Query : insert into wsfidata (fistamp,ousrdata, ousrhora, usrdata,usrhora,ousrinis,usrinis ,qtt ,ftstamp ,epv,pvmoeda ,tabiva,iva,lordem ,ref, design ,lote,armazem,bistamp ) values ('aut66aaa2879766aaa34f00',getdate(),convert(char(8),convert (time,getdate())),getdate(),convert(char(8),convert (time,getdate())),'wsv','wsv',80.000 ,'aut66aaa2826666aaa34de1' ,0,0 ,2,23.00,110000,?,?,?,?,?)
20240731@214919.3690 rsp42pt34l4qdr12m60no3f1o3 Query : use flama_phc
20240731@214919.3730 rsp42pt34l4qdr12m60no3f1o3 Query : select st.usalote valor from st where st.ref = '304.4320.00.1'
20240731@214919.3940 rsp42pt34l4qdr12m60no3f1o3 Query : select top 1 st.tabiva ,st.ivaincl ,st.stns ,st.uni2 ,st.familia ,isnull(tx.taxa, 0) txiva ,unidade ,usalote ,epcpond ,noserie ,conversao ,st.texteis from st left join taxasiva tx on st.tabiva = tx.codigo where st.ref = '304.4320.00.1'
20240731@214919.4110 rsp42pt34l4qdr12m60no3f1o3 Query : select 1 valor from information_schema.tables where table_type='base table' and table_name='wstablefields'
20240731@214919.4280 rsp42pt34l4qdr12m60no3f1o3 Query : select fieldkey,fieldname,fieldtype,mandatory from wstablefields where tablename = 'fi' and documentnumber = 39
20240731@214919.4590 rsp42pt34l4qdr12m60no3f1o3 Query : select 1 valor from information_schema.tables where table_type='base table' and table_name='wstablefields'
20240731@214919.4760 rsp42pt34l4qdr12m60no3f1o3 Query : select fieldkey,fieldname,fieldtype,mandatory from wstablefields where tablename = 'fi2' and documentnumber = 39
20240731@214919.4870 rsp42pt34l4qdr12m60no3f1o3 Query : select top 1 convert(numeric(6,2),t.taxa) valor from taxasiva t where t.codigo='2'
20240731@214919.5030 rsp42pt34l4qdr12m60no3f1o3 Query : select sestamp valor from se where ref ='304.4320.00.1' and lote = '240897'
20240731@214919.5190 rsp42pt34l4qdr12m60no3f1o3 Query : select 1 valor from information_schema.tables where table_type='base table' and table_name='wstablefields'
20240731@214919.5410 rsp42pt34l4qdr12m60no3f1o3 Query : select fieldkey,fieldname,fieldtype,calcformula from wstablefields where tablename = 'fi2' and documentnumber = 39
20240731@214919.1683 rsp42pt34l4qdr12m60no3f1o3 Query : insert into wsfi2data (fi2stamp,ftstamp ,ousrdata, ousrhora, usrdata,usrhora,ousrinis,usrinis) values ('aut66aaa3565266aaa34f0c','aut66aaa2826666aaa34de1' ,getdate(),convert(char(8),convert (time,getdate())),getdate(),convert(char(8),convert (time,getdate())),'wsv','wsv')
20240731@214919.1688 rsp42pt34l4qdr12m60no3f1o3 Query : select 1 valor from information_schema.tables where table_type='base table' and table_name='wstablefields'
20240731@214919.1708 rsp42pt34l4qdr12m60no3f1o3 Query : select fieldkey,fieldname,fieldtype,calcformula from wstablefields where tablename = 'fi' and documentnumber = 39
20240731@214919.1766 rsp42pt34l4qdr12m60no3f1o3 Query : insert into wsfidata (fistamp,ousrdata, ousrhora, usrdata,usrhora,ousrinis,usrinis ,qtt ,ftstamp ,epv,pvmoeda ,tabiva,iva,lordem ,ref, design ,lote,armazem,bistamp ) values ('aut66aaa3565266aaa34f0c',getdate(),convert(char(8),convert (time,getdate())),getdate(),convert(char(8),convert (time,getdate())),'wsv','wsv',80.000 ,'aut66aaa2826666aaa34de1' ,0,0 ,2,23.00,120000,?,?,?,?,?)
20240731@214919.2043 rsp42pt34l4qdr12m60no3f1o3 Query : insert into wsftcreationlog (initialftstamp,externalid,creationstatus,documenttypeid,idustamp) values ('aut66aaa2826666aaa34de1','2405073','wait',39,'adm09112754980.682000002')
20240731@214919.2151 rsp42pt34l4qdr12m60no3f1o3 Query : use flama_phc
20240731@214919.2155 rsp42pt34l4qdr12m60no3f1o3 Query : update u_wsusers set rqsttoken =? where userid ='userls001'
20240731@214919.2201 rsp42pt34l4qdr12m60no3f1o3 Query : select concat(rtrim(relative_path),ltrim(name_new)) as valor from uploadfiles where uploadfile_id='1282';
20240731@214919.2228 rsp42pt34l4qdr12m60no3f1o3 Query : update uploadfiles set whenupdated=current_timestamp where uploadfile_id='1282';
20240731@214919.2268 rsp42pt34l4qdr12m60no3f1o3 Query : select concat(rtrim(relative_path),ltrim(name_new)) as valor from uploadfiles where uploadfile_id='1282';
20240731@214919.2295 rsp42pt34l4qdr12m60no3f1o3 Query : update uploadfiles set whenupdated=current_timestamp where uploadfile_id='1282';
20240731@214919.2881 3k7dhkuuq1089v8fc3o0121dlr Query : insert into uploadfiles ( name_original, name_new, option_type, relative_path, whencreated ) values ( ?, ?, ?, ?, getdate() )
20240731@214919.2895 3k7dhkuuq1089v8fc3o0121dlr Query : select uploadfile_id valor from uploadfiles where name_new = ? and option_type = ? 
20240731@214919.2960 3k7dhkuuq1089v8fc3o0121dlr Query : select concat(rtrim(relative_path),ltrim(name_new)) as valor from uploadfiles where uploadfile_id='1283';
20240731@214919.3014 3k7dhkuuq1089v8fc3o0121dlr Query : update uploadfiles set whenupdated=current_timestamp where uploadfile_id='1283';
20240731@214919.3070 3k7dhkuuq1089v8fc3o0121dlr Query : select concat(rtrim(relative_path),ltrim(name_new)) as valor from uploadfiles where uploadfile_id='1283';
20240731@214919.3096 3k7dhkuuq1089v8fc3o0121dlr Query : update uploadfiles set whenupdated=current_timestamp where uploadfile_id='1283';
20240731@214919.3144 3k7dhkuuq1089v8fc3o0121dlr Query : use flama_phc
20240731@214919.3154 3k7dhkuuq1089v8fc3o0121dlr Query : select top 1 secretkey valor from u_wsusers u where u.userid = ? and u.inactivo=0
20240731@214919.3227 3k7dhkuuq1089v8fc3o0121dlr Query : use flama_phc
20240731@214919.3230 3k7dhkuuq1089v8fc3o0121dlr Query : select no, estab,szadrsdesc from szadrs where u_coddest=4740
20240731@214919.3276 3k7dhkuuq1089v8fc3o0121dlr Query : select top 1 isnull(design,'') valor from st (nolock) left join stobs (nolock) on st.ref = stobs.ref where st.ref = '324.2907.00.1'
20240731@214919.3299 3k7dhkuuq1089v8fc3o0121dlr Query : select top 1 bistamp valor from bi inner join bo on bo.bostamp=bi.bostamp where bo.ndos =240 and bo.boano =2050 and bo.obrano = 2405074 and bi.ref ='324.2907.00.1' and bi.lordem =1
20240731@214919.3685 3k7dhkuuq1089v8fc3o0121dlr Query : use flama_phc
20240731@214919.3688 3k7dhkuuq1089v8fc3o0121dlr Query : select top 1 convert(date,fdata) valor from ft where ndoc = 39 and anulado= 0 and fno>0 order by fdata desc
20240731@214919.3721 3k7dhkuuq1089v8fc3o0121dlr Query : use flama_phc
20240731@214919.3724 3k7dhkuuq1089v8fc3o0121dlr Query : select top 1 1 valor from td where td.ndoc = 39
20240731@214919.3759 3k7dhkuuq1089v8fc3o0121dlr Query : use flama_phc
20240731@214919.3762 3k7dhkuuq1089v8fc3o0121dlr Query : select lower(descricao) descricao ,case when valor='s' then 1 else 0 end valor from para1 where descricao in ('st_lote','st_usalogifunc', 'st_grelha')
20240731@214919.3809 3k7dhkuuq1089v8fc3o0121dlr Query : select top 1 manternumero ,assinadoc issigned ,tiposaft ,assinaimp ,nmdos ,td.assinadoc ,'cl' origin ,lancasl stocks ,case when cmsl<50 and td.lancasl=1 then 1 else 0 end entrada ,case when cmsl>50 and td.lancasl=1 then 1 else 0 end saida ,temserie assets ,~semgre usegridfields from td inner join td2 on td.tdstamp=td2.td2stamp where td.ndoc = 1
20240731@214919.3893 3k7dhkuuq1089v8fc3o0121dlr Query : use flama_phc
20240731@214919.3896 3k7dhkuuq1089v8fc3o0121dlr Query : select top 1 ~inactivo valor from cl where no = '100810' and estab = 0 order by inactivo desc
20240731@214919.3937 3k7dhkuuq1089v8fc3o0121dlr Query : use flama_phc
20240731@214919.3941 3k7dhkuuq1089v8fc3o0121dlr Query : select top 1 tipodoc,regrd from td where ndoc = 39
20240731@214919.3979 3k7dhkuuq1089v8fc3o0121dlr Query : use flama_phc
20240731@214919.3983 3k7dhkuuq1089v8fc3o0121dlr Query : select szadrsstamp valor from szadrs where szadrsdesc='espaÇotrans,lda'
20240731@214919.4023 3k7dhkuuq1089v8fc3o0121dlr Query : use flama_phc
20240731@214919.4026 3k7dhkuuq1089v8fc3o0121dlr Query : select szadrsstamp valor from szadrs where szadrsdesc='100810 - worten-equipamentos para o lar,sa.'
20240731@214919.4072 3k7dhkuuq1089v8fc3o0121dlr Query : use flama_phc
20240731@214919.4074 3k7dhkuuq1089v8fc3o0121dlr Query : select 1 valor from td where ndoc = 39
20240731@214919.4089 3k7dhkuuq1089v8fc3o0121dlr Query : select top 1 manternumero, tiposaft, nmdos,td.assinadoc from td where td.ndoc = 39
20240731@214919.4103 3k7dhkuuq1089v8fc3o0121dlr Query : select 1 valor from information_schema.tables where table_type='base table' and table_name='wstablefields'
20240731@214919.4126 3k7dhkuuq1089v8fc3o0121dlr Query : select fieldkey,fieldname,fieldtype,mandatory from wstablefields where tablename = 'ft' and documentnumber = 39
20240731@214919.4146 3k7dhkuuq1089v8fc3o0121dlr Query : select 1 valor from information_schema.tables where table_type='base table' and table_name='wstablefields'
20240731@214919.4161 3k7dhkuuq1089v8fc3o0121dlr Query : select fieldkey,fieldname,fieldtype,mandatory from wstablefields where tablename = 'ft2' and documentnumber = 39
20240731@214919.4189 3k7dhkuuq1089v8fc3o0121dlr Query : select 1 valor from information_schema.tables where table_type='base table' and table_name='wstablefields'
20240731@214919.4205 3k7dhkuuq1089v8fc3o0121dlr Query : select fieldkey,fieldname,fieldtype,mandatory from wstablefields where tablename = 'ft3' and documentnumber = 39
20240731@214919.4220 3k7dhkuuq1089v8fc3o0121dlr Query : select top 1 ft.fno valor from ft ft where ft.ndoc = 39 and ftano=2024 order by fno desc
20240731@214919.4294 3k7dhkuuq1089v8fc3o0121dlr Query : select top 1 ft.fno valor from wsftdata ft where ft.ndoc = 39 and ftano=2024 order by fno desc
20240731@214919.4308 3k7dhkuuq1089v8fc3o0121dlr Query : select 1 valor from information_schema.tables where table_type='base table' and table_name='wstablefields'
20240731@214919.4323 3k7dhkuuq1089v8fc3o0121dlr Query : select fieldkey,fieldname,fieldtype,calcformula from wstablefields where tablename = 'ft3' and documentnumber = 39
20240731@214919.4339 3k7dhkuuq1089v8fc3o0121dlr Query : insert into wsft3data (ft3stamp, ousrdata, ousrhora, usrdata,usrhora,ousrinis,usrinis,taxpointdt ) values ('aut66aaa6195366aaa34f67' ,getdate(),convert(char(8),convert (time,getdate())),getdate(),convert(char(8),convert (time,getdate())),'wsv','wsv',?)
20240731@214919.4538 3k7dhkuuq1089v8fc3o0121dlr Query : select 1 valor from information_schema.tables where table_type='base table' and table_name='wstablefields'
20240731@214919.4555 3k7dhkuuq1089v8fc3o0121dlr Query : select fieldkey,fieldname,fieldtype,calcformula from wstablefields where tablename = 'ft2' and documentnumber = 39
20240731@214919.4589 3k7dhkuuq1089v8fc3o0121dlr Query : select top 1 bo.u_nomeenv valor from bo where bo.bostamp=''
20240731@214919.4602 3k7dhkuuq1089v8fc3o0121dlr Query : select top 1 bo.u_moradaen valor from bo where bo.bostamp=''
20240731@214919.4614 3k7dhkuuq1089v8fc3o0121dlr Query : select top 1 bo.u_codposen valor from bo where bo.bostamp=''
20240731@214919.4626 3k7dhkuuq1089v8fc3o0121dlr Query : select top 1 bo.u_localenv valor from bo where bo.bostamp=''
20240731@214919.4638 3k7dhkuuq1089v8fc3o0121dlr Query : select top 1 bo.trab5 valor from bo where bo.bostamp=''
20240731@214919.4650 3k7dhkuuq1089v8fc3o0121dlr Query : select top 1 bo.serie valor from bo where bo.bostamp=''
20240731@214919.4662 3k7dhkuuq1089v8fc3o0121dlr Query : insert into wsft2data (ft2stamp, ousrdata,ousrhora, usrdata,usrhora,ousrinis,usrinis,u_nomeenv ,u_moradaen ,u_codposen ,u_localenv ,u_coddest ,u_codby ) values ('aut66aaa6195366aaa34f67',getdate(),convert(char(8),convert (time,getdate())),getdate(),convert(char(8),convert (time,getdate())),'wsv','wsv',?,?,?,?,?,?)
20240731@214919.4927 3k7dhkuuq1089v8fc3o0121dlr Query : select top 1 fno valor from wsftdata order by fno desc
20240731@214919.4941 3k7dhkuuq1089v8fc3o0121dlr Query : select 1 valor from information_schema.tables where table_type='base table' and table_name='wstablefields'
20240731@214919.4981 3k7dhkuuq1089v8fc3o0121dlr Query : select fieldkey,fieldname,fieldtype,calcformula from wstablefields where tablename = 'ft' and documentnumber = 39
20240731@214919.5043 3k7dhkuuq1089v8fc3o0121dlr Query : select 'normal' from dummy
20240731@214919.5163 3k7dhkuuq1089v8fc3o0121dlr Query : insert into wsftdata (ftstamp, ousrdata,ousrhora, usrdata,usrhora,ousrinis,usrinis,fno,no,estab,fdata,ndoc,moeda,cambio,cambiofixo,ftano,site ,classe ) values ('aut66aaa6195366aaa34f67',getdate(),convert(char(8),convert (time,getdate())),getdate(),convert(char(8),convert (time,getdate())),'wsv','wsv',118,100810,0,'2024-07-31',39,'euro',0,0,2024 ,?,?)
20240731@214919.5487 3k7dhkuuq1089v8fc3o0121dlr Query : use flama_phc
20240731@214919.5490 3k7dhkuuq1089v8fc3o0121dlr Query : select st.usalote valor from st where st.ref = '324.2907.00.1'
20240731@214919.5517 3k7dhkuuq1089v8fc3o0121dlr Query : select top 1 st.tabiva ,st.ivaincl ,st.stns ,st.uni2 ,st.familia ,isnull(tx.taxa, 0) txiva ,unidade ,usalote ,epcpond ,noserie ,conversao ,st.texteis from st left join taxasiva tx on st.tabiva = tx.codigo where st.ref = '324.2907.00.1'
20240731@214919.5531 3k7dhkuuq1089v8fc3o0121dlr Query : select 1 valor from information_schema.tables where table_type='base table' and table_name='wstablefields'
20240731@214919.5547 3k7dhkuuq1089v8fc3o0121dlr Query : select fieldkey,fieldname,fieldtype,mandatory from wstablefields where tablename = 'fi' and documentnumber = 39
20240731@214919.5583 3k7dhkuuq1089v8fc3o0121dlr Query : select 1 valor from information_schema.tables where table_type='base table' and table_name='wstablefields'
20240731@214919.5599 3k7dhkuuq1089v8fc3o0121dlr Query : select fieldkey,fieldname,fieldtype,mandatory from wstablefields where tablename = 'fi2' and documentnumber = 39
20240731@214919.5609 3k7dhkuuq1089v8fc3o0121dlr Query : select top 1 convert(numeric(6,2),t.taxa) valor from taxasiva t where t.codigo='2'
20240731@214919.5621 3k7dhkuuq1089v8fc3o0121dlr Query : select sestamp valor from se where ref ='324.2907.00.1' and lote = 'r2400091200a'
20240731@214919.5635 3k7dhkuuq1089v8fc3o0121dlr Query : select 1 valor from information_schema.tables where table_type='base table' and table_name='wstablefields'
20240731@214919.5649 3k7dhkuuq1089v8fc3o0121dlr Query : select fieldkey,fieldname,fieldtype,calcformula from wstablefields where tablename = 'fi2' and documentnumber = 39
20240731@214919.5668 3k7dhkuuq1089v8fc3o0121dlr Query : insert into wsfi2data (fi2stamp,ftstamp ,ousrdata, ousrhora, usrdata,usrhora,ousrinis,usrinis) values ('aut66aaa1941466aaa34f89','aut66aaa6195366aaa34f67' ,getdate(),convert(char(8),convert (time,getdate())),getdate(),convert(char(8),convert (time,getdate())),'wsv','wsv')
20240731@214919.5672 3k7dhkuuq1089v8fc3o0121dlr Query : select 1 valor from information_schema.tables where table_type='base table' and table_name='wstablefields'
20240731@214919.5686 3k7dhkuuq1089v8fc3o0121dlr Query : select fieldkey,fieldname,fieldtype,calcformula from wstablefields where tablename = 'fi' and documentnumber = 39
20240731@214919.5715 3k7dhkuuq1089v8fc3o0121dlr Query : insert into wsfidata (fistamp,ousrdata, ousrhora, usrdata,usrhora,ousrinis,usrinis ,qtt ,ftstamp ,epv,pvmoeda ,tabiva,iva,lordem ,ref, design ,lote,armazem,bistamp ) values ('aut66aaa1941466aaa34f89',getdate(),convert(char(8),convert (time,getdate())),getdate(),convert(char(8),convert (time,getdate())),'wsv','wsv',88.000 ,'aut66aaa6195366aaa34f67' ,0,0 ,2,23.00,10000,?,?,?,?,?)
20240731@214919.5984 3k7dhkuuq1089v8fc3o0121dlr Query : insert into wsftcreationlog (initialftstamp,externalid,creationstatus,documenttypeid,idustamp) values ('aut66aaa6195366aaa34f67','2405074','wait',39,'adm09112754980.682000002')
20240731@214919.6079 3k7dhkuuq1089v8fc3o0121dlr Query : use flama_phc
20240731@214919.6082 3k7dhkuuq1089v8fc3o0121dlr Query : update u_wsusers set rqsttoken =? where userid ='userls001'
20240731@214919.6148 3k7dhkuuq1089v8fc3o0121dlr Query : select concat(rtrim(relative_path),ltrim(name_new)) as valor from uploadfiles where uploadfile_id='1283';
20240731@214919.6179 3k7dhkuuq1089v8fc3o0121dlr Query : update uploadfiles set whenupdated=current_timestamp where uploadfile_id='1283';
20240731@214919.6221 3k7dhkuuq1089v8fc3o0121dlr Query : select concat(rtrim(relative_path),ltrim(name_new)) as valor from uploadfiles where uploadfile_id='1283';
20240731@214919.6243 3k7dhkuuq1089v8fc3o0121dlr Query : update uploadfiles set whenupdated=current_timestamp where uploadfile_id='1283';
20240731@214919.6772 kptqno2up7oom08i10a12fuktf Query : insert into uploadfiles ( name_original, name_new, option_type, relative_path, whencreated ) values ( ?, ?, ?, ?, getdate() )
20240731@214919.6785 kptqno2up7oom08i10a12fuktf Query : select uploadfile_id valor from uploadfiles where name_new = ? and option_type = ? 
20240731@214919.6844 kptqno2up7oom08i10a12fuktf Query : select concat(rtrim(relative_path),ltrim(name_new)) as valor from uploadfiles where uploadfile_id='1284';
20240731@214919.6897 kptqno2up7oom08i10a12fuktf Query : update uploadfiles set whenupdated=current_timestamp where uploadfile_id='1284';
20240731@214919.6947 kptqno2up7oom08i10a12fuktf Query : select concat(rtrim(relative_path),ltrim(name_new)) as valor from uploadfiles where uploadfile_id='1284';
20240731@214919.6972 kptqno2up7oom08i10a12fuktf Query : update uploadfiles set whenupdated=current_timestamp where uploadfile_id='1284';
20240731@214919.7017 kptqno2up7oom08i10a12fuktf Query : use flama_phc
20240731@214919.7020 kptqno2up7oom08i10a12fuktf Query : select top 1 secretkey valor from u_wsusers u where u.userid = ? and u.inactivo=0
20240731@214919.7101 kptqno2up7oom08i10a12fuktf Query : use flama_phc
20240731@214919.7104 kptqno2up7oom08i10a12fuktf Query : select no, estab,szadrsdesc from szadrs where u_coddest=4740
20240731@214919.8258 kptqno2up7oom08i10a12fuktf Query : select top 1 isnull(design,'') valor from st (nolock) left join stobs (nolock) on st.ref = stobs.ref where st.ref = '324.4910.00.1'
20240731@214919.8432 kptqno2up7oom08i10a12fuktf Query : select top 1 bistamp valor from bi inner join bo on bo.bostamp=bi.bostamp where bo.ndos =240 and bo.boano =2050 and bo.obrano = 2405075 and bi.ref ='324.4910.00.1' and bi.lordem =1
20240731@214919.8765 kptqno2up7oom08i10a12fuktf Query : select top 1 isnull(design,'') valor from st (nolock) left join stobs (nolock) on st.ref = stobs.ref where st.ref = '324.4910.00.1'
20240731@214919.8790 kptqno2up7oom08i10a12fuktf Query : select top 1 bistamp valor from bi inner join bo on bo.bostamp=bi.bostamp where bo.ndos =240 and bo.boano =2050 and bo.obrano = 2405075 and bi.ref ='324.4910.00.1' and bi.lordem =1
20240731@214919.8809 kptqno2up7oom08i10a12fuktf Query : select top 1 isnull(design,'') valor from st (nolock) left join stobs (nolock) on st.ref = stobs.ref where st.ref = '324.4910.00.1'
20240731@214919.8849 kptqno2up7oom08i10a12fuktf Query : select top 1 bistamp valor from bi inner join bo on bo.bostamp=bi.bostamp where bo.ndos =240 and bo.boano =2050 and bo.obrano = 2405075 and bi.ref ='324.4910.00.1' and bi.lordem =1
20240731@214919.8871 kptqno2up7oom08i10a12fuktf Query : use flama_phc
20240731@214919.8875 kptqno2up7oom08i10a12fuktf Query : select top 1 convert(date,fdata) valor from ft where ndoc = 39 and anulado= 0 and fno>0 order by fdata desc
20240731@214919.8912 kptqno2up7oom08i10a12fuktf Query : use flama_phc
20240731@214919.8916 kptqno2up7oom08i10a12fuktf Query : select top 1 1 valor from td where td.ndoc = 39
20240731@214919.8953 kptqno2up7oom08i10a12fuktf Query : use flama_phc
20240731@214919.8957 kptqno2up7oom08i10a12fuktf Query : select lower(descricao) descricao ,case when valor='s' then 1 else 0 end valor from para1 where descricao in ('st_lote','st_usalogifunc', 'st_grelha')
20240731@214919.8990 kptqno2up7oom08i10a12fuktf Query : select top 1 manternumero ,assinadoc issigned ,tiposaft ,assinaimp ,nmdos ,td.assinadoc ,'cl' origin ,lancasl stocks ,case when cmsl<50 and td.lancasl=1 then 1 else 0 end entrada ,case when cmsl>50 and td.lancasl=1 then 1 else 0 end saida ,temserie assets ,~semgre usegridfields from td inner join td2 on td.tdstamp=td2.td2stamp where td.ndoc = 1
20240731@214919.9034 kptqno2up7oom08i10a12fuktf Query : use flama_phc
20240731@214919.9038 kptqno2up7oom08i10a12fuktf Query : select top 1 ~inactivo valor from cl where no = '100810' and estab = 0 order by inactivo desc
20240731@214919.9070 kptqno2up7oom08i10a12fuktf Query : use flama_phc
20240731@214919.9074 kptqno2up7oom08i10a12fuktf Query : select top 1 tipodoc,regrd from td where ndoc = 39
20240731@214919.9167 kptqno2up7oom08i10a12fuktf Query : use flama_phc
20240731@214919.9172 kptqno2up7oom08i10a12fuktf Query : select szadrsstamp valor from szadrs where szadrsdesc='espaÇotrans,lda'
20240731@214919.9575 kptqno2up7oom08i10a12fuktf Query : use flama_phc
20240731@214919.9580 kptqno2up7oom08i10a12fuktf Query : select szadrsstamp valor from szadrs where szadrsdesc='100810 - worten-equipamentos para o lar,sa.'
20240731@214919.9757 kptqno2up7oom08i10a12fuktf Query : use flama_phc
20240731@214919.9760 kptqno2up7oom08i10a12fuktf Query : select 1 valor from td where ndoc = 39
20240731@214919.9777 kptqno2up7oom08i10a12fuktf Query : select top 1 manternumero, tiposaft, nmdos,td.assinadoc from td where td.ndoc = 39
20240731@214919.9795 kptqno2up7oom08i10a12fuktf Query : select 1 valor from information_schema.tables where table_type='base table' and table_name='wstablefields'
20240731@214919.9816 kptqno2up7oom08i10a12fuktf Query : select fieldkey,fieldname,fieldtype,mandatory from wstablefields where tablename = 'ft' and documentnumber = 39
20240731@214919.9839 kptqno2up7oom08i10a12fuktf Query : select 1 valor from information_schema.tables where table_type='base table' and table_name='wstablefields'
20240731@214919.9857 kptqno2up7oom08i10a12fuktf Query : select fieldkey,fieldname,fieldtype,mandatory from wstablefields where tablename = 'ft2' and documentnumber = 39
20240731@214919.9897 kptqno2up7oom08i10a12fuktf Query : select 1 valor from information_schema.tables where table_type='base table' and table_name='wstablefields'
20240731@214919.9926 kptqno2up7oom08i10a12fuktf Query : select fieldkey,fieldname,fieldtype,mandatory from wstablefields where tablename = 'ft3' and documentnumber = 39
20240731@214920.4100 kptqno2up7oom08i10a12fuktf Query : select top 1 ft.fno valor from ft ft where ft.ndoc = 39 and ftano=2024 order by fno desc
20240731@214920.3680 kptqno2up7oom08i10a12fuktf Query : select top 1 ft.fno valor from wsftdata ft where ft.ndoc = 39 and ftano=2024 order by fno desc
20240731@214920.3880 kptqno2up7oom08i10a12fuktf Query : select 1 valor from information_schema.tables where table_type='base table' and table_name='wstablefields'
20240731@214920.4090 kptqno2up7oom08i10a12fuktf Query : select fieldkey,fieldname,fieldtype,calcformula from wstablefields where tablename = 'ft3' and documentnumber = 39
20240731@214920.4280 kptqno2up7oom08i10a12fuktf Query : insert into wsft3data (ft3stamp, ousrdata, ousrhora, usrdata,usrhora,ousrinis,usrinis,taxpointdt ) values ('aut66aaa3088066aaa35001' ,getdate(),convert(char(8),convert (time,getdate())),getdate(),convert(char(8),convert (time,getdate())),'wsv','wsv',?)
20240731@214920.6180 kptqno2up7oom08i10a12fuktf Query : select 1 valor from information_schema.tables where table_type='base table' and table_name='wstablefields'
20240731@214920.6360 kptqno2up7oom08i10a12fuktf Query : select fieldkey,fieldname,fieldtype,calcformula from wstablefields where tablename = 'ft2' and documentnumber = 39
20240731@214920.6790 kptqno2up7oom08i10a12fuktf Query : select top 1 bo.u_nomeenv valor from bo where bo.bostamp=''
20240731@214920.6930 kptqno2up7oom08i10a12fuktf Query : select top 1 bo.u_moradaen valor from bo where bo.bostamp=''
20240731@214920.7090 kptqno2up7oom08i10a12fuktf Query : select top 1 bo.u_codposen valor from bo where bo.bostamp=''
20240731@214920.7240 kptqno2up7oom08i10a12fuktf Query : select top 1 bo.u_localenv valor from bo where bo.bostamp=''
20240731@214920.7400 kptqno2up7oom08i10a12fuktf Query : select top 1 bo.trab5 valor from bo where bo.bostamp=''
20240731@214920.7550 kptqno2up7oom08i10a12fuktf Query : select top 1 bo.serie valor from bo where bo.bostamp=''
20240731@214920.7700 kptqno2up7oom08i10a12fuktf Query : insert into wsft2data (ft2stamp, ousrdata,ousrhora, usrdata,usrhora,ousrinis,usrinis,u_nomeenv ,u_moradaen ,u_codposen ,u_localenv ,u_coddest ,u_codby ) values ('aut66aaa3088066aaa35001',getdate(),convert(char(8),convert (time,getdate())),getdate(),convert(char(8),convert (time,getdate())),'wsv','wsv',?,?,?,?,?,?)
20240731@214920.1059 kptqno2up7oom08i10a12fuktf Query : select top 1 fno valor from wsftdata order by fno desc
20240731@214920.1080 kptqno2up7oom08i10a12fuktf Query : select 1 valor from information_schema.tables where table_type='base table' and table_name='wstablefields'
20240731@214920.1101 kptqno2up7oom08i10a12fuktf Query : select fieldkey,fieldname,fieldtype,calcformula from wstablefields where tablename = 'ft' and documentnumber = 39
20240731@214920.1127 kptqno2up7oom08i10a12fuktf Query : select 'normal' from dummy
20240731@214920.1149 kptqno2up7oom08i10a12fuktf Query : insert into wsftdata (ftstamp, ousrdata,ousrhora, usrdata,usrhora,ousrinis,usrinis,fno,no,estab,fdata,ndoc,moeda,cambio,cambiofixo,ftano,site ,classe ) values ('aut66aaa3088066aaa35001',getdate(),convert(char(8),convert (time,getdate())),getdate(),convert(char(8),convert (time,getdate())),'wsv','wsv',119,100810,0,'2024-07-31',39,'euro',0,0,2024 ,?,?)
20240731@214920.1459 kptqno2up7oom08i10a12fuktf Query : use flama_phc
20240731@214920.1463 kptqno2up7oom08i10a12fuktf Query : select st.usalote valor from st where st.ref = '324.4910.00.1'
20240731@214920.1494 kptqno2up7oom08i10a12fuktf Query : select top 1 st.tabiva ,st.ivaincl ,st.stns ,st.uni2 ,st.familia ,isnull(tx.taxa, 0) txiva ,unidade ,usalote ,epcpond ,noserie ,conversao ,st.texteis from st left join taxasiva tx on st.tabiva = tx.codigo where st.ref = '324.4910.00.1'
20240731@214920.1657 kptqno2up7oom08i10a12fuktf Query : select 1 valor from information_schema.tables where table_type='base table' and table_name='wstablefields'
20240731@214920.1678 kptqno2up7oom08i10a12fuktf Query : select fieldkey,fieldname,fieldtype,mandatory from wstablefields where tablename = 'fi' and documentnumber = 39
20240731@214920.1708 kptqno2up7oom08i10a12fuktf Query : select 1 valor from information_schema.tables where table_type='base table' and table_name='wstablefields'
20240731@214920.1726 kptqno2up7oom08i10a12fuktf Query : select fieldkey,fieldname,fieldtype,mandatory from wstablefields where tablename = 'fi2' and documentnumber = 39
20240731@214920.1736 kptqno2up7oom08i10a12fuktf Query : select top 1 convert(numeric(6,2),t.taxa) valor from taxasiva t where t.codigo='2'
20240731@214920.1751 kptqno2up7oom08i10a12fuktf Query : select sestamp valor from se where ref ='324.4910.00.1' and lote = 'r2100754100a'
20240731@214920.1788 kptqno2up7oom08i10a12fuktf Query : select 1 valor from information_schema.tables where table_type='base table' and table_name='wstablefields'
20240731@214920.1805 kptqno2up7oom08i10a12fuktf Query : select fieldkey,fieldname,fieldtype,calcformula from wstablefields where tablename = 'fi2' and documentnumber = 39
20240731@214920.1819 kptqno2up7oom08i10a12fuktf Query : insert into wsfi2data (fi2stamp,ftstamp ,ousrdata, ousrhora, usrdata,usrhora,ousrinis,usrinis) values ('aut66aaa7392566aaa3502b','aut66aaa3088066aaa35001' ,getdate(),convert(char(8),convert (time,getdate())),getdate(),convert(char(8),convert (time,getdate())),'wsv','wsv')
20240731@214920.1824 kptqno2up7oom08i10a12fuktf Query : select 1 valor from information_schema.tables where table_type='base table' and table_name='wstablefields'
20240731@214920.1841 kptqno2up7oom08i10a12fuktf Query : select fieldkey,fieldname,fieldtype,calcformula from wstablefields where tablename = 'fi' and documentnumber = 39
20240731@214920.1883 kptqno2up7oom08i10a12fuktf Query : insert into wsfidata (fistamp,ousrdata, ousrhora, usrdata,usrhora,ousrinis,usrinis ,qtt ,ftstamp ,epv,pvmoeda ,tabiva,iva,lordem ,ref, design ,lote,armazem,bistamp ) values ('aut66aaa7392566aaa3502b',getdate(),convert(char(8),convert (time,getdate())),getdate(),convert(char(8),convert (time,getdate())),'wsv','wsv',114.000 ,'aut66aaa3088066aaa35001' ,0,0 ,2,23.00,10000,?,?,?,?,?)
20240731@214920.2178 kptqno2up7oom08i10a12fuktf Query : use flama_phc
20240731@214920.2182 kptqno2up7oom08i10a12fuktf Query : select st.usalote valor from st where st.ref = '324.4910.00.1'
20240731@214920.2204 kptqno2up7oom08i10a12fuktf Query : select top 1 st.tabiva ,st.ivaincl ,st.stns ,st.uni2 ,st.familia ,isnull(tx.taxa, 0) txiva ,unidade ,usalote ,epcpond ,noserie ,conversao ,st.texteis from st left join taxasiva tx on st.tabiva = tx.codigo where st.ref = '324.4910.00.1'
20240731@214920.2220 kptqno2up7oom08i10a12fuktf Query : select 1 valor from information_schema.tables where table_type='base table' and table_name='wstablefields'
20240731@214920.2238 kptqno2up7oom08i10a12fuktf Query : select fieldkey,fieldname,fieldtype,mandatory from wstablefields where tablename = 'fi' and documentnumber = 39
20240731@214920.2270 kptqno2up7oom08i10a12fuktf Query : select 1 valor from information_schema.tables where table_type='base table' and table_name='wstablefields'
20240731@214920.2288 kptqno2up7oom08i10a12fuktf Query : select fieldkey,fieldname,fieldtype,mandatory from wstablefields where tablename = 'fi2' and documentnumber = 39
20240731@214920.2297 kptqno2up7oom08i10a12fuktf Query : select top 1 convert(numeric(6,2),t.taxa) valor from taxasiva t where t.codigo='2'
20240731@214920.2316 kptqno2up7oom08i10a12fuktf Query : select sestamp valor from se where ref ='324.4910.00.1' and lote = 'r2100754100a'
20240731@214920.2332 kptqno2up7oom08i10a12fuktf Query : select 1 valor from information_schema.tables where table_type='base table' and table_name='wstablefields'
20240731@214920.2349 kptqno2up7oom08i10a12fuktf Query : select fieldkey,fieldname,fieldtype,calcformula from wstablefields where tablename = 'fi2' and documentnumber = 39
20240731@214920.2363 kptqno2up7oom08i10a12fuktf Query : insert into wsfi2data (fi2stamp,ftstamp ,ousrdata, ousrhora, usrdata,usrhora,ousrinis,usrinis) values ('aut66aaa1576666aaa35038','aut66aaa3088066aaa35001' ,getdate(),convert(char(8),convert (time,getdate())),getdate(),convert(char(8),convert (time,getdate())),'wsv','wsv')
20240731@214920.2369 kptqno2up7oom08i10a12fuktf Query : select 1 valor from information_schema.tables where table_type='base table' and table_name='wstablefields'
20240731@214920.2385 kptqno2up7oom08i10a12fuktf Query : select fieldkey,fieldname,fieldtype,calcformula from wstablefields where tablename = 'fi' and documentnumber = 39
20240731@214920.2426 kptqno2up7oom08i10a12fuktf Query : insert into wsfidata (fistamp,ousrdata, ousrhora, usrdata,usrhora,ousrinis,usrinis ,qtt ,ftstamp ,epv,pvmoeda ,tabiva,iva,lordem ,ref, design ,lote,armazem,bistamp ) values ('aut66aaa1576666aaa35038',getdate(),convert(char(8),convert (time,getdate())),getdate(),convert(char(8),convert (time,getdate())),'wsv','wsv',24.000 ,'aut66aaa3088066aaa35001' ,0,0 ,2,23.00,20000,?,?,?,?,?)
20240731@214920.2782 kptqno2up7oom08i10a12fuktf Query : use flama_phc
20240731@214920.2794 kptqno2up7oom08i10a12fuktf Query : select st.usalote valor from st where st.ref = '324.4910.00.1'
20240731@214920.3288 kptqno2up7oom08i10a12fuktf Query : select top 1 st.tabiva ,st.ivaincl ,st.stns ,st.uni2 ,st.familia ,isnull(tx.taxa, 0) txiva ,unidade ,usalote ,epcpond ,noserie ,conversao ,st.texteis from st left join taxasiva tx on st.tabiva = tx.codigo where st.ref = '324.4910.00.1'
20240731@214920.3321 kptqno2up7oom08i10a12fuktf Query : select 1 valor from information_schema.tables where table_type='base table' and table_name='wstablefields'
20240731@214920.3384 kptqno2up7oom08i10a12fuktf Query : select fieldkey,fieldname,fieldtype,mandatory from wstablefields where tablename = 'fi' and documentnumber = 39
20240731@214920.3413 kptqno2up7oom08i10a12fuktf Query : select 1 valor from information_schema.tables where table_type='base table' and table_name='wstablefields'
20240731@214920.3440 kptqno2up7oom08i10a12fuktf Query : select fieldkey,fieldname,fieldtype,mandatory from wstablefields where tablename = 'fi2' and documentnumber = 39
20240731@214920.3801 kptqno2up7oom08i10a12fuktf Query : select top 1 convert(numeric(6,2),t.taxa) valor from taxasiva t where t.codigo='2'
20240731@214920.3869 kptqno2up7oom08i10a12fuktf Query : select sestamp valor from se where ref ='324.4910.00.1' and lote = 'r2100754100a'
20240731@214920.3906 kptqno2up7oom08i10a12fuktf Query : select 1 valor from information_schema.tables where table_type='base table' and table_name='wstablefields'
20240731@214920.3926 kptqno2up7oom08i10a12fuktf Query : select fieldkey,fieldname,fieldtype,calcformula from wstablefields where tablename = 'fi2' and documentnumber = 39
20240731@214920.3939 kptqno2up7oom08i10a12fuktf Query : insert into wsfi2data (fi2stamp,ftstamp ,ousrdata, ousrhora, usrdata,usrhora,ousrinis,usrinis) values ('aut66aaa2241366aaa3505f','aut66aaa3088066aaa35001' ,getdate(),convert(char(8),convert (time,getdate())),getdate(),convert(char(8),convert (time,getdate())),'wsv','wsv')
20240731@214920.3943 kptqno2up7oom08i10a12fuktf Query : select 1 valor from information_schema.tables where table_type='base table' and table_name='wstablefields'
20240731@214920.3959 kptqno2up7oom08i10a12fuktf Query : select fieldkey,fieldname,fieldtype,calcformula from wstablefields where tablename = 'fi' and documentnumber = 39
20240731@214920.3989 kptqno2up7oom08i10a12fuktf Query : insert into wsfidata (fistamp,ousrdata, ousrhora, usrdata,usrhora,ousrinis,usrinis ,qtt ,ftstamp ,epv,pvmoeda ,tabiva,iva,lordem ,ref, design ,lote,armazem,bistamp ) values ('aut66aaa2241366aaa3505f',getdate(),convert(char(8),convert (time,getdate())),getdate(),convert(char(8),convert (time,getdate())),'wsv','wsv',144.000 ,'aut66aaa3088066aaa35001' ,0,0 ,2,23.00,30000,?,?,?,?,?)
20240731@214920.4403 kptqno2up7oom08i10a12fuktf Query : insert into wsftcreationlog (initialftstamp,externalid,creationstatus,documenttypeid,idustamp) values ('aut66aaa3088066aaa35001','2405075','wait',39,'adm09112754980.682000002')
20240731@214920.4663 kptqno2up7oom08i10a12fuktf Query : use flama_phc
20240731@214920.4666 kptqno2up7oom08i10a12fuktf Query : update u_wsusers set rqsttoken =? where userid ='userls001'
20240731@214920.4695 kptqno2up7oom08i10a12fuktf Query : select concat(rtrim(relative_path),ltrim(name_new)) as valor from uploadfiles where uploadfile_id='1284';
20240731@214920.4720 kptqno2up7oom08i10a12fuktf Query : update uploadfiles set whenupdated=current_timestamp where uploadfile_id='1284';
20240731@214920.4758 kptqno2up7oom08i10a12fuktf Query : select concat(rtrim(relative_path),ltrim(name_new)) as valor from uploadfiles where uploadfile_id='1284';
20240731@214920.4779 kptqno2up7oom08i10a12fuktf Query : update uploadfiles set whenupdated=current_timestamp where uploadfile_id='1284';
20240731@214920.5319 qej4b8l64e62upepd4ndgvlqde Query : insert into uploadfiles ( name_original, name_new, option_type, relative_path, whencreated ) values ( ?, ?, ?, ?, getdate() )
20240731@214920.5330 qej4b8l64e62upepd4ndgvlqde Query : select uploadfile_id valor from uploadfiles where name_new = ? and option_type = ? 
20240731@214920.5378 qej4b8l64e62upepd4ndgvlqde Query : select concat(rtrim(relative_path),ltrim(name_new)) as valor from uploadfiles where uploadfile_id='1285';
20240731@214920.5428 qej4b8l64e62upepd4ndgvlqde Query : update uploadfiles set whenupdated=current_timestamp where uploadfile_id='1285';
20240731@214920.5473 qej4b8l64e62upepd4ndgvlqde Query : select concat(rtrim(relative_path),ltrim(name_new)) as valor from uploadfiles where uploadfile_id='1285';
20240731@214920.5495 qej4b8l64e62upepd4ndgvlqde Query : update uploadfiles set whenupdated=current_timestamp where uploadfile_id='1285';
20240731@214920.5538 qej4b8l64e62upepd4ndgvlqde Query : use flama_phc
20240731@214920.5541 qej4b8l64e62upepd4ndgvlqde Query : select top 1 secretkey valor from u_wsusers u where u.userid = ? and u.inactivo=0
20240731@214920.5604 qej4b8l64e62upepd4ndgvlqde Query : use flama_phc
20240731@214920.5607 qej4b8l64e62upepd4ndgvlqde Query : select no, estab,szadrsdesc from szadrs where u_coddest=4740
20240731@214920.5645 qej4b8l64e62upepd4ndgvlqde Query : select top 1 isnull(design,'') valor from st (nolock) left join stobs (nolock) on st.ref = stobs.ref where st.ref = '324.4743.00.1'
20240731@214920.5806 qej4b8l64e62upepd4ndgvlqde Query : select top 1 bistamp valor from bi inner join bo on bo.bostamp=bi.bostamp where bo.ndos =240 and bo.boano =2050 and bo.obrano = 2405076 and bi.ref ='324.4743.00.1' and bi.lordem =1
20240731@214920.6119 qej4b8l64e62upepd4ndgvlqde Query : select top 1 isnull(design,'') valor from st (nolock) left join stobs (nolock) on st.ref = stobs.ref where st.ref = '324.4743.00.1'
20240731@214920.6140 qej4b8l64e62upepd4ndgvlqde Query : select top 1 bistamp valor from bi inner join bo on bo.bostamp=bi.bostamp where bo.ndos =240 and bo.boano =2050 and bo.obrano = 2405076 and bi.ref ='324.4743.00.1' and bi.lordem =1
20240731@214920.6156 qej4b8l64e62upepd4ndgvlqde Query : use flama_phc
20240731@214920.6161 qej4b8l64e62upepd4ndgvlqde Query : select top 1 convert(date,fdata) valor from ft where ndoc = 39 and anulado= 0 and fno>0 order by fdata desc
20240731@214920.6194 qej4b8l64e62upepd4ndgvlqde Query : use flama_phc
20240731@214920.6197 qej4b8l64e62upepd4ndgvlqde Query : select top 1 1 valor from td where td.ndoc = 39
20240731@214920.6228 qej4b8l64e62upepd4ndgvlqde Query : use flama_phc
20240731@214920.6231 qej4b8l64e62upepd4ndgvlqde Query : select lower(descricao) descricao ,case when valor='s' then 1 else 0 end valor from para1 where descricao in ('st_lote','st_usalogifunc', 'st_grelha')
20240731@214920.6259 qej4b8l64e62upepd4ndgvlqde Query : select top 1 manternumero ,assinadoc issigned ,tiposaft ,assinaimp ,nmdos ,td.assinadoc ,'cl' origin ,lancasl stocks ,case when cmsl<50 and td.lancasl=1 then 1 else 0 end entrada ,case when cmsl>50 and td.lancasl=1 then 1 else 0 end saida ,temserie assets ,~semgre usegridfields from td inner join td2 on td.tdstamp=td2.td2stamp where td.ndoc = 1
20240731@214920.6293 qej4b8l64e62upepd4ndgvlqde Query : use flama_phc
20240731@214920.6296 qej4b8l64e62upepd4ndgvlqde Query : select top 1 ~inactivo valor from cl where no = '100810' and estab = 0 order by inactivo desc
20240731@214920.6325 qej4b8l64e62upepd4ndgvlqde Query : use flama_phc
20240731@214920.6327 qej4b8l64e62upepd4ndgvlqde Query : select top 1 tipodoc,regrd from td where ndoc = 39
20240731@214920.6357 qej4b8l64e62upepd4ndgvlqde Query : use flama_phc
20240731@214920.6360 qej4b8l64e62upepd4ndgvlqde Query : select szadrsstamp valor from szadrs where szadrsdesc='espaÇotrans,lda'
20240731@214920.6554 qej4b8l64e62upepd4ndgvlqde Query : use flama_phc
20240731@214920.6595 qej4b8l64e62upepd4ndgvlqde Query : select szadrsstamp valor from szadrs where szadrsdesc='100810 - worten-equipamentos para o lar,sa.'
20240731@214920.7561 qej4b8l64e62upepd4ndgvlqde Query : use flama_phc
20240731@214920.7565 qej4b8l64e62upepd4ndgvlqde Query : select 1 valor from td where ndoc = 39
20240731@214920.7579 qej4b8l64e62upepd4ndgvlqde Query : select top 1 manternumero, tiposaft, nmdos,td.assinadoc from td where td.ndoc = 39
20240731@214920.7593 qej4b8l64e62upepd4ndgvlqde Query : select 1 valor from information_schema.tables where table_type='base table' and table_name='wstablefields'
20240731@214920.7612 qej4b8l64e62upepd4ndgvlqde Query : select fieldkey,fieldname,fieldtype,mandatory from wstablefields where tablename = 'ft' and documentnumber = 39
20240731@214920.7633 qej4b8l64e62upepd4ndgvlqde Query : select 1 valor from information_schema.tables where table_type='base table' and table_name='wstablefields'
20240731@214920.7649 qej4b8l64e62upepd4ndgvlqde Query : select fieldkey,fieldname,fieldtype,mandatory from wstablefields where tablename = 'ft2' and documentnumber = 39
20240731@214920.7680 qej4b8l64e62upepd4ndgvlqde Query : select 1 valor from information_schema.tables where table_type='base table' and table_name='wstablefields'
20240731@214920.7695 qej4b8l64e62upepd4ndgvlqde Query : select fieldkey,fieldname,fieldtype,mandatory from wstablefields where tablename = 'ft3' and documentnumber = 39
20240731@214920.7710 qej4b8l64e62upepd4ndgvlqde Query : select top 1 ft.fno valor from ft ft where ft.ndoc = 39 and ftano=2024 order by fno desc
20240731@214920.7801 qej4b8l64e62upepd4ndgvlqde Query : select top 1 ft.fno valor from wsftdata ft where ft.ndoc = 39 and ftano=2024 order by fno desc
20240731@214920.7813 qej4b8l64e62upepd4ndgvlqde Query : select 1 valor from information_schema.tables where table_type='base table' and table_name='wstablefields'
20240731@214920.7830 qej4b8l64e62upepd4ndgvlqde Query : select fieldkey,fieldname,fieldtype,calcformula from wstablefields where tablename = 'ft3' and documentnumber = 39
20240731@214920.7848 qej4b8l64e62upepd4ndgvlqde Query : insert into wsft3data (ft3stamp, ousrdata, ousrhora, usrdata,usrhora,ousrinis,usrinis,taxpointdt ) values ('aut66aaa5770966aaa350bc' ,getdate(),convert(char(8),convert (time,getdate())),getdate(),convert(char(8),convert (time,getdate())),'wsv','wsv',?)
20240731@214920.8023 qej4b8l64e62upepd4ndgvlqde Query : select 1 valor from information_schema.tables where table_type='base table' and table_name='wstablefields'
20240731@214920.8041 qej4b8l64e62upepd4ndgvlqde Query : select fieldkey,fieldname,fieldtype,calcformula from wstablefields where tablename = 'ft2' and documentnumber = 39
20240731@214920.8377 qej4b8l64e62upepd4ndgvlqde Query : select top 1 bo.u_nomeenv valor from bo where bo.bostamp=''
20240731@214920.8437 qej4b8l64e62upepd4ndgvlqde Query : select top 1 bo.u_moradaen valor from bo where bo.bostamp=''
20240731@214920.8451 qej4b8l64e62upepd4ndgvlqde Query : select top 1 bo.u_codposen valor from bo where bo.bostamp=''
20240731@214920.8464 qej4b8l64e62upepd4ndgvlqde Query : select top 1 bo.u_localenv valor from bo where bo.bostamp=''
20240731@214920.8476 qej4b8l64e62upepd4ndgvlqde Query : select top 1 bo.trab5 valor from bo where bo.bostamp=''
20240731@214920.8487 qej4b8l64e62upepd4ndgvlqde Query : select top 1 bo.serie valor from bo where bo.bostamp=''
20240731@214920.8501 qej4b8l64e62upepd4ndgvlqde Query : insert into wsft2data (ft2stamp, ousrdata,ousrhora, usrdata,usrhora,ousrinis,usrinis,u_nomeenv ,u_moradaen ,u_codposen ,u_localenv ,u_coddest ,u_codby ) values ('aut66aaa5770966aaa350bc',getdate(),convert(char(8),convert (time,getdate())),getdate(),convert(char(8),convert (time,getdate())),'wsv','wsv',?,?,?,?,?,?)
20240731@214920.8862 qej4b8l64e62upepd4ndgvlqde Query : select top 1 fno valor from wsftdata order by fno desc
20240731@214920.8970 qej4b8l64e62upepd4ndgvlqde Query : select 1 valor from information_schema.tables where table_type='base table' and table_name='wstablefields'
20240731@214920.8990 qej4b8l64e62upepd4ndgvlqde Query : select fieldkey,fieldname,fieldtype,calcformula from wstablefields where tablename = 'ft' and documentnumber = 39
20240731@214920.9016 qej4b8l64e62upepd4ndgvlqde Query : select 'normal' from dummy
20240731@214920.9034 qej4b8l64e62upepd4ndgvlqde Query : insert into wsftdata (ftstamp, ousrdata,ousrhora, usrdata,usrhora,ousrinis,usrinis,fno,no,estab,fdata,ndoc,moeda,cambio,cambiofixo,ftano,site ,classe ) values ('aut66aaa5770966aaa350bc',getdate(),convert(char(8),convert (time,getdate())),getdate(),convert(char(8),convert (time,getdate())),'wsv','wsv',120,100810,0,'2024-07-31',39,'euro',0,0,2024 ,?,?)
20240731@214920.9338 qej4b8l64e62upepd4ndgvlqde Query : use flama_phc
20240731@214920.9341 qej4b8l64e62upepd4ndgvlqde Query : select st.usalote valor from st where st.ref = '324.4743.00.1'
20240731@214920.9364 qej4b8l64e62upepd4ndgvlqde Query : select top 1 st.tabiva ,st.ivaincl ,st.stns ,st.uni2 ,st.familia ,isnull(tx.taxa, 0) txiva ,unidade ,usalote ,epcpond ,noserie ,conversao ,st.texteis from st left join taxasiva tx on st.tabiva = tx.codigo where st.ref = '324.4743.00.1'
20240731@214920.9510 qej4b8l64e62upepd4ndgvlqde Query : select 1 valor from information_schema.tables where table_type='base table' and table_name='wstablefields'
20240731@214920.9527 qej4b8l64e62upepd4ndgvlqde Query : select fieldkey,fieldname,fieldtype,mandatory from wstablefields where tablename = 'fi' and documentnumber = 39
20240731@214920.9557 qej4b8l64e62upepd4ndgvlqde Query : select 1 valor from information_schema.tables where table_type='base table' and table_name='wstablefields'
20240731@214920.9573 qej4b8l64e62upepd4ndgvlqde Query : select fieldkey,fieldname,fieldtype,mandatory from wstablefields where tablename = 'fi2' and documentnumber = 39
20240731@214920.9584 qej4b8l64e62upepd4ndgvlqde Query : select top 1 convert(numeric(6,2),t.taxa) valor from taxasiva t where t.codigo='2'
20240731@214920.9598 qej4b8l64e62upepd4ndgvlqde Query : select sestamp valor from se where ref ='324.4743.00.1' and lote = 'r2200085100a'
20240731@214920.9632 qej4b8l64e62upepd4ndgvlqde Query : select 1 valor from information_schema.tables where table_type='base table' and table_name='wstablefields'
20240731@214920.9654 qej4b8l64e62upepd4ndgvlqde Query : select fieldkey,fieldname,fieldtype,calcformula from wstablefields where tablename = 'fi2' and documentnumber = 39
20240731@214920.9670 qej4b8l64e62upepd4ndgvlqde Query : insert into wsfi2data (fi2stamp,ftstamp ,ousrdata, ousrhora, usrdata,usrhora,ousrinis,usrinis) values ('aut66aaa6233366aaa350eb','aut66aaa5770966aaa350bc' ,getdate(),convert(char(8),convert (time,getdate())),getdate(),convert(char(8),convert (time,getdate())),'wsv','wsv')
20240731@214920.9675 qej4b8l64e62upepd4ndgvlqde Query : select 1 valor from information_schema.tables where table_type='base table' and table_name='wstablefields'
20240731@214920.9694 qej4b8l64e62upepd4ndgvlqde Query : select fieldkey,fieldname,fieldtype,calcformula from wstablefields where tablename = 'fi' and documentnumber = 39
20240731@214920.9726 qej4b8l64e62upepd4ndgvlqde Query : insert into wsfidata (fistamp,ousrdata, ousrhora, usrdata,usrhora,ousrinis,usrinis ,qtt ,ftstamp ,epv,pvmoeda ,tabiva,iva,lordem ,ref, design ,lote,armazem,bistamp ) values ('aut66aaa6233366aaa350eb',getdate(),convert(char(8),convert (time,getdate())),getdate(),convert(char(8),convert (time,getdate())),'wsv','wsv',28.000 ,'aut66aaa5770966aaa350bc' ,0,0 ,2,23.00,10000,?,?,?,?,?)
20240731@214921.8000 qej4b8l64e62upepd4ndgvlqde Query : use flama_phc
20240731@214921.1100 qej4b8l64e62upepd4ndgvlqde Query : select st.usalote valor from st where st.ref = '324.4743.00.1'
20240731@214921.3600 qej4b8l64e62upepd4ndgvlqde Query : select top 1 st.tabiva ,st.ivaincl ,st.stns ,st.uni2 ,st.familia ,isnull(tx.taxa, 0) txiva ,unidade ,usalote ,epcpond ,noserie ,conversao ,st.texteis from st left join taxasiva tx on st.tabiva = tx.codigo where st.ref = '324.4743.00.1'
20240731@214921.5300 qej4b8l64e62upepd4ndgvlqde Query : select 1 valor from information_schema.tables where table_type='base table' and table_name='wstablefields'
20240731@214921.7100 qej4b8l64e62upepd4ndgvlqde Query : select fieldkey,fieldname,fieldtype,mandatory from wstablefields where tablename = 'fi' and documentnumber = 39
20240731@214921.1000 qej4b8l64e62upepd4ndgvlqde Query : select 1 valor from information_schema.tables where table_type='base table' and table_name='wstablefields'
20240731@214921.1140 qej4b8l64e62upepd4ndgvlqde Query : select fieldkey,fieldname,fieldtype,mandatory from wstablefields where tablename = 'fi2' and documentnumber = 39
20240731@214921.1230 qej4b8l64e62upepd4ndgvlqde Query : select top 1 convert(numeric(6,2),t.taxa) valor from taxasiva t where t.codigo='2'
20240731@214921.1380 qej4b8l64e62upepd4ndgvlqde Query : select sestamp valor from se where ref ='324.4743.00.1' and lote = 'r2200085100a'
20240731@214921.1520 qej4b8l64e62upepd4ndgvlqde Query : select 1 valor from information_schema.tables where table_type='base table' and table_name='wstablefields'
20240731@214921.1670 qej4b8l64e62upepd4ndgvlqde Query : select fieldkey,fieldname,fieldtype,calcformula from wstablefields where tablename = 'fi2' and documentnumber = 39
20240731@214921.1800 qej4b8l64e62upepd4ndgvlqde Query : insert into wsfi2data (fi2stamp,ftstamp ,ousrdata, ousrhora, usrdata,usrhora,ousrinis,usrinis) values ('aut66aaa8539166aaa35103','aut66aaa5770966aaa350bc' ,getdate(),convert(char(8),convert (time,getdate())),getdate(),convert(char(8),convert (time,getdate())),'wsv','wsv')
20240731@214921.1840 qej4b8l64e62upepd4ndgvlqde Query : select 1 valor from information_schema.tables where table_type='base table' and table_name='wstablefields'
20240731@214921.1990 qej4b8l64e62upepd4ndgvlqde Query : select fieldkey,fieldname,fieldtype,calcformula from wstablefields where tablename = 'fi' and documentnumber = 39
20240731@214921.2310 qej4b8l64e62upepd4ndgvlqde Query : insert into wsfidata (fistamp,ousrdata, ousrhora, usrdata,usrhora,ousrinis,usrinis ,qtt ,ftstamp ,epv,pvmoeda ,tabiva,iva,lordem ,ref, design ,lote,armazem,bistamp ) values ('aut66aaa8539166aaa35103',getdate(),convert(char(8),convert (time,getdate())),getdate(),convert(char(8),convert (time,getdate())),'wsv','wsv',2.000 ,'aut66aaa5770966aaa350bc' ,0,0 ,2,23.00,20000,?,?,?,?,?)
20240731@214921.5150 qej4b8l64e62upepd4ndgvlqde Query : insert into wsftcreationlog (initialftstamp,externalid,creationstatus,documenttypeid,idustamp) values ('aut66aaa5770966aaa350bc','2405076','wait',39,'adm09112754980.682000002')
20240731@214921.9030 qej4b8l64e62upepd4ndgvlqde Query : use flama_phc
20240731@214921.9080 qej4b8l64e62upepd4ndgvlqde Query : update u_wsusers set rqsttoken =? where userid ='userls001'
20240731@214921.9460 qej4b8l64e62upepd4ndgvlqde Query : select concat(rtrim(relative_path),ltrim(name_new)) as valor from uploadfiles where uploadfile_id='1285';
20240731@214921.9780 qej4b8l64e62upepd4ndgvlqde Query : update uploadfiles set whenupdated=current_timestamp where uploadfile_id='1285';
20240731@214921.1019 qej4b8l64e62upepd4ndgvlqde Query : select concat(rtrim(relative_path),ltrim(name_new)) as valor from uploadfiles where uploadfile_id='1285';
20240731@214921.1045 qej4b8l64e62upepd4ndgvlqde Query : update uploadfiles set whenupdated=current_timestamp where uploadfile_id='1285';
20240731@214921.1623 pqao34r4hs31hahag4c0fjjslr Query : insert into uploadfiles ( name_original, name_new, option_type, relative_path, whencreated ) values ( ?, ?, ?, ?, getdate() )
20240731@214921.1635 pqao34r4hs31hahag4c0fjjslr Query : select uploadfile_id valor from uploadfiles where name_new = ? and option_type = ? 
20240731@214921.1693 pqao34r4hs31hahag4c0fjjslr Query : select concat(rtrim(relative_path),ltrim(name_new)) as valor from uploadfiles where uploadfile_id='1286';
20240731@214921.1751 pqao34r4hs31hahag4c0fjjslr Query : update uploadfiles set whenupdated=current_timestamp where uploadfile_id='1286';
20240731@214921.1803 pqao34r4hs31hahag4c0fjjslr Query : select concat(rtrim(relative_path),ltrim(name_new)) as valor from uploadfiles where uploadfile_id='1286';
20240731@214921.1831 pqao34r4hs31hahag4c0fjjslr Query : update uploadfiles set whenupdated=current_timestamp where uploadfile_id='1286';
20240731@214921.1880 pqao34r4hs31hahag4c0fjjslr Query : use flama_phc
20240731@214921.1884 pqao34r4hs31hahag4c0fjjslr Query : select top 1 secretkey valor from u_wsusers u where u.userid = ? and u.inactivo=0
20240731@214921.1955 pqao34r4hs31hahag4c0fjjslr Query : use flama_phc
20240731@214921.1958 pqao34r4hs31hahag4c0fjjslr Query : select no, estab,szadrsdesc from szadrs where u_coddest=4740
20240731@214921.2001 pqao34r4hs31hahag4c0fjjslr Query : select top 1 isnull(design,'') valor from st (nolock) left join stobs (nolock) on st.ref = stobs.ref where st.ref = '324.4751.00.1'
20240731@214921.2185 pqao34r4hs31hahag4c0fjjslr Query : select top 1 bistamp valor from bi inner join bo on bo.bostamp=bi.bostamp where bo.ndos =240 and bo.boano =2050 and bo.obrano = 2405077 and bi.ref ='324.4751.00.1' and bi.lordem =1
20240731@214921.2527 pqao34r4hs31hahag4c0fjjslr Query : select top 1 isnull(design,'') valor from st (nolock) left join stobs (nolock) on st.ref = stobs.ref where st.ref = '324.4751.00.1'
20240731@214921.2556 pqao34r4hs31hahag4c0fjjslr Query : select top 1 bistamp valor from bi inner join bo on bo.bostamp=bi.bostamp where bo.ndos =240 and bo.boano =2050 and bo.obrano = 2405077 and bi.ref ='324.4751.00.1' and bi.lordem =1
20240731@214921.2576 pqao34r4hs31hahag4c0fjjslr Query : select top 1 isnull(design,'') valor from st (nolock) left join stobs (nolock) on st.ref = stobs.ref where st.ref = '324.4751.00.1'
20240731@214921.2599 pqao34r4hs31hahag4c0fjjslr Query : select top 1 bistamp valor from bi inner join bo on bo.bostamp=bi.bostamp where bo.ndos =240 and bo.boano =2050 and bo.obrano = 2405077 and bi.ref ='324.4751.00.1' and bi.lordem =1
20240731@214921.2620 pqao34r4hs31hahag4c0fjjslr Query : use flama_phc
20240731@214921.2624 pqao34r4hs31hahag4c0fjjslr Query : select top 1 convert(date,fdata) valor from ft where ndoc = 39 and anulado= 0 and fno>0 order by fdata desc
20240731@214921.2663 pqao34r4hs31hahag4c0fjjslr Query : use flama_phc
20240731@214921.2667 pqao34r4hs31hahag4c0fjjslr Query : select top 1 1 valor from td where td.ndoc = 39
20240731@214921.2701 pqao34r4hs31hahag4c0fjjslr Query : use flama_phc
20240731@214921.2705 pqao34r4hs31hahag4c0fjjslr Query : select lower(descricao) descricao ,case when valor='s' then 1 else 0 end valor from para1 where descricao in ('st_lote','st_usalogifunc', 'st_grelha')
20240731@214921.2738 pqao34r4hs31hahag4c0fjjslr Query : select top 1 manternumero ,assinadoc issigned ,tiposaft ,assinaimp ,nmdos ,td.assinadoc ,'cl' origin ,lancasl stocks ,case when cmsl<50 and td.lancasl=1 then 1 else 0 end entrada ,case when cmsl>50 and td.lancasl=1 then 1 else 0 end saida ,temserie assets ,~semgre usegridfields from td inner join td2 on td.tdstamp=td2.td2stamp where td.ndoc = 1
20240731@214921.2786 pqao34r4hs31hahag4c0fjjslr Query : use flama_phc
20240731@214921.2791 pqao34r4hs31hahag4c0fjjslr Query : select top 1 ~inactivo valor from cl where no = '100810' and estab = 0 order by inactivo desc
20240731@214921.2837 pqao34r4hs31hahag4c0fjjslr Query : use flama_phc
20240731@214921.2841 pqao34r4hs31hahag4c0fjjslr Query : select top 1 tipodoc,regrd from td where ndoc = 39
20240731@214921.2892 pqao34r4hs31hahag4c0fjjslr Query : use flama_phc
20240731@214921.2897 pqao34r4hs31hahag4c0fjjslr Query : select szadrsstamp valor from szadrs where szadrsdesc='espaÇotrans,lda'
20240731@214921.2941 pqao34r4hs31hahag4c0fjjslr Query : use flama_phc
20240731@214921.2945 pqao34r4hs31hahag4c0fjjslr Query : select szadrsstamp valor from szadrs where szadrsdesc='100810 - worten-equipamentos para o lar,sa.'
20240731@214921.3050 pqao34r4hs31hahag4c0fjjslr Query : use flama_phc
20240731@214921.3055 pqao34r4hs31hahag4c0fjjslr Query : select 1 valor from td where ndoc = 39
20240731@214921.3071 pqao34r4hs31hahag4c0fjjslr Query : select top 1 manternumero, tiposaft, nmdos,td.assinadoc from td where td.ndoc = 39
20240731@214921.3088 pqao34r4hs31hahag4c0fjjslr Query : select 1 valor from information_schema.tables where table_type='base table' and table_name='wstablefields'
20240731@214921.3107 pqao34r4hs31hahag4c0fjjslr Query : select fieldkey,fieldname,fieldtype,mandatory from wstablefields where tablename = 'ft' and documentnumber = 39
20240731@214921.3129 pqao34r4hs31hahag4c0fjjslr Query : select 1 valor from information_schema.tables where table_type='base table' and table_name='wstablefields'
20240731@214921.3149 pqao34r4hs31hahag4c0fjjslr Query : select fieldkey,fieldname,fieldtype,mandatory from wstablefields where tablename = 'ft2' and documentnumber = 39
20240731@214921.3184 pqao34r4hs31hahag4c0fjjslr Query : select 1 valor from information_schema.tables where table_type='base table' and table_name='wstablefields'
20240731@214921.3203 pqao34r4hs31hahag4c0fjjslr Query : select fieldkey,fieldname,fieldtype,mandatory from wstablefields where tablename = 'ft3' and documentnumber = 39
20240731@214921.3219 pqao34r4hs31hahag4c0fjjslr Query : select top 1 ft.fno valor from ft ft where ft.ndoc = 39 and ftano=2024 order by fno desc
20240731@214921.3302 pqao34r4hs31hahag4c0fjjslr Query : select top 1 ft.fno valor from wsftdata ft where ft.ndoc = 39 and ftano=2024 order by fno desc
20240731@214921.3338 pqao34r4hs31hahag4c0fjjslr Query : select 1 valor from information_schema.tables where table_type='base table' and table_name='wstablefields'
20240731@214921.3423 pqao34r4hs31hahag4c0fjjslr Query : select fieldkey,fieldname,fieldtype,calcformula from wstablefields where tablename = 'ft3' and documentnumber = 39
20240731@214921.3688 pqao34r4hs31hahag4c0fjjslr Query : insert into wsft3data (ft3stamp, ousrdata, ousrhora, usrdata,usrhora,ousrinis,usrinis,taxpointdt ) values ('aut66aaa4073166aaa3514e' ,getdate(),convert(char(8),convert (time,getdate())),getdate(),convert(char(8),convert (time,getdate())),'wsv','wsv',?)
20240731@214921.3921 pqao34r4hs31hahag4c0fjjslr Query : select 1 valor from information_schema.tables where table_type='base table' and table_name='wstablefields'
20240731@214921.3938 pqao34r4hs31hahag4c0fjjslr Query : select fieldkey,fieldname,fieldtype,calcformula from wstablefields where tablename = 'ft2' and documentnumber = 39
20240731@214921.3974 pqao34r4hs31hahag4c0fjjslr Query : select top 1 bo.u_nomeenv valor from bo where bo.bostamp=''
20240731@214921.3987 pqao34r4hs31hahag4c0fjjslr Query : select top 1 bo.u_moradaen valor from bo where bo.bostamp=''
20240731@214921.4000 pqao34r4hs31hahag4c0fjjslr Query : select top 1 bo.u_codposen valor from bo where bo.bostamp=''
20240731@214921.4013 pqao34r4hs31hahag4c0fjjslr Query : select top 1 bo.u_localenv valor from bo where bo.bostamp=''
20240731@214921.4026 pqao34r4hs31hahag4c0fjjslr Query : select top 1 bo.trab5 valor from bo where bo.bostamp=''
20240731@214921.4038 pqao34r4hs31hahag4c0fjjslr Query : select top 1 bo.serie valor from bo where bo.bostamp=''
20240731@214921.4051 pqao34r4hs31hahag4c0fjjslr Query : insert into wsft2data (ft2stamp, ousrdata,ousrhora, usrdata,usrhora,ousrinis,usrinis,u_nomeenv ,u_moradaen ,u_codposen ,u_localenv ,u_coddest ,u_codby ) values ('aut66aaa4073166aaa3514e',getdate(),convert(char(8),convert (time,getdate())),getdate(),convert(char(8),convert (time,getdate())),'wsv','wsv',?,?,?,?,?,?)
20240731@214921.4375 pqao34r4hs31hahag4c0fjjslr Query : select top 1 fno valor from wsftdata order by fno desc
20240731@214921.4390 pqao34r4hs31hahag4c0fjjslr Query : select 1 valor from information_schema.tables where table_type='base table' and table_name='wstablefields'
20240731@214921.4408 pqao34r4hs31hahag4c0fjjslr Query : select fieldkey,fieldname,fieldtype,calcformula from wstablefields where tablename = 'ft' and documentnumber = 39
20240731@214921.4431 pqao34r4hs31hahag4c0fjjslr Query : select 'normal' from dummy
20240731@214921.4447 pqao34r4hs31hahag4c0fjjslr Query : insert into wsftdata (ftstamp, ousrdata,ousrhora, usrdata,usrhora,ousrinis,usrinis,fno,no,estab,fdata,ndoc,moeda,cambio,cambiofixo,ftano,site ,classe ) values ('aut66aaa4073166aaa3514e',getdate(),convert(char(8),convert (time,getdate())),getdate(),convert(char(8),convert (time,getdate())),'wsv','wsv',121,100810,0,'2024-07-31',39,'euro',0,0,2024 ,?,?)
20240731@214921.4741 pqao34r4hs31hahag4c0fjjslr Query : use flama_phc
20240731@214921.4744 pqao34r4hs31hahag4c0fjjslr Query : select st.usalote valor from st where st.ref = '324.4751.00.1'
20240731@214921.4767 pqao34r4hs31hahag4c0fjjslr Query : select top 1 st.tabiva ,st.ivaincl ,st.stns ,st.uni2 ,st.familia ,isnull(tx.taxa, 0) txiva ,unidade ,usalote ,epcpond ,noserie ,conversao ,st.texteis from st left join taxasiva tx on st.tabiva = tx.codigo where st.ref = '324.4751.00.1'
20240731@214921.4912 pqao34r4hs31hahag4c0fjjslr Query : select 1 valor from information_schema.tables where table_type='base table' and table_name='wstablefields'
20240731@214921.4927 pqao34r4hs31hahag4c0fjjslr Query : select fieldkey,fieldname,fieldtype,mandatory from wstablefields where tablename = 'fi' and documentnumber = 39
20240731@214921.4953 pqao34r4hs31hahag4c0fjjslr Query : select 1 valor from information_schema.tables where table_type='base table' and table_name='wstablefields'
20240731@214921.4967 pqao34r4hs31hahag4c0fjjslr Query : select fieldkey,fieldname,fieldtype,mandatory from wstablefields where tablename = 'fi2' and documentnumber = 39
20240731@214921.4976 pqao34r4hs31hahag4c0fjjslr Query : select top 1 convert(numeric(6,2),t.taxa) valor from taxasiva t where t.codigo='2'
20240731@214921.4988 pqao34r4hs31hahag4c0fjjslr Query : select sestamp valor from se where ref ='324.4751.00.1' and lote = 'r2400049200a'
20240731@214921.5001 pqao34r4hs31hahag4c0fjjslr Query : select 1 valor from information_schema.tables where table_type='base table' and table_name='wstablefields'
20240731@214921.5016 pqao34r4hs31hahag4c0fjjslr Query : select fieldkey,fieldname,fieldtype,calcformula from wstablefields where tablename = 'fi2' and documentnumber = 39
20240731@214921.5029 pqao34r4hs31hahag4c0fjjslr Query : insert into wsfi2data (fi2stamp,ftstamp ,ousrdata, ousrhora, usrdata,usrhora,ousrinis,usrinis) values ('aut66aaa4647566aaa3517a','aut66aaa4073166aaa3514e' ,getdate(),convert(char(8),convert (time,getdate())),getdate(),convert(char(8),convert (time,getdate())),'wsv','wsv')
20240731@214921.5033 pqao34r4hs31hahag4c0fjjslr Query : select 1 valor from information_schema.tables where table_type='base table' and table_name='wstablefields'
20240731@214921.5050 pqao34r4hs31hahag4c0fjjslr Query : select fieldkey,fieldname,fieldtype,calcformula from wstablefields where tablename = 'fi' and documentnumber = 39
20240731@214921.5082 pqao34r4hs31hahag4c0fjjslr Query : insert into wsfidata (fistamp,ousrdata, ousrhora, usrdata,usrhora,ousrinis,usrinis ,qtt ,ftstamp ,epv,pvmoeda ,tabiva,iva,lordem ,ref, design ,lote,armazem,bistamp ) values ('aut66aaa4647566aaa3517a',getdate(),convert(char(8),convert (time,getdate())),getdate(),convert(char(8),convert (time,getdate())),'wsv','wsv',4.000 ,'aut66aaa4073166aaa3514e' ,0,0 ,2,23.00,10000,?,?,?,?,?)
20240731@214921.5342 pqao34r4hs31hahag4c0fjjslr Query : use flama_phc
20240731@214921.5346 pqao34r4hs31hahag4c0fjjslr Query : select st.usalote valor from st where st.ref = '324.4751.00.1'
20240731@214921.5365 pqao34r4hs31hahag4c0fjjslr Query : select top 1 st.tabiva ,st.ivaincl ,st.stns ,st.uni2 ,st.familia ,isnull(tx.taxa, 0) txiva ,unidade ,usalote ,epcpond ,noserie ,conversao ,st.texteis from st left join taxasiva tx on st.tabiva = tx.codigo where st.ref = '324.4751.00.1'
20240731@214921.5380 pqao34r4hs31hahag4c0fjjslr Query : select 1 valor from information_schema.tables where table_type='base table' and table_name='wstablefields'
20240731@214921.5398 pqao34r4hs31hahag4c0fjjslr Query : select fieldkey,fieldname,fieldtype,mandatory from wstablefields where tablename = 'fi' and documentnumber = 39
20240731@214921.5425 pqao34r4hs31hahag4c0fjjslr Query : select 1 valor from information_schema.tables where table_type='base table' and table_name='wstablefields'
20240731@214921.5441 pqao34r4hs31hahag4c0fjjslr Query : select fieldkey,fieldname,fieldtype,mandatory from wstablefields where tablename = 'fi2' and documentnumber = 39
20240731@214921.5449 pqao34r4hs31hahag4c0fjjslr Query : select top 1 convert(numeric(6,2),t.taxa) valor from taxasiva t where t.codigo='2'
20240731@214921.5463 pqao34r4hs31hahag4c0fjjslr Query : select sestamp valor from se where ref ='324.4751.00.1' and lote = 'r2400049200a'
20240731@214921.5475 pqao34r4hs31hahag4c0fjjslr Query : select 1 valor from information_schema.tables where table_type='base table' and table_name='wstablefields'
20240731@214921.5490 pqao34r4hs31hahag4c0fjjslr Query : select fieldkey,fieldname,fieldtype,calcformula from wstablefields where tablename = 'fi2' and documentnumber = 39
20240731@214921.5503 pqao34r4hs31hahag4c0fjjslr Query : insert into wsfi2data (fi2stamp,ftstamp ,ousrdata, ousrhora, usrdata,usrhora,ousrinis,usrinis) values ('aut66aaa1161666aaa35185','aut66aaa4073166aaa3514e' ,getdate(),convert(char(8),convert (time,getdate())),getdate(),convert(char(8),convert (time,getdate())),'wsv','wsv')
20240731@214921.5507 pqao34r4hs31hahag4c0fjjslr Query : select 1 valor from information_schema.tables where table_type='base table' and table_name='wstablefields'
20240731@214921.5522 pqao34r4hs31hahag4c0fjjslr Query : select fieldkey,fieldname,fieldtype,calcformula from wstablefields where tablename = 'fi' and documentnumber = 39
20240731@214921.5552 pqao34r4hs31hahag4c0fjjslr Query : insert into wsfidata (fistamp,ousrdata, ousrhora, usrdata,usrhora,ousrinis,usrinis ,qtt ,ftstamp ,epv,pvmoeda ,tabiva,iva,lordem ,ref, design ,lote,armazem,bistamp ) values ('aut66aaa1161666aaa35185',getdate(),convert(char(8),convert (time,getdate())),getdate(),convert(char(8),convert (time,getdate())),'wsv','wsv',12.000 ,'aut66aaa4073166aaa3514e' ,0,0 ,2,23.00,20000,?,?,?,?,?)
20240731@214921.5825 pqao34r4hs31hahag4c0fjjslr Query : use flama_phc
20240731@214921.5828 pqao34r4hs31hahag4c0fjjslr Query : select st.usalote valor from st where st.ref = '324.4751.00.1'
20240731@214921.5850 pqao34r4hs31hahag4c0fjjslr Query : select top 1 st.tabiva ,st.ivaincl ,st.stns ,st.uni2 ,st.familia ,isnull(tx.taxa, 0) txiva ,unidade ,usalote ,epcpond ,noserie ,conversao ,st.texteis from st left join taxasiva tx on st.tabiva = tx.codigo where st.ref = '324.4751.00.1'
20240731@214921.5865 pqao34r4hs31hahag4c0fjjslr Query : select 1 valor from information_schema.tables where table_type='base table' and table_name='wstablefields'
20240731@214921.5883 pqao34r4hs31hahag4c0fjjslr Query : select fieldkey,fieldname,fieldtype,mandatory from wstablefields where tablename = 'fi' and documentnumber = 39
20240731@214921.5910 pqao34r4hs31hahag4c0fjjslr Query : select 1 valor from information_schema.tables where table_type='base table' and table_name='wstablefields'
20240731@214921.5925 pqao34r4hs31hahag4c0fjjslr Query : select fieldkey,fieldname,fieldtype,mandatory from wstablefields where tablename = 'fi2' and documentnumber = 39
20240731@214921.5933 pqao34r4hs31hahag4c0fjjslr Query : select top 1 convert(numeric(6,2),t.taxa) valor from taxasiva t where t.codigo='2'
20240731@214921.5945 pqao34r4hs31hahag4c0fjjslr Query : select sestamp valor from se where ref ='324.4751.00.1' and lote = 'r2400049200a'
20240731@214921.5958 pqao34r4hs31hahag4c0fjjslr Query : select 1 valor from information_schema.tables where table_type='base table' and table_name='wstablefields'
20240731@214921.5972 pqao34r4hs31hahag4c0fjjslr Query : select fieldkey,fieldname,fieldtype,calcformula from wstablefields where tablename = 'fi2' and documentnumber = 39
20240731@214921.5984 pqao34r4hs31hahag4c0fjjslr Query : insert into wsfi2data (fi2stamp,ftstamp ,ousrdata, ousrhora, usrdata,usrhora,ousrinis,usrinis) values ('aut66aaa9353566aaa35191','aut66aaa4073166aaa3514e' ,getdate(),convert(char(8),convert (time,getdate())),getdate(),convert(char(8),convert (time,getdate())),'wsv','wsv')
20240731@214921.5988 pqao34r4hs31hahag4c0fjjslr Query : select 1 valor from information_schema.tables where table_type='base table' and table_name='wstablefields'
20240731@214921.6003 pqao34r4hs31hahag4c0fjjslr Query : select fieldkey,fieldname,fieldtype,calcformula from wstablefields where tablename = 'fi' and documentnumber = 39
20240731@214921.6033 pqao34r4hs31hahag4c0fjjslr Query : insert into wsfidata (fistamp,ousrdata, ousrhora, usrdata,usrhora,ousrinis,usrinis ,qtt ,ftstamp ,epv,pvmoeda ,tabiva,iva,lordem ,ref, design ,lote,armazem,bistamp ) values ('aut66aaa9353566aaa35191',getdate(),convert(char(8),convert (time,getdate())),getdate(),convert(char(8),convert (time,getdate())),'wsv','wsv',32.000 ,'aut66aaa4073166aaa3514e' ,0,0 ,2,23.00,30000,?,?,?,?,?)
20240731@214921.7392 pqao34r4hs31hahag4c0fjjslr Query : insert into wsftcreationlog (initialftstamp,externalid,creationstatus,documenttypeid,idustamp) values ('aut66aaa4073166aaa3514e','2405077','wait',39,'adm09112754980.682000002')
20240731@214921.7517 pqao34r4hs31hahag4c0fjjslr Query : use flama_phc
20240731@214921.7520 pqao34r4hs31hahag4c0fjjslr Query : update u_wsusers set rqsttoken =? where userid ='userls001'
20240731@214921.7572 pqao34r4hs31hahag4c0fjjslr Query : select concat(rtrim(relative_path),ltrim(name_new)) as valor from uploadfiles where uploadfile_id='1286';
20240731@214921.7604 pqao34r4hs31hahag4c0fjjslr Query : update uploadfiles set whenupdated=current_timestamp where uploadfile_id='1286';
20240731@214921.7664 pqao34r4hs31hahag4c0fjjslr Query : select concat(rtrim(relative_path),ltrim(name_new)) as valor from uploadfiles where uploadfile_id='1286';
20240731@214921.7693 pqao34r4hs31hahag4c0fjjslr Query : update uploadfiles set whenupdated=current_timestamp where uploadfile_id='1286';
20240731@214921.8354 orbu6f3fbjb9ipq8cscsbflqr0 Query : insert into uploadfiles ( name_original, name_new, option_type, relative_path, whencreated ) values ( ?, ?, ?, ?, getdate() )
20240731@214921.8365 orbu6f3fbjb9ipq8cscsbflqr0 Query : select uploadfile_id valor from uploadfiles where name_new = ? and option_type = ? 
20240731@214921.8416 orbu6f3fbjb9ipq8cscsbflqr0 Query : select concat(rtrim(relative_path),ltrim(name_new)) as valor from uploadfiles where uploadfile_id='1287';
20240731@214921.8474 orbu6f3fbjb9ipq8cscsbflqr0 Query : update uploadfiles set whenupdated=current_timestamp where uploadfile_id='1287';
20240731@214921.8546 orbu6f3fbjb9ipq8cscsbflqr0 Query : select concat(rtrim(relative_path),ltrim(name_new)) as valor from uploadfiles where uploadfile_id='1287';
20240731@214921.8570 orbu6f3fbjb9ipq8cscsbflqr0 Query : update uploadfiles set whenupdated=current_timestamp where uploadfile_id='1287';
20240731@214921.8617 orbu6f3fbjb9ipq8cscsbflqr0 Query : use flama_phc
20240731@214921.8621 orbu6f3fbjb9ipq8cscsbflqr0 Query : select top 1 secretkey valor from u_wsusers u where u.userid = ? and u.inactivo=0
20240731@214921.8689 orbu6f3fbjb9ipq8cscsbflqr0 Query : use flama_phc
20240731@214921.8692 orbu6f3fbjb9ipq8cscsbflqr0 Query : select no, estab,szadrsdesc from szadrs where u_coddest=4740
20240731@214921.8794 orbu6f3fbjb9ipq8cscsbflqr0 Query : select top 1 isnull(design,'') valor from st (nolock) left join stobs (nolock) on st.ref = stobs.ref where st.ref = '324.682.00.01'
20240731@214921.8994 orbu6f3fbjb9ipq8cscsbflqr0 Query : select top 1 bistamp valor from bi inner join bo on bo.bostamp=bi.bostamp where bo.ndos =240 and bo.boano =2050 and bo.obrano = 2405078 and bi.ref ='324.682.00.01' and bi.lordem =1
20240731@214921.9333 orbu6f3fbjb9ipq8cscsbflqr0 Query : select top 1 isnull(design,'') valor from st (nolock) left join stobs (nolock) on st.ref = stobs.ref where st.ref = '324.682.00.01'
20240731@214921.9356 orbu6f3fbjb9ipq8cscsbflqr0 Query : select top 1 bistamp valor from bi inner join bo on bo.bostamp=bi.bostamp where bo.ndos =240 and bo.boano =2050 and bo.obrano = 2405078 and bi.ref ='324.682.00.01' and bi.lordem =1
20240731@214921.9372 orbu6f3fbjb9ipq8cscsbflqr0 Query : select top 1 isnull(design,'') valor from st (nolock) left join stobs (nolock) on st.ref = stobs.ref where st.ref = '324.682.00.01'
20240731@214921.9392 orbu6f3fbjb9ipq8cscsbflqr0 Query : select top 1 bistamp valor from bi inner join bo on bo.bostamp=bi.bostamp where bo.ndos =240 and bo.boano =2050 and bo.obrano = 2405078 and bi.ref ='324.682.00.01' and bi.lordem =1
20240731@214921.9410 orbu6f3fbjb9ipq8cscsbflqr0 Query : select top 1 isnull(design,'') valor from st (nolock) left join stobs (nolock) on st.ref = stobs.ref where st.ref = '324.682.00.01'
20240731@214921.9430 orbu6f3fbjb9ipq8cscsbflqr0 Query : select top 1 bistamp valor from bi inner join bo on bo.bostamp=bi.bostamp where bo.ndos =240 and bo.boano =2050 and bo.obrano = 2405078 and bi.ref ='324.682.00.01' and bi.lordem =1
20240731@214921.9447 orbu6f3fbjb9ipq8cscsbflqr0 Query : select top 1 isnull(design,'') valor from st (nolock) left join stobs (nolock) on st.ref = stobs.ref where st.ref = '324.682.00.01'
20240731@214921.9466 orbu6f3fbjb9ipq8cscsbflqr0 Query : select top 1 bistamp valor from bi inner join bo on bo.bostamp=bi.bostamp where bo.ndos =240 and bo.boano =2050 and bo.obrano = 2405078 and bi.ref ='324.682.00.01' and bi.lordem =1
20240731@214921.9483 orbu6f3fbjb9ipq8cscsbflqr0 Query : select top 1 isnull(design,'') valor from st (nolock) left join stobs (nolock) on st.ref = stobs.ref where st.ref = '324.682.00.01'
20240731@214921.9502 orbu6f3fbjb9ipq8cscsbflqr0 Query : select top 1 bistamp valor from bi inner join bo on bo.bostamp=bi.bostamp where bo.ndos =240 and bo.boano =2050 and bo.obrano = 2405078 and bi.ref ='324.682.00.01' and bi.lordem =1
20240731@214921.9519 orbu6f3fbjb9ipq8cscsbflqr0 Query : select top 1 isnull(design,'') valor from st (nolock) left join stobs (nolock) on st.ref = stobs.ref where st.ref = '324.682.00.01'
20240731@214921.9538 orbu6f3fbjb9ipq8cscsbflqr0 Query : select top 1 bistamp valor from bi inner join bo on bo.bostamp=bi.bostamp where bo.ndos =240 and bo.boano =2050 and bo.obrano = 2405078 and bi.ref ='324.682.00.01' and bi.lordem =1
20240731@214921.9557 orbu6f3fbjb9ipq8cscsbflqr0 Query : select top 1 isnull(design,'') valor from st (nolock) left join stobs (nolock) on st.ref = stobs.ref where st.ref = '324.682.00.01'
20240731@214921.9576 orbu6f3fbjb9ipq8cscsbflqr0 Query : select top 1 bistamp valor from bi inner join bo on bo.bostamp=bi.bostamp where bo.ndos =240 and bo.boano =2050 and bo.obrano = 2405078 and bi.ref ='324.682.00.01' and bi.lordem =1
20240731@214921.9592 orbu6f3fbjb9ipq8cscsbflqr0 Query : select top 1 isnull(design,'') valor from st (nolock) left join stobs (nolock) on st.ref = stobs.ref where st.ref = '324.682.00.01'
20240731@214921.9617 orbu6f3fbjb9ipq8cscsbflqr0 Query : select top 1 bistamp valor from bi inner join bo on bo.bostamp=bi.bostamp where bo.ndos =240 and bo.boano =2050 and bo.obrano = 2405078 and bi.ref ='324.682.00.01' and bi.lordem =1
20240731@214921.9639 orbu6f3fbjb9ipq8cscsbflqr0 Query : select top 1 isnull(design,'') valor from st (nolock) left join stobs (nolock) on st.ref = stobs.ref where st.ref = '324.682.00.01'
20240731@214921.9660 orbu6f3fbjb9ipq8cscsbflqr0 Query : select top 1 bistamp valor from bi inner join bo on bo.bostamp=bi.bostamp where bo.ndos =240 and bo.boano =2050 and bo.obrano = 2405078 and bi.ref ='324.682.00.01' and bi.lordem =1
20240731@214921.9679 orbu6f3fbjb9ipq8cscsbflqr0 Query : use flama_phc
20240731@214921.9682 orbu6f3fbjb9ipq8cscsbflqr0 Query : select top 1 convert(date,fdata) valor from ft where ndoc = 39 and anulado= 0 and fno>0 order by fdata desc
20240731@214921.9737 orbu6f3fbjb9ipq8cscsbflqr0 Query : use flama_phc
20240731@214921.9740 orbu6f3fbjb9ipq8cscsbflqr0 Query : select top 1 1 valor from td where td.ndoc = 39
20240731@214921.9771 orbu6f3fbjb9ipq8cscsbflqr0 Query : use flama_phc
20240731@214921.9774 orbu6f3fbjb9ipq8cscsbflqr0 Query : select lower(descricao) descricao ,case when valor='s' then 1 else 0 end valor from para1 where descricao in ('st_lote','st_usalogifunc', 'st_grelha')
20240731@214921.9807 orbu6f3fbjb9ipq8cscsbflqr0 Query : select top 1 manternumero ,assinadoc issigned ,tiposaft ,assinaimp ,nmdos ,td.assinadoc ,'cl' origin ,lancasl stocks ,case when cmsl<50 and td.lancasl=1 then 1 else 0 end entrada ,case when cmsl>50 and td.lancasl=1 then 1 else 0 end saida ,temserie assets ,~semgre usegridfields from td inner join td2 on td.tdstamp=td2.td2stamp where td.ndoc = 1
20240731@214921.9842 orbu6f3fbjb9ipq8cscsbflqr0 Query : use flama_phc
20240731@214921.9845 orbu6f3fbjb9ipq8cscsbflqr0 Query : select top 1 ~inactivo valor from cl where no = '100810' and estab = 0 order by inactivo desc
20240731@214921.9901 orbu6f3fbjb9ipq8cscsbflqr0 Query : use flama_phc
20240731@214921.9904 orbu6f3fbjb9ipq8cscsbflqr0 Query : select top 1 tipodoc,regrd from td where ndoc = 39
20240731@214921.9933 orbu6f3fbjb9ipq8cscsbflqr0 Query : use flama_phc
20240731@214921.9949 orbu6f3fbjb9ipq8cscsbflqr0 Query : select szadrsstamp valor from szadrs where szadrsdesc='espaÇotrans,lda'
20240731@214921.9993 orbu6f3fbjb9ipq8cscsbflqr0 Query : use flama_phc
20240731@214921.9996 orbu6f3fbjb9ipq8cscsbflqr0 Query : select szadrsstamp valor from szadrs where szadrsdesc='100810 - worten-equipamentos para o lar,sa.'
20240731@214922.4200 orbu6f3fbjb9ipq8cscsbflqr0 Query : use flama_phc
20240731@214922.4500 orbu6f3fbjb9ipq8cscsbflqr0 Query : select 1 valor from td where ndoc = 39
20240731@214922.6500 orbu6f3fbjb9ipq8cscsbflqr0 Query : select top 1 manternumero, tiposaft, nmdos,td.assinadoc from td where td.ndoc = 39
20240731@214922.8000 orbu6f3fbjb9ipq8cscsbflqr0 Query : select 1 valor from information_schema.tables where table_type='base table' and table_name='wstablefields'
20240731@214922.9600 orbu6f3fbjb9ipq8cscsbflqr0 Query : select fieldkey,fieldname,fieldtype,mandatory from wstablefields where tablename = 'ft' and documentnumber = 39
20240731@214922.1150 orbu6f3fbjb9ipq8cscsbflqr0 Query : select 1 valor from information_schema.tables where table_type='base table' and table_name='wstablefields'
20240731@214922.1310 orbu6f3fbjb9ipq8cscsbflqr0 Query : select fieldkey,fieldname,fieldtype,mandatory from wstablefields where tablename = 'ft2' and documentnumber = 39
20240731@214922.1640 orbu6f3fbjb9ipq8cscsbflqr0 Query : select 1 valor from information_schema.tables where table_type='base table' and table_name='wstablefields'
20240731@214922.1790 orbu6f3fbjb9ipq8cscsbflqr0 Query : select fieldkey,fieldname,fieldtype,mandatory from wstablefields where tablename = 'ft3' and documentnumber = 39
20240731@214922.1940 orbu6f3fbjb9ipq8cscsbflqr0 Query : select top 1 ft.fno valor from ft ft where ft.ndoc = 39 and ftano=2024 order by fno desc
20240731@214922.2650 orbu6f3fbjb9ipq8cscsbflqr0 Query : select top 1 ft.fno valor from wsftdata ft where ft.ndoc = 39 and ftano=2024 order by fno desc
20240731@214922.2790 orbu6f3fbjb9ipq8cscsbflqr0 Query : select 1 valor from information_schema.tables where table_type='base table' and table_name='wstablefields'
20240731@214922.2930 orbu6f3fbjb9ipq8cscsbflqr0 Query : select fieldkey,fieldname,fieldtype,calcformula from wstablefields where tablename = 'ft3' and documentnumber = 39
20240731@214922.3100 orbu6f3fbjb9ipq8cscsbflqr0 Query : insert into wsft3data (ft3stamp, ousrdata, ousrhora, usrdata,usrhora,ousrinis,usrinis,taxpointdt ) values ('aut66aaa0821966aaa35204' ,getdate(),convert(char(8),convert (time,getdate())),getdate(),convert(char(8),convert (time,getdate())),'wsv','wsv',?)
20240731@214922.5010 orbu6f3fbjb9ipq8cscsbflqr0 Query : select 1 valor from information_schema.tables where table_type='base table' and table_name='wstablefields'
20240731@214922.5280 orbu6f3fbjb9ipq8cscsbflqr0 Query : select fieldkey,fieldname,fieldtype,calcformula from wstablefields where tablename = 'ft2' and documentnumber = 39
20240731@214922.5660 orbu6f3fbjb9ipq8cscsbflqr0 Query : select top 1 bo.u_nomeenv valor from bo where bo.bostamp=''
20240731@214922.5860 orbu6f3fbjb9ipq8cscsbflqr0 Query : select top 1 bo.u_moradaen valor from bo where bo.bostamp=''
20240731@214922.6000 orbu6f3fbjb9ipq8cscsbflqr0 Query : select top 1 bo.u_codposen valor from bo where bo.bostamp=''
20240731@214922.6140 orbu6f3fbjb9ipq8cscsbflqr0 Query : select top 1 bo.u_localenv valor from bo where bo.bostamp=''
20240731@214922.6270 orbu6f3fbjb9ipq8cscsbflqr0 Query : select top 1 bo.trab5 valor from bo where bo.bostamp=''
20240731@214922.6400 orbu6f3fbjb9ipq8cscsbflqr0 Query : select top 1 bo.serie valor from bo where bo.bostamp=''
20240731@214922.6540 orbu6f3fbjb9ipq8cscsbflqr0 Query : insert into wsft2data (ft2stamp, ousrdata,ousrhora, usrdata,usrhora,ousrinis,usrinis,u_nomeenv ,u_moradaen ,u_codposen ,u_localenv ,u_coddest ,u_codby ) values ('aut66aaa0821966aaa35204',getdate(),convert(char(8),convert (time,getdate())),getdate(),convert(char(8),convert (time,getdate())),'wsv','wsv',?,?,?,?,?,?)
20240731@214922.9250 orbu6f3fbjb9ipq8cscsbflqr0 Query : select top 1 fno valor from wsftdata order by fno desc
20240731@214922.9420 orbu6f3fbjb9ipq8cscsbflqr0 Query : select 1 valor from information_schema.tables where table_type='base table' and table_name='wstablefields'
20240731@214922.9600 orbu6f3fbjb9ipq8cscsbflqr0 Query : select fieldkey,fieldname,fieldtype,calcformula from wstablefields where tablename = 'ft' and documentnumber = 39
20240731@214922.9840 orbu6f3fbjb9ipq8cscsbflqr0 Query : select 'normal' from dummy
20240731@214922.9990 orbu6f3fbjb9ipq8cscsbflqr0 Query : insert into wsftdata (ftstamp, ousrdata,ousrhora, usrdata,usrhora,ousrinis,usrinis,fno,no,estab,fdata,ndoc,moeda,cambio,cambiofixo,ftano,site ,classe ) values ('aut66aaa0821966aaa35204',getdate(),convert(char(8),convert (time,getdate())),getdate(),convert(char(8),convert (time,getdate())),'wsv','wsv',122,100810,0,'2024-07-31',39,'euro',0,0,2024 ,?,?)
20240731@214922.1335 orbu6f3fbjb9ipq8cscsbflqr0 Query : use flama_phc
20240731@214922.1338 orbu6f3fbjb9ipq8cscsbflqr0 Query : select st.usalote valor from st where st.ref = '324.682.00.01'
20240731@214922.1361 orbu6f3fbjb9ipq8cscsbflqr0 Query : select top 1 st.tabiva ,st.ivaincl ,st.stns ,st.uni2 ,st.familia ,isnull(tx.taxa, 0) txiva ,unidade ,usalote ,epcpond ,noserie ,conversao ,st.texteis from st left join taxasiva tx on st.tabiva = tx.codigo where st.ref = '324.682.00.01'
20240731@214922.1526 orbu6f3fbjb9ipq8cscsbflqr0 Query : select 1 valor from information_schema.tables where table_type='base table' and table_name='wstablefields'
20240731@214922.1542 orbu6f3fbjb9ipq8cscsbflqr0 Query : select fieldkey,fieldname,fieldtype,mandatory from wstablefields where tablename = 'fi' and documentnumber = 39
20240731@214922.1570 orbu6f3fbjb9ipq8cscsbflqr0 Query : select 1 valor from information_schema.tables where table_type='base table' and table_name='wstablefields'
20240731@214922.1586 orbu6f3fbjb9ipq8cscsbflqr0 Query : select fieldkey,fieldname,fieldtype,mandatory from wstablefields where tablename = 'fi2' and documentnumber = 39
20240731@214922.1594 orbu6f3fbjb9ipq8cscsbflqr0 Query : select top 1 convert(numeric(6,2),t.taxa) valor from taxasiva t where t.codigo='2'
20240731@214922.1608 orbu6f3fbjb9ipq8cscsbflqr0 Query : select sestamp valor from se where ref ='324.682.00.01' and lote = 'r2301181200a'
20240731@214922.1627 orbu6f3fbjb9ipq8cscsbflqr0 Query : select 1 valor from information_schema.tables where table_type='base table' and table_name='wstablefields'
20240731@214922.1642 orbu6f3fbjb9ipq8cscsbflqr0 Query : select fieldkey,fieldname,fieldtype,calcformula from wstablefields where tablename = 'fi2' and documentnumber = 39
20240731@214922.1654 orbu6f3fbjb9ipq8cscsbflqr0 Query : insert into wsfi2data (fi2stamp,ftstamp ,ousrdata, ousrhora, usrdata,usrhora,ousrinis,usrinis) values ('aut66aaa0267366aaa35227','aut66aaa0821966aaa35204' ,getdate(),convert(char(8),convert (time,getdate())),getdate(),convert(char(8),convert (time,getdate())),'wsv','wsv')
20240731@214922.1664 orbu6f3fbjb9ipq8cscsbflqr0 Query : select 1 valor from information_schema.tables where table_type='base table' and table_name='wstablefields'
20240731@214922.1678 orbu6f3fbjb9ipq8cscsbflqr0 Query : select fieldkey,fieldname,fieldtype,calcformula from wstablefields where tablename = 'fi' and documentnumber = 39
20240731@214922.1710 orbu6f3fbjb9ipq8cscsbflqr0 Query : insert into wsfidata (fistamp,ousrdata, ousrhora, usrdata,usrhora,ousrinis,usrinis ,qtt ,ftstamp ,epv,pvmoeda ,tabiva,iva,lordem ,ref, design ,lote,armazem,bistamp ) values ('aut66aaa0267366aaa35227',getdate(),convert(char(8),convert (time,getdate())),getdate(),convert(char(8),convert (time,getdate())),'wsv','wsv',24.000 ,'aut66aaa0821966aaa35204' ,0,0 ,2,23.00,10000,?,?,?,?,?)
20240731@214922.2012 orbu6f3fbjb9ipq8cscsbflqr0 Query : select 1 valor from information_schema.tables where table_type='base table' and table_name='wstablefields'
20240731@214922.2029 orbu6f3fbjb9ipq8cscsbflqr0 Query : select fieldkey,fieldname,fieldtype,mandatory from wstablefields where tablename = 'fi' and documentnumber = 39
20240731@214922.2056 orbu6f3fbjb9ipq8cscsbflqr0 Query : select 1 valor from information_schema.tables where table_type='base table' and table_name='wstablefields'
20240731@214922.2070 orbu6f3fbjb9ipq8cscsbflqr0 Query : select fieldkey,fieldname,fieldtype,mandatory from wstablefields where tablename = 'fi2' and documentnumber = 39
20240731@214922.2079 orbu6f3fbjb9ipq8cscsbflqr0 Query : select top 1 convert(numeric(6,2),t.taxa) valor from taxasiva t where t.codigo='2'
20240731@214922.2093 orbu6f3fbjb9ipq8cscsbflqr0 Query : select 1 valor from information_schema.tables where table_type='base table' and table_name='wstablefields'
20240731@214922.2109 orbu6f3fbjb9ipq8cscsbflqr0 Query : select fieldkey,fieldname,fieldtype,calcformula from wstablefields where tablename = 'fi2' and documentnumber = 39
20240731@214922.2121 orbu6f3fbjb9ipq8cscsbflqr0 Query : insert into wsfi2data (fi2stamp,ftstamp ,ousrdata, ousrhora, usrdata,usrhora,ousrinis,usrinis) values ('aut66aaa0869866aaa35233','aut66aaa0821966aaa35204' ,getdate(),convert(char(8),convert (time,getdate())),getdate(),convert(char(8),convert (time,getdate())),'wsv','wsv')
20240731@214922.2125 orbu6f3fbjb9ipq8cscsbflqr0 Query : select 1 valor from information_schema.tables where table_type='base table' and table_name='wstablefields'
20240731@214922.2189 orbu6f3fbjb9ipq8cscsbflqr0 Query : select fieldkey,fieldname,fieldtype,calcformula from wstablefields where tablename = 'fi' and documentnumber = 39
20240731@214922.2320 orbu6f3fbjb9ipq8cscsbflqr0 Query : insert into wsfidata (fistamp,ousrdata, ousrhora, usrdata,usrhora,ousrinis,usrinis ,qtt ,ftstamp ,epv,pvmoeda ,tabiva,iva,lordem ,ref, design ,armazem) values ('aut66aaa0869866aaa35233',getdate(),convert(char(8),convert (time,getdate())),getdate(),convert(char(8),convert (time,getdate())),'wsv','wsv',0 ,'aut66aaa0821966aaa35204' ,0,0 ,2,23.00,20000,?,?,?)
20240731@214922.2818 orbu6f3fbjb9ipq8cscsbflqr0 Query : use flama_phc
20240731@214922.2822 orbu6f3fbjb9ipq8cscsbflqr0 Query : select st.usalote valor from st where st.ref = '324.682.00.01'
20240731@214922.2846 orbu6f3fbjb9ipq8cscsbflqr0 Query : select top 1 st.tabiva ,st.ivaincl ,st.stns ,st.uni2 ,st.familia ,isnull(tx.taxa, 0) txiva ,unidade ,usalote ,epcpond ,noserie ,conversao ,st.texteis from st left join taxasiva tx on st.tabiva = tx.codigo where st.ref = '324.682.00.01'
20240731@214922.2870 orbu6f3fbjb9ipq8cscsbflqr0 Query : select 1 valor from information_schema.tables where table_type='base table' and table_name='wstablefields'
20240731@214922.2968 orbu6f3fbjb9ipq8cscsbflqr0 Query : select fieldkey,fieldname,fieldtype,mandatory from wstablefields where tablename = 'fi' and documentnumber = 39
20240731@214922.3097 orbu6f3fbjb9ipq8cscsbflqr0 Query : select 1 valor from information_schema.tables where table_type='base table' and table_name='wstablefields'
20240731@214922.3152 orbu6f3fbjb9ipq8cscsbflqr0 Query : select fieldkey,fieldname,fieldtype,mandatory from wstablefields where tablename = 'fi2' and documentnumber = 39
20240731@214922.3174 orbu6f3fbjb9ipq8cscsbflqr0 Query : select top 1 convert(numeric(6,2),t.taxa) valor from taxasiva t where t.codigo='2'
20240731@214922.3208 orbu6f3fbjb9ipq8cscsbflqr0 Query : select sestamp valor from se where ref ='324.682.00.01' and lote = 'r2301181200a'
20240731@214922.3238 orbu6f3fbjb9ipq8cscsbflqr0 Query : select 1 valor from information_schema.tables where table_type='base table' and table_name='wstablefields'
20240731@214922.3272 orbu6f3fbjb9ipq8cscsbflqr0 Query : select fieldkey,fieldname,fieldtype,calcformula from wstablefields where tablename = 'fi2' and documentnumber = 39
20240731@214922.3299 orbu6f3fbjb9ipq8cscsbflqr0 Query : insert into wsfi2data (fi2stamp,ftstamp ,ousrdata, ousrhora, usrdata,usrhora,ousrinis,usrinis) values ('aut66aaa9489366aaa3524f','aut66aaa0821966aaa35204' ,getdate(),convert(char(8),convert (time,getdate())),getdate(),convert(char(8),convert (time,getdate())),'wsv','wsv')
20240731@214922.3306 orbu6f3fbjb9ipq8cscsbflqr0 Query : select 1 valor from information_schema.tables where table_type='base table' and table_name='wstablefields'
20240731@214922.3337 orbu6f3fbjb9ipq8cscsbflqr0 Query : select fieldkey,fieldname,fieldtype,calcformula from wstablefields where tablename = 'fi' and documentnumber = 39
20240731@214922.3415 orbu6f3fbjb9ipq8cscsbflqr0 Query : insert into wsfidata (fistamp,ousrdata, ousrhora, usrdata,usrhora,ousrinis,usrinis ,qtt ,ftstamp ,epv,pvmoeda ,tabiva,iva,lordem ,ref, design ,lote,armazem,bistamp ) values ('aut66aaa9489366aaa3524f',getdate(),convert(char(8),convert (time,getdate())),getdate(),convert(char(8),convert (time,getdate())),'wsv','wsv',24.000 ,'aut66aaa0821966aaa35204' ,0,0 ,2,23.00,40000,?,?,?,?,?)
20240731@214922.3741 orbu6f3fbjb9ipq8cscsbflqr0 Query : select 1 valor from information_schema.tables where table_type='base table' and table_name='wstablefields'
20240731@214922.3769 orbu6f3fbjb9ipq8cscsbflqr0 Query : select fieldkey,fieldname,fieldtype,mandatory from wstablefields where tablename = 'fi' and documentnumber = 39
20240731@214922.3849 orbu6f3fbjb9ipq8cscsbflqr0 Query : select 1 valor from information_schema.tables where table_type='base table' and table_name='wstablefields'
20240731@214922.3867 orbu6f3fbjb9ipq8cscsbflqr0 Query : select fieldkey,fieldname,fieldtype,mandatory from wstablefields where tablename = 'fi2' and documentnumber = 39
20240731@214922.3878 orbu6f3fbjb9ipq8cscsbflqr0 Query : select top 1 convert(numeric(6,2),t.taxa) valor from taxasiva t where t.codigo='2'
20240731@214922.3890 orbu6f3fbjb9ipq8cscsbflqr0 Query : select 1 valor from information_schema.tables where table_type='base table' and table_name='wstablefields'
20240731@214922.3907 orbu6f3fbjb9ipq8cscsbflqr0 Query : select fieldkey,fieldname,fieldtype,calcformula from wstablefields where tablename = 'fi2' and documentnumber = 39
20240731@214922.3926 orbu6f3fbjb9ipq8cscsbflqr0 Query : insert into wsfi2data (fi2stamp,ftstamp ,ousrdata, ousrhora, usrdata,usrhora,ousrinis,usrinis) values ('aut66aaa6005966aaa3525e','aut66aaa0821966aaa35204' ,getdate(),convert(char(8),convert (time,getdate())),getdate(),convert(char(8),convert (time,getdate())),'wsv','wsv')
20240731@214922.3930 orbu6f3fbjb9ipq8cscsbflqr0 Query : select 1 valor from information_schema.tables where table_type='base table' and table_name='wstablefields'
20240731@214922.3948 orbu6f3fbjb9ipq8cscsbflqr0 Query : select fieldkey,fieldname,fieldtype,calcformula from wstablefields where tablename = 'fi' and documentnumber = 39
20240731@214922.3977 orbu6f3fbjb9ipq8cscsbflqr0 Query : insert into wsfidata (fistamp,ousrdata, ousrhora, usrdata,usrhora,ousrinis,usrinis ,qtt ,ftstamp ,epv,pvmoeda ,tabiva,iva,lordem ,ref, design ,armazem) values ('aut66aaa6005966aaa3525e',getdate(),convert(char(8),convert (time,getdate())),getdate(),convert(char(8),convert (time,getdate())),'wsv','wsv',0 ,'aut66aaa0821966aaa35204' ,0,0 ,2,23.00,50000,?,?,?)
20240731@214922.4249 orbu6f3fbjb9ipq8cscsbflqr0 Query : use flama_phc
20240731@214922.4253 orbu6f3fbjb9ipq8cscsbflqr0 Query : select st.usalote valor from st where st.ref = '324.682.00.01'
20240731@214922.4273 orbu6f3fbjb9ipq8cscsbflqr0 Query : select top 1 st.tabiva ,st.ivaincl ,st.stns ,st.uni2 ,st.familia ,isnull(tx.taxa, 0) txiva ,unidade ,usalote ,epcpond ,noserie ,conversao ,st.texteis from st left join taxasiva tx on st.tabiva = tx.codigo where st.ref = '324.682.00.01'
20240731@214922.4287 orbu6f3fbjb9ipq8cscsbflqr0 Query : select 1 valor from information_schema.tables where table_type='base table' and table_name='wstablefields'
20240731@214922.4305 orbu6f3fbjb9ipq8cscsbflqr0 Query : select fieldkey,fieldname,fieldtype,mandatory from wstablefields where tablename = 'fi' and documentnumber = 39
20240731@214922.4330 orbu6f3fbjb9ipq8cscsbflqr0 Query : select 1 valor from information_schema.tables where table_type='base table' and table_name='wstablefields'
20240731@214922.4345 orbu6f3fbjb9ipq8cscsbflqr0 Query : select fieldkey,fieldname,fieldtype,mandatory from wstablefields where tablename = 'fi2' and documentnumber = 39
20240731@214922.4353 orbu6f3fbjb9ipq8cscsbflqr0 Query : select top 1 convert(numeric(6,2),t.taxa) valor from taxasiva t where t.codigo='2'
20240731@214922.4365 orbu6f3fbjb9ipq8cscsbflqr0 Query : select sestamp valor from se where ref ='324.682.00.01' and lote = 'r2301181200a'
20240731@214922.4379 orbu6f3fbjb9ipq8cscsbflqr0 Query : select 1 valor from information_schema.tables where table_type='base table' and table_name='wstablefields'
20240731@214922.4401 orbu6f3fbjb9ipq8cscsbflqr0 Query : select fieldkey,fieldname,fieldtype,calcformula from wstablefields where tablename = 'fi2' and documentnumber = 39
20240731@214922.4413 orbu6f3fbjb9ipq8cscsbflqr0 Query : insert into wsfi2data (fi2stamp,ftstamp ,ousrdata, ousrhora, usrdata,usrhora,ousrinis,usrinis) values ('aut66aaa6603466aaa3526a','aut66aaa0821966aaa35204' ,getdate(),convert(char(8),convert (time,getdate())),getdate(),convert(char(8),convert (time,getdate())),'wsv','wsv')
20240731@214922.4424 orbu6f3fbjb9ipq8cscsbflqr0 Query : select 1 valor from information_schema.tables where table_type='base table' and table_name='wstablefields'
20240731@214922.4438 orbu6f3fbjb9ipq8cscsbflqr0 Query : select fieldkey,fieldname,fieldtype,calcformula from wstablefields where tablename = 'fi' and documentnumber = 39
20240731@214922.4468 orbu6f3fbjb9ipq8cscsbflqr0 Query : insert into wsfidata (fistamp,ousrdata, ousrhora, usrdata,usrhora,ousrinis,usrinis ,qtt ,ftstamp ,epv,pvmoeda ,tabiva,iva,lordem ,ref, design ,lote,armazem,bistamp ) values ('aut66aaa6603466aaa3526a',getdate(),convert(char(8),convert (time,getdate())),getdate(),convert(char(8),convert (time,getdate())),'wsv','wsv',24.000 ,'aut66aaa0821966aaa35204' ,0,0 ,2,23.00,70000,?,?,?,?,?)
20240731@214922.4772 orbu6f3fbjb9ipq8cscsbflqr0 Query : select 1 valor from information_schema.tables where table_type='base table' and table_name='wstablefields'
20240731@214922.4791 orbu6f3fbjb9ipq8cscsbflqr0 Query : select fieldkey,fieldname,fieldtype,mandatory from wstablefields where tablename = 'fi' and documentnumber = 39
20240731@214922.4817 orbu6f3fbjb9ipq8cscsbflqr0 Query : select 1 valor from information_schema.tables where table_type='base table' and table_name='wstablefields'
20240731@214922.4832 orbu6f3fbjb9ipq8cscsbflqr0 Query : select fieldkey,fieldname,fieldtype,mandatory from wstablefields where tablename = 'fi2' and documentnumber = 39
20240731@214922.4840 orbu6f3fbjb9ipq8cscsbflqr0 Query : select top 1 convert(numeric(6,2),t.taxa) valor from taxasiva t where t.codigo='2'
20240731@214922.4855 orbu6f3fbjb9ipq8cscsbflqr0 Query : select 1 valor from information_schema.tables where table_type='base table' and table_name='wstablefields'
20240731@214922.4869 orbu6f3fbjb9ipq8cscsbflqr0 Query : select fieldkey,fieldname,fieldtype,calcformula from wstablefields where tablename = 'fi2' and documentnumber = 39
20240731@214922.4881 orbu6f3fbjb9ipq8cscsbflqr0 Query : insert into wsfi2data (fi2stamp,ftstamp ,ousrdata, ousrhora, usrdata,usrhora,ousrinis,usrinis) values ('aut66aaa3348166aaa35276','aut66aaa0821966aaa35204' ,getdate(),convert(char(8),convert (time,getdate())),getdate(),convert(char(8),convert (time,getdate())),'wsv','wsv')
20240731@214922.4885 orbu6f3fbjb9ipq8cscsbflqr0 Query : select 1 valor from information_schema.tables where table_type='base table' and table_name='wstablefields'
20240731@214922.4902 orbu6f3fbjb9ipq8cscsbflqr0 Query : select fieldkey,fieldname,fieldtype,calcformula from wstablefields where tablename = 'fi' and documentnumber = 39
20240731@214922.4931 orbu6f3fbjb9ipq8cscsbflqr0 Query : insert into wsfidata (fistamp,ousrdata, ousrhora, usrdata,usrhora,ousrinis,usrinis ,qtt ,ftstamp ,epv,pvmoeda ,tabiva,iva,lordem ,ref, design ,armazem) values ('aut66aaa3348166aaa35276',getdate(),convert(char(8),convert (time,getdate())),getdate(),convert(char(8),convert (time,getdate())),'wsv','wsv',0 ,'aut66aaa0821966aaa35204' ,0,0 ,2,23.00,80000,?,?,?)
20240731@214922.5197 orbu6f3fbjb9ipq8cscsbflqr0 Query : use flama_phc
20240731@214922.5201 orbu6f3fbjb9ipq8cscsbflqr0 Query : select st.usalote valor from st where st.ref = '324.682.00.01'
20240731@214922.5220 orbu6f3fbjb9ipq8cscsbflqr0 Query : select top 1 st.tabiva ,st.ivaincl ,st.stns ,st.uni2 ,st.familia ,isnull(tx.taxa, 0) txiva ,unidade ,usalote ,epcpond ,noserie ,conversao ,st.texteis from st left join taxasiva tx on st.tabiva = tx.codigo where st.ref = '324.682.00.01'
20240731@214922.5234 orbu6f3fbjb9ipq8cscsbflqr0 Query : select 1 valor from information_schema.tables where table_type='base table' and table_name='wstablefields'
20240731@214922.5249 orbu6f3fbjb9ipq8cscsbflqr0 Query : select fieldkey,fieldname,fieldtype,mandatory from wstablefields where tablename = 'fi' and documentnumber = 39
20240731@214922.5275 orbu6f3fbjb9ipq8cscsbflqr0 Query : select 1 valor from information_schema.tables where table_type='base table' and table_name='wstablefields'
20240731@214922.5290 orbu6f3fbjb9ipq8cscsbflqr0 Query : select fieldkey,fieldname,fieldtype,mandatory from wstablefields where tablename = 'fi2' and documentnumber = 39
20240731@214922.5299 orbu6f3fbjb9ipq8cscsbflqr0 Query : select top 1 convert(numeric(6,2),t.taxa) valor from taxasiva t where t.codigo='2'
20240731@214922.5312 orbu6f3fbjb9ipq8cscsbflqr0 Query : select sestamp valor from se where ref ='324.682.00.01' and lote = 'r2301181200a'
20240731@214922.5325 orbu6f3fbjb9ipq8cscsbflqr0 Query : select 1 valor from information_schema.tables where table_type='base table' and table_name='wstablefields'
20240731@214922.5339 orbu6f3fbjb9ipq8cscsbflqr0 Query : select fieldkey,fieldname,fieldtype,calcformula from wstablefields where tablename = 'fi2' and documentnumber = 39
20240731@214922.5350 orbu6f3fbjb9ipq8cscsbflqr0 Query : insert into wsfi2data (fi2stamp,ftstamp ,ousrdata, ousrhora, usrdata,usrhora,ousrinis,usrinis) values ('aut66aaa7833766aaa35282','aut66aaa0821966aaa35204' ,getdate(),convert(char(8),convert (time,getdate())),getdate(),convert(char(8),convert (time,getdate())),'wsv','wsv')
20240731@214922.5354 orbu6f3fbjb9ipq8cscsbflqr0 Query : select 1 valor from information_schema.tables where table_type='base table' and table_name='wstablefields'
20240731@214922.5369 orbu6f3fbjb9ipq8cscsbflqr0 Query : select fieldkey,fieldname,fieldtype,calcformula from wstablefields where tablename = 'fi' and documentnumber = 39
20240731@214922.5399 orbu6f3fbjb9ipq8cscsbflqr0 Query : insert into wsfidata (fistamp,ousrdata, ousrhora, usrdata,usrhora,ousrinis,usrinis ,qtt ,ftstamp ,epv,pvmoeda ,tabiva,iva,lordem ,ref, design ,lote,armazem,bistamp ) values ('aut66aaa7833766aaa35282',getdate(),convert(char(8),convert (time,getdate())),getdate(),convert(char(8),convert (time,getdate())),'wsv','wsv',24.000 ,'aut66aaa0821966aaa35204' ,0,0 ,2,23.00,100000,?,?,?,?,?)
20240731@214922.5868 orbu6f3fbjb9ipq8cscsbflqr0 Query : select 1 valor from information_schema.tables where table_type='base table' and table_name='wstablefields'
20240731@214922.5886 orbu6f3fbjb9ipq8cscsbflqr0 Query : select fieldkey,fieldname,fieldtype,mandatory from wstablefields where tablename = 'fi' and documentnumber = 39
20240731@214922.5912 orbu6f3fbjb9ipq8cscsbflqr0 Query : select 1 valor from information_schema.tables where table_type='base table' and table_name='wstablefields'
20240731@214922.5927 orbu6f3fbjb9ipq8cscsbflqr0 Query : select fieldkey,fieldname,fieldtype,mandatory from wstablefields where tablename = 'fi2' and documentnumber = 39
20240731@214922.5935 orbu6f3fbjb9ipq8cscsbflqr0 Query : select top 1 convert(numeric(6,2),t.taxa) valor from taxasiva t where t.codigo='2'
20240731@214922.5949 orbu6f3fbjb9ipq8cscsbflqr0 Query : select 1 valor from information_schema.tables where table_type='base table' and table_name='wstablefields'
20240731@214922.5964 orbu6f3fbjb9ipq8cscsbflqr0 Query : select fieldkey,fieldname,fieldtype,calcformula from wstablefields where tablename = 'fi2' and documentnumber = 39
20240731@214922.5976 orbu6f3fbjb9ipq8cscsbflqr0 Query : insert into wsfi2data (fi2stamp,ftstamp ,ousrdata, ousrhora, usrdata,usrhora,ousrinis,usrinis) values ('aut66aaa0414966aaa35291','aut66aaa0821966aaa35204' ,getdate(),convert(char(8),convert (time,getdate())),getdate(),convert(char(8),convert (time,getdate())),'wsv','wsv')
20240731@214922.5981 orbu6f3fbjb9ipq8cscsbflqr0 Query : select 1 valor from information_schema.tables where table_type='base table' and table_name='wstablefields'
20240731@214922.5997 orbu6f3fbjb9ipq8cscsbflqr0 Query : select fieldkey,fieldname,fieldtype,calcformula from wstablefields where tablename = 'fi' and documentnumber = 39
20240731@214922.6026 orbu6f3fbjb9ipq8cscsbflqr0 Query : insert into wsfidata (fistamp,ousrdata, ousrhora, usrdata,usrhora,ousrinis,usrinis ,qtt ,ftstamp ,epv,pvmoeda ,tabiva,iva,lordem ,ref, design ,armazem) values ('aut66aaa0414966aaa35291',getdate(),convert(char(8),convert (time,getdate())),getdate(),convert(char(8),convert (time,getdate())),'wsv','wsv',0 ,'aut66aaa0821966aaa35204' ,0,0 ,2,23.00,110000,?,?,?)
20240731@214922.6320 orbu6f3fbjb9ipq8cscsbflqr0 Query : use flama_phc
20240731@214922.6323 orbu6f3fbjb9ipq8cscsbflqr0 Query : select st.usalote valor from st where st.ref = '324.682.00.01'
20240731@214922.6344 orbu6f3fbjb9ipq8cscsbflqr0 Query : select top 1 st.tabiva ,st.ivaincl ,st.stns ,st.uni2 ,st.familia ,isnull(tx.taxa, 0) txiva ,unidade ,usalote ,epcpond ,noserie ,conversao ,st.texteis from st left join taxasiva tx on st.tabiva = tx.codigo where st.ref = '324.682.00.01'
20240731@214922.6358 orbu6f3fbjb9ipq8cscsbflqr0 Query : select 1 valor from information_schema.tables where table_type='base table' and table_name='wstablefields'
20240731@214922.6374 orbu6f3fbjb9ipq8cscsbflqr0 Query : select fieldkey,fieldname,fieldtype,mandatory from wstablefields where tablename = 'fi' and documentnumber = 39
20240731@214922.6400 orbu6f3fbjb9ipq8cscsbflqr0 Query : select 1 valor from information_schema.tables where table_type='base table' and table_name='wstablefields'
20240731@214922.6416 orbu6f3fbjb9ipq8cscsbflqr0 Query : select fieldkey,fieldname,fieldtype,mandatory from wstablefields where tablename = 'fi2' and documentnumber = 39
20240731@214922.6426 orbu6f3fbjb9ipq8cscsbflqr0 Query : select top 1 convert(numeric(6,2),t.taxa) valor from taxasiva t where t.codigo='2'
20240731@214922.6438 orbu6f3fbjb9ipq8cscsbflqr0 Query : select sestamp valor from se where ref ='324.682.00.01' and lote = 'r2301181200a'
20240731@214922.6452 orbu6f3fbjb9ipq8cscsbflqr0 Query : select 1 valor from information_schema.tables where table_type='base table' and table_name='wstablefields'
20240731@214922.6467 orbu6f3fbjb9ipq8cscsbflqr0 Query : select fieldkey,fieldname,fieldtype,calcformula from wstablefields where tablename = 'fi2' and documentnumber = 39
20240731@214922.6486 orbu6f3fbjb9ipq8cscsbflqr0 Query : insert into wsfi2data (fi2stamp,ftstamp ,ousrdata, ousrhora, usrdata,usrhora,ousrinis,usrinis) values ('aut66aaa1911466aaa3529d','aut66aaa0821966aaa35204' ,getdate(),convert(char(8),convert (time,getdate())),getdate(),convert(char(8),convert (time,getdate())),'wsv','wsv')
20240731@214922.6490 orbu6f3fbjb9ipq8cscsbflqr0 Query : select 1 valor from information_schema.tables where table_type='base table' and table_name='wstablefields'
20240731@214922.6505 orbu6f3fbjb9ipq8cscsbflqr0 Query : select fieldkey,fieldname,fieldtype,calcformula from wstablefields where tablename = 'fi' and documentnumber = 39
20240731@214922.6533 orbu6f3fbjb9ipq8cscsbflqr0 Query : insert into wsfidata (fistamp,ousrdata, ousrhora, usrdata,usrhora,ousrinis,usrinis ,qtt ,ftstamp ,epv,pvmoeda ,tabiva,iva,lordem ,ref, design ,lote,armazem,bistamp ) values ('aut66aaa1911466aaa3529d',getdate(),convert(char(8),convert (time,getdate())),getdate(),convert(char(8),convert (time,getdate())),'wsv','wsv',24.000 ,'aut66aaa0821966aaa35204' ,0,0 ,2,23.00,130000,?,?,?,?,?)
20240731@214922.6802 orbu6f3fbjb9ipq8cscsbflqr0 Query : select 1 valor from information_schema.tables where table_type='base table' and table_name='wstablefields'
20240731@214922.6822 orbu6f3fbjb9ipq8cscsbflqr0 Query : select fieldkey,fieldname,fieldtype,mandatory from wstablefields where tablename = 'fi' and documentnumber = 39
20240731@214922.6851 orbu6f3fbjb9ipq8cscsbflqr0 Query : select 1 valor from information_schema.tables where table_type='base table' and table_name='wstablefields'
20240731@214922.6867 orbu6f3fbjb9ipq8cscsbflqr0 Query : select fieldkey,fieldname,fieldtype,mandatory from wstablefields where tablename = 'fi2' and documentnumber = 39
20240731@214922.6875 orbu6f3fbjb9ipq8cscsbflqr0 Query : select top 1 convert(numeric(6,2),t.taxa) valor from taxasiva t where t.codigo='2'
20240731@214922.6888 orbu6f3fbjb9ipq8cscsbflqr0 Query : select 1 valor from information_schema.tables where table_type='base table' and table_name='wstablefields'
20240731@214922.6903 orbu6f3fbjb9ipq8cscsbflqr0 Query : select fieldkey,fieldname,fieldtype,calcformula from wstablefields where tablename = 'fi2' and documentnumber = 39
20240731@214922.6915 orbu6f3fbjb9ipq8cscsbflqr0 Query : insert into wsfi2data (fi2stamp,ftstamp ,ousrdata, ousrhora, usrdata,usrhora,ousrinis,usrinis) values ('aut66aaa4328766aaa352a8','aut66aaa0821966aaa35204' ,getdate(),convert(char(8),convert (time,getdate())),getdate(),convert(char(8),convert (time,getdate())),'wsv','wsv')
20240731@214922.6919 orbu6f3fbjb9ipq8cscsbflqr0 Query : select 1 valor from information_schema.tables where table_type='base table' and table_name='wstablefields'
20240731@214922.6933 orbu6f3fbjb9ipq8cscsbflqr0 Query : select fieldkey,fieldname,fieldtype,calcformula from wstablefields where tablename = 'fi' and documentnumber = 39
20240731@214922.6965 orbu6f3fbjb9ipq8cscsbflqr0 Query : insert into wsfidata (fistamp,ousrdata, ousrhora, usrdata,usrhora,ousrinis,usrinis ,qtt ,ftstamp ,epv,pvmoeda ,tabiva,iva,lordem ,ref, design ,armazem) values ('aut66aaa4328766aaa352a8',getdate(),convert(char(8),convert (time,getdate())),getdate(),convert(char(8),convert (time,getdate())),'wsv','wsv',0 ,'aut66aaa0821966aaa35204' ,0,0 ,2,23.00,140000,?,?,?)
20240731@214922.8384 orbu6f3fbjb9ipq8cscsbflqr0 Query : use flama_phc
20240731@214922.8389 orbu6f3fbjb9ipq8cscsbflqr0 Query : select st.usalote valor from st where st.ref = '324.682.00.01'
20240731@214922.8410 orbu6f3fbjb9ipq8cscsbflqr0 Query : select top 1 st.tabiva ,st.ivaincl ,st.stns ,st.uni2 ,st.familia ,isnull(tx.taxa, 0) txiva ,unidade ,usalote ,epcpond ,noserie ,conversao ,st.texteis from st left join taxasiva tx on st.tabiva = tx.codigo where st.ref = '324.682.00.01'
20240731@214922.8426 orbu6f3fbjb9ipq8cscsbflqr0 Query : select 1 valor from information_schema.tables where table_type='base table' and table_name='wstablefields'
20240731@214922.8443 orbu6f3fbjb9ipq8cscsbflqr0 Query : select fieldkey,fieldname,fieldtype,mandatory from wstablefields where tablename = 'fi' and documentnumber = 39
20240731@214922.8470 orbu6f3fbjb9ipq8cscsbflqr0 Query : select 1 valor from information_schema.tables where table_type='base table' and table_name='wstablefields'
20240731@214922.8484 orbu6f3fbjb9ipq8cscsbflqr0 Query : select fieldkey,fieldname,fieldtype,mandatory from wstablefields where tablename = 'fi2' and documentnumber = 39
20240731@214922.8492 orbu6f3fbjb9ipq8cscsbflqr0 Query : select top 1 convert(numeric(6,2),t.taxa) valor from taxasiva t where t.codigo='2'
20240731@214922.8505 orbu6f3fbjb9ipq8cscsbflqr0 Query : select sestamp valor from se where ref ='324.682.00.01' and lote = 'r2301181200a'
20240731@214922.8519 orbu6f3fbjb9ipq8cscsbflqr0 Query : select 1 valor from information_schema.tables where table_type='base table' and table_name='wstablefields'
20240731@214922.8533 orbu6f3fbjb9ipq8cscsbflqr0 Query : select fieldkey,fieldname,fieldtype,calcformula from wstablefields where tablename = 'fi2' and documentnumber = 39
20240731@214922.8544 orbu6f3fbjb9ipq8cscsbflqr0 Query : insert into wsfi2data (fi2stamp,ftstamp ,ousrdata, ousrhora, usrdata,usrhora,ousrinis,usrinis) values ('aut66aaa5614066aaa352cf','aut66aaa0821966aaa35204' ,getdate(),convert(char(8),convert (time,getdate())),getdate(),convert(char(8),convert (time,getdate())),'wsv','wsv')
20240731@214922.8549 orbu6f3fbjb9ipq8cscsbflqr0 Query : select 1 valor from information_schema.tables where table_type='base table' and table_name='wstablefields'
20240731@214922.8565 orbu6f3fbjb9ipq8cscsbflqr0 Query : select fieldkey,fieldname,fieldtype,calcformula from wstablefields where tablename = 'fi' and documentnumber = 39
20240731@214922.8594 orbu6f3fbjb9ipq8cscsbflqr0 Query : insert into wsfidata (fistamp,ousrdata, ousrhora, usrdata,usrhora,ousrinis,usrinis ,qtt ,ftstamp ,epv,pvmoeda ,tabiva,iva,lordem ,ref, design ,lote,armazem,bistamp ) values ('aut66aaa5614066aaa352cf',getdate(),convert(char(8),convert (time,getdate())),getdate(),convert(char(8),convert (time,getdate())),'wsv','wsv',24.000 ,'aut66aaa0821966aaa35204' ,0,0 ,2,23.00,160000,?,?,?,?,?)
20240731@214922.8894 orbu6f3fbjb9ipq8cscsbflqr0 Query : select 1 valor from information_schema.tables where table_type='base table' and table_name='wstablefields'
20240731@214922.8919 orbu6f3fbjb9ipq8cscsbflqr0 Query : select fieldkey,fieldname,fieldtype,mandatory from wstablefields where tablename = 'fi' and documentnumber = 39
20240731@214922.8944 orbu6f3fbjb9ipq8cscsbflqr0 Query : select 1 valor from information_schema.tables where table_type='base table' and table_name='wstablefields'
20240731@214922.8959 orbu6f3fbjb9ipq8cscsbflqr0 Query : select fieldkey,fieldname,fieldtype,mandatory from wstablefields where tablename = 'fi2' and documentnumber = 39
20240731@214922.8967 orbu6f3fbjb9ipq8cscsbflqr0 Query : select top 1 convert(numeric(6,2),t.taxa) valor from taxasiva t where t.codigo='2'
20240731@214922.8980 orbu6f3fbjb9ipq8cscsbflqr0 Query : select 1 valor from information_schema.tables where table_type='base table' and table_name='wstablefields'
20240731@214922.8995 orbu6f3fbjb9ipq8cscsbflqr0 Query : select fieldkey,fieldname,fieldtype,calcformula from wstablefields where tablename = 'fi2' and documentnumber = 39
20240731@214922.9006 orbu6f3fbjb9ipq8cscsbflqr0 Query : insert into wsfi2data (fi2stamp,ftstamp ,ousrdata, ousrhora, usrdata,usrhora,ousrinis,usrinis) values ('aut66aaa8726066aaa352db','aut66aaa0821966aaa35204' ,getdate(),convert(char(8),convert (time,getdate())),getdate(),convert(char(8),convert (time,getdate())),'wsv','wsv')
20240731@214922.9010 orbu6f3fbjb9ipq8cscsbflqr0 Query : select 1 valor from information_schema.tables where table_type='base table' and table_name='wstablefields'
20240731@214922.9026 orbu6f3fbjb9ipq8cscsbflqr0 Query : select fieldkey,fieldname,fieldtype,calcformula from wstablefields where tablename = 'fi' and documentnumber = 39
20240731@214922.9057 orbu6f3fbjb9ipq8cscsbflqr0 Query : insert into wsfidata (fistamp,ousrdata, ousrhora, usrdata,usrhora,ousrinis,usrinis ,qtt ,ftstamp ,epv,pvmoeda ,tabiva,iva,lordem ,ref, design ,armazem) values ('aut66aaa8726066aaa352db',getdate(),convert(char(8),convert (time,getdate())),getdate(),convert(char(8),convert (time,getdate())),'wsv','wsv',0 ,'aut66aaa0821966aaa35204' ,0,0 ,2,23.00,170000,?,?,?)
20240731@214922.9354 orbu6f3fbjb9ipq8cscsbflqr0 Query : use flama_phc
20240731@214922.9358 orbu6f3fbjb9ipq8cscsbflqr0 Query : select st.usalote valor from st where st.ref = '324.682.00.01'
20240731@214922.9379 orbu6f3fbjb9ipq8cscsbflqr0 Query : select top 1 st.tabiva ,st.ivaincl ,st.stns ,st.uni2 ,st.familia ,isnull(tx.taxa, 0) txiva ,unidade ,usalote ,epcpond ,noserie ,conversao ,st.texteis from st left join taxasiva tx on st.tabiva = tx.codigo where st.ref = '324.682.00.01'
20240731@214922.9395 orbu6f3fbjb9ipq8cscsbflqr0 Query : select 1 valor from information_schema.tables where table_type='base table' and table_name='wstablefields'
20240731@214922.9412 orbu6f3fbjb9ipq8cscsbflqr0 Query : select fieldkey,fieldname,fieldtype,mandatory from wstablefields where tablename = 'fi' and documentnumber = 39
20240731@214922.9446 orbu6f3fbjb9ipq8cscsbflqr0 Query : select 1 valor from information_schema.tables where table_type='base table' and table_name='wstablefields'
20240731@214922.9461 orbu6f3fbjb9ipq8cscsbflqr0 Query : select fieldkey,fieldname,fieldtype,mandatory from wstablefields where tablename = 'fi2' and documentnumber = 39
20240731@214922.9470 orbu6f3fbjb9ipq8cscsbflqr0 Query : select top 1 convert(numeric(6,2),t.taxa) valor from taxasiva t where t.codigo='2'
20240731@214922.9482 orbu6f3fbjb9ipq8cscsbflqr0 Query : select sestamp valor from se where ref ='324.682.00.01' and lote = 'r2301181200a'
20240731@214922.9496 orbu6f3fbjb9ipq8cscsbflqr0 Query : select 1 valor from information_schema.tables where table_type='base table' and table_name='wstablefields'
20240731@214922.9511 orbu6f3fbjb9ipq8cscsbflqr0 Query : select fieldkey,fieldname,fieldtype,calcformula from wstablefields where tablename = 'fi2' and documentnumber = 39
20240731@214922.9523 orbu6f3fbjb9ipq8cscsbflqr0 Query : insert into wsfi2data (fi2stamp,ftstamp ,ousrdata, ousrhora, usrdata,usrhora,ousrinis,usrinis) values ('aut66aaa4604066aaa352e7','aut66aaa0821966aaa35204' ,getdate(),convert(char(8),convert (time,getdate())),getdate(),convert(char(8),convert (time,getdate())),'wsv','wsv')
20240731@214922.9528 orbu6f3fbjb9ipq8cscsbflqr0 Query : select 1 valor from information_schema.tables where table_type='base table' and table_name='wstablefields'
20240731@214922.9543 orbu6f3fbjb9ipq8cscsbflqr0 Query : select fieldkey,fieldname,fieldtype,calcformula from wstablefields where tablename = 'fi' and documentnumber = 39
20240731@214922.9701 orbu6f3fbjb9ipq8cscsbflqr0 Query : insert into wsfidata (fistamp,ousrdata, ousrhora, usrdata,usrhora,ousrinis,usrinis ,qtt ,ftstamp ,epv,pvmoeda ,tabiva,iva,lordem ,ref, design ,lote,armazem,bistamp ) values ('aut66aaa4604066aaa352e7',getdate(),convert(char(8),convert (time,getdate())),getdate(),convert(char(8),convert (time,getdate())),'wsv','wsv',24.000 ,'aut66aaa0821966aaa35204' ,0,0 ,2,23.00,190000,?,?,?,?,?)
20240731@214923.3000 orbu6f3fbjb9ipq8cscsbflqr0 Query : select 1 valor from information_schema.tables where table_type='base table' and table_name='wstablefields'
20240731@214923.2300 orbu6f3fbjb9ipq8cscsbflqr0 Query : select fieldkey,fieldname,fieldtype,mandatory from wstablefields where tablename = 'fi' and documentnumber = 39
20240731@214923.5200 orbu6f3fbjb9ipq8cscsbflqr0 Query : select 1 valor from information_schema.tables where table_type='base table' and table_name='wstablefields'
20240731@214923.6900 orbu6f3fbjb9ipq8cscsbflqr0 Query : select fieldkey,fieldname,fieldtype,mandatory from wstablefields where tablename = 'fi2' and documentnumber = 39
20240731@214923.7900 orbu6f3fbjb9ipq8cscsbflqr0 Query : select top 1 convert(numeric(6,2),t.taxa) valor from taxasiva t where t.codigo='2'
20240731@214923.9300 orbu6f3fbjb9ipq8cscsbflqr0 Query : select 1 valor from information_schema.tables where table_type='base table' and table_name='wstablefields'
20240731@214923.1120 orbu6f3fbjb9ipq8cscsbflqr0 Query : select fieldkey,fieldname,fieldtype,calcformula from wstablefields where tablename = 'fi2' and documentnumber = 39
20240731@214923.1260 orbu6f3fbjb9ipq8cscsbflqr0 Query : insert into wsfi2data (fi2stamp,ftstamp ,ousrdata, ousrhora, usrdata,usrhora,ousrinis,usrinis) values ('aut66aaa1012966aaa35302','aut66aaa0821966aaa35204' ,getdate(),convert(char(8),convert (time,getdate())),getdate(),convert(char(8),convert (time,getdate())),'wsv','wsv')
20240731@214923.1320 orbu6f3fbjb9ipq8cscsbflqr0 Query : select 1 valor from information_schema.tables where table_type='base table' and table_name='wstablefields'
20240731@214923.1490 orbu6f3fbjb9ipq8cscsbflqr0 Query : select fieldkey,fieldname,fieldtype,calcformula from wstablefields where tablename = 'fi' and documentnumber = 39
20240731@214923.1820 orbu6f3fbjb9ipq8cscsbflqr0 Query : insert into wsfidata (fistamp,ousrdata, ousrhora, usrdata,usrhora,ousrinis,usrinis ,qtt ,ftstamp ,epv,pvmoeda ,tabiva,iva,lordem ,ref, design ,armazem) values ('aut66aaa1012966aaa35302',getdate(),convert(char(8),convert (time,getdate())),getdate(),convert(char(8),convert (time,getdate())),'wsv','wsv',0 ,'aut66aaa0821966aaa35204' ,0,0 ,2,23.00,200000,?,?,?)
20240731@214923.4880 orbu6f3fbjb9ipq8cscsbflqr0 Query : use flama_phc
20240731@214923.4920 orbu6f3fbjb9ipq8cscsbflqr0 Query : select st.usalote valor from st where st.ref = '324.682.00.01'
20240731@214923.5140 orbu6f3fbjb9ipq8cscsbflqr0 Query : select top 1 st.tabiva ,st.ivaincl ,st.stns ,st.uni2 ,st.familia ,isnull(tx.taxa, 0) txiva ,unidade ,usalote ,epcpond ,noserie ,conversao ,st.texteis from st left join taxasiva tx on st.tabiva = tx.codigo where st.ref = '324.682.00.01'
20240731@214923.5290 orbu6f3fbjb9ipq8cscsbflqr0 Query : select 1 valor from information_schema.tables where table_type='base table' and table_name='wstablefields'
20240731@214923.5470 orbu6f3fbjb9ipq8cscsbflqr0 Query : select fieldkey,fieldname,fieldtype,mandatory from wstablefields where tablename = 'fi' and documentnumber = 39
20240731@214923.5740 orbu6f3fbjb9ipq8cscsbflqr0 Query : select 1 valor from information_schema.tables where table_type='base table' and table_name='wstablefields'
20240731@214923.5910 orbu6f3fbjb9ipq8cscsbflqr0 Query : select fieldkey,fieldname,fieldtype,mandatory from wstablefields where tablename = 'fi2' and documentnumber = 39
20240731@214923.6000 orbu6f3fbjb9ipq8cscsbflqr0 Query : select top 1 convert(numeric(6,2),t.taxa) valor from taxasiva t where t.codigo='2'
20240731@214923.6130 orbu6f3fbjb9ipq8cscsbflqr0 Query : select sestamp valor from se where ref ='324.682.00.01' and lote = 'r2301181200a'
20240731@214923.6260 orbu6f3fbjb9ipq8cscsbflqr0 Query : select 1 valor from information_schema.tables where table_type='base table' and table_name='wstablefields'
20240731@214923.6420 orbu6f3fbjb9ipq8cscsbflqr0 Query : select fieldkey,fieldname,fieldtype,calcformula from wstablefields where tablename = 'fi2' and documentnumber = 39
20240731@214923.6550 orbu6f3fbjb9ipq8cscsbflqr0 Query : insert into wsfi2data (fi2stamp,ftstamp ,ousrdata, ousrhora, usrdata,usrhora,ousrinis,usrinis) values ('aut66aaa7670866aaa3530f','aut66aaa0821966aaa35204' ,getdate(),convert(char(8),convert (time,getdate())),getdate(),convert(char(8),convert (time,getdate())),'wsv','wsv')
20240731@214923.6610 orbu6f3fbjb9ipq8cscsbflqr0 Query : select 1 valor from information_schema.tables where table_type='base table' and table_name='wstablefields'
20240731@214923.6810 orbu6f3fbjb9ipq8cscsbflqr0 Query : select fieldkey,fieldname,fieldtype,calcformula from wstablefields where tablename = 'fi' and documentnumber = 39
20240731@214923.7110 orbu6f3fbjb9ipq8cscsbflqr0 Query : insert into wsfidata (fistamp,ousrdata, ousrhora, usrdata,usrhora,ousrinis,usrinis ,qtt ,ftstamp ,epv,pvmoeda ,tabiva,iva,lordem ,ref, design ,lote,armazem,bistamp ) values ('aut66aaa7670866aaa3530f',getdate(),convert(char(8),convert (time,getdate())),getdate(),convert(char(8),convert (time,getdate())),'wsv','wsv',24.000 ,'aut66aaa0821966aaa35204' ,0,0 ,2,23.00,220000,?,?,?,?,?)
20240731@214923.1017 orbu6f3fbjb9ipq8cscsbflqr0 Query : select 1 valor from information_schema.tables where table_type='base table' and table_name='wstablefields'
20240731@214923.1037 orbu6f3fbjb9ipq8cscsbflqr0 Query : select fieldkey,fieldname,fieldtype,mandatory from wstablefields where tablename = 'fi' and documentnumber = 39
20240731@214923.1066 orbu6f3fbjb9ipq8cscsbflqr0 Query : select 1 valor from information_schema.tables where table_type='base table' and table_name='wstablefields'
20240731@214923.1083 orbu6f3fbjb9ipq8cscsbflqr0 Query : select fieldkey,fieldname,fieldtype,mandatory from wstablefields where tablename = 'fi2' and documentnumber = 39
20240731@214923.1093 orbu6f3fbjb9ipq8cscsbflqr0 Query : select top 1 convert(numeric(6,2),t.taxa) valor from taxasiva t where t.codigo='2'
20240731@214923.1110 orbu6f3fbjb9ipq8cscsbflqr0 Query : select 1 valor from information_schema.tables where table_type='base table' and table_name='wstablefields'
20240731@214923.1127 orbu6f3fbjb9ipq8cscsbflqr0 Query : select fieldkey,fieldname,fieldtype,calcformula from wstablefields where tablename = 'fi2' and documentnumber = 39
20240731@214923.1142 orbu6f3fbjb9ipq8cscsbflqr0 Query : insert into wsfi2data (fi2stamp,ftstamp ,ousrdata, ousrhora, usrdata,usrhora,ousrinis,usrinis) values ('aut66aaa8337866aaa3531b','aut66aaa0821966aaa35204' ,getdate(),convert(char(8),convert (time,getdate())),getdate(),convert(char(8),convert (time,getdate())),'wsv','wsv')
20240731@214923.1146 orbu6f3fbjb9ipq8cscsbflqr0 Query : select 1 valor from information_schema.tables where table_type='base table' and table_name='wstablefields'
20240731@214923.1162 orbu6f3fbjb9ipq8cscsbflqr0 Query : select fieldkey,fieldname,fieldtype,calcformula from wstablefields where tablename = 'fi' and documentnumber = 39
20240731@214923.1193 orbu6f3fbjb9ipq8cscsbflqr0 Query : insert into wsfidata (fistamp,ousrdata, ousrhora, usrdata,usrhora,ousrinis,usrinis ,qtt ,ftstamp ,epv,pvmoeda ,tabiva,iva,lordem ,ref, design ,armazem) values ('aut66aaa8337866aaa3531b',getdate(),convert(char(8),convert (time,getdate())),getdate(),convert(char(8),convert (time,getdate())),'wsv','wsv',0 ,'aut66aaa0821966aaa35204' ,0,0 ,2,23.00,230000,?,?,?)
20240731@214923.1582 orbu6f3fbjb9ipq8cscsbflqr0 Query : use flama_phc
20240731@214923.1586 orbu6f3fbjb9ipq8cscsbflqr0 Query : select st.usalote valor from st where st.ref = '324.682.00.01'
20240731@214923.1607 orbu6f3fbjb9ipq8cscsbflqr0 Query : select top 1 st.tabiva ,st.ivaincl ,st.stns ,st.uni2 ,st.familia ,isnull(tx.taxa, 0) txiva ,unidade ,usalote ,epcpond ,noserie ,conversao ,st.texteis from st left join taxasiva tx on st.tabiva = tx.codigo where st.ref = '324.682.00.01'
20240731@214923.1625 orbu6f3fbjb9ipq8cscsbflqr0 Query : select 1 valor from information_schema.tables where table_type='base table' and table_name='wstablefields'
20240731@214923.1643 orbu6f3fbjb9ipq8cscsbflqr0 Query : select fieldkey,fieldname,fieldtype,mandatory from wstablefields where tablename = 'fi' and documentnumber = 39
20240731@214923.1683 orbu6f3fbjb9ipq8cscsbflqr0 Query : select 1 valor from information_schema.tables where table_type='base table' and table_name='wstablefields'
20240731@214923.1701 orbu6f3fbjb9ipq8cscsbflqr0 Query : select fieldkey,fieldname,fieldtype,mandatory from wstablefields where tablename = 'fi2' and documentnumber = 39
20240731@214923.1712 orbu6f3fbjb9ipq8cscsbflqr0 Query : select top 1 convert(numeric(6,2),t.taxa) valor from taxasiva t where t.codigo='2'
20240731@214923.1728 orbu6f3fbjb9ipq8cscsbflqr0 Query : select sestamp valor from se where ref ='324.682.00.01' and lote = 'r2301181200a'
20240731@214923.1744 orbu6f3fbjb9ipq8cscsbflqr0 Query : select 1 valor from information_schema.tables where table_type='base table' and table_name='wstablefields'
20240731@214923.1760 orbu6f3fbjb9ipq8cscsbflqr0 Query : select fieldkey,fieldname,fieldtype,calcformula from wstablefields where tablename = 'fi2' and documentnumber = 39
20240731@214923.1773 orbu6f3fbjb9ipq8cscsbflqr0 Query : insert into wsfi2data (fi2stamp,ftstamp ,ousrdata, ousrhora, usrdata,usrhora,ousrinis,usrinis) values ('aut66aaa2932366aaa3532a','aut66aaa0821966aaa35204' ,getdate(),convert(char(8),convert (time,getdate())),getdate(),convert(char(8),convert (time,getdate())),'wsv','wsv')
20240731@214923.1778 orbu6f3fbjb9ipq8cscsbflqr0 Query : select 1 valor from information_schema.tables where table_type='base table' and table_name='wstablefields'
20240731@214923.1794 orbu6f3fbjb9ipq8cscsbflqr0 Query : select fieldkey,fieldname,fieldtype,calcformula from wstablefields where tablename = 'fi' and documentnumber = 39
20240731@214923.1827 orbu6f3fbjb9ipq8cscsbflqr0 Query : insert into wsfidata (fistamp,ousrdata, ousrhora, usrdata,usrhora,ousrinis,usrinis ,qtt ,ftstamp ,epv,pvmoeda ,tabiva,iva,lordem ,ref, design ,lote,armazem,bistamp ) values ('aut66aaa2932366aaa3532a',getdate(),convert(char(8),convert (time,getdate())),getdate(),convert(char(8),convert (time,getdate())),'wsv','wsv',24.000 ,'aut66aaa0821966aaa35204' ,0,0 ,2,23.00,250000,?,?,?,?,?)
20240731@214923.2111 orbu6f3fbjb9ipq8cscsbflqr0 Query : select 1 valor from information_schema.tables where table_type='base table' and table_name='wstablefields'
20240731@214923.2128 orbu6f3fbjb9ipq8cscsbflqr0 Query : select fieldkey,fieldname,fieldtype,mandatory from wstablefields where tablename = 'fi' and documentnumber = 39
20240731@214923.2158 orbu6f3fbjb9ipq8cscsbflqr0 Query : select 1 valor from information_schema.tables where table_type='base table' and table_name='wstablefields'
20240731@214923.2173 orbu6f3fbjb9ipq8cscsbflqr0 Query : select fieldkey,fieldname,fieldtype,mandatory from wstablefields where tablename = 'fi2' and documentnumber = 39
20240731@214923.2182 orbu6f3fbjb9ipq8cscsbflqr0 Query : select top 1 convert(numeric(6,2),t.taxa) valor from taxasiva t where t.codigo='2'
20240731@214923.2195 orbu6f3fbjb9ipq8cscsbflqr0 Query : select 1 valor from information_schema.tables where table_type='base table' and table_name='wstablefields'
20240731@214923.2211 orbu6f3fbjb9ipq8cscsbflqr0 Query : select fieldkey,fieldname,fieldtype,calcformula from wstablefields where tablename = 'fi2' and documentnumber = 39
20240731@214923.2223 orbu6f3fbjb9ipq8cscsbflqr0 Query : insert into wsfi2data (fi2stamp,ftstamp ,ousrdata, ousrhora, usrdata,usrhora,ousrinis,usrinis) values ('aut66aaa6095066aaa35335','aut66aaa0821966aaa35204' ,getdate(),convert(char(8),convert (time,getdate())),getdate(),convert(char(8),convert (time,getdate())),'wsv','wsv')
20240731@214923.2228 orbu6f3fbjb9ipq8cscsbflqr0 Query : select 1 valor from information_schema.tables where table_type='base table' and table_name='wstablefields'
20240731@214923.2245 orbu6f3fbjb9ipq8cscsbflqr0 Query : select fieldkey,fieldname,fieldtype,calcformula from wstablefields where tablename = 'fi' and documentnumber = 39
20240731@214923.2275 orbu6f3fbjb9ipq8cscsbflqr0 Query : insert into wsfidata (fistamp,ousrdata, ousrhora, usrdata,usrhora,ousrinis,usrinis ,qtt ,ftstamp ,epv,pvmoeda ,tabiva,iva,lordem ,ref, design ,armazem) values ('aut66aaa6095066aaa35335',getdate(),convert(char(8),convert (time,getdate())),getdate(),convert(char(8),convert (time,getdate())),'wsv','wsv',0 ,'aut66aaa0821966aaa35204' ,0,0 ,2,23.00,260000,?,?,?)
20240731@214923.2556 orbu6f3fbjb9ipq8cscsbflqr0 Query : use flama_phc
20240731@214923.2560 orbu6f3fbjb9ipq8cscsbflqr0 Query : select st.usalote valor from st where st.ref = '324.682.00.01'
20240731@214923.2581 orbu6f3fbjb9ipq8cscsbflqr0 Query : select top 1 st.tabiva ,st.ivaincl ,st.stns ,st.uni2 ,st.familia ,isnull(tx.taxa, 0) txiva ,unidade ,usalote ,epcpond ,noserie ,conversao ,st.texteis from st left join taxasiva tx on st.tabiva = tx.codigo where st.ref = '324.682.00.01'
20240731@214923.2596 orbu6f3fbjb9ipq8cscsbflqr0 Query : select 1 valor from information_schema.tables where table_type='base table' and table_name='wstablefields'
20240731@214923.2612 orbu6f3fbjb9ipq8cscsbflqr0 Query : select fieldkey,fieldname,fieldtype,mandatory from wstablefields where tablename = 'fi' and documentnumber = 39
20240731@214923.2638 orbu6f3fbjb9ipq8cscsbflqr0 Query : select 1 valor from information_schema.tables where table_type='base table' and table_name='wstablefields'
20240731@214923.2653 orbu6f3fbjb9ipq8cscsbflqr0 Query : select fieldkey,fieldname,fieldtype,mandatory from wstablefields where tablename = 'fi2' and documentnumber = 39
20240731@214923.2662 orbu6f3fbjb9ipq8cscsbflqr0 Query : select top 1 convert(numeric(6,2),t.taxa) valor from taxasiva t where t.codigo='2'
20240731@214923.2676 orbu6f3fbjb9ipq8cscsbflqr0 Query : select sestamp valor from se where ref ='324.682.00.01' and lote = 'r2301181200a'
20240731@214923.2690 orbu6f3fbjb9ipq8cscsbflqr0 Query : select 1 valor from information_schema.tables where table_type='base table' and table_name='wstablefields'
20240731@214923.2706 orbu6f3fbjb9ipq8cscsbflqr0 Query : select fieldkey,fieldname,fieldtype,calcformula from wstablefields where tablename = 'fi2' and documentnumber = 39
20240731@214923.2721 orbu6f3fbjb9ipq8cscsbflqr0 Query : insert into wsfi2data (fi2stamp,ftstamp ,ousrdata, ousrhora, usrdata,usrhora,ousrinis,usrinis) values ('aut66aaa9400166aaa35341','aut66aaa0821966aaa35204' ,getdate(),convert(char(8),convert (time,getdate())),getdate(),convert(char(8),convert (time,getdate())),'wsv','wsv')
20240731@214923.2726 orbu6f3fbjb9ipq8cscsbflqr0 Query : select 1 valor from information_schema.tables where table_type='base table' and table_name='wstablefields'
20240731@214923.2742 orbu6f3fbjb9ipq8cscsbflqr0 Query : select fieldkey,fieldname,fieldtype,calcformula from wstablefields where tablename = 'fi' and documentnumber = 39
20240731@214923.2784 orbu6f3fbjb9ipq8cscsbflqr0 Query : insert into wsfidata (fistamp,ousrdata, ousrhora, usrdata,usrhora,ousrinis,usrinis ,qtt ,ftstamp ,epv,pvmoeda ,tabiva,iva,lordem ,ref, design ,lote,armazem,bistamp ) values ('aut66aaa9400166aaa35341',getdate(),convert(char(8),convert (time,getdate())),getdate(),convert(char(8),convert (time,getdate())),'wsv','wsv',24.000 ,'aut66aaa0821966aaa35204' ,0,0 ,2,23.00,280000,?,?,?,?,?)
20240731@214923.3360 orbu6f3fbjb9ipq8cscsbflqr0 Query : select 1 valor from information_schema.tables where table_type='base table' and table_name='wstablefields'
20240731@214923.3781 orbu6f3fbjb9ipq8cscsbflqr0 Query : select fieldkey,fieldname,fieldtype,mandatory from wstablefields where tablename = 'fi' and documentnumber = 39
20240731@214923.3944 orbu6f3fbjb9ipq8cscsbflqr0 Query : select 1 valor from information_schema.tables where table_type='base table' and table_name='wstablefields'
20240731@214923.3962 orbu6f3fbjb9ipq8cscsbflqr0 Query : select fieldkey,fieldname,fieldtype,mandatory from wstablefields where tablename = 'fi2' and documentnumber = 39
20240731@214923.3971 orbu6f3fbjb9ipq8cscsbflqr0 Query : select top 1 convert(numeric(6,2),t.taxa) valor from taxasiva t where t.codigo='2'
20240731@214923.3984 orbu6f3fbjb9ipq8cscsbflqr0 Query : select 1 valor from information_schema.tables where table_type='base table' and table_name='wstablefields'
20240731@214923.4000 orbu6f3fbjb9ipq8cscsbflqr0 Query : select fieldkey,fieldname,fieldtype,calcformula from wstablefields where tablename = 'fi2' and documentnumber = 39
20240731@214923.4011 orbu6f3fbjb9ipq8cscsbflqr0 Query : insert into wsfi2data (fi2stamp,ftstamp ,ousrdata, ousrhora, usrdata,usrhora,ousrinis,usrinis) values ('aut66aaa2713066aaa35361','aut66aaa0821966aaa35204' ,getdate(),convert(char(8),convert (time,getdate())),getdate(),convert(char(8),convert (time,getdate())),'wsv','wsv')
20240731@214923.4016 orbu6f3fbjb9ipq8cscsbflqr0 Query : select 1 valor from information_schema.tables where table_type='base table' and table_name='wstablefields'
20240731@214923.4031 orbu6f3fbjb9ipq8cscsbflqr0 Query : select fieldkey,fieldname,fieldtype,calcformula from wstablefields where tablename = 'fi' and documentnumber = 39
20240731@214923.4064 orbu6f3fbjb9ipq8cscsbflqr0 Query : insert into wsfidata (fistamp,ousrdata, ousrhora, usrdata,usrhora,ousrinis,usrinis ,qtt ,ftstamp ,epv,pvmoeda ,tabiva,iva,lordem ,ref, design ,armazem) values ('aut66aaa2713066aaa35361',getdate(),convert(char(8),convert (time,getdate())),getdate(),convert(char(8),convert (time,getdate())),'wsv','wsv',0 ,'aut66aaa0821966aaa35204' ,0,0 ,2,23.00,290000,?,?,?)
20240731@214923.4377 orbu6f3fbjb9ipq8cscsbflqr0 Query : insert into wsftcreationlog (initialftstamp,externalid,creationstatus,documenttypeid,idustamp) values ('aut66aaa0821966aaa35204','2405078','wait',39,'adm09112754980.682000002')
20240731@214923.4462 orbu6f3fbjb9ipq8cscsbflqr0 Query : use flama_phc
20240731@214923.4467 orbu6f3fbjb9ipq8cscsbflqr0 Query : update u_wsusers set rqsttoken =? where userid ='userls001'
20240731@214923.4500 orbu6f3fbjb9ipq8cscsbflqr0 Query : select concat(rtrim(relative_path),ltrim(name_new)) as valor from uploadfiles where uploadfile_id='1287';
20240731@214923.4528 orbu6f3fbjb9ipq8cscsbflqr0 Query : update uploadfiles set whenupdated=current_timestamp where uploadfile_id='1287';
20240731@214923.4569 orbu6f3fbjb9ipq8cscsbflqr0 Query : select concat(rtrim(relative_path),ltrim(name_new)) as valor from uploadfiles where uploadfile_id='1287';
20240731@214923.4616 orbu6f3fbjb9ipq8cscsbflqr0 Query : update uploadfiles set whenupdated=current_timestamp where uploadfile_id='1287';
20240731@214923.5342 9plpakj5b8hnlvtkgf1kbmpi4a Query : insert into uploadfiles ( name_original, name_new, option_type, relative_path, whencreated ) values ( ?, ?, ?, ?, getdate() )
20240731@214923.5375 9plpakj5b8hnlvtkgf1kbmpi4a Query : select uploadfile_id valor from uploadfiles where name_new = ? and option_type = ? 
20240731@214923.6109 9plpakj5b8hnlvtkgf1kbmpi4a Query : select concat(rtrim(relative_path),ltrim(name_new)) as valor from uploadfiles where uploadfile_id='1288';
20240731@214923.9258 9plpakj5b8hnlvtkgf1kbmpi4a Query : update uploadfiles set whenupdated=current_timestamp where uploadfile_id='1288';
20240731@214923.9536 9plpakj5b8hnlvtkgf1kbmpi4a Query : select concat(rtrim(relative_path),ltrim(name_new)) as valor from uploadfiles where uploadfile_id='1288';
20240731@214923.9599 9plpakj5b8hnlvtkgf1kbmpi4a Query : update uploadfiles set whenupdated=current_timestamp where uploadfile_id='1288';
20240731@214923.9659 9plpakj5b8hnlvtkgf1kbmpi4a Query : use flama_phc
20240731@214923.9665 9plpakj5b8hnlvtkgf1kbmpi4a Query : select top 1 secretkey valor from u_wsusers u where u.userid = ? and u.inactivo=0
20240731@214924.3240 9plpakj5b8hnlvtkgf1kbmpi4a Query : use flama_phc
20240731@214924.1088 9plpakj5b8hnlvtkgf1kbmpi4a Query : select no, estab,szadrsdesc from szadrs where u_coddest=4790
20240731@214924.1624 9plpakj5b8hnlvtkgf1kbmpi4a Query : select top 1 isnull(design,'') valor from st (nolock) left join stobs (nolock) on st.ref = stobs.ref where st.ref = '324.1670.00.1'
20240731@214924.2684 9plpakj5b8hnlvtkgf1kbmpi4a Query : select top 1 bistamp valor from bi inner join bo on bo.bostamp=bi.bostamp where bo.ndos =240 and bo.boano =2050 and bo.obrano = 2405079 and bi.ref ='324.1670.00.1' and bi.lordem =1
20240731@214924.3968 9plpakj5b8hnlvtkgf1kbmpi4a Query : select top 1 isnull(design,'') valor from st (nolock) left join stobs (nolock) on st.ref = stobs.ref where st.ref = '324.1670.00.1'
20240731@214924.4095 9plpakj5b8hnlvtkgf1kbmpi4a Query : select top 1 bistamp valor from bi inner join bo on bo.bostamp=bi.bostamp where bo.ndos =240 and bo.boano =2050 and bo.obrano = 2405079 and bi.ref ='324.1670.00.1' and bi.lordem =1
20240731@214924.4121 9plpakj5b8hnlvtkgf1kbmpi4a Query : select top 1 isnull(design,'') valor from st (nolock) left join stobs (nolock) on st.ref = stobs.ref where st.ref = '324.1670.00.1'
20240731@214924.4142 9plpakj5b8hnlvtkgf1kbmpi4a Query : select top 1 bistamp valor from bi inner join bo on bo.bostamp=bi.bostamp where bo.ndos =240 and bo.boano =2050 and bo.obrano = 2405079 and bi.ref ='324.1670.00.1' and bi.lordem =1
20240731@214924.4166 9plpakj5b8hnlvtkgf1kbmpi4a Query : select top 1 isnull(design,'') valor from st (nolock) left join stobs (nolock) on st.ref = stobs.ref where st.ref = '324.1670.00.1'
20240731@214924.4189 9plpakj5b8hnlvtkgf1kbmpi4a Query : select top 1 bistamp valor from bi inner join bo on bo.bostamp=bi.bostamp where bo.ndos =240 and bo.boano =2050 and bo.obrano = 2405079 and bi.ref ='324.1670.00.1' and bi.lordem =1
20240731@214924.4212 9plpakj5b8hnlvtkgf1kbmpi4a Query : select top 1 isnull(design,'') valor from st (nolock) left join stobs (nolock) on st.ref = stobs.ref where st.ref = '324.1608.00.1'
20240731@214924.4396 9plpakj5b8hnlvtkgf1kbmpi4a Query : select top 1 bistamp valor from bi inner join bo on bo.bostamp=bi.bostamp where bo.ndos =240 and bo.boano =2050 and bo.obrano = 2405079 and bi.ref ='324.1608.00.1' and bi.lordem =2
20240731@214924.4773 9plpakj5b8hnlvtkgf1kbmpi4a Query : select top 1 isnull(design,'') valor from st (nolock) left join stobs (nolock) on st.ref = stobs.ref where st.ref = '324.1608.00.1'
20240731@214924.4803 9plpakj5b8hnlvtkgf1kbmpi4a Query : select top 1 bistamp valor from bi inner join bo on bo.bostamp=bi.bostamp where bo.ndos =240 and bo.boano =2050 and bo.obrano = 2405079 and bi.ref ='324.1608.00.1' and bi.lordem =2
20240731@214924.4821 9plpakj5b8hnlvtkgf1kbmpi4a Query : select top 1 isnull(design,'') valor from st (nolock) left join stobs (nolock) on st.ref = stobs.ref where st.ref = '324.1667.00.1'
20240731@214924.5095 9plpakj5b8hnlvtkgf1kbmpi4a Query : select top 1 bistamp valor from bi inner join bo on bo.bostamp=bi.bostamp where bo.ndos =240 and bo.boano =2050 and bo.obrano = 2405079 and bi.ref ='324.1667.00.1' and bi.lordem =3
20240731@214924.6085 9plpakj5b8hnlvtkgf1kbmpi4a Query : select top 1 isnull(design,'') valor from st (nolock) left join stobs (nolock) on st.ref = stobs.ref where st.ref = '324.1667.00.1'
20240731@214924.6507 9plpakj5b8hnlvtkgf1kbmpi4a Query : select top 1 bistamp valor from bi inner join bo on bo.bostamp=bi.bostamp where bo.ndos =240 and bo.boano =2050 and bo.obrano = 2405079 and bi.ref ='324.1667.00.1' and bi.lordem =3
20240731@214924.6525 9plpakj5b8hnlvtkgf1kbmpi4a Query : select top 1 isnull(design,'') valor from st (nolock) left join stobs (nolock) on st.ref = stobs.ref where st.ref = '324.1667.00.1'
20240731@214924.6546 9plpakj5b8hnlvtkgf1kbmpi4a Query : select top 1 bistamp valor from bi inner join bo on bo.bostamp=bi.bostamp where bo.ndos =240 and bo.boano =2050 and bo.obrano = 2405079 and bi.ref ='324.1667.00.1' and bi.lordem =3
20240731@214924.6562 9plpakj5b8hnlvtkgf1kbmpi4a Query : select top 1 isnull(design,'') valor from st (nolock) left join stobs (nolock) on st.ref = stobs.ref where st.ref = '325.1670.3015'
20240731@214924.6725 9plpakj5b8hnlvtkgf1kbmpi4a Query : select top 1 bistamp valor from bi inner join bo on bo.bostamp=bi.bostamp where bo.ndos =240 and bo.boano =2050 and bo.obrano = 2405079 and bi.ref ='325.1670.3015' and bi.lordem =4
20240731@214924.7064 9plpakj5b8hnlvtkgf1kbmpi4a Query : select top 1 isnull(design,'') valor from st (nolock) left join stobs (nolock) on st.ref = stobs.ref where st.ref = '324.1646.00.1'
20240731@214924.7222 9plpakj5b8hnlvtkgf1kbmpi4a Query : select top 1 bistamp valor from bi inner join bo on bo.bostamp=bi.bostamp where bo.ndos =240 and bo.boano =2050 and bo.obrano = 2405079 and bi.ref ='324.1646.00.1' and bi.lordem =5
20240731@214924.7556 9plpakj5b8hnlvtkgf1kbmpi4a Query : select top 1 isnull(design,'') valor from st (nolock) left join stobs (nolock) on st.ref = stobs.ref where st.ref = '324.1646.00.1'
20240731@214924.7576 9plpakj5b8hnlvtkgf1kbmpi4a Query : select top 1 bistamp valor from bi inner join bo on bo.bostamp=bi.bostamp where bo.ndos =240 and bo.boano =2050 and bo.obrano = 2405079 and bi.ref ='324.1646.00.1' and bi.lordem =5
20240731@214924.7593 9plpakj5b8hnlvtkgf1kbmpi4a Query : select top 1 isnull(design,'') valor from st (nolock) left join stobs (nolock) on st.ref = stobs.ref where st.ref = '324.1646.00.1'
20240731@214924.7615 9plpakj5b8hnlvtkgf1kbmpi4a Query : select top 1 bistamp valor from bi inner join bo on bo.bostamp=bi.bostamp where bo.ndos =240 and bo.boano =2050 and bo.obrano = 2405079 and bi.ref ='324.1646.00.1' and bi.lordem =5
20240731@214924.7632 9plpakj5b8hnlvtkgf1kbmpi4a Query : select top 1 isnull(design,'') valor from st (nolock) left join stobs (nolock) on st.ref = stobs.ref where st.ref = '324.1646.00.1'
20240731@214924.7700 9plpakj5b8hnlvtkgf1kbmpi4a Query : select top 1 bistamp valor from bi inner join bo on bo.bostamp=bi.bostamp where bo.ndos =240 and bo.boano =2050 and bo.obrano = 2405079 and bi.ref ='324.1646.00.1' and bi.lordem =5
20240731@214924.7718 9plpakj5b8hnlvtkgf1kbmpi4a Query : select top 1 isnull(design,'') valor from st (nolock) left join stobs (nolock) on st.ref = stobs.ref where st.ref = '324.1684.00.1'
20240731@214924.7884 9plpakj5b8hnlvtkgf1kbmpi4a Query : select top 1 bistamp valor from bi inner join bo on bo.bostamp=bi.bostamp where bo.ndos =240 and bo.boano =2050 and bo.obrano = 2405079 and bi.ref ='324.1684.00.1' and bi.lordem =6
20240731@214924.8206 9plpakj5b8hnlvtkgf1kbmpi4a Query : select top 1 isnull(design,'') valor from st (nolock) left join stobs (nolock) on st.ref = stobs.ref where st.ref = '324.1684.00.1'
20240731@214924.8236 9plpakj5b8hnlvtkgf1kbmpi4a Query : select top 1 bistamp valor from bi inner join bo on bo.bostamp=bi.bostamp where bo.ndos =240 and bo.boano =2050 and bo.obrano = 2405079 and bi.ref ='324.1684.00.1' and bi.lordem =6
20240731@214924.8253 9plpakj5b8hnlvtkgf1kbmpi4a Query : select top 1 isnull(design,'') valor from st (nolock) left join stobs (nolock) on st.ref = stobs.ref where st.ref = '324.1684.00.1'
20240731@214924.8273 9plpakj5b8hnlvtkgf1kbmpi4a Query : select top 1 bistamp valor from bi inner join bo on bo.bostamp=bi.bostamp where bo.ndos =240 and bo.boano =2050 and bo.obrano = 2405079 and bi.ref ='324.1684.00.1' and bi.lordem =6
20240731@214924.8290 9plpakj5b8hnlvtkgf1kbmpi4a Query : use flama_phc
20240731@214924.8293 9plpakj5b8hnlvtkgf1kbmpi4a Query : select top 1 convert(date,fdata) valor from ft where ndoc = 39 and anulado= 0 and fno>0 order by fdata desc
20240731@214924.8329 9plpakj5b8hnlvtkgf1kbmpi4a Query : use flama_phc
20240731@214924.8333 9plpakj5b8hnlvtkgf1kbmpi4a Query : select top 1 1 valor from td where td.ndoc = 39
20240731@214924.8362 9plpakj5b8hnlvtkgf1kbmpi4a Query : use flama_phc
20240731@214924.8365 9plpakj5b8hnlvtkgf1kbmpi4a Query : select lower(descricao) descricao ,case when valor='s' then 1 else 0 end valor from para1 where descricao in ('st_lote','st_usalogifunc', 'st_grelha')
20240731@214924.8396 9plpakj5b8hnlvtkgf1kbmpi4a Query : select top 1 manternumero ,assinadoc issigned ,tiposaft ,assinaimp ,nmdos ,td.assinadoc ,'cl' origin ,lancasl stocks ,case when cmsl<50 and td.lancasl=1 then 1 else 0 end entrada ,case when cmsl>50 and td.lancasl=1 then 1 else 0 end saida ,temserie assets ,~semgre usegridfields from td inner join td2 on td.tdstamp=td2.td2stamp where td.ndoc = 1
20240731@214924.8430 9plpakj5b8hnlvtkgf1kbmpi4a Query : use flama_phc
20240731@214924.8433 9plpakj5b8hnlvtkgf1kbmpi4a Query : select top 1 ~inactivo valor from cl where no = '199510' and estab = 0 order by inactivo desc
20240731@214924.8471 9plpakj5b8hnlvtkgf1kbmpi4a Query : use flama_phc
20240731@214924.8474 9plpakj5b8hnlvtkgf1kbmpi4a Query : select top 1 tipodoc,regrd from td where ndoc = 39
20240731@214924.8505 9plpakj5b8hnlvtkgf1kbmpi4a Query : use flama_phc
20240731@214924.8508 9plpakj5b8hnlvtkgf1kbmpi4a Query : select szadrsstamp valor from szadrs where szadrsdesc='espaÇotrans,lda'
20240731@214924.8548 9plpakj5b8hnlvtkgf1kbmpi4a Query : use flama_phc
20240731@214924.8551 9plpakj5b8hnlvtkgf1kbmpi4a Query : select szadrsstamp valor from szadrs where szadrsdesc='199510 - cdnogueira regedoura'
20240731@214924.8659 9plpakj5b8hnlvtkgf1kbmpi4a Query : use flama_phc
20240731@214924.8662 9plpakj5b8hnlvtkgf1kbmpi4a Query : select 1 valor from td where ndoc = 39
20240731@214924.8676 9plpakj5b8hnlvtkgf1kbmpi4a Query : select top 1 manternumero, tiposaft, nmdos,td.assinadoc from td where td.ndoc = 39
20240731@214924.8691 9plpakj5b8hnlvtkgf1kbmpi4a Query : select 1 valor from information_schema.tables where table_type='base table' and table_name='wstablefields'
20240731@214924.8708 9plpakj5b8hnlvtkgf1kbmpi4a Query : select fieldkey,fieldname,fieldtype,mandatory from wstablefields where tablename = 'ft' and documentnumber = 39
20240731@214924.8905 9plpakj5b8hnlvtkgf1kbmpi4a Query : select 1 valor from information_schema.tables where table_type='base table' and table_name='wstablefields'
20240731@214924.8922 9plpakj5b8hnlvtkgf1kbmpi4a Query : select fieldkey,fieldname,fieldtype,mandatory from wstablefields where tablename = 'ft2' and documentnumber = 39
20240731@214924.8955 9plpakj5b8hnlvtkgf1kbmpi4a Query : select 1 valor from information_schema.tables where table_type='base table' and table_name='wstablefields'
20240731@214924.8971 9plpakj5b8hnlvtkgf1kbmpi4a Query : select fieldkey,fieldname,fieldtype,mandatory from wstablefields where tablename = 'ft3' and documentnumber = 39
20240731@214924.8994 9plpakj5b8hnlvtkgf1kbmpi4a Query : select top 1 ft.fno valor from ft ft where ft.ndoc = 39 and ftano=2024 order by fno desc
20240731@214924.9065 9plpakj5b8hnlvtkgf1kbmpi4a Query : select top 1 ft.fno valor from wsftdata ft where ft.ndoc = 39 and ftano=2024 order by fno desc
20240731@214924.9079 9plpakj5b8hnlvtkgf1kbmpi4a Query : select 1 valor from information_schema.tables where table_type='base table' and table_name='wstablefields'
20240731@214924.9106 9plpakj5b8hnlvtkgf1kbmpi4a Query : select fieldkey,fieldname,fieldtype,calcformula from wstablefields where tablename = 'ft3' and documentnumber = 39
20240731@214924.9122 9plpakj5b8hnlvtkgf1kbmpi4a Query : insert into wsft3data (ft3stamp, ousrdata, ousrhora, usrdata,usrhora,ousrinis,usrinis,taxpointdt ) values ('aut66aaa0842566aaa354db' ,getdate(),convert(char(8),convert (time,getdate())),getdate(),convert(char(8),convert (time,getdate())),'wsv','wsv',?)
20240731@214924.9304 9plpakj5b8hnlvtkgf1kbmpi4a Query : select 1 valor from information_schema.tables where table_type='base table' and table_name='wstablefields'
20240731@214924.9323 9plpakj5b8hnlvtkgf1kbmpi4a Query : select fieldkey,fieldname,fieldtype,calcformula from wstablefields where tablename = 'ft2' and documentnumber = 39
20240731@214924.9360 9plpakj5b8hnlvtkgf1kbmpi4a Query : select top 1 bo.u_nomeenv valor from bo where bo.bostamp=''
20240731@214924.9373 9plpakj5b8hnlvtkgf1kbmpi4a Query : select top 1 bo.u_moradaen valor from bo where bo.bostamp=''
20240731@214924.9385 9plpakj5b8hnlvtkgf1kbmpi4a Query : select top 1 bo.u_codposen valor from bo where bo.bostamp=''
20240731@214924.9396 9plpakj5b8hnlvtkgf1kbmpi4a Query : select top 1 bo.u_localenv valor from bo where bo.bostamp=''
20240731@214924.9410 9plpakj5b8hnlvtkgf1kbmpi4a Query : select top 1 bo.trab5 valor from bo where bo.bostamp=''
20240731@214924.9421 9plpakj5b8hnlvtkgf1kbmpi4a Query : select top 1 bo.serie valor from bo where bo.bostamp=''
20240731@214924.9433 9plpakj5b8hnlvtkgf1kbmpi4a Query : insert into wsft2data (ft2stamp, ousrdata,ousrhora, usrdata,usrhora,ousrinis,usrinis,u_nomeenv ,u_moradaen ,u_codposen ,u_localenv ,u_coddest ,u_codby ) values ('aut66aaa0842566aaa354db',getdate(),convert(char(8),convert (time,getdate())),getdate(),convert(char(8),convert (time,getdate())),'wsv','wsv',?,?,?,?,?,?)
20240731@214924.9695 9plpakj5b8hnlvtkgf1kbmpi4a Query : select top 1 fno valor from wsftdata order by fno desc
20240731@214924.9712 9plpakj5b8hnlvtkgf1kbmpi4a Query : select 1 valor from information_schema.tables where table_type='base table' and table_name='wstablefields'
20240731@214924.9730 9plpakj5b8hnlvtkgf1kbmpi4a Query : select fieldkey,fieldname,fieldtype,calcformula from wstablefields where tablename = 'ft' and documentnumber = 39
20240731@214924.9754 9plpakj5b8hnlvtkgf1kbmpi4a Query : select 'normal' from dummy
20240731@214924.9769 9plpakj5b8hnlvtkgf1kbmpi4a Query : insert into wsftdata (ftstamp, ousrdata,ousrhora, usrdata,usrhora,ousrinis,usrinis,fno,no,estab,fdata,ndoc,moeda,cambio,cambiofixo,ftano,site ,classe ) values ('aut66aaa0842566aaa354db',getdate(),convert(char(8),convert (time,getdate())),getdate(),convert(char(8),convert (time,getdate())),'wsv','wsv',123,199510,0,'2024-07-31',39,'euro',0,0,2024 ,?,?)
20240731@214925.8200 9plpakj5b8hnlvtkgf1kbmpi4a Query : use flama_phc
20240731@214925.8500 9plpakj5b8hnlvtkgf1kbmpi4a Query : select st.usalote valor from st where st.ref = '324.1670.00.1'
20240731@214925.1180 9plpakj5b8hnlvtkgf1kbmpi4a Query : select top 1 st.tabiva ,st.ivaincl ,st.stns ,st.uni2 ,st.familia ,isnull(tx.taxa, 0) txiva ,unidade ,usalote ,epcpond ,noserie ,conversao ,st.texteis from st left join taxasiva tx on st.tabiva = tx.codigo where st.ref = '324.1670.00.1'
20240731@214925.2860 9plpakj5b8hnlvtkgf1kbmpi4a Query : select 1 valor from information_schema.tables where table_type='base table' and table_name='wstablefields'
20240731@214925.3030 9plpakj5b8hnlvtkgf1kbmpi4a Query : select fieldkey,fieldname,fieldtype,mandatory from wstablefields where tablename = 'fi' and documentnumber = 39
20240731@214925.3690 9plpakj5b8hnlvtkgf1kbmpi4a Query : select 1 valor from information_schema.tables where table_type='base table' and table_name='wstablefields'
20240731@214925.3870 9plpakj5b8hnlvtkgf1kbmpi4a Query : select fieldkey,fieldname,fieldtype,mandatory from wstablefields where tablename = 'fi2' and documentnumber = 39
20240731@214925.3950 9plpakj5b8hnlvtkgf1kbmpi4a Query : select top 1 convert(numeric(6,2),t.taxa) valor from taxasiva t where t.codigo='2'
20240731@214925.2398 9plpakj5b8hnlvtkgf1kbmpi4a Query : select sestamp valor from se where ref ='324.1670.00.1' and lote = 'r2301213200a'
20240731@214925.2564 9plpakj5b8hnlvtkgf1kbmpi4a Query : select 1 valor from information_schema.tables where table_type='base table' and table_name='wstablefields'
20240731@214925.2581 9plpakj5b8hnlvtkgf1kbmpi4a Query : select fieldkey,fieldname,fieldtype,calcformula from wstablefields where tablename = 'fi2' and documentnumber = 39
20240731@214925.2594 9plpakj5b8hnlvtkgf1kbmpi4a Query : insert into wsfi2data (fi2stamp,ftstamp ,ousrdata, ousrhora, usrdata,usrhora,ousrinis,usrinis) values ('aut66aaa7267566aaa3553e','aut66aaa0842566aaa354db' ,getdate(),convert(char(8),convert (time,getdate())),getdate(),convert(char(8),convert (time,getdate())),'wsv','wsv')
20240731@214925.2602 9plpakj5b8hnlvtkgf1kbmpi4a Query : select 1 valor from information_schema.tables where table_type='base table' and table_name='wstablefields'
20240731@214925.2621 9plpakj5b8hnlvtkgf1kbmpi4a Query : select fieldkey,fieldname,fieldtype,calcformula from wstablefields where tablename = 'fi' and documentnumber = 39
20240731@214925.2662 9plpakj5b8hnlvtkgf1kbmpi4a Query : insert into wsfidata (fistamp,ousrdata, ousrhora, usrdata,usrhora,ousrinis,usrinis ,qtt ,ftstamp ,epv,pvmoeda ,tabiva,iva,lordem ,ref, design ,lote,armazem,bistamp ) values ('aut66aaa7267566aaa3553e',getdate(),convert(char(8),convert (time,getdate())),getdate(),convert(char(8),convert (time,getdate())),'wsv','wsv',10.000 ,'aut66aaa0842566aaa354db' ,0,0 ,2,23.00,10000,?,?,?,?,?)
20240731@214925.2937 9plpakj5b8hnlvtkgf1kbmpi4a Query : use flama_phc
20240731@214925.2940 9plpakj5b8hnlvtkgf1kbmpi4a Query : select st.usalote valor from st where st.ref = '324.1670.00.1'
20240731@214925.2964 9plpakj5b8hnlvtkgf1kbmpi4a Query : select top 1 st.tabiva ,st.ivaincl ,st.stns ,st.uni2 ,st.familia ,isnull(tx.taxa, 0) txiva ,unidade ,usalote ,epcpond ,noserie ,conversao ,st.texteis from st left join taxasiva tx on st.tabiva = tx.codigo where st.ref = '324.1670.00.1'
20240731@214925.2980 9plpakj5b8hnlvtkgf1kbmpi4a Query : select 1 valor from information_schema.tables where table_type='base table' and table_name='wstablefields'
20240731@214925.3011 9plpakj5b8hnlvtkgf1kbmpi4a Query : select fieldkey,fieldname,fieldtype,mandatory from wstablefields where tablename = 'fi' and documentnumber = 39
20240731@214925.3038 9plpakj5b8hnlvtkgf1kbmpi4a Query : select 1 valor from information_schema.tables where table_type='base table' and table_name='wstablefields'
20240731@214925.3053 9plpakj5b8hnlvtkgf1kbmpi4a Query : select fieldkey,fieldname,fieldtype,mandatory from wstablefields where tablename = 'fi2' and documentnumber = 39
20240731@214925.3062 9plpakj5b8hnlvtkgf1kbmpi4a Query : select top 1 convert(numeric(6,2),t.taxa) valor from taxasiva t where t.codigo='2'
20240731@214925.3074 9plpakj5b8hnlvtkgf1kbmpi4a Query : select sestamp valor from se where ref ='324.1670.00.1' and lote = 'r2301213200a'
20240731@214925.3094 9plpakj5b8hnlvtkgf1kbmpi4a Query : select 1 valor from information_schema.tables where table_type='base table' and table_name='wstablefields'
20240731@214925.3117 9plpakj5b8hnlvtkgf1kbmpi4a Query : select fieldkey,fieldname,fieldtype,calcformula from wstablefields where tablename = 'fi2' and documentnumber = 39
20240731@214925.3130 9plpakj5b8hnlvtkgf1kbmpi4a Query : insert into wsfi2data (fi2stamp,ftstamp ,ousrdata, ousrhora, usrdata,usrhora,ousrinis,usrinis) values ('aut66aaa8969966aaa3554b','aut66aaa0842566aaa354db' ,getdate(),convert(char(8),convert (time,getdate())),getdate(),convert(char(8),convert (time,getdate())),'wsv','wsv')
20240731@214925.3135 9plpakj5b8hnlvtkgf1kbmpi4a Query : select 1 valor from information_schema.tables where table_type='base table' and table_name='wstablefields'
20240731@214925.3150 9plpakj5b8hnlvtkgf1kbmpi4a Query : select fieldkey,fieldname,fieldtype,calcformula from wstablefields where tablename = 'fi' and documentnumber = 39
20240731@214925.3224 9plpakj5b8hnlvtkgf1kbmpi4a Query : insert into wsfidata (fistamp,ousrdata, ousrhora, usrdata,usrhora,ousrinis,usrinis ,qtt ,ftstamp ,epv,pvmoeda ,tabiva,iva,lordem ,ref, design ,lote,armazem,bistamp ) values ('aut66aaa8969966aaa3554b',getdate(),convert(char(8),convert (time,getdate())),getdate(),convert(char(8),convert (time,getdate())),'wsv','wsv',30.000 ,'aut66aaa0842566aaa354db' ,0,0 ,2,23.00,20000,?,?,?,?,?)
20240731@214925.3573 9plpakj5b8hnlvtkgf1kbmpi4a Query : use flama_phc
20240731@214925.3576 9plpakj5b8hnlvtkgf1kbmpi4a Query : select st.usalote valor from st where st.ref = '324.1670.00.1'
20240731@214925.3598 9plpakj5b8hnlvtkgf1kbmpi4a Query : select top 1 st.tabiva ,st.ivaincl ,st.stns ,st.uni2 ,st.familia ,isnull(tx.taxa, 0) txiva ,unidade ,usalote ,epcpond ,noserie ,conversao ,st.texteis from st left join taxasiva tx on st.tabiva = tx.codigo where st.ref = '324.1670.00.1'
20240731@214925.3613 9plpakj5b8hnlvtkgf1kbmpi4a Query : select 1 valor from information_schema.tables where table_type='base table' and table_name='wstablefields'
20240731@214925.3632 9plpakj5b8hnlvtkgf1kbmpi4a Query : select fieldkey,fieldname,fieldtype,mandatory from wstablefields where tablename = 'fi' and documentnumber = 39
20240731@214925.3716 9plpakj5b8hnlvtkgf1kbmpi4a Query : select 1 valor from information_schema.tables where table_type='base table' and table_name='wstablefields'
20240731@214925.3732 9plpakj5b8hnlvtkgf1kbmpi4a Query : select fieldkey,fieldname,fieldtype,mandatory from wstablefields where tablename = 'fi2' and documentnumber = 39
20240731@214925.3741 9plpakj5b8hnlvtkgf1kbmpi4a Query : select top 1 convert(numeric(6,2),t.taxa) valor from taxasiva t where t.codigo='2'
20240731@214925.3754 9plpakj5b8hnlvtkgf1kbmpi4a Query : select sestamp valor from se where ref ='324.1670.00.1' and lote = 'r2301213200a'
20240731@214925.3767 9plpakj5b8hnlvtkgf1kbmpi4a Query : select 1 valor from information_schema.tables where table_type='base table' and table_name='wstablefields'
20240731@214925.3785 9plpakj5b8hnlvtkgf1kbmpi4a Query : select fieldkey,fieldname,fieldtype,calcformula from wstablefields where tablename = 'fi2' and documentnumber = 39
20240731@214925.3797 9plpakj5b8hnlvtkgf1kbmpi4a Query : insert into wsfi2data (fi2stamp,ftstamp ,ousrdata, ousrhora, usrdata,usrhora,ousrinis,usrinis) values ('aut66aaa1659966aaa3555b','aut66aaa0842566aaa354db' ,getdate(),convert(char(8),convert (time,getdate())),getdate(),convert(char(8),convert (time,getdate())),'wsv','wsv')
20240731@214925.3802 9plpakj5b8hnlvtkgf1kbmpi4a Query : select 1 valor from information_schema.tables where table_type='base table' and table_name='wstablefields'
20240731@214925.3818 9plpakj5b8hnlvtkgf1kbmpi4a Query : select fieldkey,fieldname,fieldtype,calcformula from wstablefields where tablename = 'fi' and documentnumber = 39
20240731@214925.3961 9plpakj5b8hnlvtkgf1kbmpi4a Query : insert into wsfidata (fistamp,ousrdata, ousrhora, usrdata,usrhora,ousrinis,usrinis ,qtt ,ftstamp ,epv,pvmoeda ,tabiva,iva,lordem ,ref, design ,lote,armazem,bistamp ) values ('aut66aaa1659966aaa3555b',getdate(),convert(char(8),convert (time,getdate())),getdate(),convert(char(8),convert (time,getdate())),'wsv','wsv',30.000 ,'aut66aaa0842566aaa354db' ,0,0 ,2,23.00,30000,?,?,?,?,?)
20240731@214925.4255 9plpakj5b8hnlvtkgf1kbmpi4a Query : use flama_phc
20240731@214925.4260 9plpakj5b8hnlvtkgf1kbmpi4a Query : select st.usalote valor from st where st.ref = '324.1670.00.1'
20240731@214925.4289 9plpakj5b8hnlvtkgf1kbmpi4a Query : select top 1 st.tabiva ,st.ivaincl ,st.stns ,st.uni2 ,st.familia ,isnull(tx.taxa, 0) txiva ,unidade ,usalote ,epcpond ,noserie ,conversao ,st.texteis from st left join taxasiva tx on st.tabiva = tx.codigo where st.ref = '324.1670.00.1'
20240731@214925.4314 9plpakj5b8hnlvtkgf1kbmpi4a Query : select 1 valor from information_schema.tables where table_type='base table' and table_name='wstablefields'
20240731@214925.4331 9plpakj5b8hnlvtkgf1kbmpi4a Query : select fieldkey,fieldname,fieldtype,mandatory from wstablefields where tablename = 'fi' and documentnumber = 39
20240731@214925.4358 9plpakj5b8hnlvtkgf1kbmpi4a Query : select 1 valor from information_schema.tables where table_type='base table' and table_name='wstablefields'
20240731@214925.4374 9plpakj5b8hnlvtkgf1kbmpi4a Query : select fieldkey,fieldname,fieldtype,mandatory from wstablefields where tablename = 'fi2' and documentnumber = 39
20240731@214925.4383 9plpakj5b8hnlvtkgf1kbmpi4a Query : select top 1 convert(numeric(6,2),t.taxa) valor from taxasiva t where t.codigo='2'
20240731@214925.4396 9plpakj5b8hnlvtkgf1kbmpi4a Query : select sestamp valor from se where ref ='324.1670.00.1' and lote = 'r2301213200a'
20240731@214925.4411 9plpakj5b8hnlvtkgf1kbmpi4a Query : select 1 valor from information_schema.tables where table_type='base table' and table_name='wstablefields'
20240731@214925.4427 9plpakj5b8hnlvtkgf1kbmpi4a Query : select fieldkey,fieldname,fieldtype,calcformula from wstablefields where tablename = 'fi2' and documentnumber = 39
20240731@214925.4441 9plpakj5b8hnlvtkgf1kbmpi4a Query : insert into wsfi2data (fi2stamp,ftstamp ,ousrdata, ousrhora, usrdata,usrhora,ousrinis,usrinis) values ('aut66aaa7445466aaa3556b','aut66aaa0842566aaa354db' ,getdate(),convert(char(8),convert (time,getdate())),getdate(),convert(char(8),convert (time,getdate())),'wsv','wsv')
20240731@214925.4446 9plpakj5b8hnlvtkgf1kbmpi4a Query : select 1 valor from information_schema.tables where table_type='base table' and table_name='wstablefields'
20240731@214925.4461 9plpakj5b8hnlvtkgf1kbmpi4a Query : select fieldkey,fieldname,fieldtype,calcformula from wstablefields where tablename = 'fi' and documentnumber = 39
20240731@214925.4499 9plpakj5b8hnlvtkgf1kbmpi4a Query : insert into wsfidata (fistamp,ousrdata, ousrhora, usrdata,usrhora,ousrinis,usrinis ,qtt ,ftstamp ,epv,pvmoeda ,tabiva,iva,lordem ,ref, design ,lote,armazem,bistamp ) values ('aut66aaa7445466aaa3556b',getdate(),convert(char(8),convert (time,getdate())),getdate(),convert(char(8),convert (time,getdate())),'wsv','wsv',30.000 ,'aut66aaa0842566aaa354db' ,0,0 ,2,23.00,40000,?,?,?,?,?)
20240731@214925.4767 9plpakj5b8hnlvtkgf1kbmpi4a Query : use flama_phc
20240731@214925.4770 9plpakj5b8hnlvtkgf1kbmpi4a Query : select st.usalote valor from st where st.ref = '324.1608.00.1'
20240731@214925.4794 9plpakj5b8hnlvtkgf1kbmpi4a Query : select top 1 st.tabiva ,st.ivaincl ,st.stns ,st.uni2 ,st.familia ,isnull(tx.taxa, 0) txiva ,unidade ,usalote ,epcpond ,noserie ,conversao ,st.texteis from st left join taxasiva tx on st.tabiva = tx.codigo where st.ref = '324.1608.00.1'
20240731@214925.4950 9plpakj5b8hnlvtkgf1kbmpi4a Query : select 1 valor from information_schema.tables where table_type='base table' and table_name='wstablefields'
20240731@214925.4969 9plpakj5b8hnlvtkgf1kbmpi4a Query : select fieldkey,fieldname,fieldtype,mandatory from wstablefields where tablename = 'fi' and documentnumber = 39
20240731@214925.5005 9plpakj5b8hnlvtkgf1kbmpi4a Query : select 1 valor from information_schema.tables where table_type='base table' and table_name='wstablefields'
20240731@214925.5020 9plpakj5b8hnlvtkgf1kbmpi4a Query : select fieldkey,fieldname,fieldtype,mandatory from wstablefields where tablename = 'fi2' and documentnumber = 39
20240731@214925.5029 9plpakj5b8hnlvtkgf1kbmpi4a Query : select top 1 convert(numeric(6,2),t.taxa) valor from taxasiva t where t.codigo='2'
20240731@214925.5042 9plpakj5b8hnlvtkgf1kbmpi4a Query : select sestamp valor from se where ref ='324.1608.00.1' and lote = 'r2200658200a'
20240731@214925.5076 9plpakj5b8hnlvtkgf1kbmpi4a Query : select 1 valor from information_schema.tables where table_type='base table' and table_name='wstablefields'
20240731@214925.5091 9plpakj5b8hnlvtkgf1kbmpi4a Query : select fieldkey,fieldname,fieldtype,calcformula from wstablefields where tablename = 'fi2' and documentnumber = 39
20240731@214925.5103 9plpakj5b8hnlvtkgf1kbmpi4a Query : insert into wsfi2data (fi2stamp,ftstamp ,ousrdata, ousrhora, usrdata,usrhora,ousrinis,usrinis) values ('aut66aaa6103066aaa3557b','aut66aaa0842566aaa354db' ,getdate(),convert(char(8),convert (time,getdate())),getdate(),convert(char(8),convert (time,getdate())),'wsv','wsv')
20240731@214925.5107 9plpakj5b8hnlvtkgf1kbmpi4a Query : select 1 valor from information_schema.tables where table_type='base table' and table_name='wstablefields'
20240731@214925.5123 9plpakj5b8hnlvtkgf1kbmpi4a Query : select fieldkey,fieldname,fieldtype,calcformula from wstablefields where tablename = 'fi' and documentnumber = 39
20240731@214925.5154 9plpakj5b8hnlvtkgf1kbmpi4a Query : insert into wsfidata (fistamp,ousrdata, ousrhora, usrdata,usrhora,ousrinis,usrinis ,qtt ,ftstamp ,epv,pvmoeda ,tabiva,iva,lordem ,ref, design ,lote,armazem,bistamp ) values ('aut66aaa6103066aaa3557b',getdate(),convert(char(8),convert (time,getdate())),getdate(),convert(char(8),convert (time,getdate())),'wsv','wsv',72.000 ,'aut66aaa0842566aaa354db' ,0,0 ,2,23.00,50000,?,?,?,?,?)
20240731@214925.5544 9plpakj5b8hnlvtkgf1kbmpi4a Query : use flama_phc
20240731@214925.5585 9plpakj5b8hnlvtkgf1kbmpi4a Query : select st.usalote valor from st where st.ref = '324.1608.00.1'
20240731@214925.5699 9plpakj5b8hnlvtkgf1kbmpi4a Query : select top 1 st.tabiva ,st.ivaincl ,st.stns ,st.uni2 ,st.familia ,isnull(tx.taxa, 0) txiva ,unidade ,usalote ,epcpond ,noserie ,conversao ,st.texteis from st left join taxasiva tx on st.tabiva = tx.codigo where st.ref = '324.1608.00.1'
20240731@214925.5713 9plpakj5b8hnlvtkgf1kbmpi4a Query : select 1 valor from information_schema.tables where table_type='base table' and table_name='wstablefields'
20240731@214925.5740 9plpakj5b8hnlvtkgf1kbmpi4a Query : select fieldkey,fieldname,fieldtype,mandatory from wstablefields where tablename = 'fi' and documentnumber = 39
20240731@214925.5766 9plpakj5b8hnlvtkgf1kbmpi4a Query : select 1 valor from information_schema.tables where table_type='base table' and table_name='wstablefields'
20240731@214925.5780 9plpakj5b8hnlvtkgf1kbmpi4a Query : select fieldkey,fieldname,fieldtype,mandatory from wstablefields where tablename = 'fi2' and documentnumber = 39
20240731@214925.5789 9plpakj5b8hnlvtkgf1kbmpi4a Query : select top 1 convert(numeric(6,2),t.taxa) valor from taxasiva t where t.codigo='2'
20240731@214925.5801 9plpakj5b8hnlvtkgf1kbmpi4a Query : select sestamp valor from se where ref ='324.1608.00.1' and lote = 'r2100202100a'
20240731@214925.5827 9plpakj5b8hnlvtkgf1kbmpi4a Query : select 1 valor from information_schema.tables where table_type='base table' and table_name='wstablefields'
20240731@214925.5841 9plpakj5b8hnlvtkgf1kbmpi4a Query : select fieldkey,fieldname,fieldtype,calcformula from wstablefields where tablename = 'fi2' and documentnumber = 39
20240731@214925.5853 9plpakj5b8hnlvtkgf1kbmpi4a Query : insert into wsfi2data (fi2stamp,ftstamp ,ousrdata, ousrhora, usrdata,usrhora,ousrinis,usrinis) values ('aut66aaa0460766aaa3558e','aut66aaa0842566aaa354db' ,getdate(),convert(char(8),convert (time,getdate())),getdate(),convert(char(8),convert (time,getdate())),'wsv','wsv')
20240731@214925.5857 9plpakj5b8hnlvtkgf1kbmpi4a Query : select 1 valor from information_schema.tables where table_type='base table' and table_name='wstablefields'
20240731@214925.5872 9plpakj5b8hnlvtkgf1kbmpi4a Query : select fieldkey,fieldname,fieldtype,calcformula from wstablefields where tablename = 'fi' and documentnumber = 39
20240731@214925.5906 9plpakj5b8hnlvtkgf1kbmpi4a Query : insert into wsfidata (fistamp,ousrdata, ousrhora, usrdata,usrhora,ousrinis,usrinis ,qtt ,ftstamp ,epv,pvmoeda ,tabiva,iva,lordem ,ref, design ,lote,armazem,bistamp ) values ('aut66aaa0460766aaa3558e',getdate(),convert(char(8),convert (time,getdate())),getdate(),convert(char(8),convert (time,getdate())),'wsv','wsv',12.000 ,'aut66aaa0842566aaa354db' ,0,0 ,2,23.00,60000,?,?,?,?,?)
20240731@214925.6172 9plpakj5b8hnlvtkgf1kbmpi4a Query : use flama_phc
20240731@214925.6181 9plpakj5b8hnlvtkgf1kbmpi4a Query : select st.usalote valor from st where st.ref = '324.1667.00.1'
20240731@214925.6207 9plpakj5b8hnlvtkgf1kbmpi4a Query : select top 1 st.tabiva ,st.ivaincl ,st.stns ,st.uni2 ,st.familia ,isnull(tx.taxa, 0) txiva ,unidade ,usalote ,epcpond ,noserie ,conversao ,st.texteis from st left join taxasiva tx on st.tabiva = tx.codigo where st.ref = '324.1667.00.1'
20240731@214925.6379 9plpakj5b8hnlvtkgf1kbmpi4a Query : select 1 valor from information_schema.tables where table_type='base table' and table_name='wstablefields'
20240731@214925.6401 9plpakj5b8hnlvtkgf1kbmpi4a Query : select fieldkey,fieldname,fieldtype,mandatory from wstablefields where tablename = 'fi' and documentnumber = 39
20240731@214925.6433 9plpakj5b8hnlvtkgf1kbmpi4a Query : select 1 valor from information_schema.tables where table_type='base table' and table_name='wstablefields'
20240731@214925.6449 9plpakj5b8hnlvtkgf1kbmpi4a Query : select fieldkey,fieldname,fieldtype,mandatory from wstablefields where tablename = 'fi2' and documentnumber = 39
20240731@214925.6460 9plpakj5b8hnlvtkgf1kbmpi4a Query : select top 1 convert(numeric(6,2),t.taxa) valor from taxasiva t where t.codigo='2'
20240731@214925.6474 9plpakj5b8hnlvtkgf1kbmpi4a Query : select sestamp valor from se where ref ='324.1667.00.1' and lote = 'r2400065200a'
20240731@214925.6569 9plpakj5b8hnlvtkgf1kbmpi4a Query : select 1 valor from information_schema.tables where table_type='base table' and table_name='wstablefields'
20240731@214925.6648 9plpakj5b8hnlvtkgf1kbmpi4a Query : select fieldkey,fieldname,fieldtype,calcformula from wstablefields where tablename = 'fi2' and documentnumber = 39
20240731@214925.6660 9plpakj5b8hnlvtkgf1kbmpi4a Query : insert into wsfi2data (fi2stamp,ftstamp ,ousrdata, ousrhora, usrdata,usrhora,ousrinis,usrinis) values ('aut66aaa6870266aaa355a0','aut66aaa0842566aaa354db' ,getdate(),convert(char(8),convert (time,getdate())),getdate(),convert(char(8),convert (time,getdate())),'wsv','wsv')
20240731@214925.6665 9plpakj5b8hnlvtkgf1kbmpi4a Query : select 1 valor from information_schema.tables where table_type='base table' and table_name='wstablefields'
20240731@214925.6680 9plpakj5b8hnlvtkgf1kbmpi4a Query : select fieldkey,fieldname,fieldtype,calcformula from wstablefields where tablename = 'fi' and documentnumber = 39
20240731@214925.6709 9plpakj5b8hnlvtkgf1kbmpi4a Query : insert into wsfidata (fistamp,ousrdata, ousrhora, usrdata,usrhora,ousrinis,usrinis ,qtt ,ftstamp ,epv,pvmoeda ,tabiva,iva,lordem ,ref, design ,lote,armazem,bistamp ) values ('aut66aaa6870266aaa355a0',getdate(),convert(char(8),convert (time,getdate())),getdate(),convert(char(8),convert (time,getdate())),'wsv','wsv',4.000 ,'aut66aaa0842566aaa354db' ,0,0 ,2,23.00,70000,?,?,?,?,?)
20240731@214925.6986 9plpakj5b8hnlvtkgf1kbmpi4a Query : select 1 valor from information_schema.tables where table_type='base table' and table_name='wstablefields'
20240731@214925.7008 9plpakj5b8hnlvtkgf1kbmpi4a Query : select fieldkey,fieldname,fieldtype,mandatory from wstablefields where tablename = 'fi' and documentnumber = 39
20240731@214925.7043 9plpakj5b8hnlvtkgf1kbmpi4a Query : select 1 valor from information_schema.tables where table_type='base table' and table_name='wstablefields'
20240731@214925.7058 9plpakj5b8hnlvtkgf1kbmpi4a Query : select fieldkey,fieldname,fieldtype,mandatory from wstablefields where tablename = 'fi2' and documentnumber = 39
20240731@214925.7068 9plpakj5b8hnlvtkgf1kbmpi4a Query : select top 1 convert(numeric(6,2),t.taxa) valor from taxasiva t where t.codigo='2'
20240731@214925.7081 9plpakj5b8hnlvtkgf1kbmpi4a Query : select 1 valor from information_schema.tables where table_type='base table' and table_name='wstablefields'
20240731@214925.7095 9plpakj5b8hnlvtkgf1kbmpi4a Query : select fieldkey,fieldname,fieldtype,calcformula from wstablefields where tablename = 'fi2' and documentnumber = 39
20240731@214925.7107 9plpakj5b8hnlvtkgf1kbmpi4a Query : insert into wsfi2data (fi2stamp,ftstamp ,ousrdata, ousrhora, usrdata,usrhora,ousrinis,usrinis) values ('aut66aaa5829666aaa355ac','aut66aaa0842566aaa354db' ,getdate(),convert(char(8),convert (time,getdate())),getdate(),convert(char(8),convert (time,getdate())),'wsv','wsv')
20240731@214925.7111 9plpakj5b8hnlvtkgf1kbmpi4a Query : select 1 valor from information_schema.tables where table_type='base table' and table_name='wstablefields'
20240731@214925.7126 9plpakj5b8hnlvtkgf1kbmpi4a Query : select fieldkey,fieldname,fieldtype,calcformula from wstablefields where tablename = 'fi' and documentnumber = 39
20240731@214925.7155 9plpakj5b8hnlvtkgf1kbmpi4a Query : insert into wsfidata (fistamp,ousrdata, ousrhora, usrdata,usrhora,ousrinis,usrinis ,qtt ,ftstamp ,epv,pvmoeda ,tabiva,iva,lordem ,ref, design ,armazem) values ('aut66aaa5829666aaa355ac',getdate(),convert(char(8),convert (time,getdate())),getdate(),convert(char(8),convert (time,getdate())),'wsv','wsv',0 ,'aut66aaa0842566aaa354db' ,0,0 ,2,23.00,80000,?,?,?)
20240731@214925.7426 9plpakj5b8hnlvtkgf1kbmpi4a Query : use flama_phc
20240731@214925.7429 9plpakj5b8hnlvtkgf1kbmpi4a Query : select st.usalote valor from st where st.ref = '324.1667.00.1'
20240731@214925.7450 9plpakj5b8hnlvtkgf1kbmpi4a Query : select top 1 st.tabiva ,st.ivaincl ,st.stns ,st.uni2 ,st.familia ,isnull(tx.taxa, 0) txiva ,unidade ,usalote ,epcpond ,noserie ,conversao ,st.texteis from st left join taxasiva tx on st.tabiva = tx.codigo where st.ref = '324.1667.00.1'
20240731@214925.7472 9plpakj5b8hnlvtkgf1kbmpi4a Query : select 1 valor from information_schema.tables where table_type='base table' and table_name='wstablefields'
20240731@214925.7489 9plpakj5b8hnlvtkgf1kbmpi4a Query : select fieldkey,fieldname,fieldtype,mandatory from wstablefields where tablename = 'fi' and documentnumber = 39
20240731@214925.7515 9plpakj5b8hnlvtkgf1kbmpi4a Query : select 1 valor from information_schema.tables where table_type='base table' and table_name='wstablefields'
20240731@214925.7530 9plpakj5b8hnlvtkgf1kbmpi4a Query : select fieldkey,fieldname,fieldtype,mandatory from wstablefields where tablename = 'fi2' and documentnumber = 39
20240731@214925.7539 9plpakj5b8hnlvtkgf1kbmpi4a Query : select top 1 convert(numeric(6,2),t.taxa) valor from taxasiva t where t.codigo='2'
20240731@214925.7551 9plpakj5b8hnlvtkgf1kbmpi4a Query : select sestamp valor from se where ref ='324.1667.00.1' and lote = 'r2400065200a'
20240731@214925.7565 9plpakj5b8hnlvtkgf1kbmpi4a Query : select 1 valor from information_schema.tables where table_type='base table' and table_name='wstablefields'
20240731@214925.7580 9plpakj5b8hnlvtkgf1kbmpi4a Query : select fieldkey,fieldname,fieldtype,calcformula from wstablefields where tablename = 'fi2' and documentnumber = 39
20240731@214925.7593 9plpakj5b8hnlvtkgf1kbmpi4a Query : insert into wsfi2data (fi2stamp,ftstamp ,ousrdata, ousrhora, usrdata,usrhora,ousrinis,usrinis) values ('aut66aaa6654166aaa355b8','aut66aaa0842566aaa354db' ,getdate(),convert(char(8),convert (time,getdate())),getdate(),convert(char(8),convert (time,getdate())),'wsv','wsv')
20240731@214925.7597 9plpakj5b8hnlvtkgf1kbmpi4a Query : select 1 valor from information_schema.tables where table_type='base table' and table_name='wstablefields'
20240731@214925.7614 9plpakj5b8hnlvtkgf1kbmpi4a Query : select fieldkey,fieldname,fieldtype,calcformula from wstablefields where tablename = 'fi' and documentnumber = 39
20240731@214925.7642 9plpakj5b8hnlvtkgf1kbmpi4a Query : insert into wsfidata (fistamp,ousrdata, ousrhora, usrdata,usrhora,ousrinis,usrinis ,qtt ,ftstamp ,epv,pvmoeda ,tabiva,iva,lordem ,ref, design ,lote,armazem,bistamp ) values ('aut66aaa6654166aaa355b8',getdate(),convert(char(8),convert (time,getdate())),getdate(),convert(char(8),convert (time,getdate())),'wsv','wsv',18.000 ,'aut66aaa0842566aaa354db' ,0,0 ,2,23.00,100000,?,?,?,?,?)
20240731@214925.7941 9plpakj5b8hnlvtkgf1kbmpi4a Query : select 1 valor from information_schema.tables where table_type='base table' and table_name='wstablefields'
20240731@214925.7958 9plpakj5b8hnlvtkgf1kbmpi4a Query : select fieldkey,fieldname,fieldtype,mandatory from wstablefields where tablename = 'fi' and documentnumber = 39
20240731@214925.7984 9plpakj5b8hnlvtkgf1kbmpi4a Query : select 1 valor from information_schema.tables where table_type='base table' and table_name='wstablefields'
20240731@214925.7998 9plpakj5b8hnlvtkgf1kbmpi4a Query : select fieldkey,fieldname,fieldtype,mandatory from wstablefields where tablename = 'fi2' and documentnumber = 39
20240731@214925.8007 9plpakj5b8hnlvtkgf1kbmpi4a Query : select top 1 convert(numeric(6,2),t.taxa) valor from taxasiva t where t.codigo='2'
20240731@214925.8021 9plpakj5b8hnlvtkgf1kbmpi4a Query : select 1 valor from information_schema.tables where table_type='base table' and table_name='wstablefields'
20240731@214925.8035 9plpakj5b8hnlvtkgf1kbmpi4a Query : select fieldkey,fieldname,fieldtype,calcformula from wstablefields where tablename = 'fi2' and documentnumber = 39
20240731@214925.8048 9plpakj5b8hnlvtkgf1kbmpi4a Query : insert into wsfi2data (fi2stamp,ftstamp ,ousrdata, ousrhora, usrdata,usrhora,ousrinis,usrinis) values ('aut66aaa8223566aaa355c3','aut66aaa0842566aaa354db' ,getdate(),convert(char(8),convert (time,getdate())),getdate(),convert(char(8),convert (time,getdate())),'wsv','wsv')
20240731@214925.8052 9plpakj5b8hnlvtkgf1kbmpi4a Query : select 1 valor from information_schema.tables where table_type='base table' and table_name='wstablefields'
20240731@214925.8067 9plpakj5b8hnlvtkgf1kbmpi4a Query : select fieldkey,fieldname,fieldtype,calcformula from wstablefields where tablename = 'fi' and documentnumber = 39
20240731@214925.8146 9plpakj5b8hnlvtkgf1kbmpi4a Query : insert into wsfidata (fistamp,ousrdata, ousrhora, usrdata,usrhora,ousrinis,usrinis ,qtt ,ftstamp ,epv,pvmoeda ,tabiva,iva,lordem ,ref, design ,armazem) values ('aut66aaa8223566aaa355c3',getdate(),convert(char(8),convert (time,getdate())),getdate(),convert(char(8),convert (time,getdate())),'wsv','wsv',0 ,'aut66aaa0842566aaa354db' ,0,0 ,2,23.00,110000,?,?,?)
20240731@214925.8418 9plpakj5b8hnlvtkgf1kbmpi4a Query : use flama_phc
20240731@214925.8421 9plpakj5b8hnlvtkgf1kbmpi4a Query : select st.usalote valor from st where st.ref = '324.1667.00.1'
20240731@214925.8442 9plpakj5b8hnlvtkgf1kbmpi4a Query : select top 1 st.tabiva ,st.ivaincl ,st.stns ,st.uni2 ,st.familia ,isnull(tx.taxa, 0) txiva ,unidade ,usalote ,epcpond ,noserie ,conversao ,st.texteis from st left join taxasiva tx on st.tabiva = tx.codigo where st.ref = '324.1667.00.1'
20240731@214925.8457 9plpakj5b8hnlvtkgf1kbmpi4a Query : select 1 valor from information_schema.tables where table_type='base table' and table_name='wstablefields'
20240731@214925.8476 9plpakj5b8hnlvtkgf1kbmpi4a Query : select fieldkey,fieldname,fieldtype,mandatory from wstablefields where tablename = 'fi' and documentnumber = 39
20240731@214925.8505 9plpakj5b8hnlvtkgf1kbmpi4a Query : select 1 valor from information_schema.tables where table_type='base table' and table_name='wstablefields'
20240731@214925.8521 9plpakj5b8hnlvtkgf1kbmpi4a Query : select fieldkey,fieldname,fieldtype,mandatory from wstablefields where tablename = 'fi2' and documentnumber = 39
20240731@214925.8529 9plpakj5b8hnlvtkgf1kbmpi4a Query : select top 1 convert(numeric(6,2),t.taxa) valor from taxasiva t where t.codigo='2'
20240731@214925.8542 9plpakj5b8hnlvtkgf1kbmpi4a Query : select sestamp valor from se where ref ='324.1667.00.1' and lote = 'r2400065200a'
20240731@214925.8555 9plpakj5b8hnlvtkgf1kbmpi4a Query : select 1 valor from information_schema.tables where table_type='base table' and table_name='wstablefields'
20240731@214925.8570 9plpakj5b8hnlvtkgf1kbmpi4a Query : select fieldkey,fieldname,fieldtype,calcformula from wstablefields where tablename = 'fi2' and documentnumber = 39
20240731@214925.8582 9plpakj5b8hnlvtkgf1kbmpi4a Query : insert into wsfi2data (fi2stamp,ftstamp ,ousrdata, ousrhora, usrdata,usrhora,ousrinis,usrinis) values ('aut66aaa2067366aaa355d0','aut66aaa0842566aaa354db' ,getdate(),convert(char(8),convert (time,getdate())),getdate(),convert(char(8),convert (time,getdate())),'wsv','wsv')
20240731@214925.8587 9plpakj5b8hnlvtkgf1kbmpi4a Query : select 1 valor from information_schema.tables where table_type='base table' and table_name='wstablefields'
20240731@214925.8601 9plpakj5b8hnlvtkgf1kbmpi4a Query : select fieldkey,fieldname,fieldtype,calcformula from wstablefields where tablename = 'fi' and documentnumber = 39
20240731@214925.8660 9plpakj5b8hnlvtkgf1kbmpi4a Query : insert into wsfidata (fistamp,ousrdata, ousrhora, usrdata,usrhora,ousrinis,usrinis ,qtt ,ftstamp ,epv,pvmoeda ,tabiva,iva,lordem ,ref, design ,lote,armazem,bistamp ) values ('aut66aaa2067366aaa355d0',getdate(),convert(char(8),convert (time,getdate())),getdate(),convert(char(8),convert (time,getdate())),'wsv','wsv',18.000 ,'aut66aaa0842566aaa354db' ,0,0 ,2,23.00,130000,?,?,?,?,?)
20240731@214925.9107 9plpakj5b8hnlvtkgf1kbmpi4a Query : select 1 valor from information_schema.tables where table_type='base table' and table_name='wstablefields'
20240731@214925.9150 9plpakj5b8hnlvtkgf1kbmpi4a Query : select fieldkey,fieldname,fieldtype,mandatory from wstablefields where tablename = 'fi' and documentnumber = 39
20240731@214925.9187 9plpakj5b8hnlvtkgf1kbmpi4a Query : select 1 valor from information_schema.tables where table_type='base table' and table_name='wstablefields'
20240731@214925.9203 9plpakj5b8hnlvtkgf1kbmpi4a Query : select fieldkey,fieldname,fieldtype,mandatory from wstablefields where tablename = 'fi2' and documentnumber = 39
20240731@214925.9212 9plpakj5b8hnlvtkgf1kbmpi4a Query : select top 1 convert(numeric(6,2),t.taxa) valor from taxasiva t where t.codigo='2'
20240731@214925.9225 9plpakj5b8hnlvtkgf1kbmpi4a Query : select 1 valor from information_schema.tables where table_type='base table' and table_name='wstablefields'
20240731@214925.9240 9plpakj5b8hnlvtkgf1kbmpi4a Query : select fieldkey,fieldname,fieldtype,calcformula from wstablefields where tablename = 'fi2' and documentnumber = 39
20240731@214925.9253 9plpakj5b8hnlvtkgf1kbmpi4a Query : insert into wsfi2data (fi2stamp,ftstamp ,ousrdata, ousrhora, usrdata,usrhora,ousrinis,usrinis) values ('aut66aaa6437866aaa355e1','aut66aaa0842566aaa354db' ,getdate(),convert(char(8),convert (time,getdate())),getdate(),convert(char(8),convert (time,getdate())),'wsv','wsv')
20240731@214925.9258 9plpakj5b8hnlvtkgf1kbmpi4a Query : select 1 valor from information_schema.tables where table_type='base table' and table_name='wstablefields'
20240731@214925.9273 9plpakj5b8hnlvtkgf1kbmpi4a Query : select fieldkey,fieldname,fieldtype,calcformula from wstablefields where tablename = 'fi' and documentnumber = 39
20240731@214925.9310 9plpakj5b8hnlvtkgf1kbmpi4a Query : insert into wsfidata (fistamp,ousrdata, ousrhora, usrdata,usrhora,ousrinis,usrinis ,qtt ,ftstamp ,epv,pvmoeda ,tabiva,iva,lordem ,ref, design ,armazem) values ('aut66aaa6437866aaa355e1',getdate(),convert(char(8),convert (time,getdate())),getdate(),convert(char(8),convert (time,getdate())),'wsv','wsv',0 ,'aut66aaa0842566aaa354db' ,0,0 ,2,23.00,140000,?,?,?)
20240731@214925.9597 9plpakj5b8hnlvtkgf1kbmpi4a Query : use flama_phc
20240731@214925.9600 9plpakj5b8hnlvtkgf1kbmpi4a Query : select st.usalote valor from st where st.ref = '325.1670.3015'
20240731@214925.9623 9plpakj5b8hnlvtkgf1kbmpi4a Query : select top 1 st.tabiva ,st.ivaincl ,st.stns ,st.uni2 ,st.familia ,isnull(tx.taxa, 0) txiva ,unidade ,usalote ,epcpond ,noserie ,conversao ,st.texteis from st left join taxasiva tx on st.tabiva = tx.codigo where st.ref = '325.1670.3015'
20240731@214925.9788 9plpakj5b8hnlvtkgf1kbmpi4a Query : select 1 valor from information_schema.tables where table_type='base table' and table_name='wstablefields'
20240731@214925.9816 9plpakj5b8hnlvtkgf1kbmpi4a Query : select fieldkey,fieldname,fieldtype,mandatory from wstablefields where tablename = 'fi' and documentnumber = 39
20240731@214925.9848 9plpakj5b8hnlvtkgf1kbmpi4a Query : select 1 valor from information_schema.tables where table_type='base table' and table_name='wstablefields'
20240731@214925.9868 9plpakj5b8hnlvtkgf1kbmpi4a Query : select fieldkey,fieldname,fieldtype,mandatory from wstablefields where tablename = 'fi2' and documentnumber = 39
20240731@214925.9879 9plpakj5b8hnlvtkgf1kbmpi4a Query : select top 1 convert(numeric(6,2),t.taxa) valor from taxasiva t where t.codigo='2'
20240731@214925.9896 9plpakj5b8hnlvtkgf1kbmpi4a Query : select sestamp valor from se where ref ='325.1670.3015' and lote = 'r2301133100a'
20240731@214925.9933 9plpakj5b8hnlvtkgf1kbmpi4a Query : select 1 valor from information_schema.tables where table_type='base table' and table_name='wstablefields'
20240731@214925.9952 9plpakj5b8hnlvtkgf1kbmpi4a Query : select fieldkey,fieldname,fieldtype,calcformula from wstablefields where tablename = 'fi2' and documentnumber = 39
20240731@214925.9965 9plpakj5b8hnlvtkgf1kbmpi4a Query : insert into wsfi2data (fi2stamp,ftstamp ,ousrdata, ousrhora, usrdata,usrhora,ousrinis,usrinis) values ('aut66aaa1725466aaa355f2','aut66aaa0842566aaa354db' ,getdate(),convert(char(8),convert (time,getdate())),getdate(),convert(char(8),convert (time,getdate())),'wsv','wsv')
20240731@214925.9969 9plpakj5b8hnlvtkgf1kbmpi4a Query : select 1 valor from information_schema.tables where table_type='base table' and table_name='wstablefields'
20240731@214925.9995 9plpakj5b8hnlvtkgf1kbmpi4a Query : select fieldkey,fieldname,fieldtype,calcformula from wstablefields where tablename = 'fi' and documentnumber = 39
20240731@214926.1182 9plpakj5b8hnlvtkgf1kbmpi4a Query : insert into wsfidata (fistamp,ousrdata, ousrhora, usrdata,usrhora,ousrinis,usrinis ,qtt ,ftstamp ,epv,pvmoeda ,tabiva,iva,lordem ,ref, design ,lote,armazem,bistamp ) values ('aut66aaa1725466aaa355f2',getdate(),convert(char(8),convert (time,getdate())),getdate(),convert(char(8),convert (time,getdate())),'wsv','wsv',102.000 ,'aut66aaa0842566aaa354db' ,0,0 ,2,23.00,160000,?,?,?,?,?)
20240731@214926.1499 9plpakj5b8hnlvtkgf1kbmpi4a Query : use flama_phc
20240731@214926.1504 9plpakj5b8hnlvtkgf1kbmpi4a Query : select st.usalote valor from st where st.ref = '324.1646.00.1'
20240731@214926.1529 9plpakj5b8hnlvtkgf1kbmpi4a Query : select top 1 st.tabiva ,st.ivaincl ,st.stns ,st.uni2 ,st.familia ,isnull(tx.taxa, 0) txiva ,unidade ,usalote ,epcpond ,noserie ,conversao ,st.texteis from st left join taxasiva tx on st.tabiva = tx.codigo where st.ref = '324.1646.00.1'
20240731@214926.1702 9plpakj5b8hnlvtkgf1kbmpi4a Query : select 1 valor from information_schema.tables where table_type='base table' and table_name='wstablefields'
20240731@214926.1723 9plpakj5b8hnlvtkgf1kbmpi4a Query : select fieldkey,fieldname,fieldtype,mandatory from wstablefields where tablename = 'fi' and documentnumber = 39
20240731@214926.1756 9plpakj5b8hnlvtkgf1kbmpi4a Query : select 1 valor from information_schema.tables where table_type='base table' and table_name='wstablefields'
20240731@214926.1773 9plpakj5b8hnlvtkgf1kbmpi4a Query : select fieldkey,fieldname,fieldtype,mandatory from wstablefields where tablename = 'fi2' and documentnumber = 39
20240731@214926.1782 9plpakj5b8hnlvtkgf1kbmpi4a Query : select top 1 convert(numeric(6,2),t.taxa) valor from taxasiva t where t.codigo='2'
20240731@214926.1796 9plpakj5b8hnlvtkgf1kbmpi4a Query : select sestamp valor from se where ref ='324.1646.00.1' and lote = 'r2101259200a'
20240731@214926.1823 9plpakj5b8hnlvtkgf1kbmpi4a Query : select 1 valor from information_schema.tables where table_type='base table' and table_name='wstablefields'
20240731@214926.1839 9plpakj5b8hnlvtkgf1kbmpi4a Query : select fieldkey,fieldname,fieldtype,calcformula from wstablefields where tablename = 'fi2' and documentnumber = 39
20240731@214926.1853 9plpakj5b8hnlvtkgf1kbmpi4a Query : insert into wsfi2data (fi2stamp,ftstamp ,ousrdata, ousrhora, usrdata,usrhora,ousrinis,usrinis) values ('aut66aaa7016666aaa3562c','aut66aaa0842566aaa354db' ,getdate(),convert(char(8),convert (time,getdate())),getdate(),convert(char(8),convert (time,getdate())),'wsv','wsv')
20240731@214926.1858 9plpakj5b8hnlvtkgf1kbmpi4a Query : select 1 valor from information_schema.tables where table_type='base table' and table_name='wstablefields'
20240731@214926.1873 9plpakj5b8hnlvtkgf1kbmpi4a Query : select fieldkey,fieldname,fieldtype,calcformula from wstablefields where tablename = 'fi' and documentnumber = 39
20240731@214926.1907 9plpakj5b8hnlvtkgf1kbmpi4a Query : insert into wsfidata (fistamp,ousrdata, ousrhora, usrdata,usrhora,ousrinis,usrinis ,qtt ,ftstamp ,epv,pvmoeda ,tabiva,iva,lordem ,ref, design ,lote,armazem,bistamp ) values ('aut66aaa7016666aaa3562c',getdate(),convert(char(8),convert (time,getdate())),getdate(),convert(char(8),convert (time,getdate())),'wsv','wsv',4.000 ,'aut66aaa0842566aaa354db' ,0,0 ,2,23.00,170000,?,?,?,?,?)
20240731@214926.2199 9plpakj5b8hnlvtkgf1kbmpi4a Query : use flama_phc
20240731@214926.2202 9plpakj5b8hnlvtkgf1kbmpi4a Query : select st.usalote valor from st where st.ref = '324.1646.00.1'
20240731@214926.2235 9plpakj5b8hnlvtkgf1kbmpi4a Query : select top 1 st.tabiva ,st.ivaincl ,st.stns ,st.uni2 ,st.familia ,isnull(tx.taxa, 0) txiva ,unidade ,usalote ,epcpond ,noserie ,conversao ,st.texteis from st left join taxasiva tx on st.tabiva = tx.codigo where st.ref = '324.1646.00.1'
20240731@214926.2251 9plpakj5b8hnlvtkgf1kbmpi4a Query : select 1 valor from information_schema.tables where table_type='base table' and table_name='wstablefields'
20240731@214926.2268 9plpakj5b8hnlvtkgf1kbmpi4a Query : select fieldkey,fieldname,fieldtype,mandatory from wstablefields where tablename = 'fi' and documentnumber = 39
20240731@214926.2296 9plpakj5b8hnlvtkgf1kbmpi4a Query : select 1 valor from information_schema.tables where table_type='base table' and table_name='wstablefields'
20240731@214926.2314 9plpakj5b8hnlvtkgf1kbmpi4a Query : select fieldkey,fieldname,fieldtype,mandatory from wstablefields where tablename = 'fi2' and documentnumber = 39
20240731@214926.2323 9plpakj5b8hnlvtkgf1kbmpi4a Query : select top 1 convert(numeric(6,2),t.taxa) valor from taxasiva t where t.codigo='2'
20240731@214926.2336 9plpakj5b8hnlvtkgf1kbmpi4a Query : select sestamp valor from se where ref ='324.1646.00.1' and lote = 'r2101259200a'
20240731@214926.2350 9plpakj5b8hnlvtkgf1kbmpi4a Query : select 1 valor from information_schema.tables where table_type='base table' and table_name='wstablefields'
20240731@214926.2367 9plpakj5b8hnlvtkgf1kbmpi4a Query : select fieldkey,fieldname,fieldtype,calcformula from wstablefields where tablename = 'fi2' and documentnumber = 39
20240731@214926.2380 9plpakj5b8hnlvtkgf1kbmpi4a Query : insert into wsfi2data (fi2stamp,ftstamp ,ousrdata, ousrhora, usrdata,usrhora,ousrinis,usrinis) values ('aut66aaa5261766aaa35639','aut66aaa0842566aaa354db' ,getdate(),convert(char(8),convert (time,getdate())),getdate(),convert(char(8),convert (time,getdate())),'wsv','wsv')
20240731@214926.2384 9plpakj5b8hnlvtkgf1kbmpi4a Query : select 1 valor from information_schema.tables where table_type='base table' and table_name='wstablefields'
20240731@214926.2403 9plpakj5b8hnlvtkgf1kbmpi4a Query : select fieldkey,fieldname,fieldtype,calcformula from wstablefields where tablename = 'fi' and documentnumber = 39
20240731@214926.2439 9plpakj5b8hnlvtkgf1kbmpi4a Query : insert into wsfidata (fistamp,ousrdata, ousrhora, usrdata,usrhora,ousrinis,usrinis ,qtt ,ftstamp ,epv,pvmoeda ,tabiva,iva,lordem ,ref, design ,lote,armazem,bistamp ) values ('aut66aaa5261766aaa35639',getdate(),convert(char(8),convert (time,getdate())),getdate(),convert(char(8),convert (time,getdate())),'wsv','wsv',32.000 ,'aut66aaa0842566aaa354db' ,0,0 ,2,23.00,180000,?,?,?,?,?)
20240731@214926.2732 9plpakj5b8hnlvtkgf1kbmpi4a Query : use flama_phc
20240731@214926.2736 9plpakj5b8hnlvtkgf1kbmpi4a Query : select st.usalote valor from st where st.ref = '324.1646.00.1'
20240731@214926.2756 9plpakj5b8hnlvtkgf1kbmpi4a Query : select top 1 st.tabiva ,st.ivaincl ,st.stns ,st.uni2 ,st.familia ,isnull(tx.taxa, 0) txiva ,unidade ,usalote ,epcpond ,noserie ,conversao ,st.texteis from st left join taxasiva tx on st.tabiva = tx.codigo where st.ref = '324.1646.00.1'
20240731@214926.2770 9plpakj5b8hnlvtkgf1kbmpi4a Query : select 1 valor from information_schema.tables where table_type='base table' and table_name='wstablefields'
20240731@214926.2789 9plpakj5b8hnlvtkgf1kbmpi4a Query : select fieldkey,fieldname,fieldtype,mandatory from wstablefields where tablename = 'fi' and documentnumber = 39
20240731@214926.2816 9plpakj5b8hnlvtkgf1kbmpi4a Query : select 1 valor from information_schema.tables where table_type='base table' and table_name='wstablefields'
20240731@214926.2831 9plpakj5b8hnlvtkgf1kbmpi4a Query : select fieldkey,fieldname,fieldtype,mandatory from wstablefields where tablename = 'fi2' and documentnumber = 39
20240731@214926.2840 9plpakj5b8hnlvtkgf1kbmpi4a Query : select top 1 convert(numeric(6,2),t.taxa) valor from taxasiva t where t.codigo='2'
20240731@214926.2853 9plpakj5b8hnlvtkgf1kbmpi4a Query : select sestamp valor from se where ref ='324.1646.00.1' and lote = 'r2101259200a'
20240731@214926.2866 9plpakj5b8hnlvtkgf1kbmpi4a Query : select 1 valor from information_schema.tables where table_type='base table' and table_name='wstablefields'
20240731@214926.2882 9plpakj5b8hnlvtkgf1kbmpi4a Query : select fieldkey,fieldname,fieldtype,calcformula from wstablefields where tablename = 'fi2' and documentnumber = 39
20240731@214926.2904 9plpakj5b8hnlvtkgf1kbmpi4a Query : insert into wsfi2data (fi2stamp,ftstamp ,ousrdata, ousrhora, usrdata,usrhora,ousrinis,usrinis) values ('aut66aaa1195266aaa35645','aut66aaa0842566aaa354db' ,getdate(),convert(char(8),convert (time,getdate())),getdate(),convert(char(8),convert (time,getdate())),'wsv','wsv')
20240731@214926.2909 9plpakj5b8hnlvtkgf1kbmpi4a Query : select 1 valor from information_schema.tables where table_type='base table' and table_name='wstablefields'
20240731@214926.2925 9plpakj5b8hnlvtkgf1kbmpi4a Query : select fieldkey,fieldname,fieldtype,calcformula from wstablefields where tablename = 'fi' and documentnumber = 39
20240731@214926.2955 9plpakj5b8hnlvtkgf1kbmpi4a Query : insert into wsfidata (fistamp,ousrdata, ousrhora, usrdata,usrhora,ousrinis,usrinis ,qtt ,ftstamp ,epv,pvmoeda ,tabiva,iva,lordem ,ref, design ,lote,armazem,bistamp ) values ('aut66aaa1195266aaa35645',getdate(),convert(char(8),convert (time,getdate())),getdate(),convert(char(8),convert (time,getdate())),'wsv','wsv',32.000 ,'aut66aaa0842566aaa354db' ,0,0 ,2,23.00,190000,?,?,?,?,?)
20240731@214926.3246 9plpakj5b8hnlvtkgf1kbmpi4a Query : use flama_phc
20240731@214926.3250 9plpakj5b8hnlvtkgf1kbmpi4a Query : select st.usalote valor from st where st.ref = '324.1646.00.1'
20240731@214926.3278 9plpakj5b8hnlvtkgf1kbmpi4a Query : select top 1 st.tabiva ,st.ivaincl ,st.stns ,st.uni2 ,st.familia ,isnull(tx.taxa, 0) txiva ,unidade ,usalote ,epcpond ,noserie ,conversao ,st.texteis from st left join taxasiva tx on st.tabiva = tx.codigo where st.ref = '324.1646.00.1'
20240731@214926.3294 9plpakj5b8hnlvtkgf1kbmpi4a Query : select 1 valor from information_schema.tables where table_type='base table' and table_name='wstablefields'
20240731@214926.3313 9plpakj5b8hnlvtkgf1kbmpi4a Query : select fieldkey,fieldname,fieldtype,mandatory from wstablefields where tablename = 'fi' and documentnumber = 39
20240731@214926.3390 9plpakj5b8hnlvtkgf1kbmpi4a Query : select 1 valor from information_schema.tables where table_type='base table' and table_name='wstablefields'
20240731@214926.3405 9plpakj5b8hnlvtkgf1kbmpi4a Query : select fieldkey,fieldname,fieldtype,mandatory from wstablefields where tablename = 'fi2' and documentnumber = 39
20240731@214926.3415 9plpakj5b8hnlvtkgf1kbmpi4a Query : select top 1 convert(numeric(6,2),t.taxa) valor from taxasiva t where t.codigo='2'
20240731@214926.3429 9plpakj5b8hnlvtkgf1kbmpi4a Query : select sestamp valor from se where ref ='324.1646.00.1' and lote = 'r2100904100a'
20240731@214926.3451 9plpakj5b8hnlvtkgf1kbmpi4a Query : select 1 valor from information_schema.tables where table_type='base table' and table_name='wstablefields'
20240731@214926.3481 9plpakj5b8hnlvtkgf1kbmpi4a Query : select fieldkey,fieldname,fieldtype,calcformula from wstablefields where tablename = 'fi2' and documentnumber = 39
20240731@214926.3495 9plpakj5b8hnlvtkgf1kbmpi4a Query : insert into wsfi2data (fi2stamp,ftstamp ,ousrdata, ousrhora, usrdata,usrhora,ousrinis,usrinis) values ('aut66aaa8253766aaa35654','aut66aaa0842566aaa354db' ,getdate(),convert(char(8),convert (time,getdate())),getdate(),convert(char(8),convert (time,getdate())),'wsv','wsv')
20240731@214926.3500 9plpakj5b8hnlvtkgf1kbmpi4a Query : select 1 valor from information_schema.tables where table_type='base table' and table_name='wstablefields'
20240731@214926.3522 9plpakj5b8hnlvtkgf1kbmpi4a Query : select fieldkey,fieldname,fieldtype,calcformula from wstablefields where tablename = 'fi' and documentnumber = 39
20240731@214926.3626 9plpakj5b8hnlvtkgf1kbmpi4a Query : insert into wsfidata (fistamp,ousrdata, ousrhora, usrdata,usrhora,ousrinis,usrinis ,qtt ,ftstamp ,epv,pvmoeda ,tabiva,iva,lordem ,ref, design ,lote,armazem,bistamp ) values ('aut66aaa8253766aaa35654',getdate(),convert(char(8),convert (time,getdate())),getdate(),convert(char(8),convert (time,getdate())),'wsv','wsv',32.000 ,'aut66aaa0842566aaa354db' ,0,0 ,2,23.00,200000,?,?,?,?,?)
20240731@214926.3931 9plpakj5b8hnlvtkgf1kbmpi4a Query : use flama_phc
20240731@214926.3935 9plpakj5b8hnlvtkgf1kbmpi4a Query : select st.usalote valor from st where st.ref = '324.1684.00.1'
20240731@214926.3958 9plpakj5b8hnlvtkgf1kbmpi4a Query : select top 1 st.tabiva ,st.ivaincl ,st.stns ,st.uni2 ,st.familia ,isnull(tx.taxa, 0) txiva ,unidade ,usalote ,epcpond ,noserie ,conversao ,st.texteis from st left join taxasiva tx on st.tabiva = tx.codigo where st.ref = '324.1684.00.1'
20240731@214926.4119 9plpakj5b8hnlvtkgf1kbmpi4a Query : select 1 valor from information_schema.tables where table_type='base table' and table_name='wstablefields'
20240731@214926.4135 9plpakj5b8hnlvtkgf1kbmpi4a Query : select fieldkey,fieldname,fieldtype,mandatory from wstablefields where tablename = 'fi' and documentnumber = 39
20240731@214926.4161 9plpakj5b8hnlvtkgf1kbmpi4a Query : select 1 valor from information_schema.tables where table_type='base table' and table_name='wstablefields'
20240731@214926.4177 9plpakj5b8hnlvtkgf1kbmpi4a Query : select fieldkey,fieldname,fieldtype,mandatory from wstablefields where tablename = 'fi2' and documentnumber = 39
20240731@214926.4186 9plpakj5b8hnlvtkgf1kbmpi4a Query : select top 1 convert(numeric(6,2),t.taxa) valor from taxasiva t where t.codigo='2'
20240731@214926.4198 9plpakj5b8hnlvtkgf1kbmpi4a Query : select sestamp valor from se where ref ='324.1684.00.1' and lote = 'r2301217200a'
20240731@214926.4212 9plpakj5b8hnlvtkgf1kbmpi4a Query : select 1 valor from information_schema.tables where table_type='base table' and table_name='wstablefields'
20240731@214926.4228 9plpakj5b8hnlvtkgf1kbmpi4a Query : select fieldkey,fieldname,fieldtype,calcformula from wstablefields where tablename = 'fi2' and documentnumber = 39
20240731@214926.4240 9plpakj5b8hnlvtkgf1kbmpi4a Query : insert into wsfi2data (fi2stamp,ftstamp ,ousrdata, ousrhora, usrdata,usrhora,ousrinis,usrinis) values ('aut66aaa4287166aaa35666','aut66aaa0842566aaa354db' ,getdate(),convert(char(8),convert (time,getdate())),getdate(),convert(char(8),convert (time,getdate())),'wsv','wsv')
20240731@214926.4244 9plpakj5b8hnlvtkgf1kbmpi4a Query : select 1 valor from information_schema.tables where table_type='base table' and table_name='wstablefields'
20240731@214926.4262 9plpakj5b8hnlvtkgf1kbmpi4a Query : select fieldkey,fieldname,fieldtype,calcformula from wstablefields where tablename = 'fi' and documentnumber = 39
20240731@214926.4290 9plpakj5b8hnlvtkgf1kbmpi4a Query : insert into wsfidata (fistamp,ousrdata, ousrhora, usrdata,usrhora,ousrinis,usrinis ,qtt ,ftstamp ,epv,pvmoeda ,tabiva,iva,lordem ,ref, design ,lote,armazem,bistamp ) values ('aut66aaa4287166aaa35666',getdate(),convert(char(8),convert (time,getdate())),getdate(),convert(char(8),convert (time,getdate())),'wsv','wsv',4.000 ,'aut66aaa0842566aaa354db' ,0,0 ,2,23.00,210000,?,?,?,?,?)
20240731@214926.4577 9plpakj5b8hnlvtkgf1kbmpi4a Query : use flama_phc
20240731@214926.4581 9plpakj5b8hnlvtkgf1kbmpi4a Query : select st.usalote valor from st where st.ref = '324.1684.00.1'
20240731@214926.4603 9plpakj5b8hnlvtkgf1kbmpi4a Query : select top 1 st.tabiva ,st.ivaincl ,st.stns ,st.uni2 ,st.familia ,isnull(tx.taxa, 0) txiva ,unidade ,usalote ,epcpond ,noserie ,conversao ,st.texteis from st left join taxasiva tx on st.tabiva = tx.codigo where st.ref = '324.1684.00.1'
20240731@214926.4617 9plpakj5b8hnlvtkgf1kbmpi4a Query : select 1 valor from information_schema.tables where table_type='base table' and table_name='wstablefields'
20240731@214926.4633 9plpakj5b8hnlvtkgf1kbmpi4a Query : select fieldkey,fieldname,fieldtype,mandatory from wstablefields where tablename = 'fi' and documentnumber = 39
20240731@214926.4832 9plpakj5b8hnlvtkgf1kbmpi4a Query : select 1 valor from information_schema.tables where table_type='base table' and table_name='wstablefields'
20240731@214926.4848 9plpakj5b8hnlvtkgf1kbmpi4a Query : select fieldkey,fieldname,fieldtype,mandatory from wstablefields where tablename = 'fi2' and documentnumber = 39
20240731@214926.4858 9plpakj5b8hnlvtkgf1kbmpi4a Query : select top 1 convert(numeric(6,2),t.taxa) valor from taxasiva t where t.codigo='2'
20240731@214926.4880 9plpakj5b8hnlvtkgf1kbmpi4a Query : select sestamp valor from se where ref ='324.1684.00.1' and lote = 'r2301217200a'
20240731@214926.4896 9plpakj5b8hnlvtkgf1kbmpi4a Query : select 1 valor from information_schema.tables where table_type='base table' and table_name='wstablefields'
20240731@214926.4911 9plpakj5b8hnlvtkgf1kbmpi4a Query : select fieldkey,fieldname,fieldtype,calcformula from wstablefields where tablename = 'fi2' and documentnumber = 39
20240731@214926.4922 9plpakj5b8hnlvtkgf1kbmpi4a Query : insert into wsfi2data (fi2stamp,ftstamp ,ousrdata, ousrhora, usrdata,usrhora,ousrinis,usrinis) values ('aut66aaa0172166aaa35677','aut66aaa0842566aaa354db' ,getdate(),convert(char(8),convert (time,getdate())),getdate(),convert(char(8),convert (time,getdate())),'wsv','wsv')
20240731@214926.4926 9plpakj5b8hnlvtkgf1kbmpi4a Query : select 1 valor from information_schema.tables where table_type='base table' and table_name='wstablefields'
20240731@214926.4941 9plpakj5b8hnlvtkgf1kbmpi4a Query : select fieldkey,fieldname,fieldtype,calcformula from wstablefields where tablename = 'fi' and documentnumber = 39
20240731@214926.4969 9plpakj5b8hnlvtkgf1kbmpi4a Query : insert into wsfidata (fistamp,ousrdata, ousrhora, usrdata,usrhora,ousrinis,usrinis ,qtt ,ftstamp ,epv,pvmoeda ,tabiva,iva,lordem ,ref, design ,lote,armazem,bistamp ) values ('aut66aaa0172166aaa35677',getdate(),convert(char(8),convert (time,getdate())),getdate(),convert(char(8),convert (time,getdate())),'wsv','wsv',48.000 ,'aut66aaa0842566aaa354db' ,0,0 ,2,23.00,220000,?,?,?,?,?)
20240731@214926.5248 9plpakj5b8hnlvtkgf1kbmpi4a Query : use flama_phc
20240731@214926.5252 9plpakj5b8hnlvtkgf1kbmpi4a Query : select st.usalote valor from st where st.ref = '324.1684.00.1'
20240731@214926.5273 9plpakj5b8hnlvtkgf1kbmpi4a Query : select top 1 st.tabiva ,st.ivaincl ,st.stns ,st.uni2 ,st.familia ,isnull(tx.taxa, 0) txiva ,unidade ,usalote ,epcpond ,noserie ,conversao ,st.texteis from st left join taxasiva tx on st.tabiva = tx.codigo where st.ref = '324.1684.00.1'
20240731@214926.5287 9plpakj5b8hnlvtkgf1kbmpi4a Query : select 1 valor from information_schema.tables where table_type='base table' and table_name='wstablefields'
20240731@214926.5303 9plpakj5b8hnlvtkgf1kbmpi4a Query : select fieldkey,fieldname,fieldtype,mandatory from wstablefields where tablename = 'fi' and documentnumber = 39
20240731@214926.5328 9plpakj5b8hnlvtkgf1kbmpi4a Query : select 1 valor from information_schema.tables where table_type='base table' and table_name='wstablefields'
20240731@214926.5343 9plpakj5b8hnlvtkgf1kbmpi4a Query : select fieldkey,fieldname,fieldtype,mandatory from wstablefields where tablename = 'fi2' and documentnumber = 39
20240731@214926.5351 9plpakj5b8hnlvtkgf1kbmpi4a Query : select top 1 convert(numeric(6,2),t.taxa) valor from taxasiva t where t.codigo='2'
20240731@214926.5363 9plpakj5b8hnlvtkgf1kbmpi4a Query : select sestamp valor from se where ref ='324.1684.00.1' and lote = 'r2301217200a'
20240731@214926.5376 9plpakj5b8hnlvtkgf1kbmpi4a Query : select 1 valor from information_schema.tables where table_type='base table' and table_name='wstablefields'
20240731@214926.5390 9plpakj5b8hnlvtkgf1kbmpi4a Query : select fieldkey,fieldname,fieldtype,calcformula from wstablefields where tablename = 'fi2' and documentnumber = 39
20240731@214926.5403 9plpakj5b8hnlvtkgf1kbmpi4a Query : insert into wsfi2data (fi2stamp,ftstamp ,ousrdata, ousrhora, usrdata,usrhora,ousrinis,usrinis) values ('aut66aaa2575266aaa35683','aut66aaa0842566aaa354db' ,getdate(),convert(char(8),convert (time,getdate())),getdate(),convert(char(8),convert (time,getdate())),'wsv','wsv')
20240731@214926.5408 9plpakj5b8hnlvtkgf1kbmpi4a Query : select 1 valor from information_schema.tables where table_type='base table' and table_name='wstablefields'
20240731@214926.5423 9plpakj5b8hnlvtkgf1kbmpi4a Query : select fieldkey,fieldname,fieldtype,calcformula from wstablefields where tablename = 'fi' and documentnumber = 39
20240731@214926.5459 9plpakj5b8hnlvtkgf1kbmpi4a Query : insert into wsfidata (fistamp,ousrdata, ousrhora, usrdata,usrhora,ousrinis,usrinis ,qtt ,ftstamp ,epv,pvmoeda ,tabiva,iva,lordem ,ref, design ,lote,armazem,bistamp ) values ('aut66aaa2575266aaa35683',getdate(),convert(char(8),convert (time,getdate())),getdate(),convert(char(8),convert (time,getdate())),'wsv','wsv',48.000 ,'aut66aaa0842566aaa354db' ,0,0 ,2,23.00,230000,?,?,?,?,?)
20240731@214926.5730 9plpakj5b8hnlvtkgf1kbmpi4a Query : insert into wsftcreationlog (initialftstamp,externalid,creationstatus,documenttypeid,idustamp) values ('aut66aaa0842566aaa354db','2405079','wait',39,'adm09112754980.682000002')
20240731@214926.5805 9plpakj5b8hnlvtkgf1kbmpi4a Query : use flama_phc
20240731@214926.5808 9plpakj5b8hnlvtkgf1kbmpi4a Query : update u_wsusers set rqsttoken =? where userid ='userls001'
20240731@214926.5839 9plpakj5b8hnlvtkgf1kbmpi4a Query : select concat(rtrim(relative_path),ltrim(name_new)) as valor from uploadfiles where uploadfile_id='1288';
20240731@214926.5870 9plpakj5b8hnlvtkgf1kbmpi4a Query : update uploadfiles set whenupdated=current_timestamp where uploadfile_id='1288';
20240731@214926.5912 9plpakj5b8hnlvtkgf1kbmpi4a Query : select concat(rtrim(relative_path),ltrim(name_new)) as valor from uploadfiles where uploadfile_id='1288';
20240731@214926.5935 9plpakj5b8hnlvtkgf1kbmpi4a Query : update uploadfiles set whenupdated=current_timestamp where uploadfile_id='1288';
20240731@214926.8124 a64v41fc3edua1qa0k63mc4nce Query : insert into uploadfiles ( name_original, name_new, option_type, relative_path, whencreated ) values ( ?, ?, ?, ?, getdate() )
20240731@214926.8135 a64v41fc3edua1qa0k63mc4nce Query : select uploadfile_id valor from uploadfiles where name_new = ? and option_type = ? 
20240731@214926.8188 a64v41fc3edua1qa0k63mc4nce Query : select concat(rtrim(relative_path),ltrim(name_new)) as valor from uploadfiles where uploadfile_id='1289';
20240731@214926.8238 a64v41fc3edua1qa0k63mc4nce Query : update uploadfiles set whenupdated=current_timestamp where uploadfile_id='1289';
20240731@214926.8283 a64v41fc3edua1qa0k63mc4nce Query : select concat(rtrim(relative_path),ltrim(name_new)) as valor from uploadfiles where uploadfile_id='1289';
20240731@214926.8305 a64v41fc3edua1qa0k63mc4nce Query : update uploadfiles set whenupdated=current_timestamp where uploadfile_id='1289';
20240731@214926.8348 a64v41fc3edua1qa0k63mc4nce Query : use flama_phc
20240731@214926.8352 a64v41fc3edua1qa0k63mc4nce Query : select top 1 secretkey valor from u_wsusers u where u.userid = ? and u.inactivo=0
20240731@214926.8413 a64v41fc3edua1qa0k63mc4nce Query : use flama_phc
20240731@214926.8415 a64v41fc3edua1qa0k63mc4nce Query : select no, estab,szadrsdesc from szadrs where u_coddest=4740
20240731@214926.8453 a64v41fc3edua1qa0k63mc4nce Query : select top 1 isnull(design,'') valor from st (nolock) left join stobs (nolock) on st.ref = stobs.ref where st.ref = '304.4320.00.1'
20240731@214926.8474 a64v41fc3edua1qa0k63mc4nce Query : select top 1 bistamp valor from bi inner join bo on bo.bostamp=bi.bostamp where bo.ndos =240 and bo.boano =2050 and bo.obrano = 2405081 and bi.ref ='304.4320.00.1' and bi.lordem =1
20240731@214926.8814 a64v41fc3edua1qa0k63mc4nce Query : select top 1 isnull(design,'') valor from st (nolock) left join stobs (nolock) on st.ref = stobs.ref where st.ref = '304.4320.00.1'
20240731@214926.8836 a64v41fc3edua1qa0k63mc4nce Query : select top 1 bistamp valor from bi inner join bo on bo.bostamp=bi.bostamp where bo.ndos =240 and bo.boano =2050 and bo.obrano = 2405081 and bi.ref ='304.4320.00.1' and bi.lordem =1
20240731@214926.8851 a64v41fc3edua1qa0k63mc4nce Query : select top 1 isnull(design,'') valor from st (nolock) left join stobs (nolock) on st.ref = stobs.ref where st.ref = '304.4320.00.1'
20240731@214926.8871 a64v41fc3edua1qa0k63mc4nce Query : select top 1 bistamp valor from bi inner join bo on bo.bostamp=bi.bostamp where bo.ndos =240 and bo.boano =2050 and bo.obrano = 2405081 and bi.ref ='304.4320.00.1' and bi.lordem =1
20240731@214926.8890 a64v41fc3edua1qa0k63mc4nce Query : select top 1 isnull(design,'') valor from st (nolock) left join stobs (nolock) on st.ref = stobs.ref where st.ref = '304.4320.00.1'
20240731@214926.8909 a64v41fc3edua1qa0k63mc4nce Query : select top 1 bistamp valor from bi inner join bo on bo.bostamp=bi.bostamp where bo.ndos =240 and bo.boano =2050 and bo.obrano = 2405081 and bi.ref ='304.4320.00.1' and bi.lordem =1
20240731@214926.8925 a64v41fc3edua1qa0k63mc4nce Query : select top 1 isnull(design,'') valor from st (nolock) left join stobs (nolock) on st.ref = stobs.ref where st.ref = '304.4320.00.1'
20240731@214926.8944 a64v41fc3edua1qa0k63mc4nce Query : select top 1 bistamp valor from bi inner join bo on bo.bostamp=bi.bostamp where bo.ndos =240 and bo.boano =2050 and bo.obrano = 2405081 and bi.ref ='304.4320.00.1' and bi.lordem =1
20240731@214926.8961 a64v41fc3edua1qa0k63mc4nce Query : select top 1 isnull(design,'') valor from st (nolock) left join stobs (nolock) on st.ref = stobs.ref where st.ref = '304.4320.00.1'
20240731@214926.8980 a64v41fc3edua1qa0k63mc4nce Query : select top 1 bistamp valor from bi inner join bo on bo.bostamp=bi.bostamp where bo.ndos =240 and bo.boano =2050 and bo.obrano = 2405081 and bi.ref ='304.4320.00.1' and bi.lordem =2
20240731@214926.9325 a64v41fc3edua1qa0k63mc4nce Query : select top 1 isnull(design,'') valor from st (nolock) left join stobs (nolock) on st.ref = stobs.ref where st.ref = '304.4320.00.1'
20240731@214926.9347 a64v41fc3edua1qa0k63mc4nce Query : select top 1 bistamp valor from bi inner join bo on bo.bostamp=bi.bostamp where bo.ndos =240 and bo.boano =2050 and bo.obrano = 2405081 and bi.ref ='304.4320.00.1' and bi.lordem =2
20240731@214926.9365 a64v41fc3edua1qa0k63mc4nce Query : use flama_phc
20240731@214926.9369 a64v41fc3edua1qa0k63mc4nce Query : select top 1 convert(date,fdata) valor from ft where ndoc = 39 and anulado= 0 and fno>0 order by fdata desc
20240731@214926.9403 a64v41fc3edua1qa0k63mc4nce Query : use flama_phc
20240731@214926.9406 a64v41fc3edua1qa0k63mc4nce Query : select top 1 1 valor from td where td.ndoc = 39
20240731@214926.9438 a64v41fc3edua1qa0k63mc4nce Query : use flama_phc
20240731@214926.9441 a64v41fc3edua1qa0k63mc4nce Query : select lower(descricao) descricao ,case when valor='s' then 1 else 0 end valor from para1 where descricao in ('st_lote','st_usalogifunc', 'st_grelha')
20240731@214926.9469 a64v41fc3edua1qa0k63mc4nce Query : select top 1 manternumero ,assinadoc issigned ,tiposaft ,assinaimp ,nmdos ,td.assinadoc ,'cl' origin ,lancasl stocks ,case when cmsl<50 and td.lancasl=1 then 1 else 0 end entrada ,case when cmsl>50 and td.lancasl=1 then 1 else 0 end saida ,temserie assets ,~semgre usegridfields from td inner join td2 on td.tdstamp=td2.td2stamp where td.ndoc = 1
20240731@214926.9505 a64v41fc3edua1qa0k63mc4nce Query : use flama_phc
20240731@214926.9508 a64v41fc3edua1qa0k63mc4nce Query : select top 1 ~inactivo valor from cl where no = '100810' and estab = 0 order by inactivo desc
20240731@214926.9536 a64v41fc3edua1qa0k63mc4nce Query : use flama_phc
20240731@214926.9539 a64v41fc3edua1qa0k63mc4nce Query : select top 1 tipodoc,regrd from td where ndoc = 39
20240731@214926.9577 a64v41fc3edua1qa0k63mc4nce Query : use flama_phc
20240731@214926.9580 a64v41fc3edua1qa0k63mc4nce Query : select szadrsstamp valor from szadrs where szadrsdesc='espaÇotrans,lda'
20240731@214926.9620 a64v41fc3edua1qa0k63mc4nce Query : use flama_phc
20240731@214926.9623 a64v41fc3edua1qa0k63mc4nce Query : select szadrsstamp valor from szadrs where szadrsdesc='100810 - worten-equipamentos para o lar,sa.'
20240731@214926.9673 a64v41fc3edua1qa0k63mc4nce Query : use flama_phc
20240731@214926.9676 a64v41fc3edua1qa0k63mc4nce Query : select 1 valor from td where ndoc = 39
20240731@214926.9689 a64v41fc3edua1qa0k63mc4nce Query : select top 1 manternumero, tiposaft, nmdos,td.assinadoc from td where td.ndoc = 39
20240731@214926.9705 a64v41fc3edua1qa0k63mc4nce Query : select 1 valor from information_schema.tables where table_type='base table' and table_name='wstablefields'
20240731@214926.9724 a64v41fc3edua1qa0k63mc4nce Query : select fieldkey,fieldname,fieldtype,mandatory from wstablefields where tablename = 'ft' and documentnumber = 39
20240731@214926.9744 a64v41fc3edua1qa0k63mc4nce Query : select 1 valor from information_schema.tables where table_type='base table' and table_name='wstablefields'
20240731@214926.9760 a64v41fc3edua1qa0k63mc4nce Query : select fieldkey,fieldname,fieldtype,mandatory from wstablefields where tablename = 'ft2' and documentnumber = 39
20240731@214926.9791 a64v41fc3edua1qa0k63mc4nce Query : select 1 valor from information_schema.tables where table_type='base table' and table_name='wstablefields'
20240731@214926.9806 a64v41fc3edua1qa0k63mc4nce Query : select fieldkey,fieldname,fieldtype,mandatory from wstablefields where tablename = 'ft3' and documentnumber = 39
20240731@214926.9825 a64v41fc3edua1qa0k63mc4nce Query : select top 1 ft.fno valor from ft ft where ft.ndoc = 39 and ftano=2024 order by fno desc
20240731@214926.9908 a64v41fc3edua1qa0k63mc4nce Query : select top 1 ft.fno valor from wsftdata ft where ft.ndoc = 39 and ftano=2024 order by fno desc
20240731@214926.9924 a64v41fc3edua1qa0k63mc4nce Query : select 1 valor from information_schema.tables where table_type='base table' and table_name='wstablefields'
20240731@214926.9951 a64v41fc3edua1qa0k63mc4nce Query : select fieldkey,fieldname,fieldtype,calcformula from wstablefields where tablename = 'ft3' and documentnumber = 39
20240731@214926.9968 a64v41fc3edua1qa0k63mc4nce Query : insert into wsft3data (ft3stamp, ousrdata, ousrhora, usrdata,usrhora,ousrinis,usrinis,taxpointdt ) values ('aut66aaa3191766aaa356ef' ,getdate(),convert(char(8),convert (time,getdate())),getdate(),convert(char(8),convert (time,getdate())),'wsv','wsv',?)
20240731@214927.1530 a64v41fc3edua1qa0k63mc4nce Query : select 1 valor from information_schema.tables where table_type='base table' and table_name='wstablefields'
20240731@214927.1760 a64v41fc3edua1qa0k63mc4nce Query : select fieldkey,fieldname,fieldtype,calcformula from wstablefields where tablename = 'ft2' and documentnumber = 39
20240731@214927.2160 a64v41fc3edua1qa0k63mc4nce Query : select top 1 bo.u_nomeenv valor from bo where bo.bostamp=''
20240731@214927.2290 a64v41fc3edua1qa0k63mc4nce Query : select top 1 bo.u_moradaen valor from bo where bo.bostamp=''
20240731@214927.2420 a64v41fc3edua1qa0k63mc4nce Query : select top 1 bo.u_codposen valor from bo where bo.bostamp=''
20240731@214927.2550 a64v41fc3edua1qa0k63mc4nce Query : select top 1 bo.u_localenv valor from bo where bo.bostamp=''
20240731@214927.2680 a64v41fc3edua1qa0k63mc4nce Query : select top 1 bo.trab5 valor from bo where bo.bostamp=''
20240731@214927.2810 a64v41fc3edua1qa0k63mc4nce Query : select top 1 bo.serie valor from bo where bo.bostamp=''
20240731@214927.2930 a64v41fc3edua1qa0k63mc4nce Query : insert into wsft2data (ft2stamp, ousrdata,ousrhora, usrdata,usrhora,ousrinis,usrinis,u_nomeenv ,u_moradaen ,u_codposen ,u_localenv ,u_coddest ,u_codby ) values ('aut66aaa3191766aaa356ef',getdate(),convert(char(8),convert (time,getdate())),getdate(),convert(char(8),convert (time,getdate())),'wsv','wsv',?,?,?,?,?,?)
20240731@214927.5560 a64v41fc3edua1qa0k63mc4nce Query : select top 1 fno valor from wsftdata order by fno desc
20240731@214927.5760 a64v41fc3edua1qa0k63mc4nce Query : select 1 valor from information_schema.tables where table_type='base table' and table_name='wstablefields'
20240731@214927.5930 a64v41fc3edua1qa0k63mc4nce Query : select fieldkey,fieldname,fieldtype,calcformula from wstablefields where tablename = 'ft' and documentnumber = 39
20240731@214927.6190 a64v41fc3edua1qa0k63mc4nce Query : select 'normal' from dummy
20240731@214927.6370 a64v41fc3edua1qa0k63mc4nce Query : insert into wsftdata (ftstamp, ousrdata,ousrhora, usrdata,usrhora,ousrinis,usrinis,fno,no,estab,fdata,ndoc,moeda,cambio,cambiofixo,ftano,site ,classe ) values ('aut66aaa3191766aaa356ef',getdate(),convert(char(8),convert (time,getdate())),getdate(),convert(char(8),convert (time,getdate())),'wsv','wsv',124,100810,0,'2024-07-31',39,'euro',0,0,2024 ,?,?)
20240731@214927.9470 a64v41fc3edua1qa0k63mc4nce Query : use flama_phc
20240731@214927.9510 a64v41fc3edua1qa0k63mc4nce Query : select st.usalote valor from st where st.ref = '304.4320.00.1'
20240731@214927.2952 a64v41fc3edua1qa0k63mc4nce Query : select top 1 st.tabiva ,st.ivaincl ,st.stns ,st.uni2 ,st.familia ,isnull(tx.taxa, 0) txiva ,unidade ,usalote ,epcpond ,noserie ,conversao ,st.texteis from st left join taxasiva tx on st.tabiva = tx.codigo where st.ref = '304.4320.00.1'
20240731@214927.3013 a64v41fc3edua1qa0k63mc4nce Query : select 1 valor from information_schema.tables where table_type='base table' and table_name='wstablefields'
20240731@214927.3031 a64v41fc3edua1qa0k63mc4nce Query : select fieldkey,fieldname,fieldtype,mandatory from wstablefields where tablename = 'fi' and documentnumber = 39
20240731@214927.3059 a64v41fc3edua1qa0k63mc4nce Query : select 1 valor from information_schema.tables where table_type='base table' and table_name='wstablefields'
20240731@214927.3075 a64v41fc3edua1qa0k63mc4nce Query : select fieldkey,fieldname,fieldtype,mandatory from wstablefields where tablename = 'fi2' and documentnumber = 39
20240731@214927.3084 a64v41fc3edua1qa0k63mc4nce Query : select top 1 convert(numeric(6,2),t.taxa) valor from taxasiva t where t.codigo='2'
20240731@214927.3096 a64v41fc3edua1qa0k63mc4nce Query : select sestamp valor from se where ref ='304.4320.00.1' and lote = '240897'
20240731@214927.3139 a64v41fc3edua1qa0k63mc4nce Query : select 1 valor from information_schema.tables where table_type='base table' and table_name='wstablefields'
20240731@214927.3155 a64v41fc3edua1qa0k63mc4nce Query : select fieldkey,fieldname,fieldtype,calcformula from wstablefields where tablename = 'fi2' and documentnumber = 39
20240731@214927.3170 a64v41fc3edua1qa0k63mc4nce Query : insert into wsfi2data (fi2stamp,ftstamp ,ousrdata, ousrhora, usrdata,usrhora,ousrinis,usrinis) values ('aut66aaa0925566aaa3574c','aut66aaa3191766aaa356ef' ,getdate(),convert(char(8),convert (time,getdate())),getdate(),convert(char(8),convert (time,getdate())),'wsv','wsv')
20240731@214927.3175 a64v41fc3edua1qa0k63mc4nce Query : select 1 valor from information_schema.tables where table_type='base table' and table_name='wstablefields'
20240731@214927.3190 a64v41fc3edua1qa0k63mc4nce Query : select fieldkey,fieldname,fieldtype,calcformula from wstablefields where tablename = 'fi' and documentnumber = 39
20240731@214927.3219 a64v41fc3edua1qa0k63mc4nce Query : insert into wsfidata (fistamp,ousrdata, ousrhora, usrdata,usrhora,ousrinis,usrinis ,qtt ,ftstamp ,epv,pvmoeda ,tabiva,iva,lordem ,ref, design ,lote,armazem,bistamp ) values ('aut66aaa0925566aaa3574c',getdate(),convert(char(8),convert (time,getdate())),getdate(),convert(char(8),convert (time,getdate())),'wsv','wsv',28.000 ,'aut66aaa3191766aaa356ef' ,0,0 ,2,23.00,10000,?,?,?,?,?)
20240731@214927.3504 a64v41fc3edua1qa0k63mc4nce Query : use flama_phc
20240731@214927.3508 a64v41fc3edua1qa0k63mc4nce Query : select st.usalote valor from st where st.ref = '304.4320.00.1'
20240731@214927.3530 a64v41fc3edua1qa0k63mc4nce Query : select top 1 st.tabiva ,st.ivaincl ,st.stns ,st.uni2 ,st.familia ,isnull(tx.taxa, 0) txiva ,unidade ,usalote ,epcpond ,noserie ,conversao ,st.texteis from st left join taxasiva tx on st.tabiva = tx.codigo where st.ref = '304.4320.00.1'
20240731@214927.3546 a64v41fc3edua1qa0k63mc4nce Query : select 1 valor from information_schema.tables where table_type='base table' and table_name='wstablefields'
20240731@214927.3562 a64v41fc3edua1qa0k63mc4nce Query : select fieldkey,fieldname,fieldtype,mandatory from wstablefields where tablename = 'fi' and documentnumber = 39
20240731@214927.3589 a64v41fc3edua1qa0k63mc4nce Query : select 1 valor from information_schema.tables where table_type='base table' and table_name='wstablefields'
20240731@214927.3604 a64v41fc3edua1qa0k63mc4nce Query : select fieldkey,fieldname,fieldtype,mandatory from wstablefields where tablename = 'fi2' and documentnumber = 39
20240731@214927.3612 a64v41fc3edua1qa0k63mc4nce Query : select top 1 convert(numeric(6,2),t.taxa) valor from taxasiva t where t.codigo='2'
20240731@214927.3625 a64v41fc3edua1qa0k63mc4nce Query : select sestamp valor from se where ref ='304.4320.00.1' and lote = '240897'
20240731@214927.3640 a64v41fc3edua1qa0k63mc4nce Query : select 1 valor from information_schema.tables where table_type='base table' and table_name='wstablefields'
20240731@214927.3659 a64v41fc3edua1qa0k63mc4nce Query : select fieldkey,fieldname,fieldtype,calcformula from wstablefields where tablename = 'fi2' and documentnumber = 39
20240731@214927.3672 a64v41fc3edua1qa0k63mc4nce Query : insert into wsfi2data (fi2stamp,ftstamp ,ousrdata, ousrhora, usrdata,usrhora,ousrinis,usrinis) values ('aut66aaa1857966aaa35758','aut66aaa3191766aaa356ef' ,getdate(),convert(char(8),convert (time,getdate())),getdate(),convert(char(8),convert (time,getdate())),'wsv','wsv')
20240731@214927.3677 a64v41fc3edua1qa0k63mc4nce Query : select 1 valor from information_schema.tables where table_type='base table' and table_name='wstablefields'
20240731@214927.3692 a64v41fc3edua1qa0k63mc4nce Query : select fieldkey,fieldname,fieldtype,calcformula from wstablefields where tablename = 'fi' and documentnumber = 39
20240731@214927.3721 a64v41fc3edua1qa0k63mc4nce Query : insert into wsfidata (fistamp,ousrdata, ousrhora, usrdata,usrhora,ousrinis,usrinis ,qtt ,ftstamp ,epv,pvmoeda ,tabiva,iva,lordem ,ref, design ,lote,armazem,bistamp ) values ('aut66aaa1857966aaa35758',getdate(),convert(char(8),convert (time,getdate())),getdate(),convert(char(8),convert (time,getdate())),'wsv','wsv',8.000 ,'aut66aaa3191766aaa356ef' ,0,0 ,2,23.00,20000,?,?,?,?,?)
20240731@214927.3997 a64v41fc3edua1qa0k63mc4nce Query : use flama_phc
20240731@214927.4001 a64v41fc3edua1qa0k63mc4nce Query : select st.usalote valor from st where st.ref = '304.4320.00.1'
20240731@214927.4021 a64v41fc3edua1qa0k63mc4nce Query : select top 1 st.tabiva ,st.ivaincl ,st.stns ,st.uni2 ,st.familia ,isnull(tx.taxa, 0) txiva ,unidade ,usalote ,epcpond ,noserie ,conversao ,st.texteis from st left join taxasiva tx on st.tabiva = tx.codigo where st.ref = '304.4320.00.1'
20240731@214927.4034 a64v41fc3edua1qa0k63mc4nce Query : select 1 valor from information_schema.tables where table_type='base table' and table_name='wstablefields'
20240731@214927.4050 a64v41fc3edua1qa0k63mc4nce Query : select fieldkey,fieldname,fieldtype,mandatory from wstablefields where tablename = 'fi' and documentnumber = 39
20240731@214927.4076 a64v41fc3edua1qa0k63mc4nce Query : select 1 valor from information_schema.tables where table_type='base table' and table_name='wstablefields'
20240731@214927.4091 a64v41fc3edua1qa0k63mc4nce Query : select fieldkey,fieldname,fieldtype,mandatory from wstablefields where tablename = 'fi2' and documentnumber = 39
20240731@214927.4100 a64v41fc3edua1qa0k63mc4nce Query : select top 1 convert(numeric(6,2),t.taxa) valor from taxasiva t where t.codigo='2'
20240731@214927.4112 a64v41fc3edua1qa0k63mc4nce Query : select sestamp valor from se where ref ='304.4320.00.1' and lote = '240897'
20240731@214927.4125 a64v41fc3edua1qa0k63mc4nce Query : select 1 valor from information_schema.tables where table_type='base table' and table_name='wstablefields'
20240731@214927.4139 a64v41fc3edua1qa0k63mc4nce Query : select fieldkey,fieldname,fieldtype,calcformula from wstablefields where tablename = 'fi2' and documentnumber = 39
20240731@214927.4150 a64v41fc3edua1qa0k63mc4nce Query : insert into wsfi2data (fi2stamp,ftstamp ,ousrdata, ousrhora, usrdata,usrhora,ousrinis,usrinis) values ('aut66aaa2416166aaa35764','aut66aaa3191766aaa356ef' ,getdate(),convert(char(8),convert (time,getdate())),getdate(),convert(char(8),convert (time,getdate())),'wsv','wsv')
20240731@214927.4154 a64v41fc3edua1qa0k63mc4nce Query : select 1 valor from information_schema.tables where table_type='base table' and table_name='wstablefields'
20240731@214927.4169 a64v41fc3edua1qa0k63mc4nce Query : select fieldkey,fieldname,fieldtype,calcformula from wstablefields where tablename = 'fi' and documentnumber = 39
20240731@214927.4196 a64v41fc3edua1qa0k63mc4nce Query : insert into wsfidata (fistamp,ousrdata, ousrhora, usrdata,usrhora,ousrinis,usrinis ,qtt ,ftstamp ,epv,pvmoeda ,tabiva,iva,lordem ,ref, design ,lote,armazem,bistamp ) values ('aut66aaa2416166aaa35764',getdate(),convert(char(8),convert (time,getdate())),getdate(),convert(char(8),convert (time,getdate())),'wsv','wsv',80.000 ,'aut66aaa3191766aaa356ef' ,0,0 ,2,23.00,30000,?,?,?,?,?)
20240731@214927.4469 a64v41fc3edua1qa0k63mc4nce Query : use flama_phc
20240731@214927.4472 a64v41fc3edua1qa0k63mc4nce Query : select st.usalote valor from st where st.ref = '304.4320.00.1'
20240731@214927.4492 a64v41fc3edua1qa0k63mc4nce Query : select top 1 st.tabiva ,st.ivaincl ,st.stns ,st.uni2 ,st.familia ,isnull(tx.taxa, 0) txiva ,unidade ,usalote ,epcpond ,noserie ,conversao ,st.texteis from st left join taxasiva tx on st.tabiva = tx.codigo where st.ref = '304.4320.00.1'
20240731@214927.4542 a64v41fc3edua1qa0k63mc4nce Query : select 1 valor from information_schema.tables where table_type='base table' and table_name='wstablefields'
20240731@214927.4559 a64v41fc3edua1qa0k63mc4nce Query : select fieldkey,fieldname,fieldtype,mandatory from wstablefields where tablename = 'fi' and documentnumber = 39
20240731@214927.4588 a64v41fc3edua1qa0k63mc4nce Query : select 1 valor from information_schema.tables where table_type='base table' and table_name='wstablefields'
20240731@214927.4604 a64v41fc3edua1qa0k63mc4nce Query : select fieldkey,fieldname,fieldtype,mandatory from wstablefields where tablename = 'fi2' and documentnumber = 39
20240731@214927.4613 a64v41fc3edua1qa0k63mc4nce Query : select top 1 convert(numeric(6,2),t.taxa) valor from taxasiva t where t.codigo='2'
20240731@214927.4626 a64v41fc3edua1qa0k63mc4nce Query : select sestamp valor from se where ref ='304.4320.00.1' and lote = '240897'
20240731@214927.4639 a64v41fc3edua1qa0k63mc4nce Query : select 1 valor from information_schema.tables where table_type='base table' and table_name='wstablefields'
20240731@214927.4654 a64v41fc3edua1qa0k63mc4nce Query : select fieldkey,fieldname,fieldtype,calcformula from wstablefields where tablename = 'fi2' and documentnumber = 39
20240731@214927.4666 a64v41fc3edua1qa0k63mc4nce Query : insert into wsfi2data (fi2stamp,ftstamp ,ousrdata, ousrhora, usrdata,usrhora,ousrinis,usrinis) values ('aut66aaa8069066aaa35771','aut66aaa3191766aaa356ef' ,getdate(),convert(char(8),convert (time,getdate())),getdate(),convert(char(8),convert (time,getdate())),'wsv','wsv')
20240731@214927.4671 a64v41fc3edua1qa0k63mc4nce Query : select 1 valor from information_schema.tables where table_type='base table' and table_name='wstablefields'
20240731@214927.4685 a64v41fc3edua1qa0k63mc4nce Query : select fieldkey,fieldname,fieldtype,calcformula from wstablefields where tablename = 'fi' and documentnumber = 39
20240731@214927.4715 a64v41fc3edua1qa0k63mc4nce Query : insert into wsfidata (fistamp,ousrdata, ousrhora, usrdata,usrhora,ousrinis,usrinis ,qtt ,ftstamp ,epv,pvmoeda ,tabiva,iva,lordem ,ref, design ,lote,armazem,bistamp ) values ('aut66aaa8069066aaa35771',getdate(),convert(char(8),convert (time,getdate())),getdate(),convert(char(8),convert (time,getdate())),'wsv','wsv',80.000 ,'aut66aaa3191766aaa356ef' ,0,0 ,2,23.00,40000,?,?,?,?,?)
20240731@214927.4987 a64v41fc3edua1qa0k63mc4nce Query : use flama_phc
20240731@214927.4990 a64v41fc3edua1qa0k63mc4nce Query : select st.usalote valor from st where st.ref = '304.4320.00.1'
20240731@214927.5012 a64v41fc3edua1qa0k63mc4nce Query : select top 1 st.tabiva ,st.ivaincl ,st.stns ,st.uni2 ,st.familia ,isnull(tx.taxa, 0) txiva ,unidade ,usalote ,epcpond ,noserie ,conversao ,st.texteis from st left join taxasiva tx on st.tabiva = tx.codigo where st.ref = '304.4320.00.1'
20240731@214927.5028 a64v41fc3edua1qa0k63mc4nce Query : select 1 valor from information_schema.tables where table_type='base table' and table_name='wstablefields'
20240731@214927.5043 a64v41fc3edua1qa0k63mc4nce Query : select fieldkey,fieldname,fieldtype,mandatory from wstablefields where tablename = 'fi' and documentnumber = 39
20240731@214927.5070 a64v41fc3edua1qa0k63mc4nce Query : select 1 valor from information_schema.tables where table_type='base table' and table_name='wstablefields'
20240731@214927.5085 a64v41fc3edua1qa0k63mc4nce Query : select fieldkey,fieldname,fieldtype,mandatory from wstablefields where tablename = 'fi2' and documentnumber = 39
20240731@214927.5095 a64v41fc3edua1qa0k63mc4nce Query : select top 1 convert(numeric(6,2),t.taxa) valor from taxasiva t where t.codigo='2'
20240731@214927.5107 a64v41fc3edua1qa0k63mc4nce Query : select sestamp valor from se where ref ='304.4320.00.1' and lote = '240897'
20240731@214927.5121 a64v41fc3edua1qa0k63mc4nce Query : select 1 valor from information_schema.tables where table_type='base table' and table_name='wstablefields'
20240731@214927.5138 a64v41fc3edua1qa0k63mc4nce Query : select fieldkey,fieldname,fieldtype,calcformula from wstablefields where tablename = 'fi2' and documentnumber = 39
20240731@214927.5150 a64v41fc3edua1qa0k63mc4nce Query : insert into wsfi2data (fi2stamp,ftstamp ,ousrdata, ousrhora, usrdata,usrhora,ousrinis,usrinis) values ('aut66aaa5773566aaa3577d','aut66aaa3191766aaa356ef' ,getdate(),convert(char(8),convert (time,getdate())),getdate(),convert(char(8),convert (time,getdate())),'wsv','wsv')
20240731@214927.5156 a64v41fc3edua1qa0k63mc4nce Query : select 1 valor from information_schema.tables where table_type='base table' and table_name='wstablefields'
20240731@214927.5171 a64v41fc3edua1qa0k63mc4nce Query : select fieldkey,fieldname,fieldtype,calcformula from wstablefields where tablename = 'fi' and documentnumber = 39
20240731@214927.5202 a64v41fc3edua1qa0k63mc4nce Query : insert into wsfidata (fistamp,ousrdata, ousrhora, usrdata,usrhora,ousrinis,usrinis ,qtt ,ftstamp ,epv,pvmoeda ,tabiva,iva,lordem ,ref, design ,lote,armazem,bistamp ) values ('aut66aaa5773566aaa3577d',getdate(),convert(char(8),convert (time,getdate())),getdate(),convert(char(8),convert (time,getdate())),'wsv','wsv',80.000 ,'aut66aaa3191766aaa356ef' ,0,0 ,2,23.00,50000,?,?,?,?,?)
20240731@214927.5462 a64v41fc3edua1qa0k63mc4nce Query : use flama_phc
20240731@214927.5465 a64v41fc3edua1qa0k63mc4nce Query : select st.usalote valor from st where st.ref = '304.4320.00.1'
20240731@214927.5487 a64v41fc3edua1qa0k63mc4nce Query : select top 1 st.tabiva ,st.ivaincl ,st.stns ,st.uni2 ,st.familia ,isnull(tx.taxa, 0) txiva ,unidade ,usalote ,epcpond ,noserie ,conversao ,st.texteis from st left join taxasiva tx on st.tabiva = tx.codigo where st.ref = '304.4320.00.1'
20240731@214927.5502 a64v41fc3edua1qa0k63mc4nce Query : select 1 valor from information_schema.tables where table_type='base table' and table_name='wstablefields'
20240731@214927.5517 a64v41fc3edua1qa0k63mc4nce Query : select fieldkey,fieldname,fieldtype,mandatory from wstablefields where tablename = 'fi' and documentnumber = 39
20240731@214927.5541 a64v41fc3edua1qa0k63mc4nce Query : select 1 valor from information_schema.tables where table_type='base table' and table_name='wstablefields'
20240731@214927.5556 a64v41fc3edua1qa0k63mc4nce Query : select fieldkey,fieldname,fieldtype,mandatory from wstablefields where tablename = 'fi2' and documentnumber = 39
20240731@214927.5566 a64v41fc3edua1qa0k63mc4nce Query : select top 1 convert(numeric(6,2),t.taxa) valor from taxasiva t where t.codigo='2'
20240731@214927.5579 a64v41fc3edua1qa0k63mc4nce Query : select sestamp valor from se where ref ='304.4320.00.1' and lote = '240897'
20240731@214927.5592 a64v41fc3edua1qa0k63mc4nce Query : select 1 valor from information_schema.tables where table_type='base table' and table_name='wstablefields'
20240731@214927.5609 a64v41fc3edua1qa0k63mc4nce Query : select fieldkey,fieldname,fieldtype,calcformula from wstablefields where tablename = 'fi2' and documentnumber = 39
20240731@214927.5621 a64v41fc3edua1qa0k63mc4nce Query : insert into wsfi2data (fi2stamp,ftstamp ,ousrdata, ousrhora, usrdata,usrhora,ousrinis,usrinis) values ('aut66aaa3513666aaa35788','aut66aaa3191766aaa356ef' ,getdate(),convert(char(8),convert (time,getdate())),getdate(),convert(char(8),convert (time,getdate())),'wsv','wsv')
20240731@214927.5625 a64v41fc3edua1qa0k63mc4nce Query : select 1 valor from information_schema.tables where table_type='base table' and table_name='wstablefields'
20240731@214927.5639 a64v41fc3edua1qa0k63mc4nce Query : select fieldkey,fieldname,fieldtype,calcformula from wstablefields where tablename = 'fi' and documentnumber = 39
20240731@214927.5672 a64v41fc3edua1qa0k63mc4nce Query : insert into wsfidata (fistamp,ousrdata, ousrhora, usrdata,usrhora,ousrinis,usrinis ,qtt ,ftstamp ,epv,pvmoeda ,tabiva,iva,lordem ,ref, design ,lote,armazem,bistamp ) values ('aut66aaa3513666aaa35788',getdate(),convert(char(8),convert (time,getdate())),getdate(),convert(char(8),convert (time,getdate())),'wsv','wsv',4.000 ,'aut66aaa3191766aaa356ef' ,0,0 ,2,23.00,60000,?,?,?,?,?)
20240731@214927.5979 a64v41fc3edua1qa0k63mc4nce Query : use flama_phc
20240731@214927.5982 a64v41fc3edua1qa0k63mc4nce Query : select st.usalote valor from st where st.ref = '304.4320.00.1'
20240731@214927.6009 a64v41fc3edua1qa0k63mc4nce Query : select top 1 st.tabiva ,st.ivaincl ,st.stns ,st.uni2 ,st.familia ,isnull(tx.taxa, 0) txiva ,unidade ,usalote ,epcpond ,noserie ,conversao ,st.texteis from st left join taxasiva tx on st.tabiva = tx.codigo where st.ref = '304.4320.00.1'
20240731@214927.6027 a64v41fc3edua1qa0k63mc4nce Query : select 1 valor from information_schema.tables where table_type='base table' and table_name='wstablefields'
20240731@214927.6048 a64v41fc3edua1qa0k63mc4nce Query : select fieldkey,fieldname,fieldtype,mandatory from wstablefields where tablename = 'fi' and documentnumber = 39
20240731@214927.6079 a64v41fc3edua1qa0k63mc4nce Query : select 1 valor from information_schema.tables where table_type='base table' and table_name='wstablefields'
20240731@214927.6097 a64v41fc3edua1qa0k63mc4nce Query : select fieldkey,fieldname,fieldtype,mandatory from wstablefields where tablename = 'fi2' and documentnumber = 39
20240731@214927.6107 a64v41fc3edua1qa0k63mc4nce Query : select top 1 convert(numeric(6,2),t.taxa) valor from taxasiva t where t.codigo='2'
20240731@214927.6121 a64v41fc3edua1qa0k63mc4nce Query : select sestamp valor from se where ref ='304.4320.00.1' and lote = '240897'
20240731@214927.6136 a64v41fc3edua1qa0k63mc4nce Query : select 1 valor from information_schema.tables where table_type='base table' and table_name='wstablefields'
20240731@214927.6156 a64v41fc3edua1qa0k63mc4nce Query : select fieldkey,fieldname,fieldtype,calcformula from wstablefields where tablename = 'fi2' and documentnumber = 39
20240731@214927.6169 a64v41fc3edua1qa0k63mc4nce Query : insert into wsfi2data (fi2stamp,ftstamp ,ousrdata, ousrhora, usrdata,usrhora,ousrinis,usrinis) values ('aut66aaa8441666aaa35795','aut66aaa3191766aaa356ef' ,getdate(),convert(char(8),convert (time,getdate())),getdate(),convert(char(8),convert (time,getdate())),'wsv','wsv')
20240731@214927.6173 a64v41fc3edua1qa0k63mc4nce Query : select 1 valor from information_schema.tables where table_type='base table' and table_name='wstablefields'
20240731@214927.6188 a64v41fc3edua1qa0k63mc4nce Query : select fieldkey,fieldname,fieldtype,calcformula from wstablefields where tablename = 'fi' and documentnumber = 39
20240731@214927.6218 a64v41fc3edua1qa0k63mc4nce Query : insert into wsfidata (fistamp,ousrdata, ousrhora, usrdata,usrhora,ousrinis,usrinis ,qtt ,ftstamp ,epv,pvmoeda ,tabiva,iva,lordem ,ref, design ,lote,armazem,bistamp ) values ('aut66aaa8441666aaa35795',getdate(),convert(char(8),convert (time,getdate())),getdate(),convert(char(8),convert (time,getdate())),'wsv','wsv',80.000 ,'aut66aaa3191766aaa356ef' ,0,0 ,2,23.00,70000,?,?,?,?,?)
20240731@214927.6483 a64v41fc3edua1qa0k63mc4nce Query : insert into wsftcreationlog (initialftstamp,externalid,creationstatus,documenttypeid,idustamp) values ('aut66aaa3191766aaa356ef','2405081','wait',39,'adm09112754980.682000002')
20240731@214927.6552 a64v41fc3edua1qa0k63mc4nce Query : use flama_phc
20240731@214927.6555 a64v41fc3edua1qa0k63mc4nce Query : update u_wsusers set rqsttoken =? where userid ='userls001'
20240731@214927.6586 a64v41fc3edua1qa0k63mc4nce Query : select concat(rtrim(relative_path),ltrim(name_new)) as valor from uploadfiles where uploadfile_id='1289';
20240731@214927.6612 a64v41fc3edua1qa0k63mc4nce Query : update uploadfiles set whenupdated=current_timestamp where uploadfile_id='1289';
20240731@214927.6648 a64v41fc3edua1qa0k63mc4nce Query : select concat(rtrim(relative_path),ltrim(name_new)) as valor from uploadfiles where uploadfile_id='1289';
20240731@214927.6671 a64v41fc3edua1qa0k63mc4nce Query : update uploadfiles set whenupdated=current_timestamp where uploadfile_id='1289';
20240731@214927.7247 hj6iv638qhst7mqldt4ipkiana Query : insert into uploadfiles ( name_original, name_new, option_type, relative_path, whencreated ) values ( ?, ?, ?, ?, getdate() )
20240731@214927.7259 hj6iv638qhst7mqldt4ipkiana Query : select uploadfile_id valor from uploadfiles where name_new = ? and option_type = ? 
20240731@214927.7307 hj6iv638qhst7mqldt4ipkiana Query : select concat(rtrim(relative_path),ltrim(name_new)) as valor from uploadfiles where uploadfile_id='1290';
20240731@214927.7357 hj6iv638qhst7mqldt4ipkiana Query : update uploadfiles set whenupdated=current_timestamp where uploadfile_id='1290';
20240731@214927.7402 hj6iv638qhst7mqldt4ipkiana Query : select concat(rtrim(relative_path),ltrim(name_new)) as valor from uploadfiles where uploadfile_id='1290';
20240731@214927.7427 hj6iv638qhst7mqldt4ipkiana Query : update uploadfiles set whenupdated=current_timestamp where uploadfile_id='1290';
20240731@214927.7469 hj6iv638qhst7mqldt4ipkiana Query : use flama_phc
20240731@214927.7472 hj6iv638qhst7mqldt4ipkiana Query : select top 1 secretkey valor from u_wsusers u where u.userid = ? and u.inactivo=0
20240731@214927.7534 hj6iv638qhst7mqldt4ipkiana Query : use flama_phc
20240731@214927.7537 hj6iv638qhst7mqldt4ipkiana Query : select no, estab,szadrsdesc from szadrs where u_coddest=4740
20240731@214927.7577 hj6iv638qhst7mqldt4ipkiana Query : select top 1 isnull(design,'') valor from st (nolock) left join stobs (nolock) on st.ref = stobs.ref where st.ref = '304.422.00.07'
20240731@214927.8821 hj6iv638qhst7mqldt4ipkiana Query : select top 1 bistamp valor from bi inner join bo on bo.bostamp=bi.bostamp where bo.ndos =240 and bo.boano =2050 and bo.obrano = 2405082 and bi.ref ='304.422.00.07' and bi.lordem =1
20240731@214927.9203 hj6iv638qhst7mqldt4ipkiana Query : use flama_phc
20240731@214927.9207 hj6iv638qhst7mqldt4ipkiana Query : select top 1 convert(date,fdata) valor from ft where ndoc = 39 and anulado= 0 and fno>0 order by fdata desc
20240731@214927.9241 hj6iv638qhst7mqldt4ipkiana Query : use flama_phc
20240731@214927.9244 hj6iv638qhst7mqldt4ipkiana Query : select top 1 1 valor from td where td.ndoc = 39
20240731@214927.9279 hj6iv638qhst7mqldt4ipkiana Query : use flama_phc
20240731@214927.9290 hj6iv638qhst7mqldt4ipkiana Query : select lower(descricao) descricao ,case when valor='s' then 1 else 0 end valor from para1 where descricao in ('st_lote','st_usalogifunc', 'st_grelha')
20240731@214927.9320 hj6iv638qhst7mqldt4ipkiana Query : select top 1 manternumero ,assinadoc issigned ,tiposaft ,assinaimp ,nmdos ,td.assinadoc ,'cl' origin ,lancasl stocks ,case when cmsl<50 and td.lancasl=1 then 1 else 0 end entrada ,case when cmsl>50 and td.lancasl=1 then 1 else 0 end saida ,temserie assets ,~semgre usegridfields from td inner join td2 on td.tdstamp=td2.td2stamp where td.ndoc = 1
20240731@214927.9378 hj6iv638qhst7mqldt4ipkiana Query : use flama_phc
20240731@214927.9381 hj6iv638qhst7mqldt4ipkiana Query : select top 1 ~inactivo valor from cl where no = '100810' and estab = 0 order by inactivo desc
20240731@214927.9418 hj6iv638qhst7mqldt4ipkiana Query : use flama_phc
20240731@214927.9421 hj6iv638qhst7mqldt4ipkiana Query : select top 1 tipodoc,regrd from td where ndoc = 39
20240731@214927.9560 hj6iv638qhst7mqldt4ipkiana Query : use flama_phc
20240731@214927.9602 hj6iv638qhst7mqldt4ipkiana Query : select szadrsstamp valor from szadrs where szadrsdesc='espaÇotrans,lda'
20240731@214927.9672 hj6iv638qhst7mqldt4ipkiana Query : use flama_phc
20240731@214927.9675 hj6iv638qhst7mqldt4ipkiana Query : select szadrsstamp valor from szadrs where szadrsdesc='100810 - worten-equipamentos para o lar,sa.'
20240731@214927.9732 hj6iv638qhst7mqldt4ipkiana Query : use flama_phc
20240731@214927.9735 hj6iv638qhst7mqldt4ipkiana Query : select 1 valor from td where ndoc = 39
20240731@214927.9750 hj6iv638qhst7mqldt4ipkiana Query : select top 1 manternumero, tiposaft, nmdos,td.assinadoc from td where td.ndoc = 39
20240731@214927.9766 hj6iv638qhst7mqldt4ipkiana Query : select 1 valor from information_schema.tables where table_type='base table' and table_name='wstablefields'
20240731@214927.9785 hj6iv638qhst7mqldt4ipkiana Query : select fieldkey,fieldname,fieldtype,mandatory from wstablefields where tablename = 'ft' and documentnumber = 39
20240731@214927.9806 hj6iv638qhst7mqldt4ipkiana Query : select 1 valor from information_schema.tables where table_type='base table' and table_name='wstablefields'
20240731@214927.9824 hj6iv638qhst7mqldt4ipkiana Query : select fieldkey,fieldname,fieldtype,mandatory from wstablefields where tablename = 'ft2' and documentnumber = 39
20240731@214927.9856 hj6iv638qhst7mqldt4ipkiana Query : select 1 valor from information_schema.tables where table_type='base table' and table_name='wstablefields'
20240731@214927.9885 hj6iv638qhst7mqldt4ipkiana Query : select fieldkey,fieldname,fieldtype,mandatory from wstablefields where tablename = 'ft3' and documentnumber = 39
20240731@214927.9901 hj6iv638qhst7mqldt4ipkiana Query : select top 1 ft.fno valor from ft ft where ft.ndoc = 39 and ftano=2024 order by fno desc
20240731@214927.9974 hj6iv638qhst7mqldt4ipkiana Query : select top 1 ft.fno valor from wsftdata ft where ft.ndoc = 39 and ftano=2024 order by fno desc
20240731@214927.9987 hj6iv638qhst7mqldt4ipkiana Query : select 1 valor from information_schema.tables where table_type='base table' and table_name='wstablefields'
20240731@214928.2000 hj6iv638qhst7mqldt4ipkiana Query : select fieldkey,fieldname,fieldtype,calcformula from wstablefields where tablename = 'ft3' and documentnumber = 39
20240731@214928.2000 hj6iv638qhst7mqldt4ipkiana Query : insert into wsft3data (ft3stamp, ousrdata, ousrhora, usrdata,usrhora,ousrinis,usrinis,taxpointdt ) values ('aut66aaa3795866aaa357f1' ,getdate(),convert(char(8),convert (time,getdate())),getdate(),convert(char(8),convert (time,getdate())),'wsv','wsv',?)
20240731@214928.2110 hj6iv638qhst7mqldt4ipkiana Query : select 1 valor from information_schema.tables where table_type='base table' and table_name='wstablefields'
20240731@214928.2300 hj6iv638qhst7mqldt4ipkiana Query : select fieldkey,fieldname,fieldtype,calcformula from wstablefields where tablename = 'ft2' and documentnumber = 39
20240731@214928.2640 hj6iv638qhst7mqldt4ipkiana Query : select top 1 bo.u_nomeenv valor from bo where bo.bostamp=''
20240731@214928.2760 hj6iv638qhst7mqldt4ipkiana Query : select top 1 bo.u_moradaen valor from bo where bo.bostamp=''
20240731@214928.2880 hj6iv638qhst7mqldt4ipkiana Query : select top 1 bo.u_codposen valor from bo where bo.bostamp=''
20240731@214928.3000 hj6iv638qhst7mqldt4ipkiana Query : select top 1 bo.u_localenv valor from bo where bo.bostamp=''
20240731@214928.3120 hj6iv638qhst7mqldt4ipkiana Query : select top 1 bo.trab5 valor from bo where bo.bostamp=''
20240731@214928.3240 hj6iv638qhst7mqldt4ipkiana Query : select top 1 bo.serie valor from bo where bo.bostamp=''
20240731@214928.3370 hj6iv638qhst7mqldt4ipkiana Query : insert into wsft2data (ft2stamp, ousrdata,ousrhora, usrdata,usrhora,ousrinis,usrinis,u_nomeenv ,u_moradaen ,u_codposen ,u_localenv ,u_coddest ,u_codby ) values ('aut66aaa3795866aaa357f1',getdate(),convert(char(8),convert (time,getdate())),getdate(),convert(char(8),convert (time,getdate())),'wsv','wsv',?,?,?,?,?,?)
20240731@214928.5970 hj6iv638qhst7mqldt4ipkiana Query : select top 1 fno valor from wsftdata order by fno desc
20240731@214928.6170 hj6iv638qhst7mqldt4ipkiana Query : select 1 valor from information_schema.tables where table_type='base table' and table_name='wstablefields'
20240731@214928.6330 hj6iv638qhst7mqldt4ipkiana Query : select fieldkey,fieldname,fieldtype,calcformula from wstablefields where tablename = 'ft' and documentnumber = 39
20240731@214928.6650 hj6iv638qhst7mqldt4ipkiana Query : select 'normal' from dummy
20240731@214928.6860 hj6iv638qhst7mqldt4ipkiana Query : insert into wsftdata (ftstamp, ousrdata,ousrhora, usrdata,usrhora,ousrinis,usrinis,fno,no,estab,fdata,ndoc,moeda,cambio,cambiofixo,ftano,site ,classe ) values ('aut66aaa3795866aaa357f1',getdate(),convert(char(8),convert (time,getdate())),getdate(),convert(char(8),convert (time,getdate())),'wsv','wsv',125,100810,0,'2024-07-31',39,'euro',0,0,2024 ,?,?)
20240731@214928.1024 hj6iv638qhst7mqldt4ipkiana Query : use flama_phc
20240731@214928.1027 hj6iv638qhst7mqldt4ipkiana Query : select st.usalote valor from st where st.ref = '304.422.00.07'
20240731@214928.1050 hj6iv638qhst7mqldt4ipkiana Query : select top 1 st.tabiva ,st.ivaincl ,st.stns ,st.uni2 ,st.familia ,isnull(tx.taxa, 0) txiva ,unidade ,usalote ,epcpond ,noserie ,conversao ,st.texteis from st left join taxasiva tx on st.tabiva = tx.codigo where st.ref = '304.422.00.07'
20240731@214928.1245 hj6iv638qhst7mqldt4ipkiana Query : select 1 valor from information_schema.tables where table_type='base table' and table_name='wstablefields'
20240731@214928.1262 hj6iv638qhst7mqldt4ipkiana Query : select fieldkey,fieldname,fieldtype,mandatory from wstablefields where tablename = 'fi' and documentnumber = 39
20240731@214928.1299 hj6iv638qhst7mqldt4ipkiana Query : select 1 valor from information_schema.tables where table_type='base table' and table_name='wstablefields'
20240731@214928.1316 hj6iv638qhst7mqldt4ipkiana Query : select fieldkey,fieldname,fieldtype,mandatory from wstablefields where tablename = 'fi2' and documentnumber = 39
20240731@214928.1326 hj6iv638qhst7mqldt4ipkiana Query : select top 1 convert(numeric(6,2),t.taxa) valor from taxasiva t where t.codigo='2'
20240731@214928.1340 hj6iv638qhst7mqldt4ipkiana Query : select sestamp valor from se where ref ='304.422.00.07' and lote = '230739'
20240731@214928.1378 hj6iv638qhst7mqldt4ipkiana Query : select 1 valor from information_schema.tables where table_type='base table' and table_name='wstablefields'
20240731@214928.1393 hj6iv638qhst7mqldt4ipkiana Query : select fieldkey,fieldname,fieldtype,calcformula from wstablefields where tablename = 'fi2' and documentnumber = 39
20240731@214928.1406 hj6iv638qhst7mqldt4ipkiana Query : insert into wsfi2data (fi2stamp,ftstamp ,ousrdata, ousrhora, usrdata,usrhora,ousrinis,usrinis) values ('aut66aaa5186866aaa35821','aut66aaa3795866aaa357f1' ,getdate(),convert(char(8),convert (time,getdate())),getdate(),convert(char(8),convert (time,getdate())),'wsv','wsv')
20240731@214928.1410 hj6iv638qhst7mqldt4ipkiana Query : select 1 valor from information_schema.tables where table_type='base table' and table_name='wstablefields'
20240731@214928.1427 hj6iv638qhst7mqldt4ipkiana Query : select fieldkey,fieldname,fieldtype,calcformula from wstablefields where tablename = 'fi' and documentnumber = 39
20240731@214928.1459 hj6iv638qhst7mqldt4ipkiana Query : insert into wsfidata (fistamp,ousrdata, ousrhora, usrdata,usrhora,ousrinis,usrinis ,qtt ,ftstamp ,epv,pvmoeda ,tabiva,iva,lordem ,ref, design ,lote,armazem,bistamp ) values ('aut66aaa5186866aaa35821',getdate(),convert(char(8),convert (time,getdate())),getdate(),convert(char(8),convert (time,getdate())),'wsv','wsv',40.000 ,'aut66aaa3795866aaa357f1' ,0,0 ,2,23.00,10000,?,?,?,?,?)
20240731@214928.1729 hj6iv638qhst7mqldt4ipkiana Query : insert into wsftcreationlog (initialftstamp,externalid,creationstatus,documenttypeid,idustamp) values ('aut66aaa3795866aaa357f1','2405082','wait',39,'adm09112754980.682000002')
20240731@214928.1808 hj6iv638qhst7mqldt4ipkiana Query : use flama_phc
20240731@214928.1812 hj6iv638qhst7mqldt4ipkiana Query : update u_wsusers set rqsttoken =? where userid ='userls001'
20240731@214928.1845 hj6iv638qhst7mqldt4ipkiana Query : select concat(rtrim(relative_path),ltrim(name_new)) as valor from uploadfiles where uploadfile_id='1290';
20240731@214928.1872 hj6iv638qhst7mqldt4ipkiana Query : update uploadfiles set whenupdated=current_timestamp where uploadfile_id='1290';
20240731@214928.1927 hj6iv638qhst7mqldt4ipkiana Query : select concat(rtrim(relative_path),ltrim(name_new)) as valor from uploadfiles where uploadfile_id='1290';
20240731@214928.1950 hj6iv638qhst7mqldt4ipkiana Query : update uploadfiles set whenupdated=current_timestamp where uploadfile_id='1290';
20240731@214928.2534 fu221947h3eape7fc1tlh07sj5 Query : insert into uploadfiles ( name_original, name_new, option_type, relative_path, whencreated ) values ( ?, ?, ?, ?, getdate() )
20240731@214928.2546 fu221947h3eape7fc1tlh07sj5 Query : select uploadfile_id valor from uploadfiles where name_new = ? and option_type = ? 
20240731@214928.2628 fu221947h3eape7fc1tlh07sj5 Query : select concat(rtrim(relative_path),ltrim(name_new)) as valor from uploadfiles where uploadfile_id='1291';
20240731@214928.2680 fu221947h3eape7fc1tlh07sj5 Query : update uploadfiles set whenupdated=current_timestamp where uploadfile_id='1291';
20240731@214928.2742 fu221947h3eape7fc1tlh07sj5 Query : select concat(rtrim(relative_path),ltrim(name_new)) as valor from uploadfiles where uploadfile_id='1291';
20240731@214928.2769 fu221947h3eape7fc1tlh07sj5 Query : update uploadfiles set whenupdated=current_timestamp where uploadfile_id='1291';
20240731@214928.2813 fu221947h3eape7fc1tlh07sj5 Query : use flama_phc
20240731@214928.2816 fu221947h3eape7fc1tlh07sj5 Query : select top 1 secretkey valor from u_wsusers u where u.userid = ? and u.inactivo=0
20240731@214928.2883 fu221947h3eape7fc1tlh07sj5 Query : use flama_phc
20240731@214928.2886 fu221947h3eape7fc1tlh07sj5 Query : select no, estab,szadrsdesc from szadrs where u_coddest=4740
20240731@214928.2928 fu221947h3eape7fc1tlh07sj5 Query : select top 1 isnull(design,'') valor from st (nolock) left join stobs (nolock) on st.ref = stobs.ref where st.ref = '324.1406.00.1'
20240731@214928.3102 fu221947h3eape7fc1tlh07sj5 Query : select top 1 bistamp valor from bi inner join bo on bo.bostamp=bi.bostamp where bo.ndos =240 and bo.boano =2050 and bo.obrano = 2405083 and bi.ref ='324.1406.00.1' and bi.lordem =1
20240731@214928.3474 fu221947h3eape7fc1tlh07sj5 Query : select top 1 isnull(design,'') valor from st (nolock) left join stobs (nolock) on st.ref = stobs.ref where st.ref = '324.1406.00.1'
20240731@214928.4809 fu221947h3eape7fc1tlh07sj5 Query : select top 1 bistamp valor from bi inner join bo on bo.bostamp=bi.bostamp where bo.ndos =240 and bo.boano =2050 and bo.obrano = 2405083 and bi.ref ='324.1406.00.1' and bi.lordem =1
20240731@214928.4833 fu221947h3eape7fc1tlh07sj5 Query : use flama_phc
20240731@214928.4837 fu221947h3eape7fc1tlh07sj5 Query : select top 1 convert(date,fdata) valor from ft where ndoc = 39 and anulado= 0 and fno>0 order by fdata desc
20240731@214928.4879 fu221947h3eape7fc1tlh07sj5 Query : use flama_phc
20240731@214928.4882 fu221947h3eape7fc1tlh07sj5 Query : select top 1 1 valor from td where td.ndoc = 39
20240731@214928.4927 fu221947h3eape7fc1tlh07sj5 Query : use flama_phc
20240731@214928.4930 fu221947h3eape7fc1tlh07sj5 Query : select lower(descricao) descricao ,case when valor='s' then 1 else 0 end valor from para1 where descricao in ('st_lote','st_usalogifunc', 'st_grelha')
20240731@214928.4958 fu221947h3eape7fc1tlh07sj5 Query : select top 1 manternumero ,assinadoc issigned ,tiposaft ,assinaimp ,nmdos ,td.assinadoc ,'cl' origin ,lancasl stocks ,case when cmsl<50 and td.lancasl=1 then 1 else 0 end entrada ,case when cmsl>50 and td.lancasl=1 then 1 else 0 end saida ,temserie assets ,~semgre usegridfields from td inner join td2 on td.tdstamp=td2.td2stamp where td.ndoc = 1
20240731@214928.4995 fu221947h3eape7fc1tlh07sj5 Query : use flama_phc
20240731@214928.4998 fu221947h3eape7fc1tlh07sj5 Query : select top 1 ~inactivo valor from cl where no = '100810' and estab = 0 order by inactivo desc
20240731@214928.5029 fu221947h3eape7fc1tlh07sj5 Query : use flama_phc
20240731@214928.5032 fu221947h3eape7fc1tlh07sj5 Query : select top 1 tipodoc,regrd from td where ndoc = 39
20240731@214928.5072 fu221947h3eape7fc1tlh07sj5 Query : use flama_phc
20240731@214928.5075 fu221947h3eape7fc1tlh07sj5 Query : select szadrsstamp valor from szadrs where szadrsdesc='espaÇotrans,lda'
20240731@214928.5121 fu221947h3eape7fc1tlh07sj5 Query : use flama_phc
20240731@214928.5124 fu221947h3eape7fc1tlh07sj5 Query : select szadrsstamp valor from szadrs where szadrsdesc='100810 - worten-equipamentos para o lar,sa.'
20240731@214928.5179 fu221947h3eape7fc1tlh07sj5 Query : use flama_phc
20240731@214928.5182 fu221947h3eape7fc1tlh07sj5 Query : select 1 valor from td where ndoc = 39
20240731@214928.5194 fu221947h3eape7fc1tlh07sj5 Query : select top 1 manternumero, tiposaft, nmdos,td.assinadoc from td where td.ndoc = 39
20240731@214928.5208 fu221947h3eape7fc1tlh07sj5 Query : select 1 valor from information_schema.tables where table_type='base table' and table_name='wstablefields'
20240731@214928.5224 fu221947h3eape7fc1tlh07sj5 Query : select fieldkey,fieldname,fieldtype,mandatory from wstablefields where tablename = 'ft' and documentnumber = 39
20240731@214928.5242 fu221947h3eape7fc1tlh07sj5 Query : select 1 valor from information_schema.tables where table_type='base table' and table_name='wstablefields'
20240731@214928.5257 fu221947h3eape7fc1tlh07sj5 Query : select fieldkey,fieldname,fieldtype,mandatory from wstablefields where tablename = 'ft2' and documentnumber = 39
20240731@214928.5285 fu221947h3eape7fc1tlh07sj5 Query : select 1 valor from information_schema.tables where table_type='base table' and table_name='wstablefields'
20240731@214928.5299 fu221947h3eape7fc1tlh07sj5 Query : select fieldkey,fieldname,fieldtype,mandatory from wstablefields where tablename = 'ft3' and documentnumber = 39
20240731@214928.5312 fu221947h3eape7fc1tlh07sj5 Query : select top 1 ft.fno valor from ft ft where ft.ndoc = 39 and ftano=2024 order by fno desc
20240731@214928.5383 fu221947h3eape7fc1tlh07sj5 Query : select top 1 ft.fno valor from wsftdata ft where ft.ndoc = 39 and ftano=2024 order by fno desc
20240731@214928.5395 fu221947h3eape7fc1tlh07sj5 Query : select 1 valor from information_schema.tables where table_type='base table' and table_name='wstablefields'
20240731@214928.5411 fu221947h3eape7fc1tlh07sj5 Query : select fieldkey,fieldname,fieldtype,calcformula from wstablefields where tablename = 'ft3' and documentnumber = 39
20240731@214928.5427 fu221947h3eape7fc1tlh07sj5 Query : insert into wsft3data (ft3stamp, ousrdata, ousrhora, usrdata,usrhora,ousrinis,usrinis,taxpointdt ) values ('aut66aaa6154466aaa35881' ,getdate(),convert(char(8),convert (time,getdate())),getdate(),convert(char(8),convert (time,getdate())),'wsv','wsv',?)
20240731@214928.5607 fu221947h3eape7fc1tlh07sj5 Query : select 1 valor from information_schema.tables where table_type='base table' and table_name='wstablefields'
20240731@214928.5625 fu221947h3eape7fc1tlh07sj5 Query : select fieldkey,fieldname,fieldtype,calcformula from wstablefields where tablename = 'ft2' and documentnumber = 39
20240731@214928.5662 fu221947h3eape7fc1tlh07sj5 Query : select top 1 bo.u_nomeenv valor from bo where bo.bostamp=''
20240731@214928.5675 fu221947h3eape7fc1tlh07sj5 Query : select top 1 bo.u_moradaen valor from bo where bo.bostamp=''
20240731@214928.5687 fu221947h3eape7fc1tlh07sj5 Query : select top 1 bo.u_codposen valor from bo where bo.bostamp=''
20240731@214928.5700 fu221947h3eape7fc1tlh07sj5 Query : select top 1 bo.u_localenv valor from bo where bo.bostamp=''
20240731@214928.5712 fu221947h3eape7fc1tlh07sj5 Query : select top 1 bo.trab5 valor from bo where bo.bostamp=''
20240731@214928.5725 fu221947h3eape7fc1tlh07sj5 Query : select top 1 bo.serie valor from bo where bo.bostamp=''
20240731@214928.5737 fu221947h3eape7fc1tlh07sj5 Query : insert into wsft2data (ft2stamp, ousrdata,ousrhora, usrdata,usrhora,ousrinis,usrinis,u_nomeenv ,u_moradaen ,u_codposen ,u_localenv ,u_coddest ,u_codby ) values ('aut66aaa6154466aaa35881',getdate(),convert(char(8),convert (time,getdate())),getdate(),convert(char(8),convert (time,getdate())),'wsv','wsv',?,?,?,?,?,?)
20240731@214928.5997 fu221947h3eape7fc1tlh07sj5 Query : select top 1 fno valor from wsftdata order by fno desc
20240731@214928.6017 fu221947h3eape7fc1tlh07sj5 Query : select 1 valor from information_schema.tables where table_type='base table' and table_name='wstablefields'
20240731@214928.6034 fu221947h3eape7fc1tlh07sj5 Query : select fieldkey,fieldname,fieldtype,calcformula from wstablefields where tablename = 'ft' and documentnumber = 39
20240731@214928.6057 fu221947h3eape7fc1tlh07sj5 Query : select 'normal' from dummy
20240731@214928.6073 fu221947h3eape7fc1tlh07sj5 Query : insert into wsftdata (ftstamp, ousrdata,ousrhora, usrdata,usrhora,ousrinis,usrinis,fno,no,estab,fdata,ndoc,moeda,cambio,cambiofixo,ftano,site ,classe ) values ('aut66aaa6154466aaa35881',getdate(),convert(char(8),convert (time,getdate())),getdate(),convert(char(8),convert (time,getdate())),'wsv','wsv',126,100810,0,'2024-07-31',39,'euro',0,0,2024 ,?,?)
20240731@214928.6373 fu221947h3eape7fc1tlh07sj5 Query : use flama_phc
20240731@214928.6377 fu221947h3eape7fc1tlh07sj5 Query : select st.usalote valor from st where st.ref = '324.1406.00.1'
20240731@214928.6399 fu221947h3eape7fc1tlh07sj5 Query : select top 1 st.tabiva ,st.ivaincl ,st.stns ,st.uni2 ,st.familia ,isnull(tx.taxa, 0) txiva ,unidade ,usalote ,epcpond ,noserie ,conversao ,st.texteis from st left join taxasiva tx on st.tabiva = tx.codigo where st.ref = '324.1406.00.1'
20240731@214928.6567 fu221947h3eape7fc1tlh07sj5 Query : select 1 valor from information_schema.tables where table_type='base table' and table_name='wstablefields'
20240731@214928.6585 fu221947h3eape7fc1tlh07sj5 Query : select fieldkey,fieldname,fieldtype,mandatory from wstablefields where tablename = 'fi' and documentnumber = 39
20240731@214928.6614 fu221947h3eape7fc1tlh07sj5 Query : select 1 valor from information_schema.tables where table_type='base table' and table_name='wstablefields'
20240731@214928.6632 fu221947h3eape7fc1tlh07sj5 Query : select fieldkey,fieldname,fieldtype,mandatory from wstablefields where tablename = 'fi2' and documentnumber = 39
20240731@214928.6642 fu221947h3eape7fc1tlh07sj5 Query : select top 1 convert(numeric(6,2),t.taxa) valor from taxasiva t where t.codigo='2'
20240731@214928.6656 fu221947h3eape7fc1tlh07sj5 Query : select sestamp valor from se where ref ='324.1406.00.1' and lote = '10/20'
20240731@214928.6688 fu221947h3eape7fc1tlh07sj5 Query : select 1 valor from information_schema.tables where table_type='base table' and table_name='wstablefields'
20240731@214928.6703 fu221947h3eape7fc1tlh07sj5 Query : select fieldkey,fieldname,fieldtype,calcformula from wstablefields where tablename = 'fi2' and documentnumber = 39
20240731@214928.6716 fu221947h3eape7fc1tlh07sj5 Query : insert into wsfi2data (fi2stamp,ftstamp ,ousrdata, ousrhora, usrdata,usrhora,ousrinis,usrinis) values ('aut66aaa7546266aaa358a3','aut66aaa6154466aaa35881' ,getdate(),convert(char(8),convert (time,getdate())),getdate(),convert(char(8),convert (time,getdate())),'wsv','wsv')
20240731@214928.6720 fu221947h3eape7fc1tlh07sj5 Query : select 1 valor from information_schema.tables where table_type='base table' and table_name='wstablefields'
20240731@214928.6735 fu221947h3eape7fc1tlh07sj5 Query : select fieldkey,fieldname,fieldtype,calcformula from wstablefields where tablename = 'fi' and documentnumber = 39
20240731@214928.6769 fu221947h3eape7fc1tlh07sj5 Query : insert into wsfidata (fistamp,ousrdata, ousrhora, usrdata,usrhora,ousrinis,usrinis ,qtt ,ftstamp ,epv,pvmoeda ,tabiva,iva,lordem ,ref, design ,lote,armazem,bistamp ) values ('aut66aaa7546266aaa358a3',getdate(),convert(char(8),convert (time,getdate())),getdate(),convert(char(8),convert (time,getdate())),'wsv','wsv',102.000 ,'aut66aaa6154466aaa35881' ,0,0 ,2,23.00,10000,?,?,?,?,?)
20240731@214928.7099 fu221947h3eape7fc1tlh07sj5 Query : use flama_phc
20240731@214928.7103 fu221947h3eape7fc1tlh07sj5 Query : select st.usalote valor from st where st.ref = '324.1406.00.1'
20240731@214928.7314 fu221947h3eape7fc1tlh07sj5 Query : select top 1 st.tabiva ,st.ivaincl ,st.stns ,st.uni2 ,st.familia ,isnull(tx.taxa, 0) txiva ,unidade ,usalote ,epcpond ,noserie ,conversao ,st.texteis from st left join taxasiva tx on st.tabiva = tx.codigo where st.ref = '324.1406.00.1'
20240731@214928.7398 fu221947h3eape7fc1tlh07sj5 Query : select 1 valor from information_schema.tables where table_type='base table' and table_name='wstablefields'
20240731@214928.7418 fu221947h3eape7fc1tlh07sj5 Query : select fieldkey,fieldname,fieldtype,mandatory from wstablefields where tablename = 'fi' and documentnumber = 39
20240731@214928.7449 fu221947h3eape7fc1tlh07sj5 Query : select 1 valor from information_schema.tables where table_type='base table' and table_name='wstablefields'
20240731@214928.7465 fu221947h3eape7fc1tlh07sj5 Query : select fieldkey,fieldname,fieldtype,mandatory from wstablefields where tablename = 'fi2' and documentnumber = 39
20240731@214928.7475 fu221947h3eape7fc1tlh07sj5 Query : select top 1 convert(numeric(6,2),t.taxa) valor from taxasiva t where t.codigo='2'
20240731@214928.7489 fu221947h3eape7fc1tlh07sj5 Query : select sestamp valor from se where ref ='324.1406.00.1' and lote = '10/20'
20240731@214928.7505 fu221947h3eape7fc1tlh07sj5 Query : select 1 valor from information_schema.tables where table_type='base table' and table_name='wstablefields'
20240731@214928.7522 fu221947h3eape7fc1tlh07sj5 Query : select fieldkey,fieldname,fieldtype,calcformula from wstablefields where tablename = 'fi2' and documentnumber = 39
20240731@214928.7536 fu221947h3eape7fc1tlh07sj5 Query : insert into wsfi2data (fi2stamp,ftstamp ,ousrdata, ousrhora, usrdata,usrhora,ousrinis,usrinis) values ('aut66aaa6002166aaa358b7','aut66aaa6154466aaa35881' ,getdate(),convert(char(8),convert (time,getdate())),getdate(),convert(char(8),convert (time,getdate())),'wsv','wsv')
20240731@214928.7541 fu221947h3eape7fc1tlh07sj5 Query : select 1 valor from information_schema.tables where table_type='base table' and table_name='wstablefields'
20240731@214928.7557 fu221947h3eape7fc1tlh07sj5 Query : select fieldkey,fieldname,fieldtype,calcformula from wstablefields where tablename = 'fi' and documentnumber = 39
20240731@214928.7593 fu221947h3eape7fc1tlh07sj5 Query : insert into wsfidata (fistamp,ousrdata, ousrhora, usrdata,usrhora,ousrinis,usrinis ,qtt ,ftstamp ,epv,pvmoeda ,tabiva,iva,lordem ,ref, design ,lote,armazem,bistamp ) values ('aut66aaa6002166aaa358b7',getdate(),convert(char(8),convert (time,getdate())),getdate(),convert(char(8),convert (time,getdate())),'wsv','wsv',18.000 ,'aut66aaa6154466aaa35881' ,0,0 ,2,23.00,20000,?,?,?,?,?)
20240731@214928.7907 fu221947h3eape7fc1tlh07sj5 Query : insert into wsftcreationlog (initialftstamp,externalid,creationstatus,documenttypeid,idustamp) values ('aut66aaa6154466aaa35881','2405083','wait',39,'adm09112754980.682000002')
20240731@214928.7989 fu221947h3eape7fc1tlh07sj5 Query : use flama_phc
20240731@214928.8035 fu221947h3eape7fc1tlh07sj5 Query : update u_wsusers set rqsttoken =? where userid ='userls001'
20240731@214928.8326 fu221947h3eape7fc1tlh07sj5 Query : select concat(rtrim(relative_path),ltrim(name_new)) as valor from uploadfiles where uploadfile_id='1291';
20240731@214928.8354 fu221947h3eape7fc1tlh07sj5 Query : update uploadfiles set whenupdated=current_timestamp where uploadfile_id='1291';
20240731@214928.8396 fu221947h3eape7fc1tlh07sj5 Query : select concat(rtrim(relative_path),ltrim(name_new)) as valor from uploadfiles where uploadfile_id='1291';
20240731@214928.8421 fu221947h3eape7fc1tlh07sj5 Query : update uploadfiles set whenupdated=current_timestamp where uploadfile_id='1291';
20240731@214928.9013 l0h6regi61heg4e6peduueukb6 Query : insert into uploadfiles ( name_original, name_new, option_type, relative_path, whencreated ) values ( ?, ?, ?, ?, getdate() )
20240731@214928.9025 l0h6regi61heg4e6peduueukb6 Query : select uploadfile_id valor from uploadfiles where name_new = ? and option_type = ? 
20240731@214928.9076 l0h6regi61heg4e6peduueukb6 Query : select concat(rtrim(relative_path),ltrim(name_new)) as valor from uploadfiles where uploadfile_id='1292';
20240731@214928.9140 l0h6regi61heg4e6peduueukb6 Query : update uploadfiles set whenupdated=current_timestamp where uploadfile_id='1292';
20240731@214928.9189 l0h6regi61heg4e6peduueukb6 Query : select concat(rtrim(relative_path),ltrim(name_new)) as valor from uploadfiles where uploadfile_id='1292';
20240731@214928.9217 l0h6regi61heg4e6peduueukb6 Query : update uploadfiles set whenupdated=current_timestamp where uploadfile_id='1292';
20240731@214928.9266 l0h6regi61heg4e6peduueukb6 Query : use flama_phc
20240731@214928.9270 l0h6regi61heg4e6peduueukb6 Query : select top 1 secretkey valor from u_wsusers u where u.userid = ? and u.inactivo=0
20240731@214928.9335 l0h6regi61heg4e6peduueukb6 Query : use flama_phc
20240731@214928.9338 l0h6regi61heg4e6peduueukb6 Query : select no, estab,szadrsdesc from szadrs where u_coddest=4740
20240731@214928.9380 l0h6regi61heg4e6peduueukb6 Query : select top 1 isnull(design,'') valor from st (nolock) left join stobs (nolock) on st.ref = stobs.ref where st.ref = '304.4860.00.1'
20240731@214928.9574 l0h6regi61heg4e6peduueukb6 Query : select top 1 bistamp valor from bi inner join bo on bo.bostamp=bi.bostamp where bo.ndos =240 and bo.boano =2050 and bo.obrano = 2405084 and bi.ref ='304.4860.00.1' and bi.lordem =1
20240731@214928.9933 l0h6regi61heg4e6peduueukb6 Query : select top 1 isnull(design,'') valor from st (nolock) left join stobs (nolock) on st.ref = stobs.ref where st.ref = '304.4860.00.1'
20240731@214928.9957 l0h6regi61heg4e6peduueukb6 Query : select top 1 bistamp valor from bi inner join bo on bo.bostamp=bi.bostamp where bo.ndos =240 and bo.boano =2050 and bo.obrano = 2405084 and bi.ref ='304.4860.00.1' and bi.lordem =1
20240731@214928.9977 l0h6regi61heg4e6peduueukb6 Query : use flama_phc
20240731@214928.9981 l0h6regi61heg4e6peduueukb6 Query : select top 1 convert(date,fdata) valor from ft where ndoc = 39 and anulado= 0 and fno>0 order by fdata desc
20240731@214929.1800 l0h6regi61heg4e6peduueukb6 Query : use flama_phc
20240731@214929.2100 l0h6regi61heg4e6peduueukb6 Query : select top 1 1 valor from td where td.ndoc = 39
20240731@214929.5500 l0h6regi61heg4e6peduueukb6 Query : use flama_phc
20240731@214929.5800 l0h6regi61heg4e6peduueukb6 Query : select lower(descricao) descricao ,case when valor='s' then 1 else 0 end valor from para1 where descricao in ('st_lote','st_usalogifunc', 'st_grelha')
20240731@214929.9000 l0h6regi61heg4e6peduueukb6 Query : select top 1 manternumero ,assinadoc issigned ,tiposaft ,assinaimp ,nmdos ,td.assinadoc ,'cl' origin ,lancasl stocks ,case when cmsl<50 and td.lancasl=1 then 1 else 0 end entrada ,case when cmsl>50 and td.lancasl=1 then 1 else 0 end saida ,temserie assets ,~semgre usegridfields from td inner join td2 on td.tdstamp=td2.td2stamp where td.ndoc = 1
20240731@214929.1270 l0h6regi61heg4e6peduueukb6 Query : use flama_phc
20240731@214929.1310 l0h6regi61heg4e6peduueukb6 Query : select top 1 ~inactivo valor from cl where no = '100810' and estab = 0 order by inactivo desc
20240731@214929.1620 l0h6regi61heg4e6peduueukb6 Query : use flama_phc
20240731@214929.1650 l0h6regi61heg4e6peduueukb6 Query : select top 1 tipodoc,regrd from td where ndoc = 39
20240731@214929.1960 l0h6regi61heg4e6peduueukb6 Query : use flama_phc
20240731@214929.1990 l0h6regi61heg4e6peduueukb6 Query : select szadrsstamp valor from szadrs where szadrsdesc='espaÇotrans,lda'
20240731@214929.2390 l0h6regi61heg4e6peduueukb6 Query : use flama_phc
20240731@214929.2420 l0h6regi61heg4e6peduueukb6 Query : select szadrsstamp valor from szadrs where szadrsdesc='100810 - worten-equipamentos para o lar,sa.'
20240731@214929.2870 l0h6regi61heg4e6peduueukb6 Query : use flama_phc
20240731@214929.2890 l0h6regi61heg4e6peduueukb6 Query : select 1 valor from td where ndoc = 39
20240731@214929.3020 l0h6regi61heg4e6peduueukb6 Query : select top 1 manternumero, tiposaft, nmdos,td.assinadoc from td where td.ndoc = 39
20240731@214929.3190 l0h6regi61heg4e6peduueukb6 Query : select 1 valor from information_schema.tables where table_type='base table' and table_name='wstablefields'
20240731@214929.3430 l0h6regi61heg4e6peduueukb6 Query : select fieldkey,fieldname,fieldtype,mandatory from wstablefields where tablename = 'ft' and documentnumber = 39
20240731@214929.3640 l0h6regi61heg4e6peduueukb6 Query : select 1 valor from information_schema.tables where table_type='base table' and table_name='wstablefields'
20240731@214929.3800 l0h6regi61heg4e6peduueukb6 Query : select fieldkey,fieldname,fieldtype,mandatory from wstablefields where tablename = 'ft2' and documentnumber = 39
20240731@214929.4090 l0h6regi61heg4e6peduueukb6 Query : select 1 valor from information_schema.tables where table_type='base table' and table_name='wstablefields'
20240731@214929.4250 l0h6regi61heg4e6peduueukb6 Query : select fieldkey,fieldname,fieldtype,mandatory from wstablefields where tablename = 'ft3' and documentnumber = 39
20240731@214929.4400 l0h6regi61heg4e6peduueukb6 Query : select top 1 ft.fno valor from ft ft where ft.ndoc = 39 and ftano=2024 order by fno desc
20240731@214929.5150 l0h6regi61heg4e6peduueukb6 Query : select top 1 ft.fno valor from wsftdata ft where ft.ndoc = 39 and ftano=2024 order by fno desc
20240731@214929.5300 l0h6regi61heg4e6peduueukb6 Query : select 1 valor from information_schema.tables where table_type='base table' and table_name='wstablefields'
20240731@214929.5450 l0h6regi61heg4e6peduueukb6 Query : select fieldkey,fieldname,fieldtype,calcformula from wstablefields where tablename = 'ft3' and documentnumber = 39
20240731@214929.5620 l0h6regi61heg4e6peduueukb6 Query : insert into wsft3data (ft3stamp, ousrdata, ousrhora, usrdata,usrhora,ousrinis,usrinis,taxpointdt ) values ('aut66aaa9540866aaa3590a' ,getdate(),convert(char(8),convert (time,getdate())),getdate(),convert(char(8),convert (time,getdate())),'wsv','wsv',?)
20240731@214929.7540 l0h6regi61heg4e6peduueukb6 Query : select 1 valor from information_schema.tables where table_type='base table' and table_name='wstablefields'
20240731@214929.7730 l0h6regi61heg4e6peduueukb6 Query : select fieldkey,fieldname,fieldtype,calcformula from wstablefields where tablename = 'ft2' and documentnumber = 39
20240731@214929.8820 l0h6regi61heg4e6peduueukb6 Query : select top 1 bo.u_nomeenv valor from bo where bo.bostamp=''
20240731@214929.8940 l0h6regi61heg4e6peduueukb6 Query : select top 1 bo.u_moradaen valor from bo where bo.bostamp=''
20240731@214929.9160 l0h6regi61heg4e6peduueukb6 Query : select top 1 bo.u_codposen valor from bo where bo.bostamp=''
20240731@214929.1147 l0h6regi61heg4e6peduueukb6 Query : select top 1 bo.u_localenv valor from bo where bo.bostamp=''
20240731@214929.1278 l0h6regi61heg4e6peduueukb6 Query : select top 1 bo.trab5 valor from bo where bo.bostamp=''
20240731@214929.1294 l0h6regi61heg4e6peduueukb6 Query : select top 1 bo.serie valor from bo where bo.bostamp=''
20240731@214929.1306 l0h6regi61heg4e6peduueukb6 Query : insert into wsft2data (ft2stamp, ousrdata,ousrhora, usrdata,usrhora,ousrinis,usrinis,u_nomeenv ,u_moradaen ,u_codposen ,u_localenv ,u_coddest ,u_codby ) values ('aut66aaa9540866aaa3590a',getdate(),convert(char(8),convert (time,getdate())),getdate(),convert(char(8),convert (time,getdate())),'wsv','wsv',?,?,?,?,?,?)
20240731@214929.1573 l0h6regi61heg4e6peduueukb6 Query : select top 1 fno valor from wsftdata order by fno desc
20240731@214929.1676 l0h6regi61heg4e6peduueukb6 Query : select 1 valor from information_schema.tables where table_type='base table' and table_name='wstablefields'
20240731@214929.1867 l0h6regi61heg4e6peduueukb6 Query : select fieldkey,fieldname,fieldtype,calcformula from wstablefields where tablename = 'ft' and documentnumber = 39
20240731@214929.1937 l0h6regi61heg4e6peduueukb6 Query : select 'normal' from dummy
20240731@214929.2256 l0h6regi61heg4e6peduueukb6 Query : insert into wsftdata (ftstamp, ousrdata,ousrhora, usrdata,usrhora,ousrinis,usrinis,fno,no,estab,fdata,ndoc,moeda,cambio,cambiofixo,ftano,site ,classe ) values ('aut66aaa9540866aaa3590a',getdate(),convert(char(8),convert (time,getdate())),getdate(),convert(char(8),convert (time,getdate())),'wsv','wsv',127,100810,0,'2024-07-31',39,'euro',0,0,2024 ,?,?)
20240731@214929.2729 l0h6regi61heg4e6peduueukb6 Query : use flama_phc
20240731@214929.2733 l0h6regi61heg4e6peduueukb6 Query : select st.usalote valor from st where st.ref = '304.4860.00.1'
20240731@214929.2762 l0h6regi61heg4e6peduueukb6 Query : select top 1 st.tabiva ,st.ivaincl ,st.stns ,st.uni2 ,st.familia ,isnull(tx.taxa, 0) txiva ,unidade ,usalote ,epcpond ,noserie ,conversao ,st.texteis from st left join taxasiva tx on st.tabiva = tx.codigo where st.ref = '304.4860.00.1'
20240731@214929.2929 l0h6regi61heg4e6peduueukb6 Query : select 1 valor from information_schema.tables where table_type='base table' and table_name='wstablefields'
20240731@214929.2946 l0h6regi61heg4e6peduueukb6 Query : select fieldkey,fieldname,fieldtype,mandatory from wstablefields where tablename = 'fi' and documentnumber = 39
20240731@214929.2976 l0h6regi61heg4e6peduueukb6 Query : select 1 valor from information_schema.tables where table_type='base table' and table_name='wstablefields'
20240731@214929.2992 l0h6regi61heg4e6peduueukb6 Query : select fieldkey,fieldname,fieldtype,mandatory from wstablefields where tablename = 'fi2' and documentnumber = 39
20240731@214929.3006 l0h6regi61heg4e6peduueukb6 Query : select top 1 convert(numeric(6,2),t.taxa) valor from taxasiva t where t.codigo='2'
20240731@214929.3021 l0h6regi61heg4e6peduueukb6 Query : select sestamp valor from se where ref ='304.4860.00.1' and lote = '241006'
20240731@214929.3044 l0h6regi61heg4e6peduueukb6 Query : select 1 valor from information_schema.tables where table_type='base table' and table_name='wstablefields'
20240731@214929.3061 l0h6regi61heg4e6peduueukb6 Query : select fieldkey,fieldname,fieldtype,calcformula from wstablefields where tablename = 'fi2' and documentnumber = 39
20240731@214929.3074 l0h6regi61heg4e6peduueukb6 Query : insert into wsfi2data (fi2stamp,ftstamp ,ousrdata, ousrhora, usrdata,usrhora,ousrinis,usrinis) values ('aut66aaa5455866aaa3594a','aut66aaa9540866aaa3590a' ,getdate(),convert(char(8),convert (time,getdate())),getdate(),convert(char(8),convert (time,getdate())),'wsv','wsv')
20240731@214929.3079 l0h6regi61heg4e6peduueukb6 Query : select 1 valor from information_schema.tables where table_type='base table' and table_name='wstablefields'
20240731@214929.3102 l0h6regi61heg4e6peduueukb6 Query : select fieldkey,fieldname,fieldtype,calcformula from wstablefields where tablename = 'fi' and documentnumber = 39
20240731@214929.3137 l0h6regi61heg4e6peduueukb6 Query : insert into wsfidata (fistamp,ousrdata, ousrhora, usrdata,usrhora,ousrinis,usrinis ,qtt ,ftstamp ,epv,pvmoeda ,tabiva,iva,lordem ,ref, design ,lote,armazem,bistamp ) values ('aut66aaa5455866aaa3594a',getdate(),convert(char(8),convert (time,getdate())),getdate(),convert(char(8),convert (time,getdate())),'wsv','wsv',8.000 ,'aut66aaa9540866aaa3590a' ,0,0 ,2,23.00,10000,?,?,?,?,?)
20240731@214929.3413 l0h6regi61heg4e6peduueukb6 Query : use flama_phc
20240731@214929.3417 l0h6regi61heg4e6peduueukb6 Query : select st.usalote valor from st where st.ref = '304.4860.00.1'
20240731@214929.3441 l0h6regi61heg4e6peduueukb6 Query : select top 1 st.tabiva ,st.ivaincl ,st.stns ,st.uni2 ,st.familia ,isnull(tx.taxa, 0) txiva ,unidade ,usalote ,epcpond ,noserie ,conversao ,st.texteis from st left join taxasiva tx on st.tabiva = tx.codigo where st.ref = '304.4860.00.1'
20240731@214929.3457 l0h6regi61heg4e6peduueukb6 Query : select 1 valor from information_schema.tables where table_type='base table' and table_name='wstablefields'
20240731@214929.3479 l0h6regi61heg4e6peduueukb6 Query : select fieldkey,fieldname,fieldtype,mandatory from wstablefields where tablename = 'fi' and documentnumber = 39
20240731@214929.3510 l0h6regi61heg4e6peduueukb6 Query : select 1 valor from information_schema.tables where table_type='base table' and table_name='wstablefields'
20240731@214929.3529 l0h6regi61heg4e6peduueukb6 Query : select fieldkey,fieldname,fieldtype,mandatory from wstablefields where tablename = 'fi2' and documentnumber = 39
20240731@214929.3539 l0h6regi61heg4e6peduueukb6 Query : select top 1 convert(numeric(6,2),t.taxa) valor from taxasiva t where t.codigo='2'
20240731@214929.3553 l0h6regi61heg4e6peduueukb6 Query : select sestamp valor from se where ref ='304.4860.00.1' and lote = '241006'
20240731@214929.3568 l0h6regi61heg4e6peduueukb6 Query : select 1 valor from information_schema.tables where table_type='base table' and table_name='wstablefields'
20240731@214929.3585 l0h6regi61heg4e6peduueukb6 Query : select fieldkey,fieldname,fieldtype,calcformula from wstablefields where tablename = 'fi2' and documentnumber = 39
20240731@214929.3599 l0h6regi61heg4e6peduueukb6 Query : insert into wsfi2data (fi2stamp,ftstamp ,ousrdata, ousrhora, usrdata,usrhora,ousrinis,usrinis) values ('aut66aaa8084866aaa35957','aut66aaa9540866aaa3590a' ,getdate(),convert(char(8),convert (time,getdate())),getdate(),convert(char(8),convert (time,getdate())),'wsv','wsv')
20240731@214929.3603 l0h6regi61heg4e6peduueukb6 Query : select 1 valor from information_schema.tables where table_type='base table' and table_name='wstablefields'
20240731@214929.3621 l0h6regi61heg4e6peduueukb6 Query : select fieldkey,fieldname,fieldtype,calcformula from wstablefields where tablename = 'fi' and documentnumber = 39
20240731@214929.3657 l0h6regi61heg4e6peduueukb6 Query : insert into wsfidata (fistamp,ousrdata, ousrhora, usrdata,usrhora,ousrinis,usrinis ,qtt ,ftstamp ,epv,pvmoeda ,tabiva,iva,lordem ,ref, design ,lote,armazem,bistamp ) values ('aut66aaa8084866aaa35957',getdate(),convert(char(8),convert (time,getdate())),getdate(),convert(char(8),convert (time,getdate())),'wsv','wsv',48.000 ,'aut66aaa9540866aaa3590a' ,0,0 ,2,23.00,20000,?,?,?,?,?)
20240731@214929.4077 l0h6regi61heg4e6peduueukb6 Query : insert into wsftcreationlog (initialftstamp,externalid,creationstatus,documenttypeid,idustamp) values ('aut66aaa9540866aaa3590a','2405084','wait',39,'adm09112754980.682000002')
20240731@214929.5139 l0h6regi61heg4e6peduueukb6 Query : use flama_phc
20240731@214929.5142 l0h6regi61heg4e6peduueukb6 Query : update u_wsusers set rqsttoken =? where userid ='userls001'
20240731@214929.5173 l0h6regi61heg4e6peduueukb6 Query : select concat(rtrim(relative_path),ltrim(name_new)) as valor from uploadfiles where uploadfile_id='1292';
20240731@214929.5206 l0h6regi61heg4e6peduueukb6 Query : update uploadfiles set whenupdated=current_timestamp where uploadfile_id='1292';
20240731@214929.5248 l0h6regi61heg4e6peduueukb6 Query : select concat(rtrim(relative_path),ltrim(name_new)) as valor from uploadfiles where uploadfile_id='1292';
20240731@214929.5275 l0h6regi61heg4e6peduueukb6 Query : update uploadfiles set whenupdated=current_timestamp where uploadfile_id='1292';
20240731@214929.6080 vqde8779hc70127adqt76tu4fs Query : insert into uploadfiles ( name_original, name_new, option_type, relative_path, whencreated ) values ( ?, ?, ?, ?, getdate() )
20240731@214929.6096 vqde8779hc70127adqt76tu4fs Query : select uploadfile_id valor from uploadfiles where name_new = ? and option_type = ? 
20240731@214929.6150 vqde8779hc70127adqt76tu4fs Query : select concat(rtrim(relative_path),ltrim(name_new)) as valor from uploadfiles where uploadfile_id='1293';
20240731@214929.6202 vqde8779hc70127adqt76tu4fs Query : update uploadfiles set whenupdated=current_timestamp where uploadfile_id='1293';
20240731@214929.6261 vqde8779hc70127adqt76tu4fs Query : select concat(rtrim(relative_path),ltrim(name_new)) as valor from uploadfiles where uploadfile_id='1293';
20240731@214929.6284 vqde8779hc70127adqt76tu4fs Query : update uploadfiles set whenupdated=current_timestamp where uploadfile_id='1293';
20240731@214929.6353 vqde8779hc70127adqt76tu4fs Query : use flama_phc
20240731@214929.6357 vqde8779hc70127adqt76tu4fs Query : select top 1 secretkey valor from u_wsusers u where u.userid = ? and u.inactivo=0
20240731@214929.6424 vqde8779hc70127adqt76tu4fs Query : use flama_phc
20240731@214929.6427 vqde8779hc70127adqt76tu4fs Query : select no, estab,szadrsdesc from szadrs where u_coddest=4740
20240731@214929.6477 vqde8779hc70127adqt76tu4fs Query : select top 1 isnull(design,'') valor from st (nolock) left join stobs (nolock) on st.ref = stobs.ref where st.ref = '324.1690.00.1'
20240731@214929.8115 vqde8779hc70127adqt76tu4fs Query : select top 1 bistamp valor from bi inner join bo on bo.bostamp=bi.bostamp where bo.ndos =240 and bo.boano =2050 and bo.obrano = 2405085 and bi.ref ='324.1690.00.1' and bi.lordem =1
20240731@214929.8461 vqde8779hc70127adqt76tu4fs Query : select top 1 isnull(design,'') valor from st (nolock) left join stobs (nolock) on st.ref = stobs.ref where st.ref = '324.1690.00.1'
20240731@214929.8484 vqde8779hc70127adqt76tu4fs Query : select top 1 bistamp valor from bi inner join bo on bo.bostamp=bi.bostamp where bo.ndos =240 and bo.boano =2050 and bo.obrano = 2405085 and bi.ref ='324.1690.00.1' and bi.lordem =1
20240731@214929.8537 vqde8779hc70127adqt76tu4fs Query : use flama_phc
20240731@214929.8580 vqde8779hc70127adqt76tu4fs Query : select top 1 convert(date,fdata) valor from ft where ndoc = 39 and anulado= 0 and fno>0 order by fdata desc
20240731@214929.8620 vqde8779hc70127adqt76tu4fs Query : use flama_phc
20240731@214929.8623 vqde8779hc70127adqt76tu4fs Query : select top 1 1 valor from td where td.ndoc = 39
20240731@214929.8656 vqde8779hc70127adqt76tu4fs Query : use flama_phc
20240731@214929.8659 vqde8779hc70127adqt76tu4fs Query : select lower(descricao) descricao ,case when valor='s' then 1 else 0 end valor from para1 where descricao in ('st_lote','st_usalogifunc', 'st_grelha')
20240731@214929.8690 vqde8779hc70127adqt76tu4fs Query : select top 1 manternumero ,assinadoc issigned ,tiposaft ,assinaimp ,nmdos ,td.assinadoc ,'cl' origin ,lancasl stocks ,case when cmsl<50 and td.lancasl=1 then 1 else 0 end entrada ,case when cmsl>50 and td.lancasl=1 then 1 else 0 end saida ,temserie assets ,~semgre usegridfields from td inner join td2 on td.tdstamp=td2.td2stamp where td.ndoc = 1
20240731@214929.8730 vqde8779hc70127adqt76tu4fs Query : use flama_phc
20240731@214929.8733 vqde8779hc70127adqt76tu4fs Query : select top 1 ~inactivo valor from cl where no = '100810' and estab = 0 order by inactivo desc
20240731@214929.8770 vqde8779hc70127adqt76tu4fs Query : use flama_phc
20240731@214929.8773 vqde8779hc70127adqt76tu4fs Query : select top 1 tipodoc,regrd from td where ndoc = 39
20240731@214929.8805 vqde8779hc70127adqt76tu4fs Query : use flama_phc
20240731@214929.8808 vqde8779hc70127adqt76tu4fs Query : select szadrsstamp valor from szadrs where szadrsdesc='espaÇotrans,lda'
20240731@214929.8848 vqde8779hc70127adqt76tu4fs Query : use flama_phc
20240731@214929.8851 vqde8779hc70127adqt76tu4fs Query : select szadrsstamp valor from szadrs where szadrsdesc='100810 - worten-equipamentos para o lar,sa.'
20240731@214929.8899 vqde8779hc70127adqt76tu4fs Query : use flama_phc
20240731@214929.8902 vqde8779hc70127adqt76tu4fs Query : select 1 valor from td where ndoc = 39
20240731@214929.8915 vqde8779hc70127adqt76tu4fs Query : select top 1 manternumero, tiposaft, nmdos,td.assinadoc from td where td.ndoc = 39
20240731@214929.8930 vqde8779hc70127adqt76tu4fs Query : select 1 valor from information_schema.tables where table_type='base table' and table_name='wstablefields'
20240731@214929.8949 vqde8779hc70127adqt76tu4fs Query : select fieldkey,fieldname,fieldtype,mandatory from wstablefields where tablename = 'ft' and documentnumber = 39
20240731@214929.8969 vqde8779hc70127adqt76tu4fs Query : select 1 valor from information_schema.tables where table_type='base table' and table_name='wstablefields'
20240731@214929.8984 vqde8779hc70127adqt76tu4fs Query : select fieldkey,fieldname,fieldtype,mandatory from wstablefields where tablename = 'ft2' and documentnumber = 39
20240731@214929.9014 vqde8779hc70127adqt76tu4fs Query : select 1 valor from information_schema.tables where table_type='base table' and table_name='wstablefields'
20240731@214929.9030 vqde8779hc70127adqt76tu4fs Query : select fieldkey,fieldname,fieldtype,mandatory from wstablefields where tablename = 'ft3' and documentnumber = 39
20240731@214929.9044 vqde8779hc70127adqt76tu4fs Query : select top 1 ft.fno valor from ft ft where ft.ndoc = 39 and ftano=2024 order by fno desc
20240731@214929.9182 vqde8779hc70127adqt76tu4fs Query : select top 1 ft.fno valor from wsftdata ft where ft.ndoc = 39 and ftano=2024 order by fno desc
20240731@214929.9199 vqde8779hc70127adqt76tu4fs Query : select 1 valor from information_schema.tables where table_type='base table' and table_name='wstablefields'
20240731@214929.9216 vqde8779hc70127adqt76tu4fs Query : select fieldkey,fieldname,fieldtype,calcformula from wstablefields where tablename = 'ft3' and documentnumber = 39
20240731@214929.9233 vqde8779hc70127adqt76tu4fs Query : insert into wsft3data (ft3stamp, ousrdata, ousrhora, usrdata,usrhora,ousrinis,usrinis,taxpointdt ) values ('aut66aaa0856566aaa359dc' ,getdate(),convert(char(8),convert (time,getdate())),getdate(),convert(char(8),convert (time,getdate())),'wsv','wsv',?)
20240731@214929.9440 vqde8779hc70127adqt76tu4fs Query : select 1 valor from information_schema.tables where table_type='base table' and table_name='wstablefields'
20240731@214929.9529 vqde8779hc70127adqt76tu4fs Query : select fieldkey,fieldname,fieldtype,calcformula from wstablefields where tablename = 'ft2' and documentnumber = 39
20240731@214929.9775 vqde8779hc70127adqt76tu4fs Query : select top 1 bo.u_nomeenv valor from bo where bo.bostamp=''
20240731@214929.9801 vqde8779hc70127adqt76tu4fs Query : select top 1 bo.u_moradaen valor from bo where bo.bostamp=''
20240731@214929.9816 vqde8779hc70127adqt76tu4fs Query : select top 1 bo.u_codposen valor from bo where bo.bostamp=''
20240731@214929.9829 vqde8779hc70127adqt76tu4fs Query : select top 1 bo.u_localenv valor from bo where bo.bostamp=''
20240731@214929.9841 vqde8779hc70127adqt76tu4fs Query : select top 1 bo.trab5 valor from bo where bo.bostamp=''
20240731@214929.9853 vqde8779hc70127adqt76tu4fs Query : select top 1 bo.serie valor from bo where bo.bostamp=''
20240731@214929.9865 vqde8779hc70127adqt76tu4fs Query : insert into wsft2data (ft2stamp, ousrdata,ousrhora, usrdata,usrhora,ousrinis,usrinis,u_nomeenv ,u_moradaen ,u_codposen ,u_localenv ,u_coddest ,u_codby ) values ('aut66aaa0856566aaa359dc',getdate(),convert(char(8),convert (time,getdate())),getdate(),convert(char(8),convert (time,getdate())),'wsv','wsv',?,?,?,?,?,?)
20240731@214930.1890 vqde8779hc70127adqt76tu4fs Query : select top 1 fno valor from wsftdata order by fno desc
20240731@214930.2390 vqde8779hc70127adqt76tu4fs Query : select 1 valor from information_schema.tables where table_type='base table' and table_name='wstablefields'
20240731@214930.2570 vqde8779hc70127adqt76tu4fs Query : select fieldkey,fieldname,fieldtype,calcformula from wstablefields where tablename = 'ft' and documentnumber = 39
20240731@214930.2810 vqde8779hc70127adqt76tu4fs Query : select 'normal' from dummy
20240731@214930.2970 vqde8779hc70127adqt76tu4fs Query : insert into wsftdata (ftstamp, ousrdata,ousrhora, usrdata,usrhora,ousrinis,usrinis,fno,no,estab,fdata,ndoc,moeda,cambio,cambiofixo,ftano,site ,classe ) values ('aut66aaa0856566aaa359dc',getdate(),convert(char(8),convert (time,getdate())),getdate(),convert(char(8),convert (time,getdate())),'wsv','wsv',128,100810,0,'2024-07-31',39,'euro',0,0,2024 ,?,?)
20240731@214930.6360 vqde8779hc70127adqt76tu4fs Query : use flama_phc
20240731@214930.6390 vqde8779hc70127adqt76tu4fs Query : select st.usalote valor from st where st.ref = '324.1690.00.1'
20240731@214930.6900 vqde8779hc70127adqt76tu4fs Query : select top 1 st.tabiva ,st.ivaincl ,st.stns ,st.uni2 ,st.familia ,isnull(tx.taxa, 0) txiva ,unidade ,usalote ,epcpond ,noserie ,conversao ,st.texteis from st left join taxasiva tx on st.tabiva = tx.codigo where st.ref = '324.1690.00.1'
20240731@214930.2764 vqde8779hc70127adqt76tu4fs Query : select 1 valor from information_schema.tables where table_type='base table' and table_name='wstablefields'
20240731@214930.2782 vqde8779hc70127adqt76tu4fs Query : select fieldkey,fieldname,fieldtype,mandatory from wstablefields where tablename = 'fi' and documentnumber = 39
20240731@214930.2809 vqde8779hc70127adqt76tu4fs Query : select 1 valor from information_schema.tables where table_type='base table' and table_name='wstablefields'
20240731@214930.2827 vqde8779hc70127adqt76tu4fs Query : select fieldkey,fieldname,fieldtype,mandatory from wstablefields where tablename = 'fi2' and documentnumber = 39
20240731@214930.2836 vqde8779hc70127adqt76tu4fs Query : select top 1 convert(numeric(6,2),t.taxa) valor from taxasiva t where t.codigo='2'
20240731@214930.2849 vqde8779hc70127adqt76tu4fs Query : select sestamp valor from se where ref ='324.1690.00.1' and lote = 'r2100755200a'
20240731@214930.2864 vqde8779hc70127adqt76tu4fs Query : select 1 valor from information_schema.tables where table_type='base table' and table_name='wstablefields'
20240731@214930.2881 vqde8779hc70127adqt76tu4fs Query : select fieldkey,fieldname,fieldtype,calcformula from wstablefields where tablename = 'fi2' and documentnumber = 39
20240731@214930.2893 vqde8779hc70127adqt76tu4fs Query : insert into wsfi2data (fi2stamp,ftstamp ,ousrdata, ousrhora, usrdata,usrhora,ousrinis,usrinis) values ('aut66aaa9049366aaa35a45','aut66aaa0856566aaa359dc' ,getdate(),convert(char(8),convert (time,getdate())),getdate(),convert(char(8),convert (time,getdate())),'wsv','wsv')
20240731@214930.2897 vqde8779hc70127adqt76tu4fs Query : select 1 valor from information_schema.tables where table_type='base table' and table_name='wstablefields'
20240731@214930.2918 vqde8779hc70127adqt76tu4fs Query : select fieldkey,fieldname,fieldtype,calcformula from wstablefields where tablename = 'fi' and documentnumber = 39
20240731@214930.2956 vqde8779hc70127adqt76tu4fs Query : insert into wsfidata (fistamp,ousrdata, ousrhora, usrdata,usrhora,ousrinis,usrinis ,qtt ,ftstamp ,epv,pvmoeda ,tabiva,iva,lordem ,ref, design ,lote,armazem,bistamp ) values ('aut66aaa9049366aaa35a45',getdate(),convert(char(8),convert (time,getdate())),getdate(),convert(char(8),convert (time,getdate())),'wsv','wsv',5.000 ,'aut66aaa0856566aaa359dc' ,0,0 ,2,23.00,10000,?,?,?,?,?)
20240731@214930.3281 vqde8779hc70127adqt76tu4fs Query : select 1 valor from information_schema.tables where table_type='base table' and table_name='wstablefields'
20240731@214930.3301 vqde8779hc70127adqt76tu4fs Query : select fieldkey,fieldname,fieldtype,mandatory from wstablefields where tablename = 'fi' and documentnumber = 39
20240731@214930.3331 vqde8779hc70127adqt76tu4fs Query : select 1 valor from information_schema.tables where table_type='base table' and table_name='wstablefields'
20240731@214930.3347 vqde8779hc70127adqt76tu4fs Query : select fieldkey,fieldname,fieldtype,mandatory from wstablefields where tablename = 'fi2' and documentnumber = 39
20240731@214930.3357 vqde8779hc70127adqt76tu4fs Query : select top 1 convert(numeric(6,2),t.taxa) valor from taxasiva t where t.codigo='2'
20240731@214930.3371 vqde8779hc70127adqt76tu4fs Query : select 1 valor from information_schema.tables where table_type='base table' and table_name='wstablefields'
20240731@214930.3386 vqde8779hc70127adqt76tu4fs Query : select fieldkey,fieldname,fieldtype,calcformula from wstablefields where tablename = 'fi2' and documentnumber = 39
20240731@214930.3408 vqde8779hc70127adqt76tu4fs Query : insert into wsfi2data (fi2stamp,ftstamp ,ousrdata, ousrhora, usrdata,usrhora,ousrinis,usrinis) values ('aut66aaa0629066aaa35a52','aut66aaa0856566aaa359dc' ,getdate(),convert(char(8),convert (time,getdate())),getdate(),convert(char(8),convert (time,getdate())),'wsv','wsv')
20240731@214930.3414 vqde8779hc70127adqt76tu4fs Query : select 1 valor from information_schema.tables where table_type='base table' and table_name='wstablefields'
20240731@214930.3472 vqde8779hc70127adqt76tu4fs Query : select fieldkey,fieldname,fieldtype,calcformula from wstablefields where tablename = 'fi' and documentnumber = 39
20240731@214930.3529 vqde8779hc70127adqt76tu4fs Query : insert into wsfidata (fistamp,ousrdata, ousrhora, usrdata,usrhora,ousrinis,usrinis ,qtt ,ftstamp ,epv,pvmoeda ,tabiva,iva,lordem ,ref, design ,armazem) values ('aut66aaa0629066aaa35a52',getdate(),convert(char(8),convert (time,getdate())),getdate(),convert(char(8),convert (time,getdate())),'wsv','wsv',0 ,'aut66aaa0856566aaa359dc' ,0,0 ,2,23.00,20000,?,?,?)
20240731@214930.3842 vqde8779hc70127adqt76tu4fs Query : use flama_phc
20240731@214930.3846 vqde8779hc70127adqt76tu4fs Query : select st.usalote valor from st where st.ref = '324.1690.00.1'
20240731@214930.3870 vqde8779hc70127adqt76tu4fs Query : select top 1 st.tabiva ,st.ivaincl ,st.stns ,st.uni2 ,st.familia ,isnull(tx.taxa, 0) txiva ,unidade ,usalote ,epcpond ,noserie ,conversao ,st.texteis from st left join taxasiva tx on st.tabiva = tx.codigo where st.ref = '324.1690.00.1'
20240731@214930.3886 vqde8779hc70127adqt76tu4fs Query : select 1 valor from information_schema.tables where table_type='base table' and table_name='wstablefields'
20240731@214930.3904 vqde8779hc70127adqt76tu4fs Query : select fieldkey,fieldname,fieldtype,mandatory from wstablefields where tablename = 'fi' and documentnumber = 39
20240731@214930.3936 vqde8779hc70127adqt76tu4fs Query : select 1 valor from information_schema.tables where table_type='base table' and table_name='wstablefields'
20240731@214930.3953 vqde8779hc70127adqt76tu4fs Query : select fieldkey,fieldname,fieldtype,mandatory from wstablefields where tablename = 'fi2' and documentnumber = 39
20240731@214930.3964 vqde8779hc70127adqt76tu4fs Query : select top 1 convert(numeric(6,2),t.taxa) valor from taxasiva t where t.codigo='2'
20240731@214930.3978 vqde8779hc70127adqt76tu4fs Query : select sestamp valor from se where ref ='324.1690.00.1' and lote = 'r2100755200a'
20240731@214930.3993 vqde8779hc70127adqt76tu4fs Query : select 1 valor from information_schema.tables where table_type='base table' and table_name='wstablefields'
20240731@214930.4009 vqde8779hc70127adqt76tu4fs Query : select fieldkey,fieldname,fieldtype,calcformula from wstablefields where tablename = 'fi2' and documentnumber = 39
20240731@214930.4025 vqde8779hc70127adqt76tu4fs Query : insert into wsfi2data (fi2stamp,ftstamp ,ousrdata, ousrhora, usrdata,usrhora,ousrinis,usrinis) values ('aut66aaa7454366aaa35a61','aut66aaa0856566aaa359dc' ,getdate(),convert(char(8),convert (time,getdate())),getdate(),convert(char(8),convert (time,getdate())),'wsv','wsv')
20240731@214930.4030 vqde8779hc70127adqt76tu4fs Query : select 1 valor from information_schema.tables where table_type='base table' and table_name='wstablefields'
20240731@214930.4047 vqde8779hc70127adqt76tu4fs Query : select fieldkey,fieldname,fieldtype,calcformula from wstablefields where tablename = 'fi' and documentnumber = 39
20240731@214930.4083 vqde8779hc70127adqt76tu4fs Query : insert into wsfidata (fistamp,ousrdata, ousrhora, usrdata,usrhora,ousrinis,usrinis ,qtt ,ftstamp ,epv,pvmoeda ,tabiva,iva,lordem ,ref, design ,lote,armazem,bistamp ) values ('aut66aaa7454366aaa35a61',getdate(),convert(char(8),convert (time,getdate())),getdate(),convert(char(8),convert (time,getdate())),'wsv','wsv',15.000 ,'aut66aaa0856566aaa359dc' ,0,0 ,2,23.00,40000,?,?,?,?,?)
20240731@214930.4390 vqde8779hc70127adqt76tu4fs Query : select 1 valor from information_schema.tables where table_type='base table' and table_name='wstablefields'
20240731@214930.4410 vqde8779hc70127adqt76tu4fs Query : select fieldkey,fieldname,fieldtype,mandatory from wstablefields where tablename = 'fi' and documentnumber = 39
20240731@214930.4449 vqde8779hc70127adqt76tu4fs Query : select 1 valor from information_schema.tables where table_type='base table' and table_name='wstablefields'
20240731@214930.4465 vqde8779hc70127adqt76tu4fs Query : select fieldkey,fieldname,fieldtype,mandatory from wstablefields where tablename = 'fi2' and documentnumber = 39
20240731@214930.4475 vqde8779hc70127adqt76tu4fs Query : select top 1 convert(numeric(6,2),t.taxa) valor from taxasiva t where t.codigo='2'
20240731@214930.4488 vqde8779hc70127adqt76tu4fs Query : select 1 valor from information_schema.tables where table_type='base table' and table_name='wstablefields'
20240731@214930.4504 vqde8779hc70127adqt76tu4fs Query : select fieldkey,fieldname,fieldtype,calcformula from wstablefields where tablename = 'fi2' and documentnumber = 39
20240731@214930.4522 vqde8779hc70127adqt76tu4fs Query : insert into wsfi2data (fi2stamp,ftstamp ,ousrdata, ousrhora, usrdata,usrhora,ousrinis,usrinis) values ('aut66aaa5471766aaa35a6d','aut66aaa0856566aaa359dc' ,getdate(),convert(char(8),convert (time,getdate())),getdate(),convert(char(8),convert (time,getdate())),'wsv','wsv')
20240731@214930.4527 vqde8779hc70127adqt76tu4fs Query : select 1 valor from information_schema.tables where table_type='base table' and table_name='wstablefields'
20240731@214930.4543 vqde8779hc70127adqt76tu4fs Query : select fieldkey,fieldname,fieldtype,calcformula from wstablefields where tablename = 'fi' and documentnumber = 39
20240731@214930.4578 vqde8779hc70127adqt76tu4fs Query : insert into wsfidata (fistamp,ousrdata, ousrhora, usrdata,usrhora,ousrinis,usrinis ,qtt ,ftstamp ,epv,pvmoeda ,tabiva,iva,lordem ,ref, design ,armazem) values ('aut66aaa5471766aaa35a6d',getdate(),convert(char(8),convert (time,getdate())),getdate(),convert(char(8),convert (time,getdate())),'wsv','wsv',0 ,'aut66aaa0856566aaa359dc' ,0,0 ,2,23.00,50000,?,?,?)
20240731@214930.4938 vqde8779hc70127adqt76tu4fs Query : insert into wsftcreationlog (initialftstamp,externalid,creationstatus,documenttypeid,idustamp) values ('aut66aaa0856566aaa359dc','2405085','wait',39,'adm09112754980.682000002')
20240731@214930.5011 vqde8779hc70127adqt76tu4fs Query : use flama_phc
20240731@214930.5014 vqde8779hc70127adqt76tu4fs Query : update u_wsusers set rqsttoken =? where userid ='userls001'
20240731@214930.5046 vqde8779hc70127adqt76tu4fs Query : select concat(rtrim(relative_path),ltrim(name_new)) as valor from uploadfiles where uploadfile_id='1293';
20240731@214930.5072 vqde8779hc70127adqt76tu4fs Query : update uploadfiles set whenupdated=current_timestamp where uploadfile_id='1293';
20240731@214930.5121 vqde8779hc70127adqt76tu4fs Query : select concat(rtrim(relative_path),ltrim(name_new)) as valor from uploadfiles where uploadfile_id='1293';
20240731@214930.5148 vqde8779hc70127adqt76tu4fs Query : update uploadfiles set whenupdated=current_timestamp where uploadfile_id='1293';
20240731@214930.5729 6ootfvshdbakv1tfg840ut41qj Query : insert into uploadfiles ( name_original, name_new, option_type, relative_path, whencreated ) values ( ?, ?, ?, ?, getdate() )
20240731@214930.5740 6ootfvshdbakv1tfg840ut41qj Query : select uploadfile_id valor from uploadfiles where name_new = ? and option_type = ? 
20240731@214930.5854 6ootfvshdbakv1tfg840ut41qj Query : select concat(rtrim(relative_path),ltrim(name_new)) as valor from uploadfiles where uploadfile_id='1294';
20240731@214930.5910 6ootfvshdbakv1tfg840ut41qj Query : update uploadfiles set whenupdated=current_timestamp where uploadfile_id='1294';
20240731@214930.5957 6ootfvshdbakv1tfg840ut41qj Query : select concat(rtrim(relative_path),ltrim(name_new)) as valor from uploadfiles where uploadfile_id='1294';
20240731@214930.5982 6ootfvshdbakv1tfg840ut41qj Query : update uploadfiles set whenupdated=current_timestamp where uploadfile_id='1294';
20240731@214930.6029 6ootfvshdbakv1tfg840ut41qj Query : use flama_phc
20240731@214930.6032 6ootfvshdbakv1tfg840ut41qj Query : select top 1 secretkey valor from u_wsusers u where u.userid = ? and u.inactivo=0
20240731@214930.6099 6ootfvshdbakv1tfg840ut41qj Query : use flama_phc
20240731@214930.6102 6ootfvshdbakv1tfg840ut41qj Query : select no, estab,szadrsdesc from szadrs where u_coddest=4740
20240731@214930.6146 6ootfvshdbakv1tfg840ut41qj Query : select top 1 isnull(design,'') valor from st (nolock) left join stobs (nolock) on st.ref = stobs.ref where st.ref = '324.4980.00.1'
20240731@214930.7632 6ootfvshdbakv1tfg840ut41qj Query : select top 1 bistamp valor from bi inner join bo on bo.bostamp=bi.bostamp where bo.ndos =240 and bo.boano =2050 and bo.obrano = 2405086 and bi.ref ='324.4980.00.1' and bi.lordem =1
20240731@214930.8002 6ootfvshdbakv1tfg840ut41qj Query : select top 1 isnull(design,'') valor from st (nolock) left join stobs (nolock) on st.ref = stobs.ref where st.ref = '324.4980.00.1'
20240731@214930.8023 6ootfvshdbakv1tfg840ut41qj Query : select top 1 bistamp valor from bi inner join bo on bo.bostamp=bi.bostamp where bo.ndos =240 and bo.boano =2050 and bo.obrano = 2405086 and bi.ref ='324.4980.00.1' and bi.lordem =1
20240731@214930.8039 6ootfvshdbakv1tfg840ut41qj Query : select top 1 isnull(design,'') valor from st (nolock) left join stobs (nolock) on st.ref = stobs.ref where st.ref = '324.4980.00.1'
20240731@214930.8059 6ootfvshdbakv1tfg840ut41qj Query : select top 1 bistamp valor from bi inner join bo on bo.bostamp=bi.bostamp where bo.ndos =240 and bo.boano =2050 and bo.obrano = 2405086 and bi.ref ='324.4980.00.1' and bi.lordem =1
20240731@214930.8075 6ootfvshdbakv1tfg840ut41qj Query : select top 1 isnull(design,'') valor from st (nolock) left join stobs (nolock) on st.ref = stobs.ref where st.ref = '324.692.00.01'
20240731@214930.8279 6ootfvshdbakv1tfg840ut41qj Query : select top 1 bistamp valor from bi inner join bo on bo.bostamp=bi.bostamp where bo.ndos =240 and bo.boano =2050 and bo.obrano = 2405086 and bi.ref ='324.692.00.01' and bi.lordem =2
20240731@214930.8662 6ootfvshdbakv1tfg840ut41qj Query : select top 1 isnull(design,'') valor from st (nolock) left join stobs (nolock) on st.ref = stobs.ref where st.ref = '324.692.00.01'
20240731@214930.8683 6ootfvshdbakv1tfg840ut41qj Query : select top 1 bistamp valor from bi inner join bo on bo.bostamp=bi.bostamp where bo.ndos =240 and bo.boano =2050 and bo.obrano = 2405086 and bi.ref ='324.692.00.01' and bi.lordem =2
20240731@214930.8699 6ootfvshdbakv1tfg840ut41qj Query : select top 1 isnull(design,'') valor from st (nolock) left join stobs (nolock) on st.ref = stobs.ref where st.ref = '324.692.00.01'
20240731@214930.8719 6ootfvshdbakv1tfg840ut41qj Query : select top 1 bistamp valor from bi inner join bo on bo.bostamp=bi.bostamp where bo.ndos =240 and bo.boano =2050 and bo.obrano = 2405086 and bi.ref ='324.692.00.01' and bi.lordem =2
20240731@214930.8735 6ootfvshdbakv1tfg840ut41qj Query : select top 1 isnull(design,'') valor from st (nolock) left join stobs (nolock) on st.ref = stobs.ref where st.ref = '324.692.00.01'
20240731@214930.8753 6ootfvshdbakv1tfg840ut41qj Query : select top 1 bistamp valor from bi inner join bo on bo.bostamp=bi.bostamp where bo.ndos =240 and bo.boano =2050 and bo.obrano = 2405086 and bi.ref ='324.692.00.01' and bi.lordem =2
20240731@214930.8769 6ootfvshdbakv1tfg840ut41qj Query : select top 1 isnull(design,'') valor from st (nolock) left join stobs (nolock) on st.ref = stobs.ref where st.ref = '324.692.00.01'
20240731@214930.8789 6ootfvshdbakv1tfg840ut41qj Query : select top 1 bistamp valor from bi inner join bo on bo.bostamp=bi.bostamp where bo.ndos =240 and bo.boano =2050 and bo.obrano = 2405086 and bi.ref ='324.692.00.01' and bi.lordem =2
20240731@214930.8807 6ootfvshdbakv1tfg840ut41qj Query : select top 1 isnull(design,'') valor from st (nolock) left join stobs (nolock) on st.ref = stobs.ref where st.ref = '324.692.00.01'
20240731@214930.8826 6ootfvshdbakv1tfg840ut41qj Query : select top 1 bistamp valor from bi inner join bo on bo.bostamp=bi.bostamp where bo.ndos =240 and bo.boano =2050 and bo.obrano = 2405086 and bi.ref ='324.692.00.01' and bi.lordem =2
20240731@214930.8852 6ootfvshdbakv1tfg840ut41qj Query : select top 1 isnull(design,'') valor from st (nolock) left join stobs (nolock) on st.ref = stobs.ref where st.ref = '324.692.00.01'
20240731@214930.8871 6ootfvshdbakv1tfg840ut41qj Query : select top 1 bistamp valor from bi inner join bo on bo.bostamp=bi.bostamp where bo.ndos =240 and bo.boano =2050 and bo.obrano = 2405086 and bi.ref ='324.692.00.01' and bi.lordem =2
20240731@214930.8887 6ootfvshdbakv1tfg840ut41qj Query : select top 1 isnull(design,'') valor from st (nolock) left join stobs (nolock) on st.ref = stobs.ref where st.ref = '324.692.00.01'
20240731@214930.8907 6ootfvshdbakv1tfg840ut41qj Query : select top 1 bistamp valor from bi inner join bo on bo.bostamp=bi.bostamp where bo.ndos =240 and bo.boano =2050 and bo.obrano = 2405086 and bi.ref ='324.692.00.01' and bi.lordem =2
20240731@214930.8923 6ootfvshdbakv1tfg840ut41qj Query : select top 1 isnull(design,'') valor from st (nolock) left join stobs (nolock) on st.ref = stobs.ref where st.ref = '324.692.00.01'
20240731@214930.8944 6ootfvshdbakv1tfg840ut41qj Query : select top 1 bistamp valor from bi inner join bo on bo.bostamp=bi.bostamp where bo.ndos =240 and bo.boano =2050 and bo.obrano = 2405086 and bi.ref ='324.692.00.01' and bi.lordem =2
20240731@214930.8961 6ootfvshdbakv1tfg840ut41qj Query : select top 1 isnull(design,'') valor from st (nolock) left join stobs (nolock) on st.ref = stobs.ref where st.ref = '324.692.00.01'
20240731@214930.8979 6ootfvshdbakv1tfg840ut41qj Query : select top 1 bistamp valor from bi inner join bo on bo.bostamp=bi.bostamp where bo.ndos =240 and bo.boano =2050 and bo.obrano = 2405086 and bi.ref ='324.692.00.01' and bi.lordem =2
20240731@214930.8997 6ootfvshdbakv1tfg840ut41qj Query : use flama_phc
20240731@214930.9000 6ootfvshdbakv1tfg840ut41qj Query : select top 1 convert(date,fdata) valor from ft where ndoc = 39 and anulado= 0 and fno>0 order by fdata desc
20240731@214930.9033 6ootfvshdbakv1tfg840ut41qj Query : use flama_phc
20240731@214930.9036 6ootfvshdbakv1tfg840ut41qj Query : select top 1 1 valor from td where td.ndoc = 39
20240731@214930.9071 6ootfvshdbakv1tfg840ut41qj Query : use flama_phc
20240731@214930.9074 6ootfvshdbakv1tfg840ut41qj Query : select lower(descricao) descricao ,case when valor='s' then 1 else 0 end valor from para1 where descricao in ('st_lote','st_usalogifunc', 'st_grelha')
20240731@214930.9107 6ootfvshdbakv1tfg840ut41qj Query : select top 1 manternumero ,assinadoc issigned ,tiposaft ,assinaimp ,nmdos ,td.assinadoc ,'cl' origin ,lancasl stocks ,case when cmsl<50 and td.lancasl=1 then 1 else 0 end entrada ,case when cmsl>50 and td.lancasl=1 then 1 else 0 end saida ,temserie assets ,~semgre usegridfields from td inner join td2 on td.tdstamp=td2.td2stamp where td.ndoc = 1
20240731@214930.9142 6ootfvshdbakv1tfg840ut41qj Query : use flama_phc
20240731@214930.9145 6ootfvshdbakv1tfg840ut41qj Query : select top 1 ~inactivo valor from cl where no = '100810' and estab = 0 order by inactivo desc
20240731@214930.9188 6ootfvshdbakv1tfg840ut41qj Query : use flama_phc
20240731@214930.9191 6ootfvshdbakv1tfg840ut41qj Query : select top 1 tipodoc,regrd from td where ndoc = 39
20240731@214930.9228 6ootfvshdbakv1tfg840ut41qj Query : use flama_phc
20240731@214930.9230 6ootfvshdbakv1tfg840ut41qj Query : select szadrsstamp valor from szadrs where szadrsdesc='espaÇotrans,lda'
20240731@214930.9273 6ootfvshdbakv1tfg840ut41qj Query : use flama_phc
20240731@214930.9276 6ootfvshdbakv1tfg840ut41qj Query : select szadrsstamp valor from szadrs where szadrsdesc='100810 - worten-equipamentos para o lar,sa.'
20240731@214930.9320 6ootfvshdbakv1tfg840ut41qj Query : use flama_phc
20240731@214930.9323 6ootfvshdbakv1tfg840ut41qj Query : select 1 valor from td where ndoc = 39
20240731@214930.9335 6ootfvshdbakv1tfg840ut41qj Query : select top 1 manternumero, tiposaft, nmdos,td.assinadoc from td where td.ndoc = 39
20240731@214930.9349 6ootfvshdbakv1tfg840ut41qj Query : select 1 valor from information_schema.tables where table_type='base table' and table_name='wstablefields'
20240731@214930.9367 6ootfvshdbakv1tfg840ut41qj Query : select fieldkey,fieldname,fieldtype,mandatory from wstablefields where tablename = 'ft' and documentnumber = 39
20240731@214930.9386 6ootfvshdbakv1tfg840ut41qj Query : select 1 valor from information_schema.tables where table_type='base table' and table_name='wstablefields'
20240731@214930.9402 6ootfvshdbakv1tfg840ut41qj Query : select fieldkey,fieldname,fieldtype,mandatory from wstablefields where tablename = 'ft2' and documentnumber = 39
20240731@214930.9434 6ootfvshdbakv1tfg840ut41qj Query : select 1 valor from information_schema.tables where table_type='base table' and table_name='wstablefields'
20240731@214930.9449 6ootfvshdbakv1tfg840ut41qj Query : select fieldkey,fieldname,fieldtype,mandatory from wstablefields where tablename = 'ft3' and documentnumber = 39
20240731@214930.9463 6ootfvshdbakv1tfg840ut41qj Query : select top 1 ft.fno valor from ft ft where ft.ndoc = 39 and ftano=2024 order by fno desc
20240731@214930.9535 6ootfvshdbakv1tfg840ut41qj Query : select top 1 ft.fno valor from wsftdata ft where ft.ndoc = 39 and ftano=2024 order by fno desc
20240731@214930.9549 6ootfvshdbakv1tfg840ut41qj Query : select 1 valor from information_schema.tables where table_type='base table' and table_name='wstablefields'
20240731@214930.9568 6ootfvshdbakv1tfg840ut41qj Query : select fieldkey,fieldname,fieldtype,calcformula from wstablefields where tablename = 'ft3' and documentnumber = 39
20240731@214930.9584 6ootfvshdbakv1tfg840ut41qj Query : insert into wsft3data (ft3stamp, ousrdata, ousrhora, usrdata,usrhora,ousrinis,usrinis,taxpointdt ) values ('aut66aaa0863766aaa35ae7' ,getdate(),convert(char(8),convert (time,getdate())),getdate(),convert(char(8),convert (time,getdate())),'wsv','wsv',?)
20240731@214930.9801 6ootfvshdbakv1tfg840ut41qj Query : select 1 valor from information_schema.tables where table_type='base table' and table_name='wstablefields'
20240731@214930.9823 6ootfvshdbakv1tfg840ut41qj Query : select fieldkey,fieldname,fieldtype,calcformula from wstablefields where tablename = 'ft2' and documentnumber = 39
20240731@214930.9861 6ootfvshdbakv1tfg840ut41qj Query : select top 1 bo.u_nomeenv valor from bo where bo.bostamp=''
20240731@214930.9886 6ootfvshdbakv1tfg840ut41qj Query : select top 1 bo.u_moradaen valor from bo where bo.bostamp=''
20240731@214930.9903 6ootfvshdbakv1tfg840ut41qj Query : select top 1 bo.u_codposen valor from bo where bo.bostamp=''
20240731@214930.9915 6ootfvshdbakv1tfg840ut41qj Query : select top 1 bo.u_localenv valor from bo where bo.bostamp=''
20240731@214930.9927 6ootfvshdbakv1tfg840ut41qj Query : select top 1 bo.trab5 valor from bo where bo.bostamp=''
20240731@214930.9938 6ootfvshdbakv1tfg840ut41qj Query : select top 1 bo.serie valor from bo where bo.bostamp=''
20240731@214930.9950 6ootfvshdbakv1tfg840ut41qj Query : insert into wsft2data (ft2stamp, ousrdata,ousrhora, usrdata,usrhora,ousrinis,usrinis,u_nomeenv ,u_moradaen ,u_codposen ,u_localenv ,u_coddest ,u_codby ) values ('aut66aaa0863766aaa35ae7',getdate(),convert(char(8),convert (time,getdate())),getdate(),convert(char(8),convert (time,getdate())),'wsv','wsv',?,?,?,?,?,?)
20240731@214931.2130 6ootfvshdbakv1tfg840ut41qj Query : select top 1 fno valor from wsftdata order by fno desc
20240731@214931.2300 6ootfvshdbakv1tfg840ut41qj Query : select 1 valor from information_schema.tables where table_type='base table' and table_name='wstablefields'
20240731@214931.2460 6ootfvshdbakv1tfg840ut41qj Query : select fieldkey,fieldname,fieldtype,calcformula from wstablefields where tablename = 'ft' and documentnumber = 39
20240731@214931.2710 6ootfvshdbakv1tfg840ut41qj Query : select 'normal' from dummy
20240731@214931.2860 6ootfvshdbakv1tfg840ut41qj Query : insert into wsftdata (ftstamp, ousrdata,ousrhora, usrdata,usrhora,ousrinis,usrinis,fno,no,estab,fdata,ndoc,moeda,cambio,cambiofixo,ftano,site ,classe ) values ('aut66aaa0863766aaa35ae7',getdate(),convert(char(8),convert (time,getdate())),getdate(),convert(char(8),convert (time,getdate())),'wsv','wsv',129,100810,0,'2024-07-31',39,'euro',0,0,2024 ,?,?)
20240731@214931.6090 6ootfvshdbakv1tfg840ut41qj Query : use flama_phc
20240731@214931.6130 6ootfvshdbakv1tfg840ut41qj Query : select st.usalote valor from st where st.ref = '324.4980.00.1'
20240731@214931.6360 6ootfvshdbakv1tfg840ut41qj Query : select top 1 st.tabiva ,st.ivaincl ,st.stns ,st.uni2 ,st.familia ,isnull(tx.taxa, 0) txiva ,unidade ,usalote ,epcpond ,noserie ,conversao ,st.texteis from st left join taxasiva tx on st.tabiva = tx.codigo where st.ref = '324.4980.00.1'
20240731@214931.7940 6ootfvshdbakv1tfg840ut41qj Query : select 1 valor from information_schema.tables where table_type='base table' and table_name='wstablefields'
20240731@214931.8110 6ootfvshdbakv1tfg840ut41qj Query : select fieldkey,fieldname,fieldtype,mandatory from wstablefields where tablename = 'fi' and documentnumber = 39
20240731@214931.8380 6ootfvshdbakv1tfg840ut41qj Query : select 1 valor from information_schema.tables where table_type='base table' and table_name='wstablefields'
20240731@214931.8530 6ootfvshdbakv1tfg840ut41qj Query : select fieldkey,fieldname,fieldtype,mandatory from wstablefields where tablename = 'fi2' and documentnumber = 39
20240731@214931.8610 6ootfvshdbakv1tfg840ut41qj Query : select top 1 convert(numeric(6,2),t.taxa) valor from taxasiva t where t.codigo='2'
20240731@214931.8740 6ootfvshdbakv1tfg840ut41qj Query : select sestamp valor from se where ref ='324.4980.00.1' and lote = 'r2301092100a'
20240731@214931.9010 6ootfvshdbakv1tfg840ut41qj Query : select 1 valor from information_schema.tables where table_type='base table' and table_name='wstablefields'
20240731@214931.9170 6ootfvshdbakv1tfg840ut41qj Query : select fieldkey,fieldname,fieldtype,calcformula from wstablefields where tablename = 'fi2' and documentnumber = 39
20240731@214931.9280 6ootfvshdbakv1tfg840ut41qj Query : insert into wsfi2data (fi2stamp,ftstamp ,ousrdata, ousrhora, usrdata,usrhora,ousrinis,usrinis) values ('aut66aaa5303166aaa35b16','aut66aaa0863766aaa35ae7' ,getdate(),convert(char(8),convert (time,getdate())),getdate(),convert(char(8),convert (time,getdate())),'wsv','wsv')
20240731@214931.9330 6ootfvshdbakv1tfg840ut41qj Query : select 1 valor from information_schema.tables where table_type='base table' and table_name='wstablefields'
20240731@214931.9470 6ootfvshdbakv1tfg840ut41qj Query : select fieldkey,fieldname,fieldtype,calcformula from wstablefields where tablename = 'fi' and documentnumber = 39
20240731@214931.9750 6ootfvshdbakv1tfg840ut41qj Query : insert into wsfidata (fistamp,ousrdata, ousrhora, usrdata,usrhora,ousrinis,usrinis ,qtt ,ftstamp ,epv,pvmoeda ,tabiva,iva,lordem ,ref, design ,lote,armazem,bistamp ) values ('aut66aaa5303166aaa35b16',getdate(),convert(char(8),convert (time,getdate())),getdate(),convert(char(8),convert (time,getdate())),'wsv','wsv',16.000 ,'aut66aaa0863766aaa35ae7' ,0,0 ,2,23.00,10000,?,?,?,?,?)
20240731@214931.1250 6ootfvshdbakv1tfg840ut41qj Query : use flama_phc
20240731@214931.1254 6ootfvshdbakv1tfg840ut41qj Query : select st.usalote valor from st where st.ref = '324.4980.00.1'
20240731@214931.1275 6ootfvshdbakv1tfg840ut41qj Query : select top 1 st.tabiva ,st.ivaincl ,st.stns ,st.uni2 ,st.familia ,isnull(tx.taxa, 0) txiva ,unidade ,usalote ,epcpond ,noserie ,conversao ,st.texteis from st left join taxasiva tx on st.tabiva = tx.codigo where st.ref = '324.4980.00.1'
20240731@214931.1291 6ootfvshdbakv1tfg840ut41qj Query : select 1 valor from information_schema.tables where table_type='base table' and table_name='wstablefields'
20240731@214931.1311 6ootfvshdbakv1tfg840ut41qj Query : select fieldkey,fieldname,fieldtype,mandatory from wstablefields where tablename = 'fi' and documentnumber = 39
20240731@214931.1339 6ootfvshdbakv1tfg840ut41qj Query : select 1 valor from information_schema.tables where table_type='base table' and table_name='wstablefields'
20240731@214931.1366 6ootfvshdbakv1tfg840ut41qj Query : select fieldkey,fieldname,fieldtype,mandatory from wstablefields where tablename = 'fi2' and documentnumber = 39
20240731@214931.1377 6ootfvshdbakv1tfg840ut41qj Query : select top 1 convert(numeric(6,2),t.taxa) valor from taxasiva t where t.codigo='2'
20240731@214931.1391 6ootfvshdbakv1tfg840ut41qj Query : select sestamp valor from se where ref ='324.4980.00.1' and lote = 'r2301092100a'
20240731@214931.1433 6ootfvshdbakv1tfg840ut41qj Query : select 1 valor from information_schema.tables where table_type='base table' and table_name='wstablefields'
20240731@214931.1457 6ootfvshdbakv1tfg840ut41qj Query : select fieldkey,fieldname,fieldtype,calcformula from wstablefields where tablename = 'fi2' and documentnumber = 39
20240731@214931.1472 6ootfvshdbakv1tfg840ut41qj Query : insert into wsfi2data (fi2stamp,ftstamp ,ousrdata, ousrhora, usrdata,usrhora,ousrinis,usrinis) values ('aut66aaa6598366aaa35b22','aut66aaa0863766aaa35ae7' ,getdate(),convert(char(8),convert (time,getdate())),getdate(),convert(char(8),convert (time,getdate())),'wsv','wsv')
20240731@214931.1478 6ootfvshdbakv1tfg840ut41qj Query : select 1 valor from information_schema.tables where table_type='base table' and table_name='wstablefields'
20240731@214931.1508 6ootfvshdbakv1tfg840ut41qj Query : select fieldkey,fieldname,fieldtype,calcformula from wstablefields where tablename = 'fi' and documentnumber = 39
20240731@214931.1542 6ootfvshdbakv1tfg840ut41qj Query : insert into wsfidata (fistamp,ousrdata, ousrhora, usrdata,usrhora,ousrinis,usrinis ,qtt ,ftstamp ,epv,pvmoeda ,tabiva,iva,lordem ,ref, design ,lote,armazem,bistamp ) values ('aut66aaa6598366aaa35b22',getdate(),convert(char(8),convert (time,getdate())),getdate(),convert(char(8),convert (time,getdate())),'wsv','wsv',80.000 ,'aut66aaa0863766aaa35ae7' ,0,0 ,2,23.00,20000,?,?,?,?,?)
20240731@214931.1883 6ootfvshdbakv1tfg840ut41qj Query : use flama_phc
20240731@214931.1886 6ootfvshdbakv1tfg840ut41qj Query : select st.usalote valor from st where st.ref = '324.4980.00.1'
20240731@214931.1909 6ootfvshdbakv1tfg840ut41qj Query : select top 1 st.tabiva ,st.ivaincl ,st.stns ,st.uni2 ,st.familia ,isnull(tx.taxa, 0) txiva ,unidade ,usalote ,epcpond ,noserie ,conversao ,st.texteis from st left join taxasiva tx on st.tabiva = tx.codigo where st.ref = '324.4980.00.1'
20240731@214931.1924 6ootfvshdbakv1tfg840ut41qj Query : select 1 valor from information_schema.tables where table_type='base table' and table_name='wstablefields'
20240731@214931.1941 6ootfvshdbakv1tfg840ut41qj Query : select fieldkey,fieldname,fieldtype,mandatory from wstablefields where tablename = 'fi' and documentnumber = 39
20240731@214931.1977 6ootfvshdbakv1tfg840ut41qj Query : select 1 valor from information_schema.tables where table_type='base table' and table_name='wstablefields'
20240731@214931.1994 6ootfvshdbakv1tfg840ut41qj Query : select fieldkey,fieldname,fieldtype,mandatory from wstablefields where tablename = 'fi2' and documentnumber = 39
20240731@214931.2002 6ootfvshdbakv1tfg840ut41qj Query : select top 1 convert(numeric(6,2),t.taxa) valor from taxasiva t where t.codigo='2'
20240731@214931.2016 6ootfvshdbakv1tfg840ut41qj Query : select sestamp valor from se where ref ='324.4980.00.1' and lote = 'r2301092100a'
20240731@214931.2029 6ootfvshdbakv1tfg840ut41qj Query : select 1 valor from information_schema.tables where table_type='base table' and table_name='wstablefields'
20240731@214931.2043 6ootfvshdbakv1tfg840ut41qj Query : select fieldkey,fieldname,fieldtype,calcformula from wstablefields where tablename = 'fi2' and documentnumber = 39
20240731@214931.2058 6ootfvshdbakv1tfg840ut41qj Query : insert into wsfi2data (fi2stamp,ftstamp ,ousrdata, ousrhora, usrdata,usrhora,ousrinis,usrinis) values ('aut66aaa2291566aaa35b31','aut66aaa0863766aaa35ae7' ,getdate(),convert(char(8),convert (time,getdate())),getdate(),convert(char(8),convert (time,getdate())),'wsv','wsv')
20240731@214931.2063 6ootfvshdbakv1tfg840ut41qj Query : select 1 valor from information_schema.tables where table_type='base table' and table_name='wstablefields'
20240731@214931.2078 6ootfvshdbakv1tfg840ut41qj Query : select fieldkey,fieldname,fieldtype,calcformula from wstablefields where tablename = 'fi' and documentnumber = 39
20240731@214931.2112 6ootfvshdbakv1tfg840ut41qj Query : insert into wsfidata (fistamp,ousrdata, ousrhora, usrdata,usrhora,ousrinis,usrinis ,qtt ,ftstamp ,epv,pvmoeda ,tabiva,iva,lordem ,ref, design ,lote,armazem,bistamp ) values ('aut66aaa2291566aaa35b31',getdate(),convert(char(8),convert (time,getdate())),getdate(),convert(char(8),convert (time,getdate())),'wsv','wsv',80.000 ,'aut66aaa0863766aaa35ae7' ,0,0 ,2,23.00,30000,?,?,?,?,?)
20240731@214931.2480 6ootfvshdbakv1tfg840ut41qj Query : use flama_phc
20240731@214931.2484 6ootfvshdbakv1tfg840ut41qj Query : select st.usalote valor from st where st.ref = '324.692.00.01'
20240731@214931.2506 6ootfvshdbakv1tfg840ut41qj Query : select top 1 st.tabiva ,st.ivaincl ,st.stns ,st.uni2 ,st.familia ,isnull(tx.taxa, 0) txiva ,unidade ,usalote ,epcpond ,noserie ,conversao ,st.texteis from st left join taxasiva tx on st.tabiva = tx.codigo where st.ref = '324.692.00.01'
20240731@214931.2720 6ootfvshdbakv1tfg840ut41qj Query : select 1 valor from information_schema.tables where table_type='base table' and table_name='wstablefields'
20240731@214931.2738 6ootfvshdbakv1tfg840ut41qj Query : select fieldkey,fieldname,fieldtype,mandatory from wstablefields where tablename = 'fi' and documentnumber = 39
20240731@214931.2765 6ootfvshdbakv1tfg840ut41qj Query : select 1 valor from information_schema.tables where table_type='base table' and table_name='wstablefields'
20240731@214931.2782 6ootfvshdbakv1tfg840ut41qj Query : select fieldkey,fieldname,fieldtype,mandatory from wstablefields where tablename = 'fi2' and documentnumber = 39
20240731@214931.2791 6ootfvshdbakv1tfg840ut41qj Query : select top 1 convert(numeric(6,2),t.taxa) valor from taxasiva t where t.codigo='2'
20240731@214931.2804 6ootfvshdbakv1tfg840ut41qj Query : select sestamp valor from se where ref ='324.692.00.01' and lote = 'r2400062200a'
20240731@214931.2815 6ootfvshdbakv1tfg840ut41qj Query : select 1 valor from information_schema.tables where table_type='base table' and table_name='wstablefields'
20240731@214931.2829 6ootfvshdbakv1tfg840ut41qj Query : select fieldkey,fieldname,fieldtype,calcformula from wstablefields where tablename = 'fi2' and documentnumber = 39
20240731@214931.2845 6ootfvshdbakv1tfg840ut41qj Query : insert into wsfi2data (fi2stamp,ftstamp ,ousrdata, ousrhora, usrdata,usrhora,ousrinis,usrinis) values ('aut66aaa8975666aaa35b44','aut66aaa0863766aaa35ae7' ,getdate(),convert(char(8),convert (time,getdate())),getdate(),convert(char(8),convert (time,getdate())),'wsv','wsv')
20240731@214931.2866 6ootfvshdbakv1tfg840ut41qj Query : use flama_phc
20240731@214931.2870 6ootfvshdbakv1tfg840ut41qj Query : select top 1 errorresult result ,errornumber errornumber ,descriptionpt description ,isnull(descriptionen,'') descriptionen ,isnull(descriptionfr,'') descriptionfr from wserrorcodes where errornumber = -116
20240731@214931.2945 6ootfvshdbakv1tfg840ut41qj Query : select concat(rtrim(relative_path),ltrim(name_new)) as valor from uploadfiles where uploadfile_id='1294';
20240731@214931.2972 6ootfvshdbakv1tfg840ut41qj Query : update uploadfiles set whenupdated=current_timestamp where uploadfile_id='1294';
20240731@214931.3506 0teo5i4ad8vhmfidmkpaq15u5j Query : insert into uploadfiles ( name_original, name_new, option_type, relative_path, whencreated ) values ( ?, ?, ?, ?, getdate() )
20240731@214931.3517 0teo5i4ad8vhmfidmkpaq15u5j Query : select uploadfile_id valor from uploadfiles where name_new = ? and option_type = ? 
20240731@214931.3574 0teo5i4ad8vhmfidmkpaq15u5j Query : select concat(rtrim(relative_path),ltrim(name_new)) as valor from uploadfiles where uploadfile_id='1295';
20240731@214931.3628 0teo5i4ad8vhmfidmkpaq15u5j Query : update uploadfiles set whenupdated=current_timestamp where uploadfile_id='1295';
20240731@214931.3679 0teo5i4ad8vhmfidmkpaq15u5j Query : select concat(rtrim(relative_path),ltrim(name_new)) as valor from uploadfiles where uploadfile_id='1295';
20240731@214931.3701 0teo5i4ad8vhmfidmkpaq15u5j Query : update uploadfiles set whenupdated=current_timestamp where uploadfile_id='1295';
20240731@214931.3765 0teo5i4ad8vhmfidmkpaq15u5j Query : use flama_phc
20240731@214931.3768 0teo5i4ad8vhmfidmkpaq15u5j Query : select top 1 secretkey valor from u_wsusers u where u.userid = ? and u.inactivo=0
20240731@214931.3841 0teo5i4ad8vhmfidmkpaq15u5j Query : use flama_phc
20240731@214931.3844 0teo5i4ad8vhmfidmkpaq15u5j Query : select no, estab,szadrsdesc from szadrs where u_coddest=4790
20240731@214931.3886 0teo5i4ad8vhmfidmkpaq15u5j Query : select top 1 isnull(design,'') valor from st (nolock) left join stobs (nolock) on st.ref = stobs.ref where st.ref = '324.2907.00.1'
20240731@214931.3907 0teo5i4ad8vhmfidmkpaq15u5j Query : select top 1 bistamp valor from bi inner join bo on bo.bostamp=bi.bostamp where bo.ndos =240 and bo.boano =2050 and bo.obrano = 2405087 and bi.ref ='324.2907.00.1' and bi.lordem =1
20240731@214931.4254 0teo5i4ad8vhmfidmkpaq15u5j Query : select top 1 isnull(design,'') valor from st (nolock) left join stobs (nolock) on st.ref = stobs.ref where st.ref = '324.2907.00.1'
20240731@214931.4277 0teo5i4ad8vhmfidmkpaq15u5j Query : select top 1 bistamp valor from bi inner join bo on bo.bostamp=bi.bostamp where bo.ndos =240 and bo.boano =2050 and bo.obrano = 2405087 and bi.ref ='324.2907.00.1' and bi.lordem =1
20240731@214931.4295 0teo5i4ad8vhmfidmkpaq15u5j Query : use flama_phc
20240731@214931.4298 0teo5i4ad8vhmfidmkpaq15u5j Query : select top 1 convert(date,fdata) valor from ft where ndoc = 39 and anulado= 0 and fno>0 order by fdata desc
20240731@214931.5466 0teo5i4ad8vhmfidmkpaq15u5j Query : use flama_phc
20240731@214931.5469 0teo5i4ad8vhmfidmkpaq15u5j Query : select top 1 1 valor from td where td.ndoc = 39
20240731@214931.5499 0teo5i4ad8vhmfidmkpaq15u5j Query : use flama_phc
20240731@214931.5502 0teo5i4ad8vhmfidmkpaq15u5j Query : select lower(descricao) descricao ,case when valor='s' then 1 else 0 end valor from para1 where descricao in ('st_lote','st_usalogifunc', 'st_grelha')
20240731@214931.5533 0teo5i4ad8vhmfidmkpaq15u5j Query : select top 1 manternumero ,assinadoc issigned ,tiposaft ,assinaimp ,nmdos ,td.assinadoc ,'cl' origin ,lancasl stocks ,case when cmsl<50 and td.lancasl=1 then 1 else 0 end entrada ,case when cmsl>50 and td.lancasl=1 then 1 else 0 end saida ,temserie assets ,~semgre usegridfields from td inner join td2 on td.tdstamp=td2.td2stamp where td.ndoc = 1
20240731@214931.5568 0teo5i4ad8vhmfidmkpaq15u5j Query : use flama_phc
20240731@214931.5571 0teo5i4ad8vhmfidmkpaq15u5j Query : select top 1 ~inactivo valor from cl where no = '199510' and estab = 0 order by inactivo desc
20240731@214931.5602 0teo5i4ad8vhmfidmkpaq15u5j Query : use flama_phc
20240731@214931.5605 0teo5i4ad8vhmfidmkpaq15u5j Query : select top 1 tipodoc,regrd from td where ndoc = 39
20240731@214931.5637 0teo5i4ad8vhmfidmkpaq15u5j Query : use flama_phc
20240731@214931.5639 0teo5i4ad8vhmfidmkpaq15u5j Query : select szadrsstamp valor from szadrs where szadrsdesc='espaÇotrans,lda'
20240731@214931.5689 0teo5i4ad8vhmfidmkpaq15u5j Query : use flama_phc
20240731@214931.5692 0teo5i4ad8vhmfidmkpaq15u5j Query : select szadrsstamp valor from szadrs where szadrsdesc='199510 - cdnogueira regedoura'
20240731@214931.5739 0teo5i4ad8vhmfidmkpaq15u5j Query : use flama_phc
20240731@214931.5742 0teo5i4ad8vhmfidmkpaq15u5j Query : select 1 valor from td where ndoc = 39
20240731@214931.5755 0teo5i4ad8vhmfidmkpaq15u5j Query : select top 1 manternumero, tiposaft, nmdos,td.assinadoc from td where td.ndoc = 39
20240731@214931.5770 0teo5i4ad8vhmfidmkpaq15u5j Query : select 1 valor from information_schema.tables where table_type='base table' and table_name='wstablefields'
20240731@214931.5786 0teo5i4ad8vhmfidmkpaq15u5j Query : select fieldkey,fieldname,fieldtype,mandatory from wstablefields where tablename = 'ft' and documentnumber = 39
20240731@214931.5806 0teo5i4ad8vhmfidmkpaq15u5j Query : select 1 valor from information_schema.tables where table_type='base table' and table_name='wstablefields'
20240731@214931.5821 0teo5i4ad8vhmfidmkpaq15u5j Query : select fieldkey,fieldname,fieldtype,mandatory from wstablefields where tablename = 'ft2' and documentnumber = 39
20240731@214931.5856 0teo5i4ad8vhmfidmkpaq15u5j Query : select 1 valor from information_schema.tables where table_type='base table' and table_name='wstablefields'
20240731@214931.5877 0teo5i4ad8vhmfidmkpaq15u5j Query : select fieldkey,fieldname,fieldtype,mandatory from wstablefields where tablename = 'ft3' and documentnumber = 39
20240731@214931.5890 0teo5i4ad8vhmfidmkpaq15u5j Query : select top 1 ft.fno valor from ft ft where ft.ndoc = 39 and ftano=2024 order by fno desc
20240731@214931.5962 0teo5i4ad8vhmfidmkpaq15u5j Query : select top 1 ft.fno valor from wsftdata ft where ft.ndoc = 39 and ftano=2024 order by fno desc
20240731@214931.5976 0teo5i4ad8vhmfidmkpaq15u5j Query : select 1 valor from information_schema.tables where table_type='base table' and table_name='wstablefields'
20240731@214931.5991 0teo5i4ad8vhmfidmkpaq15u5j Query : select fieldkey,fieldname,fieldtype,calcformula from wstablefields where tablename = 'ft3' and documentnumber = 39
20240731@214931.6007 0teo5i4ad8vhmfidmkpaq15u5j Query : insert into wsft3data (ft3stamp, ousrdata, ousrhora, usrdata,usrhora,ousrinis,usrinis,taxpointdt ) values ('aut66aaa8683666aaa35b8f' ,getdate(),convert(char(8),convert (time,getdate())),getdate(),convert(char(8),convert (time,getdate())),'wsv','wsv',?)
20240731@214931.6187 0teo5i4ad8vhmfidmkpaq15u5j Query : select 1 valor from information_schema.tables where table_type='base table' and table_name='wstablefields'
20240731@214931.6204 0teo5i4ad8vhmfidmkpaq15u5j Query : select fieldkey,fieldname,fieldtype,calcformula from wstablefields where tablename = 'ft2' and documentnumber = 39
20240731@214931.6237 0teo5i4ad8vhmfidmkpaq15u5j Query : select top 1 bo.u_nomeenv valor from bo where bo.bostamp=''
20240731@214931.6249 0teo5i4ad8vhmfidmkpaq15u5j Query : select top 1 bo.u_moradaen valor from bo where bo.bostamp=''
20240731@214931.6261 0teo5i4ad8vhmfidmkpaq15u5j Query : select top 1 bo.u_codposen valor from bo where bo.bostamp=''
20240731@214931.6275 0teo5i4ad8vhmfidmkpaq15u5j Query : select top 1 bo.u_localenv valor from bo where bo.bostamp=''
20240731@214931.6287 0teo5i4ad8vhmfidmkpaq15u5j Query : select top 1 bo.trab5 valor from bo where bo.bostamp=''
20240731@214931.6299 0teo5i4ad8vhmfidmkpaq15u5j Query : select top 1 bo.serie valor from bo where bo.bostamp=''
20240731@214931.6311 0teo5i4ad8vhmfidmkpaq15u5j Query : insert into wsft2data (ft2stamp, ousrdata,ousrhora, usrdata,usrhora,ousrinis,usrinis,u_nomeenv ,u_moradaen ,u_codposen ,u_localenv ,u_coddest ,u_codby ) values ('aut66aaa8683666aaa35b8f',getdate(),convert(char(8),convert (time,getdate())),getdate(),convert(char(8),convert (time,getdate())),'wsv','wsv',?,?,?,?,?,?)
20240731@214931.6565 0teo5i4ad8vhmfidmkpaq15u5j Query : select top 1 fno valor from wsftdata order by fno desc
20240731@214931.6583 0teo5i4ad8vhmfidmkpaq15u5j Query : select 1 valor from information_schema.tables where table_type='base table' and table_name='wstablefields'
20240731@214931.6599 0teo5i4ad8vhmfidmkpaq15u5j Query : select fieldkey,fieldname,fieldtype,calcformula from wstablefields where tablename = 'ft' and documentnumber = 39
20240731@214931.6623 0teo5i4ad8vhmfidmkpaq15u5j Query : select 'normal' from dummy
20240731@214931.6638 0teo5i4ad8vhmfidmkpaq15u5j Query : insert into wsftdata (ftstamp, ousrdata,ousrhora, usrdata,usrhora,ousrinis,usrinis,fno,no,estab,fdata,ndoc,moeda,cambio,cambiofixo,ftano,site ,classe ) values ('aut66aaa8683666aaa35b8f',getdate(),convert(char(8),convert (time,getdate())),getdate(),convert(char(8),convert (time,getdate())),'wsv','wsv',129,199510,0,'2024-07-31',39,'euro',0,0,2024 ,?,?)
20240731@214931.6925 0teo5i4ad8vhmfidmkpaq15u5j Query : use flama_phc
20240731@214931.6928 0teo5i4ad8vhmfidmkpaq15u5j Query : select st.usalote valor from st where st.ref = '324.2907.00.1'
20240731@214931.6949 0teo5i4ad8vhmfidmkpaq15u5j Query : select top 1 st.tabiva ,st.ivaincl ,st.stns ,st.uni2 ,st.familia ,isnull(tx.taxa, 0) txiva ,unidade ,usalote ,epcpond ,noserie ,conversao ,st.texteis from st left join taxasiva tx on st.tabiva = tx.codigo where st.ref = '324.2907.00.1'
20240731@214931.6963 0teo5i4ad8vhmfidmkpaq15u5j Query : select 1 valor from information_schema.tables where table_type='base table' and table_name='wstablefields'
20240731@214931.6979 0teo5i4ad8vhmfidmkpaq15u5j Query : select fieldkey,fieldname,fieldtype,mandatory from wstablefields where tablename = 'fi' and documentnumber = 39
20240731@214931.7005 0teo5i4ad8vhmfidmkpaq15u5j Query : select 1 valor from information_schema.tables where table_type='base table' and table_name='wstablefields'
20240731@214931.7020 0teo5i4ad8vhmfidmkpaq15u5j Query : select fieldkey,fieldname,fieldtype,mandatory from wstablefields where tablename = 'fi2' and documentnumber = 39
20240731@214931.7029 0teo5i4ad8vhmfidmkpaq15u5j Query : select top 1 convert(numeric(6,2),t.taxa) valor from taxasiva t where t.codigo='2'
20240731@214931.7042 0teo5i4ad8vhmfidmkpaq15u5j Query : select sestamp valor from se where ref ='324.2907.00.1' and lote = 'r2400091200a'
20240731@214931.7057 0teo5i4ad8vhmfidmkpaq15u5j Query : select 1 valor from information_schema.tables where table_type='base table' and table_name='wstablefields'
20240731@214931.7073 0teo5i4ad8vhmfidmkpaq15u5j Query : select fieldkey,fieldname,fieldtype,calcformula from wstablefields where tablename = 'fi2' and documentnumber = 39
20240731@214931.7086 0teo5i4ad8vhmfidmkpaq15u5j Query : insert into wsfi2data (fi2stamp,ftstamp ,ousrdata, ousrhora, usrdata,usrhora,ousrinis,usrinis) values ('aut66aaa5343366aaa35bac','aut66aaa8683666aaa35b8f' ,getdate(),convert(char(8),convert (time,getdate())),getdate(),convert(char(8),convert (time,getdate())),'wsv','wsv')
20240731@214931.7091 0teo5i4ad8vhmfidmkpaq15u5j Query : select 1 valor from information_schema.tables where table_type='base table' and table_name='wstablefields'
20240731@214931.7108 0teo5i4ad8vhmfidmkpaq15u5j Query : select fieldkey,fieldname,fieldtype,calcformula from wstablefields where tablename = 'fi' and documentnumber = 39
20240731@214931.7141 0teo5i4ad8vhmfidmkpaq15u5j Query : insert into wsfidata (fistamp,ousrdata, ousrhora, usrdata,usrhora,ousrinis,usrinis ,qtt ,ftstamp ,epv,pvmoeda ,tabiva,iva,lordem ,ref, design ,lote,armazem,bistamp ) values ('aut66aaa5343366aaa35bac',getdate(),convert(char(8),convert (time,getdate())),getdate(),convert(char(8),convert (time,getdate())),'wsv','wsv',88.000 ,'aut66aaa8683666aaa35b8f' ,0,0 ,2,23.00,10000,?,?,?,?,?)
20240731@214931.7428 0teo5i4ad8vhmfidmkpaq15u5j Query : use flama_phc
20240731@214931.7431 0teo5i4ad8vhmfidmkpaq15u5j Query : select st.usalote valor from st where st.ref = '324.2907.00.1'
20240731@214931.7453 0teo5i4ad8vhmfidmkpaq15u5j Query : select top 1 st.tabiva ,st.ivaincl ,st.stns ,st.uni2 ,st.familia ,isnull(tx.taxa, 0) txiva ,unidade ,usalote ,epcpond ,noserie ,conversao ,st.texteis from st left join taxasiva tx on st.tabiva = tx.codigo where st.ref = '324.2907.00.1'
20240731@214931.7468 0teo5i4ad8vhmfidmkpaq15u5j Query : select 1 valor from information_schema.tables where table_type='base table' and table_name='wstablefields'
20240731@214931.7484 0teo5i4ad8vhmfidmkpaq15u5j Query : select fieldkey,fieldname,fieldtype,mandatory from wstablefields where tablename = 'fi' and documentnumber = 39
20240731@214931.7512 0teo5i4ad8vhmfidmkpaq15u5j Query : select 1 valor from information_schema.tables where table_type='base table' and table_name='wstablefields'
20240731@214931.7528 0teo5i4ad8vhmfidmkpaq15u5j Query : select fieldkey,fieldname,fieldtype,mandatory from wstablefields where tablename = 'fi2' and documentnumber = 39
20240731@214931.7537 0teo5i4ad8vhmfidmkpaq15u5j Query : select top 1 convert(numeric(6,2),t.taxa) valor from taxasiva t where t.codigo='2'
20240731@214931.7549 0teo5i4ad8vhmfidmkpaq15u5j Query : select sestamp valor from se where ref ='324.2907.00.1' and lote = 'r2400091200a'
20240731@214931.7562 0teo5i4ad8vhmfidmkpaq15u5j Query : select 1 valor from information_schema.tables where table_type='base table' and table_name='wstablefields'
20240731@214931.7581 0teo5i4ad8vhmfidmkpaq15u5j Query : select fieldkey,fieldname,fieldtype,calcformula from wstablefields where tablename = 'fi2' and documentnumber = 39
20240731@214931.7593 0teo5i4ad8vhmfidmkpaq15u5j Query : insert into wsfi2data (fi2stamp,ftstamp ,ousrdata, ousrhora, usrdata,usrhora,ousrinis,usrinis) values ('aut66aaa5035366aaa35bb8','aut66aaa8683666aaa35b8f' ,getdate(),convert(char(8),convert (time,getdate())),getdate(),convert(char(8),convert (time,getdate())),'wsv','wsv')
20240731@214931.7597 0teo5i4ad8vhmfidmkpaq15u5j Query : select 1 valor from information_schema.tables where table_type='base table' and table_name='wstablefields'
20240731@214931.7612 0teo5i4ad8vhmfidmkpaq15u5j Query : select fieldkey,fieldname,fieldtype,calcformula from wstablefields where tablename = 'fi' and documentnumber = 39
20240731@214931.7644 0teo5i4ad8vhmfidmkpaq15u5j Query : insert into wsfidata (fistamp,ousrdata, ousrhora, usrdata,usrhora,ousrinis,usrinis ,qtt ,ftstamp ,epv,pvmoeda ,tabiva,iva,lordem ,ref, design ,lote,armazem,bistamp ) values ('aut66aaa5035366aaa35bb8',getdate(),convert(char(8),convert (time,getdate())),getdate(),convert(char(8),convert (time,getdate())),'wsv','wsv',24.000 ,'aut66aaa8683666aaa35b8f' ,0,0 ,2,23.00,20000,?,?,?,?,?)
20240731@214931.7919 0teo5i4ad8vhmfidmkpaq15u5j Query : insert into wsftcreationlog (initialftstamp,externalid,creationstatus,documenttypeid,idustamp) values ('aut66aaa8683666aaa35b8f','2405087','wait',39,'adm09112754980.682000002')
20240731@214931.8017 0teo5i4ad8vhmfidmkpaq15u5j Query : use flama_phc
20240731@214931.8021 0teo5i4ad8vhmfidmkpaq15u5j Query : update u_wsusers set rqsttoken =? where userid ='userls001'
20240731@214931.8051 0teo5i4ad8vhmfidmkpaq15u5j Query : select concat(rtrim(relative_path),ltrim(name_new)) as valor from uploadfiles where uploadfile_id='1295';
20240731@214931.8076 0teo5i4ad8vhmfidmkpaq15u5j Query : update uploadfiles set whenupdated=current_timestamp where uploadfile_id='1295';
20240731@214931.8119 0teo5i4ad8vhmfidmkpaq15u5j Query : select concat(rtrim(relative_path),ltrim(name_new)) as valor from uploadfiles where uploadfile_id='1295';
20240731@214931.8151 0teo5i4ad8vhmfidmkpaq15u5j Query : update uploadfiles set whenupdated=current_timestamp where uploadfile_id='1295';
20240731@214931.8734 tkgbuafbol9ujdhoj3es9v9h59 Query : insert into uploadfiles ( name_original, name_new, option_type, relative_path, whencreated ) values ( ?, ?, ?, ?, getdate() )
20240731@214931.8749 tkgbuafbol9ujdhoj3es9v9h59 Query : select uploadfile_id valor from uploadfiles where name_new = ? and option_type = ? 
20240731@214931.8801 tkgbuafbol9ujdhoj3es9v9h59 Query : select concat(rtrim(relative_path),ltrim(name_new)) as valor from uploadfiles where uploadfile_id='1296';
20240731@214931.8860 tkgbuafbol9ujdhoj3es9v9h59 Query : update uploadfiles set whenupdated=current_timestamp where uploadfile_id='1296';
20240731@214931.8914 tkgbuafbol9ujdhoj3es9v9h59 Query : select concat(rtrim(relative_path),ltrim(name_new)) as valor from uploadfiles where uploadfile_id='1296';
20240731@214931.8937 tkgbuafbol9ujdhoj3es9v9h59 Query : update uploadfiles set whenupdated=current_timestamp where uploadfile_id='1296';
20240731@214931.8983 tkgbuafbol9ujdhoj3es9v9h59 Query : use flama_phc
20240731@214931.8987 tkgbuafbol9ujdhoj3es9v9h59 Query : select top 1 secretkey valor from u_wsusers u where u.userid = ? and u.inactivo=0
20240731@214931.9057 tkgbuafbol9ujdhoj3es9v9h59 Query : use flama_phc
20240731@214931.9060 tkgbuafbol9ujdhoj3es9v9h59 Query : select no, estab,szadrsdesc from szadrs where u_coddest=4740
20240731@214931.9110 tkgbuafbol9ujdhoj3es9v9h59 Query : select top 1 isnull(design,'') valor from st (nolock) left join stobs (nolock) on st.ref = stobs.ref where st.ref = '324.4966.00.1'
20240731@214931.9360 tkgbuafbol9ujdhoj3es9v9h59 Query : select top 1 bistamp valor from bi inner join bo on bo.bostamp=bi.bostamp where bo.ndos =240 and bo.boano =2050 and bo.obrano = 2405088 and bi.ref ='324.4966.00.1' and bi.lordem =1
20240731@214932.7570 tkgbuafbol9ujdhoj3es9v9h59 Query : use flama_phc
20240731@214932.7610 tkgbuafbol9ujdhoj3es9v9h59 Query : select top 1 convert(date,fdata) valor from ft where ndoc = 39 and anulado= 0 and fno>0 order by fdata desc
20240731@214932.7970 tkgbuafbol9ujdhoj3es9v9h59 Query : use flama_phc
20240731@214932.8000 tkgbuafbol9ujdhoj3es9v9h59 Query : select top 1 1 valor from td where td.ndoc = 39
20240731@214932.8310 tkgbuafbol9ujdhoj3es9v9h59 Query : use flama_phc
20240731@214932.8340 tkgbuafbol9ujdhoj3es9v9h59 Query : select lower(descricao) descricao ,case when valor='s' then 1 else 0 end valor from para1 where descricao in ('st_lote','st_usalogifunc', 'st_grelha')
20240731@214932.8630 tkgbuafbol9ujdhoj3es9v9h59 Query : select top 1 manternumero ,assinadoc issigned ,tiposaft ,assinaimp ,nmdos ,td.assinadoc ,'cl' origin ,lancasl stocks ,case when cmsl<50 and td.lancasl=1 then 1 else 0 end entrada ,case when cmsl>50 and td.lancasl=1 then 1 else 0 end saida ,temserie assets ,~semgre usegridfields from td inner join td2 on td.tdstamp=td2.td2stamp where td.ndoc = 1
20240731@214932.8970 tkgbuafbol9ujdhoj3es9v9h59 Query : use flama_phc
20240731@214932.9000 tkgbuafbol9ujdhoj3es9v9h59 Query : select top 1 ~inactivo valor from cl where no = '100810' and estab = 0 order by inactivo desc
20240731@214932.9300 tkgbuafbol9ujdhoj3es9v9h59 Query : use flama_phc
20240731@214932.9330 tkgbuafbol9ujdhoj3es9v9h59 Query : select top 1 tipodoc,regrd from td where ndoc = 39
20240731@214932.9640 tkgbuafbol9ujdhoj3es9v9h59 Query : use flama_phc
20240731@214932.9670 tkgbuafbol9ujdhoj3es9v9h59 Query : select szadrsstamp valor from szadrs where szadrsdesc='espaÇotrans,lda'
20240731@214932.1012 tkgbuafbol9ujdhoj3es9v9h59 Query : use flama_phc
20240731@214932.1015 tkgbuafbol9ujdhoj3es9v9h59 Query : select szadrsstamp valor from szadrs where szadrsdesc='100810 - worten-equipamentos para o lar,sa.'
20240731@214932.1060 tkgbuafbol9ujdhoj3es9v9h59 Query : use flama_phc
20240731@214932.1063 tkgbuafbol9ujdhoj3es9v9h59 Query : select 1 valor from td where ndoc = 39
20240731@214932.1076 tkgbuafbol9ujdhoj3es9v9h59 Query : select top 1 manternumero, tiposaft, nmdos,td.assinadoc from td where td.ndoc = 39
20240731@214932.1090 tkgbuafbol9ujdhoj3es9v9h59 Query : select 1 valor from information_schema.tables where table_type='base table' and table_name='wstablefields'
20240731@214932.1107 tkgbuafbol9ujdhoj3es9v9h59 Query : select fieldkey,fieldname,fieldtype,mandatory from wstablefields where tablename = 'ft' and documentnumber = 39
20240731@214932.1126 tkgbuafbol9ujdhoj3es9v9h59 Query : select 1 valor from information_schema.tables where table_type='base table' and table_name='wstablefields'
20240731@214932.1143 tkgbuafbol9ujdhoj3es9v9h59 Query : select fieldkey,fieldname,fieldtype,mandatory from wstablefields where tablename = 'ft2' and documentnumber = 39
20240731@214932.1177 tkgbuafbol9ujdhoj3es9v9h59 Query : select 1 valor from information_schema.tables where table_type='base table' and table_name='wstablefields'
20240731@214932.1192 tkgbuafbol9ujdhoj3es9v9h59 Query : select fieldkey,fieldname,fieldtype,mandatory from wstablefields where tablename = 'ft3' and documentnumber = 39
20240731@214932.1216 tkgbuafbol9ujdhoj3es9v9h59 Query : select top 1 ft.fno valor from ft ft where ft.ndoc = 39 and ftano=2024 order by fno desc
20240731@214932.1287 tkgbuafbol9ujdhoj3es9v9h59 Query : select top 1 ft.fno valor from wsftdata ft where ft.ndoc = 39 and ftano=2024 order by fno desc
20240731@214932.1302 tkgbuafbol9ujdhoj3es9v9h59 Query : select 1 valor from information_schema.tables where table_type='base table' and table_name='wstablefields'
20240731@214932.1318 tkgbuafbol9ujdhoj3es9v9h59 Query : select fieldkey,fieldname,fieldtype,calcformula from wstablefields where tablename = 'ft3' and documentnumber = 39
20240731@214932.1335 tkgbuafbol9ujdhoj3es9v9h59 Query : insert into wsft3data (ft3stamp, ousrdata, ousrhora, usrdata,usrhora,ousrinis,usrinis,taxpointdt ) values ('aut66aaa1735466aaa35c1d' ,getdate(),convert(char(8),convert (time,getdate())),getdate(),convert(char(8),convert (time,getdate())),'wsv','wsv',?)
20240731@214932.1524 tkgbuafbol9ujdhoj3es9v9h59 Query : select 1 valor from information_schema.tables where table_type='base table' and table_name='wstablefields'
20240731@214932.1545 tkgbuafbol9ujdhoj3es9v9h59 Query : select fieldkey,fieldname,fieldtype,calcformula from wstablefields where tablename = 'ft2' and documentnumber = 39
20240731@214932.1595 tkgbuafbol9ujdhoj3es9v9h59 Query : select top 1 bo.u_nomeenv valor from bo where bo.bostamp=''
20240731@214932.1608 tkgbuafbol9ujdhoj3es9v9h59 Query : select top 1 bo.u_moradaen valor from bo where bo.bostamp=''
20240731@214932.1622 tkgbuafbol9ujdhoj3es9v9h59 Query : select top 1 bo.u_codposen valor from bo where bo.bostamp=''
20240731@214932.1645 tkgbuafbol9ujdhoj3es9v9h59 Query : select top 1 bo.u_localenv valor from bo where bo.bostamp=''
20240731@214932.1658 tkgbuafbol9ujdhoj3es9v9h59 Query : select top 1 bo.trab5 valor from bo where bo.bostamp=''
20240731@214932.1670 tkgbuafbol9ujdhoj3es9v9h59 Query : select top 1 bo.serie valor from bo where bo.bostamp=''
20240731@214932.1683 tkgbuafbol9ujdhoj3es9v9h59 Query : insert into wsft2data (ft2stamp, ousrdata,ousrhora, usrdata,usrhora,ousrinis,usrinis,u_nomeenv ,u_moradaen ,u_codposen ,u_localenv ,u_coddest ,u_codby ) values ('aut66aaa1735466aaa35c1d',getdate(),convert(char(8),convert (time,getdate())),getdate(),convert(char(8),convert (time,getdate())),'wsv','wsv',?,?,?,?,?,?)
20240731@214932.1948 tkgbuafbol9ujdhoj3es9v9h59 Query : select top 1 fno valor from wsftdata order by fno desc
20240731@214932.1969 tkgbuafbol9ujdhoj3es9v9h59 Query : select 1 valor from information_schema.tables where table_type='base table' and table_name='wstablefields'
20240731@214932.1986 tkgbuafbol9ujdhoj3es9v9h59 Query : select fieldkey,fieldname,fieldtype,calcformula from wstablefields where tablename = 'ft' and documentnumber = 39
20240731@214932.2011 tkgbuafbol9ujdhoj3es9v9h59 Query : select 'normal' from dummy
20240731@214932.2027 tkgbuafbol9ujdhoj3es9v9h59 Query : insert into wsftdata (ftstamp, ousrdata,ousrhora, usrdata,usrhora,ousrinis,usrinis,fno,no,estab,fdata,ndoc,moeda,cambio,cambiofixo,ftano,site ,classe ) values ('aut66aaa1735466aaa35c1d',getdate(),convert(char(8),convert (time,getdate())),getdate(),convert(char(8),convert (time,getdate())),'wsv','wsv',130,100810,0,'2024-07-31',39,'euro',0,0,2024 ,?,?)
20240731@214932.2355 tkgbuafbol9ujdhoj3es9v9h59 Query : use flama_phc
20240731@214932.2358 tkgbuafbol9ujdhoj3es9v9h59 Query : select st.usalote valor from st where st.ref = '324.4966.00.1'
20240731@214932.2382 tkgbuafbol9ujdhoj3es9v9h59 Query : select top 1 st.tabiva ,st.ivaincl ,st.stns ,st.uni2 ,st.familia ,isnull(tx.taxa, 0) txiva ,unidade ,usalote ,epcpond ,noserie ,conversao ,st.texteis from st left join taxasiva tx on st.tabiva = tx.codigo where st.ref = '324.4966.00.1'
20240731@214932.2617 tkgbuafbol9ujdhoj3es9v9h59 Query : select 1 valor from information_schema.tables where table_type='base table' and table_name='wstablefields'
20240731@214932.2636 tkgbuafbol9ujdhoj3es9v9h59 Query : select fieldkey,fieldname,fieldtype,mandatory from wstablefields where tablename = 'fi' and documentnumber = 39
20240731@214932.2663 tkgbuafbol9ujdhoj3es9v9h59 Query : select 1 valor from information_schema.tables where table_type='base table' and table_name='wstablefields'
20240731@214932.2678 tkgbuafbol9ujdhoj3es9v9h59 Query : select fieldkey,fieldname,fieldtype,mandatory from wstablefields where tablename = 'fi2' and documentnumber = 39
20240731@214932.2687 tkgbuafbol9ujdhoj3es9v9h59 Query : select top 1 convert(numeric(6,2),t.taxa) valor from taxasiva t where t.codigo='2'
20240731@214932.2700 tkgbuafbol9ujdhoj3es9v9h59 Query : select sestamp valor from se where ref ='324.4966.00.1' and lote = 'r2301277100a'
20240731@214932.2716 tkgbuafbol9ujdhoj3es9v9h59 Query : select 1 valor from information_schema.tables where table_type='base table' and table_name='wstablefields'
20240731@214932.2732 tkgbuafbol9ujdhoj3es9v9h59 Query : select fieldkey,fieldname,fieldtype,calcformula from wstablefields where tablename = 'fi2' and documentnumber = 39
20240731@214932.2744 tkgbuafbol9ujdhoj3es9v9h59 Query : insert into wsfi2data (fi2stamp,ftstamp ,ousrdata, ousrhora, usrdata,usrhora,ousrinis,usrinis) values ('aut66aaa2621266aaa35c42','aut66aaa1735466aaa35c1d' ,getdate(),convert(char(8),convert (time,getdate())),getdate(),convert(char(8),convert (time,getdate())),'wsv','wsv')
20240731@214932.2749 tkgbuafbol9ujdhoj3es9v9h59 Query : select 1 valor from information_schema.tables where table_type='base table' and table_name='wstablefields'
20240731@214932.2767 tkgbuafbol9ujdhoj3es9v9h59 Query : select fieldkey,fieldname,fieldtype,calcformula from wstablefields where tablename = 'fi' and documentnumber = 39
20240731@214932.2798 tkgbuafbol9ujdhoj3es9v9h59 Query : insert into wsfidata (fistamp,ousrdata, ousrhora, usrdata,usrhora,ousrinis,usrinis ,qtt ,ftstamp ,epv,pvmoeda ,tabiva,iva,lordem ,ref, design ,lote,armazem,bistamp ) values ('aut66aaa2621266aaa35c42',getdate(),convert(char(8),convert (time,getdate())),getdate(),convert(char(8),convert (time,getdate())),'wsv','wsv',80.000 ,'aut66aaa1735466aaa35c1d' ,0,0 ,2,23.00,10000,?,?,?,?,?)
20240731@214932.3105 tkgbuafbol9ujdhoj3es9v9h59 Query : insert into wsftcreationlog (initialftstamp,externalid,creationstatus,documenttypeid,idustamp) values ('aut66aaa1735466aaa35c1d','2405088','wait',39,'adm09112754980.682000002')
20240731@214932.3188 tkgbuafbol9ujdhoj3es9v9h59 Query : use flama_phc
20240731@214932.3192 tkgbuafbol9ujdhoj3es9v9h59 Query : update u_wsusers set rqsttoken =? where userid ='userls001'
20240731@214932.3224 tkgbuafbol9ujdhoj3es9v9h59 Query : select concat(rtrim(relative_path),ltrim(name_new)) as valor from uploadfiles where uploadfile_id='1296';
20240731@214932.3249 tkgbuafbol9ujdhoj3es9v9h59 Query : update uploadfiles set whenupdated=current_timestamp where uploadfile_id='1296';
20240731@214932.3288 tkgbuafbol9ujdhoj3es9v9h59 Query : select concat(rtrim(relative_path),ltrim(name_new)) as valor from uploadfiles where uploadfile_id='1296';
20240731@214932.3319 tkgbuafbol9ujdhoj3es9v9h59 Query : update uploadfiles set whenupdated=current_timestamp where uploadfile_id='1296';
20240731@214932.4154 hg1hlt89oo69f2ktf7744vu64i Query : insert into uploadfiles ( name_original, name_new, option_type, relative_path, whencreated ) values ( ?, ?, ?, ?, getdate() )
20240731@214932.4168 hg1hlt89oo69f2ktf7744vu64i Query : select uploadfile_id valor from uploadfiles where name_new = ? and option_type = ? 
20240731@214932.4223 hg1hlt89oo69f2ktf7744vu64i Query : select concat(rtrim(relative_path),ltrim(name_new)) as valor from uploadfiles where uploadfile_id='1297';
20240731@214932.4274 hg1hlt89oo69f2ktf7744vu64i Query : update uploadfiles set whenupdated=current_timestamp where uploadfile_id='1297';
20240731@214932.4322 hg1hlt89oo69f2ktf7744vu64i Query : select concat(rtrim(relative_path),ltrim(name_new)) as valor from uploadfiles where uploadfile_id='1297';
20240731@214932.4347 hg1hlt89oo69f2ktf7744vu64i Query : update uploadfiles set whenupdated=current_timestamp where uploadfile_id='1297';
20240731@214932.4395 hg1hlt89oo69f2ktf7744vu64i Query : use flama_phc
20240731@214932.4399 hg1hlt89oo69f2ktf7744vu64i Query : select top 1 secretkey valor from u_wsusers u where u.userid = ? and u.inactivo=0
20240731@214932.4470 hg1hlt89oo69f2ktf7744vu64i Query : use flama_phc
20240731@214932.4474 hg1hlt89oo69f2ktf7744vu64i Query : select no, estab,szadrsdesc from szadrs where u_coddest=4740
20240731@214932.4514 hg1hlt89oo69f2ktf7744vu64i Query : select top 1 isnull(design,'') valor from st (nolock) left join stobs (nolock) on st.ref = stobs.ref where st.ref = '324.657.00.01'
20240731@214932.4693 hg1hlt89oo69f2ktf7744vu64i Query : select top 1 bistamp valor from bi inner join bo on bo.bostamp=bi.bostamp where bo.ndos =240 and bo.boano =2050 and bo.obrano = 2405089 and bi.ref ='324.657.00.01' and bi.lordem =1
20240731@214932.5037 hg1hlt89oo69f2ktf7744vu64i Query : select top 1 isnull(design,'') valor from st (nolock) left join stobs (nolock) on st.ref = stobs.ref where st.ref = '324.657.00.01'
20240731@214932.5060 hg1hlt89oo69f2ktf7744vu64i Query : select top 1 bistamp valor from bi inner join bo on bo.bostamp=bi.bostamp where bo.ndos =240 and bo.boano =2050 and bo.obrano = 2405089 and bi.ref ='324.657.00.01' and bi.lordem =1
20240731@214932.5079 hg1hlt89oo69f2ktf7744vu64i Query : select top 1 isnull(design,'') valor from st (nolock) left join stobs (nolock) on st.ref = stobs.ref where st.ref = '324.657.00.01'
20240731@214932.5098 hg1hlt89oo69f2ktf7744vu64i Query : select top 1 bistamp valor from bi inner join bo on bo.bostamp=bi.bostamp where bo.ndos =240 and bo.boano =2050 and bo.obrano = 2405089 and bi.ref ='324.657.00.01' and bi.lordem =1
20240731@214932.5116 hg1hlt89oo69f2ktf7744vu64i Query : select top 1 isnull(design,'') valor from st (nolock) left join stobs (nolock) on st.ref = stobs.ref where st.ref = '324.657.00.01'
20240731@214932.5137 hg1hlt89oo69f2ktf7744vu64i Query : select top 1 bistamp valor from bi inner join bo on bo.bostamp=bi.bostamp where bo.ndos =240 and bo.boano =2050 and bo.obrano = 2405089 and bi.ref ='324.657.00.01' and bi.lordem =1
20240731@214932.5155 hg1hlt89oo69f2ktf7744vu64i Query : select top 1 isnull(design,'') valor from st (nolock) left join stobs (nolock) on st.ref = stobs.ref where st.ref = '324.657.00.01'
20240731@214932.5175 hg1hlt89oo69f2ktf7744vu64i Query : select top 1 bistamp valor from bi inner join bo on bo.bostamp=bi.bostamp where bo.ndos =240 and bo.boano =2050 and bo.obrano = 2405089 and bi.ref ='324.657.00.01' and bi.lordem =1
20240731@214932.5193 hg1hlt89oo69f2ktf7744vu64i Query : select top 1 isnull(design,'') valor from st (nolock) left join stobs (nolock) on st.ref = stobs.ref where st.ref = '324.657.00.01'
20240731@214932.5211 hg1hlt89oo69f2ktf7744vu64i Query : select top 1 bistamp valor from bi inner join bo on bo.bostamp=bi.bostamp where bo.ndos =240 and bo.boano =2050 and bo.obrano = 2405089 and bi.ref ='324.657.00.01' and bi.lordem =1
20240731@214932.5229 hg1hlt89oo69f2ktf7744vu64i Query : select top 1 isnull(design,'') valor from st (nolock) left join stobs (nolock) on st.ref = stobs.ref where st.ref = '324.657.00.01'
20240731@214932.5251 hg1hlt89oo69f2ktf7744vu64i Query : select top 1 bistamp valor from bi inner join bo on bo.bostamp=bi.bostamp where bo.ndos =240 and bo.boano =2050 and bo.obrano = 2405089 and bi.ref ='324.657.00.01' and bi.lordem =1
20240731@214932.5273 hg1hlt89oo69f2ktf7744vu64i Query : select top 1 isnull(design,'') valor from st (nolock) left join stobs (nolock) on st.ref = stobs.ref where st.ref = '324.657.00.01'
20240731@214932.5294 hg1hlt89oo69f2ktf7744vu64i Query : select top 1 bistamp valor from bi inner join bo on bo.bostamp=bi.bostamp where bo.ndos =240 and bo.boano =2050 and bo.obrano = 2405089 and bi.ref ='324.657.00.01' and bi.lordem =1
20240731@214932.5313 hg1hlt89oo69f2ktf7744vu64i Query : select top 1 isnull(design,'') valor from st (nolock) left join stobs (nolock) on st.ref = stobs.ref where st.ref = '324.657.00.01'
20240731@214932.5334 hg1hlt89oo69f2ktf7744vu64i Query : select top 1 bistamp valor from bi inner join bo on bo.bostamp=bi.bostamp where bo.ndos =240 and bo.boano =2050 and bo.obrano = 2405089 and bi.ref ='324.657.00.01' and bi.lordem =1
20240731@214932.5351 hg1hlt89oo69f2ktf7744vu64i Query : select top 1 isnull(design,'') valor from st (nolock) left join stobs (nolock) on st.ref = stobs.ref where st.ref = '324.657.00.01'
20240731@214932.5373 hg1hlt89oo69f2ktf7744vu64i Query : select top 1 bistamp valor from bi inner join bo on bo.bostamp=bi.bostamp where bo.ndos =240 and bo.boano =2050 and bo.obrano = 2405089 and bi.ref ='324.657.00.01' and bi.lordem =1
20240731@214932.5433 hg1hlt89oo69f2ktf7744vu64i Query : use flama_phc
20240731@214932.5491 hg1hlt89oo69f2ktf7744vu64i Query : select top 1 convert(date,fdata) valor from ft where ndoc = 39 and anulado= 0 and fno>0 order by fdata desc
20240731@214932.5775 hg1hlt89oo69f2ktf7744vu64i Query : use flama_phc
20240731@214932.5779 hg1hlt89oo69f2ktf7744vu64i Query : select top 1 1 valor from td where td.ndoc = 39
20240731@214932.5819 hg1hlt89oo69f2ktf7744vu64i Query : use flama_phc
20240731@214932.5822 hg1hlt89oo69f2ktf7744vu64i Query : select lower(descricao) descricao ,case when valor='s' then 1 else 0 end valor from para1 where descricao in ('st_lote','st_usalogifunc', 'st_grelha')
20240731@214932.5853 hg1hlt89oo69f2ktf7744vu64i Query : select top 1 manternumero ,assinadoc issigned ,tiposaft ,assinaimp ,nmdos ,td.assinadoc ,'cl' origin ,lancasl stocks ,case when cmsl<50 and td.lancasl=1 then 1 else 0 end entrada ,case when cmsl>50 and td.lancasl=1 then 1 else 0 end saida ,temserie assets ,~semgre usegridfields from td inner join td2 on td.tdstamp=td2.td2stamp where td.ndoc = 1
20240731@214932.5900 hg1hlt89oo69f2ktf7744vu64i Query : use flama_phc
20240731@214932.5904 hg1hlt89oo69f2ktf7744vu64i Query : select top 1 ~inactivo valor from cl where no = '100810' and estab = 0 order by inactivo desc
20240731@214932.5937 hg1hlt89oo69f2ktf7744vu64i Query : use flama_phc
20240731@214932.5940 hg1hlt89oo69f2ktf7744vu64i Query : select top 1 tipodoc,regrd from td where ndoc = 39
20240731@214932.5975 hg1hlt89oo69f2ktf7744vu64i Query : use flama_phc
20240731@214932.5978 hg1hlt89oo69f2ktf7744vu64i Query : select szadrsstamp valor from szadrs where szadrsdesc='espaÇotrans,lda'
20240731@214932.6164 hg1hlt89oo69f2ktf7744vu64i Query : use flama_phc
20240731@214932.6210 hg1hlt89oo69f2ktf7744vu64i Query : select szadrsstamp valor from szadrs where szadrsdesc='100810 - worten-equipamentos para o lar,sa.'
20240731@214932.6387 hg1hlt89oo69f2ktf7744vu64i Query : use flama_phc
20240731@214932.6390 hg1hlt89oo69f2ktf7744vu64i Query : select 1 valor from td where ndoc = 39
20240731@214932.6402 hg1hlt89oo69f2ktf7744vu64i Query : select top 1 manternumero, tiposaft, nmdos,td.assinadoc from td where td.ndoc = 39
20240731@214932.6416 hg1hlt89oo69f2ktf7744vu64i Query : select 1 valor from information_schema.tables where table_type='base table' and table_name='wstablefields'
20240731@214932.6432 hg1hlt89oo69f2ktf7744vu64i Query : select fieldkey,fieldname,fieldtype,mandatory from wstablefields where tablename = 'ft' and documentnumber = 39
20240731@214932.6450 hg1hlt89oo69f2ktf7744vu64i Query : select 1 valor from information_schema.tables where table_type='base table' and table_name='wstablefields'
20240731@214932.6464 hg1hlt89oo69f2ktf7744vu64i Query : select fieldkey,fieldname,fieldtype,mandatory from wstablefields where tablename = 'ft2' and documentnumber = 39
20240731@214932.6490 hg1hlt89oo69f2ktf7744vu64i Query : select 1 valor from information_schema.tables where table_type='base table' and table_name='wstablefields'
20240731@214932.6504 hg1hlt89oo69f2ktf7744vu64i Query : select fieldkey,fieldname,fieldtype,mandatory from wstablefields where tablename = 'ft3' and documentnumber = 39
20240731@214932.6516 hg1hlt89oo69f2ktf7744vu64i Query : select top 1 ft.fno valor from ft ft where ft.ndoc = 39 and ftano=2024 order by fno desc
20240731@214932.6587 hg1hlt89oo69f2ktf7744vu64i Query : select top 1 ft.fno valor from wsftdata ft where ft.ndoc = 39 and ftano=2024 order by fno desc
20240731@214932.6600 hg1hlt89oo69f2ktf7744vu64i Query : select 1 valor from information_schema.tables where table_type='base table' and table_name='wstablefields'
20240731@214932.6615 hg1hlt89oo69f2ktf7744vu64i Query : select fieldkey,fieldname,fieldtype,calcformula from wstablefields where tablename = 'ft3' and documentnumber = 39
20240731@214932.6630 hg1hlt89oo69f2ktf7744vu64i Query : insert into wsft3data (ft3stamp, ousrdata, ousrhora, usrdata,usrhora,ousrinis,usrinis,taxpointdt ) values ('aut66aaa2957866aaa35c9f' ,getdate(),convert(char(8),convert (time,getdate())),getdate(),convert(char(8),convert (time,getdate())),'wsv','wsv',?)
20240731@214932.6822 hg1hlt89oo69f2ktf7744vu64i Query : select 1 valor from information_schema.tables where table_type='base table' and table_name='wstablefields'
20240731@214932.6841 hg1hlt89oo69f2ktf7744vu64i Query : select fieldkey,fieldname,fieldtype,calcformula from wstablefields where tablename = 'ft2' and documentnumber = 39
20240731@214932.6877 hg1hlt89oo69f2ktf7744vu64i Query : select top 1 bo.u_nomeenv valor from bo where bo.bostamp=''
20240731@214932.6890 hg1hlt89oo69f2ktf7744vu64i Query : select top 1 bo.u_moradaen valor from bo where bo.bostamp=''
20240731@214932.6902 hg1hlt89oo69f2ktf7744vu64i Query : select top 1 bo.u_codposen valor from bo where bo.bostamp=''
20240731@214932.6915 hg1hlt89oo69f2ktf7744vu64i Query : select top 1 bo.u_localenv valor from bo where bo.bostamp=''
20240731@214932.6927 hg1hlt89oo69f2ktf7744vu64i Query : select top 1 bo.trab5 valor from bo where bo.bostamp=''
20240731@214932.6938 hg1hlt89oo69f2ktf7744vu64i Query : select top 1 bo.serie valor from bo where bo.bostamp=''
20240731@214932.6949 hg1hlt89oo69f2ktf7744vu64i Query : insert into wsft2data (ft2stamp, ousrdata,ousrhora, usrdata,usrhora,ousrinis,usrinis,u_nomeenv ,u_moradaen ,u_codposen ,u_localenv ,u_coddest ,u_codby ) values ('aut66aaa2957866aaa35c9f',getdate(),convert(char(8),convert (time,getdate())),getdate(),convert(char(8),convert (time,getdate())),'wsv','wsv',?,?,?,?,?,?)
20240731@214932.7195 hg1hlt89oo69f2ktf7744vu64i Query : select top 1 fno valor from wsftdata order by fno desc
20240731@214932.7211 hg1hlt89oo69f2ktf7744vu64i Query : select 1 valor from information_schema.tables where table_type='base table' and table_name='wstablefields'
20240731@214932.7228 hg1hlt89oo69f2ktf7744vu64i Query : select fieldkey,fieldname,fieldtype,calcformula from wstablefields where tablename = 'ft' and documentnumber = 39
20240731@214932.7251 hg1hlt89oo69f2ktf7744vu64i Query : select 'normal' from dummy
20240731@214932.7267 hg1hlt89oo69f2ktf7744vu64i Query : insert into wsftdata (ftstamp, ousrdata,ousrhora, usrdata,usrhora,ousrinis,usrinis,fno,no,estab,fdata,ndoc,moeda,cambio,cambiofixo,ftano,site ,classe ) values ('aut66aaa2957866aaa35c9f',getdate(),convert(char(8),convert (time,getdate())),getdate(),convert(char(8),convert (time,getdate())),'wsv','wsv',131,100810,0,'2024-07-31',39,'euro',0,0,2024 ,?,?)
20240731@214932.7571 hg1hlt89oo69f2ktf7744vu64i Query : use flama_phc
20240731@214932.7574 hg1hlt89oo69f2ktf7744vu64i Query : select st.usalote valor from st where st.ref = '324.657.00.01'
20240731@214932.7596 hg1hlt89oo69f2ktf7744vu64i Query : select top 1 st.tabiva ,st.ivaincl ,st.stns ,st.uni2 ,st.familia ,isnull(tx.taxa, 0) txiva ,unidade ,usalote ,epcpond ,noserie ,conversao ,st.texteis from st left join taxasiva tx on st.tabiva = tx.codigo where st.ref = '324.657.00.01'
20240731@214932.7744 hg1hlt89oo69f2ktf7744vu64i Query : select 1 valor from information_schema.tables where table_type='base table' and table_name='wstablefields'
20240731@214932.7760 hg1hlt89oo69f2ktf7744vu64i Query : select fieldkey,fieldname,fieldtype,mandatory from wstablefields where tablename = 'fi' and documentnumber = 39
20240731@214932.7789 hg1hlt89oo69f2ktf7744vu64i Query : select 1 valor from information_schema.tables where table_type='base table' and table_name='wstablefields'
20240731@214932.7807 hg1hlt89oo69f2ktf7744vu64i Query : select fieldkey,fieldname,fieldtype,mandatory from wstablefields where tablename = 'fi2' and documentnumber = 39
20240731@214932.7818 hg1hlt89oo69f2ktf7744vu64i Query : select top 1 convert(numeric(6,2),t.taxa) valor from taxasiva t where t.codigo='2'
20240731@214932.7831 hg1hlt89oo69f2ktf7744vu64i Query : select sestamp valor from se where ref ='324.657.00.01' and lote = 'r2301178100a'
20240731@214932.7999 hg1hlt89oo69f2ktf7744vu64i Query : select 1 valor from information_schema.tables where table_type='base table' and table_name='wstablefields'
20240731@214932.8018 hg1hlt89oo69f2ktf7744vu64i Query : select fieldkey,fieldname,fieldtype,calcformula from wstablefields where tablename = 'fi2' and documentnumber = 39
20240731@214932.8032 hg1hlt89oo69f2ktf7744vu64i Query : insert into wsfi2data (fi2stamp,ftstamp ,ousrdata, ousrhora, usrdata,usrhora,ousrinis,usrinis) values ('aut66aaa2431766aaa35cc3','aut66aaa2957866aaa35c9f' ,getdate(),convert(char(8),convert (time,getdate())),getdate(),convert(char(8),convert (time,getdate())),'wsv','wsv')
20240731@214932.8037 hg1hlt89oo69f2ktf7744vu64i Query : select 1 valor from information_schema.tables where table_type='base table' and table_name='wstablefields'
20240731@214932.8053 hg1hlt89oo69f2ktf7744vu64i Query : select fieldkey,fieldname,fieldtype,calcformula from wstablefields where tablename = 'fi' and documentnumber = 39
20240731@214932.8083 hg1hlt89oo69f2ktf7744vu64i Query : insert into wsfidata (fistamp,ousrdata, ousrhora, usrdata,usrhora,ousrinis,usrinis ,qtt ,ftstamp ,epv,pvmoeda ,tabiva,iva,lordem ,ref, design ,lote,armazem,bistamp ) values ('aut66aaa2431766aaa35cc3',getdate(),convert(char(8),convert (time,getdate())),getdate(),convert(char(8),convert (time,getdate())),'wsv','wsv',24.000 ,'aut66aaa2957866aaa35c9f' ,0,0 ,2,23.00,10000,?,?,?,?,?)
20240731@214932.8386 hg1hlt89oo69f2ktf7744vu64i Query : select 1 valor from information_schema.tables where table_type='base table' and table_name='wstablefields'
