20240812@180150.5420 dsnu4j93vnbqasjq8dcm1d9s2h INICIO DE FICHEIRO DE LOG :: /var/www/webservices/logs/website.sql.log
20240812@180150.5410 dsnu4j93vnbqasjq8dcm1d9s2h Query : select 1 valor from information_schema.tables where table_type='base table' and table_name='wstablefields'
20240812@180150.5570 dsnu4j93vnbqasjq8dcm1d9s2h Query : select fieldkey,fieldname,fieldtype,calcformula from wstablefields where tablename = 'fi2' and documentnumber = 39
20240812@180150.5940 dsnu4j93vnbqasjq8dcm1d9s2h Query : insert into wsfi2data (fi2stamp,ftstamp ,ousrdata, ousrhora, usrdata,usrhora,ousrinis,usrinis) values ('aut66ba30188266ba3ffe0d','aut66ba37597666ba3ffa5b' ,getdate(),convert(char(8),convert (time,getdate())),getdate(),convert(char(8),convert (time,getdate())),'wsv','wsv')
20240812@180150.5990 dsnu4j93vnbqasjq8dcm1d9s2h Query : select 1 valor from information_schema.tables where table_type='base table' and table_name='wstablefields'
20240812@180150.6130 dsnu4j93vnbqasjq8dcm1d9s2h Query : select fieldkey,fieldname,fieldtype,calcformula from wstablefields where tablename = 'fi' and documentnumber = 39
20240812@180150.6420 dsnu4j93vnbqasjq8dcm1d9s2h Query : insert into wsfidata (fistamp,ousrdata, ousrhora, usrdata,usrhora,ousrinis,usrinis ,qtt ,ftstamp ,epv,pvmoeda ,tabiva,iva,lordem ,ref, design ,armazem) values ('aut66ba30188266ba3ffe0d',getdate(),convert(char(8),convert (time,getdate())),getdate(),convert(char(8),convert (time,getdate())),'wsv','wsv',0 ,'aut66ba37597666ba3ffa5b' ,0,0 ,2,23.00,890000,?,?,?)
20240812@180150.9090 dsnu4j93vnbqasjq8dcm1d9s2h Query : use flama_phc
20240812@180150.9120 dsnu4j93vnbqasjq8dcm1d9s2h Query : select st.usalote valor from st where st.ref = '324.1847.00.1'
20240812@180150.9330 dsnu4j93vnbqasjq8dcm1d9s2h Query : select top 1 st.tabiva ,st.ivaincl ,st.stns ,st.uni2 ,st.familia ,isnull(tx.taxa, 0) txiva ,unidade ,usalote ,epcpond ,noserie ,conversao ,st.texteis from st left join taxasiva tx on st.tabiva = tx.codigo where st.ref = '324.1847.00.1'
20240812@180150.9470 dsnu4j93vnbqasjq8dcm1d9s2h Query : select 1 valor from information_schema.tables where table_type='base table' and table_name='wstablefields'
20240812@180150.9620 dsnu4j93vnbqasjq8dcm1d9s2h Query : select fieldkey,fieldname,fieldtype,mandatory from wstablefields where tablename = 'fi' and documentnumber = 39
20240812@180150.9880 dsnu4j93vnbqasjq8dcm1d9s2h Query : select 1 valor from information_schema.tables where table_type='base table' and table_name='wstablefields'
20240812@180150.1005 dsnu4j93vnbqasjq8dcm1d9s2h Query : select fieldkey,fieldname,fieldtype,mandatory from wstablefields where tablename = 'fi2' and documentnumber = 39
20240812@180150.1014 dsnu4j93vnbqasjq8dcm1d9s2h Query : select top 1 convert(numeric(6,2),t.taxa) valor from taxasiva t where t.codigo='2'
20240812@180150.1026 dsnu4j93vnbqasjq8dcm1d9s2h Query : select sestamp valor from se where ref ='324.1847.00.1' and lote = 'r2400288100a'
20240812@180150.1038 dsnu4j93vnbqasjq8dcm1d9s2h Query : select 1 valor from information_schema.tables where table_type='base table' and table_name='wstablefields'
20240812@180150.1053 dsnu4j93vnbqasjq8dcm1d9s2h Query : select fieldkey,fieldname,fieldtype,calcformula from wstablefields where tablename = 'fi2' and documentnumber = 39
20240812@180150.1065 dsnu4j93vnbqasjq8dcm1d9s2h Query : insert into wsfi2data (fi2stamp,ftstamp ,ousrdata, ousrhora, usrdata,usrhora,ousrinis,usrinis) values ('aut66ba38270466ba3ffe19','aut66ba37597666ba3ffa5b' ,getdate(),convert(char(8),convert (time,getdate())),getdate(),convert(char(8),convert (time,getdate())),'wsv','wsv')
20240812@180150.1069 dsnu4j93vnbqasjq8dcm1d9s2h Query : select 1 valor from information_schema.tables where table_type='base table' and table_name='wstablefields'
20240812@180150.1084 dsnu4j93vnbqasjq8dcm1d9s2h Query : select fieldkey,fieldname,fieldtype,calcformula from wstablefields where tablename = 'fi' and documentnumber = 39
20240812@180150.1112 dsnu4j93vnbqasjq8dcm1d9s2h Query : insert into wsfidata (fistamp,ousrdata, ousrhora, usrdata,usrhora,ousrinis,usrinis ,qtt ,ftstamp ,epv,pvmoeda ,tabiva,iva,lordem ,ref, design ,lote,armazem) values ('aut66ba38270466ba3ffe19',getdate(),convert(char(8),convert (time,getdate())),getdate(),convert(char(8),convert (time,getdate())),'wsv','wsv',5.000 ,'aut66ba37597666ba3ffa5b' ,0,0 ,2,23.00,910000,?,?,?,?)
20240812@180150.1380 dsnu4j93vnbqasjq8dcm1d9s2h Query : select 1 valor from information_schema.tables where table_type='base table' and table_name='wstablefields'
20240812@180150.1395 dsnu4j93vnbqasjq8dcm1d9s2h Query : select fieldkey,fieldname,fieldtype,mandatory from wstablefields where tablename = 'fi' and documentnumber = 39
20240812@180150.1421 dsnu4j93vnbqasjq8dcm1d9s2h Query : select 1 valor from information_schema.tables where table_type='base table' and table_name='wstablefields'
20240812@180150.1436 dsnu4j93vnbqasjq8dcm1d9s2h Query : select fieldkey,fieldname,fieldtype,mandatory from wstablefields where tablename = 'fi2' and documentnumber = 39
20240812@180150.1444 dsnu4j93vnbqasjq8dcm1d9s2h Query : select top 1 convert(numeric(6,2),t.taxa) valor from taxasiva t where t.codigo='2'
20240812@180150.1457 dsnu4j93vnbqasjq8dcm1d9s2h Query : select 1 valor from information_schema.tables where table_type='base table' and table_name='wstablefields'
20240812@180150.1471 dsnu4j93vnbqasjq8dcm1d9s2h Query : select fieldkey,fieldname,fieldtype,calcformula from wstablefields where tablename = 'fi2' and documentnumber = 39
20240812@180150.1482 dsnu4j93vnbqasjq8dcm1d9s2h Query : insert into wsfi2data (fi2stamp,ftstamp ,ousrdata, ousrhora, usrdata,usrhora,ousrinis,usrinis) values ('aut66ba39313766ba3ffe23','aut66ba37597666ba3ffa5b' ,getdate(),convert(char(8),convert (time,getdate())),getdate(),convert(char(8),convert (time,getdate())),'wsv','wsv')
20240812@180150.1486 dsnu4j93vnbqasjq8dcm1d9s2h Query : select 1 valor from information_schema.tables where table_type='base table' and table_name='wstablefields'
20240812@180150.1500 dsnu4j93vnbqasjq8dcm1d9s2h Query : select fieldkey,fieldname,fieldtype,calcformula from wstablefields where tablename = 'fi' and documentnumber = 39
20240812@180150.1527 dsnu4j93vnbqasjq8dcm1d9s2h Query : insert into wsfidata (fistamp,ousrdata, ousrhora, usrdata,usrhora,ousrinis,usrinis ,qtt ,ftstamp ,epv,pvmoeda ,tabiva,iva,lordem ,ref, design ,armazem) values ('aut66ba39313766ba3ffe23',getdate(),convert(char(8),convert (time,getdate())),getdate(),convert(char(8),convert (time,getdate())),'wsv','wsv',0 ,'aut66ba37597666ba3ffa5b' ,0,0 ,2,23.00,920000,?,?,?)
20240812@180150.1796 dsnu4j93vnbqasjq8dcm1d9s2h Query : use flama_phc
20240812@180150.1799 dsnu4j93vnbqasjq8dcm1d9s2h Query : select st.usalote valor from st where st.ref = '324.1847.00.1'
20240812@180150.1825 dsnu4j93vnbqasjq8dcm1d9s2h Query : select top 1 st.tabiva ,st.ivaincl ,st.stns ,st.uni2 ,st.familia ,isnull(tx.taxa, 0) txiva ,unidade ,usalote ,epcpond ,noserie ,conversao ,st.texteis from st left join taxasiva tx on st.tabiva = tx.codigo where st.ref = '324.1847.00.1'
20240812@180150.1839 dsnu4j93vnbqasjq8dcm1d9s2h Query : select 1 valor from information_schema.tables where table_type='base table' and table_name='wstablefields'
20240812@180150.1855 dsnu4j93vnbqasjq8dcm1d9s2h Query : select fieldkey,fieldname,fieldtype,mandatory from wstablefields where tablename = 'fi' and documentnumber = 39
20240812@180150.1881 dsnu4j93vnbqasjq8dcm1d9s2h Query : select 1 valor from information_schema.tables where table_type='base table' and table_name='wstablefields'
20240812@180150.1896 dsnu4j93vnbqasjq8dcm1d9s2h Query : select fieldkey,fieldname,fieldtype,mandatory from wstablefields where tablename = 'fi2' and documentnumber = 39
20240812@180150.1904 dsnu4j93vnbqasjq8dcm1d9s2h Query : select top 1 convert(numeric(6,2),t.taxa) valor from taxasiva t where t.codigo='2'
20240812@180150.1925 dsnu4j93vnbqasjq8dcm1d9s2h Query : select sestamp valor from se where ref ='324.1847.00.1' and lote = 'r2400401100a'
20240812@180150.1938 dsnu4j93vnbqasjq8dcm1d9s2h Query : select 1 valor from information_schema.tables where table_type='base table' and table_name='wstablefields'
20240812@180150.1952 dsnu4j93vnbqasjq8dcm1d9s2h Query : select fieldkey,fieldname,fieldtype,calcformula from wstablefields where tablename = 'fi2' and documentnumber = 39
20240812@180150.1963 dsnu4j93vnbqasjq8dcm1d9s2h Query : insert into wsfi2data (fi2stamp,ftstamp ,ousrdata, ousrhora, usrdata,usrhora,ousrinis,usrinis) values ('aut66ba36617366ba3ffe2f','aut66ba37597666ba3ffa5b' ,getdate(),convert(char(8),convert (time,getdate())),getdate(),convert(char(8),convert (time,getdate())),'wsv','wsv')
20240812@180150.1967 dsnu4j93vnbqasjq8dcm1d9s2h Query : select 1 valor from information_schema.tables where table_type='base table' and table_name='wstablefields'
20240812@180150.1982 dsnu4j93vnbqasjq8dcm1d9s2h Query : select fieldkey,fieldname,fieldtype,calcformula from wstablefields where tablename = 'fi' and documentnumber = 39
20240812@180150.2010 dsnu4j93vnbqasjq8dcm1d9s2h Query : insert into wsfidata (fistamp,ousrdata, ousrhora, usrdata,usrhora,ousrinis,usrinis ,qtt ,ftstamp ,epv,pvmoeda ,tabiva,iva,lordem ,ref, design ,lote,armazem) values ('aut66ba36617366ba3ffe2f',getdate(),convert(char(8),convert (time,getdate())),getdate(),convert(char(8),convert (time,getdate())),'wsv','wsv',7.000 ,'aut66ba37597666ba3ffa5b' ,0,0 ,2,23.00,940000,?,?,?,?)
20240812@180150.2318 dsnu4j93vnbqasjq8dcm1d9s2h Query : select 1 valor from information_schema.tables where table_type='base table' and table_name='wstablefields'
20240812@180150.2335 dsnu4j93vnbqasjq8dcm1d9s2h Query : select fieldkey,fieldname,fieldtype,mandatory from wstablefields where tablename = 'fi' and documentnumber = 39
20240812@180150.2361 dsnu4j93vnbqasjq8dcm1d9s2h Query : select 1 valor from information_schema.tables where table_type='base table' and table_name='wstablefields'
20240812@180150.2376 dsnu4j93vnbqasjq8dcm1d9s2h Query : select fieldkey,fieldname,fieldtype,mandatory from wstablefields where tablename = 'fi2' and documentnumber = 39
20240812@180150.2385 dsnu4j93vnbqasjq8dcm1d9s2h Query : select top 1 convert(numeric(6,2),t.taxa) valor from taxasiva t where t.codigo='2'
20240812@180150.2397 dsnu4j93vnbqasjq8dcm1d9s2h Query : select 1 valor from information_schema.tables where table_type='base table' and table_name='wstablefields'
20240812@180150.2412 dsnu4j93vnbqasjq8dcm1d9s2h Query : select fieldkey,fieldname,fieldtype,calcformula from wstablefields where tablename = 'fi2' and documentnumber = 39
20240812@180150.2424 dsnu4j93vnbqasjq8dcm1d9s2h Query : insert into wsfi2data (fi2stamp,ftstamp ,ousrdata, ousrhora, usrdata,usrhora,ousrinis,usrinis) values ('aut66ba31045066ba3ffe3a','aut66ba37597666ba3ffa5b' ,getdate(),convert(char(8),convert (time,getdate())),getdate(),convert(char(8),convert (time,getdate())),'wsv','wsv')
20240812@180150.2428 dsnu4j93vnbqasjq8dcm1d9s2h Query : select 1 valor from information_schema.tables where table_type='base table' and table_name='wstablefields'
20240812@180150.2444 dsnu4j93vnbqasjq8dcm1d9s2h Query : select fieldkey,fieldname,fieldtype,calcformula from wstablefields where tablename = 'fi' and documentnumber = 39
20240812@180150.2484 dsnu4j93vnbqasjq8dcm1d9s2h Query : insert into wsfidata (fistamp,ousrdata, ousrhora, usrdata,usrhora,ousrinis,usrinis ,qtt ,ftstamp ,epv,pvmoeda ,tabiva,iva,lordem ,ref, design ,armazem) values ('aut66ba31045066ba3ffe3a',getdate(),convert(char(8),convert (time,getdate())),getdate(),convert(char(8),convert (time,getdate())),'wsv','wsv',0 ,'aut66ba37597666ba3ffa5b' ,0,0 ,2,23.00,950000,?,?,?)
20240812@180150.2780 dsnu4j93vnbqasjq8dcm1d9s2h Query : use flama_phc
20240812@180150.2783 dsnu4j93vnbqasjq8dcm1d9s2h Query : select st.usalote valor from st where st.ref = '324.1847.00.1'
20240812@180150.2804 dsnu4j93vnbqasjq8dcm1d9s2h Query : select top 1 st.tabiva ,st.ivaincl ,st.stns ,st.uni2 ,st.familia ,isnull(tx.taxa, 0) txiva ,unidade ,usalote ,epcpond ,noserie ,conversao ,st.texteis from st left join taxasiva tx on st.tabiva = tx.codigo where st.ref = '324.1847.00.1'
20240812@180150.2820 dsnu4j93vnbqasjq8dcm1d9s2h Query : select 1 valor from information_schema.tables where table_type='base table' and table_name='wstablefields'
20240812@180150.2847 dsnu4j93vnbqasjq8dcm1d9s2h Query : select fieldkey,fieldname,fieldtype,mandatory from wstablefields where tablename = 'fi' and documentnumber = 39
20240812@180150.2875 dsnu4j93vnbqasjq8dcm1d9s2h Query : select 1 valor from information_schema.tables where table_type='base table' and table_name='wstablefields'
20240812@180150.2889 dsnu4j93vnbqasjq8dcm1d9s2h Query : select fieldkey,fieldname,fieldtype,mandatory from wstablefields where tablename = 'fi2' and documentnumber = 39
20240812@180150.2898 dsnu4j93vnbqasjq8dcm1d9s2h Query : select top 1 convert(numeric(6,2),t.taxa) valor from taxasiva t where t.codigo='2'
20240812@180150.2910 dsnu4j93vnbqasjq8dcm1d9s2h Query : select sestamp valor from se where ref ='324.1847.00.1' and lote = 'r2400401100a'
20240812@180150.2923 dsnu4j93vnbqasjq8dcm1d9s2h Query : select 1 valor from information_schema.tables where table_type='base table' and table_name='wstablefields'
20240812@180150.2937 dsnu4j93vnbqasjq8dcm1d9s2h Query : select fieldkey,fieldname,fieldtype,calcformula from wstablefields where tablename = 'fi2' and documentnumber = 39
20240812@180150.2948 dsnu4j93vnbqasjq8dcm1d9s2h Query : insert into wsfi2data (fi2stamp,ftstamp ,ousrdata, ousrhora, usrdata,usrhora,ousrinis,usrinis) values ('aut66ba31144666ba3ffe47','aut66ba37597666ba3ffa5b' ,getdate(),convert(char(8),convert (time,getdate())),getdate(),convert(char(8),convert (time,getdate())),'wsv','wsv')
20240812@180150.2952 dsnu4j93vnbqasjq8dcm1d9s2h Query : select 1 valor from information_schema.tables where table_type='base table' and table_name='wstablefields'
20240812@180150.2968 dsnu4j93vnbqasjq8dcm1d9s2h Query : select fieldkey,fieldname,fieldtype,calcformula from wstablefields where tablename = 'fi' and documentnumber = 39
20240812@180150.2998 dsnu4j93vnbqasjq8dcm1d9s2h Query : insert into wsfidata (fistamp,ousrdata, ousrhora, usrdata,usrhora,ousrinis,usrinis ,qtt ,ftstamp ,epv,pvmoeda ,tabiva,iva,lordem ,ref, design ,lote,armazem) values ('aut66ba31144666ba3ffe47',getdate(),convert(char(8),convert (time,getdate())),getdate(),convert(char(8),convert (time,getdate())),'wsv','wsv',3.000 ,'aut66ba37597666ba3ffa5b' ,0,0 ,2,23.00,970000,?,?,?,?)
20240812@180150.3296 dsnu4j93vnbqasjq8dcm1d9s2h Query : select 1 valor from information_schema.tables where table_type='base table' and table_name='wstablefields'
20240812@180150.3312 dsnu4j93vnbqasjq8dcm1d9s2h Query : select fieldkey,fieldname,fieldtype,mandatory from wstablefields where tablename = 'fi' and documentnumber = 39
20240812@180150.3348 dsnu4j93vnbqasjq8dcm1d9s2h Query : select 1 valor from information_schema.tables where table_type='base table' and table_name='wstablefields'
20240812@180150.3362 dsnu4j93vnbqasjq8dcm1d9s2h Query : select fieldkey,fieldname,fieldtype,mandatory from wstablefields where tablename = 'fi2' and documentnumber = 39
20240812@180150.3371 dsnu4j93vnbqasjq8dcm1d9s2h Query : select top 1 convert(numeric(6,2),t.taxa) valor from taxasiva t where t.codigo='2'
20240812@180150.3408 dsnu4j93vnbqasjq8dcm1d9s2h Query : select 1 valor from information_schema.tables where table_type='base table' and table_name='wstablefields'
20240812@180150.3423 dsnu4j93vnbqasjq8dcm1d9s2h Query : select fieldkey,fieldname,fieldtype,calcformula from wstablefields where tablename = 'fi2' and documentnumber = 39
20240812@180150.3436 dsnu4j93vnbqasjq8dcm1d9s2h Query : insert into wsfi2data (fi2stamp,ftstamp ,ousrdata, ousrhora, usrdata,usrhora,ousrinis,usrinis) values ('aut66ba35736266ba3ffe53','aut66ba37597666ba3ffa5b' ,getdate(),convert(char(8),convert (time,getdate())),getdate(),convert(char(8),convert (time,getdate())),'wsv','wsv')
20240812@180150.3441 dsnu4j93vnbqasjq8dcm1d9s2h Query : select 1 valor from information_schema.tables where table_type='base table' and table_name='wstablefields'
20240812@180150.3455 dsnu4j93vnbqasjq8dcm1d9s2h Query : select fieldkey,fieldname,fieldtype,calcformula from wstablefields where tablename = 'fi' and documentnumber = 39
20240812@180150.3495 dsnu4j93vnbqasjq8dcm1d9s2h Query : insert into wsfidata (fistamp,ousrdata, ousrhora, usrdata,usrhora,ousrinis,usrinis ,qtt ,ftstamp ,epv,pvmoeda ,tabiva,iva,lordem ,ref, design ,armazem) values ('aut66ba35736266ba3ffe53',getdate(),convert(char(8),convert (time,getdate())),getdate(),convert(char(8),convert (time,getdate())),'wsv','wsv',0 ,'aut66ba37597666ba3ffa5b' ,0,0 ,2,23.00,980000,?,?,?)
20240812@180150.3764 dsnu4j93vnbqasjq8dcm1d9s2h Query : insert into wsftcreationlog (initialftstamp,externalid,creationstatus,documenttypeid,idustamp) values ('aut66ba37597666ba3ffa5b','2405344','wait',39,'adm09112754980.682000002')
20240812@180150.3843 dsnu4j93vnbqasjq8dcm1d9s2h Query : use flama_phc
20240812@180150.3846 dsnu4j93vnbqasjq8dcm1d9s2h Query : update u_wsusers set rqsttoken =? where userid ='userls001'
20240812@180150.3882 dsnu4j93vnbqasjq8dcm1d9s2h Query : select concat(rtrim(relative_path),ltrim(name_new)) as valor from uploadfiles where uploadfile_id='1487';
20240812@180150.3909 dsnu4j93vnbqasjq8dcm1d9s2h Query : update uploadfiles set whenupdated=current_timestamp where uploadfile_id='1487';
20240812@180150.3948 dsnu4j93vnbqasjq8dcm1d9s2h Query : select concat(rtrim(relative_path),ltrim(name_new)) as valor from uploadfiles where uploadfile_id='1487';
20240812@180150.3971 dsnu4j93vnbqasjq8dcm1d9s2h Query : update uploadfiles set whenupdated=current_timestamp where uploadfile_id='1487';
20240812@180150.4566 1ni9gq6jq94c6skrgm0ui61m7d Query : insert into uploadfiles ( name_original, name_new, option_type, relative_path, whencreated ) values ( ?, ?, ?, ?, getdate() )
20240812@180150.4579 1ni9gq6jq94c6skrgm0ui61m7d Query : select uploadfile_id valor from uploadfiles where name_new = ? and option_type = ? 
20240812@180150.4645 1ni9gq6jq94c6skrgm0ui61m7d Query : select concat(rtrim(relative_path),ltrim(name_new)) as valor from uploadfiles where uploadfile_id='1488';
20240812@180150.4709 1ni9gq6jq94c6skrgm0ui61m7d Query : update uploadfiles set whenupdated=current_timestamp where uploadfile_id='1488';
20240812@180150.4760 1ni9gq6jq94c6skrgm0ui61m7d Query : select concat(rtrim(relative_path),ltrim(name_new)) as valor from uploadfiles where uploadfile_id='1488';
20240812@180150.4787 1ni9gq6jq94c6skrgm0ui61m7d Query : update uploadfiles set whenupdated=current_timestamp where uploadfile_id='1488';
20240812@180150.4839 1ni9gq6jq94c6skrgm0ui61m7d Query : use flama_phc
20240812@180150.4842 1ni9gq6jq94c6skrgm0ui61m7d Query : select top 1 secretkey valor from u_wsusers u where u.userid = ? and u.inactivo=0
20240812@180150.4912 1ni9gq6jq94c6skrgm0ui61m7d Query : use flama_phc
20240812@180150.4915 1ni9gq6jq94c6skrgm0ui61m7d Query : select no, estab,szadrsdesc from szadrs where u_coddest=4740
20240812@180150.4958 1ni9gq6jq94c6skrgm0ui61m7d Query : select top 1 isnull(design,'') valor from st (nolock) left join stobs (nolock) on st.ref = stobs.ref where st.ref = '324.1705.00.1'
20240812@180150.4979 1ni9gq6jq94c6skrgm0ui61m7d Query : select top 1 isnull(design,'') valor from st (nolock) left join stobs (nolock) on st.ref = stobs.ref where st.ref = '324.1705.00.1'
20240812@180150.5000 1ni9gq6jq94c6skrgm0ui61m7d Query : use flama_phc
20240812@180150.5003 1ni9gq6jq94c6skrgm0ui61m7d Query : select top 1 convert(date,fdata) valor from ft where ndoc = 39 and anulado= 0 and fno>0 order by fdata desc
20240812@180150.5045 1ni9gq6jq94c6skrgm0ui61m7d Query : use flama_phc
20240812@180150.5055 1ni9gq6jq94c6skrgm0ui61m7d Query : select top 1 1 valor from td where td.ndoc = 39
20240812@180150.5089 1ni9gq6jq94c6skrgm0ui61m7d Query : use flama_phc
20240812@180150.5093 1ni9gq6jq94c6skrgm0ui61m7d Query : select lower(descricao) descricao ,case when valor='s' then 1 else 0 end valor from para1 where descricao in ('st_lote','st_usalogifunc', 'st_grelha')
20240812@180150.5125 1ni9gq6jq94c6skrgm0ui61m7d Query : select top 1 manternumero ,assinadoc issigned ,tiposaft ,assinaimp ,nmdos ,td.assinadoc ,'cl' origin ,lancasl stocks ,case when cmsl<50 and td.lancasl=1 then 1 else 0 end entrada ,case when cmsl>50 and td.lancasl=1 then 1 else 0 end saida ,temserie assets ,~semgre usegridfields from td inner join td2 on td.tdstamp=td2.td2stamp where td.ndoc = 1
20240812@180150.5168 1ni9gq6jq94c6skrgm0ui61m7d Query : use flama_phc
20240812@180150.5172 1ni9gq6jq94c6skrgm0ui61m7d Query : select top 1 ~inactivo valor from cl where no = '100810' and estab = 0 order by inactivo desc
20240812@180150.5210 1ni9gq6jq94c6skrgm0ui61m7d Query : use flama_phc
20240812@180150.5213 1ni9gq6jq94c6skrgm0ui61m7d Query : select top 1 tipodoc,regrd from td where ndoc = 39
20240812@180150.6524 1ni9gq6jq94c6skrgm0ui61m7d Query : use flama_phc
20240812@180150.6529 1ni9gq6jq94c6skrgm0ui61m7d Query : select szadrsstamp valor from szadrs where szadrsdesc='espaÇotrans,lda'
20240812@180150.6578 1ni9gq6jq94c6skrgm0ui61m7d Query : use flama_phc
20240812@180150.6581 1ni9gq6jq94c6skrgm0ui61m7d Query : select szadrsstamp valor from szadrs where szadrsdesc='100810 - worten-equipamentos para o lar,sa.'
20240812@180150.6648 1ni9gq6jq94c6skrgm0ui61m7d Query : use flama_phc
20240812@180150.6651 1ni9gq6jq94c6skrgm0ui61m7d Query : select 1 valor from td where ndoc = 39
20240812@180150.6663 1ni9gq6jq94c6skrgm0ui61m7d Query : select top 1 manternumero, tiposaft, nmdos,td.assinadoc from td where td.ndoc = 39
20240812@180150.6677 1ni9gq6jq94c6skrgm0ui61m7d Query : select 1 valor from information_schema.tables where table_type='base table' and table_name='wstablefields'
20240812@180150.6693 1ni9gq6jq94c6skrgm0ui61m7d Query : select fieldkey,fieldname,fieldtype,mandatory from wstablefields where tablename = 'ft' and documentnumber = 39
20240812@180150.6712 1ni9gq6jq94c6skrgm0ui61m7d Query : select 1 valor from information_schema.tables where table_type='base table' and table_name='wstablefields'
20240812@180150.6728 1ni9gq6jq94c6skrgm0ui61m7d Query : select fieldkey,fieldname,fieldtype,mandatory from wstablefields where tablename = 'ft2' and documentnumber = 39
20240812@180150.6758 1ni9gq6jq94c6skrgm0ui61m7d Query : select 1 valor from information_schema.tables where table_type='base table' and table_name='wstablefields'
20240812@180150.6773 1ni9gq6jq94c6skrgm0ui61m7d Query : select fieldkey,fieldname,fieldtype,mandatory from wstablefields where tablename = 'ft3' and documentnumber = 39
20240812@180150.6786 1ni9gq6jq94c6skrgm0ui61m7d Query : select top 1 ft.fno valor from ft ft where ft.ndoc = 39 and ftano=2024 order by fno desc
20240812@180150.6856 1ni9gq6jq94c6skrgm0ui61m7d Query : select top 1 ft.fno valor from wsftdata ft where ft.ndoc = 39 and ftano=2024 order by fno desc
20240812@180150.6869 1ni9gq6jq94c6skrgm0ui61m7d Query : select 1 valor from information_schema.tables where table_type='base table' and table_name='wstablefields'
20240812@180150.6885 1ni9gq6jq94c6skrgm0ui61m7d Query : select fieldkey,fieldname,fieldtype,calcformula from wstablefields where tablename = 'ft3' and documentnumber = 39
20240812@180150.6971 1ni9gq6jq94c6skrgm0ui61m7d Query : insert into wsft3data (ft3stamp, ousrdata, ousrhora, usrdata,usrhora,ousrinis,usrinis,taxpointdt ) values ('aut66ba31993266ba3ffea5' ,getdate(),convert(char(8),convert (time,getdate())),getdate(),convert(char(8),convert (time,getdate())),'wsv','wsv',?)
20240812@180150.7197 1ni9gq6jq94c6skrgm0ui61m7d Query : select 1 valor from information_schema.tables where table_type='base table' and table_name='wstablefields'
20240812@180150.7217 1ni9gq6jq94c6skrgm0ui61m7d Query : select fieldkey,fieldname,fieldtype,calcformula from wstablefields where tablename = 'ft2' and documentnumber = 39
20240812@180150.7269 1ni9gq6jq94c6skrgm0ui61m7d Query : select top 1 bo.u_nomeenv valor from bo where bo.bostamp=''
20240812@180150.7281 1ni9gq6jq94c6skrgm0ui61m7d Query : select top 1 bo.u_moradaen valor from bo where bo.bostamp=''
20240812@180150.7294 1ni9gq6jq94c6skrgm0ui61m7d Query : select top 1 bo.u_codposen valor from bo where bo.bostamp=''
20240812@180150.7307 1ni9gq6jq94c6skrgm0ui61m7d Query : select top 1 bo.u_localenv valor from bo where bo.bostamp=''
20240812@180150.7319 1ni9gq6jq94c6skrgm0ui61m7d Query : select top 1 bo.trab5 valor from bo where bo.bostamp=''
20240812@180150.7331 1ni9gq6jq94c6skrgm0ui61m7d Query : select top 1 bo.serie valor from bo where bo.bostamp=''
20240812@180150.7342 1ni9gq6jq94c6skrgm0ui61m7d Query : insert into wsft2data (ft2stamp, ousrdata,ousrhora, usrdata,usrhora,ousrinis,usrinis,u_nomeenv ,u_moradaen ,u_codposen ,u_localenv ,u_coddest ,u_codby ) values ('aut66ba31993266ba3ffea5',getdate(),convert(char(8),convert (time,getdate())),getdate(),convert(char(8),convert (time,getdate())),'wsv','wsv',?,?,?,?,?,?)
20240812@180150.7614 1ni9gq6jq94c6skrgm0ui61m7d Query : select top 1 fno valor from wsftdata order by fno desc
20240812@180150.7631 1ni9gq6jq94c6skrgm0ui61m7d Query : select 1 valor from information_schema.tables where table_type='base table' and table_name='wstablefields'
20240812@180150.7649 1ni9gq6jq94c6skrgm0ui61m7d Query : select fieldkey,fieldname,fieldtype,calcformula from wstablefields where tablename = 'ft' and documentnumber = 39
20240812@180150.7672 1ni9gq6jq94c6skrgm0ui61m7d Query : select 'normal' from dummy
20240812@180150.7688 1ni9gq6jq94c6skrgm0ui61m7d Query : insert into wsftdata (ftstamp, ousrdata,ousrhora, usrdata,usrhora,ousrinis,usrinis,fno,no,estab,fdata,ndoc,moeda,cambio,cambiofixo,ftano,site ,classe ) values ('aut66ba31993266ba3ffea5',getdate(),convert(char(8),convert (time,getdate())),getdate(),convert(char(8),convert (time,getdate())),'wsv','wsv',306,100810,0,'2024-08-12',39,'euro',0,0,2024 ,?,?)
20240812@180150.7993 1ni9gq6jq94c6skrgm0ui61m7d Query : use flama_phc
20240812@180150.7995 1ni9gq6jq94c6skrgm0ui61m7d Query : select st.usalote valor from st where st.ref = '324.1705.00.1'
20240812@180150.8015 1ni9gq6jq94c6skrgm0ui61m7d Query : select top 1 st.tabiva ,st.ivaincl ,st.stns ,st.uni2 ,st.familia ,isnull(tx.taxa, 0) txiva ,unidade ,usalote ,epcpond ,noserie ,conversao ,st.texteis from st left join taxasiva tx on st.tabiva = tx.codigo where st.ref = '324.1705.00.1'
20240812@180150.8030 1ni9gq6jq94c6skrgm0ui61m7d Query : select 1 valor from information_schema.tables where table_type='base table' and table_name='wstablefields'
20240812@180150.8046 1ni9gq6jq94c6skrgm0ui61m7d Query : select fieldkey,fieldname,fieldtype,mandatory from wstablefields where tablename = 'fi' and documentnumber = 39
20240812@180150.8073 1ni9gq6jq94c6skrgm0ui61m7d Query : select 1 valor from information_schema.tables where table_type='base table' and table_name='wstablefields'
20240812@180150.8087 1ni9gq6jq94c6skrgm0ui61m7d Query : select fieldkey,fieldname,fieldtype,mandatory from wstablefields where tablename = 'fi2' and documentnumber = 39
20240812@180150.8118 1ni9gq6jq94c6skrgm0ui61m7d Query : select top 1 convert(numeric(6,2),t.taxa) valor from taxasiva t where t.codigo='2'
20240812@180150.8130 1ni9gq6jq94c6skrgm0ui61m7d Query : select sestamp valor from se where ref ='324.1705.00.1' and lote = 'r2400050500a'
20240812@180150.8143 1ni9gq6jq94c6skrgm0ui61m7d Query : select 1 valor from information_schema.tables where table_type='base table' and table_name='wstablefields'
20240812@180150.8158 1ni9gq6jq94c6skrgm0ui61m7d Query : select fieldkey,fieldname,fieldtype,calcformula from wstablefields where tablename = 'fi2' and documentnumber = 39
20240812@180150.8170 1ni9gq6jq94c6skrgm0ui61m7d Query : insert into wsfi2data (fi2stamp,ftstamp ,ousrdata, ousrhora, usrdata,usrhora,ousrinis,usrinis) values ('aut66ba31758966ba3ffec6','aut66ba31993266ba3ffea5' ,getdate(),convert(char(8),convert (time,getdate())),getdate(),convert(char(8),convert (time,getdate())),'wsv','wsv')
20240812@180150.8175 1ni9gq6jq94c6skrgm0ui61m7d Query : select 1 valor from information_schema.tables where table_type='base table' and table_name='wstablefields'
20240812@180150.8189 1ni9gq6jq94c6skrgm0ui61m7d Query : select fieldkey,fieldname,fieldtype,calcformula from wstablefields where tablename = 'fi' and documentnumber = 39
20240812@180150.8217 1ni9gq6jq94c6skrgm0ui61m7d Query : insert into wsfidata (fistamp,ousrdata, ousrhora, usrdata,usrhora,ousrinis,usrinis ,qtt ,ftstamp ,epv,pvmoeda ,tabiva,iva,lordem ,ref, design ,lote,armazem) values ('aut66ba31758966ba3ffec6',getdate(),convert(char(8),convert (time,getdate())),getdate(),convert(char(8),convert (time,getdate())),'wsv','wsv',48.000 ,'aut66ba31993266ba3ffea5' ,0,0 ,2,23.00,10000,?,?,?,?)
20240812@180150.8492 1ni9gq6jq94c6skrgm0ui61m7d Query : use flama_phc
20240812@180150.8496 1ni9gq6jq94c6skrgm0ui61m7d Query : select st.usalote valor from st where st.ref = '324.1705.00.1'
20240812@180150.8515 1ni9gq6jq94c6skrgm0ui61m7d Query : select top 1 st.tabiva ,st.ivaincl ,st.stns ,st.uni2 ,st.familia ,isnull(tx.taxa, 0) txiva ,unidade ,usalote ,epcpond ,noserie ,conversao ,st.texteis from st left join taxasiva tx on st.tabiva = tx.codigo where st.ref = '324.1705.00.1'
20240812@180150.8530 1ni9gq6jq94c6skrgm0ui61m7d Query : select 1 valor from information_schema.tables where table_type='base table' and table_name='wstablefields'
20240812@180150.8547 1ni9gq6jq94c6skrgm0ui61m7d Query : select fieldkey,fieldname,fieldtype,mandatory from wstablefields where tablename = 'fi' and documentnumber = 39
20240812@180150.8574 1ni9gq6jq94c6skrgm0ui61m7d Query : select 1 valor from information_schema.tables where table_type='base table' and table_name='wstablefields'
20240812@180150.8588 1ni9gq6jq94c6skrgm0ui61m7d Query : select fieldkey,fieldname,fieldtype,mandatory from wstablefields where tablename = 'fi2' and documentnumber = 39
20240812@180150.8597 1ni9gq6jq94c6skrgm0ui61m7d Query : select top 1 convert(numeric(6,2),t.taxa) valor from taxasiva t where t.codigo='2'
20240812@180150.8609 1ni9gq6jq94c6skrgm0ui61m7d Query : select sestamp valor from se where ref ='324.1705.00.1' and lote = 'r2400050500a'
20240812@180150.8631 1ni9gq6jq94c6skrgm0ui61m7d Query : select 1 valor from information_schema.tables where table_type='base table' and table_name='wstablefields'
20240812@180150.8645 1ni9gq6jq94c6skrgm0ui61m7d Query : select fieldkey,fieldname,fieldtype,calcformula from wstablefields where tablename = 'fi2' and documentnumber = 39
20240812@180150.8657 1ni9gq6jq94c6skrgm0ui61m7d Query : insert into wsfi2data (fi2stamp,ftstamp ,ousrdata, ousrhora, usrdata,usrhora,ousrinis,usrinis) values ('aut66ba31097866ba3ffed2','aut66ba31993266ba3ffea5' ,getdate(),convert(char(8),convert (time,getdate())),getdate(),convert(char(8),convert (time,getdate())),'wsv','wsv')
20240812@180150.8661 1ni9gq6jq94c6skrgm0ui61m7d Query : select 1 valor from information_schema.tables where table_type='base table' and table_name='wstablefields'
20240812@180150.8675 1ni9gq6jq94c6skrgm0ui61m7d Query : select fieldkey,fieldname,fieldtype,calcformula from wstablefields where tablename = 'fi' and documentnumber = 39
20240812@180150.8703 1ni9gq6jq94c6skrgm0ui61m7d Query : insert into wsfidata (fistamp,ousrdata, ousrhora, usrdata,usrhora,ousrinis,usrinis ,qtt ,ftstamp ,epv,pvmoeda ,tabiva,iva,lordem ,ref, design ,lote,armazem) values ('aut66ba31097866ba3ffed2',getdate(),convert(char(8),convert (time,getdate())),getdate(),convert(char(8),convert (time,getdate())),'wsv','wsv',52.000 ,'aut66ba31993266ba3ffea5' ,0,0 ,2,23.00,20000,?,?,?,?)
20240812@180150.8974 1ni9gq6jq94c6skrgm0ui61m7d Query : insert into wsftcreationlog (initialftstamp,externalid,creationstatus,documenttypeid,idustamp) values ('aut66ba31993266ba3ffea5','2405345','wait',39,'adm09112754980.682000002')
20240812@180150.9068 1ni9gq6jq94c6skrgm0ui61m7d Query : use flama_phc
20240812@180150.9071 1ni9gq6jq94c6skrgm0ui61m7d Query : update u_wsusers set rqsttoken =? where userid ='userls001'
20240812@180150.9099 1ni9gq6jq94c6skrgm0ui61m7d Query : select concat(rtrim(relative_path),ltrim(name_new)) as valor from uploadfiles where uploadfile_id='1488';
20240812@180150.9124 1ni9gq6jq94c6skrgm0ui61m7d Query : update uploadfiles set whenupdated=current_timestamp where uploadfile_id='1488';
20240812@180150.9161 1ni9gq6jq94c6skrgm0ui61m7d Query : select concat(rtrim(relative_path),ltrim(name_new)) as valor from uploadfiles where uploadfile_id='1488';
20240812@180150.9183 1ni9gq6jq94c6skrgm0ui61m7d Query : update uploadfiles set whenupdated=current_timestamp where uploadfile_id='1488';
20240812@180150.9877 f0nhmofi2onstrj9ldqt48jsq1 Query : insert into uploadfiles ( name_original, name_new, option_type, relative_path, whencreated ) values ( ?, ?, ?, ?, getdate() )
20240812@180150.9891 f0nhmofi2onstrj9ldqt48jsq1 Query : select uploadfile_id valor from uploadfiles where name_new = ? and option_type = ? 
20240812@180151.5500 f0nhmofi2onstrj9ldqt48jsq1 Query : select concat(rtrim(relative_path),ltrim(name_new)) as valor from uploadfiles where uploadfile_id='1489';
20240812@180151.1160 f0nhmofi2onstrj9ldqt48jsq1 Query : update uploadfiles set whenupdated=current_timestamp where uploadfile_id='1489';
20240812@180151.1610 f0nhmofi2onstrj9ldqt48jsq1 Query : select concat(rtrim(relative_path),ltrim(name_new)) as valor from uploadfiles where uploadfile_id='1489';
20240812@180151.1870 f0nhmofi2onstrj9ldqt48jsq1 Query : update uploadfiles set whenupdated=current_timestamp where uploadfile_id='1489';
20240812@180151.2330 f0nhmofi2onstrj9ldqt48jsq1 Query : use flama_phc
20240812@180151.2350 f0nhmofi2onstrj9ldqt48jsq1 Query : select top 1 secretkey valor from u_wsusers u where u.userid = ? and u.inactivo=0
20240812@180151.2940 f0nhmofi2onstrj9ldqt48jsq1 Query : use flama_phc
20240812@180151.2970 f0nhmofi2onstrj9ldqt48jsq1 Query : select no, estab,szadrsdesc from szadrs where u_coddest=4740
20240812@180151.3470 f0nhmofi2onstrj9ldqt48jsq1 Query : select top 1 isnull(design,'') valor from st (nolock) left join stobs (nolock) on st.ref = stobs.ref where st.ref = '324.1879.00.1'
20240812@180151.6650 f0nhmofi2onstrj9ldqt48jsq1 Query : select top 1 isnull(design,'') valor from st (nolock) left join stobs (nolock) on st.ref = stobs.ref where st.ref = '324.1879.00.1'
20240812@180151.6850 f0nhmofi2onstrj9ldqt48jsq1 Query : select top 1 isnull(design,'') valor from st (nolock) left join stobs (nolock) on st.ref = stobs.ref where st.ref = '324.1879.00.1'
20240812@180151.7060 f0nhmofi2onstrj9ldqt48jsq1 Query : select top 1 isnull(design,'') valor from st (nolock) left join stobs (nolock) on st.ref = stobs.ref where st.ref = '324.1879.00.1'
20240812@180151.7260 f0nhmofi2onstrj9ldqt48jsq1 Query : select top 1 isnull(design,'') valor from st (nolock) left join stobs (nolock) on st.ref = stobs.ref where st.ref = '324.1879.00.1'
20240812@180151.7450 f0nhmofi2onstrj9ldqt48jsq1 Query : select top 1 isnull(design,'') valor from st (nolock) left join stobs (nolock) on st.ref = stobs.ref where st.ref = '324.1879.00.1'
20240812@180151.7640 f0nhmofi2onstrj9ldqt48jsq1 Query : use flama_phc
20240812@180151.7670 f0nhmofi2onstrj9ldqt48jsq1 Query : select top 1 convert(date,fdata) valor from ft where ndoc = 39 and anulado= 0 and fno>0 order by fdata desc
20240812@180151.8000 f0nhmofi2onstrj9ldqt48jsq1 Query : use flama_phc
20240812@180151.8040 f0nhmofi2onstrj9ldqt48jsq1 Query : select top 1 1 valor from td where td.ndoc = 39
20240812@180151.8340 f0nhmofi2onstrj9ldqt48jsq1 Query : use flama_phc
20240812@180151.8370 f0nhmofi2onstrj9ldqt48jsq1 Query : select lower(descricao) descricao ,case when valor='s' then 1 else 0 end valor from para1 where descricao in ('st_lote','st_usalogifunc', 'st_grelha')
20240812@180151.8660 f0nhmofi2onstrj9ldqt48jsq1 Query : select top 1 manternumero ,assinadoc issigned ,tiposaft ,assinaimp ,nmdos ,td.assinadoc ,'cl' origin ,lancasl stocks ,case when cmsl<50 and td.lancasl=1 then 1 else 0 end entrada ,case when cmsl>50 and td.lancasl=1 then 1 else 0 end saida ,temserie assets ,~semgre usegridfields from td inner join td2 on td.tdstamp=td2.td2stamp where td.ndoc = 1
20240812@180151.9030 f0nhmofi2onstrj9ldqt48jsq1 Query : use flama_phc
20240812@180151.9060 f0nhmofi2onstrj9ldqt48jsq1 Query : select top 1 ~inactivo valor from cl where no = '100810' and estab = 0 order by inactivo desc
20240812@180151.9360 f0nhmofi2onstrj9ldqt48jsq1 Query : use flama_phc
20240812@180151.9390 f0nhmofi2onstrj9ldqt48jsq1 Query : select top 1 tipodoc,regrd from td where ndoc = 39
20240812@180151.9720 f0nhmofi2onstrj9ldqt48jsq1 Query : use flama_phc
20240812@180151.9750 f0nhmofi2onstrj9ldqt48jsq1 Query : select szadrsstamp valor from szadrs where szadrsdesc='espaÇotrans,lda'
20240812@180151.1017 f0nhmofi2onstrj9ldqt48jsq1 Query : use flama_phc
20240812@180151.1020 f0nhmofi2onstrj9ldqt48jsq1 Query : select szadrsstamp valor from szadrs where szadrsdesc='100810 - worten-equipamentos para o lar,sa.'
20240812@180151.1065 f0nhmofi2onstrj9ldqt48jsq1 Query : use flama_phc
20240812@180151.1067 f0nhmofi2onstrj9ldqt48jsq1 Query : select 1 valor from td where ndoc = 39
20240812@180151.1080 f0nhmofi2onstrj9ldqt48jsq1 Query : select top 1 manternumero, tiposaft, nmdos,td.assinadoc from td where td.ndoc = 39
20240812@180151.1107 f0nhmofi2onstrj9ldqt48jsq1 Query : select 1 valor from information_schema.tables where table_type='base table' and table_name='wstablefields'
20240812@180151.2248 f0nhmofi2onstrj9ldqt48jsq1 Query : select fieldkey,fieldname,fieldtype,mandatory from wstablefields where tablename = 'ft' and documentnumber = 39
20240812@180151.2269 f0nhmofi2onstrj9ldqt48jsq1 Query : select 1 valor from information_schema.tables where table_type='base table' and table_name='wstablefields'
20240812@180151.2285 f0nhmofi2onstrj9ldqt48jsq1 Query : select fieldkey,fieldname,fieldtype,mandatory from wstablefields where tablename = 'ft2' and documentnumber = 39
20240812@180151.2314 f0nhmofi2onstrj9ldqt48jsq1 Query : select 1 valor from information_schema.tables where table_type='base table' and table_name='wstablefields'
20240812@180151.2328 f0nhmofi2onstrj9ldqt48jsq1 Query : select fieldkey,fieldname,fieldtype,mandatory from wstablefields where tablename = 'ft3' and documentnumber = 39
20240812@180151.2340 f0nhmofi2onstrj9ldqt48jsq1 Query : select top 1 ft.fno valor from ft ft where ft.ndoc = 39 and ftano=2024 order by fno desc
20240812@180151.2410 f0nhmofi2onstrj9ldqt48jsq1 Query : select top 1 ft.fno valor from wsftdata ft where ft.ndoc = 39 and ftano=2024 order by fno desc
20240812@180151.2422 f0nhmofi2onstrj9ldqt48jsq1 Query : select 1 valor from information_schema.tables where table_type='base table' and table_name='wstablefields'
20240812@180151.2436 f0nhmofi2onstrj9ldqt48jsq1 Query : select fieldkey,fieldname,fieldtype,calcformula from wstablefields where tablename = 'ft3' and documentnumber = 39
20240812@180151.2451 f0nhmofi2onstrj9ldqt48jsq1 Query : insert into wsft3data (ft3stamp, ousrdata, ousrhora, usrdata,usrhora,ousrinis,usrinis,taxpointdt ) values ('aut66ba30309466ba3fff39' ,getdate(),convert(char(8),convert (time,getdate())),getdate(),convert(char(8),convert (time,getdate())),'wsv','wsv',?)
20240812@180151.2639 f0nhmofi2onstrj9ldqt48jsq1 Query : select 1 valor from information_schema.tables where table_type='base table' and table_name='wstablefields'
20240812@180151.2654 f0nhmofi2onstrj9ldqt48jsq1 Query : select fieldkey,fieldname,fieldtype,calcformula from wstablefields where tablename = 'ft2' and documentnumber = 39
20240812@180151.2686 f0nhmofi2onstrj9ldqt48jsq1 Query : select top 1 bo.u_nomeenv valor from bo where bo.bostamp=''
20240812@180151.2698 f0nhmofi2onstrj9ldqt48jsq1 Query : select top 1 bo.u_moradaen valor from bo where bo.bostamp=''
20240812@180151.2709 f0nhmofi2onstrj9ldqt48jsq1 Query : select top 1 bo.u_codposen valor from bo where bo.bostamp=''
20240812@180151.2721 f0nhmofi2onstrj9ldqt48jsq1 Query : select top 1 bo.u_localenv valor from bo where bo.bostamp=''
20240812@180151.2733 f0nhmofi2onstrj9ldqt48jsq1 Query : select top 1 bo.trab5 valor from bo where bo.bostamp=''
20240812@180151.2744 f0nhmofi2onstrj9ldqt48jsq1 Query : select top 1 bo.serie valor from bo where bo.bostamp=''
20240812@180151.2756 f0nhmofi2onstrj9ldqt48jsq1 Query : insert into wsft2data (ft2stamp, ousrdata,ousrhora, usrdata,usrhora,ousrinis,usrinis,u_nomeenv ,u_moradaen ,u_codposen ,u_localenv ,u_coddest ,u_codby ) values ('aut66ba30309466ba3fff39',getdate(),convert(char(8),convert (time,getdate())),getdate(),convert(char(8),convert (time,getdate())),'wsv','wsv',?,?,?,?,?,?)
20240812@180151.3010 f0nhmofi2onstrj9ldqt48jsq1 Query : select top 1 fno valor from wsftdata order by fno desc
20240812@180151.3027 f0nhmofi2onstrj9ldqt48jsq1 Query : select 1 valor from information_schema.tables where table_type='base table' and table_name='wstablefields'
20240812@180151.3044 f0nhmofi2onstrj9ldqt48jsq1 Query : select fieldkey,fieldname,fieldtype,calcformula from wstablefields where tablename = 'ft' and documentnumber = 39
20240812@180151.3067 f0nhmofi2onstrj9ldqt48jsq1 Query : select 'normal' from dummy
20240812@180151.3084 f0nhmofi2onstrj9ldqt48jsq1 Query : insert into wsftdata (ftstamp, ousrdata,ousrhora, usrdata,usrhora,ousrinis,usrinis,fno,no,estab,fdata,ndoc,moeda,cambio,cambiofixo,ftano,site ,classe ) values ('aut66ba30309466ba3fff39',getdate(),convert(char(8),convert (time,getdate())),getdate(),convert(char(8),convert (time,getdate())),'wsv','wsv',307,100810,0,'2024-08-12',39,'euro',0,0,2024 ,?,?)
20240812@180151.3545 f0nhmofi2onstrj9ldqt48jsq1 Query : use flama_phc
20240812@180151.3548 f0nhmofi2onstrj9ldqt48jsq1 Query : select st.usalote valor from st where st.ref = '324.1879.00.1'
20240812@180151.3572 f0nhmofi2onstrj9ldqt48jsq1 Query : select top 1 st.tabiva ,st.ivaincl ,st.stns ,st.uni2 ,st.familia ,isnull(tx.taxa, 0) txiva ,unidade ,usalote ,epcpond ,noserie ,conversao ,st.texteis from st left join taxasiva tx on st.tabiva = tx.codigo where st.ref = '324.1879.00.1'
20240812@180151.3726 f0nhmofi2onstrj9ldqt48jsq1 Query : select 1 valor from information_schema.tables where table_type='base table' and table_name='wstablefields'
20240812@180151.3742 f0nhmofi2onstrj9ldqt48jsq1 Query : select fieldkey,fieldname,fieldtype,mandatory from wstablefields where tablename = 'fi' and documentnumber = 39
20240812@180151.3768 f0nhmofi2onstrj9ldqt48jsq1 Query : select 1 valor from information_schema.tables where table_type='base table' and table_name='wstablefields'
20240812@180151.3784 f0nhmofi2onstrj9ldqt48jsq1 Query : select fieldkey,fieldname,fieldtype,mandatory from wstablefields where tablename = 'fi2' and documentnumber = 39
20240812@180151.3793 f0nhmofi2onstrj9ldqt48jsq1 Query : select top 1 convert(numeric(6,2),t.taxa) valor from taxasiva t where t.codigo='2'
20240812@180151.3805 f0nhmofi2onstrj9ldqt48jsq1 Query : select sestamp valor from se where ref ='324.1879.00.1' and lote = 'r2300643200a'
20240812@180151.3831 f0nhmofi2onstrj9ldqt48jsq1 Query : select 1 valor from information_schema.tables where table_type='base table' and table_name='wstablefields'
20240812@180151.3846 f0nhmofi2onstrj9ldqt48jsq1 Query : select fieldkey,fieldname,fieldtype,calcformula from wstablefields where tablename = 'fi2' and documentnumber = 39
20240812@180151.3858 f0nhmofi2onstrj9ldqt48jsq1 Query : insert into wsfi2data (fi2stamp,ftstamp ,ousrdata, ousrhora, usrdata,usrhora,ousrinis,usrinis) values ('aut66ba33887066ba3fff5d','aut66ba30309466ba3fff39' ,getdate(),convert(char(8),convert (time,getdate())),getdate(),convert(char(8),convert (time,getdate())),'wsv','wsv')
20240812@180151.3862 f0nhmofi2onstrj9ldqt48jsq1 Query : select 1 valor from information_schema.tables where table_type='base table' and table_name='wstablefields'
20240812@180151.3877 f0nhmofi2onstrj9ldqt48jsq1 Query : select fieldkey,fieldname,fieldtype,calcformula from wstablefields where tablename = 'fi' and documentnumber = 39
20240812@180151.3904 f0nhmofi2onstrj9ldqt48jsq1 Query : insert into wsfidata (fistamp,ousrdata, ousrhora, usrdata,usrhora,ousrinis,usrinis ,qtt ,ftstamp ,epv,pvmoeda ,tabiva,iva,lordem ,ref, design ,lote,armazem) values ('aut66ba33887066ba3fff5d',getdate(),convert(char(8),convert (time,getdate())),getdate(),convert(char(8),convert (time,getdate())),'wsv','wsv',1.000 ,'aut66ba30309466ba3fff39' ,0,0 ,2,23.00,10000,?,?,?,?)
20240812@180151.4428 f0nhmofi2onstrj9ldqt48jsq1 Query : select 1 valor from information_schema.tables where table_type='base table' and table_name='wstablefields'
20240812@180151.4447 f0nhmofi2onstrj9ldqt48jsq1 Query : select fieldkey,fieldname,fieldtype,mandatory from wstablefields where tablename = 'fi' and documentnumber = 39
20240812@180151.4475 f0nhmofi2onstrj9ldqt48jsq1 Query : select 1 valor from information_schema.tables where table_type='base table' and table_name='wstablefields'
20240812@180151.4490 f0nhmofi2onstrj9ldqt48jsq1 Query : select fieldkey,fieldname,fieldtype,mandatory from wstablefields where tablename = 'fi2' and documentnumber = 39
20240812@180151.4498 f0nhmofi2onstrj9ldqt48jsq1 Query : select top 1 convert(numeric(6,2),t.taxa) valor from taxasiva t where t.codigo='2'
20240812@180151.4512 f0nhmofi2onstrj9ldqt48jsq1 Query : select 1 valor from information_schema.tables where table_type='base table' and table_name='wstablefields'
20240812@180151.4527 f0nhmofi2onstrj9ldqt48jsq1 Query : select fieldkey,fieldname,fieldtype,calcformula from wstablefields where tablename = 'fi2' and documentnumber = 39
20240812@180151.4539 f0nhmofi2onstrj9ldqt48jsq1 Query : insert into wsfi2data (fi2stamp,ftstamp ,ousrdata, ousrhora, usrdata,usrhora,ousrinis,usrinis) values ('aut66ba33389566ba3fff6e','aut66ba30309466ba3fff39' ,getdate(),convert(char(8),convert (time,getdate())),getdate(),convert(char(8),convert (time,getdate())),'wsv','wsv')
20240812@180151.4544 f0nhmofi2onstrj9ldqt48jsq1 Query : select 1 valor from information_schema.tables where table_type='base table' and table_name='wstablefields'
20240812@180151.4559 f0nhmofi2onstrj9ldqt48jsq1 Query : select fieldkey,fieldname,fieldtype,calcformula from wstablefields where tablename = 'fi' and documentnumber = 39
20240812@180151.4590 f0nhmofi2onstrj9ldqt48jsq1 Query : insert into wsfidata (fistamp,ousrdata, ousrhora, usrdata,usrhora,ousrinis,usrinis ,qtt ,ftstamp ,epv,pvmoeda ,tabiva,iva,lordem ,ref, design ,armazem) values ('aut66ba33389566ba3fff6e',getdate(),convert(char(8),convert (time,getdate())),getdate(),convert(char(8),convert (time,getdate())),'wsv','wsv',0 ,'aut66ba30309466ba3fff39' ,0,0 ,2,23.00,20000,?,?,?)
20240812@180151.4859 f0nhmofi2onstrj9ldqt48jsq1 Query : use flama_phc
20240812@180151.4863 f0nhmofi2onstrj9ldqt48jsq1 Query : select st.usalote valor from st where st.ref = '324.1879.00.1'
20240812@180151.4883 f0nhmofi2onstrj9ldqt48jsq1 Query : select top 1 st.tabiva ,st.ivaincl ,st.stns ,st.uni2 ,st.familia ,isnull(tx.taxa, 0) txiva ,unidade ,usalote ,epcpond ,noserie ,conversao ,st.texteis from st left join taxasiva tx on st.tabiva = tx.codigo where st.ref = '324.1879.00.1'
20240812@180151.4897 f0nhmofi2onstrj9ldqt48jsq1 Query : select 1 valor from information_schema.tables where table_type='base table' and table_name='wstablefields'
20240812@180151.4913 f0nhmofi2onstrj9ldqt48jsq1 Query : select fieldkey,fieldname,fieldtype,mandatory from wstablefields where tablename = 'fi' and documentnumber = 39
20240812@180151.4940 f0nhmofi2onstrj9ldqt48jsq1 Query : select 1 valor from information_schema.tables where table_type='base table' and table_name='wstablefields'
20240812@180151.4955 f0nhmofi2onstrj9ldqt48jsq1 Query : select fieldkey,fieldname,fieldtype,mandatory from wstablefields where tablename = 'fi2' and documentnumber = 39
20240812@180151.4964 f0nhmofi2onstrj9ldqt48jsq1 Query : select top 1 convert(numeric(6,2),t.taxa) valor from taxasiva t where t.codigo='2'
20240812@180151.4976 f0nhmofi2onstrj9ldqt48jsq1 Query : select sestamp valor from se where ref ='324.1879.00.1' and lote = 'r2300643200a'
20240812@180151.4989 f0nhmofi2onstrj9ldqt48jsq1 Query : select 1 valor from information_schema.tables where table_type='base table' and table_name='wstablefields'
20240812@180151.5004 f0nhmofi2onstrj9ldqt48jsq1 Query : select fieldkey,fieldname,fieldtype,calcformula from wstablefields where tablename = 'fi2' and documentnumber = 39
20240812@180151.5016 f0nhmofi2onstrj9ldqt48jsq1 Query : insert into wsfi2data (fi2stamp,ftstamp ,ousrdata, ousrhora, usrdata,usrhora,ousrinis,usrinis) values ('aut66ba34467766ba3fff79','aut66ba30309466ba3fff39' ,getdate(),convert(char(8),convert (time,getdate())),getdate(),convert(char(8),convert (time,getdate())),'wsv','wsv')
20240812@180151.5020 f0nhmofi2onstrj9ldqt48jsq1 Query : select 1 valor from information_schema.tables where table_type='base table' and table_name='wstablefields'
20240812@180151.5035 f0nhmofi2onstrj9ldqt48jsq1 Query : select fieldkey,fieldname,fieldtype,calcformula from wstablefields where tablename = 'fi' and documentnumber = 39
20240812@180151.5063 f0nhmofi2onstrj9ldqt48jsq1 Query : insert into wsfidata (fistamp,ousrdata, ousrhora, usrdata,usrhora,ousrinis,usrinis ,qtt ,ftstamp ,epv,pvmoeda ,tabiva,iva,lordem ,ref, design ,lote,armazem) values ('aut66ba34467766ba3fff79',getdate(),convert(char(8),convert (time,getdate())),getdate(),convert(char(8),convert (time,getdate())),'wsv','wsv',8.000 ,'aut66ba30309466ba3fff39' ,0,0 ,2,23.00,40000,?,?,?,?)
20240812@180151.5648 f0nhmofi2onstrj9ldqt48jsq1 Query : select 1 valor from information_schema.tables where table_type='base table' and table_name='wstablefields'
20240812@180151.5666 f0nhmofi2onstrj9ldqt48jsq1 Query : select fieldkey,fieldname,fieldtype,mandatory from wstablefields where tablename = 'fi' and documentnumber = 39
20240812@180151.5693 f0nhmofi2onstrj9ldqt48jsq1 Query : select 1 valor from information_schema.tables where table_type='base table' and table_name='wstablefields'
20240812@180151.5709 f0nhmofi2onstrj9ldqt48jsq1 Query : select fieldkey,fieldname,fieldtype,mandatory from wstablefields where tablename = 'fi2' and documentnumber = 39
20240812@180151.5718 f0nhmofi2onstrj9ldqt48jsq1 Query : select top 1 convert(numeric(6,2),t.taxa) valor from taxasiva t where t.codigo='2'
20240812@180151.5731 f0nhmofi2onstrj9ldqt48jsq1 Query : select 1 valor from information_schema.tables where table_type='base table' and table_name='wstablefields'
20240812@180151.5746 f0nhmofi2onstrj9ldqt48jsq1 Query : select fieldkey,fieldname,fieldtype,calcformula from wstablefields where tablename = 'fi2' and documentnumber = 39
20240812@180151.5758 f0nhmofi2onstrj9ldqt48jsq1 Query : insert into wsfi2data (fi2stamp,ftstamp ,ousrdata, ousrhora, usrdata,usrhora,ousrinis,usrinis) values ('aut66ba30638366ba3fff8b','aut66ba30309466ba3fff39' ,getdate(),convert(char(8),convert (time,getdate())),getdate(),convert(char(8),convert (time,getdate())),'wsv','wsv')
20240812@180151.5762 f0nhmofi2onstrj9ldqt48jsq1 Query : select 1 valor from information_schema.tables where table_type='base table' and table_name='wstablefields'
20240812@180151.5777 f0nhmofi2onstrj9ldqt48jsq1 Query : select fieldkey,fieldname,fieldtype,calcformula from wstablefields where tablename = 'fi' and documentnumber = 39
20240812@180151.5806 f0nhmofi2onstrj9ldqt48jsq1 Query : insert into wsfidata (fistamp,ousrdata, ousrhora, usrdata,usrhora,ousrinis,usrinis ,qtt ,ftstamp ,epv,pvmoeda ,tabiva,iva,lordem ,ref, design ,armazem) values ('aut66ba30638366ba3fff8b',getdate(),convert(char(8),convert (time,getdate())),getdate(),convert(char(8),convert (time,getdate())),'wsv','wsv',0 ,'aut66ba30309466ba3fff39' ,0,0 ,2,23.00,50000,?,?,?)
20240812@180151.6062 f0nhmofi2onstrj9ldqt48jsq1 Query : use flama_phc
20240812@180151.6066 f0nhmofi2onstrj9ldqt48jsq1 Query : select st.usalote valor from st where st.ref = '324.1879.00.1'
20240812@180151.6086 f0nhmofi2onstrj9ldqt48jsq1 Query : select top 1 st.tabiva ,st.ivaincl ,st.stns ,st.uni2 ,st.familia ,isnull(tx.taxa, 0) txiva ,unidade ,usalote ,epcpond ,noserie ,conversao ,st.texteis from st left join taxasiva tx on st.tabiva = tx.codigo where st.ref = '324.1879.00.1'
20240812@180151.6100 f0nhmofi2onstrj9ldqt48jsq1 Query : select 1 valor from information_schema.tables where table_type='base table' and table_name='wstablefields'
20240812@180151.6116 f0nhmofi2onstrj9ldqt48jsq1 Query : select fieldkey,fieldname,fieldtype,mandatory from wstablefields where tablename = 'fi' and documentnumber = 39
20240812@180151.6142 f0nhmofi2onstrj9ldqt48jsq1 Query : select 1 valor from information_schema.tables where table_type='base table' and table_name='wstablefields'
20240812@180151.6157 f0nhmofi2onstrj9ldqt48jsq1 Query : select fieldkey,fieldname,fieldtype,mandatory from wstablefields where tablename = 'fi2' and documentnumber = 39
20240812@180151.6166 f0nhmofi2onstrj9ldqt48jsq1 Query : select top 1 convert(numeric(6,2),t.taxa) valor from taxasiva t where t.codigo='2'
20240812@180151.6179 f0nhmofi2onstrj9ldqt48jsq1 Query : select sestamp valor from se where ref ='324.1879.00.1' and lote = 'r2300643200a'
20240812@180151.6192 f0nhmofi2onstrj9ldqt48jsq1 Query : select 1 valor from information_schema.tables where table_type='base table' and table_name='wstablefields'
20240812@180151.6207 f0nhmofi2onstrj9ldqt48jsq1 Query : select fieldkey,fieldname,fieldtype,calcformula from wstablefields where tablename = 'fi2' and documentnumber = 39
20240812@180151.6219 f0nhmofi2onstrj9ldqt48jsq1 Query : insert into wsfi2data (fi2stamp,ftstamp ,ousrdata, ousrhora, usrdata,usrhora,ousrinis,usrinis) values ('aut66ba32087666ba3fff97','aut66ba30309466ba3fff39' ,getdate(),convert(char(8),convert (time,getdate())),getdate(),convert(char(8),convert (time,getdate())),'wsv','wsv')
20240812@180151.6224 f0nhmofi2onstrj9ldqt48jsq1 Query : select 1 valor from information_schema.tables where table_type='base table' and table_name='wstablefields'
20240812@180151.6238 f0nhmofi2onstrj9ldqt48jsq1 Query : select fieldkey,fieldname,fieldtype,calcformula from wstablefields where tablename = 'fi' and documentnumber = 39
20240812@180151.6268 f0nhmofi2onstrj9ldqt48jsq1 Query : insert into wsfidata (fistamp,ousrdata, ousrhora, usrdata,usrhora,ousrinis,usrinis ,qtt ,ftstamp ,epv,pvmoeda ,tabiva,iva,lordem ,ref, design ,lote,armazem) values ('aut66ba32087666ba3fff97',getdate(),convert(char(8),convert (time,getdate())),getdate(),convert(char(8),convert (time,getdate())),'wsv','wsv',20.000 ,'aut66ba30309466ba3fff39' ,0,0 ,2,23.00,70000,?,?,?,?)
20240812@180151.6510 f0nhmofi2onstrj9ldqt48jsq1 Query : select 1 valor from information_schema.tables where table_type='base table' and table_name='wstablefields'
20240812@180151.6526 f0nhmofi2onstrj9ldqt48jsq1 Query : select fieldkey,fieldname,fieldtype,mandatory from wstablefields where tablename = 'fi' and documentnumber = 39
20240812@180151.6553 f0nhmofi2onstrj9ldqt48jsq1 Query : select 1 valor from information_schema.tables where table_type='base table' and table_name='wstablefields'
20240812@180151.6570 f0nhmofi2onstrj9ldqt48jsq1 Query : select fieldkey,fieldname,fieldtype,mandatory from wstablefields where tablename = 'fi2' and documentnumber = 39
20240812@180151.6579 f0nhmofi2onstrj9ldqt48jsq1 Query : select top 1 convert(numeric(6,2),t.taxa) valor from taxasiva t where t.codigo='2'
20240812@180151.6591 f0nhmofi2onstrj9ldqt48jsq1 Query : select 1 valor from information_schema.tables where table_type='base table' and table_name='wstablefields'
20240812@180151.6606 f0nhmofi2onstrj9ldqt48jsq1 Query : select fieldkey,fieldname,fieldtype,calcformula from wstablefields where tablename = 'fi2' and documentnumber = 39
20240812@180151.6618 f0nhmofi2onstrj9ldqt48jsq1 Query : insert into wsfi2data (fi2stamp,ftstamp ,ousrdata, ousrhora, usrdata,usrhora,ousrinis,usrinis) values ('aut66ba33942566ba3fffa0','aut66ba30309466ba3fff39' ,getdate(),convert(char(8),convert (time,getdate())),getdate(),convert(char(8),convert (time,getdate())),'wsv','wsv')
20240812@180151.6622 f0nhmofi2onstrj9ldqt48jsq1 Query : select 1 valor from information_schema.tables where table_type='base table' and table_name='wstablefields'
20240812@180151.6637 f0nhmofi2onstrj9ldqt48jsq1 Query : select fieldkey,fieldname,fieldtype,calcformula from wstablefields where tablename = 'fi' and documentnumber = 39
20240812@180151.6666 f0nhmofi2onstrj9ldqt48jsq1 Query : insert into wsfidata (fistamp,ousrdata, ousrhora, usrdata,usrhora,ousrinis,usrinis ,qtt ,ftstamp ,epv,pvmoeda ,tabiva,iva,lordem ,ref, design ,armazem) values ('aut66ba33942566ba3fffa0',getdate(),convert(char(8),convert (time,getdate())),getdate(),convert(char(8),convert (time,getdate())),'wsv','wsv',0 ,'aut66ba30309466ba3fff39' ,0,0 ,2,23.00,80000,?,?,?)
20240812@180151.6906 f0nhmofi2onstrj9ldqt48jsq1 Query : use flama_phc
20240812@180151.6910 f0nhmofi2onstrj9ldqt48jsq1 Query : select st.usalote valor from st where st.ref = '324.1879.00.1'
20240812@180151.6929 f0nhmofi2onstrj9ldqt48jsq1 Query : select top 1 st.tabiva ,st.ivaincl ,st.stns ,st.uni2 ,st.familia ,isnull(tx.taxa, 0) txiva ,unidade ,usalote ,epcpond ,noserie ,conversao ,st.texteis from st left join taxasiva tx on st.tabiva = tx.codigo where st.ref = '324.1879.00.1'
20240812@180151.6943 f0nhmofi2onstrj9ldqt48jsq1 Query : select 1 valor from information_schema.tables where table_type='base table' and table_name='wstablefields'
20240812@180151.6959 f0nhmofi2onstrj9ldqt48jsq1 Query : select fieldkey,fieldname,fieldtype,mandatory from wstablefields where tablename = 'fi' and documentnumber = 39
20240812@180151.6987 f0nhmofi2onstrj9ldqt48jsq1 Query : select 1 valor from information_schema.tables where table_type='base table' and table_name='wstablefields'
20240812@180151.7002 f0nhmofi2onstrj9ldqt48jsq1 Query : select fieldkey,fieldname,fieldtype,mandatory from wstablefields where tablename = 'fi2' and documentnumber = 39
20240812@180151.7011 f0nhmofi2onstrj9ldqt48jsq1 Query : select top 1 convert(numeric(6,2),t.taxa) valor from taxasiva t where t.codigo='2'
20240812@180151.7023 f0nhmofi2onstrj9ldqt48jsq1 Query : select sestamp valor from se where ref ='324.1879.00.1' and lote = 'r2300643200a'
20240812@180151.7036 f0nhmofi2onstrj9ldqt48jsq1 Query : select 1 valor from information_schema.tables where table_type='base table' and table_name='wstablefields'
20240812@180151.7051 f0nhmofi2onstrj9ldqt48jsq1 Query : select fieldkey,fieldname,fieldtype,calcformula from wstablefields where tablename = 'fi2' and documentnumber = 39
20240812@180151.7063 f0nhmofi2onstrj9ldqt48jsq1 Query : insert into wsfi2data (fi2stamp,ftstamp ,ousrdata, ousrhora, usrdata,usrhora,ousrinis,usrinis) values ('aut66ba34668666ba3fffab','aut66ba30309466ba3fff39' ,getdate(),convert(char(8),convert (time,getdate())),getdate(),convert(char(8),convert (time,getdate())),'wsv','wsv')
20240812@180151.7067 f0nhmofi2onstrj9ldqt48jsq1 Query : select 1 valor from information_schema.tables where table_type='base table' and table_name='wstablefields'
20240812@180151.7082 f0nhmofi2onstrj9ldqt48jsq1 Query : select fieldkey,fieldname,fieldtype,calcformula from wstablefields where tablename = 'fi' and documentnumber = 39
20240812@180151.7111 f0nhmofi2onstrj9ldqt48jsq1 Query : insert into wsfidata (fistamp,ousrdata, ousrhora, usrdata,usrhora,ousrinis,usrinis ,qtt ,ftstamp ,epv,pvmoeda ,tabiva,iva,lordem ,ref, design ,lote,armazem) values ('aut66ba34668666ba3fffab',getdate(),convert(char(8),convert (time,getdate())),getdate(),convert(char(8),convert (time,getdate())),'wsv','wsv',20.000 ,'aut66ba30309466ba3fff39' ,0,0 ,2,23.00,100000,?,?,?,?)
20240812@180151.7364 f0nhmofi2onstrj9ldqt48jsq1 Query : select 1 valor from information_schema.tables where table_type='base table' and table_name='wstablefields'
20240812@180151.7380 f0nhmofi2onstrj9ldqt48jsq1 Query : select fieldkey,fieldname,fieldtype,mandatory from wstablefields where tablename = 'fi' and documentnumber = 39
20240812@180151.7407 f0nhmofi2onstrj9ldqt48jsq1 Query : select 1 valor from information_schema.tables where table_type='base table' and table_name='wstablefields'
20240812@180151.7421 f0nhmofi2onstrj9ldqt48jsq1 Query : select fieldkey,fieldname,fieldtype,mandatory from wstablefields where tablename = 'fi2' and documentnumber = 39
20240812@180151.7430 f0nhmofi2onstrj9ldqt48jsq1 Query : select top 1 convert(numeric(6,2),t.taxa) valor from taxasiva t where t.codigo='2'
20240812@180151.7442 f0nhmofi2onstrj9ldqt48jsq1 Query : select 1 valor from information_schema.tables where table_type='base table' and table_name='wstablefields'
20240812@180151.7458 f0nhmofi2onstrj9ldqt48jsq1 Query : select fieldkey,fieldname,fieldtype,calcformula from wstablefields where tablename = 'fi2' and documentnumber = 39
20240812@180151.7471 f0nhmofi2onstrj9ldqt48jsq1 Query : insert into wsfi2data (fi2stamp,ftstamp ,ousrdata, ousrhora, usrdata,usrhora,ousrinis,usrinis) values ('aut66ba36647566ba3fffb5','aut66ba30309466ba3fff39' ,getdate(),convert(char(8),convert (time,getdate())),getdate(),convert(char(8),convert (time,getdate())),'wsv','wsv')
20240812@180151.7475 f0nhmofi2onstrj9ldqt48jsq1 Query : select 1 valor from information_schema.tables where table_type='base table' and table_name='wstablefields'
20240812@180151.7490 f0nhmofi2onstrj9ldqt48jsq1 Query : select fieldkey,fieldname,fieldtype,calcformula from wstablefields where tablename = 'fi' and documentnumber = 39
20240812@180151.7519 f0nhmofi2onstrj9ldqt48jsq1 Query : insert into wsfidata (fistamp,ousrdata, ousrhora, usrdata,usrhora,ousrinis,usrinis ,qtt ,ftstamp ,epv,pvmoeda ,tabiva,iva,lordem ,ref, design ,armazem) values ('aut66ba36647566ba3fffb5',getdate(),convert(char(8),convert (time,getdate())),getdate(),convert(char(8),convert (time,getdate())),'wsv','wsv',0 ,'aut66ba30309466ba3fff39' ,0,0 ,2,23.00,110000,?,?,?)
20240812@180151.7767 f0nhmofi2onstrj9ldqt48jsq1 Query : use flama_phc
20240812@180151.7770 f0nhmofi2onstrj9ldqt48jsq1 Query : select st.usalote valor from st where st.ref = '324.1879.00.1'
20240812@180151.7790 f0nhmofi2onstrj9ldqt48jsq1 Query : select top 1 st.tabiva ,st.ivaincl ,st.stns ,st.uni2 ,st.familia ,isnull(tx.taxa, 0) txiva ,unidade ,usalote ,epcpond ,noserie ,conversao ,st.texteis from st left join taxasiva tx on st.tabiva = tx.codigo where st.ref = '324.1879.00.1'
20240812@180151.7804 f0nhmofi2onstrj9ldqt48jsq1 Query : select 1 valor from information_schema.tables where table_type='base table' and table_name='wstablefields'
20240812@180151.7821 f0nhmofi2onstrj9ldqt48jsq1 Query : select fieldkey,fieldname,fieldtype,mandatory from wstablefields where tablename = 'fi' and documentnumber = 39
20240812@180151.7847 f0nhmofi2onstrj9ldqt48jsq1 Query : select 1 valor from information_schema.tables where table_type='base table' and table_name='wstablefields'
20240812@180151.7863 f0nhmofi2onstrj9ldqt48jsq1 Query : select fieldkey,fieldname,fieldtype,mandatory from wstablefields where tablename = 'fi2' and documentnumber = 39
20240812@180151.7872 f0nhmofi2onstrj9ldqt48jsq1 Query : select top 1 convert(numeric(6,2),t.taxa) valor from taxasiva t where t.codigo='2'
20240812@180151.7884 f0nhmofi2onstrj9ldqt48jsq1 Query : select sestamp valor from se where ref ='324.1879.00.1' and lote = 'r2300643200a'
20240812@180151.7897 f0nhmofi2onstrj9ldqt48jsq1 Query : select 1 valor from information_schema.tables where table_type='base table' and table_name='wstablefields'
20240812@180151.7912 f0nhmofi2onstrj9ldqt48jsq1 Query : select fieldkey,fieldname,fieldtype,calcformula from wstablefields where tablename = 'fi2' and documentnumber = 39
20240812@180151.7923 f0nhmofi2onstrj9ldqt48jsq1 Query : insert into wsfi2data (fi2stamp,ftstamp ,ousrdata, ousrhora, usrdata,usrhora,ousrinis,usrinis) values ('aut66ba36411966ba3fffc0','aut66ba30309466ba3fff39' ,getdate(),convert(char(8),convert (time,getdate())),getdate(),convert(char(8),convert (time,getdate())),'wsv','wsv')
20240812@180151.7927 f0nhmofi2onstrj9ldqt48jsq1 Query : select 1 valor from information_schema.tables where table_type='base table' and table_name='wstablefields'
20240812@180151.7943 f0nhmofi2onstrj9ldqt48jsq1 Query : select fieldkey,fieldname,fieldtype,calcformula from wstablefields where tablename = 'fi' and documentnumber = 39
20240812@180151.7972 f0nhmofi2onstrj9ldqt48jsq1 Query : insert into wsfidata (fistamp,ousrdata, ousrhora, usrdata,usrhora,ousrinis,usrinis ,qtt ,ftstamp ,epv,pvmoeda ,tabiva,iva,lordem ,ref, design ,lote,armazem) values ('aut66ba36411966ba3fffc0',getdate(),convert(char(8),convert (time,getdate())),getdate(),convert(char(8),convert (time,getdate())),'wsv','wsv',1.000 ,'aut66ba30309466ba3fff39' ,0,0 ,2,23.00,130000,?,?,?,?)
20240812@180151.8219 f0nhmofi2onstrj9ldqt48jsq1 Query : select 1 valor from information_schema.tables where table_type='base table' and table_name='wstablefields'
20240812@180151.8235 f0nhmofi2onstrj9ldqt48jsq1 Query : select fieldkey,fieldname,fieldtype,mandatory from wstablefields where tablename = 'fi' and documentnumber = 39
20240812@180151.8263 f0nhmofi2onstrj9ldqt48jsq1 Query : select 1 valor from information_schema.tables where table_type='base table' and table_name='wstablefields'
20240812@180151.8278 f0nhmofi2onstrj9ldqt48jsq1 Query : select fieldkey,fieldname,fieldtype,mandatory from wstablefields where tablename = 'fi2' and documentnumber = 39
20240812@180151.8287 f0nhmofi2onstrj9ldqt48jsq1 Query : select top 1 convert(numeric(6,2),t.taxa) valor from taxasiva t where t.codigo='2'
20240812@180151.8300 f0nhmofi2onstrj9ldqt48jsq1 Query : select 1 valor from information_schema.tables where table_type='base table' and table_name='wstablefields'
20240812@180151.8315 f0nhmofi2onstrj9ldqt48jsq1 Query : select fieldkey,fieldname,fieldtype,calcformula from wstablefields where tablename = 'fi2' and documentnumber = 39
20240812@180151.8327 f0nhmofi2onstrj9ldqt48jsq1 Query : insert into wsfi2data (fi2stamp,ftstamp ,ousrdata, ousrhora, usrdata,usrhora,ousrinis,usrinis) values ('aut66ba34058466ba3fffca','aut66ba30309466ba3fff39' ,getdate(),convert(char(8),convert (time,getdate())),getdate(),convert(char(8),convert (time,getdate())),'wsv','wsv')
20240812@180151.8331 f0nhmofi2onstrj9ldqt48jsq1 Query : select 1 valor from information_schema.tables where table_type='base table' and table_name='wstablefields'
20240812@180151.8346 f0nhmofi2onstrj9ldqt48jsq1 Query : select fieldkey,fieldname,fieldtype,calcformula from wstablefields where tablename = 'fi' and documentnumber = 39
20240812@180151.8376 f0nhmofi2onstrj9ldqt48jsq1 Query : insert into wsfidata (fistamp,ousrdata, ousrhora, usrdata,usrhora,ousrinis,usrinis ,qtt ,ftstamp ,epv,pvmoeda ,tabiva,iva,lordem ,ref, design ,armazem) values ('aut66ba34058466ba3fffca',getdate(),convert(char(8),convert (time,getdate())),getdate(),convert(char(8),convert (time,getdate())),'wsv','wsv',0 ,'aut66ba30309466ba3fff39' ,0,0 ,2,23.00,140000,?,?,?)
20240812@180151.8646 f0nhmofi2onstrj9ldqt48jsq1 Query : use flama_phc
20240812@180151.8650 f0nhmofi2onstrj9ldqt48jsq1 Query : select st.usalote valor from st where st.ref = '324.1879.00.1'
20240812@180151.8669 f0nhmofi2onstrj9ldqt48jsq1 Query : select top 1 st.tabiva ,st.ivaincl ,st.stns ,st.uni2 ,st.familia ,isnull(tx.taxa, 0) txiva ,unidade ,usalote ,epcpond ,noserie ,conversao ,st.texteis from st left join taxasiva tx on st.tabiva = tx.codigo where st.ref = '324.1879.00.1'
20240812@180151.8682 f0nhmofi2onstrj9ldqt48jsq1 Query : select 1 valor from information_schema.tables where table_type='base table' and table_name='wstablefields'
20240812@180151.8699 f0nhmofi2onstrj9ldqt48jsq1 Query : select fieldkey,fieldname,fieldtype,mandatory from wstablefields where tablename = 'fi' and documentnumber = 39
20240812@180151.8724 f0nhmofi2onstrj9ldqt48jsq1 Query : select 1 valor from information_schema.tables where table_type='base table' and table_name='wstablefields'
20240812@180151.8740 f0nhmofi2onstrj9ldqt48jsq1 Query : select fieldkey,fieldname,fieldtype,mandatory from wstablefields where tablename = 'fi2' and documentnumber = 39
20240812@180151.8752 f0nhmofi2onstrj9ldqt48jsq1 Query : select top 1 convert(numeric(6,2),t.taxa) valor from taxasiva t where t.codigo='2'
20240812@180151.8766 f0nhmofi2onstrj9ldqt48jsq1 Query : select sestamp valor from se where ref ='324.1879.00.1' and lote = 'r2300643200a'
20240812@180151.8781 f0nhmofi2onstrj9ldqt48jsq1 Query : select 1 valor from information_schema.tables where table_type='base table' and table_name='wstablefields'
20240812@180151.8797 f0nhmofi2onstrj9ldqt48jsq1 Query : select fieldkey,fieldname,fieldtype,calcformula from wstablefields where tablename = 'fi2' and documentnumber = 39
20240812@180151.8808 f0nhmofi2onstrj9ldqt48jsq1 Query : insert into wsfi2data (fi2stamp,ftstamp ,ousrdata, ousrhora, usrdata,usrhora,ousrinis,usrinis) values ('aut66ba31606866ba3fffd6','aut66ba30309466ba3fff39' ,getdate(),convert(char(8),convert (time,getdate())),getdate(),convert(char(8),convert (time,getdate())),'wsv','wsv')
20240812@180151.8813 f0nhmofi2onstrj9ldqt48jsq1 Query : select 1 valor from information_schema.tables where table_type='base table' and table_name='wstablefields'
20240812@180151.8827 f0nhmofi2onstrj9ldqt48jsq1 Query : select fieldkey,fieldname,fieldtype,calcformula from wstablefields where tablename = 'fi' and documentnumber = 39
20240812@180151.8854 f0nhmofi2onstrj9ldqt48jsq1 Query : insert into wsfidata (fistamp,ousrdata, ousrhora, usrdata,usrhora,ousrinis,usrinis ,qtt ,ftstamp ,epv,pvmoeda ,tabiva,iva,lordem ,ref, design ,lote,armazem) values ('aut66ba31606866ba3fffd6',getdate(),convert(char(8),convert (time,getdate())),getdate(),convert(char(8),convert (time,getdate())),'wsv','wsv',20.000 ,'aut66ba30309466ba3fff39' ,0,0 ,2,23.00,160000,?,?,?,?)
20240812@180151.9118 f0nhmofi2onstrj9ldqt48jsq1 Query : select 1 valor from information_schema.tables where table_type='base table' and table_name='wstablefields'
20240812@180151.9134 f0nhmofi2onstrj9ldqt48jsq1 Query : select fieldkey,fieldname,fieldtype,mandatory from wstablefields where tablename = 'fi' and documentnumber = 39
20240812@180151.9159 f0nhmofi2onstrj9ldqt48jsq1 Query : select 1 valor from information_schema.tables where table_type='base table' and table_name='wstablefields'
20240812@180151.9174 f0nhmofi2onstrj9ldqt48jsq1 Query : select fieldkey,fieldname,fieldtype,mandatory from wstablefields where tablename = 'fi2' and documentnumber = 39
20240812@180151.9182 f0nhmofi2onstrj9ldqt48jsq1 Query : select top 1 convert(numeric(6,2),t.taxa) valor from taxasiva t where t.codigo='2'
20240812@180151.9194 f0nhmofi2onstrj9ldqt48jsq1 Query : select 1 valor from information_schema.tables where table_type='base table' and table_name='wstablefields'
20240812@180151.9208 f0nhmofi2onstrj9ldqt48jsq1 Query : select fieldkey,fieldname,fieldtype,calcformula from wstablefields where tablename = 'fi2' and documentnumber = 39
20240812@180151.9219 f0nhmofi2onstrj9ldqt48jsq1 Query : insert into wsfi2data (fi2stamp,ftstamp ,ousrdata, ousrhora, usrdata,usrhora,ousrinis,usrinis) values ('aut66ba36020866ba3fffe0','aut66ba30309466ba3fff39' ,getdate(),convert(char(8),convert (time,getdate())),getdate(),convert(char(8),convert (time,getdate())),'wsv','wsv')
20240812@180151.9223 f0nhmofi2onstrj9ldqt48jsq1 Query : select 1 valor from information_schema.tables where table_type='base table' and table_name='wstablefields'
20240812@180151.9237 f0nhmofi2onstrj9ldqt48jsq1 Query : select fieldkey,fieldname,fieldtype,calcformula from wstablefields where tablename = 'fi' and documentnumber = 39
20240812@180151.9264 f0nhmofi2onstrj9ldqt48jsq1 Query : insert into wsfidata (fistamp,ousrdata, ousrhora, usrdata,usrhora,ousrinis,usrinis ,qtt ,ftstamp ,epv,pvmoeda ,tabiva,iva,lordem ,ref, design ,armazem) values ('aut66ba36020866ba3fffe0',getdate(),convert(char(8),convert (time,getdate())),getdate(),convert(char(8),convert (time,getdate())),'wsv','wsv',0 ,'aut66ba30309466ba3fff39' ,0,0 ,2,23.00,170000,?,?,?)
20240812@180151.9514 f0nhmofi2onstrj9ldqt48jsq1 Query : insert into wsftcreationlog (initialftstamp,externalid,creationstatus,documenttypeid,idustamp) values ('aut66ba30309466ba3fff39','2405346','wait',39,'adm09112754980.682000002')
20240812@180151.9582 f0nhmofi2onstrj9ldqt48jsq1 Query : use flama_phc
20240812@180151.9585 f0nhmofi2onstrj9ldqt48jsq1 Query : update u_wsusers set rqsttoken =? where userid ='userls001'
20240812@180151.9613 f0nhmofi2onstrj9ldqt48jsq1 Query : select concat(rtrim(relative_path),ltrim(name_new)) as valor from uploadfiles where uploadfile_id='1489';
20240812@180151.9637 f0nhmofi2onstrj9ldqt48jsq1 Query : update uploadfiles set whenupdated=current_timestamp where uploadfile_id='1489';
20240812@180151.9672 f0nhmofi2onstrj9ldqt48jsq1 Query : select concat(rtrim(relative_path),ltrim(name_new)) as valor from uploadfiles where uploadfile_id='1489';
20240812@180151.9693 f0nhmofi2onstrj9ldqt48jsq1 Query : update uploadfiles set whenupdated=current_timestamp where uploadfile_id='1489';
20240812@180152.8160 5km25ujo532s2micnvaan86p5o Query : insert into uploadfiles ( name_original, name_new, option_type, relative_path, whencreated ) values ( ?, ?, ?, ?, getdate() )
20240812@180152.8270 5km25ujo532s2micnvaan86p5o Query : select uploadfile_id valor from uploadfiles where name_new = ? and option_type = ? 
20240812@180152.8770 5km25ujo532s2micnvaan86p5o Query : select concat(rtrim(relative_path),ltrim(name_new)) as valor from uploadfiles where uploadfile_id='1490';
20240812@180152.9280 5km25ujo532s2micnvaan86p5o Query : update uploadfiles set whenupdated=current_timestamp where uploadfile_id='1490';
20240812@180152.9790 5km25ujo532s2micnvaan86p5o Query : select concat(rtrim(relative_path),ltrim(name_new)) as valor from uploadfiles where uploadfile_id='1490';
20240812@180152.1003 5km25ujo532s2micnvaan86p5o Query : update uploadfiles set whenupdated=current_timestamp where uploadfile_id='1490';
20240812@180152.1054 5km25ujo532s2micnvaan86p5o Query : use flama_phc
20240812@180152.1057 5km25ujo532s2micnvaan86p5o Query : select top 1 secretkey valor from u_wsusers u where u.userid = ? and u.inactivo=0
20240812@180152.1120 5km25ujo532s2micnvaan86p5o Query : use flama_phc
20240812@180152.1123 5km25ujo532s2micnvaan86p5o Query : select no, estab,szadrsdesc from szadrs where u_coddest=4740
20240812@180152.1164 5km25ujo532s2micnvaan86p5o Query : select top 1 isnull(design,'') valor from st (nolock) left join stobs (nolock) on st.ref = stobs.ref where st.ref = '324.2907.00.1'
20240812@180152.1330 5km25ujo532s2micnvaan86p5o Query : use flama_phc
20240812@180152.1333 5km25ujo532s2micnvaan86p5o Query : select top 1 convert(date,fdata) valor from ft where ndoc = 39 and anulado= 0 and fno>0 order by fdata desc
20240812@180152.1366 5km25ujo532s2micnvaan86p5o Query : use flama_phc
20240812@180152.1369 5km25ujo532s2micnvaan86p5o Query : select top 1 1 valor from td where td.ndoc = 39
20240812@180152.1400 5km25ujo532s2micnvaan86p5o Query : use flama_phc
20240812@180152.1403 5km25ujo532s2micnvaan86p5o Query : select lower(descricao) descricao ,case when valor='s' then 1 else 0 end valor from para1 where descricao in ('st_lote','st_usalogifunc', 'st_grelha')
20240812@180152.1432 5km25ujo532s2micnvaan86p5o Query : select top 1 manternumero ,assinadoc issigned ,tiposaft ,assinaimp ,nmdos ,td.assinadoc ,'cl' origin ,lancasl stocks ,case when cmsl<50 and td.lancasl=1 then 1 else 0 end entrada ,case when cmsl>50 and td.lancasl=1 then 1 else 0 end saida ,temserie assets ,~semgre usegridfields from td inner join td2 on td.tdstamp=td2.td2stamp where td.ndoc = 1
20240812@180152.1466 5km25ujo532s2micnvaan86p5o Query : use flama_phc
20240812@180152.1469 5km25ujo532s2micnvaan86p5o Query : select top 1 ~inactivo valor from cl where no = '100810' and estab = 0 order by inactivo desc
20240812@180152.1501 5km25ujo532s2micnvaan86p5o Query : use flama_phc
20240812@180152.1504 5km25ujo532s2micnvaan86p5o Query : select top 1 tipodoc,regrd from td where ndoc = 39
20240812@180152.1534 5km25ujo532s2micnvaan86p5o Query : use flama_phc
20240812@180152.1537 5km25ujo532s2micnvaan86p5o Query : select szadrsstamp valor from szadrs where szadrsdesc='espaÇotrans,lda'
20240812@180152.1578 5km25ujo532s2micnvaan86p5o Query : use flama_phc
20240812@180152.1581 5km25ujo532s2micnvaan86p5o Query : select szadrsstamp valor from szadrs where szadrsdesc='100810 - worten-equipamentos para o lar,sa.'
20240812@180152.1631 5km25ujo532s2micnvaan86p5o Query : use flama_phc
20240812@180152.1635 5km25ujo532s2micnvaan86p5o Query : select 1 valor from td where ndoc = 39
20240812@180152.1646 5km25ujo532s2micnvaan86p5o Query : select top 1 manternumero, tiposaft, nmdos,td.assinadoc from td where td.ndoc = 39
20240812@180152.1660 5km25ujo532s2micnvaan86p5o Query : select 1 valor from information_schema.tables where table_type='base table' and table_name='wstablefields'
20240812@180152.1677 5km25ujo532s2micnvaan86p5o Query : select fieldkey,fieldname,fieldtype,mandatory from wstablefields where tablename = 'ft' and documentnumber = 39
20240812@180152.1697 5km25ujo532s2micnvaan86p5o Query : select 1 valor from information_schema.tables where table_type='base table' and table_name='wstablefields'
20240812@180152.1711 5km25ujo532s2micnvaan86p5o Query : select fieldkey,fieldname,fieldtype,mandatory from wstablefields where tablename = 'ft2' and documentnumber = 39
20240812@180152.1738 5km25ujo532s2micnvaan86p5o Query : select 1 valor from information_schema.tables where table_type='base table' and table_name='wstablefields'
20240812@180152.1752 5km25ujo532s2micnvaan86p5o Query : select fieldkey,fieldname,fieldtype,mandatory from wstablefields where tablename = 'ft3' and documentnumber = 39
20240812@180152.1764 5km25ujo532s2micnvaan86p5o Query : select top 1 ft.fno valor from ft ft where ft.ndoc = 39 and ftano=2024 order by fno desc
20240812@180152.1834 5km25ujo532s2micnvaan86p5o Query : select top 1 ft.fno valor from wsftdata ft where ft.ndoc = 39 and ftano=2024 order by fno desc
20240812@180152.1847 5km25ujo532s2micnvaan86p5o Query : select 1 valor from information_schema.tables where table_type='base table' and table_name='wstablefields'
20240812@180152.1861 5km25ujo532s2micnvaan86p5o Query : select fieldkey,fieldname,fieldtype,calcformula from wstablefields where tablename = 'ft3' and documentnumber = 39
20240812@180152.1877 5km25ujo532s2micnvaan86p5o Query : insert into wsft3data (ft3stamp, ousrdata, ousrhora, usrdata,usrhora,ousrinis,usrinis,taxpointdt ) values ('aut66ba42771266ba40002b' ,getdate(),convert(char(8),convert (time,getdate())),getdate(),convert(char(8),convert (time,getdate())),'wsv','wsv',?)
20240812@180152.2054 5km25ujo532s2micnvaan86p5o Query : select 1 valor from information_schema.tables where table_type='base table' and table_name='wstablefields'
20240812@180152.2069 5km25ujo532s2micnvaan86p5o Query : select fieldkey,fieldname,fieldtype,calcformula from wstablefields where tablename = 'ft2' and documentnumber = 39
20240812@180152.2101 5km25ujo532s2micnvaan86p5o Query : select top 1 bo.u_nomeenv valor from bo where bo.bostamp=''
20240812@180152.2113 5km25ujo532s2micnvaan86p5o Query : select top 1 bo.u_moradaen valor from bo where bo.bostamp=''
20240812@180152.2124 5km25ujo532s2micnvaan86p5o Query : select top 1 bo.u_codposen valor from bo where bo.bostamp=''
20240812@180152.2136 5km25ujo532s2micnvaan86p5o Query : select top 1 bo.u_localenv valor from bo where bo.bostamp=''
20240812@180152.2149 5km25ujo532s2micnvaan86p5o Query : select top 1 bo.trab5 valor from bo where bo.bostamp=''
20240812@180152.2161 5km25ujo532s2micnvaan86p5o Query : select top 1 bo.serie valor from bo where bo.bostamp=''
20240812@180152.2172 5km25ujo532s2micnvaan86p5o Query : insert into wsft2data (ft2stamp, ousrdata,ousrhora, usrdata,usrhora,ousrinis,usrinis,u_nomeenv ,u_moradaen ,u_codposen ,u_localenv ,u_coddest ,u_codby ) values ('aut66ba42771266ba40002b',getdate(),convert(char(8),convert (time,getdate())),getdate(),convert(char(8),convert (time,getdate())),'wsv','wsv',?,?,?,?,?,?)
20240812@180152.2418 5km25ujo532s2micnvaan86p5o Query : select top 1 fno valor from wsftdata order by fno desc
20240812@180152.2436 5km25ujo532s2micnvaan86p5o Query : select 1 valor from information_schema.tables where table_type='base table' and table_name='wstablefields'
20240812@180152.2453 5km25ujo532s2micnvaan86p5o Query : select fieldkey,fieldname,fieldtype,calcformula from wstablefields where tablename = 'ft' and documentnumber = 39
20240812@180152.2476 5km25ujo532s2micnvaan86p5o Query : select 'normal' from dummy
20240812@180152.2491 5km25ujo532s2micnvaan86p5o Query : insert into wsftdata (ftstamp, ousrdata,ousrhora, usrdata,usrhora,ousrinis,usrinis,fno,no,estab,fdata,ndoc,moeda,cambio,cambiofixo,ftano,site ,classe ) values ('aut66ba42771266ba40002b',getdate(),convert(char(8),convert (time,getdate())),getdate(),convert(char(8),convert (time,getdate())),'wsv','wsv',308,100810,0,'2024-08-12',39,'euro',0,0,2024 ,?,?)
20240812@180152.2776 5km25ujo532s2micnvaan86p5o Query : use flama_phc
20240812@180152.2779 5km25ujo532s2micnvaan86p5o Query : select st.usalote valor from st where st.ref = '324.2907.00.1'
20240812@180152.2801 5km25ujo532s2micnvaan86p5o Query : select top 1 st.tabiva ,st.ivaincl ,st.stns ,st.uni2 ,st.familia ,isnull(tx.taxa, 0) txiva ,unidade ,usalote ,epcpond ,noserie ,conversao ,st.texteis from st left join taxasiva tx on st.tabiva = tx.codigo where st.ref = '324.2907.00.1'
20240812@180152.2947 5km25ujo532s2micnvaan86p5o Query : select 1 valor from information_schema.tables where table_type='base table' and table_name='wstablefields'
20240812@180152.2963 5km25ujo532s2micnvaan86p5o Query : select fieldkey,fieldname,fieldtype,mandatory from wstablefields where tablename = 'fi' and documentnumber = 39
20240812@180152.2994 5km25ujo532s2micnvaan86p5o Query : select 1 valor from information_schema.tables where table_type='base table' and table_name='wstablefields'
20240812@180152.3009 5km25ujo532s2micnvaan86p5o Query : select fieldkey,fieldname,fieldtype,mandatory from wstablefields where tablename = 'fi2' and documentnumber = 39
20240812@180152.3019 5km25ujo532s2micnvaan86p5o Query : select top 1 convert(numeric(6,2),t.taxa) valor from taxasiva t where t.codigo='2'
20240812@180152.3031 5km25ujo532s2micnvaan86p5o Query : select sestamp valor from se where ref ='324.2907.00.1' and lote = 'r2400091200a'
20240812@180152.3054 5km25ujo532s2micnvaan86p5o Query : select 1 valor from information_schema.tables where table_type='base table' and table_name='wstablefields'
20240812@180152.3069 5km25ujo532s2micnvaan86p5o Query : select fieldkey,fieldname,fieldtype,calcformula from wstablefields where tablename = 'fi2' and documentnumber = 39
20240812@180152.3081 5km25ujo532s2micnvaan86p5o Query : insert into wsfi2data (fi2stamp,ftstamp ,ousrdata, ousrhora, usrdata,usrhora,ousrinis,usrinis) values ('aut66ba42034066ba40004a','aut66ba42771266ba40002b' ,getdate(),convert(char(8),convert (time,getdate())),getdate(),convert(char(8),convert (time,getdate())),'wsv','wsv')
20240812@180152.3093 5km25ujo532s2micnvaan86p5o Query : select 1 valor from information_schema.tables where table_type='base table' and table_name='wstablefields'
20240812@180152.3108 5km25ujo532s2micnvaan86p5o Query : select fieldkey,fieldname,fieldtype,calcformula from wstablefields where tablename = 'fi' and documentnumber = 39
20240812@180152.3139 5km25ujo532s2micnvaan86p5o Query : insert into wsfidata (fistamp,ousrdata, ousrhora, usrdata,usrhora,ousrinis,usrinis ,qtt ,ftstamp ,epv,pvmoeda ,tabiva,iva,lordem ,ref, design ,lote,armazem) values ('aut66ba42034066ba40004a',getdate(),convert(char(8),convert (time,getdate())),getdate(),convert(char(8),convert (time,getdate())),'wsv','wsv',60.000 ,'aut66ba42771266ba40002b' ,0,0 ,2,23.00,10000,?,?,?,?)
20240812@180152.3409 5km25ujo532s2micnvaan86p5o Query : insert into wsftcreationlog (initialftstamp,externalid,creationstatus,documenttypeid,idustamp) values ('aut66ba42771266ba40002b','2405347','wait',39,'adm09112754980.682000002')
20240812@180152.3495 5km25ujo532s2micnvaan86p5o Query : use flama_phc
20240812@180152.3499 5km25ujo532s2micnvaan86p5o Query : update u_wsusers set rqsttoken =? where userid ='userls001'
20240812@180152.3532 5km25ujo532s2micnvaan86p5o Query : select concat(rtrim(relative_path),ltrim(name_new)) as valor from uploadfiles where uploadfile_id='1490';
20240812@180152.3563 5km25ujo532s2micnvaan86p5o Query : update uploadfiles set whenupdated=current_timestamp where uploadfile_id='1490';
20240812@180152.3607 5km25ujo532s2micnvaan86p5o Query : select concat(rtrim(relative_path),ltrim(name_new)) as valor from uploadfiles where uploadfile_id='1490';
20240812@180152.3633 5km25ujo532s2micnvaan86p5o Query : update uploadfiles set whenupdated=current_timestamp where uploadfile_id='1490';
20240812@180152.4212 gnqq6t1i1al1in2c2ssdufkcpu Query : insert into uploadfiles ( name_original, name_new, option_type, relative_path, whencreated ) values ( ?, ?, ?, ?, getdate() )
20240812@180152.4225 gnqq6t1i1al1in2c2ssdufkcpu Query : select uploadfile_id valor from uploadfiles where name_new = ? and option_type = ? 
20240812@180152.4276 gnqq6t1i1al1in2c2ssdufkcpu Query : select concat(rtrim(relative_path),ltrim(name_new)) as valor from uploadfiles where uploadfile_id='1491';
20240812@180152.4337 gnqq6t1i1al1in2c2ssdufkcpu Query : update uploadfiles set whenupdated=current_timestamp where uploadfile_id='1491';
20240812@180152.4385 gnqq6t1i1al1in2c2ssdufkcpu Query : select concat(rtrim(relative_path),ltrim(name_new)) as valor from uploadfiles where uploadfile_id='1491';
20240812@180152.4410 gnqq6t1i1al1in2c2ssdufkcpu Query : update uploadfiles set whenupdated=current_timestamp where uploadfile_id='1491';
20240812@180152.4457 gnqq6t1i1al1in2c2ssdufkcpu Query : use flama_phc
20240812@180152.4460 gnqq6t1i1al1in2c2ssdufkcpu Query : select top 1 secretkey valor from u_wsusers u where u.userid = ? and u.inactivo=0
20240812@180152.4546 gnqq6t1i1al1in2c2ssdufkcpu Query : use flama_phc
20240812@180152.4549 gnqq6t1i1al1in2c2ssdufkcpu Query : select no, estab,szadrsdesc from szadrs where u_coddest=4740
20240812@180152.4589 gnqq6t1i1al1in2c2ssdufkcpu Query : select top 1 isnull(design,'') valor from st (nolock) left join stobs (nolock) on st.ref = stobs.ref where st.ref = '324.1833.00.2'
20240812@180152.4762 gnqq6t1i1al1in2c2ssdufkcpu Query : select top 1 isnull(design,'') valor from st (nolock) left join stobs (nolock) on st.ref = stobs.ref where st.ref = '324.1833.00.2'
20240812@180152.4794 gnqq6t1i1al1in2c2ssdufkcpu Query : select top 1 isnull(design,'') valor from st (nolock) left join stobs (nolock) on st.ref = stobs.ref where st.ref = '324.1833.00.2'
20240812@180152.5971 gnqq6t1i1al1in2c2ssdufkcpu Query : select top 1 isnull(design,'') valor from st (nolock) left join stobs (nolock) on st.ref = stobs.ref where st.ref = '324.1833.00.2'
20240812@180152.5997 gnqq6t1i1al1in2c2ssdufkcpu Query : use flama_phc
20240812@180152.6001 gnqq6t1i1al1in2c2ssdufkcpu Query : select top 1 convert(date,fdata) valor from ft where ndoc = 39 and anulado= 0 and fno>0 order by fdata desc
20240812@180152.6034 gnqq6t1i1al1in2c2ssdufkcpu Query : use flama_phc
20240812@180152.6037 gnqq6t1i1al1in2c2ssdufkcpu Query : select top 1 1 valor from td where td.ndoc = 39
20240812@180152.6068 gnqq6t1i1al1in2c2ssdufkcpu Query : use flama_phc
20240812@180152.6071 gnqq6t1i1al1in2c2ssdufkcpu Query : select lower(descricao) descricao ,case when valor='s' then 1 else 0 end valor from para1 where descricao in ('st_lote','st_usalogifunc', 'st_grelha')
20240812@180152.6100 gnqq6t1i1al1in2c2ssdufkcpu Query : select top 1 manternumero ,assinadoc issigned ,tiposaft ,assinaimp ,nmdos ,td.assinadoc ,'cl' origin ,lancasl stocks ,case when cmsl<50 and td.lancasl=1 then 1 else 0 end entrada ,case when cmsl>50 and td.lancasl=1 then 1 else 0 end saida ,temserie assets ,~semgre usegridfields from td inner join td2 on td.tdstamp=td2.td2stamp where td.ndoc = 1
20240812@180152.6134 gnqq6t1i1al1in2c2ssdufkcpu Query : use flama_phc
20240812@180152.6137 gnqq6t1i1al1in2c2ssdufkcpu Query : select top 1 ~inactivo valor from cl where no = '100810' and estab = 0 order by inactivo desc
20240812@180152.6168 gnqq6t1i1al1in2c2ssdufkcpu Query : use flama_phc
20240812@180152.6171 gnqq6t1i1al1in2c2ssdufkcpu Query : select top 1 tipodoc,regrd from td where ndoc = 39
20240812@180152.6200 gnqq6t1i1al1in2c2ssdufkcpu Query : use flama_phc
20240812@180152.6203 gnqq6t1i1al1in2c2ssdufkcpu Query : select szadrsstamp valor from szadrs where szadrsdesc='espaÇotrans,lda'
20240812@180152.6245 gnqq6t1i1al1in2c2ssdufkcpu Query : use flama_phc
20240812@180152.6248 gnqq6t1i1al1in2c2ssdufkcpu Query : select szadrsstamp valor from szadrs where szadrsdesc='100810 - worten-equipamentos para o lar,sa.'
20240812@180152.6293 gnqq6t1i1al1in2c2ssdufkcpu Query : use flama_phc
20240812@180152.6296 gnqq6t1i1al1in2c2ssdufkcpu Query : select 1 valor from td where ndoc = 39
20240812@180152.6308 gnqq6t1i1al1in2c2ssdufkcpu Query : select top 1 manternumero, tiposaft, nmdos,td.assinadoc from td where td.ndoc = 39
20240812@180152.6322 gnqq6t1i1al1in2c2ssdufkcpu Query : select 1 valor from information_schema.tables where table_type='base table' and table_name='wstablefields'
20240812@180152.6339 gnqq6t1i1al1in2c2ssdufkcpu Query : select fieldkey,fieldname,fieldtype,mandatory from wstablefields where tablename = 'ft' and documentnumber = 39
20240812@180152.6358 gnqq6t1i1al1in2c2ssdufkcpu Query : select 1 valor from information_schema.tables where table_type='base table' and table_name='wstablefields'
20240812@180152.6372 gnqq6t1i1al1in2c2ssdufkcpu Query : select fieldkey,fieldname,fieldtype,mandatory from wstablefields where tablename = 'ft2' and documentnumber = 39
20240812@180152.6400 gnqq6t1i1al1in2c2ssdufkcpu Query : select 1 valor from information_schema.tables where table_type='base table' and table_name='wstablefields'
20240812@180152.6414 gnqq6t1i1al1in2c2ssdufkcpu Query : select fieldkey,fieldname,fieldtype,mandatory from wstablefields where tablename = 'ft3' and documentnumber = 39
20240812@180152.6427 gnqq6t1i1al1in2c2ssdufkcpu Query : select top 1 ft.fno valor from ft ft where ft.ndoc = 39 and ftano=2024 order by fno desc
20240812@180152.6496 gnqq6t1i1al1in2c2ssdufkcpu Query : select top 1 ft.fno valor from wsftdata ft where ft.ndoc = 39 and ftano=2024 order by fno desc
20240812@180152.6508 gnqq6t1i1al1in2c2ssdufkcpu Query : select 1 valor from information_schema.tables where table_type='base table' and table_name='wstablefields'
20240812@180152.6522 gnqq6t1i1al1in2c2ssdufkcpu Query : select fieldkey,fieldname,fieldtype,calcformula from wstablefields where tablename = 'ft3' and documentnumber = 39
20240812@180152.6538 gnqq6t1i1al1in2c2ssdufkcpu Query : insert into wsft3data (ft3stamp, ousrdata, ousrhora, usrdata,usrhora,ousrinis,usrinis,taxpointdt ) values ('aut66ba47341066ba40009c' ,getdate(),convert(char(8),convert (time,getdate())),getdate(),convert(char(8),convert (time,getdate())),'wsv','wsv',?)
20240812@180152.6721 gnqq6t1i1al1in2c2ssdufkcpu Query : select 1 valor from information_schema.tables where table_type='base table' and table_name='wstablefields'
20240812@180152.6737 gnqq6t1i1al1in2c2ssdufkcpu Query : select fieldkey,fieldname,fieldtype,calcformula from wstablefields where tablename = 'ft2' and documentnumber = 39
20240812@180152.6769 gnqq6t1i1al1in2c2ssdufkcpu Query : select top 1 bo.u_nomeenv valor from bo where bo.bostamp=''
20240812@180152.6780 gnqq6t1i1al1in2c2ssdufkcpu Query : select top 1 bo.u_moradaen valor from bo where bo.bostamp=''
20240812@180152.6792 gnqq6t1i1al1in2c2ssdufkcpu Query : select top 1 bo.u_codposen valor from bo where bo.bostamp=''
20240812@180152.6803 gnqq6t1i1al1in2c2ssdufkcpu Query : select top 1 bo.u_localenv valor from bo where bo.bostamp=''
20240812@180152.6815 gnqq6t1i1al1in2c2ssdufkcpu Query : select top 1 bo.trab5 valor from bo where bo.bostamp=''
20240812@180152.6826 gnqq6t1i1al1in2c2ssdufkcpu Query : select top 1 bo.serie valor from bo where bo.bostamp=''
20240812@180152.6838 gnqq6t1i1al1in2c2ssdufkcpu Query : insert into wsft2data (ft2stamp, ousrdata,ousrhora, usrdata,usrhora,ousrinis,usrinis,u_nomeenv ,u_moradaen ,u_codposen ,u_localenv ,u_coddest ,u_codby ) values ('aut66ba47341066ba40009c',getdate(),convert(char(8),convert (time,getdate())),getdate(),convert(char(8),convert (time,getdate())),'wsv','wsv',?,?,?,?,?,?)
20240812@180152.7074 gnqq6t1i1al1in2c2ssdufkcpu Query : select top 1 fno valor from wsftdata order by fno desc
20240812@180152.7090 gnqq6t1i1al1in2c2ssdufkcpu Query : select 1 valor from information_schema.tables where table_type='base table' and table_name='wstablefields'
20240812@180152.7105 gnqq6t1i1al1in2c2ssdufkcpu Query : select fieldkey,fieldname,fieldtype,calcformula from wstablefields where tablename = 'ft' and documentnumber = 39
20240812@180152.7127 gnqq6t1i1al1in2c2ssdufkcpu Query : select 'normal' from dummy
20240812@180152.7142 gnqq6t1i1al1in2c2ssdufkcpu Query : insert into wsftdata (ftstamp, ousrdata,ousrhora, usrdata,usrhora,ousrinis,usrinis,fno,no,estab,fdata,ndoc,moeda,cambio,cambiofixo,ftano,site ,classe ) values ('aut66ba47341066ba40009c',getdate(),convert(char(8),convert (time,getdate())),getdate(),convert(char(8),convert (time,getdate())),'wsv','wsv',309,100810,0,'2024-08-12',39,'euro',0,0,2024 ,?,?)
20240812@180152.7651 gnqq6t1i1al1in2c2ssdufkcpu Query : use flama_phc
20240812@180152.7655 gnqq6t1i1al1in2c2ssdufkcpu Query : select st.usalote valor from st where st.ref = '324.1833.00.2'
20240812@180152.7678 gnqq6t1i1al1in2c2ssdufkcpu Query : select top 1 st.tabiva ,st.ivaincl ,st.stns ,st.uni2 ,st.familia ,isnull(tx.taxa, 0) txiva ,unidade ,usalote ,epcpond ,noserie ,conversao ,st.texteis from st left join taxasiva tx on st.tabiva = tx.codigo where st.ref = '324.1833.00.2'
20240812@180152.7834 gnqq6t1i1al1in2c2ssdufkcpu Query : select 1 valor from information_schema.tables where table_type='base table' and table_name='wstablefields'
20240812@180152.7851 gnqq6t1i1al1in2c2ssdufkcpu Query : select fieldkey,fieldname,fieldtype,mandatory from wstablefields where tablename = 'fi' and documentnumber = 39
20240812@180152.7878 gnqq6t1i1al1in2c2ssdufkcpu Query : select 1 valor from information_schema.tables where table_type='base table' and table_name='wstablefields'
20240812@180152.7893 gnqq6t1i1al1in2c2ssdufkcpu Query : select fieldkey,fieldname,fieldtype,mandatory from wstablefields where tablename = 'fi2' and documentnumber = 39
20240812@180152.7901 gnqq6t1i1al1in2c2ssdufkcpu Query : select top 1 convert(numeric(6,2),t.taxa) valor from taxasiva t where t.codigo='2'
20240812@180152.7914 gnqq6t1i1al1in2c2ssdufkcpu Query : select sestamp valor from se where ref ='324.1833.00.2' and lote = 'r2301257100a'
20240812@180152.7928 gnqq6t1i1al1in2c2ssdufkcpu Query : select 1 valor from information_schema.tables where table_type='base table' and table_name='wstablefields'
20240812@180152.7942 gnqq6t1i1al1in2c2ssdufkcpu Query : select fieldkey,fieldname,fieldtype,calcformula from wstablefields where tablename = 'fi2' and documentnumber = 39
20240812@180152.7954 gnqq6t1i1al1in2c2ssdufkcpu Query : insert into wsfi2data (fi2stamp,ftstamp ,ousrdata, ousrhora, usrdata,usrhora,ousrinis,usrinis) values ('aut66ba48679466ba4000c1','aut66ba47341066ba40009c' ,getdate(),convert(char(8),convert (time,getdate())),getdate(),convert(char(8),convert (time,getdate())),'wsv','wsv')
20240812@180152.7958 gnqq6t1i1al1in2c2ssdufkcpu Query : select 1 valor from information_schema.tables where table_type='base table' and table_name='wstablefields'
20240812@180152.7973 gnqq6t1i1al1in2c2ssdufkcpu Query : select fieldkey,fieldname,fieldtype,calcformula from wstablefields where tablename = 'fi' and documentnumber = 39
20240812@180152.8002 gnqq6t1i1al1in2c2ssdufkcpu Query : insert into wsfidata (fistamp,ousrdata, ousrhora, usrdata,usrhora,ousrinis,usrinis ,qtt ,ftstamp ,epv,pvmoeda ,tabiva,iva,lordem ,ref, design ,lote,armazem) values ('aut66ba48679466ba4000c1',getdate(),convert(char(8),convert (time,getdate())),getdate(),convert(char(8),convert (time,getdate())),'wsv','wsv',20.000 ,'aut66ba47341066ba40009c' ,0,0 ,2,23.00,10000,?,?,?,?)
20240812@180152.8261 gnqq6t1i1al1in2c2ssdufkcpu Query : use flama_phc
20240812@180152.8264 gnqq6t1i1al1in2c2ssdufkcpu Query : select st.usalote valor from st where st.ref = '324.1833.00.2'
20240812@180152.8283 gnqq6t1i1al1in2c2ssdufkcpu Query : select top 1 st.tabiva ,st.ivaincl ,st.stns ,st.uni2 ,st.familia ,isnull(tx.taxa, 0) txiva ,unidade ,usalote ,epcpond ,noserie ,conversao ,st.texteis from st left join taxasiva tx on st.tabiva = tx.codigo where st.ref = '324.1833.00.2'
20240812@180152.8297 gnqq6t1i1al1in2c2ssdufkcpu Query : select 1 valor from information_schema.tables where table_type='base table' and table_name='wstablefields'
20240812@180152.8313 gnqq6t1i1al1in2c2ssdufkcpu Query : select fieldkey,fieldname,fieldtype,mandatory from wstablefields where tablename = 'fi' and documentnumber = 39
20240812@180152.8339 gnqq6t1i1al1in2c2ssdufkcpu Query : select 1 valor from information_schema.tables where table_type='base table' and table_name='wstablefields'
20240812@180152.8353 gnqq6t1i1al1in2c2ssdufkcpu Query : select fieldkey,fieldname,fieldtype,mandatory from wstablefields where tablename = 'fi2' and documentnumber = 39
20240812@180152.8362 gnqq6t1i1al1in2c2ssdufkcpu Query : select top 1 convert(numeric(6,2),t.taxa) valor from taxasiva t where t.codigo='2'
20240812@180152.8374 gnqq6t1i1al1in2c2ssdufkcpu Query : select sestamp valor from se where ref ='324.1833.00.2' and lote = 'r2301257100a'
20240812@180152.8386 gnqq6t1i1al1in2c2ssdufkcpu Query : select 1 valor from information_schema.tables where table_type='base table' and table_name='wstablefields'
20240812@180152.8400 gnqq6t1i1al1in2c2ssdufkcpu Query : select fieldkey,fieldname,fieldtype,calcformula from wstablefields where tablename = 'fi2' and documentnumber = 39
20240812@180152.8411 gnqq6t1i1al1in2c2ssdufkcpu Query : insert into wsfi2data (fi2stamp,ftstamp ,ousrdata, ousrhora, usrdata,usrhora,ousrinis,usrinis) values ('aut66ba41939066ba4000cc','aut66ba47341066ba40009c' ,getdate(),convert(char(8),convert (time,getdate())),getdate(),convert(char(8),convert (time,getdate())),'wsv','wsv')
20240812@180152.8415 gnqq6t1i1al1in2c2ssdufkcpu Query : select 1 valor from information_schema.tables where table_type='base table' and table_name='wstablefields'
20240812@180152.8430 gnqq6t1i1al1in2c2ssdufkcpu Query : select fieldkey,fieldname,fieldtype,calcformula from wstablefields where tablename = 'fi' and documentnumber = 39
20240812@180152.8457 gnqq6t1i1al1in2c2ssdufkcpu Query : insert into wsfidata (fistamp,ousrdata, ousrhora, usrdata,usrhora,ousrinis,usrinis ,qtt ,ftstamp ,epv,pvmoeda ,tabiva,iva,lordem ,ref, design ,lote,armazem) values ('aut66ba41939066ba4000cc',getdate(),convert(char(8),convert (time,getdate())),getdate(),convert(char(8),convert (time,getdate())),'wsv','wsv',20.000 ,'aut66ba47341066ba40009c' ,0,0 ,2,23.00,20000,?,?,?,?)
20240812@180152.8715 gnqq6t1i1al1in2c2ssdufkcpu Query : use flama_phc
20240812@180152.8719 gnqq6t1i1al1in2c2ssdufkcpu Query : select st.usalote valor from st where st.ref = '324.1833.00.2'
20240812@180152.8738 gnqq6t1i1al1in2c2ssdufkcpu Query : select top 1 st.tabiva ,st.ivaincl ,st.stns ,st.uni2 ,st.familia ,isnull(tx.taxa, 0) txiva ,unidade ,usalote ,epcpond ,noserie ,conversao ,st.texteis from st left join taxasiva tx on st.tabiva = tx.codigo where st.ref = '324.1833.00.2'
20240812@180152.8752 gnqq6t1i1al1in2c2ssdufkcpu Query : select 1 valor from information_schema.tables where table_type='base table' and table_name='wstablefields'
20240812@180152.8767 gnqq6t1i1al1in2c2ssdufkcpu Query : select fieldkey,fieldname,fieldtype,mandatory from wstablefields where tablename = 'fi' and documentnumber = 39
20240812@180152.8794 gnqq6t1i1al1in2c2ssdufkcpu Query : select 1 valor from information_schema.tables where table_type='base table' and table_name='wstablefields'
20240812@180152.8808 gnqq6t1i1al1in2c2ssdufkcpu Query : select fieldkey,fieldname,fieldtype,mandatory from wstablefields where tablename = 'fi2' and documentnumber = 39
20240812@180152.8816 gnqq6t1i1al1in2c2ssdufkcpu Query : select top 1 convert(numeric(6,2),t.taxa) valor from taxasiva t where t.codigo='2'
20240812@180152.8828 gnqq6t1i1al1in2c2ssdufkcpu Query : select sestamp valor from se where ref ='324.1833.00.2' and lote = 'r2301257100a'
20240812@180152.8841 gnqq6t1i1al1in2c2ssdufkcpu Query : select 1 valor from information_schema.tables where table_type='base table' and table_name='wstablefields'
20240812@180152.8855 gnqq6t1i1al1in2c2ssdufkcpu Query : select fieldkey,fieldname,fieldtype,calcformula from wstablefields where tablename = 'fi2' and documentnumber = 39
20240812@180152.8866 gnqq6t1i1al1in2c2ssdufkcpu Query : insert into wsfi2data (fi2stamp,ftstamp ,ousrdata, ousrhora, usrdata,usrhora,ousrinis,usrinis) values ('aut66ba49065966ba4000d7','aut66ba47341066ba40009c' ,getdate(),convert(char(8),convert (time,getdate())),getdate(),convert(char(8),convert (time,getdate())),'wsv','wsv')
20240812@180152.8870 gnqq6t1i1al1in2c2ssdufkcpu Query : select 1 valor from information_schema.tables where table_type='base table' and table_name='wstablefields'
20240812@180152.8884 gnqq6t1i1al1in2c2ssdufkcpu Query : select fieldkey,fieldname,fieldtype,calcformula from wstablefields where tablename = 'fi' and documentnumber = 39
20240812@180152.8912 gnqq6t1i1al1in2c2ssdufkcpu Query : insert into wsfidata (fistamp,ousrdata, ousrhora, usrdata,usrhora,ousrinis,usrinis ,qtt ,ftstamp ,epv,pvmoeda ,tabiva,iva,lordem ,ref, design ,lote,armazem) values ('aut66ba49065966ba4000d7',getdate(),convert(char(8),convert (time,getdate())),getdate(),convert(char(8),convert (time,getdate())),'wsv','wsv',20.000 ,'aut66ba47341066ba40009c' ,0,0 ,2,23.00,30000,?,?,?,?)
20240812@180152.9163 gnqq6t1i1al1in2c2ssdufkcpu Query : use flama_phc
20240812@180152.9166 gnqq6t1i1al1in2c2ssdufkcpu Query : select st.usalote valor from st where st.ref = '324.1833.00.2'
20240812@180152.9186 gnqq6t1i1al1in2c2ssdufkcpu Query : select top 1 st.tabiva ,st.ivaincl ,st.stns ,st.uni2 ,st.familia ,isnull(tx.taxa, 0) txiva ,unidade ,usalote ,epcpond ,noserie ,conversao ,st.texteis from st left join taxasiva tx on st.tabiva = tx.codigo where st.ref = '324.1833.00.2'
20240812@180152.9199 gnqq6t1i1al1in2c2ssdufkcpu Query : select 1 valor from information_schema.tables where table_type='base table' and table_name='wstablefields'
20240812@180152.9215 gnqq6t1i1al1in2c2ssdufkcpu Query : select fieldkey,fieldname,fieldtype,mandatory from wstablefields where tablename = 'fi' and documentnumber = 39
20240812@180152.9241 gnqq6t1i1al1in2c2ssdufkcpu Query : select 1 valor from information_schema.tables where table_type='base table' and table_name='wstablefields'
20240812@180152.9255 gnqq6t1i1al1in2c2ssdufkcpu Query : select fieldkey,fieldname,fieldtype,mandatory from wstablefields where tablename = 'fi2' and documentnumber = 39
20240812@180152.9264 gnqq6t1i1al1in2c2ssdufkcpu Query : select top 1 convert(numeric(6,2),t.taxa) valor from taxasiva t where t.codigo='2'
20240812@180152.9276 gnqq6t1i1al1in2c2ssdufkcpu Query : select sestamp valor from se where ref ='324.1833.00.2' and lote = 'r2301257100a'
20240812@180152.9289 gnqq6t1i1al1in2c2ssdufkcpu Query : select 1 valor from information_schema.tables where table_type='base table' and table_name='wstablefields'
20240812@180152.9304 gnqq6t1i1al1in2c2ssdufkcpu Query : select fieldkey,fieldname,fieldtype,calcformula from wstablefields where tablename = 'fi2' and documentnumber = 39
20240812@180152.9316 gnqq6t1i1al1in2c2ssdufkcpu Query : insert into wsfi2data (fi2stamp,ftstamp ,ousrdata, ousrhora, usrdata,usrhora,ousrinis,usrinis) values ('aut66ba41296766ba4000e2','aut66ba47341066ba40009c' ,getdate(),convert(char(8),convert (time,getdate())),getdate(),convert(char(8),convert (time,getdate())),'wsv','wsv')
20240812@180152.9320 gnqq6t1i1al1in2c2ssdufkcpu Query : select 1 valor from information_schema.tables where table_type='base table' and table_name='wstablefields'
20240812@180152.9334 gnqq6t1i1al1in2c2ssdufkcpu Query : select fieldkey,fieldname,fieldtype,calcformula from wstablefields where tablename = 'fi' and documentnumber = 39
20240812@180152.9362 gnqq6t1i1al1in2c2ssdufkcpu Query : insert into wsfidata (fistamp,ousrdata, ousrhora, usrdata,usrhora,ousrinis,usrinis ,qtt ,ftstamp ,epv,pvmoeda ,tabiva,iva,lordem ,ref, design ,lote,armazem) values ('aut66ba41296766ba4000e2',getdate(),convert(char(8),convert (time,getdate())),getdate(),convert(char(8),convert (time,getdate())),'wsv','wsv',20.000 ,'aut66ba47341066ba40009c' ,0,0 ,2,23.00,40000,?,?,?,?)
20240812@180152.9613 gnqq6t1i1al1in2c2ssdufkcpu Query : insert into wsftcreationlog (initialftstamp,externalid,creationstatus,documenttypeid,idustamp) values ('aut66ba47341066ba40009c','2405348','wait',39,'adm09112754980.682000002')
20240812@180152.9692 gnqq6t1i1al1in2c2ssdufkcpu Query : use flama_phc
20240812@180152.9696 gnqq6t1i1al1in2c2ssdufkcpu Query : update u_wsusers set rqsttoken =? where userid ='userls001'
20240812@180152.9725 gnqq6t1i1al1in2c2ssdufkcpu Query : select concat(rtrim(relative_path),ltrim(name_new)) as valor from uploadfiles where uploadfile_id='1491';
20240812@180152.9751 gnqq6t1i1al1in2c2ssdufkcpu Query : update uploadfiles set whenupdated=current_timestamp where uploadfile_id='1491';
20240812@180152.9786 gnqq6t1i1al1in2c2ssdufkcpu Query : select concat(rtrim(relative_path),ltrim(name_new)) as valor from uploadfiles where uploadfile_id='1491';
20240812@180152.9808 gnqq6t1i1al1in2c2ssdufkcpu Query : update uploadfiles set whenupdated=current_timestamp where uploadfile_id='1491';
20240812@180153.3420 lf1ac7e24kkm7lpf4sh81psv9p Query : insert into uploadfiles ( name_original, name_new, option_type, relative_path, whencreated ) values ( ?, ?, ?, ?, getdate() )
20240812@180153.3520 lf1ac7e24kkm7lpf4sh81psv9p Query : select uploadfile_id valor from uploadfiles where name_new = ? and option_type = ? 
20240812@180153.4030 lf1ac7e24kkm7lpf4sh81psv9p Query : select concat(rtrim(relative_path),ltrim(name_new)) as valor from uploadfiles where uploadfile_id='1492';
20240812@180153.4630 lf1ac7e24kkm7lpf4sh81psv9p Query : update uploadfiles set whenupdated=current_timestamp where uploadfile_id='1492';
20240812@180153.5140 lf1ac7e24kkm7lpf4sh81psv9p Query : select concat(rtrim(relative_path),ltrim(name_new)) as valor from uploadfiles where uploadfile_id='1492';
20240812@180153.5370 lf1ac7e24kkm7lpf4sh81psv9p Query : update uploadfiles set whenupdated=current_timestamp where uploadfile_id='1492';
20240812@180153.5850 lf1ac7e24kkm7lpf4sh81psv9p Query : use flama_phc
20240812@180153.5880 lf1ac7e24kkm7lpf4sh81psv9p Query : select top 1 secretkey valor from u_wsusers u where u.userid = ? and u.inactivo=0
20240812@180153.6550 lf1ac7e24kkm7lpf4sh81psv9p Query : use flama_phc
20240812@180153.6580 lf1ac7e24kkm7lpf4sh81psv9p Query : select no, estab,szadrsdesc from szadrs where u_coddest=4740
20240812@180153.7010 lf1ac7e24kkm7lpf4sh81psv9p Query : select top 1 isnull(design,'') valor from st (nolock) left join stobs (nolock) on st.ref = stobs.ref where st.ref = '324.1803.00.1'
20240812@180153.1020 lf1ac7e24kkm7lpf4sh81psv9p Query : select top 1 isnull(design,'') valor from st (nolock) left join stobs (nolock) on st.ref = stobs.ref where st.ref = '324.1803.00.1'
20240812@180153.1042 lf1ac7e24kkm7lpf4sh81psv9p Query : select top 1 isnull(design,'') valor from st (nolock) left join stobs (nolock) on st.ref = stobs.ref where st.ref = '324.1803.00.1'
20240812@180153.1064 lf1ac7e24kkm7lpf4sh81psv9p Query : select top 1 isnull(design,'') valor from st (nolock) left join stobs (nolock) on st.ref = stobs.ref where st.ref = '324.1803.00.1'
20240812@180153.1094 lf1ac7e24kkm7lpf4sh81psv9p Query : select top 1 isnull(design,'') valor from st (nolock) left join stobs (nolock) on st.ref = stobs.ref where st.ref = '324.1803.00.1'
20240812@180153.1113 lf1ac7e24kkm7lpf4sh81psv9p Query : select top 1 isnull(design,'') valor from st (nolock) left join stobs (nolock) on st.ref = stobs.ref where st.ref = '324.1803.00.1'
20240812@180153.1132 lf1ac7e24kkm7lpf4sh81psv9p Query : use flama_phc
20240812@180153.1135 lf1ac7e24kkm7lpf4sh81psv9p Query : select top 1 convert(date,fdata) valor from ft where ndoc = 39 and anulado= 0 and fno>0 order by fdata desc
20240812@180153.1171 lf1ac7e24kkm7lpf4sh81psv9p Query : use flama_phc
20240812@180153.1174 lf1ac7e24kkm7lpf4sh81psv9p Query : select top 1 1 valor from td where td.ndoc = 39
20240812@180153.1205 lf1ac7e24kkm7lpf4sh81psv9p Query : use flama_phc
20240812@180153.1208 lf1ac7e24kkm7lpf4sh81psv9p Query : select lower(descricao) descricao ,case when valor='s' then 1 else 0 end valor from para1 where descricao in ('st_lote','st_usalogifunc', 'st_grelha')
20240812@180153.1241 lf1ac7e24kkm7lpf4sh81psv9p Query : select top 1 manternumero ,assinadoc issigned ,tiposaft ,assinaimp ,nmdos ,td.assinadoc ,'cl' origin ,lancasl stocks ,case when cmsl<50 and td.lancasl=1 then 1 else 0 end entrada ,case when cmsl>50 and td.lancasl=1 then 1 else 0 end saida ,temserie assets ,~semgre usegridfields from td inner join td2 on td.tdstamp=td2.td2stamp where td.ndoc = 1
20240812@180153.1276 lf1ac7e24kkm7lpf4sh81psv9p Query : use flama_phc
20240812@180153.1279 lf1ac7e24kkm7lpf4sh81psv9p Query : select top 1 ~inactivo valor from cl where no = '100810' and estab = 0 order by inactivo desc
20240812@180153.1313 lf1ac7e24kkm7lpf4sh81psv9p Query : use flama_phc
20240812@180153.1316 lf1ac7e24kkm7lpf4sh81psv9p Query : select top 1 tipodoc,regrd from td where ndoc = 39
20240812@180153.1349 lf1ac7e24kkm7lpf4sh81psv9p Query : use flama_phc
20240812@180153.1352 lf1ac7e24kkm7lpf4sh81psv9p Query : select szadrsstamp valor from szadrs where szadrsdesc='espaÇotrans,lda'
20240812@180153.1391 lf1ac7e24kkm7lpf4sh81psv9p Query : use flama_phc
20240812@180153.1394 lf1ac7e24kkm7lpf4sh81psv9p Query : select szadrsstamp valor from szadrs where szadrsdesc='100810 - worten-equipamentos para o lar,sa.'
20240812@180153.1438 lf1ac7e24kkm7lpf4sh81psv9p Query : use flama_phc
20240812@180153.1441 lf1ac7e24kkm7lpf4sh81psv9p Query : select 1 valor from td where ndoc = 39
20240812@180153.1456 lf1ac7e24kkm7lpf4sh81psv9p Query : select top 1 manternumero, tiposaft, nmdos,td.assinadoc from td where td.ndoc = 39
20240812@180153.1471 lf1ac7e24kkm7lpf4sh81psv9p Query : select 1 valor from information_schema.tables where table_type='base table' and table_name='wstablefields'
20240812@180153.1496 lf1ac7e24kkm7lpf4sh81psv9p Query : select fieldkey,fieldname,fieldtype,mandatory from wstablefields where tablename = 'ft' and documentnumber = 39
20240812@180153.1516 lf1ac7e24kkm7lpf4sh81psv9p Query : select 1 valor from information_schema.tables where table_type='base table' and table_name='wstablefields'
20240812@180153.1532 lf1ac7e24kkm7lpf4sh81psv9p Query : select fieldkey,fieldname,fieldtype,mandatory from wstablefields where tablename = 'ft2' and documentnumber = 39
20240812@180153.1565 lf1ac7e24kkm7lpf4sh81psv9p Query : select 1 valor from information_schema.tables where table_type='base table' and table_name='wstablefields'
20240812@180153.1580 lf1ac7e24kkm7lpf4sh81psv9p Query : select fieldkey,fieldname,fieldtype,mandatory from wstablefields where tablename = 'ft3' and documentnumber = 39
20240812@180153.1594 lf1ac7e24kkm7lpf4sh81psv9p Query : select top 1 ft.fno valor from ft ft where ft.ndoc = 39 and ftano=2024 order by fno desc
20240812@180153.2080 lf1ac7e24kkm7lpf4sh81psv9p Query : select top 1 ft.fno valor from wsftdata ft where ft.ndoc = 39 and ftano=2024 order by fno desc
20240812@180153.2776 lf1ac7e24kkm7lpf4sh81psv9p Query : select 1 valor from information_schema.tables where table_type='base table' and table_name='wstablefields'
20240812@180153.2936 lf1ac7e24kkm7lpf4sh81psv9p Query : select fieldkey,fieldname,fieldtype,calcformula from wstablefields where tablename = 'ft3' and documentnumber = 39
20240812@180153.3028 lf1ac7e24kkm7lpf4sh81psv9p Query : insert into wsft3data (ft3stamp, ousrdata, ousrhora, usrdata,usrhora,ousrinis,usrinis,taxpointdt ) values ('aut66ba42305766ba400126' ,getdate(),convert(char(8),convert (time,getdate())),getdate(),convert(char(8),convert (time,getdate())),'wsv','wsv',?)
20240812@180153.3239 lf1ac7e24kkm7lpf4sh81psv9p Query : select 1 valor from information_schema.tables where table_type='base table' and table_name='wstablefields'
20240812@180153.3257 lf1ac7e24kkm7lpf4sh81psv9p Query : select fieldkey,fieldname,fieldtype,calcformula from wstablefields where tablename = 'ft2' and documentnumber = 39
20240812@180153.3291 lf1ac7e24kkm7lpf4sh81psv9p Query : select top 1 bo.u_nomeenv valor from bo where bo.bostamp=''
20240812@180153.3303 lf1ac7e24kkm7lpf4sh81psv9p Query : select top 1 bo.u_moradaen valor from bo where bo.bostamp=''
20240812@180153.3314 lf1ac7e24kkm7lpf4sh81psv9p Query : select top 1 bo.u_codposen valor from bo where bo.bostamp=''
20240812@180153.3327 lf1ac7e24kkm7lpf4sh81psv9p Query : select top 1 bo.u_localenv valor from bo where bo.bostamp=''
20240812@180153.3339 lf1ac7e24kkm7lpf4sh81psv9p Query : select top 1 bo.trab5 valor from bo where bo.bostamp=''
20240812@180153.3350 lf1ac7e24kkm7lpf4sh81psv9p Query : select top 1 bo.serie valor from bo where bo.bostamp=''
20240812@180153.3363 lf1ac7e24kkm7lpf4sh81psv9p Query : insert into wsft2data (ft2stamp, ousrdata,ousrhora, usrdata,usrhora,ousrinis,usrinis,u_nomeenv ,u_moradaen ,u_codposen ,u_localenv ,u_coddest ,u_codby ) values ('aut66ba42305766ba400126',getdate(),convert(char(8),convert (time,getdate())),getdate(),convert(char(8),convert (time,getdate())),'wsv','wsv',?,?,?,?,?,?)
20240812@180153.3607 lf1ac7e24kkm7lpf4sh81psv9p Query : select top 1 fno valor from wsftdata order by fno desc
20240812@180153.3624 lf1ac7e24kkm7lpf4sh81psv9p Query : select 1 valor from information_schema.tables where table_type='base table' and table_name='wstablefields'
20240812@180153.3640 lf1ac7e24kkm7lpf4sh81psv9p Query : select fieldkey,fieldname,fieldtype,calcformula from wstablefields where tablename = 'ft' and documentnumber = 39
20240812@180153.3662 lf1ac7e24kkm7lpf4sh81psv9p Query : select 'normal' from dummy
20240812@180153.3679 lf1ac7e24kkm7lpf4sh81psv9p Query : insert into wsftdata (ftstamp, ousrdata,ousrhora, usrdata,usrhora,ousrinis,usrinis,fno,no,estab,fdata,ndoc,moeda,cambio,cambiofixo,ftano,site ,classe ) values ('aut66ba42305766ba400126',getdate(),convert(char(8),convert (time,getdate())),getdate(),convert(char(8),convert (time,getdate())),'wsv','wsv',310,100810,0,'2024-08-12',39,'euro',0,0,2024 ,?,?)
20240812@180153.3982 lf1ac7e24kkm7lpf4sh81psv9p Query : use flama_phc
20240812@180153.3985 lf1ac7e24kkm7lpf4sh81psv9p Query : select st.usalote valor from st where st.ref = '324.1803.00.1'
20240812@180153.4008 lf1ac7e24kkm7lpf4sh81psv9p Query : select top 1 st.tabiva ,st.ivaincl ,st.stns ,st.uni2 ,st.familia ,isnull(tx.taxa, 0) txiva ,unidade ,usalote ,epcpond ,noserie ,conversao ,st.texteis from st left join taxasiva tx on st.tabiva = tx.codigo where st.ref = '324.1803.00.1'
20240812@180153.4161 lf1ac7e24kkm7lpf4sh81psv9p Query : select 1 valor from information_schema.tables where table_type='base table' and table_name='wstablefields'
20240812@180153.4177 lf1ac7e24kkm7lpf4sh81psv9p Query : select fieldkey,fieldname,fieldtype,mandatory from wstablefields where tablename = 'fi' and documentnumber = 39
20240812@180153.4204 lf1ac7e24kkm7lpf4sh81psv9p Query : select 1 valor from information_schema.tables where table_type='base table' and table_name='wstablefields'
20240812@180153.4219 lf1ac7e24kkm7lpf4sh81psv9p Query : select fieldkey,fieldname,fieldtype,mandatory from wstablefields where tablename = 'fi2' and documentnumber = 39
20240812@180153.4228 lf1ac7e24kkm7lpf4sh81psv9p Query : select top 1 convert(numeric(6,2),t.taxa) valor from taxasiva t where t.codigo='2'
20240812@180153.4241 lf1ac7e24kkm7lpf4sh81psv9p Query : select sestamp valor from se where ref ='324.1803.00.1' and lote = 'r2301207200a'
20240812@180153.4256 lf1ac7e24kkm7lpf4sh81psv9p Query : select 1 valor from information_schema.tables where table_type='base table' and table_name='wstablefields'
20240812@180153.4273 lf1ac7e24kkm7lpf4sh81psv9p Query : select fieldkey,fieldname,fieldtype,calcformula from wstablefields where tablename = 'fi2' and documentnumber = 39
20240812@180153.4285 lf1ac7e24kkm7lpf4sh81psv9p Query : insert into wsfi2data (fi2stamp,ftstamp ,ousrdata, ousrhora, usrdata,usrhora,ousrinis,usrinis) values ('aut66ba43146266ba400167','aut66ba42305766ba400126' ,getdate(),convert(char(8),convert (time,getdate())),getdate(),convert(char(8),convert (time,getdate())),'wsv','wsv')
20240812@180153.4290 lf1ac7e24kkm7lpf4sh81psv9p Query : select 1 valor from information_schema.tables where table_type='base table' and table_name='wstablefields'
20240812@180153.4306 lf1ac7e24kkm7lpf4sh81psv9p Query : select fieldkey,fieldname,fieldtype,calcformula from wstablefields where tablename = 'fi' and documentnumber = 39
20240812@180153.4336 lf1ac7e24kkm7lpf4sh81psv9p Query : insert into wsfidata (fistamp,ousrdata, ousrhora, usrdata,usrhora,ousrinis,usrinis ,qtt ,ftstamp ,epv,pvmoeda ,tabiva,iva,lordem ,ref, design ,lote,armazem) values ('aut66ba43146266ba400167',getdate(),convert(char(8),convert (time,getdate())),getdate(),convert(char(8),convert (time,getdate())),'wsv','wsv',2.000 ,'aut66ba42305766ba400126' ,0,0 ,2,23.00,10000,?,?,?,?)
20240812@180153.4605 lf1ac7e24kkm7lpf4sh81psv9p Query : use flama_phc
20240812@180153.4608 lf1ac7e24kkm7lpf4sh81psv9p Query : select st.usalote valor from st where st.ref = '324.1803.00.1'
20240812@180153.4628 lf1ac7e24kkm7lpf4sh81psv9p Query : select top 1 st.tabiva ,st.ivaincl ,st.stns ,st.uni2 ,st.familia ,isnull(tx.taxa, 0) txiva ,unidade ,usalote ,epcpond ,noserie ,conversao ,st.texteis from st left join taxasiva tx on st.tabiva = tx.codigo where st.ref = '324.1803.00.1'
20240812@180153.4643 lf1ac7e24kkm7lpf4sh81psv9p Query : select 1 valor from information_schema.tables where table_type='base table' and table_name='wstablefields'
20240812@180153.4659 lf1ac7e24kkm7lpf4sh81psv9p Query : select fieldkey,fieldname,fieldtype,mandatory from wstablefields where tablename = 'fi' and documentnumber = 39
20240812@180153.4686 lf1ac7e24kkm7lpf4sh81psv9p Query : select 1 valor from information_schema.tables where table_type='base table' and table_name='wstablefields'
20240812@180153.4701 lf1ac7e24kkm7lpf4sh81psv9p Query : select fieldkey,fieldname,fieldtype,mandatory from wstablefields where tablename = 'fi2' and documentnumber = 39
20240812@180153.4709 lf1ac7e24kkm7lpf4sh81psv9p Query : select top 1 convert(numeric(6,2),t.taxa) valor from taxasiva t where t.codigo='2'
20240812@180153.4721 lf1ac7e24kkm7lpf4sh81psv9p Query : select sestamp valor from se where ref ='324.1803.00.1' and lote = 'r2301274200a'
20240812@180153.4736 lf1ac7e24kkm7lpf4sh81psv9p Query : select 1 valor from information_schema.tables where table_type='base table' and table_name='wstablefields'
20240812@180153.4750 lf1ac7e24kkm7lpf4sh81psv9p Query : select fieldkey,fieldname,fieldtype,calcformula from wstablefields where tablename = 'fi2' and documentnumber = 39
20240812@180153.4763 lf1ac7e24kkm7lpf4sh81psv9p Query : insert into wsfi2data (fi2stamp,ftstamp ,ousrdata, ousrhora, usrdata,usrhora,ousrinis,usrinis) values ('aut66ba41374866ba400173','aut66ba42305766ba400126' ,getdate(),convert(char(8),convert (time,getdate())),getdate(),convert(char(8),convert (time,getdate())),'wsv','wsv')
20240812@180153.4767 lf1ac7e24kkm7lpf4sh81psv9p Query : select 1 valor from information_schema.tables where table_type='base table' and table_name='wstablefields'
20240812@180153.4782 lf1ac7e24kkm7lpf4sh81psv9p Query : select fieldkey,fieldname,fieldtype,calcformula from wstablefields where tablename = 'fi' and documentnumber = 39
20240812@180153.4811 lf1ac7e24kkm7lpf4sh81psv9p Query : insert into wsfidata (fistamp,ousrdata, ousrhora, usrdata,usrhora,ousrinis,usrinis ,qtt ,ftstamp ,epv,pvmoeda ,tabiva,iva,lordem ,ref, design ,lote,armazem) values ('aut66ba41374866ba400173',getdate(),convert(char(8),convert (time,getdate())),getdate(),convert(char(8),convert (time,getdate())),'wsv','wsv',8.000 ,'aut66ba42305766ba400126' ,0,0 ,2,23.00,20000,?,?,?,?)
20240812@180153.5065 lf1ac7e24kkm7lpf4sh81psv9p Query : use flama_phc
20240812@180153.5068 lf1ac7e24kkm7lpf4sh81psv9p Query : select st.usalote valor from st where st.ref = '324.1803.00.1'
20240812@180153.5087 lf1ac7e24kkm7lpf4sh81psv9p Query : select top 1 st.tabiva ,st.ivaincl ,st.stns ,st.uni2 ,st.familia ,isnull(tx.taxa, 0) txiva ,unidade ,usalote ,epcpond ,noserie ,conversao ,st.texteis from st left join taxasiva tx on st.tabiva = tx.codigo where st.ref = '324.1803.00.1'
20240812@180153.5101 lf1ac7e24kkm7lpf4sh81psv9p Query : select 1 valor from information_schema.tables where table_type='base table' and table_name='wstablefields'
20240812@180153.5117 lf1ac7e24kkm7lpf4sh81psv9p Query : select fieldkey,fieldname,fieldtype,mandatory from wstablefields where tablename = 'fi' and documentnumber = 39
20240812@180153.5143 lf1ac7e24kkm7lpf4sh81psv9p Query : select 1 valor from information_schema.tables where table_type='base table' and table_name='wstablefields'
20240812@180153.5157 lf1ac7e24kkm7lpf4sh81psv9p Query : select fieldkey,fieldname,fieldtype,mandatory from wstablefields where tablename = 'fi2' and documentnumber = 39
20240812@180153.5166 lf1ac7e24kkm7lpf4sh81psv9p Query : select top 1 convert(numeric(6,2),t.taxa) valor from taxasiva t where t.codigo='2'
20240812@180153.5179 lf1ac7e24kkm7lpf4sh81psv9p Query : select sestamp valor from se where ref ='324.1803.00.1' and lote = 'r2301274200a'
20240812@180153.5192 lf1ac7e24kkm7lpf4sh81psv9p Query : select 1 valor from information_schema.tables where table_type='base table' and table_name='wstablefields'
20240812@180153.5207 lf1ac7e24kkm7lpf4sh81psv9p Query : select fieldkey,fieldname,fieldtype,calcformula from wstablefields where tablename = 'fi2' and documentnumber = 39
20240812@180153.5218 lf1ac7e24kkm7lpf4sh81psv9p Query : insert into wsfi2data (fi2stamp,ftstamp ,ousrdata, ousrhora, usrdata,usrhora,ousrinis,usrinis) values ('aut66ba47267866ba40017e','aut66ba42305766ba400126' ,getdate(),convert(char(8),convert (time,getdate())),getdate(),convert(char(8),convert (time,getdate())),'wsv','wsv')
20240812@180153.5222 lf1ac7e24kkm7lpf4sh81psv9p Query : select 1 valor from information_schema.tables where table_type='base table' and table_name='wstablefields'
20240812@180153.5237 lf1ac7e24kkm7lpf4sh81psv9p Query : select fieldkey,fieldname,fieldtype,calcformula from wstablefields where tablename = 'fi' and documentnumber = 39
20240812@180153.5567 lf1ac7e24kkm7lpf4sh81psv9p Query : insert into wsfidata (fistamp,ousrdata, ousrhora, usrdata,usrhora,ousrinis,usrinis ,qtt ,ftstamp ,epv,pvmoeda ,tabiva,iva,lordem ,ref, design ,lote,armazem) values ('aut66ba47267866ba40017e',getdate(),convert(char(8),convert (time,getdate())),getdate(),convert(char(8),convert (time,getdate())),'wsv','wsv',20.000 ,'aut66ba42305766ba400126' ,0,0 ,2,23.00,30000,?,?,?,?)
20240812@180153.5835 lf1ac7e24kkm7lpf4sh81psv9p Query : use flama_phc
20240812@180153.5839 lf1ac7e24kkm7lpf4sh81psv9p Query : select st.usalote valor from st where st.ref = '324.1803.00.1'
20240812@180153.5859 lf1ac7e24kkm7lpf4sh81psv9p Query : select top 1 st.tabiva ,st.ivaincl ,st.stns ,st.uni2 ,st.familia ,isnull(tx.taxa, 0) txiva ,unidade ,usalote ,epcpond ,noserie ,conversao ,st.texteis from st left join taxasiva tx on st.tabiva = tx.codigo where st.ref = '324.1803.00.1'
20240812@180153.5874 lf1ac7e24kkm7lpf4sh81psv9p Query : select 1 valor from information_schema.tables where table_type='base table' and table_name='wstablefields'
20240812@180153.5891 lf1ac7e24kkm7lpf4sh81psv9p Query : select fieldkey,fieldname,fieldtype,mandatory from wstablefields where tablename = 'fi' and documentnumber = 39
20240812@180153.5917 lf1ac7e24kkm7lpf4sh81psv9p Query : select 1 valor from information_schema.tables where table_type='base table' and table_name='wstablefields'
20240812@180153.5932 lf1ac7e24kkm7lpf4sh81psv9p Query : select fieldkey,fieldname,fieldtype,mandatory from wstablefields where tablename = 'fi2' and documentnumber = 39
20240812@180153.5940 lf1ac7e24kkm7lpf4sh81psv9p Query : select top 1 convert(numeric(6,2),t.taxa) valor from taxasiva t where t.codigo='2'
20240812@180153.5953 lf1ac7e24kkm7lpf4sh81psv9p Query : select sestamp valor from se where ref ='324.1803.00.1' and lote = 'r2301274200a'
20240812@180153.5966 lf1ac7e24kkm7lpf4sh81psv9p Query : select 1 valor from information_schema.tables where table_type='base table' and table_name='wstablefields'
20240812@180153.5981 lf1ac7e24kkm7lpf4sh81psv9p Query : select fieldkey,fieldname,fieldtype,calcformula from wstablefields where tablename = 'fi2' and documentnumber = 39
20240812@180153.5993 lf1ac7e24kkm7lpf4sh81psv9p Query : insert into wsfi2data (fi2stamp,ftstamp ,ousrdata, ousrhora, usrdata,usrhora,ousrinis,usrinis) values ('aut66ba45948266ba400191','aut66ba42305766ba400126' ,getdate(),convert(char(8),convert (time,getdate())),getdate(),convert(char(8),convert (time,getdate())),'wsv','wsv')
20240812@180153.5997 lf1ac7e24kkm7lpf4sh81psv9p Query : select 1 valor from information_schema.tables where table_type='base table' and table_name='wstablefields'
20240812@180153.6012 lf1ac7e24kkm7lpf4sh81psv9p Query : select fieldkey,fieldname,fieldtype,calcformula from wstablefields where tablename = 'fi' and documentnumber = 39
20240812@180153.6041 lf1ac7e24kkm7lpf4sh81psv9p Query : insert into wsfidata (fistamp,ousrdata, ousrhora, usrdata,usrhora,ousrinis,usrinis ,qtt ,ftstamp ,epv,pvmoeda ,tabiva,iva,lordem ,ref, design ,lote,armazem) values ('aut66ba45948266ba400191',getdate(),convert(char(8),convert (time,getdate())),getdate(),convert(char(8),convert (time,getdate())),'wsv','wsv',20.000 ,'aut66ba42305766ba400126' ,0,0 ,2,23.00,40000,?,?,?,?)
20240812@180153.6292 lf1ac7e24kkm7lpf4sh81psv9p Query : use flama_phc
20240812@180153.6296 lf1ac7e24kkm7lpf4sh81psv9p Query : select st.usalote valor from st where st.ref = '324.1803.00.1'
20240812@180153.6317 lf1ac7e24kkm7lpf4sh81psv9p Query : select top 1 st.tabiva ,st.ivaincl ,st.stns ,st.uni2 ,st.familia ,isnull(tx.taxa, 0) txiva ,unidade ,usalote ,epcpond ,noserie ,conversao ,st.texteis from st left join taxasiva tx on st.tabiva = tx.codigo where st.ref = '324.1803.00.1'
20240812@180153.6333 lf1ac7e24kkm7lpf4sh81psv9p Query : select 1 valor from information_schema.tables where table_type='base table' and table_name='wstablefields'
20240812@180153.6349 lf1ac7e24kkm7lpf4sh81psv9p Query : select fieldkey,fieldname,fieldtype,mandatory from wstablefields where tablename = 'fi' and documentnumber = 39
20240812@180153.6377 lf1ac7e24kkm7lpf4sh81psv9p Query : select 1 valor from information_schema.tables where table_type='base table' and table_name='wstablefields'
20240812@180153.6392 lf1ac7e24kkm7lpf4sh81psv9p Query : select fieldkey,fieldname,fieldtype,mandatory from wstablefields where tablename = 'fi2' and documentnumber = 39
20240812@180153.6401 lf1ac7e24kkm7lpf4sh81psv9p Query : select top 1 convert(numeric(6,2),t.taxa) valor from taxasiva t where t.codigo='2'
20240812@180153.6414 lf1ac7e24kkm7lpf4sh81psv9p Query : select sestamp valor from se where ref ='324.1803.00.1' and lote = 'r2301274200a'
20240812@180153.6427 lf1ac7e24kkm7lpf4sh81psv9p Query : select 1 valor from information_schema.tables where table_type='base table' and table_name='wstablefields'
20240812@180153.6442 lf1ac7e24kkm7lpf4sh81psv9p Query : select fieldkey,fieldname,fieldtype,calcformula from wstablefields where tablename = 'fi2' and documentnumber = 39
20240812@180153.6455 lf1ac7e24kkm7lpf4sh81psv9p Query : insert into wsfi2data (fi2stamp,ftstamp ,ousrdata, ousrhora, usrdata,usrhora,ousrinis,usrinis) values ('aut66ba46414466ba40019c','aut66ba42305766ba400126' ,getdate(),convert(char(8),convert (time,getdate())),getdate(),convert(char(8),convert (time,getdate())),'wsv','wsv')
20240812@180153.6459 lf1ac7e24kkm7lpf4sh81psv9p Query : select 1 valor from information_schema.tables where table_type='base table' and table_name='wstablefields'
20240812@180153.6474 lf1ac7e24kkm7lpf4sh81psv9p Query : select fieldkey,fieldname,fieldtype,calcformula from wstablefields where tablename = 'fi' and documentnumber = 39
20240812@180153.6504 lf1ac7e24kkm7lpf4sh81psv9p Query : insert into wsfidata (fistamp,ousrdata, ousrhora, usrdata,usrhora,ousrinis,usrinis ,qtt ,ftstamp ,epv,pvmoeda ,tabiva,iva,lordem ,ref, design ,lote,armazem) values ('aut66ba46414466ba40019c',getdate(),convert(char(8),convert (time,getdate())),getdate(),convert(char(8),convert (time,getdate())),'wsv','wsv',20.000 ,'aut66ba42305766ba400126' ,0,0 ,2,23.00,50000,?,?,?,?)
20240812@180153.6751 lf1ac7e24kkm7lpf4sh81psv9p Query : use flama_phc
20240812@180153.6754 lf1ac7e24kkm7lpf4sh81psv9p Query : select st.usalote valor from st where st.ref = '324.1803.00.1'
20240812@180153.6775 lf1ac7e24kkm7lpf4sh81psv9p Query : select top 1 st.tabiva ,st.ivaincl ,st.stns ,st.uni2 ,st.familia ,isnull(tx.taxa, 0) txiva ,unidade ,usalote ,epcpond ,noserie ,conversao ,st.texteis from st left join taxasiva tx on st.tabiva = tx.codigo where st.ref = '324.1803.00.1'
20240812@180153.6790 lf1ac7e24kkm7lpf4sh81psv9p Query : select 1 valor from information_schema.tables where table_type='base table' and table_name='wstablefields'
20240812@180153.6805 lf1ac7e24kkm7lpf4sh81psv9p Query : select fieldkey,fieldname,fieldtype,mandatory from wstablefields where tablename = 'fi' and documentnumber = 39
20240812@180153.6833 lf1ac7e24kkm7lpf4sh81psv9p Query : select 1 valor from information_schema.tables where table_type='base table' and table_name='wstablefields'
20240812@180153.6849 lf1ac7e24kkm7lpf4sh81psv9p Query : select fieldkey,fieldname,fieldtype,mandatory from wstablefields where tablename = 'fi2' and documentnumber = 39
20240812@180153.6858 lf1ac7e24kkm7lpf4sh81psv9p Query : select top 1 convert(numeric(6,2),t.taxa) valor from taxasiva t where t.codigo='2'
20240812@180153.6871 lf1ac7e24kkm7lpf4sh81psv9p Query : select sestamp valor from se where ref ='324.1803.00.1' and lote = 'r2301274200a'
20240812@180153.6884 lf1ac7e24kkm7lpf4sh81psv9p Query : select 1 valor from information_schema.tables where table_type='base table' and table_name='wstablefields'
20240812@180153.6899 lf1ac7e24kkm7lpf4sh81psv9p Query : select fieldkey,fieldname,fieldtype,calcformula from wstablefields where tablename = 'fi2' and documentnumber = 39
20240812@180153.6911 lf1ac7e24kkm7lpf4sh81psv9p Query : insert into wsfi2data (fi2stamp,ftstamp ,ousrdata, ousrhora, usrdata,usrhora,ousrinis,usrinis) values ('aut66ba48263966ba4001a8','aut66ba42305766ba400126' ,getdate(),convert(char(8),convert (time,getdate())),getdate(),convert(char(8),convert (time,getdate())),'wsv','wsv')
20240812@180153.6915 lf1ac7e24kkm7lpf4sh81psv9p Query : select 1 valor from information_schema.tables where table_type='base table' and table_name='wstablefields'
20240812@180153.6930 lf1ac7e24kkm7lpf4sh81psv9p Query : select fieldkey,fieldname,fieldtype,calcformula from wstablefields where tablename = 'fi' and documentnumber = 39
20240812@180153.6960 lf1ac7e24kkm7lpf4sh81psv9p Query : insert into wsfidata (fistamp,ousrdata, ousrhora, usrdata,usrhora,ousrinis,usrinis ,qtt ,ftstamp ,epv,pvmoeda ,tabiva,iva,lordem ,ref, design ,lote,armazem) values ('aut66ba48263966ba4001a8',getdate(),convert(char(8),convert (time,getdate())),getdate(),convert(char(8),convert (time,getdate())),'wsv','wsv',20.000 ,'aut66ba42305766ba400126' ,0,0 ,2,23.00,60000,?,?,?,?)
20240812@180153.7203 lf1ac7e24kkm7lpf4sh81psv9p Query : insert into wsftcreationlog (initialftstamp,externalid,creationstatus,documenttypeid,idustamp) values ('aut66ba42305766ba400126','2405349','wait',39,'adm09112754980.682000002')
20240812@180153.7281 lf1ac7e24kkm7lpf4sh81psv9p Query : use flama_phc
20240812@180153.7284 lf1ac7e24kkm7lpf4sh81psv9p Query : update u_wsusers set rqsttoken =? where userid ='userls001'
20240812@180153.7312 lf1ac7e24kkm7lpf4sh81psv9p Query : select concat(rtrim(relative_path),ltrim(name_new)) as valor from uploadfiles where uploadfile_id='1492';
20240812@180153.7340 lf1ac7e24kkm7lpf4sh81psv9p Query : update uploadfiles set whenupdated=current_timestamp where uploadfile_id='1492';
20240812@180153.7379 lf1ac7e24kkm7lpf4sh81psv9p Query : select concat(rtrim(relative_path),ltrim(name_new)) as valor from uploadfiles where uploadfile_id='1492';
20240812@180153.7402 lf1ac7e24kkm7lpf4sh81psv9p Query : update uploadfiles set whenupdated=current_timestamp where uploadfile_id='1492';
20240812@180153.7983 t4n7aotacfsjnjhs3h5b9u6mut Query : insert into uploadfiles ( name_original, name_new, option_type, relative_path, whencreated ) values ( ?, ?, ?, ?, getdate() )
20240812@180153.7995 t4n7aotacfsjnjhs3h5b9u6mut Query : select uploadfile_id valor from uploadfiles where name_new = ? and option_type = ? 
20240812@180153.8050 t4n7aotacfsjnjhs3h5b9u6mut Query : select concat(rtrim(relative_path),ltrim(name_new)) as valor from uploadfiles where uploadfile_id='1493';
20240812@180153.8105 t4n7aotacfsjnjhs3h5b9u6mut Query : update uploadfiles set whenupdated=current_timestamp where uploadfile_id='1493';
20240812@180153.8151 t4n7aotacfsjnjhs3h5b9u6mut Query : select concat(rtrim(relative_path),ltrim(name_new)) as valor from uploadfiles where uploadfile_id='1493';
20240812@180153.8175 t4n7aotacfsjnjhs3h5b9u6mut Query : update uploadfiles set whenupdated=current_timestamp where uploadfile_id='1493';
20240812@180153.8226 t4n7aotacfsjnjhs3h5b9u6mut Query : use flama_phc
20240812@180153.8230 t4n7aotacfsjnjhs3h5b9u6mut Query : select top 1 secretkey valor from u_wsusers u where u.userid = ? and u.inactivo=0
20240812@180153.8291 t4n7aotacfsjnjhs3h5b9u6mut Query : use flama_phc
20240812@180153.8295 t4n7aotacfsjnjhs3h5b9u6mut Query : select no, estab,szadrsdesc from szadrs where u_coddest=4740
20240812@180153.8341 t4n7aotacfsjnjhs3h5b9u6mut Query : select top 1 isnull(design,'') valor from st (nolock) left join stobs (nolock) on st.ref = stobs.ref where st.ref = '324.1831.00.2'
20240812@180153.8512 t4n7aotacfsjnjhs3h5b9u6mut Query : select top 1 isnull(design,'') valor from st (nolock) left join stobs (nolock) on st.ref = stobs.ref where st.ref = '324.1831.00.2'
20240812@180153.8532 t4n7aotacfsjnjhs3h5b9u6mut Query : select top 1 isnull(design,'') valor from st (nolock) left join stobs (nolock) on st.ref = stobs.ref where st.ref = '324.1831.00.2'
20240812@180153.8552 t4n7aotacfsjnjhs3h5b9u6mut Query : select top 1 isnull(design,'') valor from st (nolock) left join stobs (nolock) on st.ref = stobs.ref where st.ref = '324.1831.00.2'
20240812@180153.8571 t4n7aotacfsjnjhs3h5b9u6mut Query : select top 1 isnull(design,'') valor from st (nolock) left join stobs (nolock) on st.ref = stobs.ref where st.ref = '324.1831.00.2'
20240812@180153.8603 t4n7aotacfsjnjhs3h5b9u6mut Query : use flama_phc
20240812@180153.8607 t4n7aotacfsjnjhs3h5b9u6mut Query : select top 1 convert(date,fdata) valor from ft where ndoc = 39 and anulado= 0 and fno>0 order by fdata desc
20240812@180153.8639 t4n7aotacfsjnjhs3h5b9u6mut Query : use flama_phc
20240812@180153.8642 t4n7aotacfsjnjhs3h5b9u6mut Query : select top 1 1 valor from td where td.ndoc = 39
20240812@180153.8671 t4n7aotacfsjnjhs3h5b9u6mut Query : use flama_phc
20240812@180153.8675 t4n7aotacfsjnjhs3h5b9u6mut Query : select lower(descricao) descricao ,case when valor='s' then 1 else 0 end valor from para1 where descricao in ('st_lote','st_usalogifunc', 'st_grelha')
20240812@180153.8706 t4n7aotacfsjnjhs3h5b9u6mut Query : select top 1 manternumero ,assinadoc issigned ,tiposaft ,assinaimp ,nmdos ,td.assinadoc ,'cl' origin ,lancasl stocks ,case when cmsl<50 and td.lancasl=1 then 1 else 0 end entrada ,case when cmsl>50 and td.lancasl=1 then 1 else 0 end saida ,temserie assets ,~semgre usegridfields from td inner join td2 on td.tdstamp=td2.td2stamp where td.ndoc = 1
20240812@180154.9700 t4n7aotacfsjnjhs3h5b9u6mut Query : use flama_phc
20240812@180154.1050 t4n7aotacfsjnjhs3h5b9u6mut Query : select top 1 ~inactivo valor from cl where no = '100810' and estab = 0 order by inactivo desc
20240812@180154.1480 t4n7aotacfsjnjhs3h5b9u6mut Query : use flama_phc
20240812@180154.1510 t4n7aotacfsjnjhs3h5b9u6mut Query : select top 1 tipodoc,regrd from td where ndoc = 39
20240812@180154.1820 t4n7aotacfsjnjhs3h5b9u6mut Query : use flama_phc
20240812@180154.1850 t4n7aotacfsjnjhs3h5b9u6mut Query : select szadrsstamp valor from szadrs where szadrsdesc='espaÇotrans,lda'
20240812@180154.2250 t4n7aotacfsjnjhs3h5b9u6mut Query : use flama_phc
20240812@180154.2270 t4n7aotacfsjnjhs3h5b9u6mut Query : select szadrsstamp valor from szadrs where szadrsdesc='100810 - worten-equipamentos para o lar,sa.'
20240812@180154.2720 t4n7aotacfsjnjhs3h5b9u6mut Query : use flama_phc
20240812@180154.2740 t4n7aotacfsjnjhs3h5b9u6mut Query : select 1 valor from td where ndoc = 39
20240812@180154.2870 t4n7aotacfsjnjhs3h5b9u6mut Query : select top 1 manternumero, tiposaft, nmdos,td.assinadoc from td where td.ndoc = 39
20240812@180154.3010 t4n7aotacfsjnjhs3h5b9u6mut Query : select 1 valor from information_schema.tables where table_type='base table' and table_name='wstablefields'
20240812@180154.3210 t4n7aotacfsjnjhs3h5b9u6mut Query : select fieldkey,fieldname,fieldtype,mandatory from wstablefields where tablename = 'ft' and documentnumber = 39
20240812@180154.3400 t4n7aotacfsjnjhs3h5b9u6mut Query : select 1 valor from information_schema.tables where table_type='base table' and table_name='wstablefields'
20240812@180154.3540 t4n7aotacfsjnjhs3h5b9u6mut Query : select fieldkey,fieldname,fieldtype,mandatory from wstablefields where tablename = 'ft2' and documentnumber = 39
20240812@180154.3830 t4n7aotacfsjnjhs3h5b9u6mut Query : select 1 valor from information_schema.tables where table_type='base table' and table_name='wstablefields'
20240812@180154.3970 t4n7aotacfsjnjhs3h5b9u6mut Query : select fieldkey,fieldname,fieldtype,mandatory from wstablefields where tablename = 'ft3' and documentnumber = 39
20240812@180154.4090 t4n7aotacfsjnjhs3h5b9u6mut Query : select top 1 ft.fno valor from ft ft where ft.ndoc = 39 and ftano=2024 order by fno desc
20240812@180154.4780 t4n7aotacfsjnjhs3h5b9u6mut Query : select top 1 ft.fno valor from wsftdata ft where ft.ndoc = 39 and ftano=2024 order by fno desc
20240812@180154.4910 t4n7aotacfsjnjhs3h5b9u6mut Query : select 1 valor from information_schema.tables where table_type='base table' and table_name='wstablefields'
20240812@180154.5050 t4n7aotacfsjnjhs3h5b9u6mut Query : select fieldkey,fieldname,fieldtype,calcformula from wstablefields where tablename = 'ft3' and documentnumber = 39
20240812@180154.5210 t4n7aotacfsjnjhs3h5b9u6mut Query : insert into wsft3data (ft3stamp, ousrdata, ousrhora, usrdata,usrhora,ousrinis,usrinis,taxpointdt ) values ('aut66ba40274766ba400209' ,getdate(),convert(char(8),convert (time,getdate())),getdate(),convert(char(8),convert (time,getdate())),'wsv','wsv',?)
20240812@180154.7010 t4n7aotacfsjnjhs3h5b9u6mut Query : select 1 valor from information_schema.tables where table_type='base table' and table_name='wstablefields'
20240812@180154.7170 t4n7aotacfsjnjhs3h5b9u6mut Query : select fieldkey,fieldname,fieldtype,calcformula from wstablefields where tablename = 'ft2' and documentnumber = 39
20240812@180154.7550 t4n7aotacfsjnjhs3h5b9u6mut Query : select top 1 bo.u_nomeenv valor from bo where bo.bostamp=''
20240812@180154.7660 t4n7aotacfsjnjhs3h5b9u6mut Query : select top 1 bo.u_moradaen valor from bo where bo.bostamp=''
20240812@180154.7790 t4n7aotacfsjnjhs3h5b9u6mut Query : select top 1 bo.u_codposen valor from bo where bo.bostamp=''
20240812@180154.7900 t4n7aotacfsjnjhs3h5b9u6mut Query : select top 1 bo.u_localenv valor from bo where bo.bostamp=''
20240812@180154.8010 t4n7aotacfsjnjhs3h5b9u6mut Query : select top 1 bo.trab5 valor from bo where bo.bostamp=''
20240812@180154.8130 t4n7aotacfsjnjhs3h5b9u6mut Query : select top 1 bo.serie valor from bo where bo.bostamp=''
20240812@180154.8250 t4n7aotacfsjnjhs3h5b9u6mut Query : insert into wsft2data (ft2stamp, ousrdata,ousrhora, usrdata,usrhora,ousrinis,usrinis,u_nomeenv ,u_moradaen ,u_codposen ,u_localenv ,u_coddest ,u_codby ) values ('aut66ba40274766ba400209',getdate(),convert(char(8),convert (time,getdate())),getdate(),convert(char(8),convert (time,getdate())),'wsv','wsv',?,?,?,?,?,?)
20240812@180154.1169 t4n7aotacfsjnjhs3h5b9u6mut Query : select top 1 fno valor from wsftdata order by fno desc
20240812@180154.1292 t4n7aotacfsjnjhs3h5b9u6mut Query : select 1 valor from information_schema.tables where table_type='base table' and table_name='wstablefields'
20240812@180154.1309 t4n7aotacfsjnjhs3h5b9u6mut Query : select fieldkey,fieldname,fieldtype,calcformula from wstablefields where tablename = 'ft' and documentnumber = 39
20240812@180154.1361 t4n7aotacfsjnjhs3h5b9u6mut Query : select 'normal' from dummy
20240812@180154.1470 t4n7aotacfsjnjhs3h5b9u6mut Query : insert into wsftdata (ftstamp, ousrdata,ousrhora, usrdata,usrhora,ousrinis,usrinis,fno,no,estab,fdata,ndoc,moeda,cambio,cambiofixo,ftano,site ,classe ) values ('aut66ba40274766ba400209',getdate(),convert(char(8),convert (time,getdate())),getdate(),convert(char(8),convert (time,getdate())),'wsv','wsv',311,100810,0,'2024-08-12',39,'euro',0,0,2024 ,?,?)
20240812@180154.1858 t4n7aotacfsjnjhs3h5b9u6mut Query : use flama_phc
20240812@180154.1862 t4n7aotacfsjnjhs3h5b9u6mut Query : select st.usalote valor from st where st.ref = '324.1831.00.2'
20240812@180154.1886 t4n7aotacfsjnjhs3h5b9u6mut Query : select top 1 st.tabiva ,st.ivaincl ,st.stns ,st.uni2 ,st.familia ,isnull(tx.taxa, 0) txiva ,unidade ,usalote ,epcpond ,noserie ,conversao ,st.texteis from st left join taxasiva tx on st.tabiva = tx.codigo where st.ref = '324.1831.00.2'
20240812@180154.2037 t4n7aotacfsjnjhs3h5b9u6mut Query : select 1 valor from information_schema.tables where table_type='base table' and table_name='wstablefields'
20240812@180154.2053 t4n7aotacfsjnjhs3h5b9u6mut Query : select fieldkey,fieldname,fieldtype,mandatory from wstablefields where tablename = 'fi' and documentnumber = 39
20240812@180154.2080 t4n7aotacfsjnjhs3h5b9u6mut Query : select 1 valor from information_schema.tables where table_type='base table' and table_name='wstablefields'
20240812@180154.2095 t4n7aotacfsjnjhs3h5b9u6mut Query : select fieldkey,fieldname,fieldtype,mandatory from wstablefields where tablename = 'fi2' and documentnumber = 39
20240812@180154.2104 t4n7aotacfsjnjhs3h5b9u6mut Query : select top 1 convert(numeric(6,2),t.taxa) valor from taxasiva t where t.codigo='2'
20240812@180154.2117 t4n7aotacfsjnjhs3h5b9u6mut Query : select sestamp valor from se where ref ='324.1831.00.2' and lote = 'r2301271200a'
20240812@180154.2132 t4n7aotacfsjnjhs3h5b9u6mut Query : select 1 valor from information_schema.tables where table_type='base table' and table_name='wstablefields'
20240812@180154.2147 t4n7aotacfsjnjhs3h5b9u6mut Query : select fieldkey,fieldname,fieldtype,calcformula from wstablefields where tablename = 'fi2' and documentnumber = 39
20240812@180154.2159 t4n7aotacfsjnjhs3h5b9u6mut Query : insert into wsfi2data (fi2stamp,ftstamp ,ousrdata, ousrhora, usrdata,usrhora,ousrinis,usrinis) values ('aut66ba41606666ba400234','aut66ba40274766ba400209' ,getdate(),convert(char(8),convert (time,getdate())),getdate(),convert(char(8),convert (time,getdate())),'wsv','wsv')
20240812@180154.2164 t4n7aotacfsjnjhs3h5b9u6mut Query : select 1 valor from information_schema.tables where table_type='base table' and table_name='wstablefields'
20240812@180154.2179 t4n7aotacfsjnjhs3h5b9u6mut Query : select fieldkey,fieldname,fieldtype,calcformula from wstablefields where tablename = 'fi' and documentnumber = 39
20240812@180154.2209 t4n7aotacfsjnjhs3h5b9u6mut Query : insert into wsfidata (fistamp,ousrdata, ousrhora, usrdata,usrhora,ousrinis,usrinis ,qtt ,ftstamp ,epv,pvmoeda ,tabiva,iva,lordem ,ref, design ,lote,armazem) values ('aut66ba41606666ba400234',getdate(),convert(char(8),convert (time,getdate())),getdate(),convert(char(8),convert (time,getdate())),'wsv','wsv',20.000 ,'aut66ba40274766ba400209' ,0,0 ,2,23.00,10000,?,?,?,?)
20240812@180154.2476 t4n7aotacfsjnjhs3h5b9u6mut Query : select 1 valor from information_schema.tables where table_type='base table' and table_name='wstablefields'
20240812@180154.2493 t4n7aotacfsjnjhs3h5b9u6mut Query : select fieldkey,fieldname,fieldtype,mandatory from wstablefields where tablename = 'fi' and documentnumber = 39
20240812@180154.2520 t4n7aotacfsjnjhs3h5b9u6mut Query : select 1 valor from information_schema.tables where table_type='base table' and table_name='wstablefields'
20240812@180154.2535 t4n7aotacfsjnjhs3h5b9u6mut Query : select fieldkey,fieldname,fieldtype,mandatory from wstablefields where tablename = 'fi2' and documentnumber = 39
20240812@180154.2544 t4n7aotacfsjnjhs3h5b9u6mut Query : select top 1 convert(numeric(6,2),t.taxa) valor from taxasiva t where t.codigo='2'
20240812@180154.2557 t4n7aotacfsjnjhs3h5b9u6mut Query : select 1 valor from information_schema.tables where table_type='base table' and table_name='wstablefields'
20240812@180154.2572 t4n7aotacfsjnjhs3h5b9u6mut Query : select fieldkey,fieldname,fieldtype,calcformula from wstablefields where tablename = 'fi2' and documentnumber = 39
20240812@180154.2584 t4n7aotacfsjnjhs3h5b9u6mut Query : insert into wsfi2data (fi2stamp,ftstamp ,ousrdata, ousrhora, usrdata,usrhora,ousrinis,usrinis) values ('aut66ba44770466ba40023e','aut66ba40274766ba400209' ,getdate(),convert(char(8),convert (time,getdate())),getdate(),convert(char(8),convert (time,getdate())),'wsv','wsv')
20240812@180154.2588 t4n7aotacfsjnjhs3h5b9u6mut Query : select 1 valor from information_schema.tables where table_type='base table' and table_name='wstablefields'
20240812@180154.2603 t4n7aotacfsjnjhs3h5b9u6mut Query : select fieldkey,fieldname,fieldtype,calcformula from wstablefields where tablename = 'fi' and documentnumber = 39
20240812@180154.2633 t4n7aotacfsjnjhs3h5b9u6mut Query : insert into wsfidata (fistamp,ousrdata, ousrhora, usrdata,usrhora,ousrinis,usrinis ,qtt ,ftstamp ,epv,pvmoeda ,tabiva,iva,lordem ,ref, design ,armazem) values ('aut66ba44770466ba40023e',getdate(),convert(char(8),convert (time,getdate())),getdate(),convert(char(8),convert (time,getdate())),'wsv','wsv',0 ,'aut66ba40274766ba400209' ,0,0 ,2,23.00,20000,?,?,?)
20240812@180154.2898 t4n7aotacfsjnjhs3h5b9u6mut Query : use flama_phc
20240812@180154.2901 t4n7aotacfsjnjhs3h5b9u6mut Query : select st.usalote valor from st where st.ref = '324.1831.00.2'
20240812@180154.2921 t4n7aotacfsjnjhs3h5b9u6mut Query : select top 1 st.tabiva ,st.ivaincl ,st.stns ,st.uni2 ,st.familia ,isnull(tx.taxa, 0) txiva ,unidade ,usalote ,epcpond ,noserie ,conversao ,st.texteis from st left join taxasiva tx on st.tabiva = tx.codigo where st.ref = '324.1831.00.2'
20240812@180154.2936 t4n7aotacfsjnjhs3h5b9u6mut Query : select 1 valor from information_schema.tables where table_type='base table' and table_name='wstablefields'
20240812@180154.2952 t4n7aotacfsjnjhs3h5b9u6mut Query : select fieldkey,fieldname,fieldtype,mandatory from wstablefields where tablename = 'fi' and documentnumber = 39
20240812@180154.2979 t4n7aotacfsjnjhs3h5b9u6mut Query : select 1 valor from information_schema.tables where table_type='base table' and table_name='wstablefields'
20240812@180154.2994 t4n7aotacfsjnjhs3h5b9u6mut Query : select fieldkey,fieldname,fieldtype,mandatory from wstablefields where tablename = 'fi2' and documentnumber = 39
20240812@180154.3002 t4n7aotacfsjnjhs3h5b9u6mut Query : select top 1 convert(numeric(6,2),t.taxa) valor from taxasiva t where t.codigo='2'
20240812@180154.3016 t4n7aotacfsjnjhs3h5b9u6mut Query : select sestamp valor from se where ref ='324.1831.00.2' and lote = 'r2301271200a'
20240812@180154.3030 t4n7aotacfsjnjhs3h5b9u6mut Query : select 1 valor from information_schema.tables where table_type='base table' and table_name='wstablefields'
20240812@180154.3045 t4n7aotacfsjnjhs3h5b9u6mut Query : select fieldkey,fieldname,fieldtype,calcformula from wstablefields where tablename = 'fi2' and documentnumber = 39
20240812@180154.3057 t4n7aotacfsjnjhs3h5b9u6mut Query : insert into wsfi2data (fi2stamp,ftstamp ,ousrdata, ousrhora, usrdata,usrhora,ousrinis,usrinis) values ('aut66ba46524866ba400249','aut66ba40274766ba400209' ,getdate(),convert(char(8),convert (time,getdate())),getdate(),convert(char(8),convert (time,getdate())),'wsv','wsv')
20240812@180154.3061 t4n7aotacfsjnjhs3h5b9u6mut Query : select 1 valor from information_schema.tables where table_type='base table' and table_name='wstablefields'
20240812@180154.3077 t4n7aotacfsjnjhs3h5b9u6mut Query : select fieldkey,fieldname,fieldtype,calcformula from wstablefields where tablename = 'fi' and documentnumber = 39
20240812@180154.3106 t4n7aotacfsjnjhs3h5b9u6mut Query : insert into wsfidata (fistamp,ousrdata, ousrhora, usrdata,usrhora,ousrinis,usrinis ,qtt ,ftstamp ,epv,pvmoeda ,tabiva,iva,lordem ,ref, design ,lote,armazem) values ('aut66ba46524866ba400249',getdate(),convert(char(8),convert (time,getdate())),getdate(),convert(char(8),convert (time,getdate())),'wsv','wsv',20.000 ,'aut66ba40274766ba400209' ,0,0 ,2,23.00,40000,?,?,?,?)
20240812@180154.3363 t4n7aotacfsjnjhs3h5b9u6mut Query : select 1 valor from information_schema.tables where table_type='base table' and table_name='wstablefields'
20240812@180154.3380 t4n7aotacfsjnjhs3h5b9u6mut Query : select fieldkey,fieldname,fieldtype,mandatory from wstablefields where tablename = 'fi' and documentnumber = 39
20240812@180154.3406 t4n7aotacfsjnjhs3h5b9u6mut Query : select 1 valor from information_schema.tables where table_type='base table' and table_name='wstablefields'
20240812@180154.3422 t4n7aotacfsjnjhs3h5b9u6mut Query : select fieldkey,fieldname,fieldtype,mandatory from wstablefields where tablename = 'fi2' and documentnumber = 39
20240812@180154.3431 t4n7aotacfsjnjhs3h5b9u6mut Query : select top 1 convert(numeric(6,2),t.taxa) valor from taxasiva t where t.codigo='2'
20240812@180154.3444 t4n7aotacfsjnjhs3h5b9u6mut Query : select 1 valor from information_schema.tables where table_type='base table' and table_name='wstablefields'
20240812@180154.3459 t4n7aotacfsjnjhs3h5b9u6mut Query : select fieldkey,fieldname,fieldtype,calcformula from wstablefields where tablename = 'fi2' and documentnumber = 39
20240812@180154.3471 t4n7aotacfsjnjhs3h5b9u6mut Query : insert into wsfi2data (fi2stamp,ftstamp ,ousrdata, ousrhora, usrdata,usrhora,ousrinis,usrinis) values ('aut66ba45842366ba400254','aut66ba40274766ba400209' ,getdate(),convert(char(8),convert (time,getdate())),getdate(),convert(char(8),convert (time,getdate())),'wsv','wsv')
20240812@180154.3475 t4n7aotacfsjnjhs3h5b9u6mut Query : select 1 valor from information_schema.tables where table_type='base table' and table_name='wstablefields'
20240812@180154.3490 t4n7aotacfsjnjhs3h5b9u6mut Query : select fieldkey,fieldname,fieldtype,calcformula from wstablefields where tablename = 'fi' and documentnumber = 39
20240812@180154.3520 t4n7aotacfsjnjhs3h5b9u6mut Query : insert into wsfidata (fistamp,ousrdata, ousrhora, usrdata,usrhora,ousrinis,usrinis ,qtt ,ftstamp ,epv,pvmoeda ,tabiva,iva,lordem ,ref, design ,armazem) values ('aut66ba45842366ba400254',getdate(),convert(char(8),convert (time,getdate())),getdate(),convert(char(8),convert (time,getdate())),'wsv','wsv',0 ,'aut66ba40274766ba400209' ,0,0 ,2,23.00,50000,?,?,?)
20240812@180154.3766 t4n7aotacfsjnjhs3h5b9u6mut Query : use flama_phc
20240812@180154.3770 t4n7aotacfsjnjhs3h5b9u6mut Query : select st.usalote valor from st where st.ref = '324.1831.00.2'
20240812@180154.3789 t4n7aotacfsjnjhs3h5b9u6mut Query : select top 1 st.tabiva ,st.ivaincl ,st.stns ,st.uni2 ,st.familia ,isnull(tx.taxa, 0) txiva ,unidade ,usalote ,epcpond ,noserie ,conversao ,st.texteis from st left join taxasiva tx on st.tabiva = tx.codigo where st.ref = '324.1831.00.2'
20240812@180154.3804 t4n7aotacfsjnjhs3h5b9u6mut Query : select 1 valor from information_schema.tables where table_type='base table' and table_name='wstablefields'
20240812@180154.3820 t4n7aotacfsjnjhs3h5b9u6mut Query : select fieldkey,fieldname,fieldtype,mandatory from wstablefields where tablename = 'fi' and documentnumber = 39
20240812@180154.3846 t4n7aotacfsjnjhs3h5b9u6mut Query : select 1 valor from information_schema.tables where table_type='base table' and table_name='wstablefields'
20240812@180154.3861 t4n7aotacfsjnjhs3h5b9u6mut Query : select fieldkey,fieldname,fieldtype,mandatory from wstablefields where tablename = 'fi2' and documentnumber = 39
20240812@180154.3871 t4n7aotacfsjnjhs3h5b9u6mut Query : select top 1 convert(numeric(6,2),t.taxa) valor from taxasiva t where t.codigo='2'
20240812@180154.3883 t4n7aotacfsjnjhs3h5b9u6mut Query : select sestamp valor from se where ref ='324.1831.00.2' and lote = 'r2301271200a'
20240812@180154.3897 t4n7aotacfsjnjhs3h5b9u6mut Query : select 1 valor from information_schema.tables where table_type='base table' and table_name='wstablefields'
20240812@180154.3912 t4n7aotacfsjnjhs3h5b9u6mut Query : select fieldkey,fieldname,fieldtype,calcformula from wstablefields where tablename = 'fi2' and documentnumber = 39
20240812@180154.3924 t4n7aotacfsjnjhs3h5b9u6mut Query : insert into wsfi2data (fi2stamp,ftstamp ,ousrdata, ousrhora, usrdata,usrhora,ousrinis,usrinis) values ('aut66ba41585566ba40025f','aut66ba40274766ba400209' ,getdate(),convert(char(8),convert (time,getdate())),getdate(),convert(char(8),convert (time,getdate())),'wsv','wsv')
20240812@180154.3928 t4n7aotacfsjnjhs3h5b9u6mut Query : select 1 valor from information_schema.tables where table_type='base table' and table_name='wstablefields'
20240812@180154.3943 t4n7aotacfsjnjhs3h5b9u6mut Query : select fieldkey,fieldname,fieldtype,calcformula from wstablefields where tablename = 'fi' and documentnumber = 39
20240812@180154.3973 t4n7aotacfsjnjhs3h5b9u6mut Query : insert into wsfidata (fistamp,ousrdata, ousrhora, usrdata,usrhora,ousrinis,usrinis ,qtt ,ftstamp ,epv,pvmoeda ,tabiva,iva,lordem ,ref, design ,lote,armazem) values ('aut66ba41585566ba40025f',getdate(),convert(char(8),convert (time,getdate())),getdate(),convert(char(8),convert (time,getdate())),'wsv','wsv',20.000 ,'aut66ba40274766ba400209' ,0,0 ,2,23.00,70000,?,?,?,?)
20240812@180154.4230 t4n7aotacfsjnjhs3h5b9u6mut Query : select 1 valor from information_schema.tables where table_type='base table' and table_name='wstablefields'
20240812@180154.4246 t4n7aotacfsjnjhs3h5b9u6mut Query : select fieldkey,fieldname,fieldtype,mandatory from wstablefields where tablename = 'fi' and documentnumber = 39
20240812@180154.4280 t4n7aotacfsjnjhs3h5b9u6mut Query : select 1 valor from information_schema.tables where table_type='base table' and table_name='wstablefields'
20240812@180154.4299 t4n7aotacfsjnjhs3h5b9u6mut Query : select fieldkey,fieldname,fieldtype,mandatory from wstablefields where tablename = 'fi2' and documentnumber = 39
20240812@180154.4310 t4n7aotacfsjnjhs3h5b9u6mut Query : select top 1 convert(numeric(6,2),t.taxa) valor from taxasiva t where t.codigo='2'
20240812@180154.4328 t4n7aotacfsjnjhs3h5b9u6mut Query : select 1 valor from information_schema.tables where table_type='base table' and table_name='wstablefields'
20240812@180154.4345 t4n7aotacfsjnjhs3h5b9u6mut Query : select fieldkey,fieldname,fieldtype,calcformula from wstablefields where tablename = 'fi2' and documentnumber = 39
20240812@180154.4358 t4n7aotacfsjnjhs3h5b9u6mut Query : insert into wsfi2data (fi2stamp,ftstamp ,ousrdata, ousrhora, usrdata,usrhora,ousrinis,usrinis) values ('aut66ba46708466ba400269','aut66ba40274766ba400209' ,getdate(),convert(char(8),convert (time,getdate())),getdate(),convert(char(8),convert (time,getdate())),'wsv','wsv')
20240812@180154.4363 t4n7aotacfsjnjhs3h5b9u6mut Query : select 1 valor from information_schema.tables where table_type='base table' and table_name='wstablefields'
20240812@180154.4379 t4n7aotacfsjnjhs3h5b9u6mut Query : select fieldkey,fieldname,fieldtype,calcformula from wstablefields where tablename = 'fi' and documentnumber = 39
20240812@180154.4413 t4n7aotacfsjnjhs3h5b9u6mut Query : insert into wsfidata (fistamp,ousrdata, ousrhora, usrdata,usrhora,ousrinis,usrinis ,qtt ,ftstamp ,epv,pvmoeda ,tabiva,iva,lordem ,ref, design ,armazem) values ('aut66ba46708466ba400269',getdate(),convert(char(8),convert (time,getdate())),getdate(),convert(char(8),convert (time,getdate())),'wsv','wsv',0 ,'aut66ba40274766ba400209' ,0,0 ,2,23.00,80000,?,?,?)
20240812@180154.4699 t4n7aotacfsjnjhs3h5b9u6mut Query : use flama_phc
20240812@180154.4702 t4n7aotacfsjnjhs3h5b9u6mut Query : select st.usalote valor from st where st.ref = '324.1831.00.2'
20240812@180154.4725 t4n7aotacfsjnjhs3h5b9u6mut Query : select top 1 st.tabiva ,st.ivaincl ,st.stns ,st.uni2 ,st.familia ,isnull(tx.taxa, 0) txiva ,unidade ,usalote ,epcpond ,noserie ,conversao ,st.texteis from st left join taxasiva tx on st.tabiva = tx.codigo where st.ref = '324.1831.00.2'
20240812@180154.4740 t4n7aotacfsjnjhs3h5b9u6mut Query : select 1 valor from information_schema.tables where table_type='base table' and table_name='wstablefields'
20240812@180154.4757 t4n7aotacfsjnjhs3h5b9u6mut Query : select fieldkey,fieldname,fieldtype,mandatory from wstablefields where tablename = 'fi' and documentnumber = 39
20240812@180154.4798 t4n7aotacfsjnjhs3h5b9u6mut Query : select 1 valor from information_schema.tables where table_type='base table' and table_name='wstablefields'
20240812@180154.4815 t4n7aotacfsjnjhs3h5b9u6mut Query : select fieldkey,fieldname,fieldtype,mandatory from wstablefields where tablename = 'fi2' and documentnumber = 39
20240812@180154.4825 t4n7aotacfsjnjhs3h5b9u6mut Query : select top 1 convert(numeric(6,2),t.taxa) valor from taxasiva t where t.codigo='2'
20240812@180154.4839 t4n7aotacfsjnjhs3h5b9u6mut Query : select sestamp valor from se where ref ='324.1831.00.2' and lote = 'r2301271200a'
20240812@180154.4853 t4n7aotacfsjnjhs3h5b9u6mut Query : select 1 valor from information_schema.tables where table_type='base table' and table_name='wstablefields'
20240812@180154.4871 t4n7aotacfsjnjhs3h5b9u6mut Query : select fieldkey,fieldname,fieldtype,calcformula from wstablefields where tablename = 'fi2' and documentnumber = 39
20240812@180154.4884 t4n7aotacfsjnjhs3h5b9u6mut Query : insert into wsfi2data (fi2stamp,ftstamp ,ousrdata, ousrhora, usrdata,usrhora,ousrinis,usrinis) values ('aut66ba49269266ba400276','aut66ba40274766ba400209' ,getdate(),convert(char(8),convert (time,getdate())),getdate(),convert(char(8),convert (time,getdate())),'wsv','wsv')
20240812@180154.4889 t4n7aotacfsjnjhs3h5b9u6mut Query : select 1 valor from information_schema.tables where table_type='base table' and table_name='wstablefields'
20240812@180154.4905 t4n7aotacfsjnjhs3h5b9u6mut Query : select fieldkey,fieldname,fieldtype,calcformula from wstablefields where tablename = 'fi' and documentnumber = 39
20240812@180154.4939 t4n7aotacfsjnjhs3h5b9u6mut Query : insert into wsfidata (fistamp,ousrdata, ousrhora, usrdata,usrhora,ousrinis,usrinis ,qtt ,ftstamp ,epv,pvmoeda ,tabiva,iva,lordem ,ref, design ,lote,armazem) values ('aut66ba49269266ba400276',getdate(),convert(char(8),convert (time,getdate())),getdate(),convert(char(8),convert (time,getdate())),'wsv','wsv',20.000 ,'aut66ba40274766ba400209' ,0,0 ,2,23.00,100000,?,?,?,?)
20240812@180154.5201 t4n7aotacfsjnjhs3h5b9u6mut Query : select 1 valor from information_schema.tables where table_type='base table' and table_name='wstablefields'
20240812@180154.5219 t4n7aotacfsjnjhs3h5b9u6mut Query : select fieldkey,fieldname,fieldtype,mandatory from wstablefields where tablename = 'fi' and documentnumber = 39
20240812@180154.5249 t4n7aotacfsjnjhs3h5b9u6mut Query : select 1 valor from information_schema.tables where table_type='base table' and table_name='wstablefields'
20240812@180154.5278 t4n7aotacfsjnjhs3h5b9u6mut Query : select fieldkey,fieldname,fieldtype,mandatory from wstablefields where tablename = 'fi2' and documentnumber = 39
20240812@180154.5287 t4n7aotacfsjnjhs3h5b9u6mut Query : select top 1 convert(numeric(6,2),t.taxa) valor from taxasiva t where t.codigo='2'
20240812@180154.5300 t4n7aotacfsjnjhs3h5b9u6mut Query : select 1 valor from information_schema.tables where table_type='base table' and table_name='wstablefields'
20240812@180154.5318 t4n7aotacfsjnjhs3h5b9u6mut Query : select fieldkey,fieldname,fieldtype,calcformula from wstablefields where tablename = 'fi2' and documentnumber = 39
20240812@180154.5330 t4n7aotacfsjnjhs3h5b9u6mut Query : insert into wsfi2data (fi2stamp,ftstamp ,ousrdata, ousrhora, usrdata,usrhora,ousrinis,usrinis) values ('aut66ba48171366ba400281','aut66ba40274766ba400209' ,getdate(),convert(char(8),convert (time,getdate())),getdate(),convert(char(8),convert (time,getdate())),'wsv','wsv')
20240812@180154.5335 t4n7aotacfsjnjhs3h5b9u6mut Query : select 1 valor from information_schema.tables where table_type='base table' and table_name='wstablefields'
20240812@180154.5350 t4n7aotacfsjnjhs3h5b9u6mut Query : select fieldkey,fieldname,fieldtype,calcformula from wstablefields where tablename = 'fi' and documentnumber = 39
20240812@180154.5385 t4n7aotacfsjnjhs3h5b9u6mut Query : insert into wsfidata (fistamp,ousrdata, ousrhora, usrdata,usrhora,ousrinis,usrinis ,qtt ,ftstamp ,epv,pvmoeda ,tabiva,iva,lordem ,ref, design ,armazem) values ('aut66ba48171366ba400281',getdate(),convert(char(8),convert (time,getdate())),getdate(),convert(char(8),convert (time,getdate())),'wsv','wsv',0 ,'aut66ba40274766ba400209' ,0,0 ,2,23.00,110000,?,?,?)
20240812@180154.5838 t4n7aotacfsjnjhs3h5b9u6mut Query : use flama_phc
20240812@180154.5841 t4n7aotacfsjnjhs3h5b9u6mut Query : select st.usalote valor from st where st.ref = '324.1831.00.2'
20240812@180154.5862 t4n7aotacfsjnjhs3h5b9u6mut Query : select top 1 st.tabiva ,st.ivaincl ,st.stns ,st.uni2 ,st.familia ,isnull(tx.taxa, 0) txiva ,unidade ,usalote ,epcpond ,noserie ,conversao ,st.texteis from st left join taxasiva tx on st.tabiva = tx.codigo where st.ref = '324.1831.00.2'
20240812@180154.5876 t4n7aotacfsjnjhs3h5b9u6mut Query : select 1 valor from information_schema.tables where table_type='base table' and table_name='wstablefields'
20240812@180154.5893 t4n7aotacfsjnjhs3h5b9u6mut Query : select fieldkey,fieldname,fieldtype,mandatory from wstablefields where tablename = 'fi' and documentnumber = 39
20240812@180154.5922 t4n7aotacfsjnjhs3h5b9u6mut Query : select 1 valor from information_schema.tables where table_type='base table' and table_name='wstablefields'
20240812@180154.5939 t4n7aotacfsjnjhs3h5b9u6mut Query : select fieldkey,fieldname,fieldtype,mandatory from wstablefields where tablename = 'fi2' and documentnumber = 39
20240812@180154.5948 t4n7aotacfsjnjhs3h5b9u6mut Query : select top 1 convert(numeric(6,2),t.taxa) valor from taxasiva t where t.codigo='2'
20240812@180154.5961 t4n7aotacfsjnjhs3h5b9u6mut Query : select sestamp valor from se where ref ='324.1831.00.2' and lote = 'r2301271200a'
20240812@180154.5983 t4n7aotacfsjnjhs3h5b9u6mut Query : select 1 valor from information_schema.tables where table_type='base table' and table_name='wstablefields'
20240812@180154.5998 t4n7aotacfsjnjhs3h5b9u6mut Query : select fieldkey,fieldname,fieldtype,calcformula from wstablefields where tablename = 'fi2' and documentnumber = 39
20240812@180154.6010 t4n7aotacfsjnjhs3h5b9u6mut Query : insert into wsfi2data (fi2stamp,ftstamp ,ousrdata, ousrhora, usrdata,usrhora,ousrinis,usrinis) values ('aut66ba49274766ba400292','aut66ba40274766ba400209' ,getdate(),convert(char(8),convert (time,getdate())),getdate(),convert(char(8),convert (time,getdate())),'wsv','wsv')
20240812@180154.6015 t4n7aotacfsjnjhs3h5b9u6mut Query : select 1 valor from information_schema.tables where table_type='base table' and table_name='wstablefields'
20240812@180154.6030 t4n7aotacfsjnjhs3h5b9u6mut Query : select fieldkey,fieldname,fieldtype,calcformula from wstablefields where tablename = 'fi' and documentnumber = 39
20240812@180154.6059 t4n7aotacfsjnjhs3h5b9u6mut Query : insert into wsfidata (fistamp,ousrdata, ousrhora, usrdata,usrhora,ousrinis,usrinis ,qtt ,ftstamp ,epv,pvmoeda ,tabiva,iva,lordem ,ref, design ,lote,armazem) values ('aut66ba49274766ba400292',getdate(),convert(char(8),convert (time,getdate())),getdate(),convert(char(8),convert (time,getdate())),'wsv','wsv',20.000 ,'aut66ba40274766ba400209' ,0,0 ,2,23.00,130000,?,?,?,?)
20240812@180154.6318 t4n7aotacfsjnjhs3h5b9u6mut Query : select 1 valor from information_schema.tables where table_type='base table' and table_name='wstablefields'
20240812@180154.6334 t4n7aotacfsjnjhs3h5b9u6mut Query : select fieldkey,fieldname,fieldtype,mandatory from wstablefields where tablename = 'fi' and documentnumber = 39
20240812@180154.6378 t4n7aotacfsjnjhs3h5b9u6mut Query : select 1 valor from information_schema.tables where table_type='base table' and table_name='wstablefields'
20240812@180154.6751 t4n7aotacfsjnjhs3h5b9u6mut Query : select fieldkey,fieldname,fieldtype,mandatory from wstablefields where tablename = 'fi2' and documentnumber = 39
20240812@180154.7160 t4n7aotacfsjnjhs3h5b9u6mut Query : select top 1 convert(numeric(6,2),t.taxa) valor from taxasiva t where t.codigo='2'
20240812@180154.7631 t4n7aotacfsjnjhs3h5b9u6mut Query : select 1 valor from information_schema.tables where table_type='base table' and table_name='wstablefields'
20240812@180154.7652 t4n7aotacfsjnjhs3h5b9u6mut Query : select fieldkey,fieldname,fieldtype,calcformula from wstablefields where tablename = 'fi2' and documentnumber = 39
20240812@180154.7664 t4n7aotacfsjnjhs3h5b9u6mut Query : insert into wsfi2data (fi2stamp,ftstamp ,ousrdata, ousrhora, usrdata,usrhora,ousrinis,usrinis) values ('aut66ba48905266ba4002ba','aut66ba40274766ba400209' ,getdate(),convert(char(8),convert (time,getdate())),getdate(),convert(char(8),convert (time,getdate())),'wsv','wsv')
20240812@180154.7669 t4n7aotacfsjnjhs3h5b9u6mut Query : select 1 valor from information_schema.tables where table_type='base table' and table_name='wstablefields'
20240812@180154.7684 t4n7aotacfsjnjhs3h5b9u6mut Query : select fieldkey,fieldname,fieldtype,calcformula from wstablefields where tablename = 'fi' and documentnumber = 39
20240812@180154.7716 t4n7aotacfsjnjhs3h5b9u6mut Query : insert into wsfidata (fistamp,ousrdata, ousrhora, usrdata,usrhora,ousrinis,usrinis ,qtt ,ftstamp ,epv,pvmoeda ,tabiva,iva,lordem ,ref, design ,armazem) values ('aut66ba48905266ba4002ba',getdate(),convert(char(8),convert (time,getdate())),getdate(),convert(char(8),convert (time,getdate())),'wsv','wsv',0 ,'aut66ba40274766ba400209' ,0,0 ,2,23.00,140000,?,?,?)
20240812@180154.7985 t4n7aotacfsjnjhs3h5b9u6mut Query : insert into wsftcreationlog (initialftstamp,externalid,creationstatus,documenttypeid,idustamp) values ('aut66ba40274766ba400209','2405350','wait',39,'adm09112754980.682000002')
20240812@180154.8062 t4n7aotacfsjnjhs3h5b9u6mut Query : use flama_phc
20240812@180154.8066 t4n7aotacfsjnjhs3h5b9u6mut Query : update u_wsusers set rqsttoken =? where userid ='userls001'
20240812@180154.8095 t4n7aotacfsjnjhs3h5b9u6mut Query : select concat(rtrim(relative_path),ltrim(name_new)) as valor from uploadfiles where uploadfile_id='1493';
20240812@180154.8120 t4n7aotacfsjnjhs3h5b9u6mut Query : update uploadfiles set whenupdated=current_timestamp where uploadfile_id='1493';
20240812@180154.8162 t4n7aotacfsjnjhs3h5b9u6mut Query : select concat(rtrim(relative_path),ltrim(name_new)) as valor from uploadfiles where uploadfile_id='1493';
20240812@180154.8187 t4n7aotacfsjnjhs3h5b9u6mut Query : update uploadfiles set whenupdated=current_timestamp where uploadfile_id='1493';
20240812@180154.8809 dfogd8s7tr0j9ihnl021ib7fbh Query : insert into uploadfiles ( name_original, name_new, option_type, relative_path, whencreated ) values ( ?, ?, ?, ?, getdate() )
20240812@180154.8820 dfogd8s7tr0j9ihnl021ib7fbh Query : select uploadfile_id valor from uploadfiles where name_new = ? and option_type = ? 
20240812@180154.8873 dfogd8s7tr0j9ihnl021ib7fbh Query : select concat(rtrim(relative_path),ltrim(name_new)) as valor from uploadfiles where uploadfile_id='1494';
20240812@180154.8925 dfogd8s7tr0j9ihnl021ib7fbh Query : update uploadfiles set whenupdated=current_timestamp where uploadfile_id='1494';
20240812@180154.8976 dfogd8s7tr0j9ihnl021ib7fbh Query : select concat(rtrim(relative_path),ltrim(name_new)) as valor from uploadfiles where uploadfile_id='1494';
20240812@180154.8998 dfogd8s7tr0j9ihnl021ib7fbh Query : update uploadfiles set whenupdated=current_timestamp where uploadfile_id='1494';
20240812@180154.9050 dfogd8s7tr0j9ihnl021ib7fbh Query : use flama_phc
20240812@180154.9053 dfogd8s7tr0j9ihnl021ib7fbh Query : select top 1 secretkey valor from u_wsusers u where u.userid = ? and u.inactivo=0
20240812@180154.9120 dfogd8s7tr0j9ihnl021ib7fbh Query : use flama_phc
20240812@180154.9123 dfogd8s7tr0j9ihnl021ib7fbh Query : select no, estab,szadrsdesc from szadrs where u_coddest=4740
20240812@180154.9164 dfogd8s7tr0j9ihnl021ib7fbh Query : select top 1 isnull(design,'') valor from st (nolock) left join stobs (nolock) on st.ref = stobs.ref where st.ref = '324.1889.00.1'
20240812@180154.9330 dfogd8s7tr0j9ihnl021ib7fbh Query : select top 1 isnull(design,'') valor from st (nolock) left join stobs (nolock) on st.ref = stobs.ref where st.ref = '324.1889.00.1'
20240812@180154.9349 dfogd8s7tr0j9ihnl021ib7fbh Query : select top 1 isnull(design,'') valor from st (nolock) left join stobs (nolock) on st.ref = stobs.ref where st.ref = '324.1889.00.1'
20240812@180154.9368 dfogd8s7tr0j9ihnl021ib7fbh Query : select top 1 isnull(design,'') valor from st (nolock) left join stobs (nolock) on st.ref = stobs.ref where st.ref = '324.1889.00.1'
20240812@180154.9387 dfogd8s7tr0j9ihnl021ib7fbh Query : select top 1 isnull(design,'') valor from st (nolock) left join stobs (nolock) on st.ref = stobs.ref where st.ref = '324.1889.00.1'
20240812@180154.9405 dfogd8s7tr0j9ihnl021ib7fbh Query : select top 1 isnull(design,'') valor from st (nolock) left join stobs (nolock) on st.ref = stobs.ref where st.ref = '324.1889.00.1'
20240812@180154.9423 dfogd8s7tr0j9ihnl021ib7fbh Query : select top 1 isnull(design,'') valor from st (nolock) left join stobs (nolock) on st.ref = stobs.ref where st.ref = '324.1889.00.1'
20240812@180154.9441 dfogd8s7tr0j9ihnl021ib7fbh Query : select top 1 isnull(design,'') valor from st (nolock) left join stobs (nolock) on st.ref = stobs.ref where st.ref = '324.1889.00.1'
20240812@180154.9460 dfogd8s7tr0j9ihnl021ib7fbh Query : use flama_phc
20240812@180154.9463 dfogd8s7tr0j9ihnl021ib7fbh Query : select top 1 convert(date,fdata) valor from ft where ndoc = 39 and anulado= 0 and fno>0 order by fdata desc
20240812@180154.9494 dfogd8s7tr0j9ihnl021ib7fbh Query : use flama_phc
20240812@180154.9497 dfogd8s7tr0j9ihnl021ib7fbh Query : select top 1 1 valor from td where td.ndoc = 39
20240812@180154.9525 dfogd8s7tr0j9ihnl021ib7fbh Query : use flama_phc
20240812@180154.9528 dfogd8s7tr0j9ihnl021ib7fbh Query : select lower(descricao) descricao ,case when valor='s' then 1 else 0 end valor from para1 where descricao in ('st_lote','st_usalogifunc', 'st_grelha')
20240812@180154.9554 dfogd8s7tr0j9ihnl021ib7fbh Query : select top 1 manternumero ,assinadoc issigned ,tiposaft ,assinaimp ,nmdos ,td.assinadoc ,'cl' origin ,lancasl stocks ,case when cmsl<50 and td.lancasl=1 then 1 else 0 end entrada ,case when cmsl>50 and td.lancasl=1 then 1 else 0 end saida ,temserie assets ,~semgre usegridfields from td inner join td2 on td.tdstamp=td2.td2stamp where td.ndoc = 1
20240812@180154.9590 dfogd8s7tr0j9ihnl021ib7fbh Query : use flama_phc
20240812@180154.9592 dfogd8s7tr0j9ihnl021ib7fbh Query : select top 1 ~inactivo valor from cl where no = '100810' and estab = 0 order by inactivo desc
20240812@180154.9621 dfogd8s7tr0j9ihnl021ib7fbh Query : use flama_phc
20240812@180154.9623 dfogd8s7tr0j9ihnl021ib7fbh Query : select top 1 tipodoc,regrd from td where ndoc = 39
20240812@180154.9652 dfogd8s7tr0j9ihnl021ib7fbh Query : use flama_phc
20240812@180154.9655 dfogd8s7tr0j9ihnl021ib7fbh Query : select szadrsstamp valor from szadrs where szadrsdesc='espaÇotrans,lda'
20240812@180154.9694 dfogd8s7tr0j9ihnl021ib7fbh Query : use flama_phc
20240812@180154.9696 dfogd8s7tr0j9ihnl021ib7fbh Query : select szadrsstamp valor from szadrs where szadrsdesc='100810 - worten-equipamentos para o lar,sa.'
20240812@180154.9740 dfogd8s7tr0j9ihnl021ib7fbh Query : use flama_phc
20240812@180154.9742 dfogd8s7tr0j9ihnl021ib7fbh Query : select 1 valor from td where ndoc = 39
20240812@180154.9755 dfogd8s7tr0j9ihnl021ib7fbh Query : select top 1 manternumero, tiposaft, nmdos,td.assinadoc from td where td.ndoc = 39
20240812@180154.9769 dfogd8s7tr0j9ihnl021ib7fbh Query : select 1 valor from information_schema.tables where table_type='base table' and table_name='wstablefields'
20240812@180154.9785 dfogd8s7tr0j9ihnl021ib7fbh Query : select fieldkey,fieldname,fieldtype,mandatory from wstablefields where tablename = 'ft' and documentnumber = 39
20240812@180154.9804 dfogd8s7tr0j9ihnl021ib7fbh Query : select 1 valor from information_schema.tables where table_type='base table' and table_name='wstablefields'
20240812@180154.9818 dfogd8s7tr0j9ihnl021ib7fbh Query : select fieldkey,fieldname,fieldtype,mandatory from wstablefields where tablename = 'ft2' and documentnumber = 39
20240812@180154.9847 dfogd8s7tr0j9ihnl021ib7fbh Query : select 1 valor from information_schema.tables where table_type='base table' and table_name='wstablefields'
20240812@180154.9861 dfogd8s7tr0j9ihnl021ib7fbh Query : select fieldkey,fieldname,fieldtype,mandatory from wstablefields where tablename = 'ft3' and documentnumber = 39
20240812@180154.9876 dfogd8s7tr0j9ihnl021ib7fbh Query : select top 1 ft.fno valor from ft ft where ft.ndoc = 39 and ftano=2024 order by fno desc
20240812@180154.9946 dfogd8s7tr0j9ihnl021ib7fbh Query : select top 1 ft.fno valor from wsftdata ft where ft.ndoc = 39 and ftano=2024 order by fno desc
20240812@180154.9959 dfogd8s7tr0j9ihnl021ib7fbh Query : select 1 valor from information_schema.tables where table_type='base table' and table_name='wstablefields'
20240812@180154.9973 dfogd8s7tr0j9ihnl021ib7fbh Query : select fieldkey,fieldname,fieldtype,calcformula from wstablefields where tablename = 'ft3' and documentnumber = 39
20240812@180154.9987 dfogd8s7tr0j9ihnl021ib7fbh Query : insert into wsft3data (ft3stamp, ousrdata, ousrhora, usrdata,usrhora,ousrinis,usrinis,taxpointdt ) values ('aut66ba40069366ba4002f1' ,getdate(),convert(char(8),convert (time,getdate())),getdate(),convert(char(8),convert (time,getdate())),'wsv','wsv',?)
20240812@180155.1670 dfogd8s7tr0j9ihnl021ib7fbh Query : select 1 valor from information_schema.tables where table_type='base table' and table_name='wstablefields'
20240812@180155.1830 dfogd8s7tr0j9ihnl021ib7fbh Query : select fieldkey,fieldname,fieldtype,calcformula from wstablefields where tablename = 'ft2' and documentnumber = 39
20240812@180155.2160 dfogd8s7tr0j9ihnl021ib7fbh Query : select top 1 bo.u_nomeenv valor from bo where bo.bostamp=''
20240812@180155.2280 dfogd8s7tr0j9ihnl021ib7fbh Query : select top 1 bo.u_moradaen valor from bo where bo.bostamp=''
20240812@180155.2400 dfogd8s7tr0j9ihnl021ib7fbh Query : select top 1 bo.u_codposen valor from bo where bo.bostamp=''
20240812@180155.2520 dfogd8s7tr0j9ihnl021ib7fbh Query : select top 1 bo.u_localenv valor from bo where bo.bostamp=''
20240812@180155.2640 dfogd8s7tr0j9ihnl021ib7fbh Query : select top 1 bo.trab5 valor from bo where bo.bostamp=''
20240812@180155.2760 dfogd8s7tr0j9ihnl021ib7fbh Query : select top 1 bo.serie valor from bo where bo.bostamp=''
20240812@180155.2880 dfogd8s7tr0j9ihnl021ib7fbh Query : insert into wsft2data (ft2stamp, ousrdata,ousrhora, usrdata,usrhora,ousrinis,usrinis,u_nomeenv ,u_moradaen ,u_codposen ,u_localenv ,u_coddest ,u_codby ) values ('aut66ba40069366ba4002f1',getdate(),convert(char(8),convert (time,getdate())),getdate(),convert(char(8),convert (time,getdate())),'wsv','wsv',?,?,?,?,?,?)
20240812@180155.5590 dfogd8s7tr0j9ihnl021ib7fbh Query : select top 1 fno valor from wsftdata order by fno desc
20240812@180155.5760 dfogd8s7tr0j9ihnl021ib7fbh Query : select 1 valor from information_schema.tables where table_type='base table' and table_name='wstablefields'
20240812@180155.5930 dfogd8s7tr0j9ihnl021ib7fbh Query : select fieldkey,fieldname,fieldtype,calcformula from wstablefields where tablename = 'ft' and documentnumber = 39
20240812@180155.6160 dfogd8s7tr0j9ihnl021ib7fbh Query : select 'normal' from dummy
20240812@180155.6330 dfogd8s7tr0j9ihnl021ib7fbh Query : insert into wsftdata (ftstamp, ousrdata,ousrhora, usrdata,usrhora,ousrinis,usrinis,fno,no,estab,fdata,ndoc,moeda,cambio,cambiofixo,ftano,site ,classe ) values ('aut66ba40069366ba4002f1',getdate(),convert(char(8),convert (time,getdate())),getdate(),convert(char(8),convert (time,getdate())),'wsv','wsv',312,100810,0,'2024-08-12',39,'euro',0,0,2024 ,?,?)
20240812@180155.9560 dfogd8s7tr0j9ihnl021ib7fbh Query : use flama_phc
20240812@180155.9590 dfogd8s7tr0j9ihnl021ib7fbh Query : select st.usalote valor from st where st.ref = '324.1889.00.1'
20240812@180155.9870 dfogd8s7tr0j9ihnl021ib7fbh Query : select top 1 st.tabiva ,st.ivaincl ,st.stns ,st.uni2 ,st.familia ,isnull(tx.taxa, 0) txiva ,unidade ,usalote ,epcpond ,noserie ,conversao ,st.texteis from st left join taxasiva tx on st.tabiva = tx.codigo where st.ref = '324.1889.00.1'
20240812@180155.1144 dfogd8s7tr0j9ihnl021ib7fbh Query : select 1 valor from information_schema.tables where table_type='base table' and table_name='wstablefields'
20240812@180155.1161 dfogd8s7tr0j9ihnl021ib7fbh Query : select fieldkey,fieldname,fieldtype,mandatory from wstablefields where tablename = 'fi' and documentnumber = 39
20240812@180155.1188 dfogd8s7tr0j9ihnl021ib7fbh Query : select 1 valor from information_schema.tables where table_type='base table' and table_name='wstablefields'
20240812@180155.1202 dfogd8s7tr0j9ihnl021ib7fbh Query : select fieldkey,fieldname,fieldtype,mandatory from wstablefields where tablename = 'fi2' and documentnumber = 39
20240812@180155.1212 dfogd8s7tr0j9ihnl021ib7fbh Query : select top 1 convert(numeric(6,2),t.taxa) valor from taxasiva t where t.codigo='2'
20240812@180155.1224 dfogd8s7tr0j9ihnl021ib7fbh Query : select sestamp valor from se where ref ='324.1889.00.1' and lote = 'r2400289200a'
20240812@180155.1249 dfogd8s7tr0j9ihnl021ib7fbh Query : select 1 valor from information_schema.tables where table_type='base table' and table_name='wstablefields'
20240812@180155.1269 dfogd8s7tr0j9ihnl021ib7fbh Query : select fieldkey,fieldname,fieldtype,calcformula from wstablefields where tablename = 'fi2' and documentnumber = 39
20240812@180155.1281 dfogd8s7tr0j9ihnl021ib7fbh Query : insert into wsfi2data (fi2stamp,ftstamp ,ousrdata, ousrhora, usrdata,usrhora,ousrinis,usrinis) values ('aut66ba40949766ba40031e','aut66ba40069366ba4002f1' ,getdate(),convert(char(8),convert (time,getdate())),getdate(),convert(char(8),convert (time,getdate())),'wsv','wsv')
20240812@180155.1285 dfogd8s7tr0j9ihnl021ib7fbh Query : select 1 valor from information_schema.tables where table_type='base table' and table_name='wstablefields'
20240812@180155.1448 dfogd8s7tr0j9ihnl021ib7fbh Query : select fieldkey,fieldname,fieldtype,calcformula from wstablefields where tablename = 'fi' and documentnumber = 39
20240812@180155.1479 dfogd8s7tr0j9ihnl021ib7fbh Query : insert into wsfidata (fistamp,ousrdata, ousrhora, usrdata,usrhora,ousrinis,usrinis ,qtt ,ftstamp ,epv,pvmoeda ,tabiva,iva,lordem ,ref, design ,lote,armazem) values ('aut66ba40949766ba40031e',getdate(),convert(char(8),convert (time,getdate())),getdate(),convert(char(8),convert (time,getdate())),'wsv','wsv',10.000 ,'aut66ba40069366ba4002f1' ,0,0 ,2,23.00,10000,?,?,?,?)
20240812@180155.1761 dfogd8s7tr0j9ihnl021ib7fbh Query : select 1 valor from information_schema.tables where table_type='base table' and table_name='wstablefields'
20240812@180155.1777 dfogd8s7tr0j9ihnl021ib7fbh Query : select fieldkey,fieldname,fieldtype,mandatory from wstablefields where tablename = 'fi' and documentnumber = 39
20240812@180155.1803 dfogd8s7tr0j9ihnl021ib7fbh Query : select 1 valor from information_schema.tables where table_type='base table' and table_name='wstablefields'
20240812@180155.1819 dfogd8s7tr0j9ihnl021ib7fbh Query : select fieldkey,fieldname,fieldtype,mandatory from wstablefields where tablename = 'fi2' and documentnumber = 39
20240812@180155.1827 dfogd8s7tr0j9ihnl021ib7fbh Query : select top 1 convert(numeric(6,2),t.taxa) valor from taxasiva t where t.codigo='2'
20240812@180155.1840 dfogd8s7tr0j9ihnl021ib7fbh Query : select 1 valor from information_schema.tables where table_type='base table' and table_name='wstablefields'
20240812@180155.1855 dfogd8s7tr0j9ihnl021ib7fbh Query : select fieldkey,fieldname,fieldtype,calcformula from wstablefields where tablename = 'fi2' and documentnumber = 39
20240812@180155.1867 dfogd8s7tr0j9ihnl021ib7fbh Query : insert into wsfi2data (fi2stamp,ftstamp ,ousrdata, ousrhora, usrdata,usrhora,ousrinis,usrinis) values ('aut66ba40606666ba40032c','aut66ba40069366ba4002f1' ,getdate(),convert(char(8),convert (time,getdate())),getdate(),convert(char(8),convert (time,getdate())),'wsv','wsv')
20240812@180155.1871 dfogd8s7tr0j9ihnl021ib7fbh Query : select 1 valor from information_schema.tables where table_type='base table' and table_name='wstablefields'
20240812@180155.1887 dfogd8s7tr0j9ihnl021ib7fbh Query : select fieldkey,fieldname,fieldtype,calcformula from wstablefields where tablename = 'fi' and documentnumber = 39
20240812@180155.1919 dfogd8s7tr0j9ihnl021ib7fbh Query : insert into wsfidata (fistamp,ousrdata, ousrhora, usrdata,usrhora,ousrinis,usrinis ,qtt ,ftstamp ,epv,pvmoeda ,tabiva,iva,lordem ,ref, design ,armazem) values ('aut66ba40606666ba40032c',getdate(),convert(char(8),convert (time,getdate())),getdate(),convert(char(8),convert (time,getdate())),'wsv','wsv',0 ,'aut66ba40069366ba4002f1' ,0,0 ,2,23.00,20000,?,?,?)
20240812@180155.2189 dfogd8s7tr0j9ihnl021ib7fbh Query : use flama_phc
20240812@180155.2192 dfogd8s7tr0j9ihnl021ib7fbh Query : select st.usalote valor from st where st.ref = '324.1889.00.1'
20240812@180155.2212 dfogd8s7tr0j9ihnl021ib7fbh Query : select top 1 st.tabiva ,st.ivaincl ,st.stns ,st.uni2 ,st.familia ,isnull(tx.taxa, 0) txiva ,unidade ,usalote ,epcpond ,noserie ,conversao ,st.texteis from st left join taxasiva tx on st.tabiva = tx.codigo where st.ref = '324.1889.00.1'
20240812@180155.2226 dfogd8s7tr0j9ihnl021ib7fbh Query : select 1 valor from information_schema.tables where table_type='base table' and table_name='wstablefields'
20240812@180155.2244 dfogd8s7tr0j9ihnl021ib7fbh Query : select fieldkey,fieldname,fieldtype,mandatory from wstablefields where tablename = 'fi' and documentnumber = 39
20240812@180155.2272 dfogd8s7tr0j9ihnl021ib7fbh Query : select 1 valor from information_schema.tables where table_type='base table' and table_name='wstablefields'
20240812@180155.2289 dfogd8s7tr0j9ihnl021ib7fbh Query : select fieldkey,fieldname,fieldtype,mandatory from wstablefields where tablename = 'fi2' and documentnumber = 39
20240812@180155.2298 dfogd8s7tr0j9ihnl021ib7fbh Query : select top 1 convert(numeric(6,2),t.taxa) valor from taxasiva t where t.codigo='2'
20240812@180155.2310 dfogd8s7tr0j9ihnl021ib7fbh Query : select sestamp valor from se where ref ='324.1889.00.1' and lote = 'r2400289200a'
20240812@180155.2324 dfogd8s7tr0j9ihnl021ib7fbh Query : select 1 valor from information_schema.tables where table_type='base table' and table_name='wstablefields'
20240812@180155.2339 dfogd8s7tr0j9ihnl021ib7fbh Query : select fieldkey,fieldname,fieldtype,calcformula from wstablefields where tablename = 'fi2' and documentnumber = 39
20240812@180155.2352 dfogd8s7tr0j9ihnl021ib7fbh Query : insert into wsfi2data (fi2stamp,ftstamp ,ousrdata, ousrhora, usrdata,usrhora,ousrinis,usrinis) values ('aut66ba46514966ba400338','aut66ba40069366ba4002f1' ,getdate(),convert(char(8),convert (time,getdate())),getdate(),convert(char(8),convert (time,getdate())),'wsv','wsv')
20240812@180155.2366 dfogd8s7tr0j9ihnl021ib7fbh Query : select 1 valor from information_schema.tables where table_type='base table' and table_name='wstablefields'
20240812@180155.2381 dfogd8s7tr0j9ihnl021ib7fbh Query : select fieldkey,fieldname,fieldtype,calcformula from wstablefields where tablename = 'fi' and documentnumber = 39
20240812@180155.2410 dfogd8s7tr0j9ihnl021ib7fbh Query : insert into wsfidata (fistamp,ousrdata, ousrhora, usrdata,usrhora,ousrinis,usrinis ,qtt ,ftstamp ,epv,pvmoeda ,tabiva,iva,lordem ,ref, design ,lote,armazem) values ('aut66ba46514966ba400338',getdate(),convert(char(8),convert (time,getdate())),getdate(),convert(char(8),convert (time,getdate())),'wsv','wsv',20.000 ,'aut66ba40069366ba4002f1' ,0,0 ,2,23.00,40000,?,?,?,?)
20240812@180155.2686 dfogd8s7tr0j9ihnl021ib7fbh Query : select 1 valor from information_schema.tables where table_type='base table' and table_name='wstablefields'
20240812@180155.2702 dfogd8s7tr0j9ihnl021ib7fbh Query : select fieldkey,fieldname,fieldtype,mandatory from wstablefields where tablename = 'fi' and documentnumber = 39
20240812@180155.2731 dfogd8s7tr0j9ihnl021ib7fbh Query : select 1 valor from information_schema.tables where table_type='base table' and table_name='wstablefields'
20240812@180155.2746 dfogd8s7tr0j9ihnl021ib7fbh Query : select fieldkey,fieldname,fieldtype,mandatory from wstablefields where tablename = 'fi2' and documentnumber = 39
20240812@180155.2754 dfogd8s7tr0j9ihnl021ib7fbh Query : select top 1 convert(numeric(6,2),t.taxa) valor from taxasiva t where t.codigo='2'
20240812@180155.2767 dfogd8s7tr0j9ihnl021ib7fbh Query : select 1 valor from information_schema.tables where table_type='base table' and table_name='wstablefields'
20240812@180155.2782 dfogd8s7tr0j9ihnl021ib7fbh Query : select fieldkey,fieldname,fieldtype,calcformula from wstablefields where tablename = 'fi2' and documentnumber = 39
20240812@180155.2794 dfogd8s7tr0j9ihnl021ib7fbh Query : insert into wsfi2data (fi2stamp,ftstamp ,ousrdata, ousrhora, usrdata,usrhora,ousrinis,usrinis) values ('aut66ba44739366ba400343','aut66ba40069366ba4002f1' ,getdate(),convert(char(8),convert (time,getdate())),getdate(),convert(char(8),convert (time,getdate())),'wsv','wsv')
20240812@180155.2798 dfogd8s7tr0j9ihnl021ib7fbh Query : select 1 valor from information_schema.tables where table_type='base table' and table_name='wstablefields'
20240812@180155.2825 dfogd8s7tr0j9ihnl021ib7fbh Query : select fieldkey,fieldname,fieldtype,calcformula from wstablefields where tablename = 'fi' and documentnumber = 39
20240812@180155.2854 dfogd8s7tr0j9ihnl021ib7fbh Query : insert into wsfidata (fistamp,ousrdata, ousrhora, usrdata,usrhora,ousrinis,usrinis ,qtt ,ftstamp ,epv,pvmoeda ,tabiva,iva,lordem ,ref, design ,armazem) values ('aut66ba44739366ba400343',getdate(),convert(char(8),convert (time,getdate())),getdate(),convert(char(8),convert (time,getdate())),'wsv','wsv',0 ,'aut66ba40069366ba4002f1' ,0,0 ,2,23.00,50000,?,?,?)
20240812@180155.3114 dfogd8s7tr0j9ihnl021ib7fbh Query : use flama_phc
20240812@180155.3117 dfogd8s7tr0j9ihnl021ib7fbh Query : select st.usalote valor from st where st.ref = '324.1889.00.1'
20240812@180155.3137 dfogd8s7tr0j9ihnl021ib7fbh Query : select top 1 st.tabiva ,st.ivaincl ,st.stns ,st.uni2 ,st.familia ,isnull(tx.taxa, 0) txiva ,unidade ,usalote ,epcpond ,noserie ,conversao ,st.texteis from st left join taxasiva tx on st.tabiva = tx.codigo where st.ref = '324.1889.00.1'
20240812@180155.3152 dfogd8s7tr0j9ihnl021ib7fbh Query : select 1 valor from information_schema.tables where table_type='base table' and table_name='wstablefields'
20240812@180155.3168 dfogd8s7tr0j9ihnl021ib7fbh Query : select fieldkey,fieldname,fieldtype,mandatory from wstablefields where tablename = 'fi' and documentnumber = 39
20240812@180155.3205 dfogd8s7tr0j9ihnl021ib7fbh Query : select 1 valor from information_schema.tables where table_type='base table' and table_name='wstablefields'
20240812@180155.3220 dfogd8s7tr0j9ihnl021ib7fbh Query : select fieldkey,fieldname,fieldtype,mandatory from wstablefields where tablename = 'fi2' and documentnumber = 39
20240812@180155.3228 dfogd8s7tr0j9ihnl021ib7fbh Query : select top 1 convert(numeric(6,2),t.taxa) valor from taxasiva t where t.codigo='2'
20240812@180155.3241 dfogd8s7tr0j9ihnl021ib7fbh Query : select sestamp valor from se where ref ='324.1889.00.1' and lote = 'r2400289200a'
20240812@180155.3256 dfogd8s7tr0j9ihnl021ib7fbh Query : select 1 valor from information_schema.tables where table_type='base table' and table_name='wstablefields'
20240812@180155.3271 dfogd8s7tr0j9ihnl021ib7fbh Query : select fieldkey,fieldname,fieldtype,calcformula from wstablefields where tablename = 'fi2' and documentnumber = 39
20240812@180155.3283 dfogd8s7tr0j9ihnl021ib7fbh Query : insert into wsfi2data (fi2stamp,ftstamp ,ousrdata, ousrhora, usrdata,usrhora,ousrinis,usrinis) values ('aut66ba46718166ba40034f','aut66ba40069366ba4002f1' ,getdate(),convert(char(8),convert (time,getdate())),getdate(),convert(char(8),convert (time,getdate())),'wsv','wsv')
20240812@180155.3288 dfogd8s7tr0j9ihnl021ib7fbh Query : select 1 valor from information_schema.tables where table_type='base table' and table_name='wstablefields'
20240812@180155.3302 dfogd8s7tr0j9ihnl021ib7fbh Query : select fieldkey,fieldname,fieldtype,calcformula from wstablefields where tablename = 'fi' and documentnumber = 39
20240812@180155.3332 dfogd8s7tr0j9ihnl021ib7fbh Query : insert into wsfidata (fistamp,ousrdata, ousrhora, usrdata,usrhora,ousrinis,usrinis ,qtt ,ftstamp ,epv,pvmoeda ,tabiva,iva,lordem ,ref, design ,lote,armazem) values ('aut66ba46718166ba40034f',getdate(),convert(char(8),convert (time,getdate())),getdate(),convert(char(8),convert (time,getdate())),'wsv','wsv',20.000 ,'aut66ba40069366ba4002f1' ,0,0 ,2,23.00,70000,?,?,?,?)
20240812@180155.3625 dfogd8s7tr0j9ihnl021ib7fbh Query : select 1 valor from information_schema.tables where table_type='base table' and table_name='wstablefields'
20240812@180155.3642 dfogd8s7tr0j9ihnl021ib7fbh Query : select fieldkey,fieldname,fieldtype,mandatory from wstablefields where tablename = 'fi' and documentnumber = 39
20240812@180155.3668 dfogd8s7tr0j9ihnl021ib7fbh Query : select 1 valor from information_schema.tables where table_type='base table' and table_name='wstablefields'
20240812@180155.3683 dfogd8s7tr0j9ihnl021ib7fbh Query : select fieldkey,fieldname,fieldtype,mandatory from wstablefields where tablename = 'fi2' and documentnumber = 39
20240812@180155.3692 dfogd8s7tr0j9ihnl021ib7fbh Query : select top 1 convert(numeric(6,2),t.taxa) valor from taxasiva t where t.codigo='2'
20240812@180155.3704 dfogd8s7tr0j9ihnl021ib7fbh Query : select 1 valor from information_schema.tables where table_type='base table' and table_name='wstablefields'
20240812@180155.3718 dfogd8s7tr0j9ihnl021ib7fbh Query : select fieldkey,fieldname,fieldtype,calcformula from wstablefields where tablename = 'fi2' and documentnumber = 39
20240812@180155.3730 dfogd8s7tr0j9ihnl021ib7fbh Query : insert into wsfi2data (fi2stamp,ftstamp ,ousrdata, ousrhora, usrdata,usrhora,ousrinis,usrinis) values ('aut66ba45608966ba40035a','aut66ba40069366ba4002f1' ,getdate(),convert(char(8),convert (time,getdate())),getdate(),convert(char(8),convert (time,getdate())),'wsv','wsv')
20240812@180155.3734 dfogd8s7tr0j9ihnl021ib7fbh Query : select 1 valor from information_schema.tables where table_type='base table' and table_name='wstablefields'
20240812@180155.3749 dfogd8s7tr0j9ihnl021ib7fbh Query : select fieldkey,fieldname,fieldtype,calcformula from wstablefields where tablename = 'fi' and documentnumber = 39
20240812@180155.3782 dfogd8s7tr0j9ihnl021ib7fbh Query : insert into wsfidata (fistamp,ousrdata, ousrhora, usrdata,usrhora,ousrinis,usrinis ,qtt ,ftstamp ,epv,pvmoeda ,tabiva,iva,lordem ,ref, design ,armazem) values ('aut66ba45608966ba40035a',getdate(),convert(char(8),convert (time,getdate())),getdate(),convert(char(8),convert (time,getdate())),'wsv','wsv',0 ,'aut66ba40069366ba4002f1' ,0,0 ,2,23.00,80000,?,?,?)
20240812@180155.4053 dfogd8s7tr0j9ihnl021ib7fbh Query : use flama_phc
20240812@180155.4058 dfogd8s7tr0j9ihnl021ib7fbh Query : select st.usalote valor from st where st.ref = '324.1889.00.1'
20240812@180155.4079 dfogd8s7tr0j9ihnl021ib7fbh Query : select top 1 st.tabiva ,st.ivaincl ,st.stns ,st.uni2 ,st.familia ,isnull(tx.taxa, 0) txiva ,unidade ,usalote ,epcpond ,noserie ,conversao ,st.texteis from st left join taxasiva tx on st.tabiva = tx.codigo where st.ref = '324.1889.00.1'
20240812@180155.4094 dfogd8s7tr0j9ihnl021ib7fbh Query : select 1 valor from information_schema.tables where table_type='base table' and table_name='wstablefields'
20240812@180155.4113 dfogd8s7tr0j9ihnl021ib7fbh Query : select fieldkey,fieldname,fieldtype,mandatory from wstablefields where tablename = 'fi' and documentnumber = 39
20240812@180155.4139 dfogd8s7tr0j9ihnl021ib7fbh Query : select 1 valor from information_schema.tables where table_type='base table' and table_name='wstablefields'
20240812@180155.4154 dfogd8s7tr0j9ihnl021ib7fbh Query : select fieldkey,fieldname,fieldtype,mandatory from wstablefields where tablename = 'fi2' and documentnumber = 39
20240812@180155.4173 dfogd8s7tr0j9ihnl021ib7fbh Query : select top 1 convert(numeric(6,2),t.taxa) valor from taxasiva t where t.codigo='2'
20240812@180155.4186 dfogd8s7tr0j9ihnl021ib7fbh Query : select sestamp valor from se where ref ='324.1889.00.1' and lote = 'r2400289200a'
20240812@180155.4199 dfogd8s7tr0j9ihnl021ib7fbh Query : select 1 valor from information_schema.tables where table_type='base table' and table_name='wstablefields'
20240812@180155.4215 dfogd8s7tr0j9ihnl021ib7fbh Query : select fieldkey,fieldname,fieldtype,calcformula from wstablefields where tablename = 'fi2' and documentnumber = 39
20240812@180155.4228 dfogd8s7tr0j9ihnl021ib7fbh Query : insert into wsfi2data (fi2stamp,ftstamp ,ousrdata, ousrhora, usrdata,usrhora,ousrinis,usrinis) values ('aut66ba41975066ba400366','aut66ba40069366ba4002f1' ,getdate(),convert(char(8),convert (time,getdate())),getdate(),convert(char(8),convert (time,getdate())),'wsv','wsv')
20240812@180155.4232 dfogd8s7tr0j9ihnl021ib7fbh Query : select 1 valor from information_schema.tables where table_type='base table' and table_name='wstablefields'
20240812@180155.4248 dfogd8s7tr0j9ihnl021ib7fbh Query : select fieldkey,fieldname,fieldtype,calcformula from wstablefields where tablename = 'fi' and documentnumber = 39
20240812@180155.4303 dfogd8s7tr0j9ihnl021ib7fbh Query : insert into wsfidata (fistamp,ousrdata, ousrhora, usrdata,usrhora,ousrinis,usrinis ,qtt ,ftstamp ,epv,pvmoeda ,tabiva,iva,lordem ,ref, design ,lote,armazem) values ('aut66ba41975066ba400366',getdate(),convert(char(8),convert (time,getdate())),getdate(),convert(char(8),convert (time,getdate())),'wsv','wsv',20.000 ,'aut66ba40069366ba4002f1' ,0,0 ,2,23.00,100000,?,?,?,?)
20240812@180155.4582 dfogd8s7tr0j9ihnl021ib7fbh Query : select 1 valor from information_schema.tables where table_type='base table' and table_name='wstablefields'
20240812@180155.4600 dfogd8s7tr0j9ihnl021ib7fbh Query : select fieldkey,fieldname,fieldtype,mandatory from wstablefields where tablename = 'fi' and documentnumber = 39
20240812@180155.4628 dfogd8s7tr0j9ihnl021ib7fbh Query : select 1 valor from information_schema.tables where table_type='base table' and table_name='wstablefields'
20240812@180155.4643 dfogd8s7tr0j9ihnl021ib7fbh Query : select fieldkey,fieldname,fieldtype,mandatory from wstablefields where tablename = 'fi2' and documentnumber = 39
20240812@180155.4652 dfogd8s7tr0j9ihnl021ib7fbh Query : select top 1 convert(numeric(6,2),t.taxa) valor from taxasiva t where t.codigo='2'
20240812@180155.4675 dfogd8s7tr0j9ihnl021ib7fbh Query : select 1 valor from information_schema.tables where table_type='base table' and table_name='wstablefields'
20240812@180155.4690 dfogd8s7tr0j9ihnl021ib7fbh Query : select fieldkey,fieldname,fieldtype,calcformula from wstablefields where tablename = 'fi2' and documentnumber = 39
20240812@180155.4702 dfogd8s7tr0j9ihnl021ib7fbh Query : insert into wsfi2data (fi2stamp,ftstamp ,ousrdata, ousrhora, usrdata,usrhora,ousrinis,usrinis) values ('aut66ba46231466ba400372','aut66ba40069366ba4002f1' ,getdate(),convert(char(8),convert (time,getdate())),getdate(),convert(char(8),convert (time,getdate())),'wsv','wsv')
20240812@180155.4706 dfogd8s7tr0j9ihnl021ib7fbh Query : select 1 valor from information_schema.tables where table_type='base table' and table_name='wstablefields'
20240812@180155.4721 dfogd8s7tr0j9ihnl021ib7fbh Query : select fieldkey,fieldname,fieldtype,calcformula from wstablefields where tablename = 'fi' and documentnumber = 39
20240812@180155.4750 dfogd8s7tr0j9ihnl021ib7fbh Query : insert into wsfidata (fistamp,ousrdata, ousrhora, usrdata,usrhora,ousrinis,usrinis ,qtt ,ftstamp ,epv,pvmoeda ,tabiva,iva,lordem ,ref, design ,armazem) values ('aut66ba46231466ba400372',getdate(),convert(char(8),convert (time,getdate())),getdate(),convert(char(8),convert (time,getdate())),'wsv','wsv',0 ,'aut66ba40069366ba4002f1' ,0,0 ,2,23.00,110000,?,?,?)
20240812@180155.5014 dfogd8s7tr0j9ihnl021ib7fbh Query : use flama_phc
20240812@180155.5017 dfogd8s7tr0j9ihnl021ib7fbh Query : select st.usalote valor from st where st.ref = '324.1889.00.1'
20240812@180155.5037 dfogd8s7tr0j9ihnl021ib7fbh Query : select top 1 st.tabiva ,st.ivaincl ,st.stns ,st.uni2 ,st.familia ,isnull(tx.taxa, 0) txiva ,unidade ,usalote ,epcpond ,noserie ,conversao ,st.texteis from st left join taxasiva tx on st.tabiva = tx.codigo where st.ref = '324.1889.00.1'
20240812@180155.5054 dfogd8s7tr0j9ihnl021ib7fbh Query : select 1 valor from information_schema.tables where table_type='base table' and table_name='wstablefields'
20240812@180155.5070 dfogd8s7tr0j9ihnl021ib7fbh Query : select fieldkey,fieldname,fieldtype,mandatory from wstablefields where tablename = 'fi' and documentnumber = 39
20240812@180155.5096 dfogd8s7tr0j9ihnl021ib7fbh Query : select 1 valor from information_schema.tables where table_type='base table' and table_name='wstablefields'
20240812@180155.5120 dfogd8s7tr0j9ihnl021ib7fbh Query : select fieldkey,fieldname,fieldtype,mandatory from wstablefields where tablename = 'fi2' and documentnumber = 39
20240812@180155.5128 dfogd8s7tr0j9ihnl021ib7fbh Query : select top 1 convert(numeric(6,2),t.taxa) valor from taxasiva t where t.codigo='2'
20240812@180155.5141 dfogd8s7tr0j9ihnl021ib7fbh Query : select sestamp valor from se where ref ='324.1889.00.1' and lote = 'r2400289200a'
20240812@180155.5154 dfogd8s7tr0j9ihnl021ib7fbh Query : select 1 valor from information_schema.tables where table_type='base table' and table_name='wstablefields'
20240812@180155.5169 dfogd8s7tr0j9ihnl021ib7fbh Query : select fieldkey,fieldname,fieldtype,calcformula from wstablefields where tablename = 'fi2' and documentnumber = 39
20240812@180155.5181 dfogd8s7tr0j9ihnl021ib7fbh Query : insert into wsfi2data (fi2stamp,ftstamp ,ousrdata, ousrhora, usrdata,usrhora,ousrinis,usrinis) values ('aut66ba48574766ba40037d','aut66ba40069366ba4002f1' ,getdate(),convert(char(8),convert (time,getdate())),getdate(),convert(char(8),convert (time,getdate())),'wsv','wsv')
20240812@180155.5185 dfogd8s7tr0j9ihnl021ib7fbh Query : select 1 valor from information_schema.tables where table_type='base table' and table_name='wstablefields'
20240812@180155.5200 dfogd8s7tr0j9ihnl021ib7fbh Query : select fieldkey,fieldname,fieldtype,calcformula from wstablefields where tablename = 'fi' and documentnumber = 39
20240812@180155.5229 dfogd8s7tr0j9ihnl021ib7fbh Query : insert into wsfidata (fistamp,ousrdata, ousrhora, usrdata,usrhora,ousrinis,usrinis ,qtt ,ftstamp ,epv,pvmoeda ,tabiva,iva,lordem ,ref, design ,lote,armazem) values ('aut66ba48574766ba40037d',getdate(),convert(char(8),convert (time,getdate())),getdate(),convert(char(8),convert (time,getdate())),'wsv','wsv',20.000 ,'aut66ba40069366ba4002f1' ,0,0 ,2,23.00,130000,?,?,?,?)
20240812@180155.5775 dfogd8s7tr0j9ihnl021ib7fbh Query : select 1 valor from information_schema.tables where table_type='base table' and table_name='wstablefields'
20240812@180155.5791 dfogd8s7tr0j9ihnl021ib7fbh Query : select fieldkey,fieldname,fieldtype,mandatory from wstablefields where tablename = 'fi' and documentnumber = 39
20240812@180155.5820 dfogd8s7tr0j9ihnl021ib7fbh Query : select 1 valor from information_schema.tables where table_type='base table' and table_name='wstablefields'
20240812@180155.5835 dfogd8s7tr0j9ihnl021ib7fbh Query : select fieldkey,fieldname,fieldtype,mandatory from wstablefields where tablename = 'fi2' and documentnumber = 39
20240812@180155.5845 dfogd8s7tr0j9ihnl021ib7fbh Query : select top 1 convert(numeric(6,2),t.taxa) valor from taxasiva t where t.codigo='2'
20240812@180155.5858 dfogd8s7tr0j9ihnl021ib7fbh Query : select 1 valor from information_schema.tables where table_type='base table' and table_name='wstablefields'
20240812@180155.5875 dfogd8s7tr0j9ihnl021ib7fbh Query : select fieldkey,fieldname,fieldtype,calcformula from wstablefields where tablename = 'fi2' and documentnumber = 39
20240812@180155.5889 dfogd8s7tr0j9ihnl021ib7fbh Query : insert into wsfi2data (fi2stamp,ftstamp ,ousrdata, ousrhora, usrdata,usrhora,ousrinis,usrinis) values ('aut66ba43273966ba40038f','aut66ba40069366ba4002f1' ,getdate(),convert(char(8),convert (time,getdate())),getdate(),convert(char(8),convert (time,getdate())),'wsv','wsv')
20240812@180155.5894 dfogd8s7tr0j9ihnl021ib7fbh Query : select 1 valor from information_schema.tables where table_type='base table' and table_name='wstablefields'
20240812@180155.5921 dfogd8s7tr0j9ihnl021ib7fbh Query : select fieldkey,fieldname,fieldtype,calcformula from wstablefields where tablename = 'fi' and documentnumber = 39
20240812@180155.5952 dfogd8s7tr0j9ihnl021ib7fbh Query : insert into wsfidata (fistamp,ousrdata, ousrhora, usrdata,usrhora,ousrinis,usrinis ,qtt ,ftstamp ,epv,pvmoeda ,tabiva,iva,lordem ,ref, design ,armazem) values ('aut66ba43273966ba40038f',getdate(),convert(char(8),convert (time,getdate())),getdate(),convert(char(8),convert (time,getdate())),'wsv','wsv',0 ,'aut66ba40069366ba4002f1' ,0,0 ,2,23.00,140000,?,?,?)
20240812@180155.6220 dfogd8s7tr0j9ihnl021ib7fbh Query : use flama_phc
20240812@180155.6223 dfogd8s7tr0j9ihnl021ib7fbh Query : select st.usalote valor from st where st.ref = '324.1889.00.1'
20240812@180155.6242 dfogd8s7tr0j9ihnl021ib7fbh Query : select top 1 st.tabiva ,st.ivaincl ,st.stns ,st.uni2 ,st.familia ,isnull(tx.taxa, 0) txiva ,unidade ,usalote ,epcpond ,noserie ,conversao ,st.texteis from st left join taxasiva tx on st.tabiva = tx.codigo where st.ref = '324.1889.00.1'
20240812@180155.6257 dfogd8s7tr0j9ihnl021ib7fbh Query : select 1 valor from information_schema.tables where table_type='base table' and table_name='wstablefields'
20240812@180155.6274 dfogd8s7tr0j9ihnl021ib7fbh Query : select fieldkey,fieldname,fieldtype,mandatory from wstablefields where tablename = 'fi' and documentnumber = 39
20240812@180155.6298 dfogd8s7tr0j9ihnl021ib7fbh Query : select 1 valor from information_schema.tables where table_type='base table' and table_name='wstablefields'
20240812@180155.6314 dfogd8s7tr0j9ihnl021ib7fbh Query : select fieldkey,fieldname,fieldtype,mandatory from wstablefields where tablename = 'fi2' and documentnumber = 39
20240812@180155.6323 dfogd8s7tr0j9ihnl021ib7fbh Query : select top 1 convert(numeric(6,2),t.taxa) valor from taxasiva t where t.codigo='2'
20240812@180155.6345 dfogd8s7tr0j9ihnl021ib7fbh Query : select sestamp valor from se where ref ='324.1889.00.1' and lote = 'r2400289200a'
20240812@180155.6358 dfogd8s7tr0j9ihnl021ib7fbh Query : select 1 valor from information_schema.tables where table_type='base table' and table_name='wstablefields'
20240812@180155.6372 dfogd8s7tr0j9ihnl021ib7fbh Query : select fieldkey,fieldname,fieldtype,calcformula from wstablefields where tablename = 'fi2' and documentnumber = 39
20240812@180155.6383 dfogd8s7tr0j9ihnl021ib7fbh Query : insert into wsfi2data (fi2stamp,ftstamp ,ousrdata, ousrhora, usrdata,usrhora,ousrinis,usrinis) values ('aut66ba42634066ba40039b','aut66ba40069366ba4002f1' ,getdate(),convert(char(8),convert (time,getdate())),getdate(),convert(char(8),convert (time,getdate())),'wsv','wsv')
20240812@180155.6387 dfogd8s7tr0j9ihnl021ib7fbh Query : select 1 valor from information_schema.tables where table_type='base table' and table_name='wstablefields'
20240812@180155.6402 dfogd8s7tr0j9ihnl021ib7fbh Query : select fieldkey,fieldname,fieldtype,calcformula from wstablefields where tablename = 'fi' and documentnumber = 39
20240812@180155.6429 dfogd8s7tr0j9ihnl021ib7fbh Query : insert into wsfidata (fistamp,ousrdata, ousrhora, usrdata,usrhora,ousrinis,usrinis ,qtt ,ftstamp ,epv,pvmoeda ,tabiva,iva,lordem ,ref, design ,lote,armazem) values ('aut66ba42634066ba40039b',getdate(),convert(char(8),convert (time,getdate())),getdate(),convert(char(8),convert (time,getdate())),'wsv','wsv',20.000 ,'aut66ba40069366ba4002f1' ,0,0 ,2,23.00,160000,?,?,?,?)
20240812@180155.6701 dfogd8s7tr0j9ihnl021ib7fbh Query : select 1 valor from information_schema.tables where table_type='base table' and table_name='wstablefields'
20240812@180155.6718 dfogd8s7tr0j9ihnl021ib7fbh Query : select fieldkey,fieldname,fieldtype,mandatory from wstablefields where tablename = 'fi' and documentnumber = 39
20240812@180155.6747 dfogd8s7tr0j9ihnl021ib7fbh Query : select 1 valor from information_schema.tables where table_type='base table' and table_name='wstablefields'
20240812@180155.6761 dfogd8s7tr0j9ihnl021ib7fbh Query : select fieldkey,fieldname,fieldtype,mandatory from wstablefields where tablename = 'fi2' and documentnumber = 39
20240812@180155.6771 dfogd8s7tr0j9ihnl021ib7fbh Query : select top 1 convert(numeric(6,2),t.taxa) valor from taxasiva t where t.codigo='2'
20240812@180155.6783 dfogd8s7tr0j9ihnl021ib7fbh Query : select 1 valor from information_schema.tables where table_type='base table' and table_name='wstablefields'
20240812@180155.6799 dfogd8s7tr0j9ihnl021ib7fbh Query : select fieldkey,fieldname,fieldtype,calcformula from wstablefields where tablename = 'fi2' and documentnumber = 39
20240812@180155.6820 dfogd8s7tr0j9ihnl021ib7fbh Query : insert into wsfi2data (fi2stamp,ftstamp ,ousrdata, ousrhora, usrdata,usrhora,ousrinis,usrinis) values ('aut66ba43516366ba4003a5','aut66ba40069366ba4002f1' ,getdate(),convert(char(8),convert (time,getdate())),getdate(),convert(char(8),convert (time,getdate())),'wsv','wsv')
20240812@180155.6825 dfogd8s7tr0j9ihnl021ib7fbh Query : select 1 valor from information_schema.tables where table_type='base table' and table_name='wstablefields'
20240812@180155.6839 dfogd8s7tr0j9ihnl021ib7fbh Query : select fieldkey,fieldname,fieldtype,calcformula from wstablefields where tablename = 'fi' and documentnumber = 39
20240812@180155.6868 dfogd8s7tr0j9ihnl021ib7fbh Query : insert into wsfidata (fistamp,ousrdata, ousrhora, usrdata,usrhora,ousrinis,usrinis ,qtt ,ftstamp ,epv,pvmoeda ,tabiva,iva,lordem ,ref, design ,armazem) values ('aut66ba43516366ba4003a5',getdate(),convert(char(8),convert (time,getdate())),getdate(),convert(char(8),convert (time,getdate())),'wsv','wsv',0 ,'aut66ba40069366ba4002f1' ,0,0 ,2,23.00,170000,?,?,?)
20240812@180155.7245 dfogd8s7tr0j9ihnl021ib7fbh Query : use flama_phc
20240812@180155.7248 dfogd8s7tr0j9ihnl021ib7fbh Query : select st.usalote valor from st where st.ref = '324.1889.00.1'
20240812@180155.7269 dfogd8s7tr0j9ihnl021ib7fbh Query : select top 1 st.tabiva ,st.ivaincl ,st.stns ,st.uni2 ,st.familia ,isnull(tx.taxa, 0) txiva ,unidade ,usalote ,epcpond ,noserie ,conversao ,st.texteis from st left join taxasiva tx on st.tabiva = tx.codigo where st.ref = '324.1889.00.1'
20240812@180155.7284 dfogd8s7tr0j9ihnl021ib7fbh Query : select 1 valor from information_schema.tables where table_type='base table' and table_name='wstablefields'
20240812@180155.7310 dfogd8s7tr0j9ihnl021ib7fbh Query : select fieldkey,fieldname,fieldtype,mandatory from wstablefields where tablename = 'fi' and documentnumber = 39
20240812@180155.7337 dfogd8s7tr0j9ihnl021ib7fbh Query : select 1 valor from information_schema.tables where table_type='base table' and table_name='wstablefields'
20240812@180155.7351 dfogd8s7tr0j9ihnl021ib7fbh Query : select fieldkey,fieldname,fieldtype,mandatory from wstablefields where tablename = 'fi2' and documentnumber = 39
20240812@180155.7360 dfogd8s7tr0j9ihnl021ib7fbh Query : select top 1 convert(numeric(6,2),t.taxa) valor from taxasiva t where t.codigo='2'
20240812@180155.7373 dfogd8s7tr0j9ihnl021ib7fbh Query : select sestamp valor from se where ref ='324.1889.00.1' and lote = 'r2400289200a'
20240812@180155.7385 dfogd8s7tr0j9ihnl021ib7fbh Query : select 1 valor from information_schema.tables where table_type='base table' and table_name='wstablefields'
20240812@180155.7401 dfogd8s7tr0j9ihnl021ib7fbh Query : select fieldkey,fieldname,fieldtype,calcformula from wstablefields where tablename = 'fi2' and documentnumber = 39
20240812@180155.7412 dfogd8s7tr0j9ihnl021ib7fbh Query : insert into wsfi2data (fi2stamp,ftstamp ,ousrdata, ousrhora, usrdata,usrhora,ousrinis,usrinis) values ('aut66ba40468966ba4003b4','aut66ba40069366ba4002f1' ,getdate(),convert(char(8),convert (time,getdate())),getdate(),convert(char(8),convert (time,getdate())),'wsv','wsv')
20240812@180155.7417 dfogd8s7tr0j9ihnl021ib7fbh Query : select 1 valor from information_schema.tables where table_type='base table' and table_name='wstablefields'
20240812@180155.7432 dfogd8s7tr0j9ihnl021ib7fbh Query : select fieldkey,fieldname,fieldtype,calcformula from wstablefields where tablename = 'fi' and documentnumber = 39
20240812@180155.7468 dfogd8s7tr0j9ihnl021ib7fbh Query : insert into wsfidata (fistamp,ousrdata, ousrhora, usrdata,usrhora,ousrinis,usrinis ,qtt ,ftstamp ,epv,pvmoeda ,tabiva,iva,lordem ,ref, design ,lote,armazem) values ('aut66ba40468966ba4003b4',getdate(),convert(char(8),convert (time,getdate())),getdate(),convert(char(8),convert (time,getdate())),'wsv','wsv',20.000 ,'aut66ba40069366ba4002f1' ,0,0 ,2,23.00,190000,?,?,?,?)
20240812@180155.7740 dfogd8s7tr0j9ihnl021ib7fbh Query : select 1 valor from information_schema.tables where table_type='base table' and table_name='wstablefields'
20240812@180155.7760 dfogd8s7tr0j9ihnl021ib7fbh Query : select fieldkey,fieldname,fieldtype,mandatory from wstablefields where tablename = 'fi' and documentnumber = 39
20240812@180155.7787 dfogd8s7tr0j9ihnl021ib7fbh Query : select 1 valor from information_schema.tables where table_type='base table' and table_name='wstablefields'
20240812@180155.7811 dfogd8s7tr0j9ihnl021ib7fbh Query : select fieldkey,fieldname,fieldtype,mandatory from wstablefields where tablename = 'fi2' and documentnumber = 39
20240812@180155.7820 dfogd8s7tr0j9ihnl021ib7fbh Query : select top 1 convert(numeric(6,2),t.taxa) valor from taxasiva t where t.codigo='2'
20240812@180155.7831 dfogd8s7tr0j9ihnl021ib7fbh Query : select 1 valor from information_schema.tables where table_type='base table' and table_name='wstablefields'
20240812@180155.7845 dfogd8s7tr0j9ihnl021ib7fbh Query : select fieldkey,fieldname,fieldtype,calcformula from wstablefields where tablename = 'fi2' and documentnumber = 39
20240812@180155.7857 dfogd8s7tr0j9ihnl021ib7fbh Query : insert into wsfi2data (fi2stamp,ftstamp ,ousrdata, ousrhora, usrdata,usrhora,ousrinis,usrinis) values ('aut66ba47283766ba4003bf','aut66ba40069366ba4002f1' ,getdate(),convert(char(8),convert (time,getdate())),getdate(),convert(char(8),convert (time,getdate())),'wsv','wsv')
20240812@180155.7861 dfogd8s7tr0j9ihnl021ib7fbh Query : select 1 valor from information_schema.tables where table_type='base table' and table_name='wstablefields'
20240812@180155.7876 dfogd8s7tr0j9ihnl021ib7fbh Query : select fieldkey,fieldname,fieldtype,calcformula from wstablefields where tablename = 'fi' and documentnumber = 39
20240812@180155.7906 dfogd8s7tr0j9ihnl021ib7fbh Query : insert into wsfidata (fistamp,ousrdata, ousrhora, usrdata,usrhora,ousrinis,usrinis ,qtt ,ftstamp ,epv,pvmoeda ,tabiva,iva,lordem ,ref, design ,armazem) values ('aut66ba47283766ba4003bf',getdate(),convert(char(8),convert (time,getdate())),getdate(),convert(char(8),convert (time,getdate())),'wsv','wsv',0 ,'aut66ba40069366ba4002f1' ,0,0 ,2,23.00,200000,?,?,?)
20240812@180155.8182 dfogd8s7tr0j9ihnl021ib7fbh Query : use flama_phc
20240812@180155.8185 dfogd8s7tr0j9ihnl021ib7fbh Query : select st.usalote valor from st where st.ref = '324.1889.00.1'
20240812@180155.8204 dfogd8s7tr0j9ihnl021ib7fbh Query : select top 1 st.tabiva ,st.ivaincl ,st.stns ,st.uni2 ,st.familia ,isnull(tx.taxa, 0) txiva ,unidade ,usalote ,epcpond ,noserie ,conversao ,st.texteis from st left join taxasiva tx on st.tabiva = tx.codigo where st.ref = '324.1889.00.1'
20240812@180155.8218 dfogd8s7tr0j9ihnl021ib7fbh Query : select 1 valor from information_schema.tables where table_type='base table' and table_name='wstablefields'
20240812@180155.8234 dfogd8s7tr0j9ihnl021ib7fbh Query : select fieldkey,fieldname,fieldtype,mandatory from wstablefields where tablename = 'fi' and documentnumber = 39
20240812@180155.8259 dfogd8s7tr0j9ihnl021ib7fbh Query : select 1 valor from information_schema.tables where table_type='base table' and table_name='wstablefields'
20240812@180155.8275 dfogd8s7tr0j9ihnl021ib7fbh Query : select fieldkey,fieldname,fieldtype,mandatory from wstablefields where tablename = 'fi2' and documentnumber = 39
20240812@180155.8284 dfogd8s7tr0j9ihnl021ib7fbh Query : select top 1 convert(numeric(6,2),t.taxa) valor from taxasiva t where t.codigo='2'
20240812@180155.8296 dfogd8s7tr0j9ihnl021ib7fbh Query : select sestamp valor from se where ref ='324.1889.00.1' and lote = 'r2400289200a'
20240812@180155.8309 dfogd8s7tr0j9ihnl021ib7fbh Query : select 1 valor from information_schema.tables where table_type='base table' and table_name='wstablefields'
20240812@180155.8330 dfogd8s7tr0j9ihnl021ib7fbh Query : select fieldkey,fieldname,fieldtype,calcformula from wstablefields where tablename = 'fi2' and documentnumber = 39
20240812@180155.8342 dfogd8s7tr0j9ihnl021ib7fbh Query : insert into wsfi2data (fi2stamp,ftstamp ,ousrdata, ousrhora, usrdata,usrhora,ousrinis,usrinis) values ('aut66ba40373366ba4003ca','aut66ba40069366ba4002f1' ,getdate(),convert(char(8),convert (time,getdate())),getdate(),convert(char(8),convert (time,getdate())),'wsv','wsv')
20240812@180155.8346 dfogd8s7tr0j9ihnl021ib7fbh Query : select 1 valor from information_schema.tables where table_type='base table' and table_name='wstablefields'
20240812@180155.8361 dfogd8s7tr0j9ihnl021ib7fbh Query : select fieldkey,fieldname,fieldtype,calcformula from wstablefields where tablename = 'fi' and documentnumber = 39
20240812@180155.8389 dfogd8s7tr0j9ihnl021ib7fbh Query : insert into wsfidata (fistamp,ousrdata, ousrhora, usrdata,usrhora,ousrinis,usrinis ,qtt ,ftstamp ,epv,pvmoeda ,tabiva,iva,lordem ,ref, design ,lote,armazem) values ('aut66ba40373366ba4003ca',getdate(),convert(char(8),convert (time,getdate())),getdate(),convert(char(8),convert (time,getdate())),'wsv','wsv',20.000 ,'aut66ba40069366ba4002f1' ,0,0 ,2,23.00,220000,?,?,?,?)
20240812@180155.8663 dfogd8s7tr0j9ihnl021ib7fbh Query : select 1 valor from information_schema.tables where table_type='base table' and table_name='wstablefields'
20240812@180155.8680 dfogd8s7tr0j9ihnl021ib7fbh Query : select fieldkey,fieldname,fieldtype,mandatory from wstablefields where tablename = 'fi' and documentnumber = 39
20240812@180155.9830 dfogd8s7tr0j9ihnl021ib7fbh Query : select 1 valor from information_schema.tables where table_type='base table' and table_name='wstablefields'
20240812@180155.9849 dfogd8s7tr0j9ihnl021ib7fbh Query : select fieldkey,fieldname,fieldtype,mandatory from wstablefields where tablename = 'fi2' and documentnumber = 39
20240812@180155.9859 dfogd8s7tr0j9ihnl021ib7fbh Query : select top 1 convert(numeric(6,2),t.taxa) valor from taxasiva t where t.codigo='2'
20240812@180155.9872 dfogd8s7tr0j9ihnl021ib7fbh Query : select 1 valor from information_schema.tables where table_type='base table' and table_name='wstablefields'
20240812@180155.9886 dfogd8s7tr0j9ihnl021ib7fbh Query : select fieldkey,fieldname,fieldtype,calcformula from wstablefields where tablename = 'fi2' and documentnumber = 39
20240812@180155.9901 dfogd8s7tr0j9ihnl021ib7fbh Query : insert into wsfi2data (fi2stamp,ftstamp ,ousrdata, ousrhora, usrdata,usrhora,ousrinis,usrinis) values ('aut66ba49846166ba4003f1','aut66ba40069366ba4002f1' ,getdate(),convert(char(8),convert (time,getdate())),getdate(),convert(char(8),convert (time,getdate())),'wsv','wsv')
20240812@180155.9905 dfogd8s7tr0j9ihnl021ib7fbh Query : select 1 valor from information_schema.tables where table_type='base table' and table_name='wstablefields'
20240812@180155.9920 dfogd8s7tr0j9ihnl021ib7fbh Query : select fieldkey,fieldname,fieldtype,calcformula from wstablefields where tablename = 'fi' and documentnumber = 39
20240812@180155.9949 dfogd8s7tr0j9ihnl021ib7fbh Query : insert into wsfidata (fistamp,ousrdata, ousrhora, usrdata,usrhora,ousrinis,usrinis ,qtt ,ftstamp ,epv,pvmoeda ,tabiva,iva,lordem ,ref, design ,armazem) values ('aut66ba49846166ba4003f1',getdate(),convert(char(8),convert (time,getdate())),getdate(),convert(char(8),convert (time,getdate())),'wsv','wsv',0 ,'aut66ba40069366ba4002f1' ,0,0 ,2,23.00,230000,?,?,?)
20240812@180156.2460 dfogd8s7tr0j9ihnl021ib7fbh Query : insert into wsftcreationlog (initialftstamp,externalid,creationstatus,documenttypeid,idustamp) values ('aut66ba40069366ba4002f1','2405351','wait',39,'adm09112754980.682000002')
20240812@180156.3620 dfogd8s7tr0j9ihnl021ib7fbh Query : use flama_phc
20240812@180156.3650 dfogd8s7tr0j9ihnl021ib7fbh Query : update u_wsusers set rqsttoken =? where userid ='userls001'
20240812@180156.4000 dfogd8s7tr0j9ihnl021ib7fbh Query : select concat(rtrim(relative_path),ltrim(name_new)) as valor from uploadfiles where uploadfile_id='1494';
20240812@180156.4270 dfogd8s7tr0j9ihnl021ib7fbh Query : update uploadfiles set whenupdated=current_timestamp where uploadfile_id='1494';
20240812@180156.4630 dfogd8s7tr0j9ihnl021ib7fbh Query : select concat(rtrim(relative_path),ltrim(name_new)) as valor from uploadfiles where uploadfile_id='1494';
20240812@180156.4860 dfogd8s7tr0j9ihnl021ib7fbh Query : update uploadfiles set whenupdated=current_timestamp where uploadfile_id='1494';
20240812@180156.1044 avgsk186klnrt6usblivrhavm3 Query : insert into uploadfiles ( name_original, name_new, option_type, relative_path, whencreated ) values ( ?, ?, ?, ?, getdate() )
20240812@180156.1055 avgsk186klnrt6usblivrhavm3 Query : select uploadfile_id valor from uploadfiles where name_new = ? and option_type = ? 
20240812@180156.1102 avgsk186klnrt6usblivrhavm3 Query : select concat(rtrim(relative_path),ltrim(name_new)) as valor from uploadfiles where uploadfile_id='1495';
20240812@180156.1157 avgsk186klnrt6usblivrhavm3 Query : update uploadfiles set whenupdated=current_timestamp where uploadfile_id='1495';
20240812@180156.1203 avgsk186klnrt6usblivrhavm3 Query : select concat(rtrim(relative_path),ltrim(name_new)) as valor from uploadfiles where uploadfile_id='1495';
20240812@180156.1232 avgsk186klnrt6usblivrhavm3 Query : update uploadfiles set whenupdated=current_timestamp where uploadfile_id='1495';
20240812@180156.1275 avgsk186klnrt6usblivrhavm3 Query : use flama_phc
20240812@180156.1278 avgsk186klnrt6usblivrhavm3 Query : select top 1 secretkey valor from u_wsusers u where u.userid = ? and u.inactivo=0
20240812@180156.1349 avgsk186klnrt6usblivrhavm3 Query : use flama_phc
20240812@180156.1353 avgsk186klnrt6usblivrhavm3 Query : select no, estab,szadrsdesc from szadrs where u_coddest=5546
20240812@180156.1396 avgsk186klnrt6usblivrhavm3 Query : select top 1 isnull(design,'') valor from st (nolock) left join stobs (nolock) on st.ref = stobs.ref where st.ref = '324.727.00.01'
20240812@180156.1725 avgsk186klnrt6usblivrhavm3 Query : select top 1 isnull(design,'') valor from st (nolock) left join stobs (nolock) on st.ref = stobs.ref where st.ref = '304.4320.00.1'
20240812@180156.1746 avgsk186klnrt6usblivrhavm3 Query : select top 1 isnull(design,'') valor from st (nolock) left join stobs (nolock) on st.ref = stobs.ref where st.ref = '324.5343.00.1'
20240812@180156.1913 avgsk186klnrt6usblivrhavm3 Query : select top 1 isnull(design,'') valor from st (nolock) left join stobs (nolock) on st.ref = stobs.ref where st.ref = '324.1684.00.1'
20240812@180156.2079 avgsk186klnrt6usblivrhavm3 Query : select top 1 isnull(design,'') valor from st (nolock) left join stobs (nolock) on st.ref = stobs.ref where st.ref = '324.1684.00.1'
20240812@180156.2098 avgsk186klnrt6usblivrhavm3 Query : select top 1 isnull(design,'') valor from st (nolock) left join stobs (nolock) on st.ref = stobs.ref where st.ref = '324.939.00.01'
20240812@180156.2288 avgsk186klnrt6usblivrhavm3 Query : select top 1 isnull(design,'') valor from st (nolock) left join stobs (nolock) on st.ref = stobs.ref where st.ref = '324.939.00.01'
20240812@180156.2308 avgsk186klnrt6usblivrhavm3 Query : use flama_phc
20240812@180156.2311 avgsk186klnrt6usblivrhavm3 Query : select top 1 convert(date,fdata) valor from ft where ndoc = 39 and anulado= 0 and fno>0 order by fdata desc
20240812@180156.2346 avgsk186klnrt6usblivrhavm3 Query : use flama_phc
20240812@180156.2349 avgsk186klnrt6usblivrhavm3 Query : select top 1 1 valor from td where td.ndoc = 39
20240812@180156.2390 avgsk186klnrt6usblivrhavm3 Query : use flama_phc
20240812@180156.2393 avgsk186klnrt6usblivrhavm3 Query : select lower(descricao) descricao ,case when valor='s' then 1 else 0 end valor from para1 where descricao in ('st_lote','st_usalogifunc', 'st_grelha')
20240812@180156.2421 avgsk186klnrt6usblivrhavm3 Query : select top 1 manternumero ,assinadoc issigned ,tiposaft ,assinaimp ,nmdos ,td.assinadoc ,'cl' origin ,lancasl stocks ,case when cmsl<50 and td.lancasl=1 then 1 else 0 end entrada ,case when cmsl>50 and td.lancasl=1 then 1 else 0 end saida ,temserie assets ,~semgre usegridfields from td inner join td2 on td.tdstamp=td2.td2stamp where td.ndoc = 1
20240812@180156.2455 avgsk186klnrt6usblivrhavm3 Query : use flama_phc
20240812@180156.2457 avgsk186klnrt6usblivrhavm3 Query : select top 1 ~inactivo valor from cl where no = '199506' and estab = 0 order by inactivo desc
20240812@180156.2487 avgsk186klnrt6usblivrhavm3 Query : use flama_phc
20240812@180156.2489 avgsk186klnrt6usblivrhavm3 Query : select top 1 tipodoc,regrd from td where ndoc = 39
20240812@180156.2521 avgsk186klnrt6usblivrhavm3 Query : use flama_phc
20240812@180156.2524 avgsk186klnrt6usblivrhavm3 Query : select szadrsstamp valor from szadrs where szadrsdesc='espaÇotrans,lda'
20240812@180156.2565 avgsk186klnrt6usblivrhavm3 Query : use flama_phc
20240812@180156.2568 avgsk186klnrt6usblivrhavm3 Query : select szadrsstamp valor from szadrs where szadrsdesc='199506 - itmp alimentar, s.a.'
20240812@180156.2622 avgsk186klnrt6usblivrhavm3 Query : use flama_phc
20240812@180156.2624 avgsk186klnrt6usblivrhavm3 Query : select 1 valor from td where ndoc = 39
20240812@180156.2637 avgsk186klnrt6usblivrhavm3 Query : select top 1 manternumero, tiposaft, nmdos,td.assinadoc from td where td.ndoc = 39
20240812@180156.2651 avgsk186klnrt6usblivrhavm3 Query : select 1 valor from information_schema.tables where table_type='base table' and table_name='wstablefields'
20240812@180156.2668 avgsk186klnrt6usblivrhavm3 Query : select fieldkey,fieldname,fieldtype,mandatory from wstablefields where tablename = 'ft' and documentnumber = 39
20240812@180156.2687 avgsk186klnrt6usblivrhavm3 Query : select 1 valor from information_schema.tables where table_type='base table' and table_name='wstablefields'
20240812@180156.2702 avgsk186klnrt6usblivrhavm3 Query : select fieldkey,fieldname,fieldtype,mandatory from wstablefields where tablename = 'ft2' and documentnumber = 39
20240812@180156.2736 avgsk186klnrt6usblivrhavm3 Query : select 1 valor from information_schema.tables where table_type='base table' and table_name='wstablefields'
20240812@180156.2771 avgsk186klnrt6usblivrhavm3 Query : select fieldkey,fieldname,fieldtype,mandatory from wstablefields where tablename = 'ft3' and documentnumber = 39
20240812@180156.2786 avgsk186klnrt6usblivrhavm3 Query : select top 1 ft.fno valor from ft ft where ft.ndoc = 39 and ftano=2024 order by fno desc
20240812@180156.2870 avgsk186klnrt6usblivrhavm3 Query : select top 1 ft.fno valor from wsftdata ft where ft.ndoc = 39 and ftano=2024 order by fno desc
20240812@180156.2882 avgsk186klnrt6usblivrhavm3 Query : select 1 valor from information_schema.tables where table_type='base table' and table_name='wstablefields'
20240812@180156.2898 avgsk186klnrt6usblivrhavm3 Query : select fieldkey,fieldname,fieldtype,calcformula from wstablefields where tablename = 'ft3' and documentnumber = 39
20240812@180156.2922 avgsk186klnrt6usblivrhavm3 Query : insert into wsft3data (ft3stamp, ousrdata, ousrhora, usrdata,usrhora,ousrinis,usrinis,taxpointdt ) values ('aut66ba47806566ba400444' ,getdate(),convert(char(8),convert (time,getdate())),getdate(),convert(char(8),convert (time,getdate())),'wsv','wsv',?)
20240812@180156.3108 avgsk186klnrt6usblivrhavm3 Query : select 1 valor from information_schema.tables where table_type='base table' and table_name='wstablefields'
20240812@180156.3126 avgsk186klnrt6usblivrhavm3 Query : select fieldkey,fieldname,fieldtype,calcformula from wstablefields where tablename = 'ft2' and documentnumber = 39
20240812@180156.3162 avgsk186klnrt6usblivrhavm3 Query : select top 1 bo.u_nomeenv valor from bo where bo.bostamp=''
20240812@180156.3175 avgsk186klnrt6usblivrhavm3 Query : select top 1 bo.u_moradaen valor from bo where bo.bostamp=''
20240812@180156.3187 avgsk186klnrt6usblivrhavm3 Query : select top 1 bo.u_codposen valor from bo where bo.bostamp=''
20240812@180156.3207 avgsk186klnrt6usblivrhavm3 Query : select top 1 bo.u_localenv valor from bo where bo.bostamp=''
20240812@180156.3219 avgsk186klnrt6usblivrhavm3 Query : select top 1 bo.trab5 valor from bo where bo.bostamp=''
20240812@180156.3231 avgsk186klnrt6usblivrhavm3 Query : select top 1 bo.serie valor from bo where bo.bostamp=''
20240812@180156.3242 avgsk186klnrt6usblivrhavm3 Query : insert into wsft2data (ft2stamp, ousrdata,ousrhora, usrdata,usrhora,ousrinis,usrinis,u_nomeenv ,u_moradaen ,u_codposen ,u_localenv ,u_coddest ,u_codby ) values ('aut66ba47806566ba400444',getdate(),convert(char(8),convert (time,getdate())),getdate(),convert(char(8),convert (time,getdate())),'wsv','wsv',?,?,?,?,?,?)
20240812@180156.3500 avgsk186klnrt6usblivrhavm3 Query : select top 1 fno valor from wsftdata order by fno desc
20240812@180156.3520 avgsk186klnrt6usblivrhavm3 Query : select 1 valor from information_schema.tables where table_type='base table' and table_name='wstablefields'
20240812@180156.3539 avgsk186klnrt6usblivrhavm3 Query : select fieldkey,fieldname,fieldtype,calcformula from wstablefields where tablename = 'ft' and documentnumber = 39
20240812@180156.3570 avgsk186klnrt6usblivrhavm3 Query : select 'normal' from dummy
20240812@180156.3589 avgsk186klnrt6usblivrhavm3 Query : insert into wsftdata (ftstamp, ousrdata,ousrhora, usrdata,usrhora,ousrinis,usrinis,fno,no,estab,fdata,ndoc,moeda,cambio,cambiofixo,ftano,site ,classe ) values ('aut66ba47806566ba400444',getdate(),convert(char(8),convert (time,getdate())),getdate(),convert(char(8),convert (time,getdate())),'wsv','wsv',313,199506,0,'2024-08-12',39,'euro',0,0,2024 ,?,?)
20240812@180156.3918 avgsk186klnrt6usblivrhavm3 Query : use flama_phc
20240812@180156.3921 avgsk186klnrt6usblivrhavm3 Query : select st.usalote valor from st where st.ref = '324.727.00.01'
20240812@180156.3945 avgsk186klnrt6usblivrhavm3 Query : select top 1 st.tabiva ,st.ivaincl ,st.stns ,st.uni2 ,st.familia ,isnull(tx.taxa, 0) txiva ,unidade ,usalote ,epcpond ,noserie ,conversao ,st.texteis from st left join taxasiva tx on st.tabiva = tx.codigo where st.ref = '324.727.00.01'
20240812@180156.4162 avgsk186klnrt6usblivrhavm3 Query : select 1 valor from information_schema.tables where table_type='base table' and table_name='wstablefields'
20240812@180156.4180 avgsk186klnrt6usblivrhavm3 Query : select fieldkey,fieldname,fieldtype,mandatory from wstablefields where tablename = 'fi' and documentnumber = 39
20240812@180156.4210 avgsk186klnrt6usblivrhavm3 Query : select 1 valor from information_schema.tables where table_type='base table' and table_name='wstablefields'
20240812@180156.4227 avgsk186klnrt6usblivrhavm3 Query : select fieldkey,fieldname,fieldtype,mandatory from wstablefields where tablename = 'fi2' and documentnumber = 39
20240812@180156.4236 avgsk186klnrt6usblivrhavm3 Query : select top 1 convert(numeric(6,2),t.taxa) valor from taxasiva t where t.codigo='2'
20240812@180156.4248 avgsk186klnrt6usblivrhavm3 Query : select sestamp valor from se where ref ='324.727.00.01' and lote = 'r2300534200a'
20240812@180156.4270 avgsk186klnrt6usblivrhavm3 Query : select 1 valor from information_schema.tables where table_type='base table' and table_name='wstablefields'
20240812@180156.4287 avgsk186klnrt6usblivrhavm3 Query : select fieldkey,fieldname,fieldtype,calcformula from wstablefields where tablename = 'fi2' and documentnumber = 39
20240812@180156.4311 avgsk186klnrt6usblivrhavm3 Query : insert into wsfi2data (fi2stamp,ftstamp ,ousrdata, ousrhora, usrdata,usrhora,ousrinis,usrinis) values ('aut66ba45199966ba400468','aut66ba47806566ba400444' ,getdate(),convert(char(8),convert (time,getdate())),getdate(),convert(char(8),convert (time,getdate())),'wsv','wsv')
20240812@180156.4317 avgsk186klnrt6usblivrhavm3 Query : select 1 valor from information_schema.tables where table_type='base table' and table_name='wstablefields'
20240812@180156.4333 avgsk186klnrt6usblivrhavm3 Query : select fieldkey,fieldname,fieldtype,calcformula from wstablefields where tablename = 'fi' and documentnumber = 39
20240812@180156.4363 avgsk186klnrt6usblivrhavm3 Query : insert into wsfidata (fistamp,ousrdata, ousrhora, usrdata,usrhora,ousrinis,usrinis ,qtt ,ftstamp ,epv,pvmoeda ,tabiva,iva,lordem ,ref, design ,lote,armazem) values ('aut66ba45199966ba400468',getdate(),convert(char(8),convert (time,getdate())),getdate(),convert(char(8),convert (time,getdate())),'wsv','wsv',4.000 ,'aut66ba47806566ba400444' ,0,0 ,2,23.00,10000,?,?,?,?)
20240812@180156.4643 avgsk186klnrt6usblivrhavm3 Query : select 1 valor from information_schema.tables where table_type='base table' and table_name='wstablefields'
20240812@180156.4660 avgsk186klnrt6usblivrhavm3 Query : select fieldkey,fieldname,fieldtype,mandatory from wstablefields where tablename = 'fi' and documentnumber = 39
20240812@180156.4689 avgsk186klnrt6usblivrhavm3 Query : select 1 valor from information_schema.tables where table_type='base table' and table_name='wstablefields'
20240812@180156.4705 avgsk186klnrt6usblivrhavm3 Query : select fieldkey,fieldname,fieldtype,mandatory from wstablefields where tablename = 'fi2' and documentnumber = 39
20240812@180156.4714 avgsk186klnrt6usblivrhavm3 Query : select top 1 convert(numeric(6,2),t.taxa) valor from taxasiva t where t.codigo='2'
20240812@180156.4728 avgsk186klnrt6usblivrhavm3 Query : select 1 valor from information_schema.tables where table_type='base table' and table_name='wstablefields'
20240812@180156.4745 avgsk186klnrt6usblivrhavm3 Query : select fieldkey,fieldname,fieldtype,calcformula from wstablefields where tablename = 'fi2' and documentnumber = 39
20240812@180156.4758 avgsk186klnrt6usblivrhavm3 Query : insert into wsfi2data (fi2stamp,ftstamp ,ousrdata, ousrhora, usrdata,usrhora,ousrinis,usrinis) values ('aut66ba41993366ba400473','aut66ba47806566ba400444' ,getdate(),convert(char(8),convert (time,getdate())),getdate(),convert(char(8),convert (time,getdate())),'wsv','wsv')
20240812@180156.4764 avgsk186klnrt6usblivrhavm3 Query : select 1 valor from information_schema.tables where table_type='base table' and table_name='wstablefields'
20240812@180156.4781 avgsk186klnrt6usblivrhavm3 Query : select fieldkey,fieldname,fieldtype,calcformula from wstablefields where tablename = 'fi' and documentnumber = 39
20240812@180156.4823 avgsk186klnrt6usblivrhavm3 Query : insert into wsfidata (fistamp,ousrdata, ousrhora, usrdata,usrhora,ousrinis,usrinis ,qtt ,ftstamp ,epv,pvmoeda ,tabiva,iva,lordem ,ref, design ,armazem) values ('aut66ba41993366ba400473',getdate(),convert(char(8),convert (time,getdate())),getdate(),convert(char(8),convert (time,getdate())),'wsv','wsv',0 ,'aut66ba47806566ba400444' ,0,0 ,2,23.00,20000,?,?,?)
20240812@180156.5123 avgsk186klnrt6usblivrhavm3 Query : use flama_phc
20240812@180156.5126 avgsk186klnrt6usblivrhavm3 Query : select st.usalote valor from st where st.ref = '304.4320.00.1'
20240812@180156.5146 avgsk186klnrt6usblivrhavm3 Query : select top 1 st.tabiva ,st.ivaincl ,st.stns ,st.uni2 ,st.familia ,isnull(tx.taxa, 0) txiva ,unidade ,usalote ,epcpond ,noserie ,conversao ,st.texteis from st left join taxasiva tx on st.tabiva = tx.codigo where st.ref = '304.4320.00.1'
20240812@180156.5163 avgsk186klnrt6usblivrhavm3 Query : select 1 valor from information_schema.tables where table_type='base table' and table_name='wstablefields'
20240812@180156.5178 avgsk186klnrt6usblivrhavm3 Query : select fieldkey,fieldname,fieldtype,mandatory from wstablefields where tablename = 'fi' and documentnumber = 39
20240812@180156.5213 avgsk186klnrt6usblivrhavm3 Query : select 1 valor from information_schema.tables where table_type='base table' and table_name='wstablefields'
20240812@180156.5229 avgsk186klnrt6usblivrhavm3 Query : select fieldkey,fieldname,fieldtype,mandatory from wstablefields where tablename = 'fi2' and documentnumber = 39
20240812@180156.5237 avgsk186klnrt6usblivrhavm3 Query : select top 1 convert(numeric(6,2),t.taxa) valor from taxasiva t where t.codigo='2'
20240812@180156.5249 avgsk186klnrt6usblivrhavm3 Query : select sestamp valor from se where ref ='304.4320.00.1' and lote = '240897'
20240812@180156.5272 avgsk186klnrt6usblivrhavm3 Query : select 1 valor from information_schema.tables where table_type='base table' and table_name='wstablefields'
20240812@180156.5569 avgsk186klnrt6usblivrhavm3 Query : select fieldkey,fieldname,fieldtype,calcformula from wstablefields where tablename = 'fi2' and documentnumber = 39
20240812@180156.5582 avgsk186klnrt6usblivrhavm3 Query : insert into wsfi2data (fi2stamp,ftstamp ,ousrdata, ousrhora, usrdata,usrhora,ousrinis,usrinis) values ('aut66ba41874066ba400480','aut66ba47806566ba400444' ,getdate(),convert(char(8),convert (time,getdate())),getdate(),convert(char(8),convert (time,getdate())),'wsv','wsv')
20240812@180156.5587 avgsk186klnrt6usblivrhavm3 Query : select 1 valor from information_schema.tables where table_type='base table' and table_name='wstablefields'
20240812@180156.5602 avgsk186klnrt6usblivrhavm3 Query : select fieldkey,fieldname,fieldtype,calcformula from wstablefields where tablename = 'fi' and documentnumber = 39
20240812@180156.5635 avgsk186klnrt6usblivrhavm3 Query : insert into wsfidata (fistamp,ousrdata, ousrhora, usrdata,usrhora,ousrinis,usrinis ,qtt ,ftstamp ,epv,pvmoeda ,tabiva,iva,lordem ,ref, design ,lote,armazem) values ('aut66ba41874066ba400480',getdate(),convert(char(8),convert (time,getdate())),getdate(),convert(char(8),convert (time,getdate())),'wsv','wsv',16.000 ,'aut66ba47806566ba400444' ,0,0 ,2,23.00,40000,?,?,?,?)
20240812@180156.5927 avgsk186klnrt6usblivrhavm3 Query : use flama_phc
20240812@180156.5930 avgsk186klnrt6usblivrhavm3 Query : select st.usalote valor from st where st.ref = '324.5343.00.1'
20240812@180156.5950 avgsk186klnrt6usblivrhavm3 Query : select top 1 st.tabiva ,st.ivaincl ,st.stns ,st.uni2 ,st.familia ,isnull(tx.taxa, 0) txiva ,unidade ,usalote ,epcpond ,noserie ,conversao ,st.texteis from st left join taxasiva tx on st.tabiva = tx.codigo where st.ref = '324.5343.00.1'
20240812@180156.6101 avgsk186klnrt6usblivrhavm3 Query : select 1 valor from information_schema.tables where table_type='base table' and table_name='wstablefields'
20240812@180156.6117 avgsk186klnrt6usblivrhavm3 Query : select fieldkey,fieldname,fieldtype,mandatory from wstablefields where tablename = 'fi' and documentnumber = 39
20240812@180156.6145 avgsk186klnrt6usblivrhavm3 Query : select 1 valor from information_schema.tables where table_type='base table' and table_name='wstablefields'
20240812@180156.6159 avgsk186klnrt6usblivrhavm3 Query : select fieldkey,fieldname,fieldtype,mandatory from wstablefields where tablename = 'fi2' and documentnumber = 39
20240812@180156.6168 avgsk186klnrt6usblivrhavm3 Query : select top 1 convert(numeric(6,2),t.taxa) valor from taxasiva t where t.codigo='2'
20240812@180156.6189 avgsk186klnrt6usblivrhavm3 Query : select sestamp valor from se where ref ='324.5343.00.1' and lote = 'r2300915100a'
20240812@180156.6210 avgsk186klnrt6usblivrhavm3 Query : select 1 valor from information_schema.tables where table_type='base table' and table_name='wstablefields'
20240812@180156.6224 avgsk186klnrt6usblivrhavm3 Query : select fieldkey,fieldname,fieldtype,calcformula from wstablefields where tablename = 'fi2' and documentnumber = 39
20240812@180156.6236 avgsk186klnrt6usblivrhavm3 Query : insert into wsfi2data (fi2stamp,ftstamp ,ousrdata, ousrhora, usrdata,usrhora,ousrinis,usrinis) values ('aut66ba43783866ba400497','aut66ba47806566ba400444' ,getdate(),convert(char(8),convert (time,getdate())),getdate(),convert(char(8),convert (time,getdate())),'wsv','wsv')
20240812@180156.6239 avgsk186klnrt6usblivrhavm3 Query : select 1 valor from information_schema.tables where table_type='base table' and table_name='wstablefields'
20240812@180156.6253 avgsk186klnrt6usblivrhavm3 Query : select fieldkey,fieldname,fieldtype,calcformula from wstablefields where tablename = 'fi' and documentnumber = 39
20240812@180156.6281 avgsk186klnrt6usblivrhavm3 Query : insert into wsfidata (fistamp,ousrdata, ousrhora, usrdata,usrhora,ousrinis,usrinis ,qtt ,ftstamp ,epv,pvmoeda ,tabiva,iva,lordem ,ref, design ,lote,armazem) values ('aut66ba43783866ba400497',getdate(),convert(char(8),convert (time,getdate())),getdate(),convert(char(8),convert (time,getdate())),'wsv','wsv',24.000 ,'aut66ba47806566ba400444' ,0,0 ,2,23.00,50000,?,?,?,?)
20240812@180156.6555 avgsk186klnrt6usblivrhavm3 Query : select 1 valor from information_schema.tables where table_type='base table' and table_name='wstablefields'
20240812@180156.6573 avgsk186klnrt6usblivrhavm3 Query : select fieldkey,fieldname,fieldtype,mandatory from wstablefields where tablename = 'fi' and documentnumber = 39
20240812@180156.6977 avgsk186klnrt6usblivrhavm3 Query : select 1 valor from information_schema.tables where table_type='base table' and table_name='wstablefields'
20240812@180156.7750 avgsk186klnrt6usblivrhavm3 Query : select fieldkey,fieldname,fieldtype,mandatory from wstablefields where tablename = 'fi2' and documentnumber = 39
20240812@180156.7759 avgsk186klnrt6usblivrhavm3 Query : select top 1 convert(numeric(6,2),t.taxa) valor from taxasiva t where t.codigo='2'
20240812@180156.7771 avgsk186klnrt6usblivrhavm3 Query : select 1 valor from information_schema.tables where table_type='base table' and table_name='wstablefields'
20240812@180156.7786 avgsk186klnrt6usblivrhavm3 Query : select fieldkey,fieldname,fieldtype,calcformula from wstablefields where tablename = 'fi2' and documentnumber = 39
20240812@180156.7798 avgsk186klnrt6usblivrhavm3 Query : insert into wsfi2data (fi2stamp,ftstamp ,ousrdata, ousrhora, usrdata,usrhora,ousrinis,usrinis) values ('aut66ba45412666ba4004bd','aut66ba47806566ba400444' ,getdate(),convert(char(8),convert (time,getdate())),getdate(),convert(char(8),convert (time,getdate())),'wsv','wsv')
20240812@180156.7802 avgsk186klnrt6usblivrhavm3 Query : select 1 valor from information_schema.tables where table_type='base table' and table_name='wstablefields'
20240812@180156.7819 avgsk186klnrt6usblivrhavm3 Query : select fieldkey,fieldname,fieldtype,calcformula from wstablefields where tablename = 'fi' and documentnumber = 39
20240812@180156.7860 avgsk186klnrt6usblivrhavm3 Query : insert into wsfidata (fistamp,ousrdata, ousrhora, usrdata,usrhora,ousrinis,usrinis ,qtt ,ftstamp ,epv,pvmoeda ,tabiva,iva,lordem ,ref, design ,armazem) values ('aut66ba45412666ba4004bd',getdate(),convert(char(8),convert (time,getdate())),getdate(),convert(char(8),convert (time,getdate())),'wsv','wsv',0 ,'aut66ba47806566ba400444' ,0,0 ,2,23.00,60000,?,?,?)
20240812@180156.8172 avgsk186klnrt6usblivrhavm3 Query : use flama_phc
20240812@180156.8175 avgsk186klnrt6usblivrhavm3 Query : select st.usalote valor from st where st.ref = '324.1684.00.1'
20240812@180156.8197 avgsk186klnrt6usblivrhavm3 Query : select top 1 st.tabiva ,st.ivaincl ,st.stns ,st.uni2 ,st.familia ,isnull(tx.taxa, 0) txiva ,unidade ,usalote ,epcpond ,noserie ,conversao ,st.texteis from st left join taxasiva tx on st.tabiva = tx.codigo where st.ref = '324.1684.00.1'
20240812@180156.8362 avgsk186klnrt6usblivrhavm3 Query : select 1 valor from information_schema.tables where table_type='base table' and table_name='wstablefields'
20240812@180156.8378 avgsk186klnrt6usblivrhavm3 Query : select fieldkey,fieldname,fieldtype,mandatory from wstablefields where tablename = 'fi' and documentnumber = 39
20240812@180156.8404 avgsk186klnrt6usblivrhavm3 Query : select 1 valor from information_schema.tables where table_type='base table' and table_name='wstablefields'
20240812@180156.8419 avgsk186klnrt6usblivrhavm3 Query : select fieldkey,fieldname,fieldtype,mandatory from wstablefields where tablename = 'fi2' and documentnumber = 39
20240812@180156.8428 avgsk186klnrt6usblivrhavm3 Query : select top 1 convert(numeric(6,2),t.taxa) valor from taxasiva t where t.codigo='2'
20240812@180156.8440 avgsk186klnrt6usblivrhavm3 Query : select sestamp valor from se where ref ='324.1684.00.1' and lote = 'r2301217200a'
20240812@180156.8455 avgsk186klnrt6usblivrhavm3 Query : select 1 valor from information_schema.tables where table_type='base table' and table_name='wstablefields'
20240812@180156.8471 avgsk186klnrt6usblivrhavm3 Query : select fieldkey,fieldname,fieldtype,calcformula from wstablefields where tablename = 'fi2' and documentnumber = 39
20240812@180156.8504 avgsk186klnrt6usblivrhavm3 Query : insert into wsfi2data (fi2stamp,ftstamp ,ousrdata, ousrhora, usrdata,usrhora,ousrinis,usrinis) values ('aut66ba43452466ba4004ce','aut66ba47806566ba400444' ,getdate(),convert(char(8),convert (time,getdate())),getdate(),convert(char(8),convert (time,getdate())),'wsv','wsv')
20240812@180156.8509 avgsk186klnrt6usblivrhavm3 Query : select 1 valor from information_schema.tables where table_type='base table' and table_name='wstablefields'
20240812@180156.8524 avgsk186klnrt6usblivrhavm3 Query : select fieldkey,fieldname,fieldtype,calcformula from wstablefields where tablename = 'fi' and documentnumber = 39
20240812@180156.8553 avgsk186klnrt6usblivrhavm3 Query : insert into wsfidata (fistamp,ousrdata, ousrhora, usrdata,usrhora,ousrinis,usrinis ,qtt ,ftstamp ,epv,pvmoeda ,tabiva,iva,lordem ,ref, design ,lote,armazem) values ('aut66ba43452466ba4004ce',getdate(),convert(char(8),convert (time,getdate())),getdate(),convert(char(8),convert (time,getdate())),'wsv','wsv',3.000 ,'aut66ba47806566ba400444' ,0,0 ,2,23.00,80000,?,?,?,?)
20240812@180156.8837 avgsk186klnrt6usblivrhavm3 Query : use flama_phc
20240812@180156.8840 avgsk186klnrt6usblivrhavm3 Query : select st.usalote valor from st where st.ref = '324.1684.00.1'
20240812@180156.8863 avgsk186klnrt6usblivrhavm3 Query : select top 1 st.tabiva ,st.ivaincl ,st.stns ,st.uni2 ,st.familia ,isnull(tx.taxa, 0) txiva ,unidade ,usalote ,epcpond ,noserie ,conversao ,st.texteis from st left join taxasiva tx on st.tabiva = tx.codigo where st.ref = '324.1684.00.1'
20240812@180156.8879 avgsk186klnrt6usblivrhavm3 Query : select 1 valor from information_schema.tables where table_type='base table' and table_name='wstablefields'
20240812@180156.8895 avgsk186klnrt6usblivrhavm3 Query : select fieldkey,fieldname,fieldtype,mandatory from wstablefields where tablename = 'fi' and documentnumber = 39
20240812@180156.8930 avgsk186klnrt6usblivrhavm3 Query : select 1 valor from information_schema.tables where table_type='base table' and table_name='wstablefields'
20240812@180156.8944 avgsk186klnrt6usblivrhavm3 Query : select fieldkey,fieldname,fieldtype,mandatory from wstablefields where tablename = 'fi2' and documentnumber = 39
20240812@180156.8953 avgsk186klnrt6usblivrhavm3 Query : select top 1 convert(numeric(6,2),t.taxa) valor from taxasiva t where t.codigo='2'
20240812@180156.8965 avgsk186klnrt6usblivrhavm3 Query : select sestamp valor from se where ref ='324.1684.00.1' and lote = 'r2301217200a'
20240812@180156.8977 avgsk186klnrt6usblivrhavm3 Query : select 1 valor from information_schema.tables where table_type='base table' and table_name='wstablefields'
20240812@180156.8991 avgsk186klnrt6usblivrhavm3 Query : select fieldkey,fieldname,fieldtype,calcformula from wstablefields where tablename = 'fi2' and documentnumber = 39
20240812@180156.9003 avgsk186klnrt6usblivrhavm3 Query : insert into wsfi2data (fi2stamp,ftstamp ,ousrdata, ousrhora, usrdata,usrhora,ousrinis,usrinis) values ('aut66ba47792266ba4004db','aut66ba47806566ba400444' ,getdate(),convert(char(8),convert (time,getdate())),getdate(),convert(char(8),convert (time,getdate())),'wsv','wsv')
20240812@180156.9008 avgsk186klnrt6usblivrhavm3 Query : select 1 valor from information_schema.tables where table_type='base table' and table_name='wstablefields'
20240812@180156.9023 avgsk186klnrt6usblivrhavm3 Query : select fieldkey,fieldname,fieldtype,calcformula from wstablefields where tablename = 'fi' and documentnumber = 39
20240812@180156.9052 avgsk186klnrt6usblivrhavm3 Query : insert into wsfidata (fistamp,ousrdata, ousrhora, usrdata,usrhora,ousrinis,usrinis ,qtt ,ftstamp ,epv,pvmoeda ,tabiva,iva,lordem ,ref, design ,lote,armazem) values ('aut66ba47792266ba4004db',getdate(),convert(char(8),convert (time,getdate())),getdate(),convert(char(8),convert (time,getdate())),'wsv','wsv',3.000 ,'aut66ba47806566ba400444' ,0,0 ,2,23.00,90000,?,?,?,?)
20240812@180156.9325 avgsk186klnrt6usblivrhavm3 Query : use flama_phc
20240812@180156.9328 avgsk186klnrt6usblivrhavm3 Query : select st.usalote valor from st where st.ref = '324.939.00.01'
20240812@180156.9352 avgsk186klnrt6usblivrhavm3 Query : select top 1 st.tabiva ,st.ivaincl ,st.stns ,st.uni2 ,st.familia ,isnull(tx.taxa, 0) txiva ,unidade ,usalote ,epcpond ,noserie ,conversao ,st.texteis from st left join taxasiva tx on st.tabiva = tx.codigo where st.ref = '324.939.00.01'
20240812@180156.9505 avgsk186klnrt6usblivrhavm3 Query : select 1 valor from information_schema.tables where table_type='base table' and table_name='wstablefields'
20240812@180156.9521 avgsk186klnrt6usblivrhavm3 Query : select fieldkey,fieldname,fieldtype,mandatory from wstablefields where tablename = 'fi' and documentnumber = 39
20240812@180156.9547 avgsk186klnrt6usblivrhavm3 Query : select 1 valor from information_schema.tables where table_type='base table' and table_name='wstablefields'
20240812@180156.9563 avgsk186klnrt6usblivrhavm3 Query : select fieldkey,fieldname,fieldtype,mandatory from wstablefields where tablename = 'fi2' and documentnumber = 39
20240812@180156.9572 avgsk186klnrt6usblivrhavm3 Query : select top 1 convert(numeric(6,2),t.taxa) valor from taxasiva t where t.codigo='2'
20240812@180156.9585 avgsk186klnrt6usblivrhavm3 Query : select sestamp valor from se where ref ='324.939.00.01' and lote = 'r2301371200a'
20240812@180156.9605 avgsk186klnrt6usblivrhavm3 Query : select 1 valor from information_schema.tables where table_type='base table' and table_name='wstablefields'
20240812@180156.9620 avgsk186klnrt6usblivrhavm3 Query : select fieldkey,fieldname,fieldtype,calcformula from wstablefields where tablename = 'fi2' and documentnumber = 39
20240812@180156.9631 avgsk186klnrt6usblivrhavm3 Query : insert into wsfi2data (fi2stamp,ftstamp ,ousrdata, ousrhora, usrdata,usrhora,ousrinis,usrinis) values ('aut66ba41774166ba4004ea','aut66ba47806566ba400444' ,getdate(),convert(char(8),convert (time,getdate())),getdate(),convert(char(8),convert (time,getdate())),'wsv','wsv')
20240812@180156.9635 avgsk186klnrt6usblivrhavm3 Query : select 1 valor from information_schema.tables where table_type='base table' and table_name='wstablefields'
20240812@180156.9650 avgsk186klnrt6usblivrhavm3 Query : select fieldkey,fieldname,fieldtype,calcformula from wstablefields where tablename = 'fi' and documentnumber = 39
20240812@180156.9680 avgsk186klnrt6usblivrhavm3 Query : insert into wsfidata (fistamp,ousrdata, ousrhora, usrdata,usrhora,ousrinis,usrinis ,qtt ,ftstamp ,epv,pvmoeda ,tabiva,iva,lordem ,ref, design ,lote,armazem) values ('aut66ba41774166ba4004ea',getdate(),convert(char(8),convert (time,getdate())),getdate(),convert(char(8),convert (time,getdate())),'wsv','wsv',4.000 ,'aut66ba47806566ba400444' ,0,0 ,2,23.00,100000,?,?,?,?)
20240812@180156.9971 avgsk186klnrt6usblivrhavm3 Query : use flama_phc
20240812@180156.9974 avgsk186klnrt6usblivrhavm3 Query : select st.usalote valor from st where st.ref = '324.939.00.01'
20240812@180156.9994 avgsk186klnrt6usblivrhavm3 Query : select top 1 st.tabiva ,st.ivaincl ,st.stns ,st.uni2 ,st.familia ,isnull(tx.taxa, 0) txiva ,unidade ,usalote ,epcpond ,noserie ,conversao ,st.texteis from st left join taxasiva tx on st.tabiva = tx.codigo where st.ref = '324.939.00.01'
20240812@180157.8000 avgsk186klnrt6usblivrhavm3 Query : select 1 valor from information_schema.tables where table_type='base table' and table_name='wstablefields'
20240812@180157.2400 avgsk186klnrt6usblivrhavm3 Query : select fieldkey,fieldname,fieldtype,mandatory from wstablefields where tablename = 'fi' and documentnumber = 39
20240812@180157.5000 avgsk186klnrt6usblivrhavm3 Query : select 1 valor from information_schema.tables where table_type='base table' and table_name='wstablefields'
20240812@180157.6500 avgsk186klnrt6usblivrhavm3 Query : select fieldkey,fieldname,fieldtype,mandatory from wstablefields where tablename = 'fi2' and documentnumber = 39
20240812@180157.8400 avgsk186klnrt6usblivrhavm3 Query : select top 1 convert(numeric(6,2),t.taxa) valor from taxasiva t where t.codigo='2'
20240812@180157.9900 avgsk186klnrt6usblivrhavm3 Query : select sestamp valor from se where ref ='324.939.00.01' and lote = 'r2301371200a'
20240812@180157.1120 avgsk186klnrt6usblivrhavm3 Query : select 1 valor from information_schema.tables where table_type='base table' and table_name='wstablefields'
20240812@180157.1260 avgsk186klnrt6usblivrhavm3 Query : select fieldkey,fieldname,fieldtype,calcformula from wstablefields where tablename = 'fi2' and documentnumber = 39
20240812@180157.1460 avgsk186klnrt6usblivrhavm3 Query : insert into wsfi2data (fi2stamp,ftstamp ,ousrdata, ousrhora, usrdata,usrhora,ousrinis,usrinis) values ('aut66ba44557366ba400502','aut66ba47806566ba400444' ,getdate(),convert(char(8),convert (time,getdate())),getdate(),convert(char(8),convert (time,getdate())),'wsv','wsv')
20240812@180157.1510 avgsk186klnrt6usblivrhavm3 Query : select 1 valor from information_schema.tables where table_type='base table' and table_name='wstablefields'
20240812@180157.1660 avgsk186klnrt6usblivrhavm3 Query : select fieldkey,fieldname,fieldtype,calcformula from wstablefields where tablename = 'fi' and documentnumber = 39
20240812@180157.1980 avgsk186klnrt6usblivrhavm3 Query : insert into wsfidata (fistamp,ousrdata, ousrhora, usrdata,usrhora,ousrinis,usrinis ,qtt ,ftstamp ,epv,pvmoeda ,tabiva,iva,lordem ,ref, design ,lote,armazem) values ('aut66ba44557366ba400502',getdate(),convert(char(8),convert (time,getdate())),getdate(),convert(char(8),convert (time,getdate())),'wsv','wsv',4.000 ,'aut66ba47806566ba400444' ,0,0 ,2,23.00,110000,?,?,?,?)
20240812@180157.4800 avgsk186klnrt6usblivrhavm3 Query : insert into wsftcreationlog (initialftstamp,externalid,creationstatus,documenttypeid,idustamp) values ('aut66ba47806566ba400444','2405352','wait',39,'adm09112754980.682000002')
20240812@180157.5580 avgsk186klnrt6usblivrhavm3 Query : use flama_phc
20240812@180157.5610 avgsk186klnrt6usblivrhavm3 Query : update u_wsusers set rqsttoken =? where userid ='userls001'
20240812@180157.6000 avgsk186klnrt6usblivrhavm3 Query : select concat(rtrim(relative_path),ltrim(name_new)) as valor from uploadfiles where uploadfile_id='1495';
20240812@180157.6260 avgsk186klnrt6usblivrhavm3 Query : update uploadfiles set whenupdated=current_timestamp where uploadfile_id='1495';
20240812@180157.6600 avgsk186klnrt6usblivrhavm3 Query : select concat(rtrim(relative_path),ltrim(name_new)) as valor from uploadfiles where uploadfile_id='1495';
20240812@180157.6840 avgsk186klnrt6usblivrhavm3 Query : update uploadfiles set whenupdated=current_timestamp where uploadfile_id='1495';
20240812@180157.1263 4bsgcmkcn5o7jnqmbnahgl474q Query : insert into uploadfiles ( name_original, name_new, option_type, relative_path, whencreated ) values ( ?, ?, ?, ?, getdate() )
20240812@180157.1275 4bsgcmkcn5o7jnqmbnahgl474q Query : select uploadfile_id valor from uploadfiles where name_new = ? and option_type = ? 
20240812@180157.1365 4bsgcmkcn5o7jnqmbnahgl474q Query : select concat(rtrim(relative_path),ltrim(name_new)) as valor from uploadfiles where uploadfile_id='1496';
20240812@180157.1418 4bsgcmkcn5o7jnqmbnahgl474q Query : update uploadfiles set whenupdated=current_timestamp where uploadfile_id='1496';
20240812@180157.1464 4bsgcmkcn5o7jnqmbnahgl474q Query : select concat(rtrim(relative_path),ltrim(name_new)) as valor from uploadfiles where uploadfile_id='1496';
20240812@180157.1487 4bsgcmkcn5o7jnqmbnahgl474q Query : update uploadfiles set whenupdated=current_timestamp where uploadfile_id='1496';
20240812@180157.1530 4bsgcmkcn5o7jnqmbnahgl474q Query : use flama_phc
20240812@180157.1533 4bsgcmkcn5o7jnqmbnahgl474q Query : select top 1 secretkey valor from u_wsusers u where u.userid = ? and u.inactivo=0
20240812@180157.1616 4bsgcmkcn5o7jnqmbnahgl474q Query : use flama_phc
20240812@180157.1619 4bsgcmkcn5o7jnqmbnahgl474q Query : select no, estab,szadrsdesc from szadrs where u_coddest=4740
20240812@180157.1662 4bsgcmkcn5o7jnqmbnahgl474q Query : select top 1 isnull(design,'') valor from st (nolock) left join stobs (nolock) on st.ref = stobs.ref where st.ref = '324.2041.00.1'
20240812@180157.2003 4bsgcmkcn5o7jnqmbnahgl474q Query : select top 1 isnull(design,'') valor from st (nolock) left join stobs (nolock) on st.ref = stobs.ref where st.ref = '324.2041.00.1'
20240812@180157.2023 4bsgcmkcn5o7jnqmbnahgl474q Query : use flama_phc
20240812@180157.2027 4bsgcmkcn5o7jnqmbnahgl474q Query : select top 1 convert(date,fdata) valor from ft where ndoc = 39 and anulado= 0 and fno>0 order by fdata desc
20240812@180157.2058 4bsgcmkcn5o7jnqmbnahgl474q Query : use flama_phc
20240812@180157.2061 4bsgcmkcn5o7jnqmbnahgl474q Query : select top 1 1 valor from td where td.ndoc = 39
20240812@180157.2107 4bsgcmkcn5o7jnqmbnahgl474q Query : use flama_phc
20240812@180157.2111 4bsgcmkcn5o7jnqmbnahgl474q Query : select lower(descricao) descricao ,case when valor='s' then 1 else 0 end valor from para1 where descricao in ('st_lote','st_usalogifunc', 'st_grelha')
20240812@180157.2138 4bsgcmkcn5o7jnqmbnahgl474q Query : select top 1 manternumero ,assinadoc issigned ,tiposaft ,assinaimp ,nmdos ,td.assinadoc ,'cl' origin ,lancasl stocks ,case when cmsl<50 and td.lancasl=1 then 1 else 0 end entrada ,case when cmsl>50 and td.lancasl=1 then 1 else 0 end saida ,temserie assets ,~semgre usegridfields from td inner join td2 on td.tdstamp=td2.td2stamp where td.ndoc = 1
20240812@180157.2173 4bsgcmkcn5o7jnqmbnahgl474q Query : use flama_phc
20240812@180157.2176 4bsgcmkcn5o7jnqmbnahgl474q Query : select top 1 ~inactivo valor from cl where no = '100810' and estab = 0 order by inactivo desc
20240812@180157.2206 4bsgcmkcn5o7jnqmbnahgl474q Query : use flama_phc
20240812@180157.2209 4bsgcmkcn5o7jnqmbnahgl474q Query : select top 1 tipodoc,regrd from td where ndoc = 39
20240812@180157.2239 4bsgcmkcn5o7jnqmbnahgl474q Query : use flama_phc
20240812@180157.2242 4bsgcmkcn5o7jnqmbnahgl474q Query : select szadrsstamp valor from szadrs where szadrsdesc='espaÇotrans,lda'
20240812@180157.2286 4bsgcmkcn5o7jnqmbnahgl474q Query : use flama_phc
20240812@180157.2289 4bsgcmkcn5o7jnqmbnahgl474q Query : select szadrsstamp valor from szadrs where szadrsdesc='100810 - worten-equipamentos para o lar,sa.'
20240812@180157.2343 4bsgcmkcn5o7jnqmbnahgl474q Query : use flama_phc
20240812@180157.2346 4bsgcmkcn5o7jnqmbnahgl474q Query : select 1 valor from td where ndoc = 39
20240812@180157.2358 4bsgcmkcn5o7jnqmbnahgl474q Query : select top 1 manternumero, tiposaft, nmdos,td.assinadoc from td where td.ndoc = 39
20240812@180157.2374 4bsgcmkcn5o7jnqmbnahgl474q Query : select 1 valor from information_schema.tables where table_type='base table' and table_name='wstablefields'
20240812@180157.2390 4bsgcmkcn5o7jnqmbnahgl474q Query : select fieldkey,fieldname,fieldtype,mandatory from wstablefields where tablename = 'ft' and documentnumber = 39
20240812@180157.2410 4bsgcmkcn5o7jnqmbnahgl474q Query : select 1 valor from information_schema.tables where table_type='base table' and table_name='wstablefields'
20240812@180157.2427 4bsgcmkcn5o7jnqmbnahgl474q Query : select fieldkey,fieldname,fieldtype,mandatory from wstablefields where tablename = 'ft2' and documentnumber = 39
20240812@180157.2463 4bsgcmkcn5o7jnqmbnahgl474q Query : select 1 valor from information_schema.tables where table_type='base table' and table_name='wstablefields'
20240812@180157.2478 4bsgcmkcn5o7jnqmbnahgl474q Query : select fieldkey,fieldname,fieldtype,mandatory from wstablefields where tablename = 'ft3' and documentnumber = 39
20240812@180157.2491 4bsgcmkcn5o7jnqmbnahgl474q Query : select top 1 ft.fno valor from ft ft where ft.ndoc = 39 and ftano=2024 order by fno desc
20240812@180157.2560 4bsgcmkcn5o7jnqmbnahgl474q Query : select top 1 ft.fno valor from wsftdata ft where ft.ndoc = 39 and ftano=2024 order by fno desc
20240812@180157.2573 4bsgcmkcn5o7jnqmbnahgl474q Query : select 1 valor from information_schema.tables where table_type='base table' and table_name='wstablefields'
20240812@180157.2589 4bsgcmkcn5o7jnqmbnahgl474q Query : select fieldkey,fieldname,fieldtype,calcformula from wstablefields where tablename = 'ft3' and documentnumber = 39
20240812@180157.2604 4bsgcmkcn5o7jnqmbnahgl474q Query : insert into wsft3data (ft3stamp, ousrdata, ousrhora, usrdata,usrhora,ousrinis,usrinis,taxpointdt ) values ('aut66ba47894666ba40053c' ,getdate(),convert(char(8),convert (time,getdate())),getdate(),convert(char(8),convert (time,getdate())),'wsv','wsv',?)
20240812@180157.2799 4bsgcmkcn5o7jnqmbnahgl474q Query : select 1 valor from information_schema.tables where table_type='base table' and table_name='wstablefields'
20240812@180157.2818 4bsgcmkcn5o7jnqmbnahgl474q Query : select fieldkey,fieldname,fieldtype,calcformula from wstablefields where tablename = 'ft2' and documentnumber = 39
20240812@180157.2850 4bsgcmkcn5o7jnqmbnahgl474q Query : select top 1 bo.u_nomeenv valor from bo where bo.bostamp=''
20240812@180157.2863 4bsgcmkcn5o7jnqmbnahgl474q Query : select top 1 bo.u_moradaen valor from bo where bo.bostamp=''
20240812@180157.2876 4bsgcmkcn5o7jnqmbnahgl474q Query : select top 1 bo.u_codposen valor from bo where bo.bostamp=''
20240812@180157.2888 4bsgcmkcn5o7jnqmbnahgl474q Query : select top 1 bo.u_localenv valor from bo where bo.bostamp=''
20240812@180157.2899 4bsgcmkcn5o7jnqmbnahgl474q Query : select top 1 bo.trab5 valor from bo where bo.bostamp=''
20240812@180157.2911 4bsgcmkcn5o7jnqmbnahgl474q Query : select top 1 bo.serie valor from bo where bo.bostamp=''
20240812@180157.2923 4bsgcmkcn5o7jnqmbnahgl474q Query : insert into wsft2data (ft2stamp, ousrdata,ousrhora, usrdata,usrhora,ousrinis,usrinis,u_nomeenv ,u_moradaen ,u_codposen ,u_localenv ,u_coddest ,u_codby ) values ('aut66ba47894666ba40053c',getdate(),convert(char(8),convert (time,getdate())),getdate(),convert(char(8),convert (time,getdate())),'wsv','wsv',?,?,?,?,?,?)
20240812@180157.3436 4bsgcmkcn5o7jnqmbnahgl474q Query : select top 1 fno valor from wsftdata order by fno desc
20240812@180157.4377 4bsgcmkcn5o7jnqmbnahgl474q Query : select 1 valor from information_schema.tables where table_type='base table' and table_name='wstablefields'
20240812@180157.4397 4bsgcmkcn5o7jnqmbnahgl474q Query : select fieldkey,fieldname,fieldtype,calcformula from wstablefields where tablename = 'ft' and documentnumber = 39
20240812@180157.4425 4bsgcmkcn5o7jnqmbnahgl474q Query : select 'normal' from dummy
20240812@180157.4444 4bsgcmkcn5o7jnqmbnahgl474q Query : insert into wsftdata (ftstamp, ousrdata,ousrhora, usrdata,usrhora,ousrinis,usrinis,fno,no,estab,fdata,ndoc,moeda,cambio,cambiofixo,ftano,site ,classe ) values ('aut66ba47894666ba40053c',getdate(),convert(char(8),convert (time,getdate())),getdate(),convert(char(8),convert (time,getdate())),'wsv','wsv',314,100810,0,'2024-08-12',39,'euro',0,0,2024 ,?,?)
20240812@180157.4781 4bsgcmkcn5o7jnqmbnahgl474q Query : use flama_phc
20240812@180157.4785 4bsgcmkcn5o7jnqmbnahgl474q Query : select st.usalote valor from st where st.ref = '324.2041.00.1'
20240812@180157.4810 4bsgcmkcn5o7jnqmbnahgl474q Query : select top 1 st.tabiva ,st.ivaincl ,st.stns ,st.uni2 ,st.familia ,isnull(tx.taxa, 0) txiva ,unidade ,usalote ,epcpond ,noserie ,conversao ,st.texteis from st left join taxasiva tx on st.tabiva = tx.codigo where st.ref = '324.2041.00.1'
20240812@180157.4967 4bsgcmkcn5o7jnqmbnahgl474q Query : select 1 valor from information_schema.tables where table_type='base table' and table_name='wstablefields'
20240812@180157.4985 4bsgcmkcn5o7jnqmbnahgl474q Query : select fieldkey,fieldname,fieldtype,mandatory from wstablefields where tablename = 'fi' and documentnumber = 39
20240812@180157.5013 4bsgcmkcn5o7jnqmbnahgl474q Query : select 1 valor from information_schema.tables where table_type='base table' and table_name='wstablefields'
20240812@180157.5029 4bsgcmkcn5o7jnqmbnahgl474q Query : select fieldkey,fieldname,fieldtype,mandatory from wstablefields where tablename = 'fi2' and documentnumber = 39
20240812@180157.5040 4bsgcmkcn5o7jnqmbnahgl474q Query : select top 1 convert(numeric(6,2),t.taxa) valor from taxasiva t where t.codigo='2'
20240812@180157.5053 4bsgcmkcn5o7jnqmbnahgl474q Query : select sestamp valor from se where ref ='324.2041.00.1' and lote = 'r2100232100a'
20240812@180157.5078 4bsgcmkcn5o7jnqmbnahgl474q Query : select 1 valor from information_schema.tables where table_type='base table' and table_name='wstablefields'
20240812@180157.5093 4bsgcmkcn5o7jnqmbnahgl474q Query : select fieldkey,fieldname,fieldtype,calcformula from wstablefields where tablename = 'fi2' and documentnumber = 39
20240812@180157.5106 4bsgcmkcn5o7jnqmbnahgl474q Query : insert into wsfi2data (fi2stamp,ftstamp ,ousrdata, ousrhora, usrdata,usrhora,ousrinis,usrinis) values ('aut66ba41993166ba40057b','aut66ba47894666ba40053c' ,getdate(),convert(char(8),convert (time,getdate())),getdate(),convert(char(8),convert (time,getdate())),'wsv','wsv')
20240812@180157.5110 4bsgcmkcn5o7jnqmbnahgl474q Query : select 1 valor from information_schema.tables where table_type='base table' and table_name='wstablefields'
20240812@180157.5149 4bsgcmkcn5o7jnqmbnahgl474q Query : select fieldkey,fieldname,fieldtype,calcformula from wstablefields where tablename = 'fi' and documentnumber = 39
20240812@180157.5184 4bsgcmkcn5o7jnqmbnahgl474q Query : insert into wsfidata (fistamp,ousrdata, ousrhora, usrdata,usrhora,ousrinis,usrinis ,qtt ,ftstamp ,epv,pvmoeda ,tabiva,iva,lordem ,ref, design ,lote,armazem) values ('aut66ba41993166ba40057b',getdate(),convert(char(8),convert (time,getdate())),getdate(),convert(char(8),convert (time,getdate())),'wsv','wsv',48.000 ,'aut66ba47894666ba40053c' ,0,0 ,2,23.00,10000,?,?,?,?)
20240812@180157.5555 4bsgcmkcn5o7jnqmbnahgl474q Query : select 1 valor from information_schema.tables where table_type='base table' and table_name='wstablefields'
20240812@180157.5576 4bsgcmkcn5o7jnqmbnahgl474q Query : select fieldkey,fieldname,fieldtype,mandatory from wstablefields where tablename = 'fi' and documentnumber = 39
20240812@180157.5607 4bsgcmkcn5o7jnqmbnahgl474q Query : select 1 valor from information_schema.tables where table_type='base table' and table_name='wstablefields'
20240812@180157.5624 4bsgcmkcn5o7jnqmbnahgl474q Query : select fieldkey,fieldname,fieldtype,mandatory from wstablefields where tablename = 'fi2' and documentnumber = 39
20240812@180157.5633 4bsgcmkcn5o7jnqmbnahgl474q Query : select top 1 convert(numeric(6,2),t.taxa) valor from taxasiva t where t.codigo='2'
20240812@180157.5648 4bsgcmkcn5o7jnqmbnahgl474q Query : select 1 valor from information_schema.tables where table_type='base table' and table_name='wstablefields'
20240812@180157.5673 4bsgcmkcn5o7jnqmbnahgl474q Query : select fieldkey,fieldname,fieldtype,calcformula from wstablefields where tablename = 'fi2' and documentnumber = 39
20240812@180157.5686 4bsgcmkcn5o7jnqmbnahgl474q Query : insert into wsfi2data (fi2stamp,ftstamp ,ousrdata, ousrhora, usrdata,usrhora,ousrinis,usrinis) values ('aut66ba41783366ba400589','aut66ba47894666ba40053c' ,getdate(),convert(char(8),convert (time,getdate())),getdate(),convert(char(8),convert (time,getdate())),'wsv','wsv')
20240812@180157.5691 4bsgcmkcn5o7jnqmbnahgl474q Query : select 1 valor from information_schema.tables where table_type='base table' and table_name='wstablefields'
20240812@180157.5706 4bsgcmkcn5o7jnqmbnahgl474q Query : select fieldkey,fieldname,fieldtype,calcformula from wstablefields where tablename = 'fi' and documentnumber = 39
20240812@180157.5738 4bsgcmkcn5o7jnqmbnahgl474q Query : insert into wsfidata (fistamp,ousrdata, ousrhora, usrdata,usrhora,ousrinis,usrinis ,qtt ,ftstamp ,epv,pvmoeda ,tabiva,iva,lordem ,ref, design ,armazem) values ('aut66ba41783366ba400589',getdate(),convert(char(8),convert (time,getdate())),getdate(),convert(char(8),convert (time,getdate())),'wsv','wsv',0 ,'aut66ba47894666ba40053c' ,0,0 ,2,23.00,20000,?,?,?)
20240812@180157.6018 4bsgcmkcn5o7jnqmbnahgl474q Query : use flama_phc
20240812@180157.6022 4bsgcmkcn5o7jnqmbnahgl474q Query : select st.usalote valor from st where st.ref = '324.2041.00.1'
20240812@180157.6043 4bsgcmkcn5o7jnqmbnahgl474q Query : select top 1 st.tabiva ,st.ivaincl ,st.stns ,st.uni2 ,st.familia ,isnull(tx.taxa, 0) txiva ,unidade ,usalote ,epcpond ,noserie ,conversao ,st.texteis from st left join taxasiva tx on st.tabiva = tx.codigo where st.ref = '324.2041.00.1'
20240812@180157.6059 4bsgcmkcn5o7jnqmbnahgl474q Query : select 1 valor from information_schema.tables where table_type='base table' and table_name='wstablefields'
20240812@180157.6077 4bsgcmkcn5o7jnqmbnahgl474q Query : select fieldkey,fieldname,fieldtype,mandatory from wstablefields where tablename = 'fi' and documentnumber = 39
20240812@180157.6105 4bsgcmkcn5o7jnqmbnahgl474q Query : select 1 valor from information_schema.tables where table_type='base table' and table_name='wstablefields'
20240812@180157.6120 4bsgcmkcn5o7jnqmbnahgl474q Query : select fieldkey,fieldname,fieldtype,mandatory from wstablefields where tablename = 'fi2' and documentnumber = 39
20240812@180157.6130 4bsgcmkcn5o7jnqmbnahgl474q Query : select top 1 convert(numeric(6,2),t.taxa) valor from taxasiva t where t.codigo='2'
20240812@180157.6144 4bsgcmkcn5o7jnqmbnahgl474q Query : select sestamp valor from se where ref ='324.2041.00.1' and lote = 'r2100232100a'
20240812@180157.6169 4bsgcmkcn5o7jnqmbnahgl474q Query : select 1 valor from information_schema.tables where table_type='base table' and table_name='wstablefields'
20240812@180157.6185 4bsgcmkcn5o7jnqmbnahgl474q Query : select fieldkey,fieldname,fieldtype,calcformula from wstablefields where tablename = 'fi2' and documentnumber = 39
20240812@180157.6198 4bsgcmkcn5o7jnqmbnahgl474q Query : insert into wsfi2data (fi2stamp,ftstamp ,ousrdata, ousrhora, usrdata,usrhora,ousrinis,usrinis) values ('aut66ba44227366ba400596','aut66ba47894666ba40053c' ,getdate(),convert(char(8),convert (time,getdate())),getdate(),convert(char(8),convert (time,getdate())),'wsv','wsv')
20240812@180157.6203 4bsgcmkcn5o7jnqmbnahgl474q Query : select 1 valor from information_schema.tables where table_type='base table' and table_name='wstablefields'
20240812@180157.6219 4bsgcmkcn5o7jnqmbnahgl474q Query : select fieldkey,fieldname,fieldtype,calcformula from wstablefields where tablename = 'fi' and documentnumber = 39
20240812@180157.6251 4bsgcmkcn5o7jnqmbnahgl474q Query : insert into wsfidata (fistamp,ousrdata, ousrhora, usrdata,usrhora,ousrinis,usrinis ,qtt ,ftstamp ,epv,pvmoeda ,tabiva,iva,lordem ,ref, design ,lote,armazem) values ('aut66ba44227366ba400596',getdate(),convert(char(8),convert (time,getdate())),getdate(),convert(char(8),convert (time,getdate())),'wsv','wsv',12.000 ,'aut66ba47894666ba40053c' ,0,0 ,2,23.00,40000,?,?,?,?)
20240812@180157.6543 4bsgcmkcn5o7jnqmbnahgl474q Query : select 1 valor from information_schema.tables where table_type='base table' and table_name='wstablefields'
20240812@180157.6562 4bsgcmkcn5o7jnqmbnahgl474q Query : select fieldkey,fieldname,fieldtype,mandatory from wstablefields where tablename = 'fi' and documentnumber = 39
20240812@180157.6595 4bsgcmkcn5o7jnqmbnahgl474q Query : select 1 valor from information_schema.tables where table_type='base table' and table_name='wstablefields'
20240812@180157.6610 4bsgcmkcn5o7jnqmbnahgl474q Query : select fieldkey,fieldname,fieldtype,mandatory from wstablefields where tablename = 'fi2' and documentnumber = 39
20240812@180157.6620 4bsgcmkcn5o7jnqmbnahgl474q Query : select top 1 convert(numeric(6,2),t.taxa) valor from taxasiva t where t.codigo='2'
20240812@180157.6634 4bsgcmkcn5o7jnqmbnahgl474q Query : select 1 valor from information_schema.tables where table_type='base table' and table_name='wstablefields'
20240812@180157.6649 4bsgcmkcn5o7jnqmbnahgl474q Query : select fieldkey,fieldname,fieldtype,calcformula from wstablefields where tablename = 'fi2' and documentnumber = 39
20240812@180157.6662 4bsgcmkcn5o7jnqmbnahgl474q Query : insert into wsfi2data (fi2stamp,ftstamp ,ousrdata, ousrhora, usrdata,usrhora,ousrinis,usrinis) values ('aut66ba40164866ba4005a1','aut66ba47894666ba40053c' ,getdate(),convert(char(8),convert (time,getdate())),getdate(),convert(char(8),convert (time,getdate())),'wsv','wsv')
20240812@180157.6668 4bsgcmkcn5o7jnqmbnahgl474q Query : select 1 valor from information_schema.tables where table_type='base table' and table_name='wstablefields'
20240812@180157.6693 4bsgcmkcn5o7jnqmbnahgl474q Query : select fieldkey,fieldname,fieldtype,calcformula from wstablefields where tablename = 'fi' and documentnumber = 39
20240812@180157.6726 4bsgcmkcn5o7jnqmbnahgl474q Query : insert into wsfidata (fistamp,ousrdata, ousrhora, usrdata,usrhora,ousrinis,usrinis ,qtt ,ftstamp ,epv,pvmoeda ,tabiva,iva,lordem ,ref, design ,armazem) values ('aut66ba40164866ba4005a1',getdate(),convert(char(8),convert (time,getdate())),getdate(),convert(char(8),convert (time,getdate())),'wsv','wsv',0 ,'aut66ba47894666ba40053c' ,0,0 ,2,23.00,50000,?,?,?)
20240812@180157.6993 4bsgcmkcn5o7jnqmbnahgl474q Query : insert into wsftcreationlog (initialftstamp,externalid,creationstatus,documenttypeid,idustamp) values ('aut66ba47894666ba40053c','2405353','wait',39,'adm09112754980.682000002')
20240812@180157.7065 4bsgcmkcn5o7jnqmbnahgl474q Query : use flama_phc
20240812@180157.7069 4bsgcmkcn5o7jnqmbnahgl474q Query : update u_wsusers set rqsttoken =? where userid ='userls001'
20240812@180157.7110 4bsgcmkcn5o7jnqmbnahgl474q Query : select concat(rtrim(relative_path),ltrim(name_new)) as valor from uploadfiles where uploadfile_id='1496';
20240812@180157.7140 4bsgcmkcn5o7jnqmbnahgl474q Query : update uploadfiles set whenupdated=current_timestamp where uploadfile_id='1496';
20240812@180157.7182 4bsgcmkcn5o7jnqmbnahgl474q Query : select concat(rtrim(relative_path),ltrim(name_new)) as valor from uploadfiles where uploadfile_id='1496';
20240812@180157.7206 4bsgcmkcn5o7jnqmbnahgl474q Query : update uploadfiles set whenupdated=current_timestamp where uploadfile_id='1496';
20240812@180157.7733 19ci9qi5c7iq2g6jsurhqmsmb7 Query : insert into uploadfiles ( name_original, name_new, option_type, relative_path, whencreated ) values ( ?, ?, ?, ?, getdate() )
20240812@180157.7746 19ci9qi5c7iq2g6jsurhqmsmb7 Query : select uploadfile_id valor from uploadfiles where name_new = ? and option_type = ? 
20240812@180157.7800 19ci9qi5c7iq2g6jsurhqmsmb7 Query : select concat(rtrim(relative_path),ltrim(name_new)) as valor from uploadfiles where uploadfile_id='1497';
20240812@180157.7855 19ci9qi5c7iq2g6jsurhqmsmb7 Query : update uploadfiles set whenupdated=current_timestamp where uploadfile_id='1497';
20240812@180157.7911 19ci9qi5c7iq2g6jsurhqmsmb7 Query : select concat(rtrim(relative_path),ltrim(name_new)) as valor from uploadfiles where uploadfile_id='1497';
20240812@180157.7936 19ci9qi5c7iq2g6jsurhqmsmb7 Query : update uploadfiles set whenupdated=current_timestamp where uploadfile_id='1497';
20240812@180157.7985 19ci9qi5c7iq2g6jsurhqmsmb7 Query : use flama_phc
20240812@180157.7989 19ci9qi5c7iq2g6jsurhqmsmb7 Query : select top 1 secretkey valor from u_wsusers u where u.userid = ? and u.inactivo=0
20240812@180157.8054 19ci9qi5c7iq2g6jsurhqmsmb7 Query : use flama_phc
20240812@180157.8057 19ci9qi5c7iq2g6jsurhqmsmb7 Query : select no, estab,szadrsdesc from szadrs where u_coddest=4740
20240812@180157.8101 19ci9qi5c7iq2g6jsurhqmsmb7 Query : select top 1 isnull(design,'') valor from st (nolock) left join stobs (nolock) on st.ref = stobs.ref where st.ref = '324.4751.00.1'
20240812@180157.8312 19ci9qi5c7iq2g6jsurhqmsmb7 Query : select top 1 isnull(design,'') valor from st (nolock) left join stobs (nolock) on st.ref = stobs.ref where st.ref = '324.4751.00.1'
20240812@180157.8335 19ci9qi5c7iq2g6jsurhqmsmb7 Query : select top 1 isnull(design,'') valor from st (nolock) left join stobs (nolock) on st.ref = stobs.ref where st.ref = '324.4751.00.1'
20240812@180157.8356 19ci9qi5c7iq2g6jsurhqmsmb7 Query : use flama_phc
20240812@180157.8359 19ci9qi5c7iq2g6jsurhqmsmb7 Query : select top 1 convert(date,fdata) valor from ft where ndoc = 39 and anulado= 0 and fno>0 order by fdata desc
20240812@180157.8393 19ci9qi5c7iq2g6jsurhqmsmb7 Query : use flama_phc
20240812@180157.8396 19ci9qi5c7iq2g6jsurhqmsmb7 Query : select top 1 1 valor from td where td.ndoc = 39
20240812@180157.8436 19ci9qi5c7iq2g6jsurhqmsmb7 Query : use flama_phc
20240812@180157.8439 19ci9qi5c7iq2g6jsurhqmsmb7 Query : select lower(descricao) descricao ,case when valor='s' then 1 else 0 end valor from para1 where descricao in ('st_lote','st_usalogifunc', 'st_grelha')
20240812@180157.8469 19ci9qi5c7iq2g6jsurhqmsmb7 Query : select top 1 manternumero ,assinadoc issigned ,tiposaft ,assinaimp ,nmdos ,td.assinadoc ,'cl' origin ,lancasl stocks ,case when cmsl<50 and td.lancasl=1 then 1 else 0 end entrada ,case when cmsl>50 and td.lancasl=1 then 1 else 0 end saida ,temserie assets ,~semgre usegridfields from td inner join td2 on td.tdstamp=td2.td2stamp where td.ndoc = 1
20240812@180157.8504 19ci9qi5c7iq2g6jsurhqmsmb7 Query : use flama_phc
20240812@180157.8508 19ci9qi5c7iq2g6jsurhqmsmb7 Query : select top 1 ~inactivo valor from cl where no = '100810' and estab = 0 order by inactivo desc
20240812@180157.8541 19ci9qi5c7iq2g6jsurhqmsmb7 Query : use flama_phc
20240812@180157.8546 19ci9qi5c7iq2g6jsurhqmsmb7 Query : select top 1 tipodoc,regrd from td where ndoc = 39
20240812@180157.8585 19ci9qi5c7iq2g6jsurhqmsmb7 Query : use flama_phc
20240812@180157.8588 19ci9qi5c7iq2g6jsurhqmsmb7 Query : select szadrsstamp valor from szadrs where szadrsdesc='espaÇotrans,lda'
20240812@180157.8644 19ci9qi5c7iq2g6jsurhqmsmb7 Query : use flama_phc
20240812@180157.8648 19ci9qi5c7iq2g6jsurhqmsmb7 Query : select szadrsstamp valor from szadrs where szadrsdesc='100810 - worten-equipamentos para o lar,sa.'
20240812@180157.8705 19ci9qi5c7iq2g6jsurhqmsmb7 Query : use flama_phc
20240812@180157.8708 19ci9qi5c7iq2g6jsurhqmsmb7 Query : select 1 valor from td where ndoc = 39
20240812@180157.8726 19ci9qi5c7iq2g6jsurhqmsmb7 Query : select top 1 manternumero, tiposaft, nmdos,td.assinadoc from td where td.ndoc = 39
20240812@180157.8744 19ci9qi5c7iq2g6jsurhqmsmb7 Query : select 1 valor from information_schema.tables where table_type='base table' and table_name='wstablefields'
20240812@180157.8763 19ci9qi5c7iq2g6jsurhqmsmb7 Query : select fieldkey,fieldname,fieldtype,mandatory from wstablefields where tablename = 'ft' and documentnumber = 39
20240812@180157.8795 19ci9qi5c7iq2g6jsurhqmsmb7 Query : select 1 valor from information_schema.tables where table_type='base table' and table_name='wstablefields'
20240812@180157.8812 19ci9qi5c7iq2g6jsurhqmsmb7 Query : select fieldkey,fieldname,fieldtype,mandatory from wstablefields where tablename = 'ft2' and documentnumber = 39
20240812@180157.8851 19ci9qi5c7iq2g6jsurhqmsmb7 Query : select 1 valor from information_schema.tables where table_type='base table' and table_name='wstablefields'
20240812@180157.8868 19ci9qi5c7iq2g6jsurhqmsmb7 Query : select fieldkey,fieldname,fieldtype,mandatory from wstablefields where tablename = 'ft3' and documentnumber = 39
20240812@180157.8883 19ci9qi5c7iq2g6jsurhqmsmb7 Query : select top 1 ft.fno valor from ft ft where ft.ndoc = 39 and ftano=2024 order by fno desc
20240812@180157.8957 19ci9qi5c7iq2g6jsurhqmsmb7 Query : select top 1 ft.fno valor from wsftdata ft where ft.ndoc = 39 and ftano=2024 order by fno desc
20240812@180157.8981 19ci9qi5c7iq2g6jsurhqmsmb7 Query : select 1 valor from information_schema.tables where table_type='base table' and table_name='wstablefields'
20240812@180157.8999 19ci9qi5c7iq2g6jsurhqmsmb7 Query : select fieldkey,fieldname,fieldtype,calcformula from wstablefields where tablename = 'ft3' and documentnumber = 39
20240812@180157.9016 19ci9qi5c7iq2g6jsurhqmsmb7 Query : insert into wsft3data (ft3stamp, ousrdata, ousrhora, usrdata,usrhora,ousrinis,usrinis,taxpointdt ) values ('aut66ba47865866ba4005d8' ,getdate(),convert(char(8),convert (time,getdate())),getdate(),convert(char(8),convert (time,getdate())),'wsv','wsv',?)
20240812@180157.9204 19ci9qi5c7iq2g6jsurhqmsmb7 Query : select 1 valor from information_schema.tables where table_type='base table' and table_name='wstablefields'
20240812@180157.9223 19ci9qi5c7iq2g6jsurhqmsmb7 Query : select fieldkey,fieldname,fieldtype,calcformula from wstablefields where tablename = 'ft2' and documentnumber = 39
20240812@180157.9263 19ci9qi5c7iq2g6jsurhqmsmb7 Query : select top 1 bo.u_nomeenv valor from bo where bo.bostamp=''
20240812@180157.9277 19ci9qi5c7iq2g6jsurhqmsmb7 Query : select top 1 bo.u_moradaen valor from bo where bo.bostamp=''
20240812@180157.9290 19ci9qi5c7iq2g6jsurhqmsmb7 Query : select top 1 bo.u_codposen valor from bo where bo.bostamp=''
20240812@180157.9312 19ci9qi5c7iq2g6jsurhqmsmb7 Query : select top 1 bo.u_localenv valor from bo where bo.bostamp=''
20240812@180157.9326 19ci9qi5c7iq2g6jsurhqmsmb7 Query : select top 1 bo.trab5 valor from bo where bo.bostamp=''
20240812@180157.9339 19ci9qi5c7iq2g6jsurhqmsmb7 Query : select top 1 bo.serie valor from bo where bo.bostamp=''
20240812@180157.9352 19ci9qi5c7iq2g6jsurhqmsmb7 Query : insert into wsft2data (ft2stamp, ousrdata,ousrhora, usrdata,usrhora,ousrinis,usrinis,u_nomeenv ,u_moradaen ,u_codposen ,u_localenv ,u_coddest ,u_codby ) values ('aut66ba47865866ba4005d8',getdate(),convert(char(8),convert (time,getdate())),getdate(),convert(char(8),convert (time,getdate())),'wsv','wsv',?,?,?,?,?,?)
20240812@180157.9616 19ci9qi5c7iq2g6jsurhqmsmb7 Query : select top 1 fno valor from wsftdata order by fno desc
20240812@180157.9634 19ci9qi5c7iq2g6jsurhqmsmb7 Query : select 1 valor from information_schema.tables where table_type='base table' and table_name='wstablefields'
20240812@180157.9653 19ci9qi5c7iq2g6jsurhqmsmb7 Query : select fieldkey,fieldname,fieldtype,calcformula from wstablefields where tablename = 'ft' and documentnumber = 39
20240812@180157.9688 19ci9qi5c7iq2g6jsurhqmsmb7 Query : select 'normal' from dummy
20240812@180157.9705 19ci9qi5c7iq2g6jsurhqmsmb7 Query : insert into wsftdata (ftstamp, ousrdata,ousrhora, usrdata,usrhora,ousrinis,usrinis,fno,no,estab,fdata,ndoc,moeda,cambio,cambiofixo,ftano,site ,classe ) values ('aut66ba47865866ba4005d8',getdate(),convert(char(8),convert (time,getdate())),getdate(),convert(char(8),convert (time,getdate())),'wsv','wsv',315,100810,0,'2024-08-12',39,'euro',0,0,2024 ,?,?)
20240812@180158.1000 19ci9qi5c7iq2g6jsurhqmsmb7 Query : use flama_phc
20240812@180158.1300 19ci9qi5c7iq2g6jsurhqmsmb7 Query : select st.usalote valor from st where st.ref = '324.4751.00.1'
20240812@180158.3900 19ci9qi5c7iq2g6jsurhqmsmb7 Query : select top 1 st.tabiva ,st.ivaincl ,st.stns ,st.uni2 ,st.familia ,isnull(tx.taxa, 0) txiva ,unidade ,usalote ,epcpond ,noserie ,conversao ,st.texteis from st left join taxasiva tx on st.tabiva = tx.codigo where st.ref = '324.4751.00.1'
20240812@180158.3580 19ci9qi5c7iq2g6jsurhqmsmb7 Query : select 1 valor from information_schema.tables where table_type='base table' and table_name='wstablefields'
20240812@180158.3780 19ci9qi5c7iq2g6jsurhqmsmb7 Query : select fieldkey,fieldname,fieldtype,mandatory from wstablefields where tablename = 'fi' and documentnumber = 39
20240812@180158.4090 19ci9qi5c7iq2g6jsurhqmsmb7 Query : select 1 valor from information_schema.tables where table_type='base table' and table_name='wstablefields'
20240812@180158.4270 19ci9qi5c7iq2g6jsurhqmsmb7 Query : select fieldkey,fieldname,fieldtype,mandatory from wstablefields where tablename = 'fi2' and documentnumber = 39
20240812@180158.4380 19ci9qi5c7iq2g6jsurhqmsmb7 Query : select top 1 convert(numeric(6,2),t.taxa) valor from taxasiva t where t.codigo='2'
20240812@180158.4530 19ci9qi5c7iq2g6jsurhqmsmb7 Query : select sestamp valor from se where ref ='324.4751.00.1' and lote = 'r2400049200a'
20240812@180158.4740 19ci9qi5c7iq2g6jsurhqmsmb7 Query : select 1 valor from information_schema.tables where table_type='base table' and table_name='wstablefields'
20240812@180158.4900 19ci9qi5c7iq2g6jsurhqmsmb7 Query : select fieldkey,fieldname,fieldtype,calcformula from wstablefields where tablename = 'fi2' and documentnumber = 39
20240812@180158.5140 19ci9qi5c7iq2g6jsurhqmsmb7 Query : insert into wsfi2data (fi2stamp,ftstamp ,ousrdata, ousrhora, usrdata,usrhora,ousrinis,usrinis) values ('aut66ba40204566ba40060b','aut66ba47865866ba4005d8' ,getdate(),convert(char(8),convert (time,getdate())),getdate(),convert(char(8),convert (time,getdate())),'wsv','wsv')
20240812@180158.5190 19ci9qi5c7iq2g6jsurhqmsmb7 Query : select 1 valor from information_schema.tables where table_type='base table' and table_name='wstablefields'
20240812@180158.5440 19ci9qi5c7iq2g6jsurhqmsmb7 Query : select fieldkey,fieldname,fieldtype,calcformula from wstablefields where tablename = 'fi' and documentnumber = 39
20240812@180158.5790 19ci9qi5c7iq2g6jsurhqmsmb7 Query : insert into wsfidata (fistamp,ousrdata, ousrhora, usrdata,usrhora,ousrinis,usrinis ,qtt ,ftstamp ,epv,pvmoeda ,tabiva,iva,lordem ,ref, design ,lote,armazem) values ('aut66ba40204566ba40060b',getdate(),convert(char(8),convert (time,getdate())),getdate(),convert(char(8),convert (time,getdate())),'wsv','wsv',4.000 ,'aut66ba47865866ba4005d8' ,0,0 ,2,23.00,10000,?,?,?,?)
20240812@180158.8640 19ci9qi5c7iq2g6jsurhqmsmb7 Query : use flama_phc
20240812@180158.8680 19ci9qi5c7iq2g6jsurhqmsmb7 Query : select st.usalote valor from st where st.ref = '324.4751.00.1'
20240812@180158.8890 19ci9qi5c7iq2g6jsurhqmsmb7 Query : select top 1 st.tabiva ,st.ivaincl ,st.stns ,st.uni2 ,st.familia ,isnull(tx.taxa, 0) txiva ,unidade ,usalote ,epcpond ,noserie ,conversao ,st.texteis from st left join taxasiva tx on st.tabiva = tx.codigo where st.ref = '324.4751.00.1'
20240812@180158.9030 19ci9qi5c7iq2g6jsurhqmsmb7 Query : select 1 valor from information_schema.tables where table_type='base table' and table_name='wstablefields'
20240812@180158.9330 19ci9qi5c7iq2g6jsurhqmsmb7 Query : select fieldkey,fieldname,fieldtype,mandatory from wstablefields where tablename = 'fi' and documentnumber = 39
20240812@180158.9630 19ci9qi5c7iq2g6jsurhqmsmb7 Query : select 1 valor from information_schema.tables where table_type='base table' and table_name='wstablefields'
20240812@180158.9780 19ci9qi5c7iq2g6jsurhqmsmb7 Query : select fieldkey,fieldname,fieldtype,mandatory from wstablefields where tablename = 'fi2' and documentnumber = 39
20240812@180158.9860 19ci9qi5c7iq2g6jsurhqmsmb7 Query : select top 1 convert(numeric(6,2),t.taxa) valor from taxasiva t where t.codigo='2'
20240812@180158.9980 19ci9qi5c7iq2g6jsurhqmsmb7 Query : select sestamp valor from se where ref ='324.4751.00.1' and lote = 'r2400049200a'
20240812@180158.1010 19ci9qi5c7iq2g6jsurhqmsmb7 Query : select 1 valor from information_schema.tables where table_type='base table' and table_name='wstablefields'
20240812@180158.1037 19ci9qi5c7iq2g6jsurhqmsmb7 Query : select fieldkey,fieldname,fieldtype,calcformula from wstablefields where tablename = 'fi2' and documentnumber = 39
20240812@180158.1048 19ci9qi5c7iq2g6jsurhqmsmb7 Query : insert into wsfi2data (fi2stamp,ftstamp ,ousrdata, ousrhora, usrdata,usrhora,ousrinis,usrinis) values ('aut66ba49210266ba400618','aut66ba47865866ba4005d8' ,getdate(),convert(char(8),convert (time,getdate())),getdate(),convert(char(8),convert (time,getdate())),'wsv','wsv')
20240812@180158.1054 19ci9qi5c7iq2g6jsurhqmsmb7 Query : select 1 valor from information_schema.tables where table_type='base table' and table_name='wstablefields'
20240812@180158.1070 19ci9qi5c7iq2g6jsurhqmsmb7 Query : select fieldkey,fieldname,fieldtype,calcformula from wstablefields where tablename = 'fi' and documentnumber = 39
20240812@180158.1105 19ci9qi5c7iq2g6jsurhqmsmb7 Query : insert into wsfidata (fistamp,ousrdata, ousrhora, usrdata,usrhora,ousrinis,usrinis ,qtt ,ftstamp ,epv,pvmoeda ,tabiva,iva,lordem ,ref, design ,lote,armazem) values ('aut66ba49210266ba400618',getdate(),convert(char(8),convert (time,getdate())),getdate(),convert(char(8),convert (time,getdate())),'wsv','wsv',4.000 ,'aut66ba47865866ba4005d8' ,0,0 ,2,23.00,20000,?,?,?,?)
20240812@180158.1380 19ci9qi5c7iq2g6jsurhqmsmb7 Query : use flama_phc
20240812@180158.1384 19ci9qi5c7iq2g6jsurhqmsmb7 Query : select st.usalote valor from st where st.ref = '324.4751.00.1'
20240812@180158.1403 19ci9qi5c7iq2g6jsurhqmsmb7 Query : select top 1 st.tabiva ,st.ivaincl ,st.stns ,st.uni2 ,st.familia ,isnull(tx.taxa, 0) txiva ,unidade ,usalote ,epcpond ,noserie ,conversao ,st.texteis from st left join taxasiva tx on st.tabiva = tx.codigo where st.ref = '324.4751.00.1'
20240812@180158.1419 19ci9qi5c7iq2g6jsurhqmsmb7 Query : select 1 valor from information_schema.tables where table_type='base table' and table_name='wstablefields'
20240812@180158.1446 19ci9qi5c7iq2g6jsurhqmsmb7 Query : select fieldkey,fieldname,fieldtype,mandatory from wstablefields where tablename = 'fi' and documentnumber = 39
20240812@180158.1472 19ci9qi5c7iq2g6jsurhqmsmb7 Query : select 1 valor from information_schema.tables where table_type='base table' and table_name='wstablefields'
20240812@180158.1487 19ci9qi5c7iq2g6jsurhqmsmb7 Query : select fieldkey,fieldname,fieldtype,mandatory from wstablefields where tablename = 'fi2' and documentnumber = 39
20240812@180158.1496 19ci9qi5c7iq2g6jsurhqmsmb7 Query : select top 1 convert(numeric(6,2),t.taxa) valor from taxasiva t where t.codigo='2'
20240812@180158.1507 19ci9qi5c7iq2g6jsurhqmsmb7 Query : select sestamp valor from se where ref ='324.4751.00.1' and lote = 'r2400049200a'
20240812@180158.1520 19ci9qi5c7iq2g6jsurhqmsmb7 Query : select 1 valor from information_schema.tables where table_type='base table' and table_name='wstablefields'
20240812@180158.1536 19ci9qi5c7iq2g6jsurhqmsmb7 Query : select fieldkey,fieldname,fieldtype,calcformula from wstablefields where tablename = 'fi2' and documentnumber = 39
20240812@180158.1547 19ci9qi5c7iq2g6jsurhqmsmb7 Query : insert into wsfi2data (fi2stamp,ftstamp ,ousrdata, ousrhora, usrdata,usrhora,ousrinis,usrinis) values ('aut66ba47703966ba400625','aut66ba47865866ba4005d8' ,getdate(),convert(char(8),convert (time,getdate())),getdate(),convert(char(8),convert (time,getdate())),'wsv','wsv')
20240812@180158.1552 19ci9qi5c7iq2g6jsurhqmsmb7 Query : select 1 valor from information_schema.tables where table_type='base table' and table_name='wstablefields'
20240812@180158.1569 19ci9qi5c7iq2g6jsurhqmsmb7 Query : select fieldkey,fieldname,fieldtype,calcformula from wstablefields where tablename = 'fi' and documentnumber = 39
20240812@180158.1604 19ci9qi5c7iq2g6jsurhqmsmb7 Query : insert into wsfidata (fistamp,ousrdata, ousrhora, usrdata,usrhora,ousrinis,usrinis ,qtt ,ftstamp ,epv,pvmoeda ,tabiva,iva,lordem ,ref, design ,lote,armazem) values ('aut66ba47703966ba400625',getdate(),convert(char(8),convert (time,getdate())),getdate(),convert(char(8),convert (time,getdate())),'wsv','wsv',32.000 ,'aut66ba47865866ba4005d8' ,0,0 ,2,23.00,30000,?,?,?,?)
20240812@180158.1867 19ci9qi5c7iq2g6jsurhqmsmb7 Query : insert into wsftcreationlog (initialftstamp,externalid,creationstatus,documenttypeid,idustamp) values ('aut66ba47865866ba4005d8','2405354','wait',39,'adm09112754980.682000002')
20240812@180158.3120 19ci9qi5c7iq2g6jsurhqmsmb7 Query : use flama_phc
20240812@180158.3124 19ci9qi5c7iq2g6jsurhqmsmb7 Query : update u_wsusers set rqsttoken =? where userid ='userls001'
20240812@180158.3160 19ci9qi5c7iq2g6jsurhqmsmb7 Query : select concat(rtrim(relative_path),ltrim(name_new)) as valor from uploadfiles where uploadfile_id='1497';
20240812@180158.3193 19ci9qi5c7iq2g6jsurhqmsmb7 Query : update uploadfiles set whenupdated=current_timestamp where uploadfile_id='1497';
20240812@180158.3248 19ci9qi5c7iq2g6jsurhqmsmb7 Query : select concat(rtrim(relative_path),ltrim(name_new)) as valor from uploadfiles where uploadfile_id='1497';
20240812@180158.3274 19ci9qi5c7iq2g6jsurhqmsmb7 Query : update uploadfiles set whenupdated=current_timestamp where uploadfile_id='1497';
20240812@180158.3839 v9plhqhpgc9cp7pt6ev1pt2a0a Query : insert into uploadfiles ( name_original, name_new, option_type, relative_path, whencreated ) values ( ?, ?, ?, ?, getdate() )
20240812@180158.3851 v9plhqhpgc9cp7pt6ev1pt2a0a Query : select uploadfile_id valor from uploadfiles where name_new = ? and option_type = ? 
20240812@180158.3902 v9plhqhpgc9cp7pt6ev1pt2a0a Query : select concat(rtrim(relative_path),ltrim(name_new)) as valor from uploadfiles where uploadfile_id='1498';
20240812@180158.3958 v9plhqhpgc9cp7pt6ev1pt2a0a Query : update uploadfiles set whenupdated=current_timestamp where uploadfile_id='1498';
20240812@180158.4011 v9plhqhpgc9cp7pt6ev1pt2a0a Query : select concat(rtrim(relative_path),ltrim(name_new)) as valor from uploadfiles where uploadfile_id='1498';
20240812@180158.4035 v9plhqhpgc9cp7pt6ev1pt2a0a Query : update uploadfiles set whenupdated=current_timestamp where uploadfile_id='1498';
20240812@180158.4080 v9plhqhpgc9cp7pt6ev1pt2a0a Query : use flama_phc
20240812@180158.4083 v9plhqhpgc9cp7pt6ev1pt2a0a Query : select top 1 secretkey valor from u_wsusers u where u.userid = ? and u.inactivo=0
20240812@180158.4158 v9plhqhpgc9cp7pt6ev1pt2a0a Query : use flama_phc
20240812@180158.4161 v9plhqhpgc9cp7pt6ev1pt2a0a Query : select no, estab,szadrsdesc from szadrs where u_coddest=4740
20240812@180158.4202 v9plhqhpgc9cp7pt6ev1pt2a0a Query : select top 1 isnull(design,'') valor from st (nolock) left join stobs (nolock) on st.ref = stobs.ref where st.ref = '324.4980.00.1'
20240812@180158.4388 v9plhqhpgc9cp7pt6ev1pt2a0a Query : select top 1 isnull(design,'') valor from st (nolock) left join stobs (nolock) on st.ref = stobs.ref where st.ref = '324.4980.00.1'
20240812@180158.4413 v9plhqhpgc9cp7pt6ev1pt2a0a Query : use flama_phc
20240812@180158.4416 v9plhqhpgc9cp7pt6ev1pt2a0a Query : select top 1 convert(date,fdata) valor from ft where ndoc = 39 and anulado= 0 and fno>0 order by fdata desc
20240812@180158.4457 v9plhqhpgc9cp7pt6ev1pt2a0a Query : use flama_phc
20240812@180158.4461 v9plhqhpgc9cp7pt6ev1pt2a0a Query : select top 1 1 valor from td where td.ndoc = 39
20240812@180158.4495 v9plhqhpgc9cp7pt6ev1pt2a0a Query : use flama_phc
20240812@180158.4498 v9plhqhpgc9cp7pt6ev1pt2a0a Query : select lower(descricao) descricao ,case when valor='s' then 1 else 0 end valor from para1 where descricao in ('st_lote','st_usalogifunc', 'st_grelha')
20240812@180158.4528 v9plhqhpgc9cp7pt6ev1pt2a0a Query : select top 1 manternumero ,assinadoc issigned ,tiposaft ,assinaimp ,nmdos ,td.assinadoc ,'cl' origin ,lancasl stocks ,case when cmsl<50 and td.lancasl=1 then 1 else 0 end entrada ,case when cmsl>50 and td.lancasl=1 then 1 else 0 end saida ,temserie assets ,~semgre usegridfields from td inner join td2 on td.tdstamp=td2.td2stamp where td.ndoc = 1
20240812@180158.4568 v9plhqhpgc9cp7pt6ev1pt2a0a Query : use flama_phc
20240812@180158.4571 v9plhqhpgc9cp7pt6ev1pt2a0a Query : select top 1 ~inactivo valor from cl where no = '100810' and estab = 0 order by inactivo desc
20240812@180158.4616 v9plhqhpgc9cp7pt6ev1pt2a0a Query : use flama_phc
20240812@180158.4619 v9plhqhpgc9cp7pt6ev1pt2a0a Query : select top 1 tipodoc,regrd from td where ndoc = 39
20240812@180158.4656 v9plhqhpgc9cp7pt6ev1pt2a0a Query : use flama_phc
20240812@180158.4659 v9plhqhpgc9cp7pt6ev1pt2a0a Query : select szadrsstamp valor from szadrs where szadrsdesc='espaÇotrans,lda'
20240812@180158.4720 v9plhqhpgc9cp7pt6ev1pt2a0a Query : use flama_phc
20240812@180158.4723 v9plhqhpgc9cp7pt6ev1pt2a0a Query : select szadrsstamp valor from szadrs where szadrsdesc='100810 - worten-equipamentos para o lar,sa.'
20240812@180158.4772 v9plhqhpgc9cp7pt6ev1pt2a0a Query : use flama_phc
20240812@180158.4775 v9plhqhpgc9cp7pt6ev1pt2a0a Query : select 1 valor from td where ndoc = 39
20240812@180158.4788 v9plhqhpgc9cp7pt6ev1pt2a0a Query : select top 1 manternumero, tiposaft, nmdos,td.assinadoc from td where td.ndoc = 39
20240812@180158.4804 v9plhqhpgc9cp7pt6ev1pt2a0a Query : select 1 valor from information_schema.tables where table_type='base table' and table_name='wstablefields'
20240812@180158.4830 v9plhqhpgc9cp7pt6ev1pt2a0a Query : select fieldkey,fieldname,fieldtype,mandatory from wstablefields where tablename = 'ft' and documentnumber = 39
20240812@180158.4851 v9plhqhpgc9cp7pt6ev1pt2a0a Query : select 1 valor from information_schema.tables where table_type='base table' and table_name='wstablefields'
20240812@180158.4867 v9plhqhpgc9cp7pt6ev1pt2a0a Query : select fieldkey,fieldname,fieldtype,mandatory from wstablefields where tablename = 'ft2' and documentnumber = 39
20240812@180158.4898 v9plhqhpgc9cp7pt6ev1pt2a0a Query : select 1 valor from information_schema.tables where table_type='base table' and table_name='wstablefields'
20240812@180158.4914 v9plhqhpgc9cp7pt6ev1pt2a0a Query : select fieldkey,fieldname,fieldtype,mandatory from wstablefields where tablename = 'ft3' and documentnumber = 39
20240812@180158.4928 v9plhqhpgc9cp7pt6ev1pt2a0a Query : select top 1 ft.fno valor from ft ft where ft.ndoc = 39 and ftano=2024 order by fno desc
20240812@180158.5004 v9plhqhpgc9cp7pt6ev1pt2a0a Query : select top 1 ft.fno valor from wsftdata ft where ft.ndoc = 39 and ftano=2024 order by fno desc
20240812@180158.5022 v9plhqhpgc9cp7pt6ev1pt2a0a Query : select 1 valor from information_schema.tables where table_type='base table' and table_name='wstablefields'
20240812@180158.5037 v9plhqhpgc9cp7pt6ev1pt2a0a Query : select fieldkey,fieldname,fieldtype,calcformula from wstablefields where tablename = 'ft3' and documentnumber = 39
20240812@180158.5053 v9plhqhpgc9cp7pt6ev1pt2a0a Query : insert into wsft3data (ft3stamp, ousrdata, ousrhora, usrdata,usrhora,ousrinis,usrinis,taxpointdt ) values ('aut66ba46169066ba400678' ,getdate(),convert(char(8),convert (time,getdate())),getdate(),convert(char(8),convert (time,getdate())),'wsv','wsv',?)
20240812@180158.5246 v9plhqhpgc9cp7pt6ev1pt2a0a Query : select 1 valor from information_schema.tables where table_type='base table' and table_name='wstablefields'
20240812@180158.5271 v9plhqhpgc9cp7pt6ev1pt2a0a Query : select fieldkey,fieldname,fieldtype,calcformula from wstablefields where tablename = 'ft2' and documentnumber = 39
20240812@180158.5304 v9plhqhpgc9cp7pt6ev1pt2a0a Query : select top 1 bo.u_nomeenv valor from bo where bo.bostamp=''
20240812@180158.5320 v9plhqhpgc9cp7pt6ev1pt2a0a Query : select top 1 bo.u_moradaen valor from bo where bo.bostamp=''
20240812@180158.5333 v9plhqhpgc9cp7pt6ev1pt2a0a Query : select top 1 bo.u_codposen valor from bo where bo.bostamp=''
20240812@180158.5345 v9plhqhpgc9cp7pt6ev1pt2a0a Query : select top 1 bo.u_localenv valor from bo where bo.bostamp=''
20240812@180158.5359 v9plhqhpgc9cp7pt6ev1pt2a0a Query : select top 1 bo.trab5 valor from bo where bo.bostamp=''
20240812@180158.5372 v9plhqhpgc9cp7pt6ev1pt2a0a Query : select top 1 bo.serie valor from bo where bo.bostamp=''
20240812@180158.5567 v9plhqhpgc9cp7pt6ev1pt2a0a Query : insert into wsft2data (ft2stamp, ousrdata,ousrhora, usrdata,usrhora,ousrinis,usrinis,u_nomeenv ,u_moradaen ,u_codposen ,u_localenv ,u_coddest ,u_codby ) values ('aut66ba46169066ba400678',getdate(),convert(char(8),convert (time,getdate())),getdate(),convert(char(8),convert (time,getdate())),'wsv','wsv',?,?,?,?,?,?)
20240812@180158.5882 v9plhqhpgc9cp7pt6ev1pt2a0a Query : select top 1 fno valor from wsftdata order by fno desc
20240812@180158.5901 v9plhqhpgc9cp7pt6ev1pt2a0a Query : select 1 valor from information_schema.tables where table_type='base table' and table_name='wstablefields'
20240812@180158.5919 v9plhqhpgc9cp7pt6ev1pt2a0a Query : select fieldkey,fieldname,fieldtype,calcformula from wstablefields where tablename = 'ft' and documentnumber = 39
20240812@180158.5941 v9plhqhpgc9cp7pt6ev1pt2a0a Query : select 'normal' from dummy
20240812@180158.5956 v9plhqhpgc9cp7pt6ev1pt2a0a Query : insert into wsftdata (ftstamp, ousrdata,ousrhora, usrdata,usrhora,ousrinis,usrinis,fno,no,estab,fdata,ndoc,moeda,cambio,cambiofixo,ftano,site ,classe ) values ('aut66ba46169066ba400678',getdate(),convert(char(8),convert (time,getdate())),getdate(),convert(char(8),convert (time,getdate())),'wsv','wsv',316,100810,0,'2024-08-12',39,'euro',0,0,2024 ,?,?)
20240812@180158.7358 v9plhqhpgc9cp7pt6ev1pt2a0a Query : use flama_phc
20240812@180158.7361 v9plhqhpgc9cp7pt6ev1pt2a0a Query : select st.usalote valor from st where st.ref = '324.4980.00.1'
20240812@180158.7385 v9plhqhpgc9cp7pt6ev1pt2a0a Query : select top 1 st.tabiva ,st.ivaincl ,st.stns ,st.uni2 ,st.familia ,isnull(tx.taxa, 0) txiva ,unidade ,usalote ,epcpond ,noserie ,conversao ,st.texteis from st left join taxasiva tx on st.tabiva = tx.codigo where st.ref = '324.4980.00.1'
20240812@180158.7553 v9plhqhpgc9cp7pt6ev1pt2a0a Query : select 1 valor from information_schema.tables where table_type='base table' and table_name='wstablefields'
20240812@180158.7568 v9plhqhpgc9cp7pt6ev1pt2a0a Query : select fieldkey,fieldname,fieldtype,mandatory from wstablefields where tablename = 'fi' and documentnumber = 39
20240812@180158.7594 v9plhqhpgc9cp7pt6ev1pt2a0a Query : select 1 valor from information_schema.tables where table_type='base table' and table_name='wstablefields'
20240812@180158.7608 v9plhqhpgc9cp7pt6ev1pt2a0a Query : select fieldkey,fieldname,fieldtype,mandatory from wstablefields where tablename = 'fi2' and documentnumber = 39
20240812@180158.7617 v9plhqhpgc9cp7pt6ev1pt2a0a Query : select top 1 convert(numeric(6,2),t.taxa) valor from taxasiva t where t.codigo='2'
20240812@180158.7628 v9plhqhpgc9cp7pt6ev1pt2a0a Query : select sestamp valor from se where ref ='324.4980.00.1' and lote = 'r2301092100a'
20240812@180158.7649 v9plhqhpgc9cp7pt6ev1pt2a0a Query : select 1 valor from information_schema.tables where table_type='base table' and table_name='wstablefields'
20240812@180158.7663 v9plhqhpgc9cp7pt6ev1pt2a0a Query : select fieldkey,fieldname,fieldtype,calcformula from wstablefields where tablename = 'fi2' and documentnumber = 39
20240812@180158.7675 v9plhqhpgc9cp7pt6ev1pt2a0a Query : insert into wsfi2data (fi2stamp,ftstamp ,ousrdata, ousrhora, usrdata,usrhora,ousrinis,usrinis) values ('aut66ba45205766ba4006ba','aut66ba46169066ba400678' ,getdate(),convert(char(8),convert (time,getdate())),getdate(),convert(char(8),convert (time,getdate())),'wsv','wsv')
20240812@180158.7679 v9plhqhpgc9cp7pt6ev1pt2a0a Query : select 1 valor from information_schema.tables where table_type='base table' and table_name='wstablefields'
20240812@180158.7694 v9plhqhpgc9cp7pt6ev1pt2a0a Query : select fieldkey,fieldname,fieldtype,calcformula from wstablefields where tablename = 'fi' and documentnumber = 39
20240812@180158.7721 v9plhqhpgc9cp7pt6ev1pt2a0a Query : insert into wsfidata (fistamp,ousrdata, ousrhora, usrdata,usrhora,ousrinis,usrinis ,qtt ,ftstamp ,epv,pvmoeda ,tabiva,iva,lordem ,ref, design ,lote,armazem) values ('aut66ba45205766ba4006ba',getdate(),convert(char(8),convert (time,getdate())),getdate(),convert(char(8),convert (time,getdate())),'wsv','wsv',20.000 ,'aut66ba46169066ba400678' ,0,0 ,2,23.00,10000,?,?,?,?)
20240812@180158.7994 v9plhqhpgc9cp7pt6ev1pt2a0a Query : use flama_phc
20240812@180158.7997 v9plhqhpgc9cp7pt6ev1pt2a0a Query : select st.usalote valor from st where st.ref = '324.4980.00.1'
20240812@180158.8017 v9plhqhpgc9cp7pt6ev1pt2a0a Query : select top 1 st.tabiva ,st.ivaincl ,st.stns ,st.uni2 ,st.familia ,isnull(tx.taxa, 0) txiva ,unidade ,usalote ,epcpond ,noserie ,conversao ,st.texteis from st left join taxasiva tx on st.tabiva = tx.codigo where st.ref = '324.4980.00.1'
20240812@180158.8030 v9plhqhpgc9cp7pt6ev1pt2a0a Query : select 1 valor from information_schema.tables where table_type='base table' and table_name='wstablefields'
20240812@180158.8046 v9plhqhpgc9cp7pt6ev1pt2a0a Query : select fieldkey,fieldname,fieldtype,mandatory from wstablefields where tablename = 'fi' and documentnumber = 39
20240812@180158.8071 v9plhqhpgc9cp7pt6ev1pt2a0a Query : select 1 valor from information_schema.tables where table_type='base table' and table_name='wstablefields'
20240812@180158.8085 v9plhqhpgc9cp7pt6ev1pt2a0a Query : select fieldkey,fieldname,fieldtype,mandatory from wstablefields where tablename = 'fi2' and documentnumber = 39
20240812@180158.8094 v9plhqhpgc9cp7pt6ev1pt2a0a Query : select top 1 convert(numeric(6,2),t.taxa) valor from taxasiva t where t.codigo='2'
20240812@180158.8106 v9plhqhpgc9cp7pt6ev1pt2a0a Query : select sestamp valor from se where ref ='324.4980.00.1' and lote = 'r2301092100a'
20240812@180158.8119 v9plhqhpgc9cp7pt6ev1pt2a0a Query : select 1 valor from information_schema.tables where table_type='base table' and table_name='wstablefields'
20240812@180158.8133 v9plhqhpgc9cp7pt6ev1pt2a0a Query : select fieldkey,fieldname,fieldtype,calcformula from wstablefields where tablename = 'fi2' and documentnumber = 39
20240812@180158.8144 v9plhqhpgc9cp7pt6ev1pt2a0a Query : insert into wsfi2data (fi2stamp,ftstamp ,ousrdata, ousrhora, usrdata,usrhora,ousrinis,usrinis) values ('aut66ba40539566ba4006c6','aut66ba46169066ba400678' ,getdate(),convert(char(8),convert (time,getdate())),getdate(),convert(char(8),convert (time,getdate())),'wsv','wsv')
20240812@180158.8148 v9plhqhpgc9cp7pt6ev1pt2a0a Query : select 1 valor from information_schema.tables where table_type='base table' and table_name='wstablefields'
20240812@180158.8162 v9plhqhpgc9cp7pt6ev1pt2a0a Query : select fieldkey,fieldname,fieldtype,calcformula from wstablefields where tablename = 'fi' and documentnumber = 39
20240812@180158.8190 v9plhqhpgc9cp7pt6ev1pt2a0a Query : insert into wsfidata (fistamp,ousrdata, ousrhora, usrdata,usrhora,ousrinis,usrinis ,qtt ,ftstamp ,epv,pvmoeda ,tabiva,iva,lordem ,ref, design ,lote,armazem) values ('aut66ba40539566ba4006c6',getdate(),convert(char(8),convert (time,getdate())),getdate(),convert(char(8),convert (time,getdate())),'wsv','wsv',80.000 ,'aut66ba46169066ba400678' ,0,0 ,2,23.00,20000,?,?,?,?)
20240812@180158.8437 v9plhqhpgc9cp7pt6ev1pt2a0a Query : insert into wsftcreationlog (initialftstamp,externalid,creationstatus,documenttypeid,idustamp) values ('aut66ba46169066ba400678','2405355','wait',39,'adm09112754980.682000002')
20240812@180158.8508 v9plhqhpgc9cp7pt6ev1pt2a0a Query : use flama_phc
20240812@180158.8511 v9plhqhpgc9cp7pt6ev1pt2a0a Query : update u_wsusers set rqsttoken =? where userid ='userls001'
20240812@180158.8541 v9plhqhpgc9cp7pt6ev1pt2a0a Query : select concat(rtrim(relative_path),ltrim(name_new)) as valor from uploadfiles where uploadfile_id='1498';
20240812@180158.8568 v9plhqhpgc9cp7pt6ev1pt2a0a Query : update uploadfiles set whenupdated=current_timestamp where uploadfile_id='1498';
20240812@180158.8610 v9plhqhpgc9cp7pt6ev1pt2a0a Query : select concat(rtrim(relative_path),ltrim(name_new)) as valor from uploadfiles where uploadfile_id='1498';
20240812@180158.8634 v9plhqhpgc9cp7pt6ev1pt2a0a Query : update uploadfiles set whenupdated=current_timestamp where uploadfile_id='1498';
20240812@180158.9192 8igentqt96vu1rd7fb34l1n9a7 Query : insert into uploadfiles ( name_original, name_new, option_type, relative_path, whencreated ) values ( ?, ?, ?, ?, getdate() )
20240812@180158.9209 8igentqt96vu1rd7fb34l1n9a7 Query : select uploadfile_id valor from uploadfiles where name_new = ? and option_type = ? 
20240812@180158.9260 8igentqt96vu1rd7fb34l1n9a7 Query : select concat(rtrim(relative_path),ltrim(name_new)) as valor from uploadfiles where uploadfile_id='1499';
20240812@180158.9313 8igentqt96vu1rd7fb34l1n9a7 Query : update uploadfiles set whenupdated=current_timestamp where uploadfile_id='1499';
20240812@180158.9368 8igentqt96vu1rd7fb34l1n9a7 Query : select concat(rtrim(relative_path),ltrim(name_new)) as valor from uploadfiles where uploadfile_id='1499';
20240812@180158.9393 8igentqt96vu1rd7fb34l1n9a7 Query : update uploadfiles set whenupdated=current_timestamp where uploadfile_id='1499';
20240812@180158.9443 8igentqt96vu1rd7fb34l1n9a7 Query : use flama_phc
20240812@180158.9447 8igentqt96vu1rd7fb34l1n9a7 Query : select top 1 secretkey valor from u_wsusers u where u.userid = ? and u.inactivo=0
20240812@180158.9516 8igentqt96vu1rd7fb34l1n9a7 Query : use flama_phc
20240812@180158.9520 8igentqt96vu1rd7fb34l1n9a7 Query : select no, estab,szadrsdesc from szadrs where u_coddest=4740
20240812@180158.9564 8igentqt96vu1rd7fb34l1n9a7 Query : select top 1 isnull(design,'') valor from st (nolock) left join stobs (nolock) on st.ref = stobs.ref where st.ref = '324.1837.00.1'
20240812@180158.9731 8igentqt96vu1rd7fb34l1n9a7 Query : select top 1 isnull(design,'') valor from st (nolock) left join stobs (nolock) on st.ref = stobs.ref where st.ref = '324.1837.00.1'
20240812@180158.9753 8igentqt96vu1rd7fb34l1n9a7 Query : select top 1 isnull(design,'') valor from st (nolock) left join stobs (nolock) on st.ref = stobs.ref where st.ref = '324.1837.00.1'
20240812@180158.9773 8igentqt96vu1rd7fb34l1n9a7 Query : use flama_phc
20240812@180158.9776 8igentqt96vu1rd7fb34l1n9a7 Query : select top 1 convert(date,fdata) valor from ft where ndoc = 39 and anulado= 0 and fno>0 order by fdata desc
20240812@180158.9811 8igentqt96vu1rd7fb34l1n9a7 Query : use flama_phc
20240812@180158.9814 8igentqt96vu1rd7fb34l1n9a7 Query : select top 1 1 valor from td where td.ndoc = 39
20240812@180158.9847 8igentqt96vu1rd7fb34l1n9a7 Query : use flama_phc
20240812@180158.9851 8igentqt96vu1rd7fb34l1n9a7 Query : select lower(descricao) descricao ,case when valor='s' then 1 else 0 end valor from para1 where descricao in ('st_lote','st_usalogifunc', 'st_grelha')
20240812@180158.9879 8igentqt96vu1rd7fb34l1n9a7 Query : select top 1 manternumero ,assinadoc issigned ,tiposaft ,assinaimp ,nmdos ,td.assinadoc ,'cl' origin ,lancasl stocks ,case when cmsl<50 and td.lancasl=1 then 1 else 0 end entrada ,case when cmsl>50 and td.lancasl=1 then 1 else 0 end saida ,temserie assets ,~semgre usegridfields from td inner join td2 on td.tdstamp=td2.td2stamp where td.ndoc = 1
20240812@180158.9916 8igentqt96vu1rd7fb34l1n9a7 Query : use flama_phc
20240812@180158.9919 8igentqt96vu1rd7fb34l1n9a7 Query : select top 1 ~inactivo valor from cl where no = '100810' and estab = 0 order by inactivo desc
20240812@180158.9948 8igentqt96vu1rd7fb34l1n9a7 Query : use flama_phc
20240812@180158.9951 8igentqt96vu1rd7fb34l1n9a7 Query : select top 1 tipodoc,regrd from td where ndoc = 39
20240812@180158.9980 8igentqt96vu1rd7fb34l1n9a7 Query : use flama_phc
20240812@180158.9983 8igentqt96vu1rd7fb34l1n9a7 Query : select szadrsstamp valor from szadrs where szadrsdesc='espaÇotrans,lda'
20240812@180159.2200 8igentqt96vu1rd7fb34l1n9a7 Query : use flama_phc
20240812@180159.2500 8igentqt96vu1rd7fb34l1n9a7 Query : select szadrsstamp valor from szadrs where szadrsdesc='100810 - worten-equipamentos para o lar,sa.'
20240812@180159.6900 8igentqt96vu1rd7fb34l1n9a7 Query : use flama_phc
20240812@180159.7100 8igentqt96vu1rd7fb34l1n9a7 Query : select 1 valor from td where ndoc = 39
20240812@180159.8400 8igentqt96vu1rd7fb34l1n9a7 Query : select top 1 manternumero, tiposaft, nmdos,td.assinadoc from td where td.ndoc = 39
20240812@180159.9900 8igentqt96vu1rd7fb34l1n9a7 Query : select 1 valor from information_schema.tables where table_type='base table' and table_name='wstablefields'
20240812@180159.1190 8igentqt96vu1rd7fb34l1n9a7 Query : select fieldkey,fieldname,fieldtype,mandatory from wstablefields where tablename = 'ft' and documentnumber = 39
20240812@180159.1390 8igentqt96vu1rd7fb34l1n9a7 Query : select 1 valor from information_schema.tables where table_type='base table' and table_name='wstablefields'
20240812@180159.1550 8igentqt96vu1rd7fb34l1n9a7 Query : select fieldkey,fieldname,fieldtype,mandatory from wstablefields where tablename = 'ft2' and documentnumber = 39
20240812@180159.1850 8igentqt96vu1rd7fb34l1n9a7 Query : select 1 valor from information_schema.tables where table_type='base table' and table_name='wstablefields'
20240812@180159.2000 8igentqt96vu1rd7fb34l1n9a7 Query : select fieldkey,fieldname,fieldtype,mandatory from wstablefields where tablename = 'ft3' and documentnumber = 39
20240812@180159.2130 8igentqt96vu1rd7fb34l1n9a7 Query : select top 1 ft.fno valor from ft ft where ft.ndoc = 39 and ftano=2024 order by fno desc
20240812@180159.2840 8igentqt96vu1rd7fb34l1n9a7 Query : select top 1 ft.fno valor from wsftdata ft where ft.ndoc = 39 and ftano=2024 order by fno desc
20240812@180159.2970 8igentqt96vu1rd7fb34l1n9a7 Query : select 1 valor from information_schema.tables where table_type='base table' and table_name='wstablefields'
20240812@180159.3150 8igentqt96vu1rd7fb34l1n9a7 Query : select fieldkey,fieldname,fieldtype,calcformula from wstablefields where tablename = 'ft3' and documentnumber = 39
20240812@180159.3320 8igentqt96vu1rd7fb34l1n9a7 Query : insert into wsft3data (ft3stamp, ousrdata, ousrhora, usrdata,usrhora,ousrinis,usrinis,taxpointdt ) values ('aut66ba44614266ba400705' ,getdate(),convert(char(8),convert (time,getdate())),getdate(),convert(char(8),convert (time,getdate())),'wsv','wsv',?)
20240812@180159.5200 8igentqt96vu1rd7fb34l1n9a7 Query : select 1 valor from information_schema.tables where table_type='base table' and table_name='wstablefields'
20240812@180159.5380 8igentqt96vu1rd7fb34l1n9a7 Query : select fieldkey,fieldname,fieldtype,calcformula from wstablefields where tablename = 'ft2' and documentnumber = 39
20240812@180159.5760 8igentqt96vu1rd7fb34l1n9a7 Query : select top 1 bo.u_nomeenv valor from bo where bo.bostamp=''
20240812@180159.6000 8igentqt96vu1rd7fb34l1n9a7 Query : select top 1 bo.u_moradaen valor from bo where bo.bostamp=''
20240812@180159.6170 8igentqt96vu1rd7fb34l1n9a7 Query : select top 1 bo.u_codposen valor from bo where bo.bostamp=''
20240812@180159.6310 8igentqt96vu1rd7fb34l1n9a7 Query : select top 1 bo.u_localenv valor from bo where bo.bostamp=''
20240812@180159.6430 8igentqt96vu1rd7fb34l1n9a7 Query : select top 1 bo.trab5 valor from bo where bo.bostamp=''
20240812@180159.6540 8igentqt96vu1rd7fb34l1n9a7 Query : select top 1 bo.serie valor from bo where bo.bostamp=''
20240812@180159.6670 8igentqt96vu1rd7fb34l1n9a7 Query : insert into wsft2data (ft2stamp, ousrdata,ousrhora, usrdata,usrhora,ousrinis,usrinis,u_nomeenv ,u_moradaen ,u_codposen ,u_localenv ,u_coddest ,u_codby ) values ('aut66ba44614266ba400705',getdate(),convert(char(8),convert (time,getdate())),getdate(),convert(char(8),convert (time,getdate())),'wsv','wsv',?,?,?,?,?,?)
20240812@180159.9290 8igentqt96vu1rd7fb34l1n9a7 Query : select top 1 fno valor from wsftdata order by fno desc
20240812@180159.9460 8igentqt96vu1rd7fb34l1n9a7 Query : select 1 valor from information_schema.tables where table_type='base table' and table_name='wstablefields'
20240812@180159.9640 8igentqt96vu1rd7fb34l1n9a7 Query : select fieldkey,fieldname,fieldtype,calcformula from wstablefields where tablename = 'ft' and documentnumber = 39
20240812@180159.9870 8igentqt96vu1rd7fb34l1n9a7 Query : select 'normal' from dummy
20240812@180159.1013 8igentqt96vu1rd7fb34l1n9a7 Query : insert into wsftdata (ftstamp, ousrdata,ousrhora, usrdata,usrhora,ousrinis,usrinis,fno,no,estab,fdata,ndoc,moeda,cambio,cambiofixo,ftano,site ,classe ) values ('aut66ba44614266ba400705',getdate(),convert(char(8),convert (time,getdate())),getdate(),convert(char(8),convert (time,getdate())),'wsv','wsv',317,100810,0,'2024-08-12',39,'euro',0,0,2024 ,?,?)
20240812@180159.1324 8igentqt96vu1rd7fb34l1n9a7 Query : use flama_phc
20240812@180159.1327 8igentqt96vu1rd7fb34l1n9a7 Query : select st.usalote valor from st where st.ref = '324.1837.00.1'
20240812@180159.1349 8igentqt96vu1rd7fb34l1n9a7 Query : select top 1 st.tabiva ,st.ivaincl ,st.stns ,st.uni2 ,st.familia ,isnull(tx.taxa, 0) txiva ,unidade ,usalote ,epcpond ,noserie ,conversao ,st.texteis from st left join taxasiva tx on st.tabiva = tx.codigo where st.ref = '324.1837.00.1'
20240812@180159.1515 8igentqt96vu1rd7fb34l1n9a7 Query : select 1 valor from information_schema.tables where table_type='base table' and table_name='wstablefields'
20240812@180159.1532 8igentqt96vu1rd7fb34l1n9a7 Query : select fieldkey,fieldname,fieldtype,mandatory from wstablefields where tablename = 'fi' and documentnumber = 39
20240812@180159.1560 8igentqt96vu1rd7fb34l1n9a7 Query : select 1 valor from information_schema.tables where table_type='base table' and table_name='wstablefields'
20240812@180159.1576 8igentqt96vu1rd7fb34l1n9a7 Query : select fieldkey,fieldname,fieldtype,mandatory from wstablefields where tablename = 'fi2' and documentnumber = 39
20240812@180159.1584 8igentqt96vu1rd7fb34l1n9a7 Query : select top 1 convert(numeric(6,2),t.taxa) valor from taxasiva t where t.codigo='2'
20240812@180159.1597 8igentqt96vu1rd7fb34l1n9a7 Query : select sestamp valor from se where ref ='324.1837.00.1' and lote = 'r2301207300a'
20240812@180159.1610 8igentqt96vu1rd7fb34l1n9a7 Query : select 1 valor from information_schema.tables where table_type='base table' and table_name='wstablefields'
20240812@180159.1625 8igentqt96vu1rd7fb34l1n9a7 Query : select fieldkey,fieldname,fieldtype,calcformula from wstablefields where tablename = 'fi2' and documentnumber = 39
20240812@180159.1637 8igentqt96vu1rd7fb34l1n9a7 Query : insert into wsfi2data (fi2stamp,ftstamp ,ousrdata, ousrhora, usrdata,usrhora,ousrinis,usrinis) values ('aut66ba43615266ba400727','aut66ba44614266ba400705' ,getdate(),convert(char(8),convert (time,getdate())),getdate(),convert(char(8),convert (time,getdate())),'wsv','wsv')
20240812@180159.1641 8igentqt96vu1rd7fb34l1n9a7 Query : select 1 valor from information_schema.tables where table_type='base table' and table_name='wstablefields'
20240812@180159.1657 8igentqt96vu1rd7fb34l1n9a7 Query : select fieldkey,fieldname,fieldtype,calcformula from wstablefields where tablename = 'fi' and documentnumber = 39
20240812@180159.1688 8igentqt96vu1rd7fb34l1n9a7 Query : insert into wsfidata (fistamp,ousrdata, ousrhora, usrdata,usrhora,ousrinis,usrinis ,qtt ,ftstamp ,epv,pvmoeda ,tabiva,iva,lordem ,ref, design ,lote,armazem) values ('aut66ba43615266ba400727',getdate(),convert(char(8),convert (time,getdate())),getdate(),convert(char(8),convert (time,getdate())),'wsv','wsv',3.000 ,'aut66ba44614266ba400705' ,0,0 ,2,23.00,10000,?,?,?,?)
20240812@180159.1977 8igentqt96vu1rd7fb34l1n9a7 Query : use flama_phc
20240812@180159.1980 8igentqt96vu1rd7fb34l1n9a7 Query : select st.usalote valor from st where st.ref = '324.1837.00.1'
20240812@180159.2002 8igentqt96vu1rd7fb34l1n9a7 Query : select top 1 st.tabiva ,st.ivaincl ,st.stns ,st.uni2 ,st.familia ,isnull(tx.taxa, 0) txiva ,unidade ,usalote ,epcpond ,noserie ,conversao ,st.texteis from st left join taxasiva tx on st.tabiva = tx.codigo where st.ref = '324.1837.00.1'
20240812@180159.2016 8igentqt96vu1rd7fb34l1n9a7 Query : select 1 valor from information_schema.tables where table_type='base table' and table_name='wstablefields'
20240812@180159.2032 8igentqt96vu1rd7fb34l1n9a7 Query : select fieldkey,fieldname,fieldtype,mandatory from wstablefields where tablename = 'fi' and documentnumber = 39
20240812@180159.2058 8igentqt96vu1rd7fb34l1n9a7 Query : select 1 valor from information_schema.tables where table_type='base table' and table_name='wstablefields'
20240812@180159.2075 8igentqt96vu1rd7fb34l1n9a7 Query : select fieldkey,fieldname,fieldtype,mandatory from wstablefields where tablename = 'fi2' and documentnumber = 39
20240812@180159.2084 8igentqt96vu1rd7fb34l1n9a7 Query : select top 1 convert(numeric(6,2),t.taxa) valor from taxasiva t where t.codigo='2'
20240812@180159.2097 8igentqt96vu1rd7fb34l1n9a7 Query : select sestamp valor from se where ref ='324.1837.00.1' and lote = 'r2300658200a'
20240812@180159.2123 8igentqt96vu1rd7fb34l1n9a7 Query : select 1 valor from information_schema.tables where table_type='base table' and table_name='wstablefields'
20240812@180159.2138 8igentqt96vu1rd7fb34l1n9a7 Query : select fieldkey,fieldname,fieldtype,calcformula from wstablefields where tablename = 'fi2' and documentnumber = 39
20240812@180159.2149 8igentqt96vu1rd7fb34l1n9a7 Query : insert into wsfi2data (fi2stamp,ftstamp ,ousrdata, ousrhora, usrdata,usrhora,ousrinis,usrinis) values ('aut66ba46329566ba400733','aut66ba44614266ba400705' ,getdate(),convert(char(8),convert (time,getdate())),getdate(),convert(char(8),convert (time,getdate())),'wsv','wsv')
20240812@180159.2154 8igentqt96vu1rd7fb34l1n9a7 Query : select 1 valor from information_schema.tables where table_type='base table' and table_name='wstablefields'
20240812@180159.2168 8igentqt96vu1rd7fb34l1n9a7 Query : select fieldkey,fieldname,fieldtype,calcformula from wstablefields where tablename = 'fi' and documentnumber = 39
20240812@180159.2199 8igentqt96vu1rd7fb34l1n9a7 Query : insert into wsfidata (fistamp,ousrdata, ousrhora, usrdata,usrhora,ousrinis,usrinis ,qtt ,ftstamp ,epv,pvmoeda ,tabiva,iva,lordem ,ref, design ,lote,armazem) values ('aut66ba46329566ba400733',getdate(),convert(char(8),convert (time,getdate())),getdate(),convert(char(8),convert (time,getdate())),'wsv','wsv',3.000 ,'aut66ba44614266ba400705' ,0,0 ,2,23.00,20000,?,?,?,?)
20240812@180159.2629 8igentqt96vu1rd7fb34l1n9a7 Query : use flama_phc
20240812@180159.2632 8igentqt96vu1rd7fb34l1n9a7 Query : select st.usalote valor from st where st.ref = '324.1837.00.1'
20240812@180159.2655 8igentqt96vu1rd7fb34l1n9a7 Query : select top 1 st.tabiva ,st.ivaincl ,st.stns ,st.uni2 ,st.familia ,isnull(tx.taxa, 0) txiva ,unidade ,usalote ,epcpond ,noserie ,conversao ,st.texteis from st left join taxasiva tx on st.tabiva = tx.codigo where st.ref = '324.1837.00.1'
20240812@180159.2670 8igentqt96vu1rd7fb34l1n9a7 Query : select 1 valor from information_schema.tables where table_type='base table' and table_name='wstablefields'
20240812@180159.2688 8igentqt96vu1rd7fb34l1n9a7 Query : select fieldkey,fieldname,fieldtype,mandatory from wstablefields where tablename = 'fi' and documentnumber = 39
20240812@180159.2716 8igentqt96vu1rd7fb34l1n9a7 Query : select 1 valor from information_schema.tables where table_type='base table' and table_name='wstablefields'
20240812@180159.2741 8igentqt96vu1rd7fb34l1n9a7 Query : select fieldkey,fieldname,fieldtype,mandatory from wstablefields where tablename = 'fi2' and documentnumber = 39
20240812@180159.2750 8igentqt96vu1rd7fb34l1n9a7 Query : select top 1 convert(numeric(6,2),t.taxa) valor from taxasiva t where t.codigo='2'
20240812@180159.2764 8igentqt96vu1rd7fb34l1n9a7 Query : select sestamp valor from se where ref ='324.1837.00.1' and lote = 'r2300658200a'
20240812@180159.2777 8igentqt96vu1rd7fb34l1n9a7 Query : select 1 valor from information_schema.tables where table_type='base table' and table_name='wstablefields'
20240812@180159.2793 8igentqt96vu1rd7fb34l1n9a7 Query : select fieldkey,fieldname,fieldtype,calcformula from wstablefields where tablename = 'fi2' and documentnumber = 39
20240812@180159.2805 8igentqt96vu1rd7fb34l1n9a7 Query : insert into wsfi2data (fi2stamp,ftstamp ,ousrdata, ousrhora, usrdata,usrhora,ousrinis,usrinis) values ('aut66ba41742766ba400743','aut66ba44614266ba400705' ,getdate(),convert(char(8),convert (time,getdate())),getdate(),convert(char(8),convert (time,getdate())),'wsv','wsv')
20240812@180159.2811 8igentqt96vu1rd7fb34l1n9a7 Query : select 1 valor from information_schema.tables where table_type='base table' and table_name='wstablefields'
20240812@180159.2826 8igentqt96vu1rd7fb34l1n9a7 Query : select fieldkey,fieldname,fieldtype,calcformula from wstablefields where tablename = 'fi' and documentnumber = 39
20240812@180159.2856 8igentqt96vu1rd7fb34l1n9a7 Query : insert into wsfidata (fistamp,ousrdata, ousrhora, usrdata,usrhora,ousrinis,usrinis ,qtt ,ftstamp ,epv,pvmoeda ,tabiva,iva,lordem ,ref, design ,lote,armazem) values ('aut66ba41742766ba400743',getdate(),convert(char(8),convert (time,getdate())),getdate(),convert(char(8),convert (time,getdate())),'wsv','wsv',14.000 ,'aut66ba44614266ba400705' ,0,0 ,2,23.00,30000,?,?,?,?)
20240812@180159.3123 8igentqt96vu1rd7fb34l1n9a7 Query : insert into wsftcreationlog (initialftstamp,externalid,creationstatus,documenttypeid,idustamp) values ('aut66ba44614266ba400705','2405356','wait',39,'adm09112754980.682000002')
20240812@180159.3198 8igentqt96vu1rd7fb34l1n9a7 Query : use flama_phc
20240812@180159.3202 8igentqt96vu1rd7fb34l1n9a7 Query : update u_wsusers set rqsttoken =? where userid ='userls001'
20240812@180159.3231 8igentqt96vu1rd7fb34l1n9a7 Query : select concat(rtrim(relative_path),ltrim(name_new)) as valor from uploadfiles where uploadfile_id='1499';
20240812@180159.3257 8igentqt96vu1rd7fb34l1n9a7 Query : update uploadfiles set whenupdated=current_timestamp where uploadfile_id='1499';
20240812@180159.3305 8igentqt96vu1rd7fb34l1n9a7 Query : select concat(rtrim(relative_path),ltrim(name_new)) as valor from uploadfiles where uploadfile_id='1499';
20240812@180159.3328 8igentqt96vu1rd7fb34l1n9a7 Query : update uploadfiles set whenupdated=current_timestamp where uploadfile_id='1499';
20240812@180159.3955 uul0bqrqpi4qq562ukne4ltm8f Query : insert into uploadfiles ( name_original, name_new, option_type, relative_path, whencreated ) values ( ?, ?, ?, ?, getdate() )
20240812@180159.3966 uul0bqrqpi4qq562ukne4ltm8f Query : select uploadfile_id valor from uploadfiles where name_new = ? and option_type = ? 
20240812@180159.4018 uul0bqrqpi4qq562ukne4ltm8f Query : select concat(rtrim(relative_path),ltrim(name_new)) as valor from uploadfiles where uploadfile_id='1500';
20240812@180159.4074 uul0bqrqpi4qq562ukne4ltm8f Query : update uploadfiles set whenupdated=current_timestamp where uploadfile_id='1500';
20240812@180159.4129 uul0bqrqpi4qq562ukne4ltm8f Query : select concat(rtrim(relative_path),ltrim(name_new)) as valor from uploadfiles where uploadfile_id='1500';
20240812@180159.4152 uul0bqrqpi4qq562ukne4ltm8f Query : update uploadfiles set whenupdated=current_timestamp where uploadfile_id='1500';
20240812@180159.4196 uul0bqrqpi4qq562ukne4ltm8f Query : use flama_phc
20240812@180159.4199 uul0bqrqpi4qq562ukne4ltm8f Query : select top 1 secretkey valor from u_wsusers u where u.userid = ? and u.inactivo=0
20240812@180159.4297 uul0bqrqpi4qq562ukne4ltm8f Query : use flama_phc
20240812@180159.4301 uul0bqrqpi4qq562ukne4ltm8f Query : select no, estab,szadrsdesc from szadrs where u_coddest=4740
20240812@180159.4343 uul0bqrqpi4qq562ukne4ltm8f Query : select top 1 isnull(design,'') valor from st (nolock) left join stobs (nolock) on st.ref = stobs.ref where st.ref = '324.682.00.01'
20240812@180159.4517 uul0bqrqpi4qq562ukne4ltm8f Query : select top 1 isnull(design,'') valor from st (nolock) left join stobs (nolock) on st.ref = stobs.ref where st.ref = '324.682.00.01'
20240812@180159.4538 uul0bqrqpi4qq562ukne4ltm8f Query : select top 1 isnull(design,'') valor from st (nolock) left join stobs (nolock) on st.ref = stobs.ref where st.ref = '324.682.00.01'
20240812@180159.4557 uul0bqrqpi4qq562ukne4ltm8f Query : select top 1 isnull(design,'') valor from st (nolock) left join stobs (nolock) on st.ref = stobs.ref where st.ref = '324.682.00.01'
20240812@180159.4577 uul0bqrqpi4qq562ukne4ltm8f Query : select top 1 isnull(design,'') valor from st (nolock) left join stobs (nolock) on st.ref = stobs.ref where st.ref = '324.682.00.01'
20240812@180159.4598 uul0bqrqpi4qq562ukne4ltm8f Query : use flama_phc
20240812@180159.4601 uul0bqrqpi4qq562ukne4ltm8f Query : select top 1 convert(date,fdata) valor from ft where ndoc = 39 and anulado= 0 and fno>0 order by fdata desc
20240812@180159.4641 uul0bqrqpi4qq562ukne4ltm8f Query : use flama_phc
20240812@180159.4644 uul0bqrqpi4qq562ukne4ltm8f Query : select top 1 1 valor from td where td.ndoc = 39
20240812@180159.4675 uul0bqrqpi4qq562ukne4ltm8f Query : use flama_phc
20240812@180159.4678 uul0bqrqpi4qq562ukne4ltm8f Query : select lower(descricao) descricao ,case when valor='s' then 1 else 0 end valor from para1 where descricao in ('st_lote','st_usalogifunc', 'st_grelha')
20240812@180159.4708 uul0bqrqpi4qq562ukne4ltm8f Query : select top 1 manternumero ,assinadoc issigned ,tiposaft ,assinaimp ,nmdos ,td.assinadoc ,'cl' origin ,lancasl stocks ,case when cmsl<50 and td.lancasl=1 then 1 else 0 end entrada ,case when cmsl>50 and td.lancasl=1 then 1 else 0 end saida ,temserie assets ,~semgre usegridfields from td inner join td2 on td.tdstamp=td2.td2stamp where td.ndoc = 1
20240812@180159.4747 uul0bqrqpi4qq562ukne4ltm8f Query : use flama_phc
20240812@180159.4750 uul0bqrqpi4qq562ukne4ltm8f Query : select top 1 ~inactivo valor from cl where no = '100810' and estab = 0 order by inactivo desc
20240812@180159.4780 uul0bqrqpi4qq562ukne4ltm8f Query : use flama_phc
20240812@180159.4783 uul0bqrqpi4qq562ukne4ltm8f Query : select top 1 tipodoc,regrd from td where ndoc = 39
20240812@180159.4814 uul0bqrqpi4qq562ukne4ltm8f Query : use flama_phc
20240812@180159.4817 uul0bqrqpi4qq562ukne4ltm8f Query : select szadrsstamp valor from szadrs where szadrsdesc='espaÇotrans,lda'
20240812@180159.4856 uul0bqrqpi4qq562ukne4ltm8f Query : use flama_phc
20240812@180159.4859 uul0bqrqpi4qq562ukne4ltm8f Query : select szadrsstamp valor from szadrs where szadrsdesc='100810 - worten-equipamentos para o lar,sa.'
20240812@180159.4907 uul0bqrqpi4qq562ukne4ltm8f Query : use flama_phc
20240812@180159.4910 uul0bqrqpi4qq562ukne4ltm8f Query : select 1 valor from td where ndoc = 39
20240812@180159.4923 uul0bqrqpi4qq562ukne4ltm8f Query : select top 1 manternumero, tiposaft, nmdos,td.assinadoc from td where td.ndoc = 39
20240812@180159.4937 uul0bqrqpi4qq562ukne4ltm8f Query : select 1 valor from information_schema.tables where table_type='base table' and table_name='wstablefields'
20240812@180159.4954 uul0bqrqpi4qq562ukne4ltm8f Query : select fieldkey,fieldname,fieldtype,mandatory from wstablefields where tablename = 'ft' and documentnumber = 39
20240812@180159.4974 uul0bqrqpi4qq562ukne4ltm8f Query : select 1 valor from information_schema.tables where table_type='base table' and table_name='wstablefields'
20240812@180159.4989 uul0bqrqpi4qq562ukne4ltm8f Query : select fieldkey,fieldname,fieldtype,mandatory from wstablefields where tablename = 'ft2' and documentnumber = 39
20240812@180159.5021 uul0bqrqpi4qq562ukne4ltm8f Query : select 1 valor from information_schema.tables where table_type='base table' and table_name='wstablefields'
20240812@180159.5036 uul0bqrqpi4qq562ukne4ltm8f Query : select fieldkey,fieldname,fieldtype,mandatory from wstablefields where tablename = 'ft3' and documentnumber = 39
20240812@180159.5048 uul0bqrqpi4qq562ukne4ltm8f Query : select top 1 ft.fno valor from ft ft where ft.ndoc = 39 and ftano=2024 order by fno desc
20240812@180159.5118 uul0bqrqpi4qq562ukne4ltm8f Query : select top 1 ft.fno valor from wsftdata ft where ft.ndoc = 39 and ftano=2024 order by fno desc
20240812@180159.5131 uul0bqrqpi4qq562ukne4ltm8f Query : select 1 valor from information_schema.tables where table_type='base table' and table_name='wstablefields'
20240812@180159.5146 uul0bqrqpi4qq562ukne4ltm8f Query : select fieldkey,fieldname,fieldtype,calcformula from wstablefields where tablename = 'ft3' and documentnumber = 39
20240812@180159.5164 uul0bqrqpi4qq562ukne4ltm8f Query : insert into wsft3data (ft3stamp, ousrdata, ousrhora, usrdata,usrhora,ousrinis,usrinis,taxpointdt ) values ('aut66ba45047366ba40077b' ,getdate(),convert(char(8),convert (time,getdate())),getdate(),convert(char(8),convert (time,getdate())),'wsv','wsv',?)
20240812@180159.5665 uul0bqrqpi4qq562ukne4ltm8f Query : select 1 valor from information_schema.tables where table_type='base table' and table_name='wstablefields'
20240812@180159.5684 uul0bqrqpi4qq562ukne4ltm8f Query : select fieldkey,fieldname,fieldtype,calcformula from wstablefields where tablename = 'ft2' and documentnumber = 39
20240812@180159.5721 uul0bqrqpi4qq562ukne4ltm8f Query : select top 1 bo.u_nomeenv valor from bo where bo.bostamp=''
20240812@180159.5733 uul0bqrqpi4qq562ukne4ltm8f Query : select top 1 bo.u_moradaen valor from bo where bo.bostamp=''
20240812@180159.5745 uul0bqrqpi4qq562ukne4ltm8f Query : select top 1 bo.u_codposen valor from bo where bo.bostamp=''
20240812@180159.5760 uul0bqrqpi4qq562ukne4ltm8f Query : select top 1 bo.u_localenv valor from bo where bo.bostamp=''
20240812@180159.5772 uul0bqrqpi4qq562ukne4ltm8f Query : select top 1 bo.trab5 valor from bo where bo.bostamp=''
20240812@180159.5793 uul0bqrqpi4qq562ukne4ltm8f Query : select top 1 bo.serie valor from bo where bo.bostamp=''
20240812@180159.5806 uul0bqrqpi4qq562ukne4ltm8f Query : insert into wsft2data (ft2stamp, ousrdata,ousrhora, usrdata,usrhora,ousrinis,usrinis,u_nomeenv ,u_moradaen ,u_codposen ,u_localenv ,u_coddest ,u_codby ) values ('aut66ba45047366ba40077b',getdate(),convert(char(8),convert (time,getdate())),getdate(),convert(char(8),convert (time,getdate())),'wsv','wsv',?,?,?,?,?,?)
20240812@180159.6069 uul0bqrqpi4qq562ukne4ltm8f Query : select top 1 fno valor from wsftdata order by fno desc
20240812@180159.6087 uul0bqrqpi4qq562ukne4ltm8f Query : select 1 valor from information_schema.tables where table_type='base table' and table_name='wstablefields'
20240812@180159.6104 uul0bqrqpi4qq562ukne4ltm8f Query : select fieldkey,fieldname,fieldtype,calcformula from wstablefields where tablename = 'ft' and documentnumber = 39
20240812@180159.6128 uul0bqrqpi4qq562ukne4ltm8f Query : select 'normal' from dummy
20240812@180159.6157 uul0bqrqpi4qq562ukne4ltm8f Query : insert into wsftdata (ftstamp, ousrdata,ousrhora, usrdata,usrhora,ousrinis,usrinis,fno,no,estab,fdata,ndoc,moeda,cambio,cambiofixo,ftano,site ,classe ) values ('aut66ba45047366ba40077b',getdate(),convert(char(8),convert (time,getdate())),getdate(),convert(char(8),convert (time,getdate())),'wsv','wsv',318,100810,0,'2024-08-12',39,'euro',0,0,2024 ,?,?)
20240812@180159.6468 uul0bqrqpi4qq562ukne4ltm8f Query : use flama_phc
20240812@180159.6471 uul0bqrqpi4qq562ukne4ltm8f Query : select st.usalote valor from st where st.ref = '324.682.00.01'
20240812@180159.6494 uul0bqrqpi4qq562ukne4ltm8f Query : select top 1 st.tabiva ,st.ivaincl ,st.stns ,st.uni2 ,st.familia ,isnull(tx.taxa, 0) txiva ,unidade ,usalote ,epcpond ,noserie ,conversao ,st.texteis from st left join taxasiva tx on st.tabiva = tx.codigo where st.ref = '324.682.00.01'
20240812@180159.6661 uul0bqrqpi4qq562ukne4ltm8f Query : select 1 valor from information_schema.tables where table_type='base table' and table_name='wstablefields'
20240812@180159.6678 uul0bqrqpi4qq562ukne4ltm8f Query : select fieldkey,fieldname,fieldtype,mandatory from wstablefields where tablename = 'fi' and documentnumber = 39
20240812@180159.6704 uul0bqrqpi4qq562ukne4ltm8f Query : select 1 valor from information_schema.tables where table_type='base table' and table_name='wstablefields'
20240812@180159.6720 uul0bqrqpi4qq562ukne4ltm8f Query : select fieldkey,fieldname,fieldtype,mandatory from wstablefields where tablename = 'fi2' and documentnumber = 39
20240812@180159.6729 uul0bqrqpi4qq562ukne4ltm8f Query : select top 1 convert(numeric(6,2),t.taxa) valor from taxasiva t where t.codigo='2'
20240812@180159.6741 uul0bqrqpi4qq562ukne4ltm8f Query : select sestamp valor from se where ref ='324.682.00.01' and lote = 'r2400060200a'
20240812@180159.6756 uul0bqrqpi4qq562ukne4ltm8f Query : select 1 valor from information_schema.tables where table_type='base table' and table_name='wstablefields'
20240812@180159.6771 uul0bqrqpi4qq562ukne4ltm8f Query : select fieldkey,fieldname,fieldtype,calcformula from wstablefields where tablename = 'fi2' and documentnumber = 39
20240812@180159.6783 uul0bqrqpi4qq562ukne4ltm8f Query : insert into wsfi2data (fi2stamp,ftstamp ,ousrdata, ousrhora, usrdata,usrhora,ousrinis,usrinis) values ('aut66ba49123266ba4007a4','aut66ba45047366ba40077b' ,getdate(),convert(char(8),convert (time,getdate())),getdate(),convert(char(8),convert (time,getdate())),'wsv','wsv')
20240812@180159.6787 uul0bqrqpi4qq562ukne4ltm8f Query : select 1 valor from information_schema.tables where table_type='base table' and table_name='wstablefields'
20240812@180159.6802 uul0bqrqpi4qq562ukne4ltm8f Query : select fieldkey,fieldname,fieldtype,calcformula from wstablefields where tablename = 'fi' and documentnumber = 39
20240812@180159.6831 uul0bqrqpi4qq562ukne4ltm8f Query : insert into wsfidata (fistamp,ousrdata, ousrhora, usrdata,usrhora,ousrinis,usrinis ,qtt ,ftstamp ,epv,pvmoeda ,tabiva,iva,lordem ,ref, design ,lote,armazem) values ('aut66ba49123266ba4007a4',getdate(),convert(char(8),convert (time,getdate())),getdate(),convert(char(8),convert (time,getdate())),'wsv','wsv',4.000 ,'aut66ba45047366ba40077b' ,0,0 ,2,23.00,10000,?,?,?,?)
20240812@180159.7106 uul0bqrqpi4qq562ukne4ltm8f Query : select 1 valor from information_schema.tables where table_type='base table' and table_name='wstablefields'
20240812@180159.7123 uul0bqrqpi4qq562ukne4ltm8f Query : select fieldkey,fieldname,fieldtype,mandatory from wstablefields where tablename = 'fi' and documentnumber = 39
20240812@180159.7154 uul0bqrqpi4qq562ukne4ltm8f Query : select 1 valor from information_schema.tables where table_type='base table' and table_name='wstablefields'
20240812@180159.7168 uul0bqrqpi4qq562ukne4ltm8f Query : select fieldkey,fieldname,fieldtype,mandatory from wstablefields where tablename = 'fi2' and documentnumber = 39
20240812@180159.7177 uul0bqrqpi4qq562ukne4ltm8f Query : select top 1 convert(numeric(6,2),t.taxa) valor from taxasiva t where t.codigo='2'
20240812@180159.7191 uul0bqrqpi4qq562ukne4ltm8f Query : select 1 valor from information_schema.tables where table_type='base table' and table_name='wstablefields'
20240812@180159.7206 uul0bqrqpi4qq562ukne4ltm8f Query : select fieldkey,fieldname,fieldtype,calcformula from wstablefields where tablename = 'fi2' and documentnumber = 39
20240812@180159.7218 uul0bqrqpi4qq562ukne4ltm8f Query : insert into wsfi2data (fi2stamp,ftstamp ,ousrdata, ousrhora, usrdata,usrhora,ousrinis,usrinis) values ('aut66ba48634666ba4007af','aut66ba45047366ba40077b' ,getdate(),convert(char(8),convert (time,getdate())),getdate(),convert(char(8),convert (time,getdate())),'wsv','wsv')
20240812@180159.7222 uul0bqrqpi4qq562ukne4ltm8f Query : select 1 valor from information_schema.tables where table_type='base table' and table_name='wstablefields'
20240812@180159.7237 uul0bqrqpi4qq562ukne4ltm8f Query : select fieldkey,fieldname,fieldtype,calcformula from wstablefields where tablename = 'fi' and documentnumber = 39
20240812@180159.7267 uul0bqrqpi4qq562ukne4ltm8f Query : insert into wsfidata (fistamp,ousrdata, ousrhora, usrdata,usrhora,ousrinis,usrinis ,qtt ,ftstamp ,epv,pvmoeda ,tabiva,iva,lordem ,ref, design ,armazem) values ('aut66ba48634666ba4007af',getdate(),convert(char(8),convert (time,getdate())),getdate(),convert(char(8),convert (time,getdate())),'wsv','wsv',0 ,'aut66ba45047366ba40077b' ,0,0 ,2,23.00,20000,?,?,?)
20240812@180159.7537 uul0bqrqpi4qq562ukne4ltm8f Query : use flama_phc
20240812@180159.7540 uul0bqrqpi4qq562ukne4ltm8f Query : select st.usalote valor from st where st.ref = '324.682.00.01'
20240812@180159.7560 uul0bqrqpi4qq562ukne4ltm8f Query : select top 1 st.tabiva ,st.ivaincl ,st.stns ,st.uni2 ,st.familia ,isnull(tx.taxa, 0) txiva ,unidade ,usalote ,epcpond ,noserie ,conversao ,st.texteis from st left join taxasiva tx on st.tabiva = tx.codigo where st.ref = '324.682.00.01'
20240812@180159.7581 uul0bqrqpi4qq562ukne4ltm8f Query : select 1 valor from information_schema.tables where table_type='base table' and table_name='wstablefields'
20240812@180159.7599 uul0bqrqpi4qq562ukne4ltm8f Query : select fieldkey,fieldname,fieldtype,mandatory from wstablefields where tablename = 'fi' and documentnumber = 39
20240812@180159.7629 uul0bqrqpi4qq562ukne4ltm8f Query : select 1 valor from information_schema.tables where table_type='base table' and table_name='wstablefields'
20240812@180159.7644 uul0bqrqpi4qq562ukne4ltm8f Query : select fieldkey,fieldname,fieldtype,mandatory from wstablefields where tablename = 'fi2' and documentnumber = 39
20240812@180159.7653 uul0bqrqpi4qq562ukne4ltm8f Query : select top 1 convert(numeric(6,2),t.taxa) valor from taxasiva t where t.codigo='2'
20240812@180159.7666 uul0bqrqpi4qq562ukne4ltm8f Query : select sestamp valor from se where ref ='324.682.00.01' and lote = 'r2400060200a'
20240812@180159.7689 uul0bqrqpi4qq562ukne4ltm8f Query : select 1 valor from information_schema.tables where table_type='base table' and table_name='wstablefields'
20240812@180159.7704 uul0bqrqpi4qq562ukne4ltm8f Query : select fieldkey,fieldname,fieldtype,calcformula from wstablefields where tablename = 'fi2' and documentnumber = 39
20240812@180159.7717 uul0bqrqpi4qq562ukne4ltm8f Query : insert into wsfi2data (fi2stamp,ftstamp ,ousrdata, ousrhora, usrdata,usrhora,ousrinis,usrinis) values ('aut66ba45423066ba4007bb','aut66ba45047366ba40077b' ,getdate(),convert(char(8),convert (time,getdate())),getdate(),convert(char(8),convert (time,getdate())),'wsv','wsv')
20240812@180159.7721 uul0bqrqpi4qq562ukne4ltm8f Query : select 1 valor from information_schema.tables where table_type='base table' and table_name='wstablefields'
20240812@180159.7736 uul0bqrqpi4qq562ukne4ltm8f Query : select fieldkey,fieldname,fieldtype,calcformula from wstablefields where tablename = 'fi' and documentnumber = 39
20240812@180159.7765 uul0bqrqpi4qq562ukne4ltm8f Query : insert into wsfidata (fistamp,ousrdata, ousrhora, usrdata,usrhora,ousrinis,usrinis ,qtt ,ftstamp ,epv,pvmoeda ,tabiva,iva,lordem ,ref, design ,lote,armazem) values ('aut66ba45423066ba4007bb',getdate(),convert(char(8),convert (time,getdate())),getdate(),convert(char(8),convert (time,getdate())),'wsv','wsv',24.000 ,'aut66ba45047366ba40077b' ,0,0 ,2,23.00,40000,?,?,?,?)
20240812@180159.8109 uul0bqrqpi4qq562ukne4ltm8f Query : select 1 valor from information_schema.tables where table_type='base table' and table_name='wstablefields'
20240812@180159.8127 uul0bqrqpi4qq562ukne4ltm8f Query : select fieldkey,fieldname,fieldtype,mandatory from wstablefields where tablename = 'fi' and documentnumber = 39
20240812@180159.8155 uul0bqrqpi4qq562ukne4ltm8f Query : select 1 valor from information_schema.tables where table_type='base table' and table_name='wstablefields'
20240812@180159.8170 uul0bqrqpi4qq562ukne4ltm8f Query : select fieldkey,fieldname,fieldtype,mandatory from wstablefields where tablename = 'fi2' and documentnumber = 39
20240812@180159.8179 uul0bqrqpi4qq562ukne4ltm8f Query : select top 1 convert(numeric(6,2),t.taxa) valor from taxasiva t where t.codigo='2'
20240812@180159.8196 uul0bqrqpi4qq562ukne4ltm8f Query : select 1 valor from information_schema.tables where table_type='base table' and table_name='wstablefields'
20240812@180159.8213 uul0bqrqpi4qq562ukne4ltm8f Query : select fieldkey,fieldname,fieldtype,calcformula from wstablefields where tablename = 'fi2' and documentnumber = 39
20240812@180159.8227 uul0bqrqpi4qq562ukne4ltm8f Query : insert into wsfi2data (fi2stamp,ftstamp ,ousrdata, ousrhora, usrdata,usrhora,ousrinis,usrinis) values ('aut66ba45905666ba4007c8','aut66ba45047366ba40077b' ,getdate(),convert(char(8),convert (time,getdate())),getdate(),convert(char(8),convert (time,getdate())),'wsv','wsv')
20240812@180159.8231 uul0bqrqpi4qq562ukne4ltm8f Query : select 1 valor from information_schema.tables where table_type='base table' and table_name='wstablefields'
20240812@180159.8246 uul0bqrqpi4qq562ukne4ltm8f Query : select fieldkey,fieldname,fieldtype,calcformula from wstablefields where tablename = 'fi' and documentnumber = 39
20240812@180159.8276 uul0bqrqpi4qq562ukne4ltm8f Query : insert into wsfidata (fistamp,ousrdata, ousrhora, usrdata,usrhora,ousrinis,usrinis ,qtt ,ftstamp ,epv,pvmoeda ,tabiva,iva,lordem ,ref, design ,armazem) values ('aut66ba45905666ba4007c8',getdate(),convert(char(8),convert (time,getdate())),getdate(),convert(char(8),convert (time,getdate())),'wsv','wsv',0 ,'aut66ba45047366ba40077b' ,0,0 ,2,23.00,50000,?,?,?)
20240812@180159.8556 uul0bqrqpi4qq562ukne4ltm8f Query : use flama_phc
20240812@180159.8559 uul0bqrqpi4qq562ukne4ltm8f Query : select st.usalote valor from st where st.ref = '324.682.00.01'
20240812@180159.8579 uul0bqrqpi4qq562ukne4ltm8f Query : select top 1 st.tabiva ,st.ivaincl ,st.stns ,st.uni2 ,st.familia ,isnull(tx.taxa, 0) txiva ,unidade ,usalote ,epcpond ,noserie ,conversao ,st.texteis from st left join taxasiva tx on st.tabiva = tx.codigo where st.ref = '324.682.00.01'
20240812@180159.8594 uul0bqrqpi4qq562ukne4ltm8f Query : select 1 valor from information_schema.tables where table_type='base table' and table_name='wstablefields'
20240812@180159.8610 uul0bqrqpi4qq562ukne4ltm8f Query : select fieldkey,fieldname,fieldtype,mandatory from wstablefields where tablename = 'fi' and documentnumber = 39
20240812@180159.8636 uul0bqrqpi4qq562ukne4ltm8f Query : select 1 valor from information_schema.tables where table_type='base table' and table_name='wstablefields'
20240812@180159.8654 uul0bqrqpi4qq562ukne4ltm8f Query : select fieldkey,fieldname,fieldtype,mandatory from wstablefields where tablename = 'fi2' and documentnumber = 39
20240812@180159.8663 uul0bqrqpi4qq562ukne4ltm8f Query : select top 1 convert(numeric(6,2),t.taxa) valor from taxasiva t where t.codigo='2'
20240812@180159.8675 uul0bqrqpi4qq562ukne4ltm8f Query : select sestamp valor from se where ref ='324.682.00.01' and lote = 'r2400060200a'
20240812@180159.8689 uul0bqrqpi4qq562ukne4ltm8f Query : select 1 valor from information_schema.tables where table_type='base table' and table_name='wstablefields'
20240812@180159.8704 uul0bqrqpi4qq562ukne4ltm8f Query : select fieldkey,fieldname,fieldtype,calcformula from wstablefields where tablename = 'fi2' and documentnumber = 39
20240812@180159.8717 uul0bqrqpi4qq562ukne4ltm8f Query : insert into wsfi2data (fi2stamp,ftstamp ,ousrdata, ousrhora, usrdata,usrhora,ousrinis,usrinis) values ('aut66ba49579766ba4007d4','aut66ba45047366ba40077b' ,getdate(),convert(char(8),convert (time,getdate())),getdate(),convert(char(8),convert (time,getdate())),'wsv','wsv')
20240812@180159.8721 uul0bqrqpi4qq562ukne4ltm8f Query : select 1 valor from information_schema.tables where table_type='base table' and table_name='wstablefields'
20240812@180159.8735 uul0bqrqpi4qq562ukne4ltm8f Query : select fieldkey,fieldname,fieldtype,calcformula from wstablefields where tablename = 'fi' and documentnumber = 39
20240812@180159.8764 uul0bqrqpi4qq562ukne4ltm8f Query : insert into wsfidata (fistamp,ousrdata, ousrhora, usrdata,usrhora,ousrinis,usrinis ,qtt ,ftstamp ,epv,pvmoeda ,tabiva,iva,lordem ,ref, design ,lote,armazem) values ('aut66ba49579766ba4007d4',getdate(),convert(char(8),convert (time,getdate())),getdate(),convert(char(8),convert (time,getdate())),'wsv','wsv',24.000 ,'aut66ba45047366ba40077b' ,0,0 ,2,23.00,70000,?,?,?,?)
20240812@180159.9051 uul0bqrqpi4qq562ukne4ltm8f Query : select 1 valor from information_schema.tables where table_type='base table' and table_name='wstablefields'
20240812@180159.9069 uul0bqrqpi4qq562ukne4ltm8f Query : select fieldkey,fieldname,fieldtype,mandatory from wstablefields where tablename = 'fi' and documentnumber = 39
20240812@180159.9096 uul0bqrqpi4qq562ukne4ltm8f Query : select 1 valor from information_schema.tables where table_type='base table' and table_name='wstablefields'
20240812@180159.9111 uul0bqrqpi4qq562ukne4ltm8f Query : select fieldkey,fieldname,fieldtype,mandatory from wstablefields where tablename = 'fi2' and documentnumber = 39
20240812@180159.9119 uul0bqrqpi4qq562ukne4ltm8f Query : select top 1 convert(numeric(6,2),t.taxa) valor from taxasiva t where t.codigo='2'
20240812@180159.9132 uul0bqrqpi4qq562ukne4ltm8f Query : select 1 valor from information_schema.tables where table_type='base table' and table_name='wstablefields'
20240812@180159.9155 uul0bqrqpi4qq562ukne4ltm8f Query : select fieldkey,fieldname,fieldtype,calcformula from wstablefields where tablename = 'fi2' and documentnumber = 39
20240812@180159.9167 uul0bqrqpi4qq562ukne4ltm8f Query : insert into wsfi2data (fi2stamp,ftstamp ,ousrdata, ousrhora, usrdata,usrhora,ousrinis,usrinis) values ('aut66ba41840866ba4007de','aut66ba45047366ba40077b' ,getdate(),convert(char(8),convert (time,getdate())),getdate(),convert(char(8),convert (time,getdate())),'wsv','wsv')
20240812@180159.9171 uul0bqrqpi4qq562ukne4ltm8f Query : select 1 valor from information_schema.tables where table_type='base table' and table_name='wstablefields'
20240812@180159.9185 uul0bqrqpi4qq562ukne4ltm8f Query : select fieldkey,fieldname,fieldtype,calcformula from wstablefields where tablename = 'fi' and documentnumber = 39
20240812@180159.9212 uul0bqrqpi4qq562ukne4ltm8f Query : insert into wsfidata (fistamp,ousrdata, ousrhora, usrdata,usrhora,ousrinis,usrinis ,qtt ,ftstamp ,epv,pvmoeda ,tabiva,iva,lordem ,ref, design ,armazem) values ('aut66ba41840866ba4007de',getdate(),convert(char(8),convert (time,getdate())),getdate(),convert(char(8),convert (time,getdate())),'wsv','wsv',0 ,'aut66ba45047366ba40077b' ,0,0 ,2,23.00,80000,?,?,?)
20240812@180159.9618 uul0bqrqpi4qq562ukne4ltm8f Query : use flama_phc
20240812@180159.9621 uul0bqrqpi4qq562ukne4ltm8f Query : select st.usalote valor from st where st.ref = '324.682.00.01'
20240812@180159.9640 uul0bqrqpi4qq562ukne4ltm8f Query : select top 1 st.tabiva ,st.ivaincl ,st.stns ,st.uni2 ,st.familia ,isnull(tx.taxa, 0) txiva ,unidade ,usalote ,epcpond ,noserie ,conversao ,st.texteis from st left join taxasiva tx on st.tabiva = tx.codigo where st.ref = '324.682.00.01'
20240812@180159.9654 uul0bqrqpi4qq562ukne4ltm8f Query : select 1 valor from information_schema.tables where table_type='base table' and table_name='wstablefields'
20240812@180159.9674 uul0bqrqpi4qq562ukne4ltm8f Query : select fieldkey,fieldname,fieldtype,mandatory from wstablefields where tablename = 'fi' and documentnumber = 39
20240812@180159.9700 uul0bqrqpi4qq562ukne4ltm8f Query : select 1 valor from information_schema.tables where table_type='base table' and table_name='wstablefields'
20240812@180159.9714 uul0bqrqpi4qq562ukne4ltm8f Query : select fieldkey,fieldname,fieldtype,mandatory from wstablefields where tablename = 'fi2' and documentnumber = 39
20240812@180159.9723 uul0bqrqpi4qq562ukne4ltm8f Query : select top 1 convert(numeric(6,2),t.taxa) valor from taxasiva t where t.codigo='2'
20240812@180159.9735 uul0bqrqpi4qq562ukne4ltm8f Query : select sestamp valor from se where ref ='324.682.00.01' and lote = 'r2400060200a'
20240812@180159.9747 uul0bqrqpi4qq562ukne4ltm8f Query : select 1 valor from information_schema.tables where table_type='base table' and table_name='wstablefields'
20240812@180159.9762 uul0bqrqpi4qq562ukne4ltm8f Query : select fieldkey,fieldname,fieldtype,calcformula from wstablefields where tablename = 'fi2' and documentnumber = 39
20240812@180159.9784 uul0bqrqpi4qq562ukne4ltm8f Query : insert into wsfi2data (fi2stamp,ftstamp ,ousrdata, ousrhora, usrdata,usrhora,ousrinis,usrinis) values ('aut66ba41142666ba4007ed','aut66ba45047366ba40077b' ,getdate(),convert(char(8),convert (time,getdate())),getdate(),convert(char(8),convert (time,getdate())),'wsv','wsv')
20240812@180159.9788 uul0bqrqpi4qq562ukne4ltm8f Query : select 1 valor from information_schema.tables where table_type='base table' and table_name='wstablefields'
20240812@180159.9803 uul0bqrqpi4qq562ukne4ltm8f Query : select fieldkey,fieldname,fieldtype,calcformula from wstablefields where tablename = 'fi' and documentnumber = 39
20240812@180159.9831 uul0bqrqpi4qq562ukne4ltm8f Query : insert into wsfidata (fistamp,ousrdata, ousrhora, usrdata,usrhora,ousrinis,usrinis ,qtt ,ftstamp ,epv,pvmoeda ,tabiva,iva,lordem ,ref, design ,lote,armazem) values ('aut66ba41142666ba4007ed',getdate(),convert(char(8),convert (time,getdate())),getdate(),convert(char(8),convert (time,getdate())),'wsv','wsv',24.000 ,'aut66ba45047366ba40077b' ,0,0 ,2,23.00,100000,?,?,?,?)
20240812@180200.1070 uul0bqrqpi4qq562ukne4ltm8f Query : select 1 valor from information_schema.tables where table_type='base table' and table_name='wstablefields'
20240812@180200.1230 uul0bqrqpi4qq562ukne4ltm8f Query : select fieldkey,fieldname,fieldtype,mandatory from wstablefields where tablename = 'fi' and documentnumber = 39
20240812@180200.1470 uul0bqrqpi4qq562ukne4ltm8f Query : select 1 valor from information_schema.tables where table_type='base table' and table_name='wstablefields'
20240812@180200.1610 uul0bqrqpi4qq562ukne4ltm8f Query : select fieldkey,fieldname,fieldtype,mandatory from wstablefields where tablename = 'fi2' and documentnumber = 39
20240812@180200.1700 uul0bqrqpi4qq562ukne4ltm8f Query : select top 1 convert(numeric(6,2),t.taxa) valor from taxasiva t where t.codigo='2'
20240812@180200.1830 uul0bqrqpi4qq562ukne4ltm8f Query : select 1 valor from information_schema.tables where table_type='base table' and table_name='wstablefields'
20240812@180200.1960 uul0bqrqpi4qq562ukne4ltm8f Query : select fieldkey,fieldname,fieldtype,calcformula from wstablefields where tablename = 'fi2' and documentnumber = 39
20240812@180200.2080 uul0bqrqpi4qq562ukne4ltm8f Query : insert into wsfi2data (fi2stamp,ftstamp ,ousrdata, ousrhora, usrdata,usrhora,ousrinis,usrinis) values ('aut66ba48435566ba400804','aut66ba45047366ba40077b' ,getdate(),convert(char(8),convert (time,getdate())),getdate(),convert(char(8),convert (time,getdate())),'wsv','wsv')
20240812@180200.2110 uul0bqrqpi4qq562ukne4ltm8f Query : select 1 valor from information_schema.tables where table_type='base table' and table_name='wstablefields'
20240812@180200.2270 uul0bqrqpi4qq562ukne4ltm8f Query : select fieldkey,fieldname,fieldtype,calcformula from wstablefields where tablename = 'fi' and documentnumber = 39
20240812@180200.2550 uul0bqrqpi4qq562ukne4ltm8f Query : insert into wsfidata (fistamp,ousrdata, ousrhora, usrdata,usrhora,ousrinis,usrinis ,qtt ,ftstamp ,epv,pvmoeda ,tabiva,iva,lordem ,ref, design ,armazem) values ('aut66ba48435566ba400804',getdate(),convert(char(8),convert (time,getdate())),getdate(),convert(char(8),convert (time,getdate())),'wsv','wsv',0 ,'aut66ba45047366ba40077b' ,0,0 ,2,23.00,110000,?,?,?)
20240812@180200.5310 uul0bqrqpi4qq562ukne4ltm8f Query : use flama_phc
20240812@180200.5340 uul0bqrqpi4qq562ukne4ltm8f Query : select st.usalote valor from st where st.ref = '324.682.00.01'
20240812@180200.5530 uul0bqrqpi4qq562ukne4ltm8f Query : select top 1 st.tabiva ,st.ivaincl ,st.stns ,st.uni2 ,st.familia ,isnull(tx.taxa, 0) txiva ,unidade ,usalote ,epcpond ,noserie ,conversao ,st.texteis from st left join taxasiva tx on st.tabiva = tx.codigo where st.ref = '324.682.00.01'
20240812@180200.5670 uul0bqrqpi4qq562ukne4ltm8f Query : select 1 valor from information_schema.tables where table_type='base table' and table_name='wstablefields'
20240812@180200.5830 uul0bqrqpi4qq562ukne4ltm8f Query : select fieldkey,fieldname,fieldtype,mandatory from wstablefields where tablename = 'fi' and documentnumber = 39
20240812@180200.6110 uul0bqrqpi4qq562ukne4ltm8f Query : select 1 valor from information_schema.tables where table_type='base table' and table_name='wstablefields'
20240812@180200.6260 uul0bqrqpi4qq562ukne4ltm8f Query : select fieldkey,fieldname,fieldtype,mandatory from wstablefields where tablename = 'fi2' and documentnumber = 39
20240812@180200.6350 uul0bqrqpi4qq562ukne4ltm8f Query : select top 1 convert(numeric(6,2),t.taxa) valor from taxasiva t where t.codigo='2'
20240812@180200.6470 uul0bqrqpi4qq562ukne4ltm8f Query : select sestamp valor from se where ref ='324.682.00.01' and lote = 'r2400060200a'
20240812@180200.6590 uul0bqrqpi4qq562ukne4ltm8f Query : select 1 valor from information_schema.tables where table_type='base table' and table_name='wstablefields'
20240812@180200.6730 uul0bqrqpi4qq562ukne4ltm8f Query : select fieldkey,fieldname,fieldtype,calcformula from wstablefields where tablename = 'fi2' and documentnumber = 39
20240812@180200.6830 uul0bqrqpi4qq562ukne4ltm8f Query : insert into wsfi2data (fi2stamp,ftstamp ,ousrdata, ousrhora, usrdata,usrhora,ousrinis,usrinis) values ('aut66ba47668666ba400810','aut66ba45047366ba40077b' ,getdate(),convert(char(8),convert (time,getdate())),getdate(),convert(char(8),convert (time,getdate())),'wsv','wsv')
20240812@180200.6870 uul0bqrqpi4qq562ukne4ltm8f Query : select 1 valor from information_schema.tables where table_type='base table' and table_name='wstablefields'
20240812@180200.7100 uul0bqrqpi4qq562ukne4ltm8f Query : select fieldkey,fieldname,fieldtype,calcformula from wstablefields where tablename = 'fi' and documentnumber = 39
20240812@180200.7410 uul0bqrqpi4qq562ukne4ltm8f Query : insert into wsfidata (fistamp,ousrdata, ousrhora, usrdata,usrhora,ousrinis,usrinis ,qtt ,ftstamp ,epv,pvmoeda ,tabiva,iva,lordem ,ref, design ,lote,armazem) values ('aut66ba47668666ba400810',getdate(),convert(char(8),convert (time,getdate())),getdate(),convert(char(8),convert (time,getdate())),'wsv','wsv',24.000 ,'aut66ba45047366ba40077b' ,0,0 ,2,23.00,130000,?,?,?,?)
20240812@180200.1018 uul0bqrqpi4qq562ukne4ltm8f Query : select 1 valor from information_schema.tables where table_type='base table' and table_name='wstablefields'
20240812@180200.1034 uul0bqrqpi4qq562ukne4ltm8f Query : select fieldkey,fieldname,fieldtype,mandatory from wstablefields where tablename = 'fi' and documentnumber = 39
20240812@180200.1059 uul0bqrqpi4qq562ukne4ltm8f Query : select 1 valor from information_schema.tables where table_type='base table' and table_name='wstablefields'
20240812@180200.1076 uul0bqrqpi4qq562ukne4ltm8f Query : select fieldkey,fieldname,fieldtype,mandatory from wstablefields where tablename = 'fi2' and documentnumber = 39
20240812@180200.1084 uul0bqrqpi4qq562ukne4ltm8f Query : select top 1 convert(numeric(6,2),t.taxa) valor from taxasiva t where t.codigo='2'
20240812@180200.1096 uul0bqrqpi4qq562ukne4ltm8f Query : select 1 valor from information_schema.tables where table_type='base table' and table_name='wstablefields'
20240812@180200.1121 uul0bqrqpi4qq562ukne4ltm8f Query : select fieldkey,fieldname,fieldtype,calcformula from wstablefields where tablename = 'fi2' and documentnumber = 39
20240812@180200.1136 uul0bqrqpi4qq562ukne4ltm8f Query : insert into wsfi2data (fi2stamp,ftstamp ,ousrdata, ousrhora, usrdata,usrhora,ousrinis,usrinis) values ('aut66ba43274866ba40081a','aut66ba45047366ba40077b' ,getdate(),convert(char(8),convert (time,getdate())),getdate(),convert(char(8),convert (time,getdate())),'wsv','wsv')
20240812@180200.1140 uul0bqrqpi4qq562ukne4ltm8f Query : select 1 valor from information_schema.tables where table_type='base table' and table_name='wstablefields'
20240812@180200.1154 uul0bqrqpi4qq562ukne4ltm8f Query : select fieldkey,fieldname,fieldtype,calcformula from wstablefields where tablename = 'fi' and documentnumber = 39
20240812@180200.1182 uul0bqrqpi4qq562ukne4ltm8f Query : insert into wsfidata (fistamp,ousrdata, ousrhora, usrdata,usrhora,ousrinis,usrinis ,qtt ,ftstamp ,epv,pvmoeda ,tabiva,iva,lordem ,ref, design ,armazem) values ('aut66ba43274866ba40081a',getdate(),convert(char(8),convert (time,getdate())),getdate(),convert(char(8),convert (time,getdate())),'wsv','wsv',0 ,'aut66ba45047366ba40077b' ,0,0 ,2,23.00,140000,?,?,?)
20240812@180200.1439 uul0bqrqpi4qq562ukne4ltm8f Query : insert into wsftcreationlog (initialftstamp,externalid,creationstatus,documenttypeid,idustamp) values ('aut66ba45047366ba40077b','2405357','wait',39,'adm09112754980.682000002')
20240812@180200.2639 uul0bqrqpi4qq562ukne4ltm8f Query : use flama_phc
20240812@180200.2699 uul0bqrqpi4qq562ukne4ltm8f Query : update u_wsusers set rqsttoken =? where userid ='userls001'
20240812@180200.2855 uul0bqrqpi4qq562ukne4ltm8f Query : select concat(rtrim(relative_path),ltrim(name_new)) as valor from uploadfiles where uploadfile_id='1500';
20240812@180200.2881 uul0bqrqpi4qq562ukne4ltm8f Query : update uploadfiles set whenupdated=current_timestamp where uploadfile_id='1500';
20240812@180200.2916 uul0bqrqpi4qq562ukne4ltm8f Query : select concat(rtrim(relative_path),ltrim(name_new)) as valor from uploadfiles where uploadfile_id='1500';
20240812@180200.2940 uul0bqrqpi4qq562ukne4ltm8f Query : update uploadfiles set whenupdated=current_timestamp where uploadfile_id='1500';
20240812@180200.3524 381na4lg5doasqg8uq08fql5lm Query : insert into uploadfiles ( name_original, name_new, option_type, relative_path, whencreated ) values ( ?, ?, ?, ?, getdate() )
20240812@180200.3534 381na4lg5doasqg8uq08fql5lm Query : select uploadfile_id valor from uploadfiles where name_new = ? and option_type = ? 
20240812@180200.3585 381na4lg5doasqg8uq08fql5lm Query : select concat(rtrim(relative_path),ltrim(name_new)) as valor from uploadfiles where uploadfile_id='1501';
20240812@180200.3642 381na4lg5doasqg8uq08fql5lm Query : update uploadfiles set whenupdated=current_timestamp where uploadfile_id='1501';
20240812@180200.3919 381na4lg5doasqg8uq08fql5lm Query : select concat(rtrim(relative_path),ltrim(name_new)) as valor from uploadfiles where uploadfile_id='1501';
20240812@180200.3948 381na4lg5doasqg8uq08fql5lm Query : update uploadfiles set whenupdated=current_timestamp where uploadfile_id='1501';
20240812@180200.3998 381na4lg5doasqg8uq08fql5lm Query : use flama_phc
20240812@180200.4001 381na4lg5doasqg8uq08fql5lm Query : select top 1 secretkey valor from u_wsusers u where u.userid = ? and u.inactivo=0
20240812@180200.4186 381na4lg5doasqg8uq08fql5lm Query : use flama_phc
20240812@180200.4190 381na4lg5doasqg8uq08fql5lm Query : select no, estab,szadrsdesc from szadrs where u_coddest=4740
20240812@180200.4242 381na4lg5doasqg8uq08fql5lm Query : select top 1 isnull(design,'') valor from st (nolock) left join stobs (nolock) on st.ref = stobs.ref where st.ref = '324.938.00.01'
20240812@180200.4422 381na4lg5doasqg8uq08fql5lm Query : select top 1 isnull(design,'') valor from st (nolock) left join stobs (nolock) on st.ref = stobs.ref where st.ref = '324.938.00.01'
20240812@180200.4445 381na4lg5doasqg8uq08fql5lm Query : use flama_phc
20240812@180200.4448 381na4lg5doasqg8uq08fql5lm Query : select top 1 convert(date,fdata) valor from ft where ndoc = 39 and anulado= 0 and fno>0 order by fdata desc
20240812@180200.4486 381na4lg5doasqg8uq08fql5lm Query : use flama_phc
20240812@180200.4490 381na4lg5doasqg8uq08fql5lm Query : select top 1 1 valor from td where td.ndoc = 39
20240812@180200.4527 381na4lg5doasqg8uq08fql5lm Query : use flama_phc
20240812@180200.4530 381na4lg5doasqg8uq08fql5lm Query : select lower(descricao) descricao ,case when valor='s' then 1 else 0 end valor from para1 where descricao in ('st_lote','st_usalogifunc', 'st_grelha')
20240812@180200.4562 381na4lg5doasqg8uq08fql5lm Query : select top 1 manternumero ,assinadoc issigned ,tiposaft ,assinaimp ,nmdos ,td.assinadoc ,'cl' origin ,lancasl stocks ,case when cmsl<50 and td.lancasl=1 then 1 else 0 end entrada ,case when cmsl>50 and td.lancasl=1 then 1 else 0 end saida ,temserie assets ,~semgre usegridfields from td inner join td2 on td.tdstamp=td2.td2stamp where td.ndoc = 1
20240812@180200.4610 381na4lg5doasqg8uq08fql5lm Query : use flama_phc
20240812@180200.4614 381na4lg5doasqg8uq08fql5lm Query : select top 1 ~inactivo valor from cl where no = '100810' and estab = 0 order by inactivo desc
20240812@180200.4646 381na4lg5doasqg8uq08fql5lm Query : use flama_phc
20240812@180200.4649 381na4lg5doasqg8uq08fql5lm Query : select top 1 tipodoc,regrd from td where ndoc = 39
20240812@180200.4682 381na4lg5doasqg8uq08fql5lm Query : use flama_phc
20240812@180200.4685 381na4lg5doasqg8uq08fql5lm Query : select szadrsstamp valor from szadrs where szadrsdesc='espaÇotrans,lda'
20240812@180200.4728 381na4lg5doasqg8uq08fql5lm Query : use flama_phc
20240812@180200.4731 381na4lg5doasqg8uq08fql5lm Query : select szadrsstamp valor from szadrs where szadrsdesc='100810 - worten-equipamentos para o lar,sa.'
20240812@180200.4783 381na4lg5doasqg8uq08fql5lm Query : use flama_phc
20240812@180200.4785 381na4lg5doasqg8uq08fql5lm Query : select 1 valor from td where ndoc = 39
20240812@180200.4798 381na4lg5doasqg8uq08fql5lm Query : select top 1 manternumero, tiposaft, nmdos,td.assinadoc from td where td.ndoc = 39
20240812@180200.4812 381na4lg5doasqg8uq08fql5lm Query : select 1 valor from information_schema.tables where table_type='base table' and table_name='wstablefields'
20240812@180200.4829 381na4lg5doasqg8uq08fql5lm Query : select fieldkey,fieldname,fieldtype,mandatory from wstablefields where tablename = 'ft' and documentnumber = 39
20240812@180200.4847 381na4lg5doasqg8uq08fql5lm Query : select 1 valor from information_schema.tables where table_type='base table' and table_name='wstablefields'
20240812@180200.4862 381na4lg5doasqg8uq08fql5lm Query : select fieldkey,fieldname,fieldtype,mandatory from wstablefields where tablename = 'ft2' and documentnumber = 39
20240812@180200.4894 381na4lg5doasqg8uq08fql5lm Query : select 1 valor from information_schema.tables where table_type='base table' and table_name='wstablefields'
20240812@180200.4909 381na4lg5doasqg8uq08fql5lm Query : select fieldkey,fieldname,fieldtype,mandatory from wstablefields where tablename = 'ft3' and documentnumber = 39
20240812@180200.4921 381na4lg5doasqg8uq08fql5lm Query : select top 1 ft.fno valor from ft ft where ft.ndoc = 39 and ftano=2024 order by fno desc
20240812@180200.5228 381na4lg5doasqg8uq08fql5lm Query : select top 1 ft.fno valor from wsftdata ft where ft.ndoc = 39 and ftano=2024 order by fno desc
20240812@180200.5333 381na4lg5doasqg8uq08fql5lm Query : select 1 valor from information_schema.tables where table_type='base table' and table_name='wstablefields'
20240812@180200.5378 381na4lg5doasqg8uq08fql5lm Query : select fieldkey,fieldname,fieldtype,calcformula from wstablefields where tablename = 'ft3' and documentnumber = 39
20240812@180200.5394 381na4lg5doasqg8uq08fql5lm Query : insert into wsft3data (ft3stamp, ousrdata, ousrhora, usrdata,usrhora,ousrinis,usrinis,taxpointdt ) values ('aut66ba47886866ba400878' ,getdate(),convert(char(8),convert (time,getdate())),getdate(),convert(char(8),convert (time,getdate())),'wsv','wsv',?)
20240812@180200.5594 381na4lg5doasqg8uq08fql5lm Query : select 1 valor from information_schema.tables where table_type='base table' and table_name='wstablefields'
20240812@180200.5611 381na4lg5doasqg8uq08fql5lm Query : select fieldkey,fieldname,fieldtype,calcformula from wstablefields where tablename = 'ft2' and documentnumber = 39
20240812@180200.5644 381na4lg5doasqg8uq08fql5lm Query : select top 1 bo.u_nomeenv valor from bo where bo.bostamp=''
20240812@180200.5656 381na4lg5doasqg8uq08fql5lm Query : select top 1 bo.u_moradaen valor from bo where bo.bostamp=''
20240812@180200.5668 381na4lg5doasqg8uq08fql5lm Query : select top 1 bo.u_codposen valor from bo where bo.bostamp=''
20240812@180200.5680 381na4lg5doasqg8uq08fql5lm Query : select top 1 bo.u_localenv valor from bo where bo.bostamp=''
20240812@180200.5692 381na4lg5doasqg8uq08fql5lm Query : select top 1 bo.trab5 valor from bo where bo.bostamp=''
20240812@180200.5704 381na4lg5doasqg8uq08fql5lm Query : select top 1 bo.serie valor from bo where bo.bostamp=''
20240812@180200.5715 381na4lg5doasqg8uq08fql5lm Query : insert into wsft2data (ft2stamp, ousrdata,ousrhora, usrdata,usrhora,ousrinis,usrinis,u_nomeenv ,u_moradaen ,u_codposen ,u_localenv ,u_coddest ,u_codby ) values ('aut66ba47886866ba400878',getdate(),convert(char(8),convert (time,getdate())),getdate(),convert(char(8),convert (time,getdate())),'wsv','wsv',?,?,?,?,?,?)
20240812@180200.5966 381na4lg5doasqg8uq08fql5lm Query : select top 1 fno valor from wsftdata order by fno desc
20240812@180200.5983 381na4lg5doasqg8uq08fql5lm Query : select 1 valor from information_schema.tables where table_type='base table' and table_name='wstablefields'
20240812@180200.5999 381na4lg5doasqg8uq08fql5lm Query : select fieldkey,fieldname,fieldtype,calcformula from wstablefields where tablename = 'ft' and documentnumber = 39
20240812@180200.6024 381na4lg5doasqg8uq08fql5lm Query : select 'normal' from dummy
20240812@180200.6039 381na4lg5doasqg8uq08fql5lm Query : insert into wsftdata (ftstamp, ousrdata,ousrhora, usrdata,usrhora,ousrinis,usrinis,fno,no,estab,fdata,ndoc,moeda,cambio,cambiofixo,ftano,site ,classe ) values ('aut66ba47886866ba400878',getdate(),convert(char(8),convert (time,getdate())),getdate(),convert(char(8),convert (time,getdate())),'wsv','wsv',319,100810,0,'2024-08-12',39,'euro',0,0,2024 ,?,?)
20240812@180200.6352 381na4lg5doasqg8uq08fql5lm Query : use flama_phc
20240812@180200.6355 381na4lg5doasqg8uq08fql5lm Query : select st.usalote valor from st where st.ref = '324.938.00.01'
20240812@180200.6378 381na4lg5doasqg8uq08fql5lm Query : select top 1 st.tabiva ,st.ivaincl ,st.stns ,st.uni2 ,st.familia ,isnull(tx.taxa, 0) txiva ,unidade ,usalote ,epcpond ,noserie ,conversao ,st.texteis from st left join taxasiva tx on st.tabiva = tx.codigo where st.ref = '324.938.00.01'
20240812@180200.6529 381na4lg5doasqg8uq08fql5lm Query : select 1 valor from information_schema.tables where table_type='base table' and table_name='wstablefields'
20240812@180200.6545 381na4lg5doasqg8uq08fql5lm Query : select fieldkey,fieldname,fieldtype,mandatory from wstablefields where tablename = 'fi' and documentnumber = 39
20240812@180200.6576 381na4lg5doasqg8uq08fql5lm Query : select 1 valor from information_schema.tables where table_type='base table' and table_name='wstablefields'
20240812@180200.6590 381na4lg5doasqg8uq08fql5lm Query : select fieldkey,fieldname,fieldtype,mandatory from wstablefields where tablename = 'fi2' and documentnumber = 39
20240812@180200.6599 381na4lg5doasqg8uq08fql5lm Query : select top 1 convert(numeric(6,2),t.taxa) valor from taxasiva t where t.codigo='2'
20240812@180200.6613 381na4lg5doasqg8uq08fql5lm Query : select sestamp valor from se where ref ='324.938.00.01' and lote = 'r2301371100a'
20240812@180200.6626 381na4lg5doasqg8uq08fql5lm Query : select 1 valor from information_schema.tables where table_type='base table' and table_name='wstablefields'
20240812@180200.6640 381na4lg5doasqg8uq08fql5lm Query : select fieldkey,fieldname,fieldtype,calcformula from wstablefields where tablename = 'fi2' and documentnumber = 39
20240812@180200.6654 381na4lg5doasqg8uq08fql5lm Query : insert into wsfi2data (fi2stamp,ftstamp ,ousrdata, ousrhora, usrdata,usrhora,ousrinis,usrinis) values ('aut66ba48301466ba4008a1','aut66ba47886866ba400878' ,getdate(),convert(char(8),convert (time,getdate())),getdate(),convert(char(8),convert (time,getdate())),'wsv','wsv')
20240812@180200.6659 381na4lg5doasqg8uq08fql5lm Query : select 1 valor from information_schema.tables where table_type='base table' and table_name='wstablefields'
20240812@180200.6686 381na4lg5doasqg8uq08fql5lm Query : select fieldkey,fieldname,fieldtype,calcformula from wstablefields where tablename = 'fi' and documentnumber = 39
20240812@180200.6714 381na4lg5doasqg8uq08fql5lm Query : insert into wsfidata (fistamp,ousrdata, ousrhora, usrdata,usrhora,ousrinis,usrinis ,qtt ,ftstamp ,epv,pvmoeda ,tabiva,iva,lordem ,ref, design ,lote,armazem) values ('aut66ba48301466ba4008a1',getdate(),convert(char(8),convert (time,getdate())),getdate(),convert(char(8),convert (time,getdate())),'wsv','wsv',28.000 ,'aut66ba47886866ba400878' ,0,0 ,2,23.00,10000,?,?,?,?)
20240812@180200.6986 381na4lg5doasqg8uq08fql5lm Query : use flama_phc
20240812@180200.6989 381na4lg5doasqg8uq08fql5lm Query : select st.usalote valor from st where st.ref = '324.938.00.01'
20240812@180200.7009 381na4lg5doasqg8uq08fql5lm Query : select top 1 st.tabiva ,st.ivaincl ,st.stns ,st.uni2 ,st.familia ,isnull(tx.taxa, 0) txiva ,unidade ,usalote ,epcpond ,noserie ,conversao ,st.texteis from st left join taxasiva tx on st.tabiva = tx.codigo where st.ref = '324.938.00.01'
20240812@180200.7023 381na4lg5doasqg8uq08fql5lm Query : select 1 valor from information_schema.tables where table_type='base table' and table_name='wstablefields'
20240812@180200.7038 381na4lg5doasqg8uq08fql5lm Query : select fieldkey,fieldname,fieldtype,mandatory from wstablefields where tablename = 'fi' and documentnumber = 39
20240812@180200.7068 381na4lg5doasqg8uq08fql5lm Query : select 1 valor from information_schema.tables where table_type='base table' and table_name='wstablefields'
20240812@180200.7082 381na4lg5doasqg8uq08fql5lm Query : select fieldkey,fieldname,fieldtype,mandatory from wstablefields where tablename = 'fi2' and documentnumber = 39
20240812@180200.7091 381na4lg5doasqg8uq08fql5lm Query : select top 1 convert(numeric(6,2),t.taxa) valor from taxasiva t where t.codigo='2'
20240812@180200.7112 381na4lg5doasqg8uq08fql5lm Query : select sestamp valor from se where ref ='324.938.00.01' and lote = 'r2301371100a'
20240812@180200.7125 381na4lg5doasqg8uq08fql5lm Query : select 1 valor from information_schema.tables where table_type='base table' and table_name='wstablefields'
20240812@180200.7140 381na4lg5doasqg8uq08fql5lm Query : select fieldkey,fieldname,fieldtype,calcformula from wstablefields where tablename = 'fi2' and documentnumber = 39
20240812@180200.7151 381na4lg5doasqg8uq08fql5lm Query : insert into wsfi2data (fi2stamp,ftstamp ,ousrdata, ousrhora, usrdata,usrhora,ousrinis,usrinis) values ('aut66ba48084366ba4008ad','aut66ba47886866ba400878' ,getdate(),convert(char(8),convert (time,getdate())),getdate(),convert(char(8),convert (time,getdate())),'wsv','wsv')
20240812@180200.7155 381na4lg5doasqg8uq08fql5lm Query : select 1 valor from information_schema.tables where table_type='base table' and table_name='wstablefields'
20240812@180200.7170 381na4lg5doasqg8uq08fql5lm Query : select fieldkey,fieldname,fieldtype,calcformula from wstablefields where tablename = 'fi' and documentnumber = 39
20240812@180200.7199 381na4lg5doasqg8uq08fql5lm Query : insert into wsfidata (fistamp,ousrdata, ousrhora, usrdata,usrhora,ousrinis,usrinis ,qtt ,ftstamp ,epv,pvmoeda ,tabiva,iva,lordem ,ref, design ,lote,armazem) values ('aut66ba48084366ba4008ad',getdate(),convert(char(8),convert (time,getdate())),getdate(),convert(char(8),convert (time,getdate())),'wsv','wsv',4.000 ,'aut66ba47886866ba400878' ,0,0 ,2,23.00,20000,?,?,?,?)
20240812@180200.7480 381na4lg5doasqg8uq08fql5lm Query : insert into wsftcreationlog (initialftstamp,externalid,creationstatus,documenttypeid,idustamp) values ('aut66ba47886866ba400878','2405358','wait',39,'adm09112754980.682000002')
20240812@180200.7762 381na4lg5doasqg8uq08fql5lm Query : use flama_phc
20240812@180200.7765 381na4lg5doasqg8uq08fql5lm Query : update u_wsusers set rqsttoken =? where userid ='userls001'
20240812@180200.7799 381na4lg5doasqg8uq08fql5lm Query : select concat(rtrim(relative_path),ltrim(name_new)) as valor from uploadfiles where uploadfile_id='1501';
20240812@180200.7839 381na4lg5doasqg8uq08fql5lm Query : update uploadfiles set whenupdated=current_timestamp where uploadfile_id='1501';
20240812@180200.7875 381na4lg5doasqg8uq08fql5lm Query : select concat(rtrim(relative_path),ltrim(name_new)) as valor from uploadfiles where uploadfile_id='1501';
20240812@180200.7897 381na4lg5doasqg8uq08fql5lm Query : update uploadfiles set whenupdated=current_timestamp where uploadfile_id='1501';
20240812@180200.8475 nmomr3oieqrtuk11b64b4b166b Query : insert into uploadfiles ( name_original, name_new, option_type, relative_path, whencreated ) values ( ?, ?, ?, ?, getdate() )
20240812@180200.8487 nmomr3oieqrtuk11b64b4b166b Query : select uploadfile_id valor from uploadfiles where name_new = ? and option_type = ? 
20240812@180200.8537 nmomr3oieqrtuk11b64b4b166b Query : select concat(rtrim(relative_path),ltrim(name_new)) as valor from uploadfiles where uploadfile_id='1502';
20240812@180200.8597 nmomr3oieqrtuk11b64b4b166b Query : update uploadfiles set whenupdated=current_timestamp where uploadfile_id='1502';
20240812@180200.8646 nmomr3oieqrtuk11b64b4b166b Query : select concat(rtrim(relative_path),ltrim(name_new)) as valor from uploadfiles where uploadfile_id='1502';
20240812@180200.8669 nmomr3oieqrtuk11b64b4b166b Query : update uploadfiles set whenupdated=current_timestamp where uploadfile_id='1502';
20240812@180200.8719 nmomr3oieqrtuk11b64b4b166b Query : use flama_phc
20240812@180200.8722 nmomr3oieqrtuk11b64b4b166b Query : select top 1 secretkey valor from u_wsusers u where u.userid = ? and u.inactivo=0
20240812@180200.8792 nmomr3oieqrtuk11b64b4b166b Query : use flama_phc
20240812@180200.8795 nmomr3oieqrtuk11b64b4b166b Query : select no, estab,szadrsdesc from szadrs where u_coddest=4740
20240812@180200.8840 nmomr3oieqrtuk11b64b4b166b Query : select top 1 isnull(design,'') valor from st (nolock) left join stobs (nolock) on st.ref = stobs.ref where st.ref = '324.945.00.01'
20240812@180200.9008 nmomr3oieqrtuk11b64b4b166b Query : select top 1 isnull(design,'') valor from st (nolock) left join stobs (nolock) on st.ref = stobs.ref where st.ref = '324.945.00.01'
20240812@180200.9028 nmomr3oieqrtuk11b64b4b166b Query : select top 1 isnull(design,'') valor from st (nolock) left join stobs (nolock) on st.ref = stobs.ref where st.ref = '324.945.00.01'
20240812@180200.9050 nmomr3oieqrtuk11b64b4b166b Query : use flama_phc
20240812@180200.9053 nmomr3oieqrtuk11b64b4b166b Query : select top 1 convert(date,fdata) valor from ft where ndoc = 39 and anulado= 0 and fno>0 order by fdata desc
20240812@180200.9093 nmomr3oieqrtuk11b64b4b166b Query : use flama_phc
20240812@180200.9096 nmomr3oieqrtuk11b64b4b166b Query : select top 1 1 valor from td where td.ndoc = 39
20240812@180200.9125 nmomr3oieqrtuk11b64b4b166b Query : use flama_phc
20240812@180200.9128 nmomr3oieqrtuk11b64b4b166b Query : select lower(descricao) descricao ,case when valor='s' then 1 else 0 end valor from para1 where descricao in ('st_lote','st_usalogifunc', 'st_grelha')
20240812@180200.9157 nmomr3oieqrtuk11b64b4b166b Query : select top 1 manternumero ,assinadoc issigned ,tiposaft ,assinaimp ,nmdos ,td.assinadoc ,'cl' origin ,lancasl stocks ,case when cmsl<50 and td.lancasl=1 then 1 else 0 end entrada ,case when cmsl>50 and td.lancasl=1 then 1 else 0 end saida ,temserie assets ,~semgre usegridfields from td inner join td2 on td.tdstamp=td2.td2stamp where td.ndoc = 1
20240812@180200.9506 nmomr3oieqrtuk11b64b4b166b Query : use flama_phc
20240812@180200.9510 nmomr3oieqrtuk11b64b4b166b Query : select top 1 ~inactivo valor from cl where no = '100810' and estab = 0 order by inactivo desc
20240812@180200.9540 nmomr3oieqrtuk11b64b4b166b Query : use flama_phc
20240812@180200.9543 nmomr3oieqrtuk11b64b4b166b Query : select top 1 tipodoc,regrd from td where ndoc = 39
20240812@180200.9581 nmomr3oieqrtuk11b64b4b166b Query : use flama_phc
20240812@180200.9584 nmomr3oieqrtuk11b64b4b166b Query : select szadrsstamp valor from szadrs where szadrsdesc='espaÇotrans,lda'
20240812@180200.9638 nmomr3oieqrtuk11b64b4b166b Query : use flama_phc
20240812@180200.9641 nmomr3oieqrtuk11b64b4b166b Query : select szadrsstamp valor from szadrs where szadrsdesc='100810 - worten-equipamentos para o lar,sa.'
20240812@180200.9687 nmomr3oieqrtuk11b64b4b166b Query : use flama_phc
20240812@180200.9690 nmomr3oieqrtuk11b64b4b166b Query : select 1 valor from td where ndoc = 39
20240812@180200.9704 nmomr3oieqrtuk11b64b4b166b Query : select top 1 manternumero, tiposaft, nmdos,td.assinadoc from td where td.ndoc = 39
20240812@180200.9721 nmomr3oieqrtuk11b64b4b166b Query : select 1 valor from information_schema.tables where table_type='base table' and table_name='wstablefields'
20240812@180200.9738 nmomr3oieqrtuk11b64b4b166b Query : select fieldkey,fieldname,fieldtype,mandatory from wstablefields where tablename = 'ft' and documentnumber = 39
20240812@180200.9761 nmomr3oieqrtuk11b64b4b166b Query : select 1 valor from information_schema.tables where table_type='base table' and table_name='wstablefields'
20240812@180200.9776 nmomr3oieqrtuk11b64b4b166b Query : select fieldkey,fieldname,fieldtype,mandatory from wstablefields where tablename = 'ft2' and documentnumber = 39
20240812@180200.9807 nmomr3oieqrtuk11b64b4b166b Query : select 1 valor from information_schema.tables where table_type='base table' and table_name='wstablefields'
20240812@180200.9824 nmomr3oieqrtuk11b64b4b166b Query : select fieldkey,fieldname,fieldtype,mandatory from wstablefields where tablename = 'ft3' and documentnumber = 39
20240812@180200.9838 nmomr3oieqrtuk11b64b4b166b Query : select top 1 ft.fno valor from ft ft where ft.ndoc = 39 and ftano=2024 order by fno desc
20240812@180200.9913 nmomr3oieqrtuk11b64b4b166b Query : select top 1 ft.fno valor from wsftdata ft where ft.ndoc = 39 and ftano=2024 order by fno desc
20240812@180200.9936 nmomr3oieqrtuk11b64b4b166b Query : select 1 valor from information_schema.tables where table_type='base table' and table_name='wstablefields'
20240812@180200.9952 nmomr3oieqrtuk11b64b4b166b Query : select fieldkey,fieldname,fieldtype,calcformula from wstablefields where tablename = 'ft3' and documentnumber = 39
20240812@180200.9968 nmomr3oieqrtuk11b64b4b166b Query : insert into wsft3data (ft3stamp, ousrdata, ousrhora, usrdata,usrhora,ousrinis,usrinis,taxpointdt ) values ('aut66ba49345766ba4008f0' ,getdate(),convert(char(8),convert (time,getdate())),getdate(),convert(char(8),convert (time,getdate())),'wsv','wsv',?)
20240812@180201.1640 nmomr3oieqrtuk11b64b4b166b Query : select 1 valor from information_schema.tables where table_type='base table' and table_name='wstablefields'
20240812@180201.1830 nmomr3oieqrtuk11b64b4b166b Query : select fieldkey,fieldname,fieldtype,calcformula from wstablefields where tablename = 'ft2' and documentnumber = 39
20240812@180201.2590 nmomr3oieqrtuk11b64b4b166b Query : select top 1 bo.u_nomeenv valor from bo where bo.bostamp=''
20240812@180201.1280 nmomr3oieqrtuk11b64b4b166b Query : select top 1 bo.u_moradaen valor from bo where bo.bostamp=''
20240812@180201.1313 nmomr3oieqrtuk11b64b4b166b Query : select top 1 bo.u_codposen valor from bo where bo.bostamp=''
20240812@180201.1343 nmomr3oieqrtuk11b64b4b166b Query : select top 1 bo.u_localenv valor from bo where bo.bostamp=''
20240812@180201.1686 nmomr3oieqrtuk11b64b4b166b Query : select top 1 bo.trab5 valor from bo where bo.bostamp=''
20240812@180201.1851 nmomr3oieqrtuk11b64b4b166b Query : select top 1 bo.serie valor from bo where bo.bostamp=''
20240812@180201.1865 nmomr3oieqrtuk11b64b4b166b Query : insert into wsft2data (ft2stamp, ousrdata,ousrhora, usrdata,usrhora,ousrinis,usrinis,u_nomeenv ,u_moradaen ,u_codposen ,u_localenv ,u_coddest ,u_codby ) values ('aut66ba49345766ba4008f0',getdate(),convert(char(8),convert (time,getdate())),getdate(),convert(char(8),convert (time,getdate())),'wsv','wsv',?,?,?,?,?,?)
20240812@180201.2143 nmomr3oieqrtuk11b64b4b166b Query : select top 1 fno valor from wsftdata order by fno desc
20240812@180201.2162 nmomr3oieqrtuk11b64b4b166b Query : select 1 valor from information_schema.tables where table_type='base table' and table_name='wstablefields'
20240812@180201.2181 nmomr3oieqrtuk11b64b4b166b Query : select fieldkey,fieldname,fieldtype,calcformula from wstablefields where tablename = 'ft' and documentnumber = 39
20240812@180201.2208 nmomr3oieqrtuk11b64b4b166b Query : select 'normal' from dummy
20240812@180201.2226 nmomr3oieqrtuk11b64b4b166b Query : insert into wsftdata (ftstamp, ousrdata,ousrhora, usrdata,usrhora,ousrinis,usrinis,fno,no,estab,fdata,ndoc,moeda,cambio,cambiofixo,ftano,site ,classe ) values ('aut66ba49345766ba4008f0',getdate(),convert(char(8),convert (time,getdate())),getdate(),convert(char(8),convert (time,getdate())),'wsv','wsv',320,100810,0,'2024-08-12',39,'euro',0,0,2024 ,?,?)
20240812@180201.2534 nmomr3oieqrtuk11b64b4b166b Query : use flama_phc
20240812@180201.2537 nmomr3oieqrtuk11b64b4b166b Query : select st.usalote valor from st where st.ref = '324.945.00.01'
20240812@180201.2564 nmomr3oieqrtuk11b64b4b166b Query : select top 1 st.tabiva ,st.ivaincl ,st.stns ,st.uni2 ,st.familia ,isnull(tx.taxa, 0) txiva ,unidade ,usalote ,epcpond ,noserie ,conversao ,st.texteis from st left join taxasiva tx on st.tabiva = tx.codigo where st.ref = '324.945.00.01'
20240812@180201.2732 nmomr3oieqrtuk11b64b4b166b Query : select 1 valor from information_schema.tables where table_type='base table' and table_name='wstablefields'
20240812@180201.2751 nmomr3oieqrtuk11b64b4b166b Query : select fieldkey,fieldname,fieldtype,mandatory from wstablefields where tablename = 'fi' and documentnumber = 39
20240812@180201.2783 nmomr3oieqrtuk11b64b4b166b Query : select 1 valor from information_schema.tables where table_type='base table' and table_name='wstablefields'
20240812@180201.2801 nmomr3oieqrtuk11b64b4b166b Query : select fieldkey,fieldname,fieldtype,mandatory from wstablefields where tablename = 'fi2' and documentnumber = 39
20240812@180201.2813 nmomr3oieqrtuk11b64b4b166b Query : select top 1 convert(numeric(6,2),t.taxa) valor from taxasiva t where t.codigo='2'
20240812@180201.2947 nmomr3oieqrtuk11b64b4b166b Query : select sestamp valor from se where ref ='324.945.00.01' and lote = 'r2200799100a'
20240812@180201.2996 nmomr3oieqrtuk11b64b4b166b Query : select 1 valor from information_schema.tables where table_type='base table' and table_name='wstablefields'
20240812@180201.3015 nmomr3oieqrtuk11b64b4b166b Query : select fieldkey,fieldname,fieldtype,calcformula from wstablefields where tablename = 'fi2' and documentnumber = 39
20240812@180201.3031 nmomr3oieqrtuk11b64b4b166b Query : insert into wsfi2data (fi2stamp,ftstamp ,ousrdata, ousrhora, usrdata,usrhora,ousrinis,usrinis) values ('aut66ba48115366ba400949','aut66ba49345766ba4008f0' ,getdate(),convert(char(8),convert (time,getdate())),getdate(),convert(char(8),convert (time,getdate())),'wsv','wsv')
20240812@180201.3035 nmomr3oieqrtuk11b64b4b166b Query : select 1 valor from information_schema.tables where table_type='base table' and table_name='wstablefields'
20240812@180201.3053 nmomr3oieqrtuk11b64b4b166b Query : select fieldkey,fieldname,fieldtype,calcformula from wstablefields where tablename = 'fi' and documentnumber = 39
20240812@180201.3088 nmomr3oieqrtuk11b64b4b166b Query : insert into wsfidata (fistamp,ousrdata, ousrhora, usrdata,usrhora,ousrinis,usrinis ,qtt ,ftstamp ,epv,pvmoeda ,tabiva,iva,lordem ,ref, design ,lote,armazem) values ('aut66ba48115366ba400949',getdate(),convert(char(8),convert (time,getdate())),getdate(),convert(char(8),convert (time,getdate())),'wsv','wsv',40.000 ,'aut66ba49345766ba4008f0' ,0,0 ,2,23.00,10000,?,?,?,?)
20240812@180201.3368 nmomr3oieqrtuk11b64b4b166b Query : use flama_phc
20240812@180201.3373 nmomr3oieqrtuk11b64b4b166b Query : select st.usalote valor from st where st.ref = '324.945.00.01'
20240812@180201.3397 nmomr3oieqrtuk11b64b4b166b Query : select top 1 st.tabiva ,st.ivaincl ,st.stns ,st.uni2 ,st.familia ,isnull(tx.taxa, 0) txiva ,unidade ,usalote ,epcpond ,noserie ,conversao ,st.texteis from st left join taxasiva tx on st.tabiva = tx.codigo where st.ref = '324.945.00.01'
20240812@180201.3415 nmomr3oieqrtuk11b64b4b166b Query : select 1 valor from information_schema.tables where table_type='base table' and table_name='wstablefields'
20240812@180201.3433 nmomr3oieqrtuk11b64b4b166b Query : select fieldkey,fieldname,fieldtype,mandatory from wstablefields where tablename = 'fi' and documentnumber = 39
20240812@180201.3469 nmomr3oieqrtuk11b64b4b166b Query : select 1 valor from information_schema.tables where table_type='base table' and table_name='wstablefields'
20240812@180201.3487 nmomr3oieqrtuk11b64b4b166b Query : select fieldkey,fieldname,fieldtype,mandatory from wstablefields where tablename = 'fi2' and documentnumber = 39
20240812@180201.3496 nmomr3oieqrtuk11b64b4b166b Query : select top 1 convert(numeric(6,2),t.taxa) valor from taxasiva t where t.codigo='2'
20240812@180201.3509 nmomr3oieqrtuk11b64b4b166b Query : select sestamp valor from se where ref ='324.945.00.01' and lote = 'r2200799100a'
20240812@180201.3580 nmomr3oieqrtuk11b64b4b166b Query : select 1 valor from information_schema.tables where table_type='base table' and table_name='wstablefields'
20240812@180201.3757 nmomr3oieqrtuk11b64b4b166b Query : select fieldkey,fieldname,fieldtype,calcformula from wstablefields where tablename = 'fi2' and documentnumber = 39
20240812@180201.3773 nmomr3oieqrtuk11b64b4b166b Query : insert into wsfi2data (fi2stamp,ftstamp ,ousrdata, ousrhora, usrdata,usrhora,ousrinis,usrinis) values ('aut66ba40215266ba400957','aut66ba49345766ba4008f0' ,getdate(),convert(char(8),convert (time,getdate())),getdate(),convert(char(8),convert (time,getdate())),'wsv','wsv')
20240812@180201.3778 nmomr3oieqrtuk11b64b4b166b Query : select 1 valor from information_schema.tables where table_type='base table' and table_name='wstablefields'
20240812@180201.3799 nmomr3oieqrtuk11b64b4b166b Query : select fieldkey,fieldname,fieldtype,calcformula from wstablefields where tablename = 'fi' and documentnumber = 39
20240812@180201.3835 nmomr3oieqrtuk11b64b4b166b Query : insert into wsfidata (fistamp,ousrdata, ousrhora, usrdata,usrhora,ousrinis,usrinis ,qtt ,ftstamp ,epv,pvmoeda ,tabiva,iva,lordem ,ref, design ,lote,armazem) values ('aut66ba40215266ba400957',getdate(),convert(char(8),convert (time,getdate())),getdate(),convert(char(8),convert (time,getdate())),'wsv','wsv',12.000 ,'aut66ba49345766ba4008f0' ,0,0 ,2,23.00,20000,?,?,?,?)
20240812@180201.4124 nmomr3oieqrtuk11b64b4b166b Query : use flama_phc
20240812@180201.4128 nmomr3oieqrtuk11b64b4b166b Query : select st.usalote valor from st where st.ref = '324.945.00.01'
20240812@180201.4150 nmomr3oieqrtuk11b64b4b166b Query : select top 1 st.tabiva ,st.ivaincl ,st.stns ,st.uni2 ,st.familia ,isnull(tx.taxa, 0) txiva ,unidade ,usalote ,epcpond ,noserie ,conversao ,st.texteis from st left join taxasiva tx on st.tabiva = tx.codigo where st.ref = '324.945.00.01'
20240812@180201.4168 nmomr3oieqrtuk11b64b4b166b Query : select 1 valor from information_schema.tables where table_type='base table' and table_name='wstablefields'
20240812@180201.4186 nmomr3oieqrtuk11b64b4b166b Query : select fieldkey,fieldname,fieldtype,mandatory from wstablefields where tablename = 'fi' and documentnumber = 39
20240812@180201.4219 nmomr3oieqrtuk11b64b4b166b Query : select 1 valor from information_schema.tables where table_type='base table' and table_name='wstablefields'
20240812@180201.4237 nmomr3oieqrtuk11b64b4b166b Query : select fieldkey,fieldname,fieldtype,mandatory from wstablefields where tablename = 'fi2' and documentnumber = 39
20240812@180201.4249 nmomr3oieqrtuk11b64b4b166b Query : select top 1 convert(numeric(6,2),t.taxa) valor from taxasiva t where t.codigo='2'
20240812@180201.4267 nmomr3oieqrtuk11b64b4b166b Query : select sestamp valor from se where ref ='324.945.00.01' and lote = 'r2200799100a'
20240812@180201.4283 nmomr3oieqrtuk11b64b4b166b Query : select 1 valor from information_schema.tables where table_type='base table' and table_name='wstablefields'
20240812@180201.4315 nmomr3oieqrtuk11b64b4b166b Query : select fieldkey,fieldname,fieldtype,calcformula from wstablefields where tablename = 'fi2' and documentnumber = 39
20240812@180201.4328 nmomr3oieqrtuk11b64b4b166b Query : insert into wsfi2data (fi2stamp,ftstamp ,ousrdata, ousrhora, usrdata,usrhora,ousrinis,usrinis) values ('aut66ba47255066ba400968','aut66ba49345766ba4008f0' ,getdate(),convert(char(8),convert (time,getdate())),getdate(),convert(char(8),convert (time,getdate())),'wsv','wsv')
20240812@180201.4333 nmomr3oieqrtuk11b64b4b166b Query : select 1 valor from information_schema.tables where table_type='base table' and table_name='wstablefields'
20240812@180201.4348 nmomr3oieqrtuk11b64b4b166b Query : select fieldkey,fieldname,fieldtype,calcformula from wstablefields where tablename = 'fi' and documentnumber = 39
20240812@180201.4379 nmomr3oieqrtuk11b64b4b166b Query : insert into wsfidata (fistamp,ousrdata, ousrhora, usrdata,usrhora,ousrinis,usrinis ,qtt ,ftstamp ,epv,pvmoeda ,tabiva,iva,lordem ,ref, design ,lote,armazem) values ('aut66ba47255066ba400968',getdate(),convert(char(8),convert (time,getdate())),getdate(),convert(char(8),convert (time,getdate())),'wsv','wsv',96.000 ,'aut66ba49345766ba4008f0' ,0,0 ,2,23.00,30000,?,?,?,?)
20240812@180201.4667 nmomr3oieqrtuk11b64b4b166b Query : insert into wsftcreationlog (initialftstamp,externalid,creationstatus,documenttypeid,idustamp) values ('aut66ba49345766ba4008f0','2405359','wait',39,'adm09112754980.682000002')
20240812@180201.4766 nmomr3oieqrtuk11b64b4b166b Query : use flama_phc
20240812@180201.4769 nmomr3oieqrtuk11b64b4b166b Query : update u_wsusers set rqsttoken =? where userid ='userls001'
20240812@180201.4807 nmomr3oieqrtuk11b64b4b166b Query : select concat(rtrim(relative_path),ltrim(name_new)) as valor from uploadfiles where uploadfile_id='1502';
20240812@180201.4837 nmomr3oieqrtuk11b64b4b166b Query : update uploadfiles set whenupdated=current_timestamp where uploadfile_id='1502';
20240812@180201.4887 nmomr3oieqrtuk11b64b4b166b Query : select concat(rtrim(relative_path),ltrim(name_new)) as valor from uploadfiles where uploadfile_id='1502';
20240812@180201.4911 nmomr3oieqrtuk11b64b4b166b Query : update uploadfiles set whenupdated=current_timestamp where uploadfile_id='1502';
20240812@180201.5611 0kc406vjs8cip98mnj5b12aa7d Query : insert into uploadfiles ( name_original, name_new, option_type, relative_path, whencreated ) values ( ?, ?, ?, ?, getdate() )
20240812@180201.5623 0kc406vjs8cip98mnj5b12aa7d Query : select uploadfile_id valor from uploadfiles where name_new = ? and option_type = ? 
20240812@180201.5684 0kc406vjs8cip98mnj5b12aa7d Query : select concat(rtrim(relative_path),ltrim(name_new)) as valor from uploadfiles where uploadfile_id='1503';
20240812@180201.5738 0kc406vjs8cip98mnj5b12aa7d Query : update uploadfiles set whenupdated=current_timestamp where uploadfile_id='1503';
20240812@180201.5792 0kc406vjs8cip98mnj5b12aa7d Query : select concat(rtrim(relative_path),ltrim(name_new)) as valor from uploadfiles where uploadfile_id='1503';
20240812@180201.5816 0kc406vjs8cip98mnj5b12aa7d Query : update uploadfiles set whenupdated=current_timestamp where uploadfile_id='1503';
20240812@180201.5864 0kc406vjs8cip98mnj5b12aa7d Query : use flama_phc
20240812@180201.5867 0kc406vjs8cip98mnj5b12aa7d Query : select top 1 secretkey valor from u_wsusers u where u.userid = ? and u.inactivo=0
20240812@180201.5941 0kc406vjs8cip98mnj5b12aa7d Query : use flama_phc
20240812@180201.5944 0kc406vjs8cip98mnj5b12aa7d Query : select no, estab,szadrsdesc from szadrs where u_coddest=4740
20240812@180201.5985 0kc406vjs8cip98mnj5b12aa7d Query : select top 1 isnull(design,'') valor from st (nolock) left join stobs (nolock) on st.ref = stobs.ref where st.ref = '324.4723.00.2'
20240812@180201.6153 0kc406vjs8cip98mnj5b12aa7d Query : select top 1 isnull(design,'') valor from st (nolock) left join stobs (nolock) on st.ref = stobs.ref where st.ref = '324.4723.00.2'
20240812@180201.6174 0kc406vjs8cip98mnj5b12aa7d Query : select top 1 isnull(design,'') valor from st (nolock) left join stobs (nolock) on st.ref = stobs.ref where st.ref = '324.4723.00.2'
20240812@180201.6194 0kc406vjs8cip98mnj5b12aa7d Query : use flama_phc
20240812@180201.6197 0kc406vjs8cip98mnj5b12aa7d Query : select top 1 convert(date,fdata) valor from ft where ndoc = 39 and anulado= 0 and fno>0 order by fdata desc
20240812@180201.6227 0kc406vjs8cip98mnj5b12aa7d Query : use flama_phc
20240812@180201.6230 0kc406vjs8cip98mnj5b12aa7d Query : select top 1 1 valor from td where td.ndoc = 39
20240812@180201.6262 0kc406vjs8cip98mnj5b12aa7d Query : use flama_phc
20240812@180201.6265 0kc406vjs8cip98mnj5b12aa7d Query : select lower(descricao) descricao ,case when valor='s' then 1 else 0 end valor from para1 where descricao in ('st_lote','st_usalogifunc', 'st_grelha')
20240812@180201.6301 0kc406vjs8cip98mnj5b12aa7d Query : select top 1 manternumero ,assinadoc issigned ,tiposaft ,assinaimp ,nmdos ,td.assinadoc ,'cl' origin ,lancasl stocks ,case when cmsl<50 and td.lancasl=1 then 1 else 0 end entrada ,case when cmsl>50 and td.lancasl=1 then 1 else 0 end saida ,temserie assets ,~semgre usegridfields from td inner join td2 on td.tdstamp=td2.td2stamp where td.ndoc = 1
20240812@180201.6336 0kc406vjs8cip98mnj5b12aa7d Query : use flama_phc
20240812@180201.6339 0kc406vjs8cip98mnj5b12aa7d Query : select top 1 ~inactivo valor from cl where no = '100810' and estab = 0 order by inactivo desc
20240812@180201.6369 0kc406vjs8cip98mnj5b12aa7d Query : use flama_phc
20240812@180201.6372 0kc406vjs8cip98mnj5b12aa7d Query : select top 1 tipodoc,regrd from td where ndoc = 39
20240812@180201.6401 0kc406vjs8cip98mnj5b12aa7d Query : use flama_phc
20240812@180201.6404 0kc406vjs8cip98mnj5b12aa7d Query : select szadrsstamp valor from szadrs where szadrsdesc='espaÇotrans,lda'
20240812@180201.6444 0kc406vjs8cip98mnj5b12aa7d Query : use flama_phc
20240812@180201.6446 0kc406vjs8cip98mnj5b12aa7d Query : select szadrsstamp valor from szadrs where szadrsdesc='100810 - worten-equipamentos para o lar,sa.'
20240812@180201.6493 0kc406vjs8cip98mnj5b12aa7d Query : use flama_phc
20240812@180201.6495 0kc406vjs8cip98mnj5b12aa7d Query : select 1 valor from td where ndoc = 39
20240812@180201.6507 0kc406vjs8cip98mnj5b12aa7d Query : select top 1 manternumero, tiposaft, nmdos,td.assinadoc from td where td.ndoc = 39
20240812@180201.6523 0kc406vjs8cip98mnj5b12aa7d Query : select 1 valor from information_schema.tables where table_type='base table' and table_name='wstablefields'
20240812@180201.6546 0kc406vjs8cip98mnj5b12aa7d Query : select fieldkey,fieldname,fieldtype,mandatory from wstablefields where tablename = 'ft' and documentnumber = 39
20240812@180201.6568 0kc406vjs8cip98mnj5b12aa7d Query : select 1 valor from information_schema.tables where table_type='base table' and table_name='wstablefields'
20240812@180201.6582 0kc406vjs8cip98mnj5b12aa7d Query : select fieldkey,fieldname,fieldtype,mandatory from wstablefields where tablename = 'ft2' and documentnumber = 39
20240812@180201.6611 0kc406vjs8cip98mnj5b12aa7d Query : select 1 valor from information_schema.tables where table_type='base table' and table_name='wstablefields'
20240812@180201.6626 0kc406vjs8cip98mnj5b12aa7d Query : select fieldkey,fieldname,fieldtype,mandatory from wstablefields where tablename = 'ft3' and documentnumber = 39
20240812@180201.6638 0kc406vjs8cip98mnj5b12aa7d Query : select top 1 ft.fno valor from ft ft where ft.ndoc = 39 and ftano=2024 order by fno desc
20240812@180201.6708 0kc406vjs8cip98mnj5b12aa7d Query : select top 1 ft.fno valor from wsftdata ft where ft.ndoc = 39 and ftano=2024 order by fno desc
20240812@180201.6721 0kc406vjs8cip98mnj5b12aa7d Query : select 1 valor from information_schema.tables where table_type='base table' and table_name='wstablefields'
20240812@180201.6739 0kc406vjs8cip98mnj5b12aa7d Query : select fieldkey,fieldname,fieldtype,calcformula from wstablefields where tablename = 'ft3' and documentnumber = 39
20240812@180201.6755 0kc406vjs8cip98mnj5b12aa7d Query : insert into wsft3data (ft3stamp, ousrdata, ousrhora, usrdata,usrhora,ousrinis,usrinis,taxpointdt ) values ('aut66ba42405166ba4009a2' ,getdate(),convert(char(8),convert (time,getdate())),getdate(),convert(char(8),convert (time,getdate())),'wsv','wsv',?)
20240812@180201.6949 0kc406vjs8cip98mnj5b12aa7d Query : select 1 valor from information_schema.tables where table_type='base table' and table_name='wstablefields'
20240812@180201.6966 0kc406vjs8cip98mnj5b12aa7d Query : select fieldkey,fieldname,fieldtype,calcformula from wstablefields where tablename = 'ft2' and documentnumber = 39
20240812@180201.6999 0kc406vjs8cip98mnj5b12aa7d Query : select top 1 bo.u_nomeenv valor from bo where bo.bostamp=''
20240812@180201.7012 0kc406vjs8cip98mnj5b12aa7d Query : select top 1 bo.u_moradaen valor from bo where bo.bostamp=''
20240812@180201.7025 0kc406vjs8cip98mnj5b12aa7d Query : select top 1 bo.u_codposen valor from bo where bo.bostamp=''
20240812@180201.7037 0kc406vjs8cip98mnj5b12aa7d Query : select top 1 bo.u_localenv valor from bo where bo.bostamp=''
20240812@180201.7051 0kc406vjs8cip98mnj5b12aa7d Query : select top 1 bo.trab5 valor from bo where bo.bostamp=''
20240812@180201.7062 0kc406vjs8cip98mnj5b12aa7d Query : select top 1 bo.serie valor from bo where bo.bostamp=''
20240812@180201.7074 0kc406vjs8cip98mnj5b12aa7d Query : insert into wsft2data (ft2stamp, ousrdata,ousrhora, usrdata,usrhora,ousrinis,usrinis,u_nomeenv ,u_moradaen ,u_codposen ,u_localenv ,u_coddest ,u_codby ) values ('aut66ba42405166ba4009a2',getdate(),convert(char(8),convert (time,getdate())),getdate(),convert(char(8),convert (time,getdate())),'wsv','wsv',?,?,?,?,?,?)
20240812@180201.7344 0kc406vjs8cip98mnj5b12aa7d Query : select top 1 fno valor from wsftdata order by fno desc
20240812@180201.7361 0kc406vjs8cip98mnj5b12aa7d Query : select 1 valor from information_schema.tables where table_type='base table' and table_name='wstablefields'
20240812@180201.7377 0kc406vjs8cip98mnj5b12aa7d Query : select fieldkey,fieldname,fieldtype,calcformula from wstablefields where tablename = 'ft' and documentnumber = 39
20240812@180201.7400 0kc406vjs8cip98mnj5b12aa7d Query : select 'normal' from dummy
20240812@180201.7415 0kc406vjs8cip98mnj5b12aa7d Query : insert into wsftdata (ftstamp, ousrdata,ousrhora, usrdata,usrhora,ousrinis,usrinis,fno,no,estab,fdata,ndoc,moeda,cambio,cambiofixo,ftano,site ,classe ) values ('aut66ba42405166ba4009a2',getdate(),convert(char(8),convert (time,getdate())),getdate(),convert(char(8),convert (time,getdate())),'wsv','wsv',321,100810,0,'2024-08-12',39,'euro',0,0,2024 ,?,?)
20240812@180201.7712 0kc406vjs8cip98mnj5b12aa7d Query : use flama_phc
20240812@180201.7716 0kc406vjs8cip98mnj5b12aa7d Query : select st.usalote valor from st where st.ref = '324.4723.00.2'
20240812@180201.7737 0kc406vjs8cip98mnj5b12aa7d Query : select top 1 st.tabiva ,st.ivaincl ,st.stns ,st.uni2 ,st.familia ,isnull(tx.taxa, 0) txiva ,unidade ,usalote ,epcpond ,noserie ,conversao ,st.texteis from st left join taxasiva tx on st.tabiva = tx.codigo where st.ref = '324.4723.00.2'
20240812@180201.7902 0kc406vjs8cip98mnj5b12aa7d Query : select 1 valor from information_schema.tables where table_type='base table' and table_name='wstablefields'
20240812@180201.7918 0kc406vjs8cip98mnj5b12aa7d Query : select fieldkey,fieldname,fieldtype,mandatory from wstablefields where tablename = 'fi' and documentnumber = 39
20240812@180201.7945 0kc406vjs8cip98mnj5b12aa7d Query : select 1 valor from information_schema.tables where table_type='base table' and table_name='wstablefields'
20240812@180201.7961 0kc406vjs8cip98mnj5b12aa7d Query : select fieldkey,fieldname,fieldtype,mandatory from wstablefields where tablename = 'fi2' and documentnumber = 39
20240812@180201.7969 0kc406vjs8cip98mnj5b12aa7d Query : select top 1 convert(numeric(6,2),t.taxa) valor from taxasiva t where t.codigo='2'
20240812@180201.7982 0kc406vjs8cip98mnj5b12aa7d Query : select sestamp valor from se where ref ='324.4723.00.2' and lote = 'r2200682200a'
20240812@180201.8004 0kc406vjs8cip98mnj5b12aa7d Query : select 1 valor from information_schema.tables where table_type='base table' and table_name='wstablefields'
20240812@180201.8020 0kc406vjs8cip98mnj5b12aa7d Query : select fieldkey,fieldname,fieldtype,calcformula from wstablefields where tablename = 'fi2' and documentnumber = 39
20240812@180201.8032 0kc406vjs8cip98mnj5b12aa7d Query : insert into wsfi2data (fi2stamp,ftstamp ,ousrdata, ousrhora, usrdata,usrhora,ousrinis,usrinis) values ('aut66ba40728766ba4009c3','aut66ba42405166ba4009a2' ,getdate(),convert(char(8),convert (time,getdate())),getdate(),convert(char(8),convert (time,getdate())),'wsv','wsv')
20240812@180201.8037 0kc406vjs8cip98mnj5b12aa7d Query : select 1 valor from information_schema.tables where table_type='base table' and table_name='wstablefields'
20240812@180201.8052 0kc406vjs8cip98mnj5b12aa7d Query : select fieldkey,fieldname,fieldtype,calcformula from wstablefields where tablename = 'fi' and documentnumber = 39
20240812@180201.8082 0kc406vjs8cip98mnj5b12aa7d Query : insert into wsfidata (fistamp,ousrdata, ousrhora, usrdata,usrhora,ousrinis,usrinis ,qtt ,ftstamp ,epv,pvmoeda ,tabiva,iva,lordem ,ref, design ,lote,armazem) values ('aut66ba40728766ba4009c3',getdate(),convert(char(8),convert (time,getdate())),getdate(),convert(char(8),convert (time,getdate())),'wsv','wsv',24.000 ,'aut66ba42405166ba4009a2' ,0,0 ,2,23.00,10000,?,?,?,?)
20240812@180201.9129 0kc406vjs8cip98mnj5b12aa7d Query : use flama_phc
20240812@180201.9132 0kc406vjs8cip98mnj5b12aa7d Query : select st.usalote valor from st where st.ref = '324.4723.00.2'
20240812@180201.9152 0kc406vjs8cip98mnj5b12aa7d Query : select top 1 st.tabiva ,st.ivaincl ,st.stns ,st.uni2 ,st.familia ,isnull(tx.taxa, 0) txiva ,unidade ,usalote ,epcpond ,noserie ,conversao ,st.texteis from st left join taxasiva tx on st.tabiva = tx.codigo where st.ref = '324.4723.00.2'
20240812@180201.9169 0kc406vjs8cip98mnj5b12aa7d Query : select 1 valor from information_schema.tables where table_type='base table' and table_name='wstablefields'
20240812@180201.9185 0kc406vjs8cip98mnj5b12aa7d Query : select fieldkey,fieldname,fieldtype,mandatory from wstablefields where tablename = 'fi' and documentnumber = 39
20240812@180201.9212 0kc406vjs8cip98mnj5b12aa7d Query : select 1 valor from information_schema.tables where table_type='base table' and table_name='wstablefields'
20240812@180201.9226 0kc406vjs8cip98mnj5b12aa7d Query : select fieldkey,fieldname,fieldtype,mandatory from wstablefields where tablename = 'fi2' and documentnumber = 39
20240812@180201.9235 0kc406vjs8cip98mnj5b12aa7d Query : select top 1 convert(numeric(6,2),t.taxa) valor from taxasiva t where t.codigo='2'
20240812@180201.9468 0kc406vjs8cip98mnj5b12aa7d Query : select sestamp valor from se where ref ='324.4723.00.2' and lote = 'r2200682200a'
20240812@180201.9482 0kc406vjs8cip98mnj5b12aa7d Query : select 1 valor from information_schema.tables where table_type='base table' and table_name='wstablefields'
20240812@180201.9498 0kc406vjs8cip98mnj5b12aa7d Query : select fieldkey,fieldname,fieldtype,calcformula from wstablefields where tablename = 'fi2' and documentnumber = 39
20240812@180201.9511 0kc406vjs8cip98mnj5b12aa7d Query : insert into wsfi2data (fi2stamp,ftstamp ,ousrdata, ousrhora, usrdata,usrhora,ousrinis,usrinis) values ('aut66ba45786766ba4009e7','aut66ba42405166ba4009a2' ,getdate(),convert(char(8),convert (time,getdate())),getdate(),convert(char(8),convert (time,getdate())),'wsv','wsv')
20240812@180201.9516 0kc406vjs8cip98mnj5b12aa7d Query : select 1 valor from information_schema.tables where table_type='base table' and table_name='wstablefields'
20240812@180201.9531 0kc406vjs8cip98mnj5b12aa7d Query : select fieldkey,fieldname,fieldtype,calcformula from wstablefields where tablename = 'fi' and documentnumber = 39
20240812@180201.9564 0kc406vjs8cip98mnj5b12aa7d Query : insert into wsfidata (fistamp,ousrdata, ousrhora, usrdata,usrhora,ousrinis,usrinis ,qtt ,ftstamp ,epv,pvmoeda ,tabiva,iva,lordem ,ref, design ,lote,armazem) values ('aut66ba45786766ba4009e7',getdate(),convert(char(8),convert (time,getdate())),getdate(),convert(char(8),convert (time,getdate())),'wsv','wsv',15.000 ,'aut66ba42405166ba4009a2' ,0,0 ,2,23.00,20000,?,?,?,?)
20240812@180201.9848 0kc406vjs8cip98mnj5b12aa7d Query : use flama_phc
20240812@180201.9852 0kc406vjs8cip98mnj5b12aa7d Query : select st.usalote valor from st where st.ref = '324.4723.00.2'
20240812@180201.9873 0kc406vjs8cip98mnj5b12aa7d Query : select top 1 st.tabiva ,st.ivaincl ,st.stns ,st.uni2 ,st.familia ,isnull(tx.taxa, 0) txiva ,unidade ,usalote ,epcpond ,noserie ,conversao ,st.texteis from st left join taxasiva tx on st.tabiva = tx.codigo where st.ref = '324.4723.00.2'
20240812@180201.9888 0kc406vjs8cip98mnj5b12aa7d Query : select 1 valor from information_schema.tables where table_type='base table' and table_name='wstablefields'
20240812@180202.5050 0kc406vjs8cip98mnj5b12aa7d Query : select fieldkey,fieldname,fieldtype,mandatory from wstablefields where tablename = 'fi' and documentnumber = 39
20240812@180202.1272 0kc406vjs8cip98mnj5b12aa7d Query : select 1 valor from information_schema.tables where table_type='base table' and table_name='wstablefields'
20240812@180202.1290 0kc406vjs8cip98mnj5b12aa7d Query : select fieldkey,fieldname,fieldtype,mandatory from wstablefields where tablename = 'fi2' and documentnumber = 39
20240812@180202.1298 0kc406vjs8cip98mnj5b12aa7d Query : select top 1 convert(numeric(6,2),t.taxa) valor from taxasiva t where t.codigo='2'
20240812@180202.1311 0kc406vjs8cip98mnj5b12aa7d Query : select sestamp valor from se where ref ='324.4723.00.2' and lote = 'r2200682200a'
20240812@180202.1344 0kc406vjs8cip98mnj5b12aa7d Query : select 1 valor from information_schema.tables where table_type='base table' and table_name='wstablefields'
20240812@180202.1359 0kc406vjs8cip98mnj5b12aa7d Query : select fieldkey,fieldname,fieldtype,calcformula from wstablefields where tablename = 'fi2' and documentnumber = 39
20240812@180202.1371 0kc406vjs8cip98mnj5b12aa7d Query : insert into wsfi2data (fi2stamp,ftstamp ,ousrdata, ousrhora, usrdata,usrhora,ousrinis,usrinis) values ('aut66ba49491666ba400a20','aut66ba42405166ba4009a2' ,getdate(),convert(char(8),convert (time,getdate())),getdate(),convert(char(8),convert (time,getdate())),'wsv','wsv')
20240812@180202.1375 0kc406vjs8cip98mnj5b12aa7d Query : select 1 valor from information_schema.tables where table_type='base table' and table_name='wstablefields'
20240812@180202.1390 0kc406vjs8cip98mnj5b12aa7d Query : select fieldkey,fieldname,fieldtype,calcformula from wstablefields where tablename = 'fi' and documentnumber = 39
20240812@180202.1420 0kc406vjs8cip98mnj5b12aa7d Query : insert into wsfidata (fistamp,ousrdata, ousrhora, usrdata,usrhora,ousrinis,usrinis ,qtt ,ftstamp ,epv,pvmoeda ,tabiva,iva,lordem ,ref, design ,lote,armazem) values ('aut66ba49491666ba400a20',getdate(),convert(char(8),convert (time,getdate())),getdate(),convert(char(8),convert (time,getdate())),'wsv','wsv',60.000 ,'aut66ba42405166ba4009a2' ,0,0 ,2,23.00,30000,?,?,?,?)
20240812@180202.1693 0kc406vjs8cip98mnj5b12aa7d Query : insert into wsftcreationlog (initialftstamp,externalid,creationstatus,documenttypeid,idustamp) values ('aut66ba42405166ba4009a2','2405360','wait',39,'adm09112754980.682000002')
20240812@180202.1771 0kc406vjs8cip98mnj5b12aa7d Query : use flama_phc
20240812@180202.1774 0kc406vjs8cip98mnj5b12aa7d Query : update u_wsusers set rqsttoken =? where userid ='userls001'
20240812@180202.1803 0kc406vjs8cip98mnj5b12aa7d Query : select concat(rtrim(relative_path),ltrim(name_new)) as valor from uploadfiles where uploadfile_id='1503';
20240812@180202.1832 0kc406vjs8cip98mnj5b12aa7d Query : update uploadfiles set whenupdated=current_timestamp where uploadfile_id='1503';
20240812@180202.1867 0kc406vjs8cip98mnj5b12aa7d Query : select concat(rtrim(relative_path),ltrim(name_new)) as valor from uploadfiles where uploadfile_id='1503';
20240812@180202.1900 0kc406vjs8cip98mnj5b12aa7d Query : update uploadfiles set whenupdated=current_timestamp where uploadfile_id='1503';
20240812@180202.2723 4nf2250kp8j6r93ll8nf261362 Query : insert into uploadfiles ( name_original, name_new, option_type, relative_path, whencreated ) values ( ?, ?, ?, ?, getdate() )
20240812@180202.2744 4nf2250kp8j6r93ll8nf261362 Query : select uploadfile_id valor from uploadfiles where name_new = ? and option_type = ? 
20240812@180202.2794 4nf2250kp8j6r93ll8nf261362 Query : select concat(rtrim(relative_path),ltrim(name_new)) as valor from uploadfiles where uploadfile_id='1504';
20240812@180202.2847 4nf2250kp8j6r93ll8nf261362 Query : update uploadfiles set whenupdated=current_timestamp where uploadfile_id='1504';
20240812@180202.2898 4nf2250kp8j6r93ll8nf261362 Query : select concat(rtrim(relative_path),ltrim(name_new)) as valor from uploadfiles where uploadfile_id='1504';
20240812@180202.2921 4nf2250kp8j6r93ll8nf261362 Query : update uploadfiles set whenupdated=current_timestamp where uploadfile_id='1504';
20240812@180202.3016 4nf2250kp8j6r93ll8nf261362 Query : use flama_phc
20240812@180202.3059 4nf2250kp8j6r93ll8nf261362 Query : select top 1 secretkey valor from u_wsusers u where u.userid = ? and u.inactivo=0
20240812@180202.3196 4nf2250kp8j6r93ll8nf261362 Query : use flama_phc
20240812@180202.3200 4nf2250kp8j6r93ll8nf261362 Query : select no, estab,szadrsdesc from szadrs where u_coddest=4740
20240812@180202.3433 4nf2250kp8j6r93ll8nf261362 Query : select top 1 isnull(design,'') valor from st (nolock) left join stobs (nolock) on st.ref = stobs.ref where st.ref = '324.4840.00.1'
20240812@180202.3726 4nf2250kp8j6r93ll8nf261362 Query : select top 1 isnull(design,'') valor from st (nolock) left join stobs (nolock) on st.ref = stobs.ref where st.ref = '324.4840.00.1'
20240812@180202.3747 4nf2250kp8j6r93ll8nf261362 Query : use flama_phc
20240812@180202.3750 4nf2250kp8j6r93ll8nf261362 Query : select top 1 convert(date,fdata) valor from ft where ndoc = 39 and anulado= 0 and fno>0 order by fdata desc
20240812@180202.3785 4nf2250kp8j6r93ll8nf261362 Query : use flama_phc
20240812@180202.3789 4nf2250kp8j6r93ll8nf261362 Query : select top 1 1 valor from td where td.ndoc = 39
20240812@180202.3829 4nf2250kp8j6r93ll8nf261362 Query : use flama_phc
20240812@180202.3832 4nf2250kp8j6r93ll8nf261362 Query : select lower(descricao) descricao ,case when valor='s' then 1 else 0 end valor from para1 where descricao in ('st_lote','st_usalogifunc', 'st_grelha')
20240812@180202.3860 4nf2250kp8j6r93ll8nf261362 Query : select top 1 manternumero ,assinadoc issigned ,tiposaft ,assinaimp ,nmdos ,td.assinadoc ,'cl' origin ,lancasl stocks ,case when cmsl<50 and td.lancasl=1 then 1 else 0 end entrada ,case when cmsl>50 and td.lancasl=1 then 1 else 0 end saida ,temserie assets ,~semgre usegridfields from td inner join td2 on td.tdstamp=td2.td2stamp where td.ndoc = 1
20240812@180202.3897 4nf2250kp8j6r93ll8nf261362 Query : use flama_phc
20240812@180202.3900 4nf2250kp8j6r93ll8nf261362 Query : select top 1 ~inactivo valor from cl where no = '100810' and estab = 0 order by inactivo desc
20240812@180202.3929 4nf2250kp8j6r93ll8nf261362 Query : use flama_phc
20240812@180202.3932 4nf2250kp8j6r93ll8nf261362 Query : select top 1 tipodoc,regrd from td where ndoc = 39
20240812@180202.3961 4nf2250kp8j6r93ll8nf261362 Query : use flama_phc
20240812@180202.3964 4nf2250kp8j6r93ll8nf261362 Query : select szadrsstamp valor from szadrs where szadrsdesc='espaÇotrans,lda'
20240812@180202.4005 4nf2250kp8j6r93ll8nf261362 Query : use flama_phc
20240812@180202.4008 4nf2250kp8j6r93ll8nf261362 Query : select szadrsstamp valor from szadrs where szadrsdesc='100810 - worten-equipamentos para o lar,sa.'
20240812@180202.4056 4nf2250kp8j6r93ll8nf261362 Query : use flama_phc
20240812@180202.4062 4nf2250kp8j6r93ll8nf261362 Query : select 1 valor from td where ndoc = 39
20240812@180202.4076 4nf2250kp8j6r93ll8nf261362 Query : select top 1 manternumero, tiposaft, nmdos,td.assinadoc from td where td.ndoc = 39
20240812@180202.4091 4nf2250kp8j6r93ll8nf261362 Query : select 1 valor from information_schema.tables where table_type='base table' and table_name='wstablefields'
20240812@180202.4119 4nf2250kp8j6r93ll8nf261362 Query : select fieldkey,fieldname,fieldtype,mandatory from wstablefields where tablename = 'ft' and documentnumber = 39
20240812@180202.4139 4nf2250kp8j6r93ll8nf261362 Query : select 1 valor from information_schema.tables where table_type='base table' and table_name='wstablefields'
20240812@180202.4154 4nf2250kp8j6r93ll8nf261362 Query : select fieldkey,fieldname,fieldtype,mandatory from wstablefields where tablename = 'ft2' and documentnumber = 39
20240812@180202.4184 4nf2250kp8j6r93ll8nf261362 Query : select 1 valor from information_schema.tables where table_type='base table' and table_name='wstablefields'
20240812@180202.4198 4nf2250kp8j6r93ll8nf261362 Query : select fieldkey,fieldname,fieldtype,mandatory from wstablefields where tablename = 'ft3' and documentnumber = 39
20240812@180202.4211 4nf2250kp8j6r93ll8nf261362 Query : select top 1 ft.fno valor from ft ft where ft.ndoc = 39 and ftano=2024 order by fno desc
20240812@180202.4289 4nf2250kp8j6r93ll8nf261362 Query : select top 1 ft.fno valor from wsftdata ft where ft.ndoc = 39 and ftano=2024 order by fno desc
20240812@180202.4303 4nf2250kp8j6r93ll8nf261362 Query : select 1 valor from information_schema.tables where table_type='base table' and table_name='wstablefields'
20240812@180202.4320 4nf2250kp8j6r93ll8nf261362 Query : select fieldkey,fieldname,fieldtype,calcformula from wstablefields where tablename = 'ft3' and documentnumber = 39
20240812@180202.4336 4nf2250kp8j6r93ll8nf261362 Query : insert into wsft3data (ft3stamp, ousrdata, ousrhora, usrdata,usrhora,ousrinis,usrinis,taxpointdt ) values ('aut66ba44334966ba400a66' ,getdate(),convert(char(8),convert (time,getdate())),getdate(),convert(char(8),convert (time,getdate())),'wsv','wsv',?)
20240812@180202.4538 4nf2250kp8j6r93ll8nf261362 Query : select 1 valor from information_schema.tables where table_type='base table' and table_name='wstablefields'
20240812@180202.4555 4nf2250kp8j6r93ll8nf261362 Query : select fieldkey,fieldname,fieldtype,calcformula from wstablefields where tablename = 'ft2' and documentnumber = 39
20240812@180202.4590 4nf2250kp8j6r93ll8nf261362 Query : select top 1 bo.u_nomeenv valor from bo where bo.bostamp=''
20240812@180202.4605 4nf2250kp8j6r93ll8nf261362 Query : select top 1 bo.u_moradaen valor from bo where bo.bostamp=''
20240812@180202.4617 4nf2250kp8j6r93ll8nf261362 Query : select top 1 bo.u_codposen valor from bo where bo.bostamp=''
20240812@180202.4630 4nf2250kp8j6r93ll8nf261362 Query : select top 1 bo.u_localenv valor from bo where bo.bostamp=''
20240812@180202.4642 4nf2250kp8j6r93ll8nf261362 Query : select top 1 bo.trab5 valor from bo where bo.bostamp=''
20240812@180202.4656 4nf2250kp8j6r93ll8nf261362 Query : select top 1 bo.serie valor from bo where bo.bostamp=''
20240812@180202.4669 4nf2250kp8j6r93ll8nf261362 Query : insert into wsft2data (ft2stamp, ousrdata,ousrhora, usrdata,usrhora,ousrinis,usrinis,u_nomeenv ,u_moradaen ,u_codposen ,u_localenv ,u_coddest ,u_codby ) values ('aut66ba44334966ba400a66',getdate(),convert(char(8),convert (time,getdate())),getdate(),convert(char(8),convert (time,getdate())),'wsv','wsv',?,?,?,?,?,?)
20240812@180202.4939 4nf2250kp8j6r93ll8nf261362 Query : select top 1 fno valor from wsftdata order by fno desc
20240812@180202.4957 4nf2250kp8j6r93ll8nf261362 Query : select 1 valor from information_schema.tables where table_type='base table' and table_name='wstablefields'
20240812@180202.4987 4nf2250kp8j6r93ll8nf261362 Query : select fieldkey,fieldname,fieldtype,calcformula from wstablefields where tablename = 'ft' and documentnumber = 39
20240812@180202.5010 4nf2250kp8j6r93ll8nf261362 Query : select 'normal' from dummy
20240812@180202.5026 4nf2250kp8j6r93ll8nf261362 Query : insert into wsftdata (ftstamp, ousrdata,ousrhora, usrdata,usrhora,ousrinis,usrinis,fno,no,estab,fdata,ndoc,moeda,cambio,cambiofixo,ftano,site ,classe ) values ('aut66ba44334966ba400a66',getdate(),convert(char(8),convert (time,getdate())),getdate(),convert(char(8),convert (time,getdate())),'wsv','wsv',322,100810,0,'2024-08-12',39,'euro',0,0,2024 ,?,?)
20240812@180202.5346 4nf2250kp8j6r93ll8nf261362 Query : use flama_phc
20240812@180202.5349 4nf2250kp8j6r93ll8nf261362 Query : select st.usalote valor from st where st.ref = '324.4840.00.1'
20240812@180202.5371 4nf2250kp8j6r93ll8nf261362 Query : select top 1 st.tabiva ,st.ivaincl ,st.stns ,st.uni2 ,st.familia ,isnull(tx.taxa, 0) txiva ,unidade ,usalote ,epcpond ,noserie ,conversao ,st.texteis from st left join taxasiva tx on st.tabiva = tx.codigo where st.ref = '324.4840.00.1'
20240812@180202.5548 4nf2250kp8j6r93ll8nf261362 Query : select 1 valor from information_schema.tables where table_type='base table' and table_name='wstablefields'
20240812@180202.5566 4nf2250kp8j6r93ll8nf261362 Query : select fieldkey,fieldname,fieldtype,mandatory from wstablefields where tablename = 'fi' and documentnumber = 39
20240812@180202.5594 4nf2250kp8j6r93ll8nf261362 Query : select 1 valor from information_schema.tables where table_type='base table' and table_name='wstablefields'
20240812@180202.5608 4nf2250kp8j6r93ll8nf261362 Query : select fieldkey,fieldname,fieldtype,mandatory from wstablefields where tablename = 'fi2' and documentnumber = 39
20240812@180202.5617 4nf2250kp8j6r93ll8nf261362 Query : select top 1 convert(numeric(6,2),t.taxa) valor from taxasiva t where t.codigo='2'
20240812@180202.5630 4nf2250kp8j6r93ll8nf261362 Query : select sestamp valor from se where ref ='324.4840.00.1' and lote = 'r2400064200a'
20240812@180202.5643 4nf2250kp8j6r93ll8nf261362 Query : select 1 valor from information_schema.tables where table_type='base table' and table_name='wstablefields'
20240812@180202.5658 4nf2250kp8j6r93ll8nf261362 Query : select fieldkey,fieldname,fieldtype,calcformula from wstablefields where tablename = 'fi2' and documentnumber = 39
20240812@180202.5670 4nf2250kp8j6r93ll8nf261362 Query : insert into wsfi2data (fi2stamp,ftstamp ,ousrdata, ousrhora, usrdata,usrhora,ousrinis,usrinis) values ('aut66ba48804066ba400a89','aut66ba44334966ba400a66' ,getdate(),convert(char(8),convert (time,getdate())),getdate(),convert(char(8),convert (time,getdate())),'wsv','wsv')
20240812@180202.5674 4nf2250kp8j6r93ll8nf261362 Query : select 1 valor from information_schema.tables where table_type='base table' and table_name='wstablefields'
20240812@180202.5689 4nf2250kp8j6r93ll8nf261362 Query : select fieldkey,fieldname,fieldtype,calcformula from wstablefields where tablename = 'fi' and documentnumber = 39
20240812@180202.5719 4nf2250kp8j6r93ll8nf261362 Query : insert into wsfidata (fistamp,ousrdata, ousrhora, usrdata,usrhora,ousrinis,usrinis ,qtt ,ftstamp ,epv,pvmoeda ,tabiva,iva,lordem ,ref, design ,lote,armazem) values ('aut66ba48804066ba400a89',getdate(),convert(char(8),convert (time,getdate())),getdate(),convert(char(8),convert (time,getdate())),'wsv','wsv',4.000 ,'aut66ba44334966ba400a66' ,0,0 ,2,23.00,10000,?,?,?,?)
20240812@180202.5988 4nf2250kp8j6r93ll8nf261362 Query : use flama_phc
20240812@180202.5992 4nf2250kp8j6r93ll8nf261362 Query : select st.usalote valor from st where st.ref = '324.4840.00.1'
20240812@180202.6013 4nf2250kp8j6r93ll8nf261362 Query : select top 1 st.tabiva ,st.ivaincl ,st.stns ,st.uni2 ,st.familia ,isnull(tx.taxa, 0) txiva ,unidade ,usalote ,epcpond ,noserie ,conversao ,st.texteis from st left join taxasiva tx on st.tabiva = tx.codigo where st.ref = '324.4840.00.1'
20240812@180202.6031 4nf2250kp8j6r93ll8nf261362 Query : select 1 valor from information_schema.tables where table_type='base table' and table_name='wstablefields'
20240812@180202.6069 4nf2250kp8j6r93ll8nf261362 Query : select fieldkey,fieldname,fieldtype,mandatory from wstablefields where tablename = 'fi' and documentnumber = 39
20240812@180202.6097 4nf2250kp8j6r93ll8nf261362 Query : select 1 valor from information_schema.tables where table_type='base table' and table_name='wstablefields'
20240812@180202.6112 4nf2250kp8j6r93ll8nf261362 Query : select fieldkey,fieldname,fieldtype,mandatory from wstablefields where tablename = 'fi2' and documentnumber = 39
20240812@180202.6122 4nf2250kp8j6r93ll8nf261362 Query : select top 1 convert(numeric(6,2),t.taxa) valor from taxasiva t where t.codigo='2'
20240812@180202.6135 4nf2250kp8j6r93ll8nf261362 Query : select sestamp valor from se where ref ='324.4840.00.1' and lote = 'r2400064200a'
20240812@180202.6149 4nf2250kp8j6r93ll8nf261362 Query : select 1 valor from information_schema.tables where table_type='base table' and table_name='wstablefields'
20240812@180202.6166 4nf2250kp8j6r93ll8nf261362 Query : select fieldkey,fieldname,fieldtype,calcformula from wstablefields where tablename = 'fi2' and documentnumber = 39
20240812@180202.6180 4nf2250kp8j6r93ll8nf261362 Query : insert into wsfi2data (fi2stamp,ftstamp ,ousrdata, ousrhora, usrdata,usrhora,ousrinis,usrinis) values ('aut66ba42821766ba400a96','aut66ba44334966ba400a66' ,getdate(),convert(char(8),convert (time,getdate())),getdate(),convert(char(8),convert (time,getdate())),'wsv','wsv')
20240812@180202.6185 4nf2250kp8j6r93ll8nf261362 Query : select 1 valor from information_schema.tables where table_type='base table' and table_name='wstablefields'
20240812@180202.6216 4nf2250kp8j6r93ll8nf261362 Query : select fieldkey,fieldname,fieldtype,calcformula from wstablefields where tablename = 'fi' and documentnumber = 39
20240812@180202.6248 4nf2250kp8j6r93ll8nf261362 Query : insert into wsfidata (fistamp,ousrdata, ousrhora, usrdata,usrhora,ousrinis,usrinis ,qtt ,ftstamp ,epv,pvmoeda ,tabiva,iva,lordem ,ref, design ,lote,armazem) values ('aut66ba42821766ba400a96',getdate(),convert(char(8),convert (time,getdate())),getdate(),convert(char(8),convert (time,getdate())),'wsv','wsv',36.000 ,'aut66ba44334966ba400a66' ,0,0 ,2,23.00,20000,?,?,?,?)
20240812@180202.6516 4nf2250kp8j6r93ll8nf261362 Query : insert into wsftcreationlog (initialftstamp,externalid,creationstatus,documenttypeid,idustamp) values ('aut66ba44334966ba400a66','2405361','wait',39,'adm09112754980.682000002')
20240812@180202.6599 4nf2250kp8j6r93ll8nf261362 Query : use flama_phc
20240812@180202.6603 4nf2250kp8j6r93ll8nf261362 Query : update u_wsusers set rqsttoken =? where userid ='userls001'
20240812@180202.6679 4nf2250kp8j6r93ll8nf261362 Query : select concat(rtrim(relative_path),ltrim(name_new)) as valor from uploadfiles where uploadfile_id='1504';
20240812@180202.6709 4nf2250kp8j6r93ll8nf261362 Query : update uploadfiles set whenupdated=current_timestamp where uploadfile_id='1504';
20240812@180202.6751 4nf2250kp8j6r93ll8nf261362 Query : select concat(rtrim(relative_path),ltrim(name_new)) as valor from uploadfiles where uploadfile_id='1504';
20240812@180202.6782 4nf2250kp8j6r93ll8nf261362 Query : update uploadfiles set whenupdated=current_timestamp where uploadfile_id='1504';
20240812@180202.9178 8rhfvm2d4kgp3tedjhn26iakr4 Query : insert into uploadfiles ( name_original, name_new, option_type, relative_path, whencreated ) values ( ?, ?, ?, ?, getdate() )
20240812@180202.9193 8rhfvm2d4kgp3tedjhn26iakr4 Query : select uploadfile_id valor from uploadfiles where name_new = ? and option_type = ? 
20240812@180202.9248 8rhfvm2d4kgp3tedjhn26iakr4 Query : select concat(rtrim(relative_path),ltrim(name_new)) as valor from uploadfiles where uploadfile_id='1505';
20240812@180202.9315 8rhfvm2d4kgp3tedjhn26iakr4 Query : update uploadfiles set whenupdated=current_timestamp where uploadfile_id='1505';
20240812@180202.9365 8rhfvm2d4kgp3tedjhn26iakr4 Query : select concat(rtrim(relative_path),ltrim(name_new)) as valor from uploadfiles where uploadfile_id='1505';
20240812@180202.9389 8rhfvm2d4kgp3tedjhn26iakr4 Query : update uploadfiles set whenupdated=current_timestamp where uploadfile_id='1505';
20240812@180202.9435 8rhfvm2d4kgp3tedjhn26iakr4 Query : use flama_phc
20240812@180202.9439 8rhfvm2d4kgp3tedjhn26iakr4 Query : select top 1 secretkey valor from u_wsusers u where u.userid = ? and u.inactivo=0
20240812@180202.9719 8rhfvm2d4kgp3tedjhn26iakr4 Query : use flama_phc
20240812@180202.9725 8rhfvm2d4kgp3tedjhn26iakr4 Query : select no, estab,szadrsdesc from szadrs where u_coddest=4740
20240812@180202.9768 8rhfvm2d4kgp3tedjhn26iakr4 Query : select top 1 isnull(design,'') valor from st (nolock) left join stobs (nolock) on st.ref = stobs.ref where st.ref = '324.946.00.01'
20240812@180202.9939 8rhfvm2d4kgp3tedjhn26iakr4 Query : select top 1 isnull(design,'') valor from st (nolock) left join stobs (nolock) on st.ref = stobs.ref where st.ref = '324.946.00.01'
20240812@180202.9970 8rhfvm2d4kgp3tedjhn26iakr4 Query : select top 1 isnull(design,'') valor from st (nolock) left join stobs (nolock) on st.ref = stobs.ref where st.ref = '324.946.00.01'
20240812@180202.9990 8rhfvm2d4kgp3tedjhn26iakr4 Query : use flama_phc
20240812@180202.9993 8rhfvm2d4kgp3tedjhn26iakr4 Query : select top 1 convert(date,fdata) valor from ft where ndoc = 39 and anulado= 0 and fno>0 order by fdata desc
20240812@180203.2500 8rhfvm2d4kgp3tedjhn26iakr4 Query : use flama_phc
20240812@180203.2800 8rhfvm2d4kgp3tedjhn26iakr4 Query : select top 1 1 valor from td where td.ndoc = 39
20240812@180203.5700 8rhfvm2d4kgp3tedjhn26iakr4 Query : use flama_phc
20240812@180203.6000 8rhfvm2d4kgp3tedjhn26iakr4 Query : select lower(descricao) descricao ,case when valor='s' then 1 else 0 end valor from para1 where descricao in ('st_lote','st_usalogifunc', 'st_grelha')
20240812@180203.8800 8rhfvm2d4kgp3tedjhn26iakr4 Query : select top 1 manternumero ,assinadoc issigned ,tiposaft ,assinaimp ,nmdos ,td.assinadoc ,'cl' origin ,lancasl stocks ,case when cmsl<50 and td.lancasl=1 then 1 else 0 end entrada ,case when cmsl>50 and td.lancasl=1 then 1 else 0 end saida ,temserie assets ,~semgre usegridfields from td inner join td2 on td.tdstamp=td2.td2stamp where td.ndoc = 1
20240812@180203.1240 8rhfvm2d4kgp3tedjhn26iakr4 Query : use flama_phc
20240812@180203.1260 8rhfvm2d4kgp3tedjhn26iakr4 Query : select top 1 ~inactivo valor from cl where no = '100810' and estab = 0 order by inactivo desc
20240812@180203.1580 8rhfvm2d4kgp3tedjhn26iakr4 Query : use flama_phc
20240812@180203.1610 8rhfvm2d4kgp3tedjhn26iakr4 Query : select top 1 tipodoc,regrd from td where ndoc = 39
20240812@180203.1920 8rhfvm2d4kgp3tedjhn26iakr4 Query : use flama_phc
20240812@180203.1950 8rhfvm2d4kgp3tedjhn26iakr4 Query : select szadrsstamp valor from szadrs where szadrsdesc='espaÇotrans,lda'
20240812@180203.2350 8rhfvm2d4kgp3tedjhn26iakr4 Query : use flama_phc
20240812@180203.2380 8rhfvm2d4kgp3tedjhn26iakr4 Query : select szadrsstamp valor from szadrs where szadrsdesc='100810 - worten-equipamentos para o lar,sa.'
20240812@180203.2960 8rhfvm2d4kgp3tedjhn26iakr4 Query : use flama_phc
20240812@180203.2990 8rhfvm2d4kgp3tedjhn26iakr4 Query : select 1 valor from td where ndoc = 39
20240812@180203.3140 8rhfvm2d4kgp3tedjhn26iakr4 Query : select top 1 manternumero, tiposaft, nmdos,td.assinadoc from td where td.ndoc = 39
20240812@180203.3290 8rhfvm2d4kgp3tedjhn26iakr4 Query : select 1 valor from information_schema.tables where table_type='base table' and table_name='wstablefields'
20240812@180203.3460 8rhfvm2d4kgp3tedjhn26iakr4 Query : select fieldkey,fieldname,fieldtype,mandatory from wstablefields where tablename = 'ft' and documentnumber = 39
20240812@180203.3660 8rhfvm2d4kgp3tedjhn26iakr4 Query : select 1 valor from information_schema.tables where table_type='base table' and table_name='wstablefields'
20240812@180203.3830 8rhfvm2d4kgp3tedjhn26iakr4 Query : select fieldkey,fieldname,fieldtype,mandatory from wstablefields where tablename = 'ft2' and documentnumber = 39
20240812@180203.4210 8rhfvm2d4kgp3tedjhn26iakr4 Query : select 1 valor from information_schema.tables where table_type='base table' and table_name='wstablefields'
20240812@180203.4360 8rhfvm2d4kgp3tedjhn26iakr4 Query : select fieldkey,fieldname,fieldtype,mandatory from wstablefields where tablename = 'ft3' and documentnumber = 39
20240812@180203.4490 8rhfvm2d4kgp3tedjhn26iakr4 Query : select top 1 ft.fno valor from ft ft where ft.ndoc = 39 and ftano=2024 order by fno desc
20240812@180203.5190 8rhfvm2d4kgp3tedjhn26iakr4 Query : select top 1 ft.fno valor from wsftdata ft where ft.ndoc = 39 and ftano=2024 order by fno desc
20240812@180203.5330 8rhfvm2d4kgp3tedjhn26iakr4 Query : select 1 valor from information_schema.tables where table_type='base table' and table_name='wstablefields'
20240812@180203.5490 8rhfvm2d4kgp3tedjhn26iakr4 Query : select fieldkey,fieldname,fieldtype,calcformula from wstablefields where tablename = 'ft3' and documentnumber = 39
20240812@180203.5650 8rhfvm2d4kgp3tedjhn26iakr4 Query : insert into wsft3data (ft3stamp, ousrdata, ousrhora, usrdata,usrhora,ousrinis,usrinis,taxpointdt ) values ('aut66ba47376166ba400b0a' ,getdate(),convert(char(8),convert (time,getdate())),getdate(),convert(char(8),convert (time,getdate())),'wsv','wsv',?)
20240812@180203.7980 8rhfvm2d4kgp3tedjhn26iakr4 Query : select 1 valor from information_schema.tables where table_type='base table' and table_name='wstablefields'
20240812@180203.8180 8rhfvm2d4kgp3tedjhn26iakr4 Query : select fieldkey,fieldname,fieldtype,calcformula from wstablefields where tablename = 'ft2' and documentnumber = 39
20240812@180203.8510 8rhfvm2d4kgp3tedjhn26iakr4 Query : select top 1 bo.u_nomeenv valor from bo where bo.bostamp=''
20240812@180203.8630 8rhfvm2d4kgp3tedjhn26iakr4 Query : select top 1 bo.u_moradaen valor from bo where bo.bostamp=''
20240812@180203.8760 8rhfvm2d4kgp3tedjhn26iakr4 Query : select top 1 bo.u_codposen valor from bo where bo.bostamp=''
20240812@180203.8880 8rhfvm2d4kgp3tedjhn26iakr4 Query : select top 1 bo.u_localenv valor from bo where bo.bostamp=''
20240812@180203.8990 8rhfvm2d4kgp3tedjhn26iakr4 Query : select top 1 bo.trab5 valor from bo where bo.bostamp=''
20240812@180203.9110 8rhfvm2d4kgp3tedjhn26iakr4 Query : select top 1 bo.serie valor from bo where bo.bostamp=''
20240812@180203.9220 8rhfvm2d4kgp3tedjhn26iakr4 Query : insert into wsft2data (ft2stamp, ousrdata,ousrhora, usrdata,usrhora,ousrinis,usrinis,u_nomeenv ,u_moradaen ,u_codposen ,u_localenv ,u_coddest ,u_codby ) values ('aut66ba47376166ba400b0a',getdate(),convert(char(8),convert (time,getdate())),getdate(),convert(char(8),convert (time,getdate())),'wsv','wsv',?,?,?,?,?,?)
20240812@180203.1190 8rhfvm2d4kgp3tedjhn26iakr4 Query : select top 1 fno valor from wsftdata order by fno desc
20240812@180203.1207 8rhfvm2d4kgp3tedjhn26iakr4 Query : select 1 valor from information_schema.tables where table_type='base table' and table_name='wstablefields'
20240812@180203.1223 8rhfvm2d4kgp3tedjhn26iakr4 Query : select fieldkey,fieldname,fieldtype,calcformula from wstablefields where tablename = 'ft' and documentnumber = 39
20240812@180203.1245 8rhfvm2d4kgp3tedjhn26iakr4 Query : select 'normal' from dummy
20240812@180203.1261 8rhfvm2d4kgp3tedjhn26iakr4 Query : insert into wsftdata (ftstamp, ousrdata,ousrhora, usrdata,usrhora,ousrinis,usrinis,fno,no,estab,fdata,ndoc,moeda,cambio,cambiofixo,ftano,site ,classe ) values ('aut66ba47376166ba400b0a',getdate(),convert(char(8),convert (time,getdate())),getdate(),convert(char(8),convert (time,getdate())),'wsv','wsv',323,100810,0,'2024-08-12',39,'euro',0,0,2024 ,?,?)
20240812@180203.1587 8rhfvm2d4kgp3tedjhn26iakr4 Query : use flama_phc
20240812@180203.1590 8rhfvm2d4kgp3tedjhn26iakr4 Query : select st.usalote valor from st where st.ref = '324.946.00.01'
20240812@180203.1612 8rhfvm2d4kgp3tedjhn26iakr4 Query : select top 1 st.tabiva ,st.ivaincl ,st.stns ,st.uni2 ,st.familia ,isnull(tx.taxa, 0) txiva ,unidade ,usalote ,epcpond ,noserie ,conversao ,st.texteis from st left join taxasiva tx on st.tabiva = tx.codigo where st.ref = '324.946.00.01'
20240812@180203.1764 8rhfvm2d4kgp3tedjhn26iakr4 Query : select 1 valor from information_schema.tables where table_type='base table' and table_name='wstablefields'
20240812@180203.1782 8rhfvm2d4kgp3tedjhn26iakr4 Query : select fieldkey,fieldname,fieldtype,mandatory from wstablefields where tablename = 'fi' and documentnumber = 39
20240812@180203.1809 8rhfvm2d4kgp3tedjhn26iakr4 Query : select 1 valor from information_schema.tables where table_type='base table' and table_name='wstablefields'
20240812@180203.1836 8rhfvm2d4kgp3tedjhn26iakr4 Query : select fieldkey,fieldname,fieldtype,mandatory from wstablefields where tablename = 'fi2' and documentnumber = 39
20240812@180203.1844 8rhfvm2d4kgp3tedjhn26iakr4 Query : select top 1 convert(numeric(6,2),t.taxa) valor from taxasiva t where t.codigo='2'
20240812@180203.1857 8rhfvm2d4kgp3tedjhn26iakr4 Query : select sestamp valor from se where ref ='324.946.00.01' and lote = 'r2300941200a'
20240812@180203.1878 8rhfvm2d4kgp3tedjhn26iakr4 Query : select 1 valor from information_schema.tables where table_type='base table' and table_name='wstablefields'
20240812@180203.1893 8rhfvm2d4kgp3tedjhn26iakr4 Query : select fieldkey,fieldname,fieldtype,calcformula from wstablefields where tablename = 'fi2' and documentnumber = 39
20240812@180203.1905 8rhfvm2d4kgp3tedjhn26iakr4 Query : insert into wsfi2data (fi2stamp,ftstamp ,ousrdata, ousrhora, usrdata,usrhora,ousrinis,usrinis) values ('aut66ba41428666ba400b2d','aut66ba47376166ba400b0a' ,getdate(),convert(char(8),convert (time,getdate())),getdate(),convert(char(8),convert (time,getdate())),'wsv','wsv')
20240812@180203.1909 8rhfvm2d4kgp3tedjhn26iakr4 Query : select 1 valor from information_schema.tables where table_type='base table' and table_name='wstablefields'
20240812@180203.1931 8rhfvm2d4kgp3tedjhn26iakr4 Query : select fieldkey,fieldname,fieldtype,calcformula from wstablefields where tablename = 'fi' and documentnumber = 39
20240812@180203.1960 8rhfvm2d4kgp3tedjhn26iakr4 Query : insert into wsfidata (fistamp,ousrdata, ousrhora, usrdata,usrhora,ousrinis,usrinis ,qtt ,ftstamp ,epv,pvmoeda ,tabiva,iva,lordem ,ref, design ,lote,armazem) values ('aut66ba41428666ba400b2d',getdate(),convert(char(8),convert (time,getdate())),getdate(),convert(char(8),convert (time,getdate())),'wsv','wsv',8.000 ,'aut66ba47376166ba400b0a' ,0,0 ,2,23.00,10000,?,?,?,?)
20240812@180203.2522 8rhfvm2d4kgp3tedjhn26iakr4 Query : use flama_phc
20240812@180203.2564 8rhfvm2d4kgp3tedjhn26iakr4 Query : select st.usalote valor from st where st.ref = '324.946.00.01'
20240812@180203.2589 8rhfvm2d4kgp3tedjhn26iakr4 Query : select top 1 st.tabiva ,st.ivaincl ,st.stns ,st.uni2 ,st.familia ,isnull(tx.taxa, 0) txiva ,unidade ,usalote ,epcpond ,noserie ,conversao ,st.texteis from st left join taxasiva tx on st.tabiva = tx.codigo where st.ref = '324.946.00.01'
20240812@180203.2604 8rhfvm2d4kgp3tedjhn26iakr4 Query : select 1 valor from information_schema.tables where table_type='base table' and table_name='wstablefields'
20240812@180203.2621 8rhfvm2d4kgp3tedjhn26iakr4 Query : select fieldkey,fieldname,fieldtype,mandatory from wstablefields where tablename = 'fi' and documentnumber = 39
20240812@180203.2649 8rhfvm2d4kgp3tedjhn26iakr4 Query : select 1 valor from information_schema.tables where table_type='base table' and table_name='wstablefields'
20240812@180203.2664 8rhfvm2d4kgp3tedjhn26iakr4 Query : select fieldkey,fieldname,fieldtype,mandatory from wstablefields where tablename = 'fi2' and documentnumber = 39
20240812@180203.2674 8rhfvm2d4kgp3tedjhn26iakr4 Query : select top 1 convert(numeric(6,2),t.taxa) valor from taxasiva t where t.codigo='2'
20240812@180203.2701 8rhfvm2d4kgp3tedjhn26iakr4 Query : select sestamp valor from se where ref ='324.946.00.01' and lote = 'r2300941200a'
20240812@180203.2715 8rhfvm2d4kgp3tedjhn26iakr4 Query : select 1 valor from information_schema.tables where table_type='base table' and table_name='wstablefields'
20240812@180203.2731 8rhfvm2d4kgp3tedjhn26iakr4 Query : select fieldkey,fieldname,fieldtype,calcformula from wstablefields where tablename = 'fi2' and documentnumber = 39
20240812@180203.2743 8rhfvm2d4kgp3tedjhn26iakr4 Query : insert into wsfi2data (fi2stamp,ftstamp ,ousrdata, ousrhora, usrdata,usrhora,ousrinis,usrinis) values ('aut66ba41888666ba400b42','aut66ba47376166ba400b0a' ,getdate(),convert(char(8),convert (time,getdate())),getdate(),convert(char(8),convert (time,getdate())),'wsv','wsv')
20240812@180203.2747 8rhfvm2d4kgp3tedjhn26iakr4 Query : select 1 valor from information_schema.tables where table_type='base table' and table_name='wstablefields'
20240812@180203.2763 8rhfvm2d4kgp3tedjhn26iakr4 Query : select fieldkey,fieldname,fieldtype,calcformula from wstablefields where tablename = 'fi' and documentnumber = 39
20240812@180203.2793 8rhfvm2d4kgp3tedjhn26iakr4 Query : insert into wsfidata (fistamp,ousrdata, ousrhora, usrdata,usrhora,ousrinis,usrinis ,qtt ,ftstamp ,epv,pvmoeda ,tabiva,iva,lordem ,ref, design ,lote,armazem) values ('aut66ba41888666ba400b42',getdate(),convert(char(8),convert (time,getdate())),getdate(),convert(char(8),convert (time,getdate())),'wsv','wsv',96.000 ,'aut66ba47376166ba400b0a' ,0,0 ,2,23.00,20000,?,?,?,?)
20240812@180203.3057 8rhfvm2d4kgp3tedjhn26iakr4 Query : use flama_phc
20240812@180203.3060 8rhfvm2d4kgp3tedjhn26iakr4 Query : select st.usalote valor from st where st.ref = '324.946.00.01'
20240812@180203.3081 8rhfvm2d4kgp3tedjhn26iakr4 Query : select top 1 st.tabiva ,st.ivaincl ,st.stns ,st.uni2 ,st.familia ,isnull(tx.taxa, 0) txiva ,unidade ,usalote ,epcpond ,noserie ,conversao ,st.texteis from st left join taxasiva tx on st.tabiva = tx.codigo where st.ref = '324.946.00.01'
20240812@180203.3095 8rhfvm2d4kgp3tedjhn26iakr4 Query : select 1 valor from information_schema.tables where table_type='base table' and table_name='wstablefields'
20240812@180203.3114 8rhfvm2d4kgp3tedjhn26iakr4 Query : select fieldkey,fieldname,fieldtype,mandatory from wstablefields where tablename = 'fi' and documentnumber = 39
20240812@180203.3304 8rhfvm2d4kgp3tedjhn26iakr4 Query : select 1 valor from information_schema.tables where table_type='base table' and table_name='wstablefields'
20240812@180203.3323 8rhfvm2d4kgp3tedjhn26iakr4 Query : select fieldkey,fieldname,fieldtype,mandatory from wstablefields where tablename = 'fi2' and documentnumber = 39
20240812@180203.3332 8rhfvm2d4kgp3tedjhn26iakr4 Query : select top 1 convert(numeric(6,2),t.taxa) valor from taxasiva t where t.codigo='2'
20240812@180203.3345 8rhfvm2d4kgp3tedjhn26iakr4 Query : select sestamp valor from se where ref ='324.946.00.01' and lote = 'r2300941200a'
20240812@180203.3358 8rhfvm2d4kgp3tedjhn26iakr4 Query : select 1 valor from information_schema.tables where table_type='base table' and table_name='wstablefields'
20240812@180203.3374 8rhfvm2d4kgp3tedjhn26iakr4 Query : select fieldkey,fieldname,fieldtype,calcformula from wstablefields where tablename = 'fi2' and documentnumber = 39
20240812@180203.3386 8rhfvm2d4kgp3tedjhn26iakr4 Query : insert into wsfi2data (fi2stamp,ftstamp ,ousrdata, ousrhora, usrdata,usrhora,ousrinis,usrinis) values ('aut66ba47198566ba400b51','aut66ba47376166ba400b0a' ,getdate(),convert(char(8),convert (time,getdate())),getdate(),convert(char(8),convert (time,getdate())),'wsv','wsv')
20240812@180203.3391 8rhfvm2d4kgp3tedjhn26iakr4 Query : select 1 valor from information_schema.tables where table_type='base table' and table_name='wstablefields'
20240812@180203.3406 8rhfvm2d4kgp3tedjhn26iakr4 Query : select fieldkey,fieldname,fieldtype,calcformula from wstablefields where tablename = 'fi' and documentnumber = 39
20240812@180203.3435 8rhfvm2d4kgp3tedjhn26iakr4 Query : insert into wsfidata (fistamp,ousrdata, ousrhora, usrdata,usrhora,ousrinis,usrinis ,qtt ,ftstamp ,epv,pvmoeda ,tabiva,iva,lordem ,ref, design ,lote,armazem) values ('aut66ba47198566ba400b51',getdate(),convert(char(8),convert (time,getdate())),getdate(),convert(char(8),convert (time,getdate())),'wsv','wsv',96.000 ,'aut66ba47376166ba400b0a' ,0,0 ,2,23.00,30000,?,?,?,?)
20240812@180203.3707 8rhfvm2d4kgp3tedjhn26iakr4 Query : insert into wsftcreationlog (initialftstamp,externalid,creationstatus,documenttypeid,idustamp) values ('aut66ba47376166ba400b0a','2405362','wait',39,'adm09112754980.682000002')
20240812@180203.4899 8rhfvm2d4kgp3tedjhn26iakr4 Query : use flama_phc
20240812@180203.4904 8rhfvm2d4kgp3tedjhn26iakr4 Query : update u_wsusers set rqsttoken =? where userid ='userls001'
20240812@180203.4944 8rhfvm2d4kgp3tedjhn26iakr4 Query : select concat(rtrim(relative_path),ltrim(name_new)) as valor from uploadfiles where uploadfile_id='1505';
20240812@180203.4975 8rhfvm2d4kgp3tedjhn26iakr4 Query : update uploadfiles set whenupdated=current_timestamp where uploadfile_id='1505';
20240812@180203.5013 8rhfvm2d4kgp3tedjhn26iakr4 Query : select concat(rtrim(relative_path),ltrim(name_new)) as valor from uploadfiles where uploadfile_id='1505';
20240812@180203.5035 8rhfvm2d4kgp3tedjhn26iakr4 Query : update uploadfiles set whenupdated=current_timestamp where uploadfile_id='1505';
20240812@180203.5651 9ea6cn2llbf8rrur0fn15n6ffb Query : insert into uploadfiles ( name_original, name_new, option_type, relative_path, whencreated ) values ( ?, ?, ?, ?, getdate() )
20240812@180203.5662 9ea6cn2llbf8rrur0fn15n6ffb Query : select uploadfile_id valor from uploadfiles where name_new = ? and option_type = ? 
20240812@180203.5716 9ea6cn2llbf8rrur0fn15n6ffb Query : select concat(rtrim(relative_path),ltrim(name_new)) as valor from uploadfiles where uploadfile_id='1506';
20240812@180203.5768 9ea6cn2llbf8rrur0fn15n6ffb Query : update uploadfiles set whenupdated=current_timestamp where uploadfile_id='1506';
20240812@180203.5824 9ea6cn2llbf8rrur0fn15n6ffb Query : select concat(rtrim(relative_path),ltrim(name_new)) as valor from uploadfiles where uploadfile_id='1506';
20240812@180203.5868 9ea6cn2llbf8rrur0fn15n6ffb Query : update uploadfiles set whenupdated=current_timestamp where uploadfile_id='1506';
20240812@180203.5915 9ea6cn2llbf8rrur0fn15n6ffb Query : use flama_phc
20240812@180203.5918 9ea6cn2llbf8rrur0fn15n6ffb Query : select top 1 secretkey valor from u_wsusers u where u.userid = ? and u.inactivo=0
20240812@180203.5994 9ea6cn2llbf8rrur0fn15n6ffb Query : use flama_phc
20240812@180203.5997 9ea6cn2llbf8rrur0fn15n6ffb Query : select no, estab,szadrsdesc from szadrs where u_coddest=201
20240812@180203.6081 9ea6cn2llbf8rrur0fn15n6ffb Query : select top 1 isnull(design,'') valor from st (nolock) left join stobs (nolock) on st.ref = stobs.ref where st.ref = '324.4421.00.1'
20240812@180203.6247 9ea6cn2llbf8rrur0fn15n6ffb Query : select top 1 isnull(design,'') valor from st (nolock) left join stobs (nolock) on st.ref = stobs.ref where st.ref = '324.4724.00.1'
20240812@180203.6394 9ea6cn2llbf8rrur0fn15n6ffb Query : select top 1 isnull(design,'') valor from st (nolock) left join stobs (nolock) on st.ref = stobs.ref where st.ref = '304.422.00.07'
20240812@180203.6541 9ea6cn2llbf8rrur0fn15n6ffb Query : select top 1 isnull(design,'') valor from st (nolock) left join stobs (nolock) on st.ref = stobs.ref where st.ref = '324.1884.00.1'
20240812@180203.6679 9ea6cn2llbf8rrur0fn15n6ffb Query : select top 1 isnull(design,'') valor from st (nolock) left join stobs (nolock) on st.ref = stobs.ref where st.ref = '324.1803.00.1'
20240812@180203.6701 9ea6cn2llbf8rrur0fn15n6ffb Query : select top 1 isnull(design,'') valor from st (nolock) left join stobs (nolock) on st.ref = stobs.ref where st.ref = '324.1834.00.1'
20240812@180203.6725 9ea6cn2llbf8rrur0fn15n6ffb Query : select top 1 isnull(design,'') valor from st (nolock) left join stobs (nolock) on st.ref = stobs.ref where st.ref = '324.1879.00.1'
20240812@180203.6746 9ea6cn2llbf8rrur0fn15n6ffb Query : select top 1 isnull(design,'') valor from st (nolock) left join stobs (nolock) on st.ref = stobs.ref where st.ref = '324.1462.00.1'
20240812@180203.6903 9ea6cn2llbf8rrur0fn15n6ffb Query : use flama_phc
20240812@180203.6906 9ea6cn2llbf8rrur0fn15n6ffb Query : select top 1 convert(date,fdata) valor from ft where ndoc = 39 and anulado= 0 and fno>0 order by fdata desc
20240812@180203.6943 9ea6cn2llbf8rrur0fn15n6ffb Query : use flama_phc
20240812@180203.6946 9ea6cn2llbf8rrur0fn15n6ffb Query : select top 1 1 valor from td where td.ndoc = 39
20240812@180203.6975 9ea6cn2llbf8rrur0fn15n6ffb Query : use flama_phc
20240812@180203.6978 9ea6cn2llbf8rrur0fn15n6ffb Query : select lower(descricao) descricao ,case when valor='s' then 1 else 0 end valor from para1 where descricao in ('st_lote','st_usalogifunc', 'st_grelha')
20240812@180203.7006 9ea6cn2llbf8rrur0fn15n6ffb Query : select top 1 manternumero ,assinadoc issigned ,tiposaft ,assinaimp ,nmdos ,td.assinadoc ,'cl' origin ,lancasl stocks ,case when cmsl<50 and td.lancasl=1 then 1 else 0 end entrada ,case when cmsl>50 and td.lancasl=1 then 1 else 0 end saida ,temserie assets ,~semgre usegridfields from td inner join td2 on td.tdstamp=td2.td2stamp where td.ndoc = 1
20240812@180203.7042 9ea6cn2llbf8rrur0fn15n6ffb Query : use flama_phc
20240812@180203.7045 9ea6cn2llbf8rrur0fn15n6ffb Query : select top 1 ~inactivo valor from cl where no = '100080' and estab = 0 order by inactivo desc
20240812@180203.7371 9ea6cn2llbf8rrur0fn15n6ffb Query : use flama_phc
20240812@180203.7375 9ea6cn2llbf8rrur0fn15n6ffb Query : select top 1 tipodoc,regrd from td where ndoc = 39
20240812@180203.7569 9ea6cn2llbf8rrur0fn15n6ffb Query : use flama_phc
20240812@180203.7573 9ea6cn2llbf8rrur0fn15n6ffb Query : select szadrsstamp valor from szadrs where szadrsdesc='espaÇotrans,lda'
20240812@180203.7616 9ea6cn2llbf8rrur0fn15n6ffb Query : use flama_phc
20240812@180203.7619 9ea6cn2llbf8rrur0fn15n6ffb Query : select szadrsstamp valor from szadrs where szadrsdesc='sorefoz - electrod. e equipamentos, s.a.'
20240812@180203.7683 9ea6cn2llbf8rrur0fn15n6ffb Query : use flama_phc
20240812@180203.7686 9ea6cn2llbf8rrur0fn15n6ffb Query : select 1 valor from td where ndoc = 39
20240812@180203.7699 9ea6cn2llbf8rrur0fn15n6ffb Query : select top 1 manternumero, tiposaft, nmdos,td.assinadoc from td where td.ndoc = 39
20240812@180203.7713 9ea6cn2llbf8rrur0fn15n6ffb Query : select 1 valor from information_schema.tables where table_type='base table' and table_name='wstablefields'
20240812@180203.7730 9ea6cn2llbf8rrur0fn15n6ffb Query : select fieldkey,fieldname,fieldtype,mandatory from wstablefields where tablename = 'ft' and documentnumber = 39
20240812@180203.7751 9ea6cn2llbf8rrur0fn15n6ffb Query : select 1 valor from information_schema.tables where table_type='base table' and table_name='wstablefields'
20240812@180203.7766 9ea6cn2llbf8rrur0fn15n6ffb Query : select fieldkey,fieldname,fieldtype,mandatory from wstablefields where tablename = 'ft2' and documentnumber = 39
20240812@180203.7794 9ea6cn2llbf8rrur0fn15n6ffb Query : select 1 valor from information_schema.tables where table_type='base table' and table_name='wstablefields'
20240812@180203.7813 9ea6cn2llbf8rrur0fn15n6ffb Query : select fieldkey,fieldname,fieldtype,mandatory from wstablefields where tablename = 'ft3' and documentnumber = 39
20240812@180203.7826 9ea6cn2llbf8rrur0fn15n6ffb Query : select top 1 ft.fno valor from ft ft where ft.ndoc = 39 and ftano=2024 order by fno desc
20240812@180203.8115 9ea6cn2llbf8rrur0fn15n6ffb Query : select top 1 ft.fno valor from wsftdata ft where ft.ndoc = 39 and ftano=2024 order by fno desc
20240812@180203.8128 9ea6cn2llbf8rrur0fn15n6ffb Query : select 1 valor from information_schema.tables where table_type='base table' and table_name='wstablefields'
20240812@180203.8143 9ea6cn2llbf8rrur0fn15n6ffb Query : select fieldkey,fieldname,fieldtype,calcformula from wstablefields where tablename = 'ft3' and documentnumber = 39
20240812@180203.8160 9ea6cn2llbf8rrur0fn15n6ffb Query : insert into wsft3data (ft3stamp, ousrdata, ousrhora, usrdata,usrhora,ousrinis,usrinis,taxpointdt ) values ('aut66ba49224366ba400bbf' ,getdate(),convert(char(8),convert (time,getdate())),getdate(),convert(char(8),convert (time,getdate())),'wsv','wsv',?)
20240812@180203.8362 9ea6cn2llbf8rrur0fn15n6ffb Query : select 1 valor from information_schema.tables where table_type='base table' and table_name='wstablefields'
20240812@180203.8390 9ea6cn2llbf8rrur0fn15n6ffb Query : select fieldkey,fieldname,fieldtype,calcformula from wstablefields where tablename = 'ft2' and documentnumber = 39
20240812@180203.8441 9ea6cn2llbf8rrur0fn15n6ffb Query : select top 1 bo.u_nomeenv valor from bo where bo.bostamp=''
20240812@180203.8453 9ea6cn2llbf8rrur0fn15n6ffb Query : select top 1 bo.u_moradaen valor from bo where bo.bostamp=''
20240812@180203.8467 9ea6cn2llbf8rrur0fn15n6ffb Query : select top 1 bo.u_codposen valor from bo where bo.bostamp=''
20240812@180203.8481 9ea6cn2llbf8rrur0fn15n6ffb Query : select top 1 bo.u_localenv valor from bo where bo.bostamp=''
20240812@180203.8494 9ea6cn2llbf8rrur0fn15n6ffb Query : select top 1 bo.trab5 valor from bo where bo.bostamp=''
20240812@180203.8507 9ea6cn2llbf8rrur0fn15n6ffb Query : select top 1 bo.serie valor from bo where bo.bostamp=''
20240812@180203.8521 9ea6cn2llbf8rrur0fn15n6ffb Query : insert into wsft2data (ft2stamp, ousrdata,ousrhora, usrdata,usrhora,ousrinis,usrinis,u_nomeenv ,u_moradaen ,u_codposen ,u_localenv ,u_coddest ,u_codby ) values ('aut66ba49224366ba400bbf',getdate(),convert(char(8),convert (time,getdate())),getdate(),convert(char(8),convert (time,getdate())),'wsv','wsv',?,?,?,?,?,?)
20240812@180203.8802 9ea6cn2llbf8rrur0fn15n6ffb Query : select top 1 fno valor from wsftdata order by fno desc
20240812@180203.8821 9ea6cn2llbf8rrur0fn15n6ffb Query : select 1 valor from information_schema.tables where table_type='base table' and table_name='wstablefields'
20240812@180203.8838 9ea6cn2llbf8rrur0fn15n6ffb Query : select fieldkey,fieldname,fieldtype,calcformula from wstablefields where tablename = 'ft' and documentnumber = 39
20240812@180203.8864 9ea6cn2llbf8rrur0fn15n6ffb Query : select 'normal' from dummy
20240812@180203.8883 9ea6cn2llbf8rrur0fn15n6ffb Query : insert into wsftdata (ftstamp, ousrdata,ousrhora, usrdata,usrhora,ousrinis,usrinis,fno,no,estab,fdata,ndoc,moeda,cambio,cambiofixo,ftano,site ,classe ) values ('aut66ba49224366ba400bbf',getdate(),convert(char(8),convert (time,getdate())),getdate(),convert(char(8),convert (time,getdate())),'wsv','wsv',324,100080,0,'2024-08-12',39,'euro',0,0,2024 ,?,?)
20240812@180203.9211 9ea6cn2llbf8rrur0fn15n6ffb Query : use flama_phc
20240812@180203.9215 9ea6cn2llbf8rrur0fn15n6ffb Query : select st.usalote valor from st where st.ref = '324.4421.00.1'
20240812@180203.9239 9ea6cn2llbf8rrur0fn15n6ffb Query : select top 1 st.tabiva ,st.ivaincl ,st.stns ,st.uni2 ,st.familia ,isnull(tx.taxa, 0) txiva ,unidade ,usalote ,epcpond ,noserie ,conversao ,st.texteis from st left join taxasiva tx on st.tabiva = tx.codigo where st.ref = '324.4421.00.1'
20240812@180203.9396 9ea6cn2llbf8rrur0fn15n6ffb Query : select 1 valor from information_schema.tables where table_type='base table' and table_name='wstablefields'
20240812@180203.9413 9ea6cn2llbf8rrur0fn15n6ffb Query : select fieldkey,fieldname,fieldtype,mandatory from wstablefields where tablename = 'fi' and documentnumber = 39
20240812@180203.9442 9ea6cn2llbf8rrur0fn15n6ffb Query : select 1 valor from information_schema.tables where table_type='base table' and table_name='wstablefields'
20240812@180203.9458 9ea6cn2llbf8rrur0fn15n6ffb Query : select fieldkey,fieldname,fieldtype,mandatory from wstablefields where tablename = 'fi2' and documentnumber = 39
20240812@180203.9468 9ea6cn2llbf8rrur0fn15n6ffb Query : select top 1 convert(numeric(6,2),t.taxa) valor from taxasiva t where t.codigo='2'
20240812@180203.9481 9ea6cn2llbf8rrur0fn15n6ffb Query : select sestamp valor from se where ref ='324.4421.00.1' and lote = 'r2100324100a'
20240812@180203.9512 9ea6cn2llbf8rrur0fn15n6ffb Query : select 1 valor from information_schema.tables where table_type='base table' and table_name='wstablefields'
20240812@180203.9529 9ea6cn2llbf8rrur0fn15n6ffb Query : select fieldkey,fieldname,fieldtype,calcformula from wstablefields where tablename = 'fi2' and documentnumber = 39
20240812@180203.9554 9ea6cn2llbf8rrur0fn15n6ffb Query : insert into wsfi2data (fi2stamp,ftstamp ,ousrdata, ousrhora, usrdata,usrhora,ousrinis,usrinis) values ('aut66ba43821966ba400be8','aut66ba49224366ba400bbf' ,getdate(),convert(char(8),convert (time,getdate())),getdate(),convert(char(8),convert (time,getdate())),'wsv','wsv')
20240812@180203.9558 9ea6cn2llbf8rrur0fn15n6ffb Query : select 1 valor from information_schema.tables where table_type='base table' and table_name='wstablefields'
20240812@180203.9575 9ea6cn2llbf8rrur0fn15n6ffb Query : select fieldkey,fieldname,fieldtype,calcformula from wstablefields where tablename = 'fi' and documentnumber = 39
20240812@180203.9608 9ea6cn2llbf8rrur0fn15n6ffb Query : insert into wsfidata (fistamp,ousrdata, ousrhora, usrdata,usrhora,ousrinis,usrinis ,qtt ,ftstamp ,epv,pvmoeda ,tabiva,iva,lordem ,ref, design ,lote,armazem) values ('aut66ba43821966ba400be8',getdate(),convert(char(8),convert (time,getdate())),getdate(),convert(char(8),convert (time,getdate())),'wsv','wsv',6.000 ,'aut66ba49224366ba400bbf' ,0,0 ,2,23.00,10000,?,?,?,?)
20240812@180203.9876 9ea6cn2llbf8rrur0fn15n6ffb Query : use flama_phc
20240812@180203.9879 9ea6cn2llbf8rrur0fn15n6ffb Query : select st.usalote valor from st where st.ref = '324.4724.00.1'
20240812@180203.9900 9ea6cn2llbf8rrur0fn15n6ffb Query : select top 1 st.tabiva ,st.ivaincl ,st.stns ,st.uni2 ,st.familia ,isnull(tx.taxa, 0) txiva ,unidade ,usalote ,epcpond ,noserie ,conversao ,st.texteis from st left join taxasiva tx on st.tabiva = tx.codigo where st.ref = '324.4724.00.1'
20240812@180204.7400 9ea6cn2llbf8rrur0fn15n6ffb Query : select 1 valor from information_schema.tables where table_type='base table' and table_name='wstablefields'
20240812@180204.9100 9ea6cn2llbf8rrur0fn15n6ffb Query : select fieldkey,fieldname,fieldtype,mandatory from wstablefields where tablename = 'fi' and documentnumber = 39
20240812@180204.1180 9ea6cn2llbf8rrur0fn15n6ffb Query : select 1 valor from information_schema.tables where table_type='base table' and table_name='wstablefields'
20240812@180204.1490 9ea6cn2llbf8rrur0fn15n6ffb Query : select fieldkey,fieldname,fieldtype,mandatory from wstablefields where tablename = 'fi2' and documentnumber = 39
20240812@180204.1580 9ea6cn2llbf8rrur0fn15n6ffb Query : select top 1 convert(numeric(6,2),t.taxa) valor from taxasiva t where t.codigo='2'
20240812@180204.1710 9ea6cn2llbf8rrur0fn15n6ffb Query : select sestamp valor from se where ref ='324.4724.00.1' and lote = 'r2200085150a'
20240812@180204.1920 9ea6cn2llbf8rrur0fn15n6ffb Query : select 1 valor from information_schema.tables where table_type='base table' and table_name='wstablefields'
20240812@180204.2070 9ea6cn2llbf8rrur0fn15n6ffb Query : select fieldkey,fieldname,fieldtype,calcformula from wstablefields where tablename = 'fi2' and documentnumber = 39
20240812@180204.2190 9ea6cn2llbf8rrur0fn15n6ffb Query : insert into wsfi2data (fi2stamp,ftstamp ,ousrdata, ousrhora, usrdata,usrhora,ousrinis,usrinis) values ('aut66ba45856066ba400c04','aut66ba49224366ba400bbf' ,getdate(),convert(char(8),convert (time,getdate())),getdate(),convert(char(8),convert (time,getdate())),'wsv','wsv')
20240812@180204.2230 9ea6cn2llbf8rrur0fn15n6ffb Query : select 1 valor from information_schema.tables where table_type='base table' and table_name='wstablefields'
20240812@180204.2380 9ea6cn2llbf8rrur0fn15n6ffb Query : select fieldkey,fieldname,fieldtype,calcformula from wstablefields where tablename = 'fi' and documentnumber = 39
20240812@180204.2670 9ea6cn2llbf8rrur0fn15n6ffb Query : insert into wsfidata (fistamp,ousrdata, ousrhora, usrdata,usrhora,ousrinis,usrinis ,qtt ,ftstamp ,epv,pvmoeda ,tabiva,iva,lordem ,ref, design ,lote,armazem) values ('aut66ba45856066ba400c04',getdate(),convert(char(8),convert (time,getdate())),getdate(),convert(char(8),convert (time,getdate())),'wsv','wsv',3.000 ,'aut66ba49224366ba400bbf' ,0,0 ,2,23.00,20000,?,?,?,?)
20240812@180204.5410 9ea6cn2llbf8rrur0fn15n6ffb Query : use flama_phc
20240812@180204.5440 9ea6cn2llbf8rrur0fn15n6ffb Query : select st.usalote valor from st where st.ref = '304.422.00.07'
20240812@180204.5660 9ea6cn2llbf8rrur0fn15n6ffb Query : select top 1 st.tabiva ,st.ivaincl ,st.stns ,st.uni2 ,st.familia ,isnull(tx.taxa, 0) txiva ,unidade ,usalote ,epcpond ,noserie ,conversao ,st.texteis from st left join taxasiva tx on st.tabiva = tx.codigo where st.ref = '304.422.00.07'
20240812@180204.7210 9ea6cn2llbf8rrur0fn15n6ffb Query : select 1 valor from information_schema.tables where table_type='base table' and table_name='wstablefields'
20240812@180204.7510 9ea6cn2llbf8rrur0fn15n6ffb Query : select fieldkey,fieldname,fieldtype,mandatory from wstablefields where tablename = 'fi' and documentnumber = 39
20240812@180204.7840 9ea6cn2llbf8rrur0fn15n6ffb Query : select 1 valor from information_schema.tables where table_type='base table' and table_name='wstablefields'
20240812@180204.8010 9ea6cn2llbf8rrur0fn15n6ffb Query : select fieldkey,fieldname,fieldtype,mandatory from wstablefields where tablename = 'fi2' and documentnumber = 39
20240812@180204.8100 9ea6cn2llbf8rrur0fn15n6ffb Query : select top 1 convert(numeric(6,2),t.taxa) valor from taxasiva t where t.codigo='2'
20240812@180204.8230 9ea6cn2llbf8rrur0fn15n6ffb Query : select sestamp valor from se where ref ='304.422.00.07' and lote = '240647'
20240812@180204.8430 9ea6cn2llbf8rrur0fn15n6ffb Query : select 1 valor from information_schema.tables where table_type='base table' and table_name='wstablefields'
20240812@180204.8590 9ea6cn2llbf8rrur0fn15n6ffb Query : select fieldkey,fieldname,fieldtype,calcformula from wstablefields where tablename = 'fi2' and documentnumber = 39
20240812@180204.8710 9ea6cn2llbf8rrur0fn15n6ffb Query : insert into wsfi2data (fi2stamp,ftstamp ,ousrdata, ousrhora, usrdata,usrhora,ousrinis,usrinis) values ('aut66ba47748666ba400c14','aut66ba49224366ba400bbf' ,getdate(),convert(char(8),convert (time,getdate())),getdate(),convert(char(8),convert (time,getdate())),'wsv','wsv')
20240812@180204.8760 9ea6cn2llbf8rrur0fn15n6ffb Query : select 1 valor from information_schema.tables where table_type='base table' and table_name='wstablefields'
20240812@180204.8920 9ea6cn2llbf8rrur0fn15n6ffb Query : select fieldkey,fieldname,fieldtype,calcformula from wstablefields where tablename = 'fi' and documentnumber = 39
20240812@180204.9210 9ea6cn2llbf8rrur0fn15n6ffb Query : insert into wsfidata (fistamp,ousrdata, ousrhora, usrdata,usrhora,ousrinis,usrinis ,qtt ,ftstamp ,epv,pvmoeda ,tabiva,iva,lordem ,ref, design ,lote,armazem) values ('aut66ba47748666ba400c14',getdate(),convert(char(8),convert (time,getdate())),getdate(),convert(char(8),convert (time,getdate())),'wsv','wsv',4.000 ,'aut66ba49224366ba400bbf' ,0,0 ,2,23.00,30000,?,?,?,?)
