20240926@160610.1724 5q7vf8lkcrjf7op9sat8efgelk Query : use flama_phc
20240926@160610.1728 5q7vf8lkcrjf7op9sat8efgelk Query : update u_wsusers set rqsttoken =? where userid ='userls001'
20240926@160610.1796 5q7vf8lkcrjf7op9sat8efgelk Query : select concat(rtrim(relative_path),ltrim(name_new)) as valor from uploadfiles where uploadfile_id='2228';
20240926@160610.1826 5q7vf8lkcrjf7op9sat8efgelk Query : update uploadfiles set whenupdated=current_timestamp where uploadfile_id='2228';
20240926@161913.2829 qgcv0vu35u7gc47vjsecb8ih90 Query : use flama_phc
20240926@161913.2872 qgcv0vu35u7gc47vjsecb8ih90 Query : select secretkey valor from u_wsusers u where u.userid = ? and u.username=? and u.password=? and u.inactivo=0
20240926@161913.3465 qgcv0vu35u7gc47vjsecb8ih90 Query : use flama_phc
20240926@161913.3469 qgcv0vu35u7gc47vjsecb8ih90 Query : update u_wsusers set rqsttoken =? where userid ='userls001'
20240926@163613.6186 laop76ar7huclueqr6cuhadg6h Query : use flama_phc
20240926@163613.6191 laop76ar7huclueqr6cuhadg6h Query : select secretkey valor from u_wsusers u where u.userid = ? and u.username=? and u.password=? and u.inactivo=0
20240926@163613.6282 laop76ar7huclueqr6cuhadg6h Query : use flama_phc
20240926@163613.6285 laop76ar7huclueqr6cuhadg6h Query : update u_wsusers set rqsttoken =? where userid ='userls001'
20240926@171917.4106 2k8cj4banfb22gur238keorlnh Query : use flama_phc
20240926@171917.4110 2k8cj4banfb22gur238keorlnh Query : select secretkey valor from u_wsusers u where u.userid = ? and u.username=? and u.password=? and u.inactivo=0
20240926@171917.4240 2k8cj4banfb22gur238keorlnh Query : use flama_phc
20240926@171917.4243 2k8cj4banfb22gur238keorlnh Query : update u_wsusers set rqsttoken =? where userid ='userls001'
20240926@173618.5340 n75toboj0btbesm8envbt07sc0 Query : use flama_phc
20240926@173618.5390 n75toboj0btbesm8envbt07sc0 Query : select secretkey valor from u_wsusers u where u.userid = ? and u.username=? and u.password=? and u.inactivo=0
20240926@173618.6220 n75toboj0btbesm8envbt07sc0 Query : use flama_phc
20240926@173618.6250 n75toboj0btbesm8envbt07sc0 Query : update u_wsusers set rqsttoken =? where userid ='userls001'
20240926@180635.1242 hlstasskpr4l1efivrt2tad7ei Query : insert into uploadfiles ( name_original, name_new, option_type, relative_path, whencreated ) values ( ?, ?, ?, ?, getdate() )
20240926@180635.1265 hlstasskpr4l1efivrt2tad7ei Query : select uploadfile_id valor from uploadfiles where name_new = ? and option_type = ? 
20240926@180635.1370 hlstasskpr4l1efivrt2tad7ei Query : select concat(rtrim(relative_path),ltrim(name_new)) as valor from uploadfiles where uploadfile_id='2229';
20240926@180635.1427 hlstasskpr4l1efivrt2tad7ei Query : update uploadfiles set whenupdated=current_timestamp where uploadfile_id='2229';
20240926@180635.1481 hlstasskpr4l1efivrt2tad7ei Query : select concat(rtrim(relative_path),ltrim(name_new)) as valor from uploadfiles where uploadfile_id='2229';
20240926@180635.1511 hlstasskpr4l1efivrt2tad7ei Query : update uploadfiles set whenupdated=current_timestamp where uploadfile_id='2229';
20240926@180635.1599 hlstasskpr4l1efivrt2tad7ei Query : use flama_phc
20240926@180635.1616 hlstasskpr4l1efivrt2tad7ei Query : select top 1 secretkey valor from u_wsusers u where u.userid = ? and u.inactivo=0
20240926@180635.1685 hlstasskpr4l1efivrt2tad7ei Query : use flama_phc
20240926@180635.1688 hlstasskpr4l1efivrt2tad7ei Query : select no, estab,szadrsdesc from szadrs where u_coddest=4779
20240926@180635.1771 hlstasskpr4l1efivrt2tad7ei Query : select top 1 isnull(design,'') valor from st (nolock) left join stobs (nolock) on st.ref = stobs.ref where st.ref = '324.2031.00.1'
20240926@180635.1933 hlstasskpr4l1efivrt2tad7ei Query : select top 1 bistamp valor from bi inner join bo on bo.bostamp=bi.bostamp where bo.ndos =240 and bo.boano =2061 and bo.obrano = 2406194 and bi.ref ='324.2031.00.1' and bi.lordem =1
20240926@180635.2296 hlstasskpr4l1efivrt2tad7ei Query : select top 1 isnull(design,'') valor from st (nolock) left join stobs (nolock) on st.ref = stobs.ref where st.ref = '324.4840.00.1'
20240926@180635.2457 hlstasskpr4l1efivrt2tad7ei Query : select top 1 bistamp valor from bi inner join bo on bo.bostamp=bi.bostamp where bo.ndos =240 and bo.boano =2061 and bo.obrano = 2406194 and bi.ref ='324.4840.00.1' and bi.lordem =2
20240926@180635.2805 hlstasskpr4l1efivrt2tad7ei Query : use flama_phc
20240926@180635.2808 hlstasskpr4l1efivrt2tad7ei Query : select top 1 convert(date,fdata) valor from ft where ndoc = 39 and anulado= 0 and fno>0 order by fdata desc
20240926@180635.2999 hlstasskpr4l1efivrt2tad7ei Query : use flama_phc
20240926@180635.3003 hlstasskpr4l1efivrt2tad7ei Query : select top 1 1 valor from td where td.ndoc = 39
20240926@180635.3102 hlstasskpr4l1efivrt2tad7ei Query : use flama_phc
20240926@180635.3106 hlstasskpr4l1efivrt2tad7ei Query : select lower(descricao) descricao ,case when valor='s' then 1 else 0 end valor from para1 where descricao in ('st_lote','st_usalogifunc', 'st_grelha')
20240926@180635.3136 hlstasskpr4l1efivrt2tad7ei Query : select top 1 manternumero ,assinadoc issigned ,tiposaft ,assinaimp ,nmdos ,td.assinadoc ,'cl' origin ,lancasl stocks ,case when cmsl<50 and td.lancasl=1 then 1 else 0 end entrada ,case when cmsl>50 and td.lancasl=1 then 1 else 0 end saida ,temserie assets ,~semgre usegridfields from td inner join td2 on td.tdstamp=td2.td2stamp where td.ndoc = 1
20240926@180635.3269 hlstasskpr4l1efivrt2tad7ei Query : use flama_phc
20240926@180635.3272 hlstasskpr4l1efivrt2tad7ei Query : select top 1 ~inactivo valor from cl where no = '101900' and estab = 0 order by inactivo desc
20240926@180635.3387 hlstasskpr4l1efivrt2tad7ei Query : use flama_phc
20240926@180635.3390 hlstasskpr4l1efivrt2tad7ei Query : select top 1 tipodoc,regrd from td where ndoc = 39
20240926@180635.3486 hlstasskpr4l1efivrt2tad7ei Query : use flama_phc
20240926@180635.3490 hlstasskpr4l1efivrt2tad7ei Query : select szadrsstamp valor from szadrs where szadrsdesc='espaÇotrans,lda'
20240926@180635.3591 hlstasskpr4l1efivrt2tad7ei Query : use flama_phc
20240926@180635.3594 hlstasskpr4l1efivrt2tad7ei Query : select szadrsstamp valor from szadrs where szadrsdesc='101900 - pd - alcochete'
20240926@180635.3649 hlstasskpr4l1efivrt2tad7ei Query : use flama_phc
20240926@180635.3652 hlstasskpr4l1efivrt2tad7ei Query : select 1 valor from td where ndoc = 39
20240926@180635.3720 hlstasskpr4l1efivrt2tad7ei Query : select top 1 manternumero, tiposaft, nmdos,td.assinadoc from td where td.ndoc = 39
20240926@180635.3784 hlstasskpr4l1efivrt2tad7ei Query : select 1 valor from information_schema.tables where table_type='base table' and table_name='wstablefields'
20240926@180635.3801 hlstasskpr4l1efivrt2tad7ei Query : select fieldkey,fieldname,fieldtype,mandatory from wstablefields where tablename = 'ft' and documentnumber = 39
20240926@180635.3823 hlstasskpr4l1efivrt2tad7ei Query : select 1 valor from information_schema.tables where table_type='base table' and table_name='wstablefields'
20240926@180635.3839 hlstasskpr4l1efivrt2tad7ei Query : select fieldkey,fieldname,fieldtype,mandatory from wstablefields where tablename = 'ft2' and documentnumber = 39
20240926@180635.3871 hlstasskpr4l1efivrt2tad7ei Query : select 1 valor from information_schema.tables where table_type='base table' and table_name='wstablefields'
20240926@180635.3887 hlstasskpr4l1efivrt2tad7ei Query : select fieldkey,fieldname,fieldtype,mandatory from wstablefields where tablename = 'ft3' and documentnumber = 39
20240926@180635.3902 hlstasskpr4l1efivrt2tad7ei Query : select top 1 ft.fno valor from ft ft where ft.ndoc = 39 and ftano=2024 order by fno desc
20240926@180635.4088 hlstasskpr4l1efivrt2tad7ei Query : select top 1 ft.fno valor from wsftdata ft where ft.ndoc = 39 and ftano=2024 order by fno desc
20240926@180635.4195 hlstasskpr4l1efivrt2tad7ei Query : select 1 valor from information_schema.tables where table_type='base table' and table_name='wstablefields'
20240926@180635.4214 hlstasskpr4l1efivrt2tad7ei Query : select fieldkey,fieldname,fieldtype,calcformula from wstablefields where tablename = 'ft3' and documentnumber = 39
20240926@180635.4231 hlstasskpr4l1efivrt2tad7ei Query : insert into wsft3data (ft3stamp, ousrdata, ousrhora, usrdata,usrhora,ousrinis,usrinis,taxpointdt ) values ('aut66f594201966f5949b5f' ,getdate(),convert(char(8),convert (time,getdate())),getdate(),convert(char(8),convert (time,getdate())),'wsv','wsv',?)
20240926@180635.4490 hlstasskpr4l1efivrt2tad7ei Query : select 1 valor from information_schema.tables where table_type='base table' and table_name='wstablefields'
20240926@180635.4510 hlstasskpr4l1efivrt2tad7ei Query : select fieldkey,fieldname,fieldtype,calcformula from wstablefields where tablename = 'ft2' and documentnumber = 39
20240926@180635.4548 hlstasskpr4l1efivrt2tad7ei Query : select top 1 bo.u_nomeenv valor from bo where bo.bostamp=''
20240926@180635.4645 hlstasskpr4l1efivrt2tad7ei Query : select top 1 bo.u_moradaen valor from bo where bo.bostamp=''
20240926@180635.4729 hlstasskpr4l1efivrt2tad7ei Query : select top 1 bo.u_codposen valor from bo where bo.bostamp=''
20240926@180635.4802 hlstasskpr4l1efivrt2tad7ei Query : select top 1 bo.u_localenv valor from bo where bo.bostamp=''
20240926@180635.4872 hlstasskpr4l1efivrt2tad7ei Query : select top 1 bo.trab5 valor from bo where bo.bostamp=''
20240926@180635.4943 hlstasskpr4l1efivrt2tad7ei Query : select top 1 bo.serie valor from bo where bo.bostamp=''
20240926@180635.5013 hlstasskpr4l1efivrt2tad7ei Query : insert into wsft2data (ft2stamp, ousrdata,ousrhora, usrdata,usrhora,ousrinis,usrinis,u_nomeenv ,u_moradaen ,u_codposen ,u_localenv ,u_coddest ,u_codby ) values ('aut66f594201966f5949b5f',getdate(),convert(char(8),convert (time,getdate())),getdate(),convert(char(8),convert (time,getdate())),'wsv','wsv',?,?,?,?,?,?)
20240926@180635.5706 hlstasskpr4l1efivrt2tad7ei Query : select top 1 fno valor from wsftdata order by fno desc
20240926@180635.5801 hlstasskpr4l1efivrt2tad7ei Query : select 1 valor from information_schema.tables where table_type='base table' and table_name='wstablefields'
20240926@180635.5817 hlstasskpr4l1efivrt2tad7ei Query : select fieldkey,fieldname,fieldtype,calcformula from wstablefields where tablename = 'ft' and documentnumber = 39
20240926@180635.5842 hlstasskpr4l1efivrt2tad7ei Query : select 'normal' from dummy
20240926@180635.5886 hlstasskpr4l1efivrt2tad7ei Query : insert into wsftdata (ftstamp, ousrdata,ousrhora, usrdata,usrhora,ousrinis,usrinis,fno,no,estab,fdata,ndoc,moeda,cambio,cambiofixo,ftano,site ,classe ) values ('aut66f594201966f5949b5f',getdate(),convert(char(8),convert (time,getdate())),getdate(),convert(char(8),convert (time,getdate())),'wsv','wsv',941,101900,0,'2024-09-26',39,'euro',0,0,2024 ,?,?)
20240926@180635.6319 hlstasskpr4l1efivrt2tad7ei Query : use flama_phc
20240926@180635.6322 hlstasskpr4l1efivrt2tad7ei Query : select st.usalote valor from st where st.ref = '324.2031.00.1'
20240926@180635.6344 hlstasskpr4l1efivrt2tad7ei Query : select top 1 st.tabiva ,st.ivaincl ,st.stns ,st.uni2 ,st.familia ,isnull(tx.taxa, 0) txiva ,unidade ,usalote ,epcpond ,noserie ,conversao ,st.texteis from st left join taxasiva tx on st.tabiva = tx.codigo where st.ref = '324.2031.00.1'
20240926@180635.6493 hlstasskpr4l1efivrt2tad7ei Query : select 1 valor from information_schema.tables where table_type='base table' and table_name='wstablefields'
20240926@180635.6529 hlstasskpr4l1efivrt2tad7ei Query : select fieldkey,fieldname,fieldtype,mandatory from wstablefields where tablename = 'fi' and documentnumber = 39
20240926@180635.6557 hlstasskpr4l1efivrt2tad7ei Query : select 1 valor from information_schema.tables where table_type='base table' and table_name='wstablefields'
20240926@180635.6573 hlstasskpr4l1efivrt2tad7ei Query : select fieldkey,fieldname,fieldtype,mandatory from wstablefields where tablename = 'fi2' and documentnumber = 39
20240926@180635.6583 hlstasskpr4l1efivrt2tad7ei Query : select top 1 convert(numeric(6,2),t.taxa) valor from taxasiva t where t.codigo='2'
20240926@180635.6595 hlstasskpr4l1efivrt2tad7ei Query : select sestamp valor from se where ref ='324.2031.00.1' and lote = 'r2100232100a'
20240926@180635.6616 hlstasskpr4l1efivrt2tad7ei Query : select 1 valor from information_schema.tables where table_type='base table' and table_name='wstablefields'
20240926@180635.6652 hlstasskpr4l1efivrt2tad7ei Query : select fieldkey,fieldname,fieldtype,calcformula from wstablefields where tablename = 'fi2' and documentnumber = 39
20240926@180635.6667 hlstasskpr4l1efivrt2tad7ei Query : insert into wsfi2data (fi2stamp,ftstamp ,ousrdata, ousrhora, usrdata,usrhora,ousrinis,usrinis) values ('aut66f597725966f5949ba1','aut66f594201966f5949b5f' ,getdate(),convert(char(8),convert (time,getdate())),getdate(),convert(char(8),convert (time,getdate())),'wsv','wsv')
20240926@180635.6732 hlstasskpr4l1efivrt2tad7ei Query : select 1 valor from information_schema.tables where table_type='base table' and table_name='wstablefields'
20240926@180635.6748 hlstasskpr4l1efivrt2tad7ei Query : select fieldkey,fieldname,fieldtype,calcformula from wstablefields where tablename = 'fi' and documentnumber = 39
20240926@180635.6778 hlstasskpr4l1efivrt2tad7ei Query : insert into wsfidata (fistamp,ousrdata, ousrhora, usrdata,usrhora,ousrinis,usrinis ,qtt ,ftstamp ,epv,pvmoeda ,tabiva,iva,lordem ,ref, design ,lote,armazem,bistamp ) values ('aut66f597725966f5949ba1',getdate(),convert(char(8),convert (time,getdate())),getdate(),convert(char(8),convert (time,getdate())),'wsv','wsv',6.000 ,'aut66f594201966f5949b5f' ,0,0 ,2,23.00,10000,?,?,?,?,?)
20240926@180635.7158 hlstasskpr4l1efivrt2tad7ei Query : select 1 valor from information_schema.tables where table_type='base table' and table_name='wstablefields'
20240926@180635.7178 hlstasskpr4l1efivrt2tad7ei Query : select fieldkey,fieldname,fieldtype,mandatory from wstablefields where tablename = 'fi' and documentnumber = 39
20240926@180635.7207 hlstasskpr4l1efivrt2tad7ei Query : select 1 valor from information_schema.tables where table_type='base table' and table_name='wstablefields'
20240926@180635.7222 hlstasskpr4l1efivrt2tad7ei Query : select fieldkey,fieldname,fieldtype,mandatory from wstablefields where tablename = 'fi2' and documentnumber = 39
20240926@180635.7230 hlstasskpr4l1efivrt2tad7ei Query : select top 1 convert(numeric(6,2),t.taxa) valor from taxasiva t where t.codigo='2'
20240926@180635.7243 hlstasskpr4l1efivrt2tad7ei Query : select 1 valor from information_schema.tables where table_type='base table' and table_name='wstablefields'
20240926@180635.7257 hlstasskpr4l1efivrt2tad7ei Query : select fieldkey,fieldname,fieldtype,calcformula from wstablefields where tablename = 'fi2' and documentnumber = 39
20240926@180635.7269 hlstasskpr4l1efivrt2tad7ei Query : insert into wsfi2data (fi2stamp,ftstamp ,ousrdata, ousrhora, usrdata,usrhora,ousrinis,usrinis) values ('aut66f595737366f5949bb0','aut66f594201966f5949b5f' ,getdate(),convert(char(8),convert (time,getdate())),getdate(),convert(char(8),convert (time,getdate())),'wsv','wsv')
20240926@180635.7273 hlstasskpr4l1efivrt2tad7ei Query : select 1 valor from information_schema.tables where table_type='base table' and table_name='wstablefields'
20240926@180635.7288 hlstasskpr4l1efivrt2tad7ei Query : select fieldkey,fieldname,fieldtype,calcformula from wstablefields where tablename = 'fi' and documentnumber = 39
20240926@180635.7317 hlstasskpr4l1efivrt2tad7ei Query : insert into wsfidata (fistamp,ousrdata, ousrhora, usrdata,usrhora,ousrinis,usrinis ,qtt ,ftstamp ,epv,pvmoeda ,tabiva,iva,lordem ,ref, design ,armazem) values ('aut66f595737366f5949bb0',getdate(),convert(char(8),convert (time,getdate())),getdate(),convert(char(8),convert (time,getdate())),'wsv','wsv',0 ,'aut66f594201966f5949b5f' ,0,0 ,2,23.00,20000,?,?,?)
20240926@180635.7598 hlstasskpr4l1efivrt2tad7ei Query : use flama_phc
20240926@180635.7601 hlstasskpr4l1efivrt2tad7ei Query : select st.usalote valor from st where st.ref = '324.4840.00.1'
20240926@180635.7622 hlstasskpr4l1efivrt2tad7ei Query : select top 1 st.tabiva ,st.ivaincl ,st.stns ,st.uni2 ,st.familia ,isnull(tx.taxa, 0) txiva ,unidade ,usalote ,epcpond ,noserie ,conversao ,st.texteis from st left join taxasiva tx on st.tabiva = tx.codigo where st.ref = '324.4840.00.1'
20240926@180635.7769 hlstasskpr4l1efivrt2tad7ei Query : select 1 valor from information_schema.tables where table_type='base table' and table_name='wstablefields'
20240926@180635.7785 hlstasskpr4l1efivrt2tad7ei Query : select fieldkey,fieldname,fieldtype,mandatory from wstablefields where tablename = 'fi' and documentnumber = 39
20240926@180635.7814 hlstasskpr4l1efivrt2tad7ei Query : select 1 valor from information_schema.tables where table_type='base table' and table_name='wstablefields'
20240926@180635.7828 hlstasskpr4l1efivrt2tad7ei Query : select fieldkey,fieldname,fieldtype,mandatory from wstablefields where tablename = 'fi2' and documentnumber = 39
20240926@180635.7837 hlstasskpr4l1efivrt2tad7ei Query : select top 1 convert(numeric(6,2),t.taxa) valor from taxasiva t where t.codigo='2'
20240926@180635.7851 hlstasskpr4l1efivrt2tad7ei Query : select sestamp valor from se where ref ='324.4840.00.1' and lote = 'r2400064200a'
20240926@180635.7867 hlstasskpr4l1efivrt2tad7ei Query : select 1 valor from information_schema.tables where table_type='base table' and table_name='wstablefields'
20240926@180635.7882 hlstasskpr4l1efivrt2tad7ei Query : select fieldkey,fieldname,fieldtype,calcformula from wstablefields where tablename = 'fi2' and documentnumber = 39
20240926@180635.7894 hlstasskpr4l1efivrt2tad7ei Query : insert into wsfi2data (fi2stamp,ftstamp ,ousrdata, ousrhora, usrdata,usrhora,ousrinis,usrinis) values ('aut66f598859666f5949bc0','aut66f594201966f5949b5f' ,getdate(),convert(char(8),convert (time,getdate())),getdate(),convert(char(8),convert (time,getdate())),'wsv','wsv')
20240926@180635.7898 hlstasskpr4l1efivrt2tad7ei Query : select 1 valor from information_schema.tables where table_type='base table' and table_name='wstablefields'
20240926@180635.7912 hlstasskpr4l1efivrt2tad7ei Query : select fieldkey,fieldname,fieldtype,calcformula from wstablefields where tablename = 'fi' and documentnumber = 39
20240926@180635.7942 hlstasskpr4l1efivrt2tad7ei Query : insert into wsfidata (fistamp,ousrdata, ousrhora, usrdata,usrhora,ousrinis,usrinis ,qtt ,ftstamp ,epv,pvmoeda ,tabiva,iva,lordem ,ref, design ,lote,armazem,bistamp ) values ('aut66f598859666f5949bc0',getdate(),convert(char(8),convert (time,getdate())),getdate(),convert(char(8),convert (time,getdate())),'wsv','wsv',2.000 ,'aut66f594201966f5949b5f' ,0,0 ,2,23.00,40000,?,?,?,?,?)
20240926@180635.8197 hlstasskpr4l1efivrt2tad7ei Query : insert into wsftcreationlog (initialftstamp,externalid,creationstatus,documenttypeid,idustamp) values ('aut66f594201966f5949b5f','2406194','wait',39,'adm09112754980.682000002')
20240926@180635.8313 hlstasskpr4l1efivrt2tad7ei Query : use flama_phc
20240926@180635.8316 hlstasskpr4l1efivrt2tad7ei Query : update u_wsusers set rqsttoken =? where userid ='userls001'
20240926@180635.9485 hlstasskpr4l1efivrt2tad7ei Query : select concat(rtrim(relative_path),ltrim(name_new)) as valor from uploadfiles where uploadfile_id='2229';
20240926@180635.9520 hlstasskpr4l1efivrt2tad7ei Query : update uploadfiles set whenupdated=current_timestamp where uploadfile_id='2229';
20240926@180635.9566 hlstasskpr4l1efivrt2tad7ei Query : select concat(rtrim(relative_path),ltrim(name_new)) as valor from uploadfiles where uploadfile_id='2229';
20240926@180635.9597 hlstasskpr4l1efivrt2tad7ei Query : update uploadfiles set whenupdated=current_timestamp where uploadfile_id='2229';
20240926@180636.2000 26mtmipq43b5ie20v3ehi4atpk Query : insert into uploadfiles ( name_original, name_new, option_type, relative_path, whencreated ) values ( ?, ?, ?, ?, getdate() )
20240926@180636.2110 26mtmipq43b5ie20v3ehi4atpk Query : select uploadfile_id valor from uploadfiles where name_new = ? and option_type = ? 
20240926@180636.2760 26mtmipq43b5ie20v3ehi4atpk Query : select concat(rtrim(relative_path),ltrim(name_new)) as valor from uploadfiles where uploadfile_id='2230';
20240926@180636.3590 26mtmipq43b5ie20v3ehi4atpk Query : update uploadfiles set whenupdated=current_timestamp where uploadfile_id='2230';
20240926@180636.4150 26mtmipq43b5ie20v3ehi4atpk Query : select concat(rtrim(relative_path),ltrim(name_new)) as valor from uploadfiles where uploadfile_id='2230';
20240926@180636.4440 26mtmipq43b5ie20v3ehi4atpk Query : update uploadfiles set whenupdated=current_timestamp where uploadfile_id='2230';
20240926@180636.4960 26mtmipq43b5ie20v3ehi4atpk Query : use flama_phc
20240926@180636.4990 26mtmipq43b5ie20v3ehi4atpk Query : select top 1 secretkey valor from u_wsusers u where u.userid = ? and u.inactivo=0
20240926@180636.5690 26mtmipq43b5ie20v3ehi4atpk Query : use flama_phc
20240926@180636.5720 26mtmipq43b5ie20v3ehi4atpk Query : select no, estab,szadrsdesc from szadrs where u_coddest=4740
20240926@180636.6540 26mtmipq43b5ie20v3ehi4atpk Query : select top 1 isnull(design,'') valor from st (nolock) left join stobs (nolock) on st.ref = stobs.ref where st.ref = '324.1416.00.1'
20240926@180636.8160 26mtmipq43b5ie20v3ehi4atpk Query : select top 1 bistamp valor from bi inner join bo on bo.bostamp=bi.bostamp where bo.ndos =240 and bo.boano =2062 and bo.obrano = 2406200 and bi.ref ='324.1416.00.1' and bi.lordem =1
20240926@180636.1163 26mtmipq43b5ie20v3ehi4atpk Query : select top 1 isnull(design,'') valor from st (nolock) left join stobs (nolock) on st.ref = stobs.ref where st.ref = '324.1416.00.1'
20240926@180636.1194 26mtmipq43b5ie20v3ehi4atpk Query : select top 1 bistamp valor from bi inner join bo on bo.bostamp=bi.bostamp where bo.ndos =240 and bo.boano =2062 and bo.obrano = 2406200 and bi.ref ='324.1416.00.1' and bi.lordem =1
20240926@180636.1220 26mtmipq43b5ie20v3ehi4atpk Query : select top 1 isnull(design,'') valor from st (nolock) left join stobs (nolock) on st.ref = stobs.ref where st.ref = '324.1416.00.1'
20240926@180636.1243 26mtmipq43b5ie20v3ehi4atpk Query : select top 1 bistamp valor from bi inner join bo on bo.bostamp=bi.bostamp where bo.ndos =240 and bo.boano =2062 and bo.obrano = 2406200 and bi.ref ='324.1416.00.1' and bi.lordem =1
20240926@180636.1260 26mtmipq43b5ie20v3ehi4atpk Query : select top 1 isnull(design,'') valor from st (nolock) left join stobs (nolock) on st.ref = stobs.ref where st.ref = '324.1416.00.1'
20240926@180636.1280 26mtmipq43b5ie20v3ehi4atpk Query : select top 1 bistamp valor from bi inner join bo on bo.bostamp=bi.bostamp where bo.ndos =240 and bo.boano =2062 and bo.obrano = 2406200 and bi.ref ='324.1416.00.1' and bi.lordem =1
20240926@180636.1298 26mtmipq43b5ie20v3ehi4atpk Query : select top 1 isnull(design,'') valor from st (nolock) left join stobs (nolock) on st.ref = stobs.ref where st.ref = '324.4902.00.1'
20240926@180636.1458 26mtmipq43b5ie20v3ehi4atpk Query : select top 1 bistamp valor from bi inner join bo on bo.bostamp=bi.bostamp where bo.ndos =240 and bo.boano =2062 and bo.obrano = 2406200 and bi.ref ='324.4902.00.1' and bi.lordem =2
20240926@180636.1791 26mtmipq43b5ie20v3ehi4atpk Query : select top 1 isnull(design,'') valor from st (nolock) left join stobs (nolock) on st.ref = stobs.ref where st.ref = '324.4902.00.1'
20240926@180636.1819 26mtmipq43b5ie20v3ehi4atpk Query : select top 1 bistamp valor from bi inner join bo on bo.bostamp=bi.bostamp where bo.ndos =240 and bo.boano =2062 and bo.obrano = 2406200 and bi.ref ='324.4902.00.1' and bi.lordem =2
20240926@180636.1838 26mtmipq43b5ie20v3ehi4atpk Query : select top 1 isnull(design,'') valor from st (nolock) left join stobs (nolock) on st.ref = stobs.ref where st.ref = '324.4902.00.1'
20240926@180636.1859 26mtmipq43b5ie20v3ehi4atpk Query : select top 1 bistamp valor from bi inner join bo on bo.bostamp=bi.bostamp where bo.ndos =240 and bo.boano =2062 and bo.obrano = 2406200 and bi.ref ='324.4902.00.1' and bi.lordem =2
20240926@180636.1876 26mtmipq43b5ie20v3ehi4atpk Query : select top 1 isnull(design,'') valor from st (nolock) left join stobs (nolock) on st.ref = stobs.ref where st.ref = '324.4902.00.1'
20240926@180636.1897 26mtmipq43b5ie20v3ehi4atpk Query : select top 1 bistamp valor from bi inner join bo on bo.bostamp=bi.bostamp where bo.ndos =240 and bo.boano =2062 and bo.obrano = 2406200 and bi.ref ='324.4902.00.1' and bi.lordem =2
20240926@180636.1914 26mtmipq43b5ie20v3ehi4atpk Query : select top 1 isnull(design,'') valor from st (nolock) left join stobs (nolock) on st.ref = stobs.ref where st.ref = '324.4906.00.1'
20240926@180636.2078 26mtmipq43b5ie20v3ehi4atpk Query : select top 1 bistamp valor from bi inner join bo on bo.bostamp=bi.bostamp where bo.ndos =240 and bo.boano =2062 and bo.obrano = 2406200 and bi.ref ='324.4906.00.1' and bi.lordem =3
20240926@180636.2398 26mtmipq43b5ie20v3ehi4atpk Query : select top 1 isnull(design,'') valor from st (nolock) left join stobs (nolock) on st.ref = stobs.ref where st.ref = '324.4906.00.1'
20240926@180636.2419 26mtmipq43b5ie20v3ehi4atpk Query : select top 1 bistamp valor from bi inner join bo on bo.bostamp=bi.bostamp where bo.ndos =240 and bo.boano =2062 and bo.obrano = 2406200 and bi.ref ='324.4906.00.1' and bi.lordem =3
20240926@180636.2438 26mtmipq43b5ie20v3ehi4atpk Query : select top 1 isnull(design,'') valor from st (nolock) left join stobs (nolock) on st.ref = stobs.ref where st.ref = '324.4906.00.1'
20240926@180636.2459 26mtmipq43b5ie20v3ehi4atpk Query : select top 1 bistamp valor from bi inner join bo on bo.bostamp=bi.bostamp where bo.ndos =240 and bo.boano =2062 and bo.obrano = 2406200 and bi.ref ='324.4906.00.1' and bi.lordem =3
20240926@180636.2477 26mtmipq43b5ie20v3ehi4atpk Query : select top 1 isnull(design,'') valor from st (nolock) left join stobs (nolock) on st.ref = stobs.ref where st.ref = '324.4906.00.1'
20240926@180636.2498 26mtmipq43b5ie20v3ehi4atpk Query : select top 1 bistamp valor from bi inner join bo on bo.bostamp=bi.bostamp where bo.ndos =240 and bo.boano =2062 and bo.obrano = 2406200 and bi.ref ='324.4906.00.1' and bi.lordem =3
20240926@180636.2518 26mtmipq43b5ie20v3ehi4atpk Query : use flama_phc
20240926@180636.2521 26mtmipq43b5ie20v3ehi4atpk Query : select top 1 convert(date,fdata) valor from ft where ndoc = 39 and anulado= 0 and fno>0 order by fdata desc
20240926@180636.2556 26mtmipq43b5ie20v3ehi4atpk Query : use flama_phc
20240926@180636.2559 26mtmipq43b5ie20v3ehi4atpk Query : select top 1 1 valor from td where td.ndoc = 39
20240926@180636.2590 26mtmipq43b5ie20v3ehi4atpk Query : use flama_phc
20240926@180636.2594 26mtmipq43b5ie20v3ehi4atpk Query : select lower(descricao) descricao ,case when valor='s' then 1 else 0 end valor from para1 where descricao in ('st_lote','st_usalogifunc', 'st_grelha')
20240926@180636.2628 26mtmipq43b5ie20v3ehi4atpk Query : select top 1 manternumero ,assinadoc issigned ,tiposaft ,assinaimp ,nmdos ,td.assinadoc ,'cl' origin ,lancasl stocks ,case when cmsl<50 and td.lancasl=1 then 1 else 0 end entrada ,case when cmsl>50 and td.lancasl=1 then 1 else 0 end saida ,temserie assets ,~semgre usegridfields from td inner join td2 on td.tdstamp=td2.td2stamp where td.ndoc = 1
20240926@180636.2692 26mtmipq43b5ie20v3ehi4atpk Query : use flama_phc
20240926@180636.2696 26mtmipq43b5ie20v3ehi4atpk Query : select top 1 ~inactivo valor from cl where no = '100810' and estab = 0 order by inactivo desc
20240926@180636.2825 26mtmipq43b5ie20v3ehi4atpk Query : use flama_phc
20240926@180636.2829 26mtmipq43b5ie20v3ehi4atpk Query : select top 1 tipodoc,regrd from td where ndoc = 39
20240926@180636.2866 26mtmipq43b5ie20v3ehi4atpk Query : use flama_phc
20240926@180636.2870 26mtmipq43b5ie20v3ehi4atpk Query : select szadrsstamp valor from szadrs where szadrsdesc='espaÇotrans,lda'
20240926@180636.2925 26mtmipq43b5ie20v3ehi4atpk Query : use flama_phc
20240926@180636.2929 26mtmipq43b5ie20v3ehi4atpk Query : select szadrsstamp valor from szadrs where szadrsdesc='100810 - worten-equipamentos para o lar,sa.'
20240926@180636.2986 26mtmipq43b5ie20v3ehi4atpk Query : use flama_phc
20240926@180636.2989 26mtmipq43b5ie20v3ehi4atpk Query : select 1 valor from td where ndoc = 39
20240926@180636.3004 26mtmipq43b5ie20v3ehi4atpk Query : select top 1 manternumero, tiposaft, nmdos,td.assinadoc from td where td.ndoc = 39
20240926@180636.3021 26mtmipq43b5ie20v3ehi4atpk Query : select 1 valor from information_schema.tables where table_type='base table' and table_name='wstablefields'
20240926@180636.3039 26mtmipq43b5ie20v3ehi4atpk Query : select fieldkey,fieldname,fieldtype,mandatory from wstablefields where tablename = 'ft' and documentnumber = 39
20240926@180636.3062 26mtmipq43b5ie20v3ehi4atpk Query : select 1 valor from information_schema.tables where table_type='base table' and table_name='wstablefields'
20240926@180636.3079 26mtmipq43b5ie20v3ehi4atpk Query : select fieldkey,fieldname,fieldtype,mandatory from wstablefields where tablename = 'ft2' and documentnumber = 39
20240926@180636.3115 26mtmipq43b5ie20v3ehi4atpk Query : select 1 valor from information_schema.tables where table_type='base table' and table_name='wstablefields'
20240926@180636.3133 26mtmipq43b5ie20v3ehi4atpk Query : select fieldkey,fieldname,fieldtype,mandatory from wstablefields where tablename = 'ft3' and documentnumber = 39
20240926@180636.3148 26mtmipq43b5ie20v3ehi4atpk Query : select top 1 ft.fno valor from ft ft where ft.ndoc = 39 and ftano=2024 order by fno desc
20240926@180636.4352 26mtmipq43b5ie20v3ehi4atpk Query : select top 1 ft.fno valor from wsftdata ft where ft.ndoc = 39 and ftano=2024 order by fno desc
20240926@180636.4370 26mtmipq43b5ie20v3ehi4atpk Query : select 1 valor from information_schema.tables where table_type='base table' and table_name='wstablefields'
20240926@180636.4389 26mtmipq43b5ie20v3ehi4atpk Query : select fieldkey,fieldname,fieldtype,calcformula from wstablefields where tablename = 'ft3' and documentnumber = 39
20240926@180636.4410 26mtmipq43b5ie20v3ehi4atpk Query : insert into wsft3data (ft3stamp, ousrdata, ousrhora, usrdata,usrhora,ousrinis,usrinis,taxpointdt ) values ('aut66f590075966f5949c4c' ,getdate(),convert(char(8),convert (time,getdate())),getdate(),convert(char(8),convert (time,getdate())),'wsv','wsv',?)
20240926@180636.4599 26mtmipq43b5ie20v3ehi4atpk Query : select 1 valor from information_schema.tables where table_type='base table' and table_name='wstablefields'
20240926@180636.4619 26mtmipq43b5ie20v3ehi4atpk Query : select fieldkey,fieldname,fieldtype,calcformula from wstablefields where tablename = 'ft2' and documentnumber = 39
20240926@180636.4658 26mtmipq43b5ie20v3ehi4atpk Query : select top 1 bo.u_nomeenv valor from bo where bo.bostamp=''
20240926@180636.4672 26mtmipq43b5ie20v3ehi4atpk Query : select top 1 bo.u_moradaen valor from bo where bo.bostamp=''
20240926@180636.4686 26mtmipq43b5ie20v3ehi4atpk Query : select top 1 bo.u_codposen valor from bo where bo.bostamp=''
20240926@180636.4700 26mtmipq43b5ie20v3ehi4atpk Query : select top 1 bo.u_localenv valor from bo where bo.bostamp=''
20240926@180636.4716 26mtmipq43b5ie20v3ehi4atpk Query : select top 1 bo.trab5 valor from bo where bo.bostamp=''
20240926@180636.4730 26mtmipq43b5ie20v3ehi4atpk Query : select top 1 bo.serie valor from bo where bo.bostamp=''
20240926@180636.4743 26mtmipq43b5ie20v3ehi4atpk Query : insert into wsft2data (ft2stamp, ousrdata,ousrhora, usrdata,usrhora,ousrinis,usrinis,u_nomeenv ,u_moradaen ,u_codposen ,u_localenv ,u_coddest ,u_codby ) values ('aut66f590075966f5949c4c',getdate(),convert(char(8),convert (time,getdate())),getdate(),convert(char(8),convert (time,getdate())),'wsv','wsv',?,?,?,?,?,?)
20240926@180636.4992 26mtmipq43b5ie20v3ehi4atpk Query : select top 1 fno valor from wsftdata order by fno desc
20240926@180636.5014 26mtmipq43b5ie20v3ehi4atpk Query : select 1 valor from information_schema.tables where table_type='base table' and table_name='wstablefields'
20240926@180636.5032 26mtmipq43b5ie20v3ehi4atpk Query : select fieldkey,fieldname,fieldtype,calcformula from wstablefields where tablename = 'ft' and documentnumber = 39
20240926@180636.5059 26mtmipq43b5ie20v3ehi4atpk Query : select 'normal' from dummy
20240926@180636.5077 26mtmipq43b5ie20v3ehi4atpk Query : insert into wsftdata (ftstamp, ousrdata,ousrhora, usrdata,usrhora,ousrinis,usrinis,fno,no,estab,fdata,ndoc,moeda,cambio,cambiofixo,ftano,site ,classe ) values ('aut66f590075966f5949c4c',getdate(),convert(char(8),convert (time,getdate())),getdate(),convert(char(8),convert (time,getdate())),'wsv','wsv',942,100810,0,'2024-09-26',39,'euro',0,0,2024 ,?,?)
20240926@180636.5369 26mtmipq43b5ie20v3ehi4atpk Query : use flama_phc
20240926@180636.5373 26mtmipq43b5ie20v3ehi4atpk Query : select st.usalote valor from st where st.ref = '324.1416.00.1'
20240926@180636.5400 26mtmipq43b5ie20v3ehi4atpk Query : select top 1 st.tabiva ,st.ivaincl ,st.stns ,st.uni2 ,st.familia ,isnull(tx.taxa, 0) txiva ,unidade ,usalote ,epcpond ,noserie ,conversao ,st.texteis from st left join taxasiva tx on st.tabiva = tx.codigo where st.ref = '324.1416.00.1'
20240926@180636.5550 26mtmipq43b5ie20v3ehi4atpk Query : select 1 valor from information_schema.tables where table_type='base table' and table_name='wstablefields'
20240926@180636.5568 26mtmipq43b5ie20v3ehi4atpk Query : select fieldkey,fieldname,fieldtype,mandatory from wstablefields where tablename = 'fi' and documentnumber = 39
20240926@180636.5599 26mtmipq43b5ie20v3ehi4atpk Query : select 1 valor from information_schema.tables where table_type='base table' and table_name='wstablefields'
20240926@180636.5616 26mtmipq43b5ie20v3ehi4atpk Query : select fieldkey,fieldname,fieldtype,mandatory from wstablefields where tablename = 'fi2' and documentnumber = 39
20240926@180636.5626 26mtmipq43b5ie20v3ehi4atpk Query : select top 1 convert(numeric(6,2),t.taxa) valor from taxasiva t where t.codigo='2'
20240926@180636.5642 26mtmipq43b5ie20v3ehi4atpk Query : select sestamp valor from se where ref ='324.1416.00.1' and lote = 'r2400079200a'
20240926@180636.5810 26mtmipq43b5ie20v3ehi4atpk Query : select 1 valor from information_schema.tables where table_type='base table' and table_name='wstablefields'
20240926@180636.5828 26mtmipq43b5ie20v3ehi4atpk Query : select fieldkey,fieldname,fieldtype,calcformula from wstablefields where tablename = 'fi2' and documentnumber = 39
20240926@180636.5843 26mtmipq43b5ie20v3ehi4atpk Query : insert into wsfi2data (fi2stamp,ftstamp ,ousrdata, ousrhora, usrdata,usrhora,ousrinis,usrinis) values ('aut66f597175266f5949c8d','aut66f590075966f5949c4c' ,getdate(),convert(char(8),convert (time,getdate())),getdate(),convert(char(8),convert (time,getdate())),'wsv','wsv')
20240926@180636.5848 26mtmipq43b5ie20v3ehi4atpk Query : select 1 valor from information_schema.tables where table_type='base table' and table_name='wstablefields'
20240926@180636.5868 26mtmipq43b5ie20v3ehi4atpk Query : select fieldkey,fieldname,fieldtype,calcformula from wstablefields where tablename = 'fi' and documentnumber = 39
20240926@180636.5902 26mtmipq43b5ie20v3ehi4atpk Query : insert into wsfidata (fistamp,ousrdata, ousrhora, usrdata,usrhora,ousrinis,usrinis ,qtt ,ftstamp ,epv,pvmoeda ,tabiva,iva,lordem ,ref, design ,lote,armazem,bistamp ) values ('aut66f597175266f5949c8d',getdate(),convert(char(8),convert (time,getdate())),getdate(),convert(char(8),convert (time,getdate())),'wsv','wsv',4.000 ,'aut66f590075966f5949c4c' ,0,0 ,2,23.00,10000,?,?,?,?,?)
20240926@180636.6164 26mtmipq43b5ie20v3ehi4atpk Query : select 1 valor from information_schema.tables where table_type='base table' and table_name='wstablefields'
20240926@180636.6183 26mtmipq43b5ie20v3ehi4atpk Query : select fieldkey,fieldname,fieldtype,mandatory from wstablefields where tablename = 'fi' and documentnumber = 39
20240926@180636.6215 26mtmipq43b5ie20v3ehi4atpk Query : select 1 valor from information_schema.tables where table_type='base table' and table_name='wstablefields'
20240926@180636.6234 26mtmipq43b5ie20v3ehi4atpk Query : select fieldkey,fieldname,fieldtype,mandatory from wstablefields where tablename = 'fi2' and documentnumber = 39
20240926@180636.6244 26mtmipq43b5ie20v3ehi4atpk Query : select top 1 convert(numeric(6,2),t.taxa) valor from taxasiva t where t.codigo='2'
20240926@180636.6258 26mtmipq43b5ie20v3ehi4atpk Query : select 1 valor from information_schema.tables where table_type='base table' and table_name='wstablefields'
20240926@180636.6275 26mtmipq43b5ie20v3ehi4atpk Query : select fieldkey,fieldname,fieldtype,calcformula from wstablefields where tablename = 'fi2' and documentnumber = 39
20240926@180636.6289 26mtmipq43b5ie20v3ehi4atpk Query : insert into wsfi2data (fi2stamp,ftstamp ,ousrdata, ousrhora, usrdata,usrhora,ousrinis,usrinis) values ('aut66f599020866f5949c98','aut66f590075966f5949c4c' ,getdate(),convert(char(8),convert (time,getdate())),getdate(),convert(char(8),convert (time,getdate())),'wsv','wsv')
20240926@180636.6293 26mtmipq43b5ie20v3ehi4atpk Query : select 1 valor from information_schema.tables where table_type='base table' and table_name='wstablefields'
20240926@180636.6310 26mtmipq43b5ie20v3ehi4atpk Query : select fieldkey,fieldname,fieldtype,calcformula from wstablefields where tablename = 'fi' and documentnumber = 39
20240926@180636.6344 26mtmipq43b5ie20v3ehi4atpk Query : insert into wsfidata (fistamp,ousrdata, ousrhora, usrdata,usrhora,ousrinis,usrinis ,qtt ,ftstamp ,epv,pvmoeda ,tabiva,iva,lordem ,ref, design ,armazem) values ('aut66f599020866f5949c98',getdate(),convert(char(8),convert (time,getdate())),getdate(),convert(char(8),convert (time,getdate())),'wsv','wsv',0 ,'aut66f590075966f5949c4c' ,0,0 ,2,23.00,20000,?,?,?)
20240926@180636.6576 26mtmipq43b5ie20v3ehi4atpk Query : use flama_phc
20240926@180636.6579 26mtmipq43b5ie20v3ehi4atpk Query : select st.usalote valor from st where st.ref = '324.1416.00.1'
20240926@180636.6602 26mtmipq43b5ie20v3ehi4atpk Query : select top 1 st.tabiva ,st.ivaincl ,st.stns ,st.uni2 ,st.familia ,isnull(tx.taxa, 0) txiva ,unidade ,usalote ,epcpond ,noserie ,conversao ,st.texteis from st left join taxasiva tx on st.tabiva = tx.codigo where st.ref = '324.1416.00.1'
20240926@180636.6621 26mtmipq43b5ie20v3ehi4atpk Query : select 1 valor from information_schema.tables where table_type='base table' and table_name='wstablefields'
20240926@180636.6639 26mtmipq43b5ie20v3ehi4atpk Query : select fieldkey,fieldname,fieldtype,mandatory from wstablefields where tablename = 'fi' and documentnumber = 39
20240926@180636.6687 26mtmipq43b5ie20v3ehi4atpk Query : select 1 valor from information_schema.tables where table_type='base table' and table_name='wstablefields'
20240926@180636.6705 26mtmipq43b5ie20v3ehi4atpk Query : select fieldkey,fieldname,fieldtype,mandatory from wstablefields where tablename = 'fi2' and documentnumber = 39
20240926@180636.6715 26mtmipq43b5ie20v3ehi4atpk Query : select top 1 convert(numeric(6,2),t.taxa) valor from taxasiva t where t.codigo='2'
20240926@180636.6729 26mtmipq43b5ie20v3ehi4atpk Query : select sestamp valor from se where ref ='324.1416.00.1' and lote = 'r2400079200a'
20240926@180636.6745 26mtmipq43b5ie20v3ehi4atpk Query : select 1 valor from information_schema.tables where table_type='base table' and table_name='wstablefields'
20240926@180636.6763 26mtmipq43b5ie20v3ehi4atpk Query : select fieldkey,fieldname,fieldtype,calcformula from wstablefields where tablename = 'fi2' and documentnumber = 39
20240926@180636.6777 26mtmipq43b5ie20v3ehi4atpk Query : insert into wsfi2data (fi2stamp,ftstamp ,ousrdata, ousrhora, usrdata,usrhora,ousrinis,usrinis) values ('aut66f598868066f5949ca4','aut66f590075966f5949c4c' ,getdate(),convert(char(8),convert (time,getdate())),getdate(),convert(char(8),convert (time,getdate())),'wsv','wsv')
20240926@180636.6781 26mtmipq43b5ie20v3ehi4atpk Query : select 1 valor from information_schema.tables where table_type='base table' and table_name='wstablefields'
20240926@180636.6798 26mtmipq43b5ie20v3ehi4atpk Query : select fieldkey,fieldname,fieldtype,calcformula from wstablefields where tablename = 'fi' and documentnumber = 39
20240926@180636.6832 26mtmipq43b5ie20v3ehi4atpk Query : insert into wsfidata (fistamp,ousrdata, ousrhora, usrdata,usrhora,ousrinis,usrinis ,qtt ,ftstamp ,epv,pvmoeda ,tabiva,iva,lordem ,ref, design ,lote,armazem,bistamp ) values ('aut66f598868066f5949ca4',getdate(),convert(char(8),convert (time,getdate())),getdate(),convert(char(8),convert (time,getdate())),'wsv','wsv',40.000 ,'aut66f590075966f5949c4c' ,0,0 ,2,23.00,40000,?,?,?,?,?)
20240926@180636.7101 26mtmipq43b5ie20v3ehi4atpk Query : select 1 valor from information_schema.tables where table_type='base table' and table_name='wstablefields'
20240926@180636.7122 26mtmipq43b5ie20v3ehi4atpk Query : select fieldkey,fieldname,fieldtype,mandatory from wstablefields where tablename = 'fi' and documentnumber = 39
20240926@180636.7154 26mtmipq43b5ie20v3ehi4atpk Query : select 1 valor from information_schema.tables where table_type='base table' and table_name='wstablefields'
20240926@180636.7174 26mtmipq43b5ie20v3ehi4atpk Query : select fieldkey,fieldname,fieldtype,mandatory from wstablefields where tablename = 'fi2' and documentnumber = 39
20240926@180636.7184 26mtmipq43b5ie20v3ehi4atpk Query : select top 1 convert(numeric(6,2),t.taxa) valor from taxasiva t where t.codigo='2'
20240926@180636.7198 26mtmipq43b5ie20v3ehi4atpk Query : select 1 valor from information_schema.tables where table_type='base table' and table_name='wstablefields'
20240926@180636.7215 26mtmipq43b5ie20v3ehi4atpk Query : select fieldkey,fieldname,fieldtype,calcformula from wstablefields where tablename = 'fi2' and documentnumber = 39
20240926@180636.7229 26mtmipq43b5ie20v3ehi4atpk Query : insert into wsfi2data (fi2stamp,ftstamp ,ousrdata, ousrhora, usrdata,usrhora,ousrinis,usrinis) values ('aut66f590188066f5949caf','aut66f590075966f5949c4c' ,getdate(),convert(char(8),convert (time,getdate())),getdate(),convert(char(8),convert (time,getdate())),'wsv','wsv')
20240926@180636.7233 26mtmipq43b5ie20v3ehi4atpk Query : select 1 valor from information_schema.tables where table_type='base table' and table_name='wstablefields'
20240926@180636.7250 26mtmipq43b5ie20v3ehi4atpk Query : select fieldkey,fieldname,fieldtype,calcformula from wstablefields where tablename = 'fi' and documentnumber = 39
20240926@180636.7283 26mtmipq43b5ie20v3ehi4atpk Query : insert into wsfidata (fistamp,ousrdata, ousrhora, usrdata,usrhora,ousrinis,usrinis ,qtt ,ftstamp ,epv,pvmoeda ,tabiva,iva,lordem ,ref, design ,armazem) values ('aut66f590188066f5949caf',getdate(),convert(char(8),convert (time,getdate())),getdate(),convert(char(8),convert (time,getdate())),'wsv','wsv',0 ,'aut66f590075966f5949c4c' ,0,0 ,2,23.00,50000,?,?,?)
20240926@180636.7536 26mtmipq43b5ie20v3ehi4atpk Query : use flama_phc
20240926@180636.7540 26mtmipq43b5ie20v3ehi4atpk Query : select st.usalote valor from st where st.ref = '324.1416.00.1'
20240926@180636.7562 26mtmipq43b5ie20v3ehi4atpk Query : select top 1 st.tabiva ,st.ivaincl ,st.stns ,st.uni2 ,st.familia ,isnull(tx.taxa, 0) txiva ,unidade ,usalote ,epcpond ,noserie ,conversao ,st.texteis from st left join taxasiva tx on st.tabiva = tx.codigo where st.ref = '324.1416.00.1'
20240926@180636.7578 26mtmipq43b5ie20v3ehi4atpk Query : select 1 valor from information_schema.tables where table_type='base table' and table_name='wstablefields'
20240926@180636.7596 26mtmipq43b5ie20v3ehi4atpk Query : select fieldkey,fieldname,fieldtype,mandatory from wstablefields where tablename = 'fi' and documentnumber = 39
20240926@180636.7626 26mtmipq43b5ie20v3ehi4atpk Query : select 1 valor from information_schema.tables where table_type='base table' and table_name='wstablefields'
20240926@180636.7644 26mtmipq43b5ie20v3ehi4atpk Query : select fieldkey,fieldname,fieldtype,mandatory from wstablefields where tablename = 'fi2' and documentnumber = 39
20240926@180636.7656 26mtmipq43b5ie20v3ehi4atpk Query : select top 1 convert(numeric(6,2),t.taxa) valor from taxasiva t where t.codigo='2'
20240926@180636.7670 26mtmipq43b5ie20v3ehi4atpk Query : select sestamp valor from se where ref ='324.1416.00.1' and lote = 'r2400079200a'
20240926@180636.7685 26mtmipq43b5ie20v3ehi4atpk Query : select 1 valor from information_schema.tables where table_type='base table' and table_name='wstablefields'
20240926@180636.7702 26mtmipq43b5ie20v3ehi4atpk Query : select fieldkey,fieldname,fieldtype,calcformula from wstablefields where tablename = 'fi2' and documentnumber = 39
20240926@180636.7716 26mtmipq43b5ie20v3ehi4atpk Query : insert into wsfi2data (fi2stamp,ftstamp ,ousrdata, ousrhora, usrdata,usrhora,ousrinis,usrinis) values ('aut66f599336766f5949cbb','aut66f590075966f5949c4c' ,getdate(),convert(char(8),convert (time,getdate())),getdate(),convert(char(8),convert (time,getdate())),'wsv','wsv')
20240926@180636.7721 26mtmipq43b5ie20v3ehi4atpk Query : select 1 valor from information_schema.tables where table_type='base table' and table_name='wstablefields'
20240926@180636.7738 26mtmipq43b5ie20v3ehi4atpk Query : select fieldkey,fieldname,fieldtype,calcformula from wstablefields where tablename = 'fi' and documentnumber = 39
20240926@180636.7772 26mtmipq43b5ie20v3ehi4atpk Query : insert into wsfidata (fistamp,ousrdata, ousrhora, usrdata,usrhora,ousrinis,usrinis ,qtt ,ftstamp ,epv,pvmoeda ,tabiva,iva,lordem ,ref, design ,lote,armazem,bistamp ) values ('aut66f599336766f5949cbb',getdate(),convert(char(8),convert (time,getdate())),getdate(),convert(char(8),convert (time,getdate())),'wsv','wsv',48.000 ,'aut66f590075966f5949c4c' ,0,0 ,2,23.00,70000,?,?,?,?,?)
20240926@180636.8037 26mtmipq43b5ie20v3ehi4atpk Query : select 1 valor from information_schema.tables where table_type='base table' and table_name='wstablefields'
20240926@180636.8054 26mtmipq43b5ie20v3ehi4atpk Query : select fieldkey,fieldname,fieldtype,mandatory from wstablefields where tablename = 'fi' and documentnumber = 39
20240926@180636.8085 26mtmipq43b5ie20v3ehi4atpk Query : select 1 valor from information_schema.tables where table_type='base table' and table_name='wstablefields'
20240926@180636.8101 26mtmipq43b5ie20v3ehi4atpk Query : select fieldkey,fieldname,fieldtype,mandatory from wstablefields where tablename = 'fi2' and documentnumber = 39
20240926@180636.8111 26mtmipq43b5ie20v3ehi4atpk Query : select top 1 convert(numeric(6,2),t.taxa) valor from taxasiva t where t.codigo='2'
20240926@180636.8126 26mtmipq43b5ie20v3ehi4atpk Query : select 1 valor from information_schema.tables where table_type='base table' and table_name='wstablefields'
20240926@180636.8145 26mtmipq43b5ie20v3ehi4atpk Query : select fieldkey,fieldname,fieldtype,calcformula from wstablefields where tablename = 'fi2' and documentnumber = 39
20240926@180636.8159 26mtmipq43b5ie20v3ehi4atpk Query : insert into wsfi2data (fi2stamp,ftstamp ,ousrdata, ousrhora, usrdata,usrhora,ousrinis,usrinis) values ('aut66f595267366f5949cc6','aut66f590075966f5949c4c' ,getdate(),convert(char(8),convert (time,getdate())),getdate(),convert(char(8),convert (time,getdate())),'wsv','wsv')
20240926@180636.8163 26mtmipq43b5ie20v3ehi4atpk Query : select 1 valor from information_schema.tables where table_type='base table' and table_name='wstablefields'
20240926@180636.8180 26mtmipq43b5ie20v3ehi4atpk Query : select fieldkey,fieldname,fieldtype,calcformula from wstablefields where tablename = 'fi' and documentnumber = 39
20240926@180636.8215 26mtmipq43b5ie20v3ehi4atpk Query : insert into wsfidata (fistamp,ousrdata, ousrhora, usrdata,usrhora,ousrinis,usrinis ,qtt ,ftstamp ,epv,pvmoeda ,tabiva,iva,lordem ,ref, design ,armazem) values ('aut66f595267366f5949cc6',getdate(),convert(char(8),convert (time,getdate())),getdate(),convert(char(8),convert (time,getdate())),'wsv','wsv',0 ,'aut66f590075966f5949c4c' ,0,0 ,2,23.00,80000,?,?,?)
20240926@180636.8483 26mtmipq43b5ie20v3ehi4atpk Query : use flama_phc
20240926@180636.8487 26mtmipq43b5ie20v3ehi4atpk Query : select st.usalote valor from st where st.ref = '324.1416.00.1'
20240926@180636.8511 26mtmipq43b5ie20v3ehi4atpk Query : select top 1 st.tabiva ,st.ivaincl ,st.stns ,st.uni2 ,st.familia ,isnull(tx.taxa, 0) txiva ,unidade ,usalote ,epcpond ,noserie ,conversao ,st.texteis from st left join taxasiva tx on st.tabiva = tx.codigo where st.ref = '324.1416.00.1'
20240926@180636.8527 26mtmipq43b5ie20v3ehi4atpk Query : select 1 valor from information_schema.tables where table_type='base table' and table_name='wstablefields'
20240926@180636.8546 26mtmipq43b5ie20v3ehi4atpk Query : select fieldkey,fieldname,fieldtype,mandatory from wstablefields where tablename = 'fi' and documentnumber = 39
20240926@180636.8576 26mtmipq43b5ie20v3ehi4atpk Query : select 1 valor from information_schema.tables where table_type='base table' and table_name='wstablefields'
20240926@180636.8593 26mtmipq43b5ie20v3ehi4atpk Query : select fieldkey,fieldname,fieldtype,mandatory from wstablefields where tablename = 'fi2' and documentnumber = 39
20240926@180636.8604 26mtmipq43b5ie20v3ehi4atpk Query : select top 1 convert(numeric(6,2),t.taxa) valor from taxasiva t where t.codigo='2'
20240926@180636.8619 26mtmipq43b5ie20v3ehi4atpk Query : select sestamp valor from se where ref ='324.1416.00.1' and lote = 'r2400079200a'
20240926@180636.8633 26mtmipq43b5ie20v3ehi4atpk Query : select 1 valor from information_schema.tables where table_type='base table' and table_name='wstablefields'
20240926@180636.8652 26mtmipq43b5ie20v3ehi4atpk Query : select fieldkey,fieldname,fieldtype,calcformula from wstablefields where tablename = 'fi2' and documentnumber = 39
20240926@180636.8666 26mtmipq43b5ie20v3ehi4atpk Query : insert into wsfi2data (fi2stamp,ftstamp ,ousrdata, ousrhora, usrdata,usrhora,ousrinis,usrinis) values ('aut66f597691366f5949cd2','aut66f590075966f5949c4c' ,getdate(),convert(char(8),convert (time,getdate())),getdate(),convert(char(8),convert (time,getdate())),'wsv','wsv')
20240926@180636.8671 26mtmipq43b5ie20v3ehi4atpk Query : select 1 valor from information_schema.tables where table_type='base table' and table_name='wstablefields'
20240926@180636.8688 26mtmipq43b5ie20v3ehi4atpk Query : select fieldkey,fieldname,fieldtype,calcformula from wstablefields where tablename = 'fi' and documentnumber = 39
20240926@180636.8733 26mtmipq43b5ie20v3ehi4atpk Query : insert into wsfidata (fistamp,ousrdata, ousrhora, usrdata,usrhora,ousrinis,usrinis ,qtt ,ftstamp ,epv,pvmoeda ,tabiva,iva,lordem ,ref, design ,lote,armazem,bistamp ) values ('aut66f597691366f5949cd2',getdate(),convert(char(8),convert (time,getdate())),getdate(),convert(char(8),convert (time,getdate())),'wsv','wsv',48.000 ,'aut66f590075966f5949c4c' ,0,0 ,2,23.00,100000,?,?,?,?,?)
20240926@180636.8999 26mtmipq43b5ie20v3ehi4atpk Query : select 1 valor from information_schema.tables where table_type='base table' and table_name='wstablefields'
20240926@180636.9017 26mtmipq43b5ie20v3ehi4atpk Query : select fieldkey,fieldname,fieldtype,mandatory from wstablefields where tablename = 'fi' and documentnumber = 39
20240926@180636.9047 26mtmipq43b5ie20v3ehi4atpk Query : select 1 valor from information_schema.tables where table_type='base table' and table_name='wstablefields'
20240926@180636.9064 26mtmipq43b5ie20v3ehi4atpk Query : select fieldkey,fieldname,fieldtype,mandatory from wstablefields where tablename = 'fi2' and documentnumber = 39
20240926@180636.9074 26mtmipq43b5ie20v3ehi4atpk Query : select top 1 convert(numeric(6,2),t.taxa) valor from taxasiva t where t.codigo='2'
20240926@180636.9089 26mtmipq43b5ie20v3ehi4atpk Query : select 1 valor from information_schema.tables where table_type='base table' and table_name='wstablefields'
20240926@180636.9106 26mtmipq43b5ie20v3ehi4atpk Query : select fieldkey,fieldname,fieldtype,calcformula from wstablefields where tablename = 'fi2' and documentnumber = 39
20240926@180636.9123 26mtmipq43b5ie20v3ehi4atpk Query : insert into wsfi2data (fi2stamp,ftstamp ,ousrdata, ousrhora, usrdata,usrhora,ousrinis,usrinis) values ('aut66f592297766f5949cdd','aut66f590075966f5949c4c' ,getdate(),convert(char(8),convert (time,getdate())),getdate(),convert(char(8),convert (time,getdate())),'wsv','wsv')
20240926@180636.9128 26mtmipq43b5ie20v3ehi4atpk Query : select 1 valor from information_schema.tables where table_type='base table' and table_name='wstablefields'
20240926@180636.9145 26mtmipq43b5ie20v3ehi4atpk Query : select fieldkey,fieldname,fieldtype,calcformula from wstablefields where tablename = 'fi' and documentnumber = 39
20240926@180636.9180 26mtmipq43b5ie20v3ehi4atpk Query : insert into wsfidata (fistamp,ousrdata, ousrhora, usrdata,usrhora,ousrinis,usrinis ,qtt ,ftstamp ,epv,pvmoeda ,tabiva,iva,lordem ,ref, design ,armazem) values ('aut66f592297766f5949cdd',getdate(),convert(char(8),convert (time,getdate())),getdate(),convert(char(8),convert (time,getdate())),'wsv','wsv',0 ,'aut66f590075966f5949c4c' ,0,0 ,2,23.00,110000,?,?,?)
20240926@180636.9450 26mtmipq43b5ie20v3ehi4atpk Query : use flama_phc
20240926@180636.9453 26mtmipq43b5ie20v3ehi4atpk Query : select st.usalote valor from st where st.ref = '324.4902.00.1'
20240926@180636.9476 26mtmipq43b5ie20v3ehi4atpk Query : select top 1 st.tabiva ,st.ivaincl ,st.stns ,st.uni2 ,st.familia ,isnull(tx.taxa, 0) txiva ,unidade ,usalote ,epcpond ,noserie ,conversao ,st.texteis from st left join taxasiva tx on st.tabiva = tx.codigo where st.ref = '324.4902.00.1'
20240926@180636.9627 26mtmipq43b5ie20v3ehi4atpk Query : select 1 valor from information_schema.tables where table_type='base table' and table_name='wstablefields'
20240926@180636.9644 26mtmipq43b5ie20v3ehi4atpk Query : select fieldkey,fieldname,fieldtype,mandatory from wstablefields where tablename = 'fi' and documentnumber = 39
20240926@180636.9671 26mtmipq43b5ie20v3ehi4atpk Query : select 1 valor from information_schema.tables where table_type='base table' and table_name='wstablefields'
20240926@180636.9685 26mtmipq43b5ie20v3ehi4atpk Query : select fieldkey,fieldname,fieldtype,mandatory from wstablefields where tablename = 'fi2' and documentnumber = 39
20240926@180636.9695 26mtmipq43b5ie20v3ehi4atpk Query : select top 1 convert(numeric(6,2),t.taxa) valor from taxasiva t where t.codigo='2'
20240926@180636.9710 26mtmipq43b5ie20v3ehi4atpk Query : select sestamp valor from se where ref ='324.4902.00.1' and lote = 'r2400145200a'
20240926@180636.9732 26mtmipq43b5ie20v3ehi4atpk Query : select 1 valor from information_schema.tables where table_type='base table' and table_name='wstablefields'
20240926@180636.9746 26mtmipq43b5ie20v3ehi4atpk Query : select fieldkey,fieldname,fieldtype,calcformula from wstablefields where tablename = 'fi2' and documentnumber = 39
20240926@180636.9758 26mtmipq43b5ie20v3ehi4atpk Query : insert into wsfi2data (fi2stamp,ftstamp ,ousrdata, ousrhora, usrdata,usrhora,ousrinis,usrinis) values ('aut66f598492766f5949ced','aut66f590075966f5949c4c' ,getdate(),convert(char(8),convert (time,getdate())),getdate(),convert(char(8),convert (time,getdate())),'wsv','wsv')
20240926@180636.9762 26mtmipq43b5ie20v3ehi4atpk Query : select 1 valor from information_schema.tables where table_type='base table' and table_name='wstablefields'
20240926@180636.9776 26mtmipq43b5ie20v3ehi4atpk Query : select fieldkey,fieldname,fieldtype,calcformula from wstablefields where tablename = 'fi' and documentnumber = 39
20240926@180636.9804 26mtmipq43b5ie20v3ehi4atpk Query : insert into wsfidata (fistamp,ousrdata, ousrhora, usrdata,usrhora,ousrinis,usrinis ,qtt ,ftstamp ,epv,pvmoeda ,tabiva,iva,lordem ,ref, design ,lote,armazem,bistamp ) values ('aut66f598492766f5949ced',getdate(),convert(char(8),convert (time,getdate())),getdate(),convert(char(8),convert (time,getdate())),'wsv','wsv',4.000 ,'aut66f590075966f5949c4c' ,0,0 ,2,23.00,130000,?,?,?,?,?)
20240926@180637.6100 26mtmipq43b5ie20v3ehi4atpk Query : select 1 valor from information_schema.tables where table_type='base table' and table_name='wstablefields'
20240926@180637.7700 26mtmipq43b5ie20v3ehi4atpk Query : select fieldkey,fieldname,fieldtype,mandatory from wstablefields where tablename = 'fi' and documentnumber = 39
20240926@180637.1030 26mtmipq43b5ie20v3ehi4atpk Query : select 1 valor from information_schema.tables where table_type='base table' and table_name='wstablefields'
20240926@180637.1200 26mtmipq43b5ie20v3ehi4atpk Query : select fieldkey,fieldname,fieldtype,mandatory from wstablefields where tablename = 'fi2' and documentnumber = 39
20240926@180637.1290 26mtmipq43b5ie20v3ehi4atpk Query : select top 1 convert(numeric(6,2),t.taxa) valor from taxasiva t where t.codigo='2'
20240926@180637.1410 26mtmipq43b5ie20v3ehi4atpk Query : select 1 valor from information_schema.tables where table_type='base table' and table_name='wstablefields'
20240926@180637.1560 26mtmipq43b5ie20v3ehi4atpk Query : select fieldkey,fieldname,fieldtype,calcformula from wstablefields where tablename = 'fi2' and documentnumber = 39
20240926@180637.1670 26mtmipq43b5ie20v3ehi4atpk Query : insert into wsfi2data (fi2stamp,ftstamp ,ousrdata, ousrhora, usrdata,usrhora,ousrinis,usrinis) values ('aut66f590209466f5949d03','aut66f590075966f5949c4c' ,getdate(),convert(char(8),convert (time,getdate())),getdate(),convert(char(8),convert (time,getdate())),'wsv','wsv')
20240926@180637.1710 26mtmipq43b5ie20v3ehi4atpk Query : select 1 valor from information_schema.tables where table_type='base table' and table_name='wstablefields'
20240926@180637.1850 26mtmipq43b5ie20v3ehi4atpk Query : select fieldkey,fieldname,fieldtype,calcformula from wstablefields where tablename = 'fi' and documentnumber = 39
20240926@180637.2140 26mtmipq43b5ie20v3ehi4atpk Query : insert into wsfidata (fistamp,ousrdata, ousrhora, usrdata,usrhora,ousrinis,usrinis ,qtt ,ftstamp ,epv,pvmoeda ,tabiva,iva,lordem ,ref, design ,armazem) values ('aut66f590209466f5949d03',getdate(),convert(char(8),convert (time,getdate())),getdate(),convert(char(8),convert (time,getdate())),'wsv','wsv',0 ,'aut66f590075966f5949c4c' ,0,0 ,2,23.00,140000,?,?,?)
20240926@180637.4560 26mtmipq43b5ie20v3ehi4atpk Query : use flama_phc
20240926@180637.4590 26mtmipq43b5ie20v3ehi4atpk Query : select st.usalote valor from st where st.ref = '324.4902.00.1'
20240926@180637.4780 26mtmipq43b5ie20v3ehi4atpk Query : select top 1 st.tabiva ,st.ivaincl ,st.stns ,st.uni2 ,st.familia ,isnull(tx.taxa, 0) txiva ,unidade ,usalote ,epcpond ,noserie ,conversao ,st.texteis from st left join taxasiva tx on st.tabiva = tx.codigo where st.ref = '324.4902.00.1'
20240926@180637.4930 26mtmipq43b5ie20v3ehi4atpk Query : select 1 valor from information_schema.tables where table_type='base table' and table_name='wstablefields'
20240926@180637.5090 26mtmipq43b5ie20v3ehi4atpk Query : select fieldkey,fieldname,fieldtype,mandatory from wstablefields where tablename = 'fi' and documentnumber = 39
20240926@180637.5400 26mtmipq43b5ie20v3ehi4atpk Query : select 1 valor from information_schema.tables where table_type='base table' and table_name='wstablefields'
20240926@180637.5560 26mtmipq43b5ie20v3ehi4atpk Query : select fieldkey,fieldname,fieldtype,mandatory from wstablefields where tablename = 'fi2' and documentnumber = 39
20240926@180637.5640 26mtmipq43b5ie20v3ehi4atpk Query : select top 1 convert(numeric(6,2),t.taxa) valor from taxasiva t where t.codigo='2'
20240926@180637.5760 26mtmipq43b5ie20v3ehi4atpk Query : select sestamp valor from se where ref ='324.4902.00.1' and lote = 'r2400145200a'
20240926@180637.5880 26mtmipq43b5ie20v3ehi4atpk Query : select 1 valor from information_schema.tables where table_type='base table' and table_name='wstablefields'
20240926@180637.6030 26mtmipq43b5ie20v3ehi4atpk Query : select fieldkey,fieldname,fieldtype,calcformula from wstablefields where tablename = 'fi2' and documentnumber = 39
20240926@180637.6140 26mtmipq43b5ie20v3ehi4atpk Query : insert into wsfi2data (fi2stamp,ftstamp ,ousrdata, ousrhora, usrdata,usrhora,ousrinis,usrinis) values ('aut66f598548866f5949d0e','aut66f590075966f5949c4c' ,getdate(),convert(char(8),convert (time,getdate())),getdate(),convert(char(8),convert (time,getdate())),'wsv','wsv')
20240926@180637.6180 26mtmipq43b5ie20v3ehi4atpk Query : select 1 valor from information_schema.tables where table_type='base table' and table_name='wstablefields'
20240926@180637.6350 26mtmipq43b5ie20v3ehi4atpk Query : select fieldkey,fieldname,fieldtype,calcformula from wstablefields where tablename = 'fi' and documentnumber = 39
20240926@180637.6670 26mtmipq43b5ie20v3ehi4atpk Query : insert into wsfidata (fistamp,ousrdata, ousrhora, usrdata,usrhora,ousrinis,usrinis ,qtt ,ftstamp ,epv,pvmoeda ,tabiva,iva,lordem ,ref, design ,lote,armazem,bistamp ) values ('aut66f598548866f5949d0e',getdate(),convert(char(8),convert (time,getdate())),getdate(),convert(char(8),convert (time,getdate())),'wsv','wsv',36.000 ,'aut66f590075966f5949c4c' ,0,0 ,2,23.00,160000,?,?,?,?,?)
20240926@180637.9270 26mtmipq43b5ie20v3ehi4atpk Query : select 1 valor from information_schema.tables where table_type='base table' and table_name='wstablefields'
20240926@180637.9430 26mtmipq43b5ie20v3ehi4atpk Query : select fieldkey,fieldname,fieldtype,mandatory from wstablefields where tablename = 'fi' and documentnumber = 39
20240926@180637.9700 26mtmipq43b5ie20v3ehi4atpk Query : select 1 valor from information_schema.tables where table_type='base table' and table_name='wstablefields'
20240926@180637.9850 26mtmipq43b5ie20v3ehi4atpk Query : select fieldkey,fieldname,fieldtype,mandatory from wstablefields where tablename = 'fi2' and documentnumber = 39
20240926@180637.9940 26mtmipq43b5ie20v3ehi4atpk Query : select top 1 convert(numeric(6,2),t.taxa) valor from taxasiva t where t.codigo='2'
20240926@180637.1011 26mtmipq43b5ie20v3ehi4atpk Query : select 1 valor from information_schema.tables where table_type='base table' and table_name='wstablefields'
20240926@180637.1026 26mtmipq43b5ie20v3ehi4atpk Query : select fieldkey,fieldname,fieldtype,calcformula from wstablefields where tablename = 'fi2' and documentnumber = 39
20240926@180637.1039 26mtmipq43b5ie20v3ehi4atpk Query : insert into wsfi2data (fi2stamp,ftstamp ,ousrdata, ousrhora, usrdata,usrhora,ousrinis,usrinis) values ('aut66f595303766f5949d18','aut66f590075966f5949c4c' ,getdate(),convert(char(8),convert (time,getdate())),getdate(),convert(char(8),convert (time,getdate())),'wsv','wsv')
20240926@180637.1045 26mtmipq43b5ie20v3ehi4atpk Query : select 1 valor from information_schema.tables where table_type='base table' and table_name='wstablefields'
20240926@180637.1059 26mtmipq43b5ie20v3ehi4atpk Query : select fieldkey,fieldname,fieldtype,calcformula from wstablefields where tablename = 'fi' and documentnumber = 39
20240926@180637.1086 26mtmipq43b5ie20v3ehi4atpk Query : insert into wsfidata (fistamp,ousrdata, ousrhora, usrdata,usrhora,ousrinis,usrinis ,qtt ,ftstamp ,epv,pvmoeda ,tabiva,iva,lordem ,ref, design ,armazem) values ('aut66f595303766f5949d18',getdate(),convert(char(8),convert (time,getdate())),getdate(),convert(char(8),convert (time,getdate())),'wsv','wsv',0 ,'aut66f590075966f5949c4c' ,0,0 ,2,23.00,170000,?,?,?)
20240926@180637.1349 26mtmipq43b5ie20v3ehi4atpk Query : use flama_phc
20240926@180637.1352 26mtmipq43b5ie20v3ehi4atpk Query : select st.usalote valor from st where st.ref = '324.4902.00.1'
20240926@180637.1371 26mtmipq43b5ie20v3ehi4atpk Query : select top 1 st.tabiva ,st.ivaincl ,st.stns ,st.uni2 ,st.familia ,isnull(tx.taxa, 0) txiva ,unidade ,usalote ,epcpond ,noserie ,conversao ,st.texteis from st left join taxasiva tx on st.tabiva = tx.codigo where st.ref = '324.4902.00.1'
20240926@180637.1384 26mtmipq43b5ie20v3ehi4atpk Query : select 1 valor from information_schema.tables where table_type='base table' and table_name='wstablefields'
20240926@180637.1399 26mtmipq43b5ie20v3ehi4atpk Query : select fieldkey,fieldname,fieldtype,mandatory from wstablefields where tablename = 'fi' and documentnumber = 39
20240926@180637.1423 26mtmipq43b5ie20v3ehi4atpk Query : select 1 valor from information_schema.tables where table_type='base table' and table_name='wstablefields'
20240926@180637.1439 26mtmipq43b5ie20v3ehi4atpk Query : select fieldkey,fieldname,fieldtype,mandatory from wstablefields where tablename = 'fi2' and documentnumber = 39
20240926@180637.1447 26mtmipq43b5ie20v3ehi4atpk Query : select top 1 convert(numeric(6,2),t.taxa) valor from taxasiva t where t.codigo='2'
20240926@180637.1459 26mtmipq43b5ie20v3ehi4atpk Query : select sestamp valor from se where ref ='324.4902.00.1' and lote = 'r2400145200a'
20240926@180637.1472 26mtmipq43b5ie20v3ehi4atpk Query : select 1 valor from information_schema.tables where table_type='base table' and table_name='wstablefields'
20240926@180637.1488 26mtmipq43b5ie20v3ehi4atpk Query : select fieldkey,fieldname,fieldtype,calcformula from wstablefields where tablename = 'fi2' and documentnumber = 39
20240926@180637.1500 26mtmipq43b5ie20v3ehi4atpk Query : insert into wsfi2data (fi2stamp,ftstamp ,ousrdata, ousrhora, usrdata,usrhora,ousrinis,usrinis) values ('aut66f594203666f5949d23','aut66f590075966f5949c4c' ,getdate(),convert(char(8),convert (time,getdate())),getdate(),convert(char(8),convert (time,getdate())),'wsv','wsv')
20240926@180637.1511 26mtmipq43b5ie20v3ehi4atpk Query : select 1 valor from information_schema.tables where table_type='base table' and table_name='wstablefields'
20240926@180637.1530 26mtmipq43b5ie20v3ehi4atpk Query : select fieldkey,fieldname,fieldtype,calcformula from wstablefields where tablename = 'fi' and documentnumber = 39
20240926@180637.2720 26mtmipq43b5ie20v3ehi4atpk Query : insert into wsfidata (fistamp,ousrdata, ousrhora, usrdata,usrhora,ousrinis,usrinis ,qtt ,ftstamp ,epv,pvmoeda ,tabiva,iva,lordem ,ref, design ,lote,armazem,bistamp ) values ('aut66f594203666f5949d23',getdate(),convert(char(8),convert (time,getdate())),getdate(),convert(char(8),convert (time,getdate())),'wsv','wsv',80.000 ,'aut66f590075966f5949c4c' ,0,0 ,2,23.00,190000,?,?,?,?,?)
20240926@180637.2987 26mtmipq43b5ie20v3ehi4atpk Query : select 1 valor from information_schema.tables where table_type='base table' and table_name='wstablefields'
20240926@180637.3003 26mtmipq43b5ie20v3ehi4atpk Query : select fieldkey,fieldname,fieldtype,mandatory from wstablefields where tablename = 'fi' and documentnumber = 39
20240926@180637.3028 26mtmipq43b5ie20v3ehi4atpk Query : select 1 valor from information_schema.tables where table_type='base table' and table_name='wstablefields'
20240926@180637.3042 26mtmipq43b5ie20v3ehi4atpk Query : select fieldkey,fieldname,fieldtype,mandatory from wstablefields where tablename = 'fi2' and documentnumber = 39
20240926@180637.3050 26mtmipq43b5ie20v3ehi4atpk Query : select top 1 convert(numeric(6,2),t.taxa) valor from taxasiva t where t.codigo='2'
20240926@180637.3061 26mtmipq43b5ie20v3ehi4atpk Query : select 1 valor from information_schema.tables where table_type='base table' and table_name='wstablefields'
20240926@180637.3075 26mtmipq43b5ie20v3ehi4atpk Query : select fieldkey,fieldname,fieldtype,calcformula from wstablefields where tablename = 'fi2' and documentnumber = 39
20240926@180637.3086 26mtmipq43b5ie20v3ehi4atpk Query : insert into wsfi2data (fi2stamp,ftstamp ,ousrdata, ousrhora, usrdata,usrhora,ousrinis,usrinis) values ('aut66f593918966f5949d4a','aut66f590075966f5949c4c' ,getdate(),convert(char(8),convert (time,getdate())),getdate(),convert(char(8),convert (time,getdate())),'wsv','wsv')
20240926@180637.3090 26mtmipq43b5ie20v3ehi4atpk Query : select 1 valor from information_schema.tables where table_type='base table' and table_name='wstablefields'
20240926@180637.3105 26mtmipq43b5ie20v3ehi4atpk Query : select fieldkey,fieldname,fieldtype,calcformula from wstablefields where tablename = 'fi' and documentnumber = 39
20240926@180637.3133 26mtmipq43b5ie20v3ehi4atpk Query : insert into wsfidata (fistamp,ousrdata, ousrhora, usrdata,usrhora,ousrinis,usrinis ,qtt ,ftstamp ,epv,pvmoeda ,tabiva,iva,lordem ,ref, design ,armazem) values ('aut66f593918966f5949d4a',getdate(),convert(char(8),convert (time,getdate())),getdate(),convert(char(8),convert (time,getdate())),'wsv','wsv',0 ,'aut66f590075966f5949c4c' ,0,0 ,2,23.00,200000,?,?,?)
20240926@180637.3404 26mtmipq43b5ie20v3ehi4atpk Query : use flama_phc
20240926@180637.3407 26mtmipq43b5ie20v3ehi4atpk Query : select st.usalote valor from st where st.ref = '324.4902.00.1'
20240926@180637.3426 26mtmipq43b5ie20v3ehi4atpk Query : select top 1 st.tabiva ,st.ivaincl ,st.stns ,st.uni2 ,st.familia ,isnull(tx.taxa, 0) txiva ,unidade ,usalote ,epcpond ,noserie ,conversao ,st.texteis from st left join taxasiva tx on st.tabiva = tx.codigo where st.ref = '324.4902.00.1'
20240926@180637.3440 26mtmipq43b5ie20v3ehi4atpk Query : select 1 valor from information_schema.tables where table_type='base table' and table_name='wstablefields'
20240926@180637.3456 26mtmipq43b5ie20v3ehi4atpk Query : select fieldkey,fieldname,fieldtype,mandatory from wstablefields where tablename = 'fi' and documentnumber = 39
20240926@180637.3480 26mtmipq43b5ie20v3ehi4atpk Query : select 1 valor from information_schema.tables where table_type='base table' and table_name='wstablefields'
20240926@180637.3494 26mtmipq43b5ie20v3ehi4atpk Query : select fieldkey,fieldname,fieldtype,mandatory from wstablefields where tablename = 'fi2' and documentnumber = 39
20240926@180637.3502 26mtmipq43b5ie20v3ehi4atpk Query : select top 1 convert(numeric(6,2),t.taxa) valor from taxasiva t where t.codigo='2'
20240926@180637.3514 26mtmipq43b5ie20v3ehi4atpk Query : select sestamp valor from se where ref ='324.4902.00.1' and lote = 'r2400145200a'
20240926@180637.3526 26mtmipq43b5ie20v3ehi4atpk Query : select 1 valor from information_schema.tables where table_type='base table' and table_name='wstablefields'
20240926@180637.3540 26mtmipq43b5ie20v3ehi4atpk Query : select fieldkey,fieldname,fieldtype,calcformula from wstablefields where tablename = 'fi2' and documentnumber = 39
20240926@180637.3551 26mtmipq43b5ie20v3ehi4atpk Query : insert into wsfi2data (fi2stamp,ftstamp ,ousrdata, ousrhora, usrdata,usrhora,ousrinis,usrinis) values ('aut66f597010566f5949d56','aut66f590075966f5949c4c' ,getdate(),convert(char(8),convert (time,getdate())),getdate(),convert(char(8),convert (time,getdate())),'wsv','wsv')
20240926@180637.3555 26mtmipq43b5ie20v3ehi4atpk Query : select 1 valor from information_schema.tables where table_type='base table' and table_name='wstablefields'
20240926@180637.3570 26mtmipq43b5ie20v3ehi4atpk Query : select fieldkey,fieldname,fieldtype,calcformula from wstablefields where tablename = 'fi' and documentnumber = 39
20240926@180637.3598 26mtmipq43b5ie20v3ehi4atpk Query : insert into wsfidata (fistamp,ousrdata, ousrhora, usrdata,usrhora,ousrinis,usrinis ,qtt ,ftstamp ,epv,pvmoeda ,tabiva,iva,lordem ,ref, design ,lote,armazem,bistamp ) values ('aut66f597010566f5949d56',getdate(),convert(char(8),convert (time,getdate())),getdate(),convert(char(8),convert (time,getdate())),'wsv','wsv',80.000 ,'aut66f590075966f5949c4c' ,0,0 ,2,23.00,220000,?,?,?,?,?)
20240926@180637.3876 26mtmipq43b5ie20v3ehi4atpk Query : select 1 valor from information_schema.tables where table_type='base table' and table_name='wstablefields'
20240926@180637.3893 26mtmipq43b5ie20v3ehi4atpk Query : select fieldkey,fieldname,fieldtype,mandatory from wstablefields where tablename = 'fi' and documentnumber = 39
20240926@180637.3918 26mtmipq43b5ie20v3ehi4atpk Query : select 1 valor from information_schema.tables where table_type='base table' and table_name='wstablefields'
20240926@180637.3934 26mtmipq43b5ie20v3ehi4atpk Query : select fieldkey,fieldname,fieldtype,mandatory from wstablefields where tablename = 'fi2' and documentnumber = 39
20240926@180637.3943 26mtmipq43b5ie20v3ehi4atpk Query : select top 1 convert(numeric(6,2),t.taxa) valor from taxasiva t where t.codigo='2'
20240926@180637.3955 26mtmipq43b5ie20v3ehi4atpk Query : select 1 valor from information_schema.tables where table_type='base table' and table_name='wstablefields'
20240926@180637.3969 26mtmipq43b5ie20v3ehi4atpk Query : select fieldkey,fieldname,fieldtype,calcformula from wstablefields where tablename = 'fi2' and documentnumber = 39
20240926@180637.3981 26mtmipq43b5ie20v3ehi4atpk Query : insert into wsfi2data (fi2stamp,ftstamp ,ousrdata, ousrhora, usrdata,usrhora,ousrinis,usrinis) values ('aut66f598933466f5949d60','aut66f590075966f5949c4c' ,getdate(),convert(char(8),convert (time,getdate())),getdate(),convert(char(8),convert (time,getdate())),'wsv','wsv')
20240926@180637.3994 26mtmipq43b5ie20v3ehi4atpk Query : select 1 valor from information_schema.tables where table_type='base table' and table_name='wstablefields'
20240926@180637.4010 26mtmipq43b5ie20v3ehi4atpk Query : select fieldkey,fieldname,fieldtype,calcformula from wstablefields where tablename = 'fi' and documentnumber = 39
20240926@180637.4038 26mtmipq43b5ie20v3ehi4atpk Query : insert into wsfidata (fistamp,ousrdata, ousrhora, usrdata,usrhora,ousrinis,usrinis ,qtt ,ftstamp ,epv,pvmoeda ,tabiva,iva,lordem ,ref, design ,armazem) values ('aut66f598933466f5949d60',getdate(),convert(char(8),convert (time,getdate())),getdate(),convert(char(8),convert (time,getdate())),'wsv','wsv',0 ,'aut66f590075966f5949c4c' ,0,0 ,2,23.00,230000,?,?,?)
20240926@180637.4302 26mtmipq43b5ie20v3ehi4atpk Query : use flama_phc
20240926@180637.4305 26mtmipq43b5ie20v3ehi4atpk Query : select st.usalote valor from st where st.ref = '324.4906.00.1'
20240926@180637.4325 26mtmipq43b5ie20v3ehi4atpk Query : select top 1 st.tabiva ,st.ivaincl ,st.stns ,st.uni2 ,st.familia ,isnull(tx.taxa, 0) txiva ,unidade ,usalote ,epcpond ,noserie ,conversao ,st.texteis from st left join taxasiva tx on st.tabiva = tx.codigo where st.ref = '324.4906.00.1'
20240926@180637.4469 26mtmipq43b5ie20v3ehi4atpk Query : select 1 valor from information_schema.tables where table_type='base table' and table_name='wstablefields'
20240926@180637.4485 26mtmipq43b5ie20v3ehi4atpk Query : select fieldkey,fieldname,fieldtype,mandatory from wstablefields where tablename = 'fi' and documentnumber = 39
20240926@180637.4511 26mtmipq43b5ie20v3ehi4atpk Query : select 1 valor from information_schema.tables where table_type='base table' and table_name='wstablefields'
20240926@180637.4525 26mtmipq43b5ie20v3ehi4atpk Query : select fieldkey,fieldname,fieldtype,mandatory from wstablefields where tablename = 'fi2' and documentnumber = 39
20240926@180637.4533 26mtmipq43b5ie20v3ehi4atpk Query : select top 1 convert(numeric(6,2),t.taxa) valor from taxasiva t where t.codigo='2'
20240926@180637.4546 26mtmipq43b5ie20v3ehi4atpk Query : select sestamp valor from se where ref ='324.4906.00.1' and lote = 'r2300207200a'
20240926@180637.4567 26mtmipq43b5ie20v3ehi4atpk Query : select 1 valor from information_schema.tables where table_type='base table' and table_name='wstablefields'
20240926@180637.4581 26mtmipq43b5ie20v3ehi4atpk Query : select fieldkey,fieldname,fieldtype,calcformula from wstablefields where tablename = 'fi2' and documentnumber = 39
20240926@180637.4613 26mtmipq43b5ie20v3ehi4atpk Query : insert into wsfi2data (fi2stamp,ftstamp ,ousrdata, ousrhora, usrdata,usrhora,ousrinis,usrinis) values ('aut66f599246266f5949d6f','aut66f590075966f5949c4c' ,getdate(),convert(char(8),convert (time,getdate())),getdate(),convert(char(8),convert (time,getdate())),'wsv','wsv')
20240926@180637.4618 26mtmipq43b5ie20v3ehi4atpk Query : select 1 valor from information_schema.tables where table_type='base table' and table_name='wstablefields'
20240926@180637.4633 26mtmipq43b5ie20v3ehi4atpk Query : select fieldkey,fieldname,fieldtype,calcformula from wstablefields where tablename = 'fi' and documentnumber = 39
20240926@180637.4661 26mtmipq43b5ie20v3ehi4atpk Query : insert into wsfidata (fistamp,ousrdata, ousrhora, usrdata,usrhora,ousrinis,usrinis ,qtt ,ftstamp ,epv,pvmoeda ,tabiva,iva,lordem ,ref, design ,lote,armazem,bistamp ) values ('aut66f599246266f5949d6f',getdate(),convert(char(8),convert (time,getdate())),getdate(),convert(char(8),convert (time,getdate())),'wsv','wsv',8.000 ,'aut66f590075966f5949c4c' ,0,0 ,2,23.00,250000,?,?,?,?,?)
20240926@180637.4921 26mtmipq43b5ie20v3ehi4atpk Query : select 1 valor from information_schema.tables where table_type='base table' and table_name='wstablefields'
20240926@180637.4936 26mtmipq43b5ie20v3ehi4atpk Query : select fieldkey,fieldname,fieldtype,mandatory from wstablefields where tablename = 'fi' and documentnumber = 39
20240926@180637.4964 26mtmipq43b5ie20v3ehi4atpk Query : select 1 valor from information_schema.tables where table_type='base table' and table_name='wstablefields'
20240926@180637.4978 26mtmipq43b5ie20v3ehi4atpk Query : select fieldkey,fieldname,fieldtype,mandatory from wstablefields where tablename = 'fi2' and documentnumber = 39
20240926@180637.4987 26mtmipq43b5ie20v3ehi4atpk Query : select top 1 convert(numeric(6,2),t.taxa) valor from taxasiva t where t.codigo='2'
20240926@180637.5000 26mtmipq43b5ie20v3ehi4atpk Query : select 1 valor from information_schema.tables where table_type='base table' and table_name='wstablefields'
20240926@180637.5015 26mtmipq43b5ie20v3ehi4atpk Query : select fieldkey,fieldname,fieldtype,calcformula from wstablefields where tablename = 'fi2' and documentnumber = 39
20240926@180637.5026 26mtmipq43b5ie20v3ehi4atpk Query : insert into wsfi2data (fi2stamp,ftstamp ,ousrdata, ousrhora, usrdata,usrhora,ousrinis,usrinis) values ('aut66f596590766f5949d7a','aut66f590075966f5949c4c' ,getdate(),convert(char(8),convert (time,getdate())),getdate(),convert(char(8),convert (time,getdate())),'wsv','wsv')
20240926@180637.5031 26mtmipq43b5ie20v3ehi4atpk Query : select 1 valor from information_schema.tables where table_type='base table' and table_name='wstablefields'
20240926@180637.5046 26mtmipq43b5ie20v3ehi4atpk Query : select fieldkey,fieldname,fieldtype,calcformula from wstablefields where tablename = 'fi' and documentnumber = 39
20240926@180637.5074 26mtmipq43b5ie20v3ehi4atpk Query : insert into wsfidata (fistamp,ousrdata, ousrhora, usrdata,usrhora,ousrinis,usrinis ,qtt ,ftstamp ,epv,pvmoeda ,tabiva,iva,lordem ,ref, design ,armazem) values ('aut66f596590766f5949d7a',getdate(),convert(char(8),convert (time,getdate())),getdate(),convert(char(8),convert (time,getdate())),'wsv','wsv',0 ,'aut66f590075966f5949c4c' ,0,0 ,2,23.00,260000,?,?,?)
20240926@180637.5314 26mtmipq43b5ie20v3ehi4atpk Query : use flama_phc
20240926@180637.5317 26mtmipq43b5ie20v3ehi4atpk Query : select st.usalote valor from st where st.ref = '324.4906.00.1'
20240926@180637.5336 26mtmipq43b5ie20v3ehi4atpk Query : select top 1 st.tabiva ,st.ivaincl ,st.stns ,st.uni2 ,st.familia ,isnull(tx.taxa, 0) txiva ,unidade ,usalote ,epcpond ,noserie ,conversao ,st.texteis from st left join taxasiva tx on st.tabiva = tx.codigo where st.ref = '324.4906.00.1'
20240926@180637.5351 26mtmipq43b5ie20v3ehi4atpk Query : select 1 valor from information_schema.tables where table_type='base table' and table_name='wstablefields'
20240926@180637.5368 26mtmipq43b5ie20v3ehi4atpk Query : select fieldkey,fieldname,fieldtype,mandatory from wstablefields where tablename = 'fi' and documentnumber = 39
20240926@180637.5397 26mtmipq43b5ie20v3ehi4atpk Query : select 1 valor from information_schema.tables where table_type='base table' and table_name='wstablefields'
20240926@180637.5413 26mtmipq43b5ie20v3ehi4atpk Query : select fieldkey,fieldname,fieldtype,mandatory from wstablefields where tablename = 'fi2' and documentnumber = 39
20240926@180637.5422 26mtmipq43b5ie20v3ehi4atpk Query : select top 1 convert(numeric(6,2),t.taxa) valor from taxasiva t where t.codigo='2'
20240926@180637.5446 26mtmipq43b5ie20v3ehi4atpk Query : select sestamp valor from se where ref ='324.4906.00.1' and lote = 'r2300207200a'
20240926@180637.5461 26mtmipq43b5ie20v3ehi4atpk Query : select 1 valor from information_schema.tables where table_type='base table' and table_name='wstablefields'
20240926@180637.5475 26mtmipq43b5ie20v3ehi4atpk Query : select fieldkey,fieldname,fieldtype,calcformula from wstablefields where tablename = 'fi2' and documentnumber = 39
20240926@180637.5488 26mtmipq43b5ie20v3ehi4atpk Query : insert into wsfi2data (fi2stamp,ftstamp ,ousrdata, ousrhora, usrdata,usrhora,ousrinis,usrinis) values ('aut66f597812966f5949d85','aut66f590075966f5949c4c' ,getdate(),convert(char(8),convert (time,getdate())),getdate(),convert(char(8),convert (time,getdate())),'wsv','wsv')
20240926@180637.5493 26mtmipq43b5ie20v3ehi4atpk Query : select 1 valor from information_schema.tables where table_type='base table' and table_name='wstablefields'
20240926@180637.5509 26mtmipq43b5ie20v3ehi4atpk Query : select fieldkey,fieldname,fieldtype,calcformula from wstablefields where tablename = 'fi' and documentnumber = 39
20240926@180637.5541 26mtmipq43b5ie20v3ehi4atpk Query : insert into wsfidata (fistamp,ousrdata, ousrhora, usrdata,usrhora,ousrinis,usrinis ,qtt ,ftstamp ,epv,pvmoeda ,tabiva,iva,lordem ,ref, design ,lote,armazem,bistamp ) values ('aut66f597812966f5949d85',getdate(),convert(char(8),convert (time,getdate())),getdate(),convert(char(8),convert (time,getdate())),'wsv','wsv',64.000 ,'aut66f590075966f5949c4c' ,0,0 ,2,23.00,280000,?,?,?,?,?)
20240926@180637.5796 26mtmipq43b5ie20v3ehi4atpk Query : select 1 valor from information_schema.tables where table_type='base table' and table_name='wstablefields'
20240926@180637.5892 26mtmipq43b5ie20v3ehi4atpk Query : select fieldkey,fieldname,fieldtype,mandatory from wstablefields where tablename = 'fi' and documentnumber = 39
20240926@180637.5971 26mtmipq43b5ie20v3ehi4atpk Query : select 1 valor from information_schema.tables where table_type='base table' and table_name='wstablefields'
20240926@180637.5990 26mtmipq43b5ie20v3ehi4atpk Query : select fieldkey,fieldname,fieldtype,mandatory from wstablefields where tablename = 'fi2' and documentnumber = 39
20240926@180637.6000 26mtmipq43b5ie20v3ehi4atpk Query : select top 1 convert(numeric(6,2),t.taxa) valor from taxasiva t where t.codigo='2'
20240926@180637.6013 26mtmipq43b5ie20v3ehi4atpk Query : select 1 valor from information_schema.tables where table_type='base table' and table_name='wstablefields'
20240926@180637.6028 26mtmipq43b5ie20v3ehi4atpk Query : select fieldkey,fieldname,fieldtype,calcformula from wstablefields where tablename = 'fi2' and documentnumber = 39
20240926@180637.6040 26mtmipq43b5ie20v3ehi4atpk Query : insert into wsfi2data (fi2stamp,ftstamp ,ousrdata, ousrhora, usrdata,usrhora,ousrinis,usrinis) values ('aut66f595524766f5949d92','aut66f590075966f5949c4c' ,getdate(),convert(char(8),convert (time,getdate())),getdate(),convert(char(8),convert (time,getdate())),'wsv','wsv')
20240926@180637.6045 26mtmipq43b5ie20v3ehi4atpk Query : select 1 valor from information_schema.tables where table_type='base table' and table_name='wstablefields'
20240926@180637.6060 26mtmipq43b5ie20v3ehi4atpk Query : select fieldkey,fieldname,fieldtype,calcformula from wstablefields where tablename = 'fi' and documentnumber = 39
20240926@180637.6089 26mtmipq43b5ie20v3ehi4atpk Query : insert into wsfidata (fistamp,ousrdata, ousrhora, usrdata,usrhora,ousrinis,usrinis ,qtt ,ftstamp ,epv,pvmoeda ,tabiva,iva,lordem ,ref, design ,armazem) values ('aut66f595524766f5949d92',getdate(),convert(char(8),convert (time,getdate())),getdate(),convert(char(8),convert (time,getdate())),'wsv','wsv',0 ,'aut66f590075966f5949c4c' ,0,0 ,2,23.00,290000,?,?,?)
20240926@180637.6344 26mtmipq43b5ie20v3ehi4atpk Query : use flama_phc
20240926@180637.6348 26mtmipq43b5ie20v3ehi4atpk Query : select st.usalote valor from st where st.ref = '324.4906.00.1'
20240926@180637.6368 26mtmipq43b5ie20v3ehi4atpk Query : select top 1 st.tabiva ,st.ivaincl ,st.stns ,st.uni2 ,st.familia ,isnull(tx.taxa, 0) txiva ,unidade ,usalote ,epcpond ,noserie ,conversao ,st.texteis from st left join taxasiva tx on st.tabiva = tx.codigo where st.ref = '324.4906.00.1'
20240926@180637.6383 26mtmipq43b5ie20v3ehi4atpk Query : select 1 valor from information_schema.tables where table_type='base table' and table_name='wstablefields'
20240926@180637.6401 26mtmipq43b5ie20v3ehi4atpk Query : select fieldkey,fieldname,fieldtype,mandatory from wstablefields where tablename = 'fi' and documentnumber = 39
20240926@180637.6428 26mtmipq43b5ie20v3ehi4atpk Query : select 1 valor from information_schema.tables where table_type='base table' and table_name='wstablefields'
20240926@180637.6443 26mtmipq43b5ie20v3ehi4atpk Query : select fieldkey,fieldname,fieldtype,mandatory from wstablefields where tablename = 'fi2' and documentnumber = 39
20240926@180637.6453 26mtmipq43b5ie20v3ehi4atpk Query : select top 1 convert(numeric(6,2),t.taxa) valor from taxasiva t where t.codigo='2'
20240926@180637.6465 26mtmipq43b5ie20v3ehi4atpk Query : select sestamp valor from se where ref ='324.4906.00.1' and lote = 'r2300207200a'
20240926@180637.6479 26mtmipq43b5ie20v3ehi4atpk Query : select 1 valor from information_schema.tables where table_type='base table' and table_name='wstablefields'
20240926@180637.6495 26mtmipq43b5ie20v3ehi4atpk Query : select fieldkey,fieldname,fieldtype,calcformula from wstablefields where tablename = 'fi2' and documentnumber = 39
20240926@180637.6507 26mtmipq43b5ie20v3ehi4atpk Query : insert into wsfi2data (fi2stamp,ftstamp ,ousrdata, ousrhora, usrdata,usrhora,ousrinis,usrinis) values ('aut66f599276066f5949d9e','aut66f590075966f5949c4c' ,getdate(),convert(char(8),convert (time,getdate())),getdate(),convert(char(8),convert (time,getdate())),'wsv','wsv')
20240926@180637.6512 26mtmipq43b5ie20v3ehi4atpk Query : select 1 valor from information_schema.tables where table_type='base table' and table_name='wstablefields'
20240926@180637.6528 26mtmipq43b5ie20v3ehi4atpk Query : select fieldkey,fieldname,fieldtype,calcformula from wstablefields where tablename = 'fi' and documentnumber = 39
20240926@180637.6558 26mtmipq43b5ie20v3ehi4atpk Query : insert into wsfidata (fistamp,ousrdata, ousrhora, usrdata,usrhora,ousrinis,usrinis ,qtt ,ftstamp ,epv,pvmoeda ,tabiva,iva,lordem ,ref, design ,lote,armazem,bistamp ) values ('aut66f599276066f5949d9e',getdate(),convert(char(8),convert (time,getdate())),getdate(),convert(char(8),convert (time,getdate())),'wsv','wsv',64.000 ,'aut66f590075966f5949c4c' ,0,0 ,2,23.00,310000,?,?,?,?,?)
20240926@180637.6806 26mtmipq43b5ie20v3ehi4atpk Query : select 1 valor from information_schema.tables where table_type='base table' and table_name='wstablefields'
20240926@180637.6823 26mtmipq43b5ie20v3ehi4atpk Query : select fieldkey,fieldname,fieldtype,mandatory from wstablefields where tablename = 'fi' and documentnumber = 39
20240926@180637.6857 26mtmipq43b5ie20v3ehi4atpk Query : select 1 valor from information_schema.tables where table_type='base table' and table_name='wstablefields'
20240926@180637.6871 26mtmipq43b5ie20v3ehi4atpk Query : select fieldkey,fieldname,fieldtype,mandatory from wstablefields where tablename = 'fi2' and documentnumber = 39
20240926@180637.6879 26mtmipq43b5ie20v3ehi4atpk Query : select top 1 convert(numeric(6,2),t.taxa) valor from taxasiva t where t.codigo='2'
20240926@180637.6892 26mtmipq43b5ie20v3ehi4atpk Query : select 1 valor from information_schema.tables where table_type='base table' and table_name='wstablefields'
20240926@180637.6907 26mtmipq43b5ie20v3ehi4atpk Query : select fieldkey,fieldname,fieldtype,calcformula from wstablefields where tablename = 'fi2' and documentnumber = 39
20240926@180637.6919 26mtmipq43b5ie20v3ehi4atpk Query : insert into wsfi2data (fi2stamp,ftstamp ,ousrdata, ousrhora, usrdata,usrhora,ousrinis,usrinis) values ('aut66f596021566f5949da8','aut66f590075966f5949c4c' ,getdate(),convert(char(8),convert (time,getdate())),getdate(),convert(char(8),convert (time,getdate())),'wsv','wsv')
20240926@180637.6923 26mtmipq43b5ie20v3ehi4atpk Query : select 1 valor from information_schema.tables where table_type='base table' and table_name='wstablefields'
20240926@180637.6939 26mtmipq43b5ie20v3ehi4atpk Query : select fieldkey,fieldname,fieldtype,calcformula from wstablefields where tablename = 'fi' and documentnumber = 39
20240926@180637.6966 26mtmipq43b5ie20v3ehi4atpk Query : insert into wsfidata (fistamp,ousrdata, ousrhora, usrdata,usrhora,ousrinis,usrinis ,qtt ,ftstamp ,epv,pvmoeda ,tabiva,iva,lordem ,ref, design ,armazem) values ('aut66f596021566f5949da8',getdate(),convert(char(8),convert (time,getdate())),getdate(),convert(char(8),convert (time,getdate())),'wsv','wsv',0 ,'aut66f590075966f5949c4c' ,0,0 ,2,23.00,320000,?,?,?)
20240926@180637.7226 26mtmipq43b5ie20v3ehi4atpk Query : use flama_phc
20240926@180637.7229 26mtmipq43b5ie20v3ehi4atpk Query : select st.usalote valor from st where st.ref = '324.4906.00.1'
20240926@180637.7252 26mtmipq43b5ie20v3ehi4atpk Query : select top 1 st.tabiva ,st.ivaincl ,st.stns ,st.uni2 ,st.familia ,isnull(tx.taxa, 0) txiva ,unidade ,usalote ,epcpond ,noserie ,conversao ,st.texteis from st left join taxasiva tx on st.tabiva = tx.codigo where st.ref = '324.4906.00.1'
20240926@180637.7267 26mtmipq43b5ie20v3ehi4atpk Query : select 1 valor from information_schema.tables where table_type='base table' and table_name='wstablefields'
20240926@180637.7286 26mtmipq43b5ie20v3ehi4atpk Query : select fieldkey,fieldname,fieldtype,mandatory from wstablefields where tablename = 'fi' and documentnumber = 39
20240926@180637.7315 26mtmipq43b5ie20v3ehi4atpk Query : select 1 valor from information_schema.tables where table_type='base table' and table_name='wstablefields'
20240926@180637.7333 26mtmipq43b5ie20v3ehi4atpk Query : select fieldkey,fieldname,fieldtype,mandatory from wstablefields where tablename = 'fi2' and documentnumber = 39
20240926@180637.7342 26mtmipq43b5ie20v3ehi4atpk Query : select top 1 convert(numeric(6,2),t.taxa) valor from taxasiva t where t.codigo='2'
20240926@180637.7355 26mtmipq43b5ie20v3ehi4atpk Query : select sestamp valor from se where ref ='324.4906.00.1' and lote = 'r2300207200a'
20240926@180637.7388 26mtmipq43b5ie20v3ehi4atpk Query : select 1 valor from information_schema.tables where table_type='base table' and table_name='wstablefields'
20240926@180637.7403 26mtmipq43b5ie20v3ehi4atpk Query : select fieldkey,fieldname,fieldtype,calcformula from wstablefields where tablename = 'fi2' and documentnumber = 39
20240926@180637.7415 26mtmipq43b5ie20v3ehi4atpk Query : insert into wsfi2data (fi2stamp,ftstamp ,ousrdata, ousrhora, usrdata,usrhora,ousrinis,usrinis) values ('aut66f593436566f5949db4','aut66f590075966f5949c4c' ,getdate(),convert(char(8),convert (time,getdate())),getdate(),convert(char(8),convert (time,getdate())),'wsv','wsv')
20240926@180637.7420 26mtmipq43b5ie20v3ehi4atpk Query : select 1 valor from information_schema.tables where table_type='base table' and table_name='wstablefields'
20240926@180637.7436 26mtmipq43b5ie20v3ehi4atpk Query : select fieldkey,fieldname,fieldtype,calcformula from wstablefields where tablename = 'fi' and documentnumber = 39
20240926@180637.7465 26mtmipq43b5ie20v3ehi4atpk Query : insert into wsfidata (fistamp,ousrdata, ousrhora, usrdata,usrhora,ousrinis,usrinis ,qtt ,ftstamp ,epv,pvmoeda ,tabiva,iva,lordem ,ref, design ,lote,armazem,bistamp ) values ('aut66f593436566f5949db4',getdate(),convert(char(8),convert (time,getdate())),getdate(),convert(char(8),convert (time,getdate())),'wsv','wsv',64.000 ,'aut66f590075966f5949c4c' ,0,0 ,2,23.00,340000,?,?,?,?,?)
20240926@180637.7725 26mtmipq43b5ie20v3ehi4atpk Query : select 1 valor from information_schema.tables where table_type='base table' and table_name='wstablefields'
20240926@180637.7741 26mtmipq43b5ie20v3ehi4atpk Query : select fieldkey,fieldname,fieldtype,mandatory from wstablefields where tablename = 'fi' and documentnumber = 39
20240926@180637.7767 26mtmipq43b5ie20v3ehi4atpk Query : select 1 valor from information_schema.tables where table_type='base table' and table_name='wstablefields'
20240926@180637.7781 26mtmipq43b5ie20v3ehi4atpk Query : select fieldkey,fieldname,fieldtype,mandatory from wstablefields where tablename = 'fi2' and documentnumber = 39
20240926@180637.7791 26mtmipq43b5ie20v3ehi4atpk Query : select top 1 convert(numeric(6,2),t.taxa) valor from taxasiva t where t.codigo='2'
20240926@180637.7804 26mtmipq43b5ie20v3ehi4atpk Query : select 1 valor from information_schema.tables where table_type='base table' and table_name='wstablefields'
20240926@180637.7818 26mtmipq43b5ie20v3ehi4atpk Query : select fieldkey,fieldname,fieldtype,calcformula from wstablefields where tablename = 'fi2' and documentnumber = 39
20240926@180637.7829 26mtmipq43b5ie20v3ehi4atpk Query : insert into wsfi2data (fi2stamp,ftstamp ,ousrdata, ousrhora, usrdata,usrhora,ousrinis,usrinis) values ('aut66f596813766f5949dbe','aut66f590075966f5949c4c' ,getdate(),convert(char(8),convert (time,getdate())),getdate(),convert(char(8),convert (time,getdate())),'wsv','wsv')
20240926@180637.7834 26mtmipq43b5ie20v3ehi4atpk Query : select 1 valor from information_schema.tables where table_type='base table' and table_name='wstablefields'
20240926@180637.7848 26mtmipq43b5ie20v3ehi4atpk Query : select fieldkey,fieldname,fieldtype,calcformula from wstablefields where tablename = 'fi' and documentnumber = 39
20240926@180637.7879 26mtmipq43b5ie20v3ehi4atpk Query : insert into wsfidata (fistamp,ousrdata, ousrhora, usrdata,usrhora,ousrinis,usrinis ,qtt ,ftstamp ,epv,pvmoeda ,tabiva,iva,lordem ,ref, design ,armazem) values ('aut66f596813766f5949dbe',getdate(),convert(char(8),convert (time,getdate())),getdate(),convert(char(8),convert (time,getdate())),'wsv','wsv',0 ,'aut66f590075966f5949c4c' ,0,0 ,2,23.00,350000,?,?,?)
20240926@180637.8120 26mtmipq43b5ie20v3ehi4atpk Query : insert into wsftcreationlog (initialftstamp,externalid,creationstatus,documenttypeid,idustamp) values ('aut66f590075966f5949c4c','2406200','wait',39,'adm09112754980.682000002')
20240926@180637.8196 26mtmipq43b5ie20v3ehi4atpk Query : use flama_phc
20240926@180637.8215 26mtmipq43b5ie20v3ehi4atpk Query : update u_wsusers set rqsttoken =? where userid ='userls001'
20240926@180637.8350 26mtmipq43b5ie20v3ehi4atpk Query : select concat(rtrim(relative_path),ltrim(name_new)) as valor from uploadfiles where uploadfile_id='2230';
20240926@180637.9415 26mtmipq43b5ie20v3ehi4atpk Query : update uploadfiles set whenupdated=current_timestamp where uploadfile_id='2230';
20240926@180637.9459 26mtmipq43b5ie20v3ehi4atpk Query : select concat(rtrim(relative_path),ltrim(name_new)) as valor from uploadfiles where uploadfile_id='2230';
20240926@180637.9488 26mtmipq43b5ie20v3ehi4atpk Query : update uploadfiles set whenupdated=current_timestamp where uploadfile_id='2230';
20240926@180638.6020 f9fvqj6t7ocfdh54fuh1hqvrum Query : insert into uploadfiles ( name_original, name_new, option_type, relative_path, whencreated ) values ( ?, ?, ?, ?, getdate() )
20240926@180638.6210 f9fvqj6t7ocfdh54fuh1hqvrum Query : select uploadfile_id valor from uploadfiles where name_new = ? and option_type = ? 
20240926@180638.6850 f9fvqj6t7ocfdh54fuh1hqvrum Query : select concat(rtrim(relative_path),ltrim(name_new)) as valor from uploadfiles where uploadfile_id='2231';
20240926@180638.7600 f9fvqj6t7ocfdh54fuh1hqvrum Query : update uploadfiles set whenupdated=current_timestamp where uploadfile_id='2231';
20240926@180638.8240 f9fvqj6t7ocfdh54fuh1hqvrum Query : select concat(rtrim(relative_path),ltrim(name_new)) as valor from uploadfiles where uploadfile_id='2231';
20240926@180638.8500 f9fvqj6t7ocfdh54fuh1hqvrum Query : update uploadfiles set whenupdated=current_timestamp where uploadfile_id='2231';
20240926@180638.9090 f9fvqj6t7ocfdh54fuh1hqvrum Query : use flama_phc
20240926@180638.9120 f9fvqj6t7ocfdh54fuh1hqvrum Query : select top 1 secretkey valor from u_wsusers u where u.userid = ? and u.inactivo=0
20240926@180638.9920 f9fvqj6t7ocfdh54fuh1hqvrum Query : use flama_phc
20240926@180638.9950 f9fvqj6t7ocfdh54fuh1hqvrum Query : select no, estab,szadrsdesc from szadrs where u_coddest=489
20240926@180638.1078 f9fvqj6t7ocfdh54fuh1hqvrum Query : select top 1 isnull(design,'') valor from st (nolock) left join stobs (nolock) on st.ref = stobs.ref where st.ref = '324.4521.00.1'
20240926@180638.1255 f9fvqj6t7ocfdh54fuh1hqvrum Query : select top 1 bistamp valor from bi inner join bo on bo.bostamp=bi.bostamp where bo.ndos =240 and bo.boano =2062 and bo.obrano = 2406216 and bi.ref ='324.4521.00.1' and bi.lordem =2
20240926@180638.1584 f9fvqj6t7ocfdh54fuh1hqvrum Query : select top 1 isnull(design,'') valor from st (nolock) left join stobs (nolock) on st.ref = stobs.ref where st.ref = '324.4521.00.1'
20240926@180638.1609 f9fvqj6t7ocfdh54fuh1hqvrum Query : select top 1 bistamp valor from bi inner join bo on bo.bostamp=bi.bostamp where bo.ndos =240 and bo.boano =2062 and bo.obrano = 2406216 and bi.ref ='324.4521.00.1' and bi.lordem =2
20240926@180638.1630 f9fvqj6t7ocfdh54fuh1hqvrum Query : select top 1 isnull(design,'') valor from st (nolock) left join stobs (nolock) on st.ref = stobs.ref where st.ref = '324.642.00.01'
20240926@180638.1784 f9fvqj6t7ocfdh54fuh1hqvrum Query : select top 1 bistamp valor from bi inner join bo on bo.bostamp=bi.bostamp where bo.ndos =240 and bo.boano =2062 and bo.obrano = 2406216 and bi.ref ='324.642.00.01' and bi.lordem =4
20240926@180638.2289 f9fvqj6t7ocfdh54fuh1hqvrum Query : select top 1 isnull(design,'') valor from st (nolock) left join stobs (nolock) on st.ref = stobs.ref where st.ref = '324.642.00.01'
20240926@180638.2365 f9fvqj6t7ocfdh54fuh1hqvrum Query : select top 1 bistamp valor from bi inner join bo on bo.bostamp=bi.bostamp where bo.ndos =240 and bo.boano =2062 and bo.obrano = 2406216 and bi.ref ='324.642.00.01' and bi.lordem =4
20240926@180638.2384 f9fvqj6t7ocfdh54fuh1hqvrum Query : select top 1 isnull(design,'') valor from st (nolock) left join stobs (nolock) on st.ref = stobs.ref where st.ref = '324.642.00.01'
20240926@180638.2417 f9fvqj6t7ocfdh54fuh1hqvrum Query : select top 1 bistamp valor from bi inner join bo on bo.bostamp=bi.bostamp where bo.ndos =240 and bo.boano =2062 and bo.obrano = 2406216 and bi.ref ='324.642.00.01' and bi.lordem =4
20240926@180638.2442 f9fvqj6t7ocfdh54fuh1hqvrum Query : select top 1 isnull(design,'') valor from st (nolock) left join stobs (nolock) on st.ref = stobs.ref where st.ref = '324.939.00.01'
20240926@180638.2599 f9fvqj6t7ocfdh54fuh1hqvrum Query : select top 1 bistamp valor from bi inner join bo on bo.bostamp=bi.bostamp where bo.ndos =240 and bo.boano =2062 and bo.obrano = 2406216 and bi.ref ='324.939.00.01' and bi.lordem =5
20240926@180638.2936 f9fvqj6t7ocfdh54fuh1hqvrum Query : select top 1 isnull(design,'') valor from st (nolock) left join stobs (nolock) on st.ref = stobs.ref where st.ref = '324.724.00.01'
20240926@180638.3092 f9fvqj6t7ocfdh54fuh1hqvrum Query : select top 1 bistamp valor from bi inner join bo on bo.bostamp=bi.bostamp where bo.ndos =240 and bo.boano =2062 and bo.obrano = 2406216 and bi.ref ='324.724.00.01' and bi.lordem =7
20240926@180638.3422 f9fvqj6t7ocfdh54fuh1hqvrum Query : select top 1 isnull(design,'') valor from st (nolock) left join stobs (nolock) on st.ref = stobs.ref where st.ref = '324.734.00.02'
20240926@180638.3575 f9fvqj6t7ocfdh54fuh1hqvrum Query : select top 1 bistamp valor from bi inner join bo on bo.bostamp=bi.bostamp where bo.ndos =240 and bo.boano =2062 and bo.obrano = 2406216 and bi.ref ='324.734.00.02' and bi.lordem =9
20240926@180638.3925 f9fvqj6t7ocfdh54fuh1hqvrum Query : select top 1 isnull(design,'') valor from st (nolock) left join stobs (nolock) on st.ref = stobs.ref where st.ref = '324.734.00.02'
20240926@180638.3948 f9fvqj6t7ocfdh54fuh1hqvrum Query : select top 1 bistamp valor from bi inner join bo on bo.bostamp=bi.bostamp where bo.ndos =240 and bo.boano =2062 and bo.obrano = 2406216 and bi.ref ='324.734.00.02' and bi.lordem =9
20240926@180638.3966 f9fvqj6t7ocfdh54fuh1hqvrum Query : select top 1 isnull(design,'') valor from st (nolock) left join stobs (nolock) on st.ref = stobs.ref where st.ref = '324.1705.00.1'
20240926@180638.4129 f9fvqj6t7ocfdh54fuh1hqvrum Query : select top 1 bistamp valor from bi inner join bo on bo.bostamp=bi.bostamp where bo.ndos =240 and bo.boano =2062 and bo.obrano = 2406216 and bi.ref ='324.1705.00.1' and bi.lordem =11
20240926@180638.4451 f9fvqj6t7ocfdh54fuh1hqvrum Query : select top 1 isnull(design,'') valor from st (nolock) left join stobs (nolock) on st.ref = stobs.ref where st.ref = '324.1417.00.1'
20240926@180638.4626 f9fvqj6t7ocfdh54fuh1hqvrum Query : select top 1 bistamp valor from bi inner join bo on bo.bostamp=bi.bostamp where bo.ndos =240 and bo.boano =2062 and bo.obrano = 2406216 and bi.ref ='324.1417.00.1' and bi.lordem =12
20240926@180638.4946 f9fvqj6t7ocfdh54fuh1hqvrum Query : use flama_phc
20240926@180638.4949 f9fvqj6t7ocfdh54fuh1hqvrum Query : select top 1 convert(date,fdata) valor from ft where ndoc = 39 and anulado= 0 and fno>0 order by fdata desc
20240926@180638.4988 f9fvqj6t7ocfdh54fuh1hqvrum Query : use flama_phc
20240926@180638.4992 f9fvqj6t7ocfdh54fuh1hqvrum Query : select top 1 1 valor from td where td.ndoc = 39
20240926@180638.5026 f9fvqj6t7ocfdh54fuh1hqvrum Query : use flama_phc
20240926@180638.5067 f9fvqj6t7ocfdh54fuh1hqvrum Query : select lower(descricao) descricao ,case when valor='s' then 1 else 0 end valor from para1 where descricao in ('st_lote','st_usalogifunc', 'st_grelha')
20240926@180638.5141 f9fvqj6t7ocfdh54fuh1hqvrum Query : select top 1 manternumero ,assinadoc issigned ,tiposaft ,assinaimp ,nmdos ,td.assinadoc ,'cl' origin ,lancasl stocks ,case when cmsl<50 and td.lancasl=1 then 1 else 0 end entrada ,case when cmsl>50 and td.lancasl=1 then 1 else 0 end saida ,temserie assets ,~semgre usegridfields from td inner join td2 on td.tdstamp=td2.td2stamp where td.ndoc = 1
20240926@180638.5179 f9fvqj6t7ocfdh54fuh1hqvrum Query : use flama_phc
20240926@180638.5183 f9fvqj6t7ocfdh54fuh1hqvrum Query : select top 1 ~inactivo valor from cl where no = '101665' and estab = 0 order by inactivo desc
20240926@180638.5324 f9fvqj6t7ocfdh54fuh1hqvrum Query : use flama_phc
20240926@180638.5327 f9fvqj6t7ocfdh54fuh1hqvrum Query : select top 1 tipodoc,regrd from td where ndoc = 39
20240926@180638.5361 f9fvqj6t7ocfdh54fuh1hqvrum Query : use flama_phc
20240926@180638.5364 f9fvqj6t7ocfdh54fuh1hqvrum Query : select szadrsstamp valor from szadrs where szadrsdesc='espaÇotrans,lda'
20240926@180638.5414 f9fvqj6t7ocfdh54fuh1hqvrum Query : use flama_phc
20240926@180638.5417 f9fvqj6t7ocfdh54fuh1hqvrum Query : select szadrsstamp valor from szadrs where szadrsdesc='armando faria fernandes, lda'
20240926@180638.5475 f9fvqj6t7ocfdh54fuh1hqvrum Query : use flama_phc
20240926@180638.5478 f9fvqj6t7ocfdh54fuh1hqvrum Query : select 1 valor from td where ndoc = 39
20240926@180638.5493 f9fvqj6t7ocfdh54fuh1hqvrum Query : select top 1 manternumero, tiposaft, nmdos,td.assinadoc from td where td.ndoc = 39
20240926@180638.5507 f9fvqj6t7ocfdh54fuh1hqvrum Query : select 1 valor from information_schema.tables where table_type='base table' and table_name='wstablefields'
20240926@180638.5524 f9fvqj6t7ocfdh54fuh1hqvrum Query : select fieldkey,fieldname,fieldtype,mandatory from wstablefields where tablename = 'ft' and documentnumber = 39
20240926@180638.5544 f9fvqj6t7ocfdh54fuh1hqvrum Query : select 1 valor from information_schema.tables where table_type='base table' and table_name='wstablefields'
20240926@180638.5559 f9fvqj6t7ocfdh54fuh1hqvrum Query : select fieldkey,fieldname,fieldtype,mandatory from wstablefields where tablename = 'ft2' and documentnumber = 39
20240926@180638.5594 f9fvqj6t7ocfdh54fuh1hqvrum Query : select 1 valor from information_schema.tables where table_type='base table' and table_name='wstablefields'
20240926@180638.5610 f9fvqj6t7ocfdh54fuh1hqvrum Query : select fieldkey,fieldname,fieldtype,mandatory from wstablefields where tablename = 'ft3' and documentnumber = 39
20240926@180638.5623 f9fvqj6t7ocfdh54fuh1hqvrum Query : select top 1 ft.fno valor from ft ft where ft.ndoc = 39 and ftano=2024 order by fno desc
20240926@180638.5692 f9fvqj6t7ocfdh54fuh1hqvrum Query : select top 1 ft.fno valor from wsftdata ft where ft.ndoc = 39 and ftano=2024 order by fno desc
20240926@180638.5706 f9fvqj6t7ocfdh54fuh1hqvrum Query : select 1 valor from information_schema.tables where table_type='base table' and table_name='wstablefields'
20240926@180638.5721 f9fvqj6t7ocfdh54fuh1hqvrum Query : select fieldkey,fieldname,fieldtype,calcformula from wstablefields where tablename = 'ft3' and documentnumber = 39
20240926@180638.5754 f9fvqj6t7ocfdh54fuh1hqvrum Query : insert into wsft3data (ft3stamp, ousrdata, ousrhora, usrdata,usrhora,ousrinis,usrinis,taxpointdt ) values ('aut66f596777366f5949e89' ,getdate(),convert(char(8),convert (time,getdate())),getdate(),convert(char(8),convert (time,getdate())),'wsv','wsv',?)
20240926@180638.5924 f9fvqj6t7ocfdh54fuh1hqvrum Query : select 1 valor from information_schema.tables where table_type='base table' and table_name='wstablefields'
20240926@180638.5940 f9fvqj6t7ocfdh54fuh1hqvrum Query : select fieldkey,fieldname,fieldtype,calcformula from wstablefields where tablename = 'ft2' and documentnumber = 39
20240926@180638.6102 f9fvqj6t7ocfdh54fuh1hqvrum Query : select top 1 bo.u_nomeenv valor from bo where bo.bostamp=''
20240926@180638.6114 f9fvqj6t7ocfdh54fuh1hqvrum Query : select top 1 bo.u_moradaen valor from bo where bo.bostamp=''
20240926@180638.6126 f9fvqj6t7ocfdh54fuh1hqvrum Query : select top 1 bo.u_codposen valor from bo where bo.bostamp=''
20240926@180638.7322 f9fvqj6t7ocfdh54fuh1hqvrum Query : select top 1 bo.u_localenv valor from bo where bo.bostamp=''
20240926@180638.7338 f9fvqj6t7ocfdh54fuh1hqvrum Query : select top 1 bo.trab5 valor from bo where bo.bostamp=''
20240926@180638.7351 f9fvqj6t7ocfdh54fuh1hqvrum Query : select top 1 bo.serie valor from bo where bo.bostamp=''
20240926@180638.7363 f9fvqj6t7ocfdh54fuh1hqvrum Query : insert into wsft2data (ft2stamp, ousrdata,ousrhora, usrdata,usrhora,ousrinis,usrinis,u_nomeenv ,u_moradaen ,u_codposen ,u_localenv ,u_coddest ,u_codby ) values ('aut66f596777366f5949e89',getdate(),convert(char(8),convert (time,getdate())),getdate(),convert(char(8),convert (time,getdate())),'wsv','wsv',?,?,?,?,?,?)
20240926@180638.7622 f9fvqj6t7ocfdh54fuh1hqvrum Query : select top 1 fno valor from wsftdata order by fno desc
20240926@180638.7647 f9fvqj6t7ocfdh54fuh1hqvrum Query : select 1 valor from information_schema.tables where table_type='base table' and table_name='wstablefields'
20240926@180638.7666 f9fvqj6t7ocfdh54fuh1hqvrum Query : select fieldkey,fieldname,fieldtype,calcformula from wstablefields where tablename = 'ft' and documentnumber = 39
20240926@180638.7693 f9fvqj6t7ocfdh54fuh1hqvrum Query : select 'normal' from dummy
20240926@180638.7711 f9fvqj6t7ocfdh54fuh1hqvrum Query : insert into wsftdata (ftstamp, ousrdata,ousrhora, usrdata,usrhora,ousrinis,usrinis,fno,no,estab,fdata,ndoc,moeda,cambio,cambiofixo,ftano,site ,classe ) values ('aut66f596777366f5949e89',getdate(),convert(char(8),convert (time,getdate())),getdate(),convert(char(8),convert (time,getdate())),'wsv','wsv',943,101665,0,'2024-09-26',39,'euro',0,0,2024 ,?,?)
20240926@180638.8045 f9fvqj6t7ocfdh54fuh1hqvrum Query : use flama_phc
20240926@180638.8049 f9fvqj6t7ocfdh54fuh1hqvrum Query : select st.usalote valor from st where st.ref = '324.4521.00.1'
20240926@180638.8072 f9fvqj6t7ocfdh54fuh1hqvrum Query : select top 1 st.tabiva ,st.ivaincl ,st.stns ,st.uni2 ,st.familia ,isnull(tx.taxa, 0) txiva ,unidade ,usalote ,epcpond ,noserie ,conversao ,st.texteis from st left join taxasiva tx on st.tabiva = tx.codigo where st.ref = '324.4521.00.1'
20240926@180638.8225 f9fvqj6t7ocfdh54fuh1hqvrum Query : select 1 valor from information_schema.tables where table_type='base table' and table_name='wstablefields'
20240926@180638.8241 f9fvqj6t7ocfdh54fuh1hqvrum Query : select fieldkey,fieldname,fieldtype,mandatory from wstablefields where tablename = 'fi' and documentnumber = 39
20240926@180638.8269 f9fvqj6t7ocfdh54fuh1hqvrum Query : select 1 valor from information_schema.tables where table_type='base table' and table_name='wstablefields'
20240926@180638.8284 f9fvqj6t7ocfdh54fuh1hqvrum Query : select fieldkey,fieldname,fieldtype,mandatory from wstablefields where tablename = 'fi2' and documentnumber = 39
20240926@180638.8293 f9fvqj6t7ocfdh54fuh1hqvrum Query : select top 1 convert(numeric(6,2),t.taxa) valor from taxasiva t where t.codigo='2'
20240926@180638.8325 f9fvqj6t7ocfdh54fuh1hqvrum Query : select sestamp valor from se where ref ='324.4521.00.1' and lote = 'r2400052200a'
20240926@180638.8339 f9fvqj6t7ocfdh54fuh1hqvrum Query : select 1 valor from information_schema.tables where table_type='base table' and table_name='wstablefields'
20240926@180638.8355 f9fvqj6t7ocfdh54fuh1hqvrum Query : select fieldkey,fieldname,fieldtype,calcformula from wstablefields where tablename = 'fi2' and documentnumber = 39
20240926@180638.8367 f9fvqj6t7ocfdh54fuh1hqvrum Query : insert into wsfi2data (fi2stamp,ftstamp ,ousrdata, ousrhora, usrdata,usrhora,ousrinis,usrinis) values ('aut66f598793366f5949ecb','aut66f596777366f5949e89' ,getdate(),convert(char(8),convert (time,getdate())),getdate(),convert(char(8),convert (time,getdate())),'wsv','wsv')
20240926@180638.8371 f9fvqj6t7ocfdh54fuh1hqvrum Query : select 1 valor from information_schema.tables where table_type='base table' and table_name='wstablefields'
20240926@180638.8386 f9fvqj6t7ocfdh54fuh1hqvrum Query : select fieldkey,fieldname,fieldtype,calcformula from wstablefields where tablename = 'fi' and documentnumber = 39
20240926@180638.8415 f9fvqj6t7ocfdh54fuh1hqvrum Query : insert into wsfidata (fistamp,ousrdata, ousrhora, usrdata,usrhora,ousrinis,usrinis ,qtt ,ftstamp ,epv,pvmoeda ,tabiva,iva,lordem ,ref, design ,lote,armazem,bistamp ) values ('aut66f598793366f5949ecb',getdate(),convert(char(8),convert (time,getdate())),getdate(),convert(char(8),convert (time,getdate())),'wsv','wsv',20.000 ,'aut66f596777366f5949e89' ,0,0 ,2,23.00,10000,?,?,?,?,?)
20240926@180638.8690 f9fvqj6t7ocfdh54fuh1hqvrum Query : use flama_phc
20240926@180638.8693 f9fvqj6t7ocfdh54fuh1hqvrum Query : select st.usalote valor from st where st.ref = '324.4521.00.1'
20240926@180638.8714 f9fvqj6t7ocfdh54fuh1hqvrum Query : select top 1 st.tabiva ,st.ivaincl ,st.stns ,st.uni2 ,st.familia ,isnull(tx.taxa, 0) txiva ,unidade ,usalote ,epcpond ,noserie ,conversao ,st.texteis from st left join taxasiva tx on st.tabiva = tx.codigo where st.ref = '324.4521.00.1'
20240926@180638.8730 f9fvqj6t7ocfdh54fuh1hqvrum Query : select 1 valor from information_schema.tables where table_type='base table' and table_name='wstablefields'
20240926@180638.8747 f9fvqj6t7ocfdh54fuh1hqvrum Query : select fieldkey,fieldname,fieldtype,mandatory from wstablefields where tablename = 'fi' and documentnumber = 39
20240926@180638.8773 f9fvqj6t7ocfdh54fuh1hqvrum Query : select 1 valor from information_schema.tables where table_type='base table' and table_name='wstablefields'
20240926@180638.8787 f9fvqj6t7ocfdh54fuh1hqvrum Query : select fieldkey,fieldname,fieldtype,mandatory from wstablefields where tablename = 'fi2' and documentnumber = 39
20240926@180638.8797 f9fvqj6t7ocfdh54fuh1hqvrum Query : select top 1 convert(numeric(6,2),t.taxa) valor from taxasiva t where t.codigo='2'
20240926@180638.8828 f9fvqj6t7ocfdh54fuh1hqvrum Query : select sestamp valor from se where ref ='324.4521.00.1' and lote = 'r2400052200a'
20240926@180638.8841 f9fvqj6t7ocfdh54fuh1hqvrum Query : select 1 valor from information_schema.tables where table_type='base table' and table_name='wstablefields'
20240926@180638.8856 f9fvqj6t7ocfdh54fuh1hqvrum Query : select fieldkey,fieldname,fieldtype,calcformula from wstablefields where tablename = 'fi2' and documentnumber = 39
20240926@180638.8867 f9fvqj6t7ocfdh54fuh1hqvrum Query : insert into wsfi2data (fi2stamp,ftstamp ,ousrdata, ousrhora, usrdata,usrhora,ousrinis,usrinis) values ('aut66f591028466f5949ed7','aut66f596777366f5949e89' ,getdate(),convert(char(8),convert (time,getdate())),getdate(),convert(char(8),convert (time,getdate())),'wsv','wsv')
20240926@180638.8872 f9fvqj6t7ocfdh54fuh1hqvrum Query : select 1 valor from information_schema.tables where table_type='base table' and table_name='wstablefields'
20240926@180638.8886 f9fvqj6t7ocfdh54fuh1hqvrum Query : select fieldkey,fieldname,fieldtype,calcformula from wstablefields where tablename = 'fi' and documentnumber = 39
20240926@180638.8915 f9fvqj6t7ocfdh54fuh1hqvrum Query : insert into wsfidata (fistamp,ousrdata, ousrhora, usrdata,usrhora,ousrinis,usrinis ,qtt ,ftstamp ,epv,pvmoeda ,tabiva,iva,lordem ,ref, design ,lote,armazem,bistamp ) values ('aut66f591028466f5949ed7',getdate(),convert(char(8),convert (time,getdate())),getdate(),convert(char(8),convert (time,getdate())),'wsv','wsv',4.000 ,'aut66f596777366f5949e89' ,0,0 ,2,23.00,20000,?,?,?,?,?)
20240926@180638.9169 f9fvqj6t7ocfdh54fuh1hqvrum Query : use flama_phc
20240926@180638.9172 f9fvqj6t7ocfdh54fuh1hqvrum Query : select st.usalote valor from st where st.ref = '324.642.00.01'
20240926@180638.9193 f9fvqj6t7ocfdh54fuh1hqvrum Query : select top 1 st.tabiva ,st.ivaincl ,st.stns ,st.uni2 ,st.familia ,isnull(tx.taxa, 0) txiva ,unidade ,usalote ,epcpond ,noserie ,conversao ,st.texteis from st left join taxasiva tx on st.tabiva = tx.codigo where st.ref = '324.642.00.01'
20240926@180638.9357 f9fvqj6t7ocfdh54fuh1hqvrum Query : select 1 valor from information_schema.tables where table_type='base table' and table_name='wstablefields'
20240926@180638.9372 f9fvqj6t7ocfdh54fuh1hqvrum Query : select fieldkey,fieldname,fieldtype,mandatory from wstablefields where tablename = 'fi' and documentnumber = 39
20240926@180638.9399 f9fvqj6t7ocfdh54fuh1hqvrum Query : select 1 valor from information_schema.tables where table_type='base table' and table_name='wstablefields'
20240926@180638.9413 f9fvqj6t7ocfdh54fuh1hqvrum Query : select fieldkey,fieldname,fieldtype,mandatory from wstablefields where tablename = 'fi2' and documentnumber = 39
20240926@180638.9421 f9fvqj6t7ocfdh54fuh1hqvrum Query : select top 1 convert(numeric(6,2),t.taxa) valor from taxasiva t where t.codigo='2'
20240926@180638.9452 f9fvqj6t7ocfdh54fuh1hqvrum Query : select sestamp valor from se where ref ='324.642.00.01' and lote = 'r2100892200a'
20240926@180638.9478 f9fvqj6t7ocfdh54fuh1hqvrum Query : select 1 valor from information_schema.tables where table_type='base table' and table_name='wstablefields'
20240926@180638.9493 f9fvqj6t7ocfdh54fuh1hqvrum Query : select fieldkey,fieldname,fieldtype,calcformula from wstablefields where tablename = 'fi2' and documentnumber = 39
20240926@180638.9504 f9fvqj6t7ocfdh54fuh1hqvrum Query : insert into wsfi2data (fi2stamp,ftstamp ,ousrdata, ousrhora, usrdata,usrhora,ousrinis,usrinis) values ('aut66f590926866f5949ee7','aut66f596777366f5949e89' ,getdate(),convert(char(8),convert (time,getdate())),getdate(),convert(char(8),convert (time,getdate())),'wsv','wsv')
20240926@180638.9508 f9fvqj6t7ocfdh54fuh1hqvrum Query : select 1 valor from information_schema.tables where table_type='base table' and table_name='wstablefields'
20240926@180638.9522 f9fvqj6t7ocfdh54fuh1hqvrum Query : select fieldkey,fieldname,fieldtype,calcformula from wstablefields where tablename = 'fi' and documentnumber = 39
20240926@180638.9550 f9fvqj6t7ocfdh54fuh1hqvrum Query : insert into wsfidata (fistamp,ousrdata, ousrhora, usrdata,usrhora,ousrinis,usrinis ,qtt ,ftstamp ,epv,pvmoeda ,tabiva,iva,lordem ,ref, design ,lote,armazem,bistamp ) values ('aut66f590926866f5949ee7',getdate(),convert(char(8),convert (time,getdate())),getdate(),convert(char(8),convert (time,getdate())),'wsv','wsv',2.000 ,'aut66f596777366f5949e89' ,0,0 ,2,23.00,30000,?,?,?,?,?)
20240926@180638.9813 f9fvqj6t7ocfdh54fuh1hqvrum Query : use flama_phc
20240926@180638.9816 f9fvqj6t7ocfdh54fuh1hqvrum Query : select st.usalote valor from st where st.ref = '324.642.00.01'
20240926@180638.9837 f9fvqj6t7ocfdh54fuh1hqvrum Query : select top 1 st.tabiva ,st.ivaincl ,st.stns ,st.uni2 ,st.familia ,isnull(tx.taxa, 0) txiva ,unidade ,usalote ,epcpond ,noserie ,conversao ,st.texteis from st left join taxasiva tx on st.tabiva = tx.codigo where st.ref = '324.642.00.01'
20240926@180638.9853 f9fvqj6t7ocfdh54fuh1hqvrum Query : select 1 valor from information_schema.tables where table_type='base table' and table_name='wstablefields'
20240926@180638.9869 f9fvqj6t7ocfdh54fuh1hqvrum Query : select fieldkey,fieldname,fieldtype,mandatory from wstablefields where tablename = 'fi' and documentnumber = 39
20240926@180638.9913 f9fvqj6t7ocfdh54fuh1hqvrum Query : select 1 valor from information_schema.tables where table_type='base table' and table_name='wstablefields'
20240926@180638.9928 f9fvqj6t7ocfdh54fuh1hqvrum Query : select fieldkey,fieldname,fieldtype,mandatory from wstablefields where tablename = 'fi2' and documentnumber = 39
20240926@180638.9937 f9fvqj6t7ocfdh54fuh1hqvrum Query : select top 1 convert(numeric(6,2),t.taxa) valor from taxasiva t where t.codigo='2'
20240926@180638.9949 f9fvqj6t7ocfdh54fuh1hqvrum Query : select sestamp valor from se where ref ='324.642.00.01' and lote = 'r2100892200a'
20240926@180638.9962 f9fvqj6t7ocfdh54fuh1hqvrum Query : select 1 valor from information_schema.tables where table_type='base table' and table_name='wstablefields'
20240926@180638.9977 f9fvqj6t7ocfdh54fuh1hqvrum Query : select fieldkey,fieldname,fieldtype,calcformula from wstablefields where tablename = 'fi2' and documentnumber = 39
20240926@180638.9988 f9fvqj6t7ocfdh54fuh1hqvrum Query : insert into wsfi2data (fi2stamp,ftstamp ,ousrdata, ousrhora, usrdata,usrhora,ousrinis,usrinis) values ('aut66f594690866f5949ef3','aut66f596777366f5949e89' ,getdate(),convert(char(8),convert (time,getdate())),getdate(),convert(char(8),convert (time,getdate())),'wsv','wsv')
20240926@180638.9993 f9fvqj6t7ocfdh54fuh1hqvrum Query : select 1 valor from information_schema.tables where table_type='base table' and table_name='wstablefields'
20240926@180639.8000 f9fvqj6t7ocfdh54fuh1hqvrum Query : select fieldkey,fieldname,fieldtype,calcformula from wstablefields where tablename = 'fi' and documentnumber = 39
20240926@180639.3900 f9fvqj6t7ocfdh54fuh1hqvrum Query : insert into wsfidata (fistamp,ousrdata, ousrhora, usrdata,usrhora,ousrinis,usrinis ,qtt ,ftstamp ,epv,pvmoeda ,tabiva,iva,lordem ,ref, design ,lote,armazem,bistamp ) values ('aut66f594690866f5949ef3',getdate(),convert(char(8),convert (time,getdate())),getdate(),convert(char(8),convert (time,getdate())),'wsv','wsv',2.000 ,'aut66f596777366f5949e89' ,0,0 ,2,23.00,40000,?,?,?,?,?)
20240926@180639.3420 f9fvqj6t7ocfdh54fuh1hqvrum Query : use flama_phc
20240926@180639.3460 f9fvqj6t7ocfdh54fuh1hqvrum Query : select st.usalote valor from st where st.ref = '324.642.00.01'
20240926@180639.3690 f9fvqj6t7ocfdh54fuh1hqvrum Query : select top 1 st.tabiva ,st.ivaincl ,st.stns ,st.uni2 ,st.familia ,isnull(tx.taxa, 0) txiva ,unidade ,usalote ,epcpond ,noserie ,conversao ,st.texteis from st left join taxasiva tx on st.tabiva = tx.codigo where st.ref = '324.642.00.01'
20240926@180639.3830 f9fvqj6t7ocfdh54fuh1hqvrum Query : select 1 valor from information_schema.tables where table_type='base table' and table_name='wstablefields'
20240926@180639.3990 f9fvqj6t7ocfdh54fuh1hqvrum Query : select fieldkey,fieldname,fieldtype,mandatory from wstablefields where tablename = 'fi' and documentnumber = 39
20240926@180639.4250 f9fvqj6t7ocfdh54fuh1hqvrum Query : select 1 valor from information_schema.tables where table_type='base table' and table_name='wstablefields'
20240926@180639.4390 f9fvqj6t7ocfdh54fuh1hqvrum Query : select fieldkey,fieldname,fieldtype,mandatory from wstablefields where tablename = 'fi2' and documentnumber = 39
20240926@180639.4490 f9fvqj6t7ocfdh54fuh1hqvrum Query : select top 1 convert(numeric(6,2),t.taxa) valor from taxasiva t where t.codigo='2'
20240926@180639.4630 f9fvqj6t7ocfdh54fuh1hqvrum Query : select sestamp valor from se where ref ='324.642.00.01' and lote = 'r2100892200a'
20240926@180639.4760 f9fvqj6t7ocfdh54fuh1hqvrum Query : select 1 valor from information_schema.tables where table_type='base table' and table_name='wstablefields'
20240926@180639.4930 f9fvqj6t7ocfdh54fuh1hqvrum Query : select fieldkey,fieldname,fieldtype,calcformula from wstablefields where tablename = 'fi2' and documentnumber = 39
20240926@180639.5040 f9fvqj6t7ocfdh54fuh1hqvrum Query : insert into wsfi2data (fi2stamp,ftstamp ,ousrdata, ousrhora, usrdata,usrhora,ousrinis,usrinis) values ('aut66f596776866f5949f0b','aut66f596777366f5949e89' ,getdate(),convert(char(8),convert (time,getdate())),getdate(),convert(char(8),convert (time,getdate())),'wsv','wsv')
20240926@180639.5080 f9fvqj6t7ocfdh54fuh1hqvrum Query : select 1 valor from information_schema.tables where table_type='base table' and table_name='wstablefields'
20240926@180639.5230 f9fvqj6t7ocfdh54fuh1hqvrum Query : select fieldkey,fieldname,fieldtype,calcformula from wstablefields where tablename = 'fi' and documentnumber = 39
20240926@180639.5520 f9fvqj6t7ocfdh54fuh1hqvrum Query : insert into wsfidata (fistamp,ousrdata, ousrhora, usrdata,usrhora,ousrinis,usrinis ,qtt ,ftstamp ,epv,pvmoeda ,tabiva,iva,lordem ,ref, design ,lote,armazem,bistamp ) values ('aut66f596776866f5949f0b',getdate(),convert(char(8),convert (time,getdate())),getdate(),convert(char(8),convert (time,getdate())),'wsv','wsv',20.000 ,'aut66f596777366f5949e89' ,0,0 ,2,23.00,50000,?,?,?,?,?)
20240926@180639.8110 f9fvqj6t7ocfdh54fuh1hqvrum Query : use flama_phc
20240926@180639.8140 f9fvqj6t7ocfdh54fuh1hqvrum Query : select st.usalote valor from st where st.ref = '324.939.00.01'
20240926@180639.8350 f9fvqj6t7ocfdh54fuh1hqvrum Query : select top 1 st.tabiva ,st.ivaincl ,st.stns ,st.uni2 ,st.familia ,isnull(tx.taxa, 0) txiva ,unidade ,usalote ,epcpond ,noserie ,conversao ,st.texteis from st left join taxasiva tx on st.tabiva = tx.codigo where st.ref = '324.939.00.01'
20240926@180639.9800 f9fvqj6t7ocfdh54fuh1hqvrum Query : select 1 valor from information_schema.tables where table_type='base table' and table_name='wstablefields'
20240926@180639.9960 f9fvqj6t7ocfdh54fuh1hqvrum Query : select fieldkey,fieldname,fieldtype,mandatory from wstablefields where tablename = 'fi' and documentnumber = 39
20240926@180639.1024 f9fvqj6t7ocfdh54fuh1hqvrum Query : select 1 valor from information_schema.tables where table_type='base table' and table_name='wstablefields'
20240926@180639.1039 f9fvqj6t7ocfdh54fuh1hqvrum Query : select fieldkey,fieldname,fieldtype,mandatory from wstablefields where tablename = 'fi2' and documentnumber = 39
20240926@180639.1048 f9fvqj6t7ocfdh54fuh1hqvrum Query : select top 1 convert(numeric(6,2),t.taxa) valor from taxasiva t where t.codigo='2'
20240926@180639.1060 f9fvqj6t7ocfdh54fuh1hqvrum Query : select sestamp valor from se where ref ='324.939.00.01' and lote = 'r2301371200a'
20240926@180639.1094 f9fvqj6t7ocfdh54fuh1hqvrum Query : select 1 valor from information_schema.tables where table_type='base table' and table_name='wstablefields'
20240926@180639.1109 f9fvqj6t7ocfdh54fuh1hqvrum Query : select fieldkey,fieldname,fieldtype,calcformula from wstablefields where tablename = 'fi2' and documentnumber = 39
20240926@180639.1120 f9fvqj6t7ocfdh54fuh1hqvrum Query : insert into wsfi2data (fi2stamp,ftstamp ,ousrdata, ousrhora, usrdata,usrhora,ousrinis,usrinis) values ('aut66f590483766f5949f1a','aut66f596777366f5949e89' ,getdate(),convert(char(8),convert (time,getdate())),getdate(),convert(char(8),convert (time,getdate())),'wsv','wsv')
20240926@180639.1124 f9fvqj6t7ocfdh54fuh1hqvrum Query : select 1 valor from information_schema.tables where table_type='base table' and table_name='wstablefields'
20240926@180639.1138 f9fvqj6t7ocfdh54fuh1hqvrum Query : select fieldkey,fieldname,fieldtype,calcformula from wstablefields where tablename = 'fi' and documentnumber = 39
20240926@180639.1166 f9fvqj6t7ocfdh54fuh1hqvrum Query : insert into wsfidata (fistamp,ousrdata, ousrhora, usrdata,usrhora,ousrinis,usrinis ,qtt ,ftstamp ,epv,pvmoeda ,tabiva,iva,lordem ,ref, design ,lote,armazem,bistamp ) values ('aut66f590483766f5949f1a',getdate(),convert(char(8),convert (time,getdate())),getdate(),convert(char(8),convert (time,getdate())),'wsv','wsv',12.000 ,'aut66f596777366f5949e89' ,0,0 ,2,23.00,60000,?,?,?,?,?)
20240926@180639.1411 f9fvqj6t7ocfdh54fuh1hqvrum Query : use flama_phc
20240926@180639.1414 f9fvqj6t7ocfdh54fuh1hqvrum Query : select st.usalote valor from st where st.ref = '324.724.00.01'
20240926@180639.1437 f9fvqj6t7ocfdh54fuh1hqvrum Query : select top 1 st.tabiva ,st.ivaincl ,st.stns ,st.uni2 ,st.familia ,isnull(tx.taxa, 0) txiva ,unidade ,usalote ,epcpond ,noserie ,conversao ,st.texteis from st left join taxasiva tx on st.tabiva = tx.codigo where st.ref = '324.724.00.01'
20240926@180639.1600 f9fvqj6t7ocfdh54fuh1hqvrum Query : select 1 valor from information_schema.tables where table_type='base table' and table_name='wstablefields'
20240926@180639.1620 f9fvqj6t7ocfdh54fuh1hqvrum Query : select fieldkey,fieldname,fieldtype,mandatory from wstablefields where tablename = 'fi' and documentnumber = 39
20240926@180639.1648 f9fvqj6t7ocfdh54fuh1hqvrum Query : select 1 valor from information_schema.tables where table_type='base table' and table_name='wstablefields'
20240926@180639.1680 f9fvqj6t7ocfdh54fuh1hqvrum Query : select fieldkey,fieldname,fieldtype,mandatory from wstablefields where tablename = 'fi2' and documentnumber = 39
20240926@180639.1689 f9fvqj6t7ocfdh54fuh1hqvrum Query : select top 1 convert(numeric(6,2),t.taxa) valor from taxasiva t where t.codigo='2'
20240926@180639.1702 f9fvqj6t7ocfdh54fuh1hqvrum Query : select sestamp valor from se where ref ='324.724.00.01' and lote = '11/18'
20240926@180639.1731 f9fvqj6t7ocfdh54fuh1hqvrum Query : select 1 valor from information_schema.tables where table_type='base table' and table_name='wstablefields'
20240926@180639.1746 f9fvqj6t7ocfdh54fuh1hqvrum Query : select fieldkey,fieldname,fieldtype,calcformula from wstablefields where tablename = 'fi2' and documentnumber = 39
20240926@180639.1758 f9fvqj6t7ocfdh54fuh1hqvrum Query : insert into wsfi2data (fi2stamp,ftstamp ,ousrdata, ousrhora, usrdata,usrhora,ousrinis,usrinis) values ('aut66f595152466f5949f2a','aut66f596777366f5949e89' ,getdate(),convert(char(8),convert (time,getdate())),getdate(),convert(char(8),convert (time,getdate())),'wsv','wsv')
20240926@180639.1762 f9fvqj6t7ocfdh54fuh1hqvrum Query : select 1 valor from information_schema.tables where table_type='base table' and table_name='wstablefields'
20240926@180639.1777 f9fvqj6t7ocfdh54fuh1hqvrum Query : select fieldkey,fieldname,fieldtype,calcformula from wstablefields where tablename = 'fi' and documentnumber = 39
20240926@180639.1808 f9fvqj6t7ocfdh54fuh1hqvrum Query : insert into wsfidata (fistamp,ousrdata, ousrhora, usrdata,usrhora,ousrinis,usrinis ,qtt ,ftstamp ,epv,pvmoeda ,tabiva,iva,lordem ,ref, design ,lote,armazem,bistamp ) values ('aut66f595152466f5949f2a',getdate(),convert(char(8),convert (time,getdate())),getdate(),convert(char(8),convert (time,getdate())),'wsv','wsv',20.000 ,'aut66f596777366f5949e89' ,0,0 ,2,23.00,70000,?,?,?,?,?)
20240926@180639.2057 f9fvqj6t7ocfdh54fuh1hqvrum Query : use flama_phc
20240926@180639.2060 f9fvqj6t7ocfdh54fuh1hqvrum Query : select st.usalote valor from st where st.ref = '324.734.00.02'
20240926@180639.2082 f9fvqj6t7ocfdh54fuh1hqvrum Query : select top 1 st.tabiva ,st.ivaincl ,st.stns ,st.uni2 ,st.familia ,isnull(tx.taxa, 0) txiva ,unidade ,usalote ,epcpond ,noserie ,conversao ,st.texteis from st left join taxasiva tx on st.tabiva = tx.codigo where st.ref = '324.734.00.02'
20240926@180639.2253 f9fvqj6t7ocfdh54fuh1hqvrum Query : select 1 valor from information_schema.tables where table_type='base table' and table_name='wstablefields'
20240926@180639.2271 f9fvqj6t7ocfdh54fuh1hqvrum Query : select fieldkey,fieldname,fieldtype,mandatory from wstablefields where tablename = 'fi' and documentnumber = 39
20240926@180639.2299 f9fvqj6t7ocfdh54fuh1hqvrum Query : select 1 valor from information_schema.tables where table_type='base table' and table_name='wstablefields'
20240926@180639.2314 f9fvqj6t7ocfdh54fuh1hqvrum Query : select fieldkey,fieldname,fieldtype,mandatory from wstablefields where tablename = 'fi2' and documentnumber = 39
20240926@180639.2323 f9fvqj6t7ocfdh54fuh1hqvrum Query : select top 1 convert(numeric(6,2),t.taxa) valor from taxasiva t where t.codigo='2'
20240926@180639.2354 f9fvqj6t7ocfdh54fuh1hqvrum Query : select sestamp valor from se where ref ='324.734.00.02' and lote = 'r2400471100a'
20240926@180639.2368 f9fvqj6t7ocfdh54fuh1hqvrum Query : select 1 valor from information_schema.tables where table_type='base table' and table_name='wstablefields'
20240926@180639.2382 f9fvqj6t7ocfdh54fuh1hqvrum Query : select fieldkey,fieldname,fieldtype,calcformula from wstablefields where tablename = 'fi2' and documentnumber = 39
20240926@180639.2394 f9fvqj6t7ocfdh54fuh1hqvrum Query : insert into wsfi2data (fi2stamp,ftstamp ,ousrdata, ousrhora, usrdata,usrhora,ousrinis,usrinis) values ('aut66f590908266f5949f39','aut66f596777366f5949e89' ,getdate(),convert(char(8),convert (time,getdate())),getdate(),convert(char(8),convert (time,getdate())),'wsv','wsv')
20240926@180639.2398 f9fvqj6t7ocfdh54fuh1hqvrum Query : select 1 valor from information_schema.tables where table_type='base table' and table_name='wstablefields'
20240926@180639.2412 f9fvqj6t7ocfdh54fuh1hqvrum Query : select fieldkey,fieldname,fieldtype,calcformula from wstablefields where tablename = 'fi' and documentnumber = 39
20240926@180639.2440 f9fvqj6t7ocfdh54fuh1hqvrum Query : insert into wsfidata (fistamp,ousrdata, ousrhora, usrdata,usrhora,ousrinis,usrinis ,qtt ,ftstamp ,epv,pvmoeda ,tabiva,iva,lordem ,ref, design ,lote,armazem,bistamp ) values ('aut66f590908266f5949f39',getdate(),convert(char(8),convert (time,getdate())),getdate(),convert(char(8),convert (time,getdate())),'wsv','wsv',16.000 ,'aut66f596777366f5949e89' ,0,0 ,2,23.00,80000,?,?,?,?,?)
20240926@180639.2690 f9fvqj6t7ocfdh54fuh1hqvrum Query : use flama_phc
20240926@180639.2694 f9fvqj6t7ocfdh54fuh1hqvrum Query : select st.usalote valor from st where st.ref = '324.734.00.02'
20240926@180639.2713 f9fvqj6t7ocfdh54fuh1hqvrum Query : select top 1 st.tabiva ,st.ivaincl ,st.stns ,st.uni2 ,st.familia ,isnull(tx.taxa, 0) txiva ,unidade ,usalote ,epcpond ,noserie ,conversao ,st.texteis from st left join taxasiva tx on st.tabiva = tx.codigo where st.ref = '324.734.00.02'
20240926@180639.2728 f9fvqj6t7ocfdh54fuh1hqvrum Query : select 1 valor from information_schema.tables where table_type='base table' and table_name='wstablefields'
20240926@180639.2745 f9fvqj6t7ocfdh54fuh1hqvrum Query : select fieldkey,fieldname,fieldtype,mandatory from wstablefields where tablename = 'fi' and documentnumber = 39
20240926@180639.2771 f9fvqj6t7ocfdh54fuh1hqvrum Query : select 1 valor from information_schema.tables where table_type='base table' and table_name='wstablefields'
20240926@180639.2803 f9fvqj6t7ocfdh54fuh1hqvrum Query : select fieldkey,fieldname,fieldtype,mandatory from wstablefields where tablename = 'fi2' and documentnumber = 39
20240926@180639.2811 f9fvqj6t7ocfdh54fuh1hqvrum Query : select top 1 convert(numeric(6,2),t.taxa) valor from taxasiva t where t.codigo='2'
20240926@180639.2823 f9fvqj6t7ocfdh54fuh1hqvrum Query : select sestamp valor from se where ref ='324.734.00.02' and lote = 'r2400471100a'
20240926@180639.2836 f9fvqj6t7ocfdh54fuh1hqvrum Query : select 1 valor from information_schema.tables where table_type='base table' and table_name='wstablefields'
20240926@180639.2850 f9fvqj6t7ocfdh54fuh1hqvrum Query : select fieldkey,fieldname,fieldtype,calcformula from wstablefields where tablename = 'fi2' and documentnumber = 39
20240926@180639.2864 f9fvqj6t7ocfdh54fuh1hqvrum Query : insert into wsfi2data (fi2stamp,ftstamp ,ousrdata, ousrhora, usrdata,usrhora,ousrinis,usrinis) values ('aut66f597196766f5949f45','aut66f596777366f5949e89' ,getdate(),convert(char(8),convert (time,getdate())),getdate(),convert(char(8),convert (time,getdate())),'wsv','wsv')
20240926@180639.2868 f9fvqj6t7ocfdh54fuh1hqvrum Query : select 1 valor from information_schema.tables where table_type='base table' and table_name='wstablefields'
20240926@180639.2882 f9fvqj6t7ocfdh54fuh1hqvrum Query : select fieldkey,fieldname,fieldtype,calcformula from wstablefields where tablename = 'fi' and documentnumber = 39
20240926@180639.2914 f9fvqj6t7ocfdh54fuh1hqvrum Query : insert into wsfidata (fistamp,ousrdata, ousrhora, usrdata,usrhora,ousrinis,usrinis ,qtt ,ftstamp ,epv,pvmoeda ,tabiva,iva,lordem ,ref, design ,lote,armazem,bistamp ) values ('aut66f597196766f5949f45',getdate(),convert(char(8),convert (time,getdate())),getdate(),convert(char(8),convert (time,getdate())),'wsv','wsv',8.000 ,'aut66f596777366f5949e89' ,0,0 ,2,23.00,90000,?,?,?,?,?)
20240926@180639.3169 f9fvqj6t7ocfdh54fuh1hqvrum Query : use flama_phc
20240926@180639.3172 f9fvqj6t7ocfdh54fuh1hqvrum Query : select st.usalote valor from st where st.ref = '324.1705.00.1'
20240926@180639.3193 f9fvqj6t7ocfdh54fuh1hqvrum Query : select top 1 st.tabiva ,st.ivaincl ,st.stns ,st.uni2 ,st.familia ,isnull(tx.taxa, 0) txiva ,unidade ,usalote ,epcpond ,noserie ,conversao ,st.texteis from st left join taxasiva tx on st.tabiva = tx.codigo where st.ref = '324.1705.00.1'
20240926@180639.3378 f9fvqj6t7ocfdh54fuh1hqvrum Query : select 1 valor from information_schema.tables where table_type='base table' and table_name='wstablefields'
20240926@180639.3394 f9fvqj6t7ocfdh54fuh1hqvrum Query : select fieldkey,fieldname,fieldtype,mandatory from wstablefields where tablename = 'fi' and documentnumber = 39
20240926@180639.3420 f9fvqj6t7ocfdh54fuh1hqvrum Query : select 1 valor from information_schema.tables where table_type='base table' and table_name='wstablefields'
20240926@180639.3435 f9fvqj6t7ocfdh54fuh1hqvrum Query : select fieldkey,fieldname,fieldtype,mandatory from wstablefields where tablename = 'fi2' and documentnumber = 39
20240926@180639.3444 f9fvqj6t7ocfdh54fuh1hqvrum Query : select top 1 convert(numeric(6,2),t.taxa) valor from taxasiva t where t.codigo='2'
20240926@180639.3456 f9fvqj6t7ocfdh54fuh1hqvrum Query : select sestamp valor from se where ref ='324.1705.00.1' and lote = 'r2400050500a'
20240926@180639.3470 f9fvqj6t7ocfdh54fuh1hqvrum Query : select 1 valor from information_schema.tables where table_type='base table' and table_name='wstablefields'
20240926@180639.3488 f9fvqj6t7ocfdh54fuh1hqvrum Query : select fieldkey,fieldname,fieldtype,calcformula from wstablefields where tablename = 'fi2' and documentnumber = 39
20240926@180639.3501 f9fvqj6t7ocfdh54fuh1hqvrum Query : insert into wsfi2data (fi2stamp,ftstamp ,ousrdata, ousrhora, usrdata,usrhora,ousrinis,usrinis) values ('aut66f592096466f5949f54','aut66f596777366f5949e89' ,getdate(),convert(char(8),convert (time,getdate())),getdate(),convert(char(8),convert (time,getdate())),'wsv','wsv')
20240926@180639.3505 f9fvqj6t7ocfdh54fuh1hqvrum Query : select 1 valor from information_schema.tables where table_type='base table' and table_name='wstablefields'
20240926@180639.3778 f9fvqj6t7ocfdh54fuh1hqvrum Query : select fieldkey,fieldname,fieldtype,calcformula from wstablefields where tablename = 'fi' and documentnumber = 39
20240926@180639.3876 f9fvqj6t7ocfdh54fuh1hqvrum Query : insert into wsfidata (fistamp,ousrdata, ousrhora, usrdata,usrhora,ousrinis,usrinis ,qtt ,ftstamp ,epv,pvmoeda ,tabiva,iva,lordem ,ref, design ,lote,armazem,bistamp ) values ('aut66f592096466f5949f54',getdate(),convert(char(8),convert (time,getdate())),getdate(),convert(char(8),convert (time,getdate())),'wsv','wsv',12.000 ,'aut66f596777366f5949e89' ,0,0 ,2,23.00,100000,?,?,?,?,?)
20240926@180639.5134 f9fvqj6t7ocfdh54fuh1hqvrum Query : use flama_phc
20240926@180639.5138 f9fvqj6t7ocfdh54fuh1hqvrum Query : select st.usalote valor from st where st.ref = '324.1417.00.1'
20240926@180639.5159 f9fvqj6t7ocfdh54fuh1hqvrum Query : select top 1 st.tabiva ,st.ivaincl ,st.stns ,st.uni2 ,st.familia ,isnull(tx.taxa, 0) txiva ,unidade ,usalote ,epcpond ,noserie ,conversao ,st.texteis from st left join taxasiva tx on st.tabiva = tx.codigo where st.ref = '324.1417.00.1'
20240926@180639.5313 f9fvqj6t7ocfdh54fuh1hqvrum Query : select 1 valor from information_schema.tables where table_type='base table' and table_name='wstablefields'
20240926@180639.5347 f9fvqj6t7ocfdh54fuh1hqvrum Query : select fieldkey,fieldname,fieldtype,mandatory from wstablefields where tablename = 'fi' and documentnumber = 39
20240926@180639.5374 f9fvqj6t7ocfdh54fuh1hqvrum Query : select 1 valor from information_schema.tables where table_type='base table' and table_name='wstablefields'
20240926@180639.5388 f9fvqj6t7ocfdh54fuh1hqvrum Query : select fieldkey,fieldname,fieldtype,mandatory from wstablefields where tablename = 'fi2' and documentnumber = 39
20240926@180639.5396 f9fvqj6t7ocfdh54fuh1hqvrum Query : select top 1 convert(numeric(6,2),t.taxa) valor from taxasiva t where t.codigo='2'
20240926@180639.5408 f9fvqj6t7ocfdh54fuh1hqvrum Query : select sestamp valor from se where ref ='324.1417.00.1' and lote = 'r2101088200a'
20240926@180639.5420 f9fvqj6t7ocfdh54fuh1hqvrum Query : select 1 valor from information_schema.tables where table_type='base table' and table_name='wstablefields'
20240926@180639.5435 f9fvqj6t7ocfdh54fuh1hqvrum Query : select fieldkey,fieldname,fieldtype,calcformula from wstablefields where tablename = 'fi2' and documentnumber = 39
20240926@180639.5446 f9fvqj6t7ocfdh54fuh1hqvrum Query : insert into wsfi2data (fi2stamp,ftstamp ,ousrdata, ousrhora, usrdata,usrhora,ousrinis,usrinis) values ('aut66f593081466f5949f84','aut66f596777366f5949e89' ,getdate(),convert(char(8),convert (time,getdate())),getdate(),convert(char(8),convert (time,getdate())),'wsv','wsv')
20240926@180639.5450 f9fvqj6t7ocfdh54fuh1hqvrum Query : select 1 valor from information_schema.tables where table_type='base table' and table_name='wstablefields'
20240926@180639.5464 f9fvqj6t7ocfdh54fuh1hqvrum Query : select fieldkey,fieldname,fieldtype,calcformula from wstablefields where tablename = 'fi' and documentnumber = 39
20240926@180639.5490 f9fvqj6t7ocfdh54fuh1hqvrum Query : insert into wsfidata (fistamp,ousrdata, ousrhora, usrdata,usrhora,ousrinis,usrinis ,qtt ,ftstamp ,epv,pvmoeda ,tabiva,iva,lordem ,ref, design ,lote,armazem,bistamp ) values ('aut66f593081466f5949f84',getdate(),convert(char(8),convert (time,getdate())),getdate(),convert(char(8),convert (time,getdate())),'wsv','wsv',12.000 ,'aut66f596777366f5949e89' ,0,0 ,2,23.00,110000,?,?,?,?,?)
20240926@180639.5745 f9fvqj6t7ocfdh54fuh1hqvrum Query : select 1 valor from information_schema.tables where table_type='base table' and table_name='wstablefields'
20240926@180639.5759 f9fvqj6t7ocfdh54fuh1hqvrum Query : select fieldkey,fieldname,fieldtype,mandatory from wstablefields where tablename = 'fi' and documentnumber = 39
20240926@180639.5786 f9fvqj6t7ocfdh54fuh1hqvrum Query : select 1 valor from information_schema.tables where table_type='base table' and table_name='wstablefields'
20240926@180639.5800 f9fvqj6t7ocfdh54fuh1hqvrum Query : select fieldkey,fieldname,fieldtype,mandatory from wstablefields where tablename = 'fi2' and documentnumber = 39
20240926@180639.5808 f9fvqj6t7ocfdh54fuh1hqvrum Query : select top 1 convert(numeric(6,2),t.taxa) valor from taxasiva t where t.codigo='2'
20240926@180639.5820 f9fvqj6t7ocfdh54fuh1hqvrum Query : select 1 valor from information_schema.tables where table_type='base table' and table_name='wstablefields'
20240926@180639.5835 f9fvqj6t7ocfdh54fuh1hqvrum Query : select fieldkey,fieldname,fieldtype,calcformula from wstablefields where tablename = 'fi2' and documentnumber = 39
20240926@180639.5847 f9fvqj6t7ocfdh54fuh1hqvrum Query : insert into wsfi2data (fi2stamp,ftstamp ,ousrdata, ousrhora, usrdata,usrhora,ousrinis,usrinis) values ('aut66f593717666f5949f8e','aut66f596777366f5949e89' ,getdate(),convert(char(8),convert (time,getdate())),getdate(),convert(char(8),convert (time,getdate())),'wsv','wsv')
20240926@180639.5851 f9fvqj6t7ocfdh54fuh1hqvrum Query : select 1 valor from information_schema.tables where table_type='base table' and table_name='wstablefields'
20240926@180639.5864 f9fvqj6t7ocfdh54fuh1hqvrum Query : select fieldkey,fieldname,fieldtype,calcformula from wstablefields where tablename = 'fi' and documentnumber = 39
20240926@180639.5891 f9fvqj6t7ocfdh54fuh1hqvrum Query : insert into wsfidata (fistamp,ousrdata, ousrhora, usrdata,usrhora,ousrinis,usrinis ,qtt ,ftstamp ,epv,pvmoeda ,tabiva,iva,lordem ,ref, design ,armazem) values ('aut66f593717666f5949f8e',getdate(),convert(char(8),convert (time,getdate())),getdate(),convert(char(8),convert (time,getdate())),'wsv','wsv',0 ,'aut66f596777366f5949e89' ,0,0 ,2,23.00,120000,?,?,?)
20240926@180639.6166 f9fvqj6t7ocfdh54fuh1hqvrum Query : insert into wsftcreationlog (initialftstamp,externalid,creationstatus,documenttypeid,idustamp) values ('aut66f596777366f5949e89','2406216','wait',39,'adm09112754980.682000002')
20240926@180639.6329 f9fvqj6t7ocfdh54fuh1hqvrum Query : use flama_phc
20240926@180639.6332 f9fvqj6t7ocfdh54fuh1hqvrum Query : update u_wsusers set rqsttoken =? where userid ='userls001'
20240926@180639.6367 f9fvqj6t7ocfdh54fuh1hqvrum Query : select concat(rtrim(relative_path),ltrim(name_new)) as valor from uploadfiles where uploadfile_id='2231';
20240926@180639.6397 f9fvqj6t7ocfdh54fuh1hqvrum Query : update uploadfiles set whenupdated=current_timestamp where uploadfile_id='2231';
20240926@180639.6440 f9fvqj6t7ocfdh54fuh1hqvrum Query : select concat(rtrim(relative_path),ltrim(name_new)) as valor from uploadfiles where uploadfile_id='2231';
20240926@180639.6466 f9fvqj6t7ocfdh54fuh1hqvrum Query : update uploadfiles set whenupdated=current_timestamp where uploadfile_id='2231';
20240926@180639.7097 oikqqcn7rkrulbeec1qsr224lq Query : insert into uploadfiles ( name_original, name_new, option_type, relative_path, whencreated ) values ( ?, ?, ?, ?, getdate() )
20240926@180639.7109 oikqqcn7rkrulbeec1qsr224lq Query : select uploadfile_id valor from uploadfiles where name_new = ? and option_type = ? 
20240926@180639.7165 oikqqcn7rkrulbeec1qsr224lq Query : select concat(rtrim(relative_path),ltrim(name_new)) as valor from uploadfiles where uploadfile_id='2232';
20240926@180639.7234 oikqqcn7rkrulbeec1qsr224lq Query : update uploadfiles set whenupdated=current_timestamp where uploadfile_id='2232';
20240926@180639.7289 oikqqcn7rkrulbeec1qsr224lq Query : select concat(rtrim(relative_path),ltrim(name_new)) as valor from uploadfiles where uploadfile_id='2232';
20240926@180639.7318 oikqqcn7rkrulbeec1qsr224lq Query : update uploadfiles set whenupdated=current_timestamp where uploadfile_id='2232';
20240926@180639.7377 oikqqcn7rkrulbeec1qsr224lq Query : use flama_phc
20240926@180639.7380 oikqqcn7rkrulbeec1qsr224lq Query : select top 1 secretkey valor from u_wsusers u where u.userid = ? and u.inactivo=0
20240926@180639.7450 oikqqcn7rkrulbeec1qsr224lq Query : use flama_phc
20240926@180639.7453 oikqqcn7rkrulbeec1qsr224lq Query : select no, estab,szadrsdesc from szadrs where u_coddest=557
20240926@180639.7535 oikqqcn7rkrulbeec1qsr224lq Query : select top 1 isnull(design,'') valor from st (nolock) left join stobs (nolock) on st.ref = stobs.ref where st.ref = '324.1317.00.1'
20240926@180639.7699 oikqqcn7rkrulbeec1qsr224lq Query : select top 1 bistamp valor from bi inner join bo on bo.bostamp=bi.bostamp where bo.ndos =240 and bo.boano =2062 and bo.obrano = 2406217 and bi.ref ='324.1317.00.1' and bi.lordem =1
20240926@180639.8043 oikqqcn7rkrulbeec1qsr224lq Query : select top 1 isnull(design,'') valor from st (nolock) left join stobs (nolock) on st.ref = stobs.ref where st.ref = '324.1317.00.1'
20240926@180639.8065 oikqqcn7rkrulbeec1qsr224lq Query : select top 1 bistamp valor from bi inner join bo on bo.bostamp=bi.bostamp where bo.ndos =240 and bo.boano =2062 and bo.obrano = 2406217 and bi.ref ='324.1317.00.1' and bi.lordem =1
20240926@180639.8081 oikqqcn7rkrulbeec1qsr224lq Query : select top 1 isnull(design,'') valor from st (nolock) left join stobs (nolock) on st.ref = stobs.ref where st.ref = '324.1317.00.1'
20240926@180639.8100 oikqqcn7rkrulbeec1qsr224lq Query : select top 1 bistamp valor from bi inner join bo on bo.bostamp=bi.bostamp where bo.ndos =240 and bo.boano =2062 and bo.obrano = 2406217 and bi.ref ='324.1317.00.1' and bi.lordem =1
20240926@180639.8117 oikqqcn7rkrulbeec1qsr224lq Query : select top 1 isnull(design,'') valor from st (nolock) left join stobs (nolock) on st.ref = stobs.ref where st.ref = '324.1317.00.1'
20240926@180639.8136 oikqqcn7rkrulbeec1qsr224lq Query : select top 1 bistamp valor from bi inner join bo on bo.bostamp=bi.bostamp where bo.ndos =240 and bo.boano =2062 and bo.obrano = 2406217 and bi.ref ='324.1317.00.1' and bi.lordem =1
20240926@180639.8152 oikqqcn7rkrulbeec1qsr224lq Query : select top 1 isnull(design,'') valor from st (nolock) left join stobs (nolock) on st.ref = stobs.ref where st.ref = '324.1317.00.1'
20240926@180639.8172 oikqqcn7rkrulbeec1qsr224lq Query : select top 1 bistamp valor from bi inner join bo on bo.bostamp=bi.bostamp where bo.ndos =240 and bo.boano =2062 and bo.obrano = 2406217 and bi.ref ='324.1317.00.1' and bi.lordem =2
20240926@180639.8490 oikqqcn7rkrulbeec1qsr224lq Query : select top 1 isnull(design,'') valor from st (nolock) left join stobs (nolock) on st.ref = stobs.ref where st.ref = '324.1321.00.1'
20240926@180639.8648 oikqqcn7rkrulbeec1qsr224lq Query : select top 1 bistamp valor from bi inner join bo on bo.bostamp=bi.bostamp where bo.ndos =240 and bo.boano =2062 and bo.obrano = 2406217 and bi.ref ='324.1321.00.1' and bi.lordem =3
20240926@180639.8973 oikqqcn7rkrulbeec1qsr224lq Query : select top 1 isnull(design,'') valor from st (nolock) left join stobs (nolock) on st.ref = stobs.ref where st.ref = '324.1321.00.1'
20240926@180639.8994 oikqqcn7rkrulbeec1qsr224lq Query : select top 1 bistamp valor from bi inner join bo on bo.bostamp=bi.bostamp where bo.ndos =240 and bo.boano =2062 and bo.obrano = 2406217 and bi.ref ='324.1321.00.1' and bi.lordem =3
20240926@180639.9014 oikqqcn7rkrulbeec1qsr224lq Query : use flama_phc
20240926@180639.9017 oikqqcn7rkrulbeec1qsr224lq Query : select top 1 convert(date,fdata) valor from ft where ndoc = 39 and anulado= 0 and fno>0 order by fdata desc
20240926@180639.9054 oikqqcn7rkrulbeec1qsr224lq Query : use flama_phc
20240926@180639.9057 oikqqcn7rkrulbeec1qsr224lq Query : select top 1 1 valor from td where td.ndoc = 39
20240926@180639.9091 oikqqcn7rkrulbeec1qsr224lq Query : use flama_phc
20240926@180639.9094 oikqqcn7rkrulbeec1qsr224lq Query : select lower(descricao) descricao ,case when valor='s' then 1 else 0 end valor from para1 where descricao in ('st_lote','st_usalogifunc', 'st_grelha')
20240926@180639.9126 oikqqcn7rkrulbeec1qsr224lq Query : select top 1 manternumero ,assinadoc issigned ,tiposaft ,assinaimp ,nmdos ,td.assinadoc ,'cl' origin ,lancasl stocks ,case when cmsl<50 and td.lancasl=1 then 1 else 0 end entrada ,case when cmsl>50 and td.lancasl=1 then 1 else 0 end saida ,temserie assets ,~semgre usegridfields from td inner join td2 on td.tdstamp=td2.td2stamp where td.ndoc = 1
20240926@180639.9185 oikqqcn7rkrulbeec1qsr224lq Query : use flama_phc
20240926@180639.9188 oikqqcn7rkrulbeec1qsr224lq Query : select top 1 ~inactivo valor from cl where no = '101732' and estab = 0 order by inactivo desc
20240926@180639.9307 oikqqcn7rkrulbeec1qsr224lq Query : use flama_phc
20240926@180639.9311 oikqqcn7rkrulbeec1qsr224lq Query : select top 1 tipodoc,regrd from td where ndoc = 39
20240926@180639.9340 oikqqcn7rkrulbeec1qsr224lq Query : use flama_phc
20240926@180639.9343 oikqqcn7rkrulbeec1qsr224lq Query : select szadrsstamp valor from szadrs where szadrsdesc='espaÇotrans,lda'
20240926@180639.9384 oikqqcn7rkrulbeec1qsr224lq Query : use flama_phc
20240926@180639.9387 oikqqcn7rkrulbeec1qsr224lq Query : select szadrsstamp valor from szadrs where szadrsdesc='rosalar -r.s.&santos, distr. elect.,lda'
20240926@180639.9438 oikqqcn7rkrulbeec1qsr224lq Query : use flama_phc
20240926@180639.9441 oikqqcn7rkrulbeec1qsr224lq Query : select 1 valor from td where ndoc = 39
20240926@180639.9454 oikqqcn7rkrulbeec1qsr224lq Query : select top 1 manternumero, tiposaft, nmdos,td.assinadoc from td where td.ndoc = 39
20240926@180639.9467 oikqqcn7rkrulbeec1qsr224lq Query : select 1 valor from information_schema.tables where table_type='base table' and table_name='wstablefields'
20240926@180639.9483 oikqqcn7rkrulbeec1qsr224lq Query : select fieldkey,fieldname,fieldtype,mandatory from wstablefields where tablename = 'ft' and documentnumber = 39
20240926@180639.9504 oikqqcn7rkrulbeec1qsr224lq Query : select 1 valor from information_schema.tables where table_type='base table' and table_name='wstablefields'
20240926@180639.9519 oikqqcn7rkrulbeec1qsr224lq Query : select fieldkey,fieldname,fieldtype,mandatory from wstablefields where tablename = 'ft2' and documentnumber = 39
20240926@180639.9546 oikqqcn7rkrulbeec1qsr224lq Query : select 1 valor from information_schema.tables where table_type='base table' and table_name='wstablefields'
20240926@180639.9561 oikqqcn7rkrulbeec1qsr224lq Query : select fieldkey,fieldname,fieldtype,mandatory from wstablefields where tablename = 'ft3' and documentnumber = 39
20240926@180639.9573 oikqqcn7rkrulbeec1qsr224lq Query : select top 1 ft.fno valor from ft ft where ft.ndoc = 39 and ftano=2024 order by fno desc
20240926@180639.9641 oikqqcn7rkrulbeec1qsr224lq Query : select top 1 ft.fno valor from wsftdata ft where ft.ndoc = 39 and ftano=2024 order by fno desc
20240926@180639.9654 oikqqcn7rkrulbeec1qsr224lq Query : select 1 valor from information_schema.tables where table_type='base table' and table_name='wstablefields'
20240926@180639.9669 oikqqcn7rkrulbeec1qsr224lq Query : select fieldkey,fieldname,fieldtype,calcformula from wstablefields where tablename = 'ft3' and documentnumber = 39
20240926@180639.9686 oikqqcn7rkrulbeec1qsr224lq Query : insert into wsft3data (ft3stamp, ousrdata, ousrhora, usrdata,usrhora,ousrinis,usrinis,taxpointdt ) values ('aut66f597293066f5949fe9' ,getdate(),convert(char(8),convert (time,getdate())),getdate(),convert(char(8),convert (time,getdate())),'wsv','wsv',?)
20240926@180639.9881 oikqqcn7rkrulbeec1qsr224lq Query : select 1 valor from information_schema.tables where table_type='base table' and table_name='wstablefields'
20240926@180639.9900 oikqqcn7rkrulbeec1qsr224lq Query : select fieldkey,fieldname,fieldtype,calcformula from wstablefields where tablename = 'ft2' and documentnumber = 39
20240926@180639.9941 oikqqcn7rkrulbeec1qsr224lq Query : select top 1 bo.u_nomeenv valor from bo where bo.bostamp=''
20240926@180639.9955 oikqqcn7rkrulbeec1qsr224lq Query : select top 1 bo.u_moradaen valor from bo where bo.bostamp=''
20240926@180639.9967 oikqqcn7rkrulbeec1qsr224lq Query : select top 1 bo.u_codposen valor from bo where bo.bostamp=''
20240926@180639.9980 oikqqcn7rkrulbeec1qsr224lq Query : select top 1 bo.u_localenv valor from bo where bo.bostamp=''
20240926@180639.9993 oikqqcn7rkrulbeec1qsr224lq Query : select top 1 bo.trab5 valor from bo where bo.bostamp=''
20240926@180640.6000 oikqqcn7rkrulbeec1qsr224lq Query : select top 1 bo.serie valor from bo where bo.bostamp=''
20240926@180640.1700 oikqqcn7rkrulbeec1qsr224lq Query : insert into wsft2data (ft2stamp, ousrdata,ousrhora, usrdata,usrhora,ousrinis,usrinis,u_nomeenv ,u_moradaen ,u_codposen ,u_localenv ,u_coddest ,u_codby ) values ('aut66f597293066f5949fe9',getdate(),convert(char(8),convert (time,getdate())),getdate(),convert(char(8),convert (time,getdate())),'wsv','wsv',?,?,?,?,?,?)
20240926@180640.2580 oikqqcn7rkrulbeec1qsr224lq Query : select top 1 fno valor from wsftdata order by fno desc
20240926@180640.2790 oikqqcn7rkrulbeec1qsr224lq Query : select 1 valor from information_schema.tables where table_type='base table' and table_name='wstablefields'
20240926@180640.2950 oikqqcn7rkrulbeec1qsr224lq Query : select fieldkey,fieldname,fieldtype,calcformula from wstablefields where tablename = 'ft' and documentnumber = 39
20240926@180640.3180 oikqqcn7rkrulbeec1qsr224lq Query : select 'normal' from dummy
20240926@180640.3330 oikqqcn7rkrulbeec1qsr224lq Query : insert into wsftdata (ftstamp, ousrdata,ousrhora, usrdata,usrhora,ousrinis,usrinis,fno,no,estab,fdata,ndoc,moeda,cambio,cambiofixo,ftano,site ,classe ) values ('aut66f597293066f5949fe9',getdate(),convert(char(8),convert (time,getdate())),getdate(),convert(char(8),convert (time,getdate())),'wsv','wsv',944,101732,0,'2024-09-26',39,'euro',0,0,2024 ,?,?)
20240926@180640.9570 oikqqcn7rkrulbeec1qsr224lq Query : use flama_phc
20240926@180640.9600 oikqqcn7rkrulbeec1qsr224lq Query : select st.usalote valor from st where st.ref = '324.1317.00.1'
20240926@180640.9940 oikqqcn7rkrulbeec1qsr224lq Query : select top 1 st.tabiva ,st.ivaincl ,st.stns ,st.uni2 ,st.familia ,isnull(tx.taxa, 0) txiva ,unidade ,usalote ,epcpond ,noserie ,conversao ,st.texteis from st left join taxasiva tx on st.tabiva = tx.codigo where st.ref = '324.1317.00.1'
20240926@180640.1144 oikqqcn7rkrulbeec1qsr224lq Query : select 1 valor from information_schema.tables where table_type='base table' and table_name='wstablefields'
20240926@180640.1161 oikqqcn7rkrulbeec1qsr224lq Query : select fieldkey,fieldname,fieldtype,mandatory from wstablefields where tablename = 'fi' and documentnumber = 39
20240926@180640.1187 oikqqcn7rkrulbeec1qsr224lq Query : select 1 valor from information_schema.tables where table_type='base table' and table_name='wstablefields'
20240926@180640.1202 oikqqcn7rkrulbeec1qsr224lq Query : select fieldkey,fieldname,fieldtype,mandatory from wstablefields where tablename = 'fi2' and documentnumber = 39
20240926@180640.1210 oikqqcn7rkrulbeec1qsr224lq Query : select top 1 convert(numeric(6,2),t.taxa) valor from taxasiva t where t.codigo='2'
20240926@180640.1222 oikqqcn7rkrulbeec1qsr224lq Query : select sestamp valor from se where ref ='324.1317.00.1' and lote = 'r2400458200a'
20240926@180640.1236 oikqqcn7rkrulbeec1qsr224lq Query : select 1 valor from information_schema.tables where table_type='base table' and table_name='wstablefields'
20240926@180640.1251 oikqqcn7rkrulbeec1qsr224lq Query : select fieldkey,fieldname,fieldtype,calcformula from wstablefields where tablename = 'fi2' and documentnumber = 39
20240926@180640.1264 oikqqcn7rkrulbeec1qsr224lq Query : insert into wsfi2data (fi2stamp,ftstamp ,ousrdata, ousrhora, usrdata,usrhora,ousrinis,usrinis) values ('aut66f593466966f594a01e','aut66f597293066f5949fe9' ,getdate(),convert(char(8),convert (time,getdate())),getdate(),convert(char(8),convert (time,getdate())),'wsv','wsv')
20240926@180640.1268 oikqqcn7rkrulbeec1qsr224lq Query : select 1 valor from information_schema.tables where table_type='base table' and table_name='wstablefields'
20240926@180640.1283 oikqqcn7rkrulbeec1qsr224lq Query : select fieldkey,fieldname,fieldtype,calcformula from wstablefields where tablename = 'fi' and documentnumber = 39
20240926@180640.1312 oikqqcn7rkrulbeec1qsr224lq Query : insert into wsfidata (fistamp,ousrdata, ousrhora, usrdata,usrhora,ousrinis,usrinis ,qtt ,ftstamp ,epv,pvmoeda ,tabiva,iva,lordem ,ref, design ,lote,armazem,bistamp ) values ('aut66f593466966f594a01e',getdate(),convert(char(8),convert (time,getdate())),getdate(),convert(char(8),convert (time,getdate())),'wsv','wsv',3.000 ,'aut66f597293066f5949fe9' ,0,0 ,2,23.00,10000,?,?,?,?,?)
20240926@180640.1561 oikqqcn7rkrulbeec1qsr224lq Query : use flama_phc
20240926@180640.1564 oikqqcn7rkrulbeec1qsr224lq Query : select st.usalote valor from st where st.ref = '324.1317.00.1'
20240926@180640.1584 oikqqcn7rkrulbeec1qsr224lq Query : select top 1 st.tabiva ,st.ivaincl ,st.stns ,st.uni2 ,st.familia ,isnull(tx.taxa, 0) txiva ,unidade ,usalote ,epcpond ,noserie ,conversao ,st.texteis from st left join taxasiva tx on st.tabiva = tx.codigo where st.ref = '324.1317.00.1'
20240926@180640.1599 oikqqcn7rkrulbeec1qsr224lq Query : select 1 valor from information_schema.tables where table_type='base table' and table_name='wstablefields'
20240926@180640.1618 oikqqcn7rkrulbeec1qsr224lq Query : select fieldkey,fieldname,fieldtype,mandatory from wstablefields where tablename = 'fi' and documentnumber = 39
20240926@180640.1644 oikqqcn7rkrulbeec1qsr224lq Query : select 1 valor from information_schema.tables where table_type='base table' and table_name='wstablefields'
20240926@180640.1659 oikqqcn7rkrulbeec1qsr224lq Query : select fieldkey,fieldname,fieldtype,mandatory from wstablefields where tablename = 'fi2' and documentnumber = 39
20240926@180640.1667 oikqqcn7rkrulbeec1qsr224lq Query : select top 1 convert(numeric(6,2),t.taxa) valor from taxasiva t where t.codigo='2'
20240926@180640.1679 oikqqcn7rkrulbeec1qsr224lq Query : select sestamp valor from se where ref ='324.1317.00.1' and lote = 'r2400458200a'
20240926@180640.1692 oikqqcn7rkrulbeec1qsr224lq Query : select 1 valor from information_schema.tables where table_type='base table' and table_name='wstablefields'
20240926@180640.1708 oikqqcn7rkrulbeec1qsr224lq Query : select fieldkey,fieldname,fieldtype,calcformula from wstablefields where tablename = 'fi2' and documentnumber = 39
20240926@180640.1720 oikqqcn7rkrulbeec1qsr224lq Query : insert into wsfi2data (fi2stamp,ftstamp ,ousrdata, ousrhora, usrdata,usrhora,ousrinis,usrinis) values ('aut66f598530166f594a029','aut66f597293066f5949fe9' ,getdate(),convert(char(8),convert (time,getdate())),getdate(),convert(char(8),convert (time,getdate())),'wsv','wsv')
20240926@180640.1724 oikqqcn7rkrulbeec1qsr224lq Query : select 1 valor from information_schema.tables where table_type='base table' and table_name='wstablefields'
20240926@180640.1738 oikqqcn7rkrulbeec1qsr224lq Query : select fieldkey,fieldname,fieldtype,calcformula from wstablefields where tablename = 'fi' and documentnumber = 39
20240926@180640.1768 oikqqcn7rkrulbeec1qsr224lq Query : insert into wsfidata (fistamp,ousrdata, ousrhora, usrdata,usrhora,ousrinis,usrinis ,qtt ,ftstamp ,epv,pvmoeda ,tabiva,iva,lordem ,ref, design ,lote,armazem,bistamp ) values ('aut66f598530166f594a029',getdate(),convert(char(8),convert (time,getdate())),getdate(),convert(char(8),convert (time,getdate())),'wsv','wsv',21.000 ,'aut66f597293066f5949fe9' ,0,0 ,2,23.00,20000,?,?,?,?,?)
20240926@180640.2003 oikqqcn7rkrulbeec1qsr224lq Query : use flama_phc
20240926@180640.2006 oikqqcn7rkrulbeec1qsr224lq Query : select st.usalote valor from st where st.ref = '324.1317.00.1'
20240926@180640.2027 oikqqcn7rkrulbeec1qsr224lq Query : select top 1 st.tabiva ,st.ivaincl ,st.stns ,st.uni2 ,st.familia ,isnull(tx.taxa, 0) txiva ,unidade ,usalote ,epcpond ,noserie ,conversao ,st.texteis from st left join taxasiva tx on st.tabiva = tx.codigo where st.ref = '324.1317.00.1'
20240926@180640.2042 oikqqcn7rkrulbeec1qsr224lq Query : select 1 valor from information_schema.tables where table_type='base table' and table_name='wstablefields'
20240926@180640.2057 oikqqcn7rkrulbeec1qsr224lq Query : select fieldkey,fieldname,fieldtype,mandatory from wstablefields where tablename = 'fi' and documentnumber = 39
20240926@180640.2083 oikqqcn7rkrulbeec1qsr224lq Query : select 1 valor from information_schema.tables where table_type='base table' and table_name='wstablefields'
20240926@180640.2099 oikqqcn7rkrulbeec1qsr224lq Query : select fieldkey,fieldname,fieldtype,mandatory from wstablefields where tablename = 'fi2' and documentnumber = 39
20240926@180640.2108 oikqqcn7rkrulbeec1qsr224lq Query : select top 1 convert(numeric(6,2),t.taxa) valor from taxasiva t where t.codigo='2'
20240926@180640.2120 oikqqcn7rkrulbeec1qsr224lq Query : select sestamp valor from se where ref ='324.1317.00.1' and lote = 'r2400458200a'
20240926@180640.2133 oikqqcn7rkrulbeec1qsr224lq Query : select 1 valor from information_schema.tables where table_type='base table' and table_name='wstablefields'
20240926@180640.2174 oikqqcn7rkrulbeec1qsr224lq Query : select fieldkey,fieldname,fieldtype,calcformula from wstablefields where tablename = 'fi2' and documentnumber = 39
20240926@180640.2186 oikqqcn7rkrulbeec1qsr224lq Query : insert into wsfi2data (fi2stamp,ftstamp ,ousrdata, ousrhora, usrdata,usrhora,ousrinis,usrinis) values ('aut66f594347566f594a034','aut66f597293066f5949fe9' ,getdate(),convert(char(8),convert (time,getdate())),getdate(),convert(char(8),convert (time,getdate())),'wsv','wsv')
20240926@180640.2191 oikqqcn7rkrulbeec1qsr224lq Query : select 1 valor from information_schema.tables where table_type='base table' and table_name='wstablefields'
20240926@180640.2208 oikqqcn7rkrulbeec1qsr224lq Query : select fieldkey,fieldname,fieldtype,calcformula from wstablefields where tablename = 'fi' and documentnumber = 39
20240926@180640.2238 oikqqcn7rkrulbeec1qsr224lq Query : insert into wsfidata (fistamp,ousrdata, ousrhora, usrdata,usrhora,ousrinis,usrinis ,qtt ,ftstamp ,epv,pvmoeda ,tabiva,iva,lordem ,ref, design ,lote,armazem,bistamp ) values ('aut66f594347566f594a034',getdate(),convert(char(8),convert (time,getdate())),getdate(),convert(char(8),convert (time,getdate())),'wsv','wsv',33.000 ,'aut66f597293066f5949fe9' ,0,0 ,2,23.00,30000,?,?,?,?,?)
20240926@180640.2514 oikqqcn7rkrulbeec1qsr224lq Query : use flama_phc
20240926@180640.2518 oikqqcn7rkrulbeec1qsr224lq Query : select st.usalote valor from st where st.ref = '324.1317.00.1'
20240926@180640.2540 oikqqcn7rkrulbeec1qsr224lq Query : select top 1 st.tabiva ,st.ivaincl ,st.stns ,st.uni2 ,st.familia ,isnull(tx.taxa, 0) txiva ,unidade ,usalote ,epcpond ,noserie ,conversao ,st.texteis from st left join taxasiva tx on st.tabiva = tx.codigo where st.ref = '324.1317.00.1'
20240926@180640.2556 oikqqcn7rkrulbeec1qsr224lq Query : select 1 valor from information_schema.tables where table_type='base table' and table_name='wstablefields'
20240926@180640.2572 oikqqcn7rkrulbeec1qsr224lq Query : select fieldkey,fieldname,fieldtype,mandatory from wstablefields where tablename = 'fi' and documentnumber = 39
20240926@180640.2599 oikqqcn7rkrulbeec1qsr224lq Query : select 1 valor from information_schema.tables where table_type='base table' and table_name='wstablefields'
20240926@180640.2615 oikqqcn7rkrulbeec1qsr224lq Query : select fieldkey,fieldname,fieldtype,mandatory from wstablefields where tablename = 'fi2' and documentnumber = 39
20240926@180640.2624 oikqqcn7rkrulbeec1qsr224lq Query : select top 1 convert(numeric(6,2),t.taxa) valor from taxasiva t where t.codigo='2'
20240926@180640.2638 oikqqcn7rkrulbeec1qsr224lq Query : select sestamp valor from se where ref ='324.1317.00.1' and lote = 'r2400458200a'
20240926@180640.2653 oikqqcn7rkrulbeec1qsr224lq Query : select 1 valor from information_schema.tables where table_type='base table' and table_name='wstablefields'
20240926@180640.2669 oikqqcn7rkrulbeec1qsr224lq Query : select fieldkey,fieldname,fieldtype,calcformula from wstablefields where tablename = 'fi2' and documentnumber = 39
20240926@180640.2980 oikqqcn7rkrulbeec1qsr224lq Query : insert into wsfi2data (fi2stamp,ftstamp ,ousrdata, ousrhora, usrdata,usrhora,ousrinis,usrinis) values ('aut66f599007566f594a040','aut66f597293066f5949fe9' ,getdate(),convert(char(8),convert (time,getdate())),getdate(),convert(char(8),convert (time,getdate())),'wsv','wsv')
20240926@180640.3933 oikqqcn7rkrulbeec1qsr224lq Query : select 1 valor from information_schema.tables where table_type='base table' and table_name='wstablefields'
20240926@180640.3954 oikqqcn7rkrulbeec1qsr224lq Query : select fieldkey,fieldname,fieldtype,calcformula from wstablefields where tablename = 'fi' and documentnumber = 39
20240926@180640.3982 oikqqcn7rkrulbeec1qsr224lq Query : insert into wsfidata (fistamp,ousrdata, ousrhora, usrdata,usrhora,ousrinis,usrinis ,qtt ,ftstamp ,epv,pvmoeda ,tabiva,iva,lordem ,ref, design ,lote,armazem,bistamp ) values ('aut66f599007566f594a040',getdate(),convert(char(8),convert (time,getdate())),getdate(),convert(char(8),convert (time,getdate())),'wsv','wsv',33.000 ,'aut66f597293066f5949fe9' ,0,0 ,2,23.00,40000,?,?,?,?,?)
20240926@180640.4258 oikqqcn7rkrulbeec1qsr224lq Query : use flama_phc
20240926@180640.4261 oikqqcn7rkrulbeec1qsr224lq Query : select st.usalote valor from st where st.ref = '324.1317.00.1'
20240926@180640.4280 oikqqcn7rkrulbeec1qsr224lq Query : select top 1 st.tabiva ,st.ivaincl ,st.stns ,st.uni2 ,st.familia ,isnull(tx.taxa, 0) txiva ,unidade ,usalote ,epcpond ,noserie ,conversao ,st.texteis from st left join taxasiva tx on st.tabiva = tx.codigo where st.ref = '324.1317.00.1'
20240926@180640.4293 oikqqcn7rkrulbeec1qsr224lq Query : select 1 valor from information_schema.tables where table_type='base table' and table_name='wstablefields'
20240926@180640.4311 oikqqcn7rkrulbeec1qsr224lq Query : select fieldkey,fieldname,fieldtype,mandatory from wstablefields where tablename = 'fi' and documentnumber = 39
20240926@180640.4337 oikqqcn7rkrulbeec1qsr224lq Query : select 1 valor from information_schema.tables where table_type='base table' and table_name='wstablefields'
20240926@180640.4352 oikqqcn7rkrulbeec1qsr224lq Query : select fieldkey,fieldname,fieldtype,mandatory from wstablefields where tablename = 'fi2' and documentnumber = 39
20240926@180640.4362 oikqqcn7rkrulbeec1qsr224lq Query : select top 1 convert(numeric(6,2),t.taxa) valor from taxasiva t where t.codigo='2'
20240926@180640.4374 oikqqcn7rkrulbeec1qsr224lq Query : select sestamp valor from se where ref ='324.1317.00.1' and lote = 'r2400458200a'
20240926@180640.4387 oikqqcn7rkrulbeec1qsr224lq Query : select 1 valor from information_schema.tables where table_type='base table' and table_name='wstablefields'
20240926@180640.4402 oikqqcn7rkrulbeec1qsr224lq Query : select fieldkey,fieldname,fieldtype,calcformula from wstablefields where tablename = 'fi2' and documentnumber = 39
20240926@180640.4414 oikqqcn7rkrulbeec1qsr224lq Query : insert into wsfi2data (fi2stamp,ftstamp ,ousrdata, ousrhora, usrdata,usrhora,ousrinis,usrinis) values ('aut66f599403966f594a06b','aut66f597293066f5949fe9' ,getdate(),convert(char(8),convert (time,getdate())),getdate(),convert(char(8),convert (time,getdate())),'wsv','wsv')
20240926@180640.4418 oikqqcn7rkrulbeec1qsr224lq Query : select 1 valor from information_schema.tables where table_type='base table' and table_name='wstablefields'
20240926@180640.4433 oikqqcn7rkrulbeec1qsr224lq Query : select fieldkey,fieldname,fieldtype,calcformula from wstablefields where tablename = 'fi' and documentnumber = 39
20240926@180640.4465 oikqqcn7rkrulbeec1qsr224lq Query : insert into wsfidata (fistamp,ousrdata, ousrhora, usrdata,usrhora,ousrinis,usrinis ,qtt ,ftstamp ,epv,pvmoeda ,tabiva,iva,lordem ,ref, design ,lote,armazem,bistamp ) values ('aut66f599403966f594a06b',getdate(),convert(char(8),convert (time,getdate())),getdate(),convert(char(8),convert (time,getdate())),'wsv','wsv',10.000 ,'aut66f597293066f5949fe9' ,0,0 ,2,23.00,50000,?,?,?,?,?)
20240926@180640.4736 oikqqcn7rkrulbeec1qsr224lq Query : use flama_phc
20240926@180640.4742 oikqqcn7rkrulbeec1qsr224lq Query : select st.usalote valor from st where st.ref = '324.1321.00.1'
20240926@180640.4789 oikqqcn7rkrulbeec1qsr224lq Query : select top 1 st.tabiva ,st.ivaincl ,st.stns ,st.uni2 ,st.familia ,isnull(tx.taxa, 0) txiva ,unidade ,usalote ,epcpond ,noserie ,conversao ,st.texteis from st left join taxasiva tx on st.tabiva = tx.codigo where st.ref = '324.1321.00.1'
20240926@180640.4965 oikqqcn7rkrulbeec1qsr224lq Query : select 1 valor from information_schema.tables where table_type='base table' and table_name='wstablefields'
20240926@180640.4980 oikqqcn7rkrulbeec1qsr224lq Query : select fieldkey,fieldname,fieldtype,mandatory from wstablefields where tablename = 'fi' and documentnumber = 39
20240926@180640.5005 oikqqcn7rkrulbeec1qsr224lq Query : select 1 valor from information_schema.tables where table_type='base table' and table_name='wstablefields'
20240926@180640.5019 oikqqcn7rkrulbeec1qsr224lq Query : select fieldkey,fieldname,fieldtype,mandatory from wstablefields where tablename = 'fi2' and documentnumber = 39
20240926@180640.5027 oikqqcn7rkrulbeec1qsr224lq Query : select top 1 convert(numeric(6,2),t.taxa) valor from taxasiva t where t.codigo='2'
20240926@180640.5039 oikqqcn7rkrulbeec1qsr224lq Query : select sestamp valor from se where ref ='324.1321.00.1' and lote = 'r2400495200a'
20240926@180640.5052 oikqqcn7rkrulbeec1qsr224lq Query : select 1 valor from information_schema.tables where table_type='base table' and table_name='wstablefields'
20240926@180640.5069 oikqqcn7rkrulbeec1qsr224lq Query : select fieldkey,fieldname,fieldtype,calcformula from wstablefields where tablename = 'fi2' and documentnumber = 39
20240926@180640.5080 oikqqcn7rkrulbeec1qsr224lq Query : insert into wsfi2data (fi2stamp,ftstamp ,ousrdata, ousrhora, usrdata,usrhora,ousrinis,usrinis) values ('aut66f593933166f594a07b','aut66f597293066f5949fe9' ,getdate(),convert(char(8),convert (time,getdate())),getdate(),convert(char(8),convert (time,getdate())),'wsv','wsv')
20240926@180640.5085 oikqqcn7rkrulbeec1qsr224lq Query : select 1 valor from information_schema.tables where table_type='base table' and table_name='wstablefields'
20240926@180640.5101 oikqqcn7rkrulbeec1qsr224lq Query : select fieldkey,fieldname,fieldtype,calcformula from wstablefields where tablename = 'fi' and documentnumber = 39
20240926@180640.5128 oikqqcn7rkrulbeec1qsr224lq Query : insert into wsfidata (fistamp,ousrdata, ousrhora, usrdata,usrhora,ousrinis,usrinis ,qtt ,ftstamp ,epv,pvmoeda ,tabiva,iva,lordem ,ref, design ,lote,armazem,bistamp ) values ('aut66f593933166f594a07b',getdate(),convert(char(8),convert (time,getdate())),getdate(),convert(char(8),convert (time,getdate())),'wsv','wsv',3.000 ,'aut66f597293066f5949fe9' ,0,0 ,2,23.00,60000,?,?,?,?,?)
20240926@180640.5391 oikqqcn7rkrulbeec1qsr224lq Query : use flama_phc
20240926@180640.5394 oikqqcn7rkrulbeec1qsr224lq Query : select st.usalote valor from st where st.ref = '324.1321.00.1'
20240926@180640.5415 oikqqcn7rkrulbeec1qsr224lq Query : select top 1 st.tabiva ,st.ivaincl ,st.stns ,st.uni2 ,st.familia ,isnull(tx.taxa, 0) txiva ,unidade ,usalote ,epcpond ,noserie ,conversao ,st.texteis from st left join taxasiva tx on st.tabiva = tx.codigo where st.ref = '324.1321.00.1'
20240926@180640.5431 oikqqcn7rkrulbeec1qsr224lq Query : select 1 valor from information_schema.tables where table_type='base table' and table_name='wstablefields'
20240926@180640.5447 oikqqcn7rkrulbeec1qsr224lq Query : select fieldkey,fieldname,fieldtype,mandatory from wstablefields where tablename = 'fi' and documentnumber = 39
20240926@180640.5475 oikqqcn7rkrulbeec1qsr224lq Query : select 1 valor from information_schema.tables where table_type='base table' and table_name='wstablefields'
20240926@180640.5489 oikqqcn7rkrulbeec1qsr224lq Query : select fieldkey,fieldname,fieldtype,mandatory from wstablefields where tablename = 'fi2' and documentnumber = 39
20240926@180640.5499 oikqqcn7rkrulbeec1qsr224lq Query : select top 1 convert(numeric(6,2),t.taxa) valor from taxasiva t where t.codigo='2'
20240926@180640.5513 oikqqcn7rkrulbeec1qsr224lq Query : select sestamp valor from se where ref ='324.1321.00.1' and lote = 'r2400495200a'
20240926@180640.5525 oikqqcn7rkrulbeec1qsr224lq Query : select 1 valor from information_schema.tables where table_type='base table' and table_name='wstablefields'
20240926@180640.5539 oikqqcn7rkrulbeec1qsr224lq Query : select fieldkey,fieldname,fieldtype,calcformula from wstablefields where tablename = 'fi2' and documentnumber = 39
20240926@180640.5550 oikqqcn7rkrulbeec1qsr224lq Query : insert into wsfi2data (fi2stamp,ftstamp ,ousrdata, ousrhora, usrdata,usrhora,ousrinis,usrinis) values ('aut66f592418866f594a086','aut66f597293066f5949fe9' ,getdate(),convert(char(8),convert (time,getdate())),getdate(),convert(char(8),convert (time,getdate())),'wsv','wsv')
20240926@180640.5554 oikqqcn7rkrulbeec1qsr224lq Query : select 1 valor from information_schema.tables where table_type='base table' and table_name='wstablefields'
20240926@180640.5582 oikqqcn7rkrulbeec1qsr224lq Query : select fieldkey,fieldname,fieldtype,calcformula from wstablefields where tablename = 'fi' and documentnumber = 39
20240926@180640.5611 oikqqcn7rkrulbeec1qsr224lq Query : insert into wsfidata (fistamp,ousrdata, ousrhora, usrdata,usrhora,ousrinis,usrinis ,qtt ,ftstamp ,epv,pvmoeda ,tabiva,iva,lordem ,ref, design ,lote,armazem,bistamp ) values ('aut66f592418866f594a086',getdate(),convert(char(8),convert (time,getdate())),getdate(),convert(char(8),convert (time,getdate())),'wsv','wsv',21.000 ,'aut66f597293066f5949fe9' ,0,0 ,2,23.00,70000,?,?,?,?,?)
20240926@180640.5862 oikqqcn7rkrulbeec1qsr224lq Query : insert into wsftcreationlog (initialftstamp,externalid,creationstatus,documenttypeid,idustamp) values ('aut66f597293066f5949fe9','2406217','wait',39,'adm09112754980.682000002')
20240926@180640.5927 oikqqcn7rkrulbeec1qsr224lq Query : use flama_phc
20240926@180640.5930 oikqqcn7rkrulbeec1qsr224lq Query : update u_wsusers set rqsttoken =? where userid ='userls001'
20240926@180640.5959 oikqqcn7rkrulbeec1qsr224lq Query : select concat(rtrim(relative_path),ltrim(name_new)) as valor from uploadfiles where uploadfile_id='2232';
20240926@180640.5988 oikqqcn7rkrulbeec1qsr224lq Query : update uploadfiles set whenupdated=current_timestamp where uploadfile_id='2232';
20240926@180640.6027 oikqqcn7rkrulbeec1qsr224lq Query : select concat(rtrim(relative_path),ltrim(name_new)) as valor from uploadfiles where uploadfile_id='2232';
20240926@180640.6050 oikqqcn7rkrulbeec1qsr224lq Query : update uploadfiles set whenupdated=current_timestamp where uploadfile_id='2232';
20240926@180640.6751 qi5a4iqt4qkik4nap98gdkltg1 Query : insert into uploadfiles ( name_original, name_new, option_type, relative_path, whencreated ) values ( ?, ?, ?, ?, getdate() )
20240926@180640.6762 qi5a4iqt4qkik4nap98gdkltg1 Query : select uploadfile_id valor from uploadfiles where name_new = ? and option_type = ? 
20240926@180640.6815 qi5a4iqt4qkik4nap98gdkltg1 Query : select concat(rtrim(relative_path),ltrim(name_new)) as valor from uploadfiles where uploadfile_id='2233';
20240926@180640.6873 qi5a4iqt4qkik4nap98gdkltg1 Query : update uploadfiles set whenupdated=current_timestamp where uploadfile_id='2233';
20240926@180640.6922 qi5a4iqt4qkik4nap98gdkltg1 Query : select concat(rtrim(relative_path),ltrim(name_new)) as valor from uploadfiles where uploadfile_id='2233';
20240926@180640.6946 qi5a4iqt4qkik4nap98gdkltg1 Query : update uploadfiles set whenupdated=current_timestamp where uploadfile_id='2233';
20240926@180640.6993 qi5a4iqt4qkik4nap98gdkltg1 Query : use flama_phc
20240926@180640.6996 qi5a4iqt4qkik4nap98gdkltg1 Query : select top 1 secretkey valor from u_wsusers u where u.userid = ? and u.inactivo=0
20240926@180640.7054 qi5a4iqt4qkik4nap98gdkltg1 Query : use flama_phc
20240926@180640.7057 qi5a4iqt4qkik4nap98gdkltg1 Query : select no, estab,szadrsdesc from szadrs where u_coddest=7737
20240926@180640.7136 qi5a4iqt4qkik4nap98gdkltg1 Query : select top 1 isnull(design,'') valor from st (nolock) left join stobs (nolock) on st.ref = stobs.ref where st.ref = '324.4906.00.1'
20240926@180640.7155 qi5a4iqt4qkik4nap98gdkltg1 Query : select top 1 bistamp valor from bi inner join bo on bo.bostamp=bi.bostamp where bo.ndos =240 and bo.boano =2062 and bo.obrano = 2406218 and bi.ref ='324.4906.00.1' and bi.lordem =1
20240926@180640.7492 qi5a4iqt4qkik4nap98gdkltg1 Query : select top 1 isnull(design,'') valor from st (nolock) left join stobs (nolock) on st.ref = stobs.ref where st.ref = '324.1871.00.1'
20240926@180640.7940 qi5a4iqt4qkik4nap98gdkltg1 Query : select top 1 bistamp valor from bi inner join bo on bo.bostamp=bi.bostamp where bo.ndos =240 and bo.boano =2062 and bo.obrano = 2406218 and bi.ref ='324.1871.00.1' and bi.lordem =2
20240926@180640.8304 qi5a4iqt4qkik4nap98gdkltg1 Query : select top 1 isnull(design,'') valor from st (nolock) left join stobs (nolock) on st.ref = stobs.ref where st.ref = '324.1871.00.1'
20240926@180640.8325 qi5a4iqt4qkik4nap98gdkltg1 Query : select top 1 bistamp valor from bi inner join bo on bo.bostamp=bi.bostamp where bo.ndos =240 and bo.boano =2062 and bo.obrano = 2406218 and bi.ref ='324.1871.00.1' and bi.lordem =3
20240926@180640.8674 qi5a4iqt4qkik4nap98gdkltg1 Query : use flama_phc
20240926@180640.8677 qi5a4iqt4qkik4nap98gdkltg1 Query : select top 1 convert(date,fdata) valor from ft where ndoc = 39 and anulado= 0 and fno>0 order by fdata desc
20240926@180640.8715 qi5a4iqt4qkik4nap98gdkltg1 Query : use flama_phc
20240926@180640.8719 qi5a4iqt4qkik4nap98gdkltg1 Query : select top 1 1 valor from td where td.ndoc = 39
20240926@180640.8749 qi5a4iqt4qkik4nap98gdkltg1 Query : use flama_phc
20240926@180640.8752 qi5a4iqt4qkik4nap98gdkltg1 Query : select lower(descricao) descricao ,case when valor='s' then 1 else 0 end valor from para1 where descricao in ('st_lote','st_usalogifunc', 'st_grelha')
20240926@180640.8781 qi5a4iqt4qkik4nap98gdkltg1 Query : select top 1 manternumero ,assinadoc issigned ,tiposaft ,assinaimp ,nmdos ,td.assinadoc ,'cl' origin ,lancasl stocks ,case when cmsl<50 and td.lancasl=1 then 1 else 0 end entrada ,case when cmsl>50 and td.lancasl=1 then 1 else 0 end saida ,temserie assets ,~semgre usegridfields from td inner join td2 on td.tdstamp=td2.td2stamp where td.ndoc = 1
20240926@180640.8816 qi5a4iqt4qkik4nap98gdkltg1 Query : use flama_phc
20240926@180640.8819 qi5a4iqt4qkik4nap98gdkltg1 Query : select top 1 ~inactivo valor from cl where no = '101621' and estab = 0 order by inactivo desc
20240926@180640.8948 qi5a4iqt4qkik4nap98gdkltg1 Query : use flama_phc
20240926@180640.8951 qi5a4iqt4qkik4nap98gdkltg1 Query : select top 1 tipodoc,regrd from td where ndoc = 39
20240926@180640.8981 qi5a4iqt4qkik4nap98gdkltg1 Query : use flama_phc
20240926@180640.8984 qi5a4iqt4qkik4nap98gdkltg1 Query : select szadrsstamp valor from szadrs where szadrsdesc='espaÇotrans,lda'
20240926@180640.9023 qi5a4iqt4qkik4nap98gdkltg1 Query : use flama_phc
20240926@180640.9026 qi5a4iqt4qkik4nap98gdkltg1 Query : select szadrsstamp valor from szadrs where szadrsdesc='j.o.m - loja da ponte'
20240926@180640.9074 qi5a4iqt4qkik4nap98gdkltg1 Query : use flama_phc
20240926@180640.9077 qi5a4iqt4qkik4nap98gdkltg1 Query : select 1 valor from td where ndoc = 39
20240926@180640.9090 qi5a4iqt4qkik4nap98gdkltg1 Query : select top 1 manternumero, tiposaft, nmdos,td.assinadoc from td where td.ndoc = 39
20240926@180640.9104 qi5a4iqt4qkik4nap98gdkltg1 Query : select 1 valor from information_schema.tables where table_type='base table' and table_name='wstablefields'
20240926@180640.9124 qi5a4iqt4qkik4nap98gdkltg1 Query : select fieldkey,fieldname,fieldtype,mandatory from wstablefields where tablename = 'ft' and documentnumber = 39
20240926@180640.9144 qi5a4iqt4qkik4nap98gdkltg1 Query : select 1 valor from information_schema.tables where table_type='base table' and table_name='wstablefields'
20240926@180640.9162 qi5a4iqt4qkik4nap98gdkltg1 Query : select fieldkey,fieldname,fieldtype,mandatory from wstablefields where tablename = 'ft2' and documentnumber = 39
20240926@180640.9195 qi5a4iqt4qkik4nap98gdkltg1 Query : select 1 valor from information_schema.tables where table_type='base table' and table_name='wstablefields'
20240926@180640.9210 qi5a4iqt4qkik4nap98gdkltg1 Query : select fieldkey,fieldname,fieldtype,mandatory from wstablefields where tablename = 'ft3' and documentnumber = 39
20240926@180640.9225 qi5a4iqt4qkik4nap98gdkltg1 Query : select top 1 ft.fno valor from ft ft where ft.ndoc = 39 and ftano=2024 order by fno desc
20240926@180640.9291 qi5a4iqt4qkik4nap98gdkltg1 Query : select top 1 ft.fno valor from wsftdata ft where ft.ndoc = 39 and ftano=2024 order by fno desc
20240926@180640.9305 qi5a4iqt4qkik4nap98gdkltg1 Query : select 1 valor from information_schema.tables where table_type='base table' and table_name='wstablefields'
20240926@180640.9321 qi5a4iqt4qkik4nap98gdkltg1 Query : select fieldkey,fieldname,fieldtype,calcformula from wstablefields where tablename = 'ft3' and documentnumber = 39
20240926@180640.9337 qi5a4iqt4qkik4nap98gdkltg1 Query : insert into wsft3data (ft3stamp, ousrdata, ousrhora, usrdata,usrhora,ousrinis,usrinis,taxpointdt ) values ('aut66f595042166f594a0e1' ,getdate(),convert(char(8),convert (time,getdate())),getdate(),convert(char(8),convert (time,getdate())),'wsv','wsv',?)
20240926@180640.9520 qi5a4iqt4qkik4nap98gdkltg1 Query : select 1 valor from information_schema.tables where table_type='base table' and table_name='wstablefields'
20240926@180640.9537 qi5a4iqt4qkik4nap98gdkltg1 Query : select fieldkey,fieldname,fieldtype,calcformula from wstablefields where tablename = 'ft2' and documentnumber = 39
20240926@180640.9575 qi5a4iqt4qkik4nap98gdkltg1 Query : select top 1 bo.u_nomeenv valor from bo where bo.bostamp=''
20240926@180640.9587 qi5a4iqt4qkik4nap98gdkltg1 Query : select top 1 bo.u_moradaen valor from bo where bo.bostamp=''
20240926@180640.9601 qi5a4iqt4qkik4nap98gdkltg1 Query : select top 1 bo.u_codposen valor from bo where bo.bostamp=''
20240926@180640.9613 qi5a4iqt4qkik4nap98gdkltg1 Query : select top 1 bo.u_localenv valor from bo where bo.bostamp=''
20240926@180640.9625 qi5a4iqt4qkik4nap98gdkltg1 Query : select top 1 bo.trab5 valor from bo where bo.bostamp=''
20240926@180640.9637 qi5a4iqt4qkik4nap98gdkltg1 Query : select top 1 bo.serie valor from bo where bo.bostamp=''
20240926@180640.9648 qi5a4iqt4qkik4nap98gdkltg1 Query : insert into wsft2data (ft2stamp, ousrdata,ousrhora, usrdata,usrhora,ousrinis,usrinis,u_nomeenv ,u_moradaen ,u_codposen ,u_localenv ,u_coddest ,u_codby ) values ('aut66f595042166f594a0e1',getdate(),convert(char(8),convert (time,getdate())),getdate(),convert(char(8),convert (time,getdate())),'wsv','wsv',?,?,?,?,?,?)
20240926@180640.9915 qi5a4iqt4qkik4nap98gdkltg1 Query : select top 1 fno valor from wsftdata order by fno desc
20240926@180640.9937 qi5a4iqt4qkik4nap98gdkltg1 Query : select 1 valor from information_schema.tables where table_type='base table' and table_name='wstablefields'
20240926@180640.9960 qi5a4iqt4qkik4nap98gdkltg1 Query : select fieldkey,fieldname,fieldtype,calcformula from wstablefields where tablename = 'ft' and documentnumber = 39
20240926@180640.9985 qi5a4iqt4qkik4nap98gdkltg1 Query : select 'normal' from dummy
20240926@180641.1000 qi5a4iqt4qkik4nap98gdkltg1 Query : insert into wsftdata (ftstamp, ousrdata,ousrhora, usrdata,usrhora,ousrinis,usrinis,fno,no,estab,fdata,ndoc,moeda,cambio,cambiofixo,ftano,site ,classe ) values ('aut66f595042166f594a0e1',getdate(),convert(char(8),convert (time,getdate())),getdate(),convert(char(8),convert (time,getdate())),'wsv','wsv',945,101621,0,'2024-09-26',39,'euro',0,0,2024 ,?,?)
20240926@180641.2920 qi5a4iqt4qkik4nap98gdkltg1 Query : use flama_phc
20240926@180641.3130 qi5a4iqt4qkik4nap98gdkltg1 Query : select st.usalote valor from st where st.ref = '324.4906.00.1'
20240926@180641.3350 qi5a4iqt4qkik4nap98gdkltg1 Query : select top 1 st.tabiva ,st.ivaincl ,st.stns ,st.uni2 ,st.familia ,isnull(tx.taxa, 0) txiva ,unidade ,usalote ,epcpond ,noserie ,conversao ,st.texteis from st left join taxasiva tx on st.tabiva = tx.codigo where st.ref = '324.4906.00.1'
20240926@180641.3490 qi5a4iqt4qkik4nap98gdkltg1 Query : select 1 valor from information_schema.tables where table_type='base table' and table_name='wstablefields'
20240926@180641.3690 qi5a4iqt4qkik4nap98gdkltg1 Query : select fieldkey,fieldname,fieldtype,mandatory from wstablefields where tablename = 'fi' and documentnumber = 39
20240926@180641.3950 qi5a4iqt4qkik4nap98gdkltg1 Query : select 1 valor from information_schema.tables where table_type='base table' and table_name='wstablefields'
20240926@180641.4100 qi5a4iqt4qkik4nap98gdkltg1 Query : select fieldkey,fieldname,fieldtype,mandatory from wstablefields where tablename = 'fi2' and documentnumber = 39
20240926@180641.4190 qi5a4iqt4qkik4nap98gdkltg1 Query : select top 1 convert(numeric(6,2),t.taxa) valor from taxasiva t where t.codigo='2'
20240926@180641.4310 qi5a4iqt4qkik4nap98gdkltg1 Query : select sestamp valor from se where ref ='324.4906.00.1' and lote = 'r2300207200a'
20240926@180641.4430 qi5a4iqt4qkik4nap98gdkltg1 Query : select 1 valor from information_schema.tables where table_type='base table' and table_name='wstablefields'
20240926@180641.4580 qi5a4iqt4qkik4nap98gdkltg1 Query : select fieldkey,fieldname,fieldtype,calcformula from wstablefields where tablename = 'fi2' and documentnumber = 39
20240926@180641.4700 qi5a4iqt4qkik4nap98gdkltg1 Query : insert into wsfi2data (fi2stamp,ftstamp ,ousrdata, ousrhora, usrdata,usrhora,ousrinis,usrinis) values ('aut66f590597066f594a10a','aut66f595042166f594a0e1' ,getdate(),convert(char(8),convert (time,getdate())),getdate(),convert(char(8),convert (time,getdate())),'wsv','wsv')
20240926@180641.4750 qi5a4iqt4qkik4nap98gdkltg1 Query : select 1 valor from information_schema.tables where table_type='base table' and table_name='wstablefields'
20240926@180641.4900 qi5a4iqt4qkik4nap98gdkltg1 Query : select fieldkey,fieldname,fieldtype,calcformula from wstablefields where tablename = 'fi' and documentnumber = 39
20240926@180641.5210 qi5a4iqt4qkik4nap98gdkltg1 Query : insert into wsfidata (fistamp,ousrdata, ousrhora, usrdata,usrhora,ousrinis,usrinis ,qtt ,ftstamp ,epv,pvmoeda ,tabiva,iva,lordem ,ref, design ,lote,armazem,bistamp ) values ('aut66f590597066f594a10a',getdate(),convert(char(8),convert (time,getdate())),getdate(),convert(char(8),convert (time,getdate())),'wsv','wsv',4.000 ,'aut66f595042166f594a0e1' ,0,0 ,2,23.00,10000,?,?,?,?,?)
20240926@180641.7840 qi5a4iqt4qkik4nap98gdkltg1 Query : select 1 valor from information_schema.tables where table_type='base table' and table_name='wstablefields'
20240926@180641.8010 qi5a4iqt4qkik4nap98gdkltg1 Query : select fieldkey,fieldname,fieldtype,mandatory from wstablefields where tablename = 'fi' and documentnumber = 39
20240926@180641.8270 qi5a4iqt4qkik4nap98gdkltg1 Query : select 1 valor from information_schema.tables where table_type='base table' and table_name='wstablefields'
20240926@180641.8410 qi5a4iqt4qkik4nap98gdkltg1 Query : select fieldkey,fieldname,fieldtype,mandatory from wstablefields where tablename = 'fi2' and documentnumber = 39
20240926@180641.8500 qi5a4iqt4qkik4nap98gdkltg1 Query : select top 1 convert(numeric(6,2),t.taxa) valor from taxasiva t where t.codigo='2'
20240926@180641.8620 qi5a4iqt4qkik4nap98gdkltg1 Query : select 1 valor from information_schema.tables where table_type='base table' and table_name='wstablefields'
20240926@180641.8770 qi5a4iqt4qkik4nap98gdkltg1 Query : select fieldkey,fieldname,fieldtype,calcformula from wstablefields where tablename = 'fi2' and documentnumber = 39
20240926@180641.8890 qi5a4iqt4qkik4nap98gdkltg1 Query : insert into wsfi2data (fi2stamp,ftstamp ,ousrdata, ousrhora, usrdata,usrhora,ousrinis,usrinis) values ('aut66f595869966f594a115','aut66f595042166f594a0e1' ,getdate(),convert(char(8),convert (time,getdate())),getdate(),convert(char(8),convert (time,getdate())),'wsv','wsv')
20240926@180641.8930 qi5a4iqt4qkik4nap98gdkltg1 Query : select 1 valor from information_schema.tables where table_type='base table' and table_name='wstablefields'
20240926@180641.9090 qi5a4iqt4qkik4nap98gdkltg1 Query : select fieldkey,fieldname,fieldtype,calcformula from wstablefields where tablename = 'fi' and documentnumber = 39
20240926@180641.1128 qi5a4iqt4qkik4nap98gdkltg1 Query : insert into wsfidata (fistamp,ousrdata, ousrhora, usrdata,usrhora,ousrinis,usrinis ,qtt ,ftstamp ,epv,pvmoeda ,tabiva,iva,lordem ,ref, design ,armazem) values ('aut66f595869966f594a115',getdate(),convert(char(8),convert (time,getdate())),getdate(),convert(char(8),convert (time,getdate())),'wsv','wsv',0 ,'aut66f595042166f594a0e1' ,0,0 ,2,23.00,20000,?,?,?)
20240926@180641.1571 qi5a4iqt4qkik4nap98gdkltg1 Query : use flama_phc
20240926@180641.1574 qi5a4iqt4qkik4nap98gdkltg1 Query : select st.usalote valor from st where st.ref = '324.1871.00.1'
20240926@180641.1596 qi5a4iqt4qkik4nap98gdkltg1 Query : select top 1 st.tabiva ,st.ivaincl ,st.stns ,st.uni2 ,st.familia ,isnull(tx.taxa, 0) txiva ,unidade ,usalote ,epcpond ,noserie ,conversao ,st.texteis from st left join taxasiva tx on st.tabiva = tx.codigo where st.ref = '324.1871.00.1'
20240926@180641.1745 qi5a4iqt4qkik4nap98gdkltg1 Query : select 1 valor from information_schema.tables where table_type='base table' and table_name='wstablefields'
20240926@180641.1768 qi5a4iqt4qkik4nap98gdkltg1 Query : select fieldkey,fieldname,fieldtype,mandatory from wstablefields where tablename = 'fi' and documentnumber = 39
20240926@180641.1796 qi5a4iqt4qkik4nap98gdkltg1 Query : select 1 valor from information_schema.tables where table_type='base table' and table_name='wstablefields'
20240926@180641.1812 qi5a4iqt4qkik4nap98gdkltg1 Query : select fieldkey,fieldname,fieldtype,mandatory from wstablefields where tablename = 'fi2' and documentnumber = 39
20240926@180641.1822 qi5a4iqt4qkik4nap98gdkltg1 Query : select top 1 convert(numeric(6,2),t.taxa) valor from taxasiva t where t.codigo='2'
20240926@180641.1835 qi5a4iqt4qkik4nap98gdkltg1 Query : select sestamp valor from se where ref ='324.1871.00.1' and lote = 'r2400437200a'
20240926@180641.1852 qi5a4iqt4qkik4nap98gdkltg1 Query : select 1 valor from information_schema.tables where table_type='base table' and table_name='wstablefields'
20240926@180641.1867 qi5a4iqt4qkik4nap98gdkltg1 Query : select fieldkey,fieldname,fieldtype,calcformula from wstablefields where tablename = 'fi2' and documentnumber = 39
20240926@180641.1882 qi5a4iqt4qkik4nap98gdkltg1 Query : insert into wsfi2data (fi2stamp,ftstamp ,ousrdata, ousrhora, usrdata,usrhora,ousrinis,usrinis) values ('aut66f595889266f594a12d','aut66f595042166f594a0e1' ,getdate(),convert(char(8),convert (time,getdate())),getdate(),convert(char(8),convert (time,getdate())),'wsv','wsv')
20240926@180641.1887 qi5a4iqt4qkik4nap98gdkltg1 Query : select 1 valor from information_schema.tables where table_type='base table' and table_name='wstablefields'
20240926@180641.1902 qi5a4iqt4qkik4nap98gdkltg1 Query : select fieldkey,fieldname,fieldtype,calcformula from wstablefields where tablename = 'fi' and documentnumber = 39
20240926@180641.1934 qi5a4iqt4qkik4nap98gdkltg1 Query : insert into wsfidata (fistamp,ousrdata, ousrhora, usrdata,usrhora,ousrinis,usrinis ,qtt ,ftstamp ,epv,pvmoeda ,tabiva,iva,lordem ,ref, design ,lote,armazem,bistamp ) values ('aut66f595889266f594a12d',getdate(),convert(char(8),convert (time,getdate())),getdate(),convert(char(8),convert (time,getdate())),'wsv','wsv',3.000 ,'aut66f595042166f594a0e1' ,0,0 ,2,23.00,40000,?,?,?,?,?)
20240926@180641.2192 qi5a4iqt4qkik4nap98gdkltg1 Query : use flama_phc
20240926@180641.2195 qi5a4iqt4qkik4nap98gdkltg1 Query : select st.usalote valor from st where st.ref = '324.1871.00.1'
20240926@180641.2217 qi5a4iqt4qkik4nap98gdkltg1 Query : select top 1 st.tabiva ,st.ivaincl ,st.stns ,st.uni2 ,st.familia ,isnull(tx.taxa, 0) txiva ,unidade ,usalote ,epcpond ,noserie ,conversao ,st.texteis from st left join taxasiva tx on st.tabiva = tx.codigo where st.ref = '324.1871.00.1'
20240926@180641.2232 qi5a4iqt4qkik4nap98gdkltg1 Query : select 1 valor from information_schema.tables where table_type='base table' and table_name='wstablefields'
20240926@180641.2250 qi5a4iqt4qkik4nap98gdkltg1 Query : select fieldkey,fieldname,fieldtype,mandatory from wstablefields where tablename = 'fi' and documentnumber = 39
20240926@180641.2278 qi5a4iqt4qkik4nap98gdkltg1 Query : select 1 valor from information_schema.tables where table_type='base table' and table_name='wstablefields'
20240926@180641.2295 qi5a4iqt4qkik4nap98gdkltg1 Query : select fieldkey,fieldname,fieldtype,mandatory from wstablefields where tablename = 'fi2' and documentnumber = 39
20240926@180641.2306 qi5a4iqt4qkik4nap98gdkltg1 Query : select top 1 convert(numeric(6,2),t.taxa) valor from taxasiva t where t.codigo='2'
20240926@180641.2319 qi5a4iqt4qkik4nap98gdkltg1 Query : select sestamp valor from se where ref ='324.1871.00.1' and lote = 'r2400125200a'
20240926@180641.2334 qi5a4iqt4qkik4nap98gdkltg1 Query : select 1 valor from information_schema.tables where table_type='base table' and table_name='wstablefields'
20240926@180641.2351 qi5a4iqt4qkik4nap98gdkltg1 Query : select fieldkey,fieldname,fieldtype,calcformula from wstablefields where tablename = 'fi2' and documentnumber = 39
20240926@180641.2364 qi5a4iqt4qkik4nap98gdkltg1 Query : insert into wsfi2data (fi2stamp,ftstamp ,ousrdata, ousrhora, usrdata,usrhora,ousrinis,usrinis) values ('aut66f597132666f594a138','aut66f595042166f594a0e1' ,getdate(),convert(char(8),convert (time,getdate())),getdate(),convert(char(8),convert (time,getdate())),'wsv','wsv')
20240926@180641.2369 qi5a4iqt4qkik4nap98gdkltg1 Query : select 1 valor from information_schema.tables where table_type='base table' and table_name='wstablefields'
20240926@180641.2385 qi5a4iqt4qkik4nap98gdkltg1 Query : select fieldkey,fieldname,fieldtype,calcformula from wstablefields where tablename = 'fi' and documentnumber = 39
20240926@180641.2416 qi5a4iqt4qkik4nap98gdkltg1 Query : insert into wsfidata (fistamp,ousrdata, ousrhora, usrdata,usrhora,ousrinis,usrinis ,qtt ,ftstamp ,epv,pvmoeda ,tabiva,iva,lordem ,ref, design ,lote,armazem,bistamp ) values ('aut66f597132666f594a138',getdate(),convert(char(8),convert (time,getdate())),getdate(),convert(char(8),convert (time,getdate())),'wsv','wsv',1.000 ,'aut66f595042166f594a0e1' ,0,0 ,2,23.00,50000,?,?,?,?,?)
20240926@180641.2684 qi5a4iqt4qkik4nap98gdkltg1 Query : insert into wsftcreationlog (initialftstamp,externalid,creationstatus,documenttypeid,idustamp) values ('aut66f595042166f594a0e1','2406218','wait',39,'adm09112754980.682000002')
20240926@180641.2761 qi5a4iqt4qkik4nap98gdkltg1 Query : use flama_phc
20240926@180641.2765 qi5a4iqt4qkik4nap98gdkltg1 Query : update u_wsusers set rqsttoken =? where userid ='userls001'
20240926@180641.2800 qi5a4iqt4qkik4nap98gdkltg1 Query : select concat(rtrim(relative_path),ltrim(name_new)) as valor from uploadfiles where uploadfile_id='2233';
20240926@180641.2832 qi5a4iqt4qkik4nap98gdkltg1 Query : update uploadfiles set whenupdated=current_timestamp where uploadfile_id='2233';
20240926@180641.2873 qi5a4iqt4qkik4nap98gdkltg1 Query : select concat(rtrim(relative_path),ltrim(name_new)) as valor from uploadfiles where uploadfile_id='2233';
20240926@180641.2898 qi5a4iqt4qkik4nap98gdkltg1 Query : update uploadfiles set whenupdated=current_timestamp where uploadfile_id='2233';
20240926@180641.3420 phcklj3ls8r96urlkegifk74aa Query : insert into uploadfiles ( name_original, name_new, option_type, relative_path, whencreated ) values ( ?, ?, ?, ?, getdate() )
20240926@180641.3431 phcklj3ls8r96urlkegifk74aa Query : select uploadfile_id valor from uploadfiles where name_new = ? and option_type = ? 
20240926@180641.3487 phcklj3ls8r96urlkegifk74aa Query : select concat(rtrim(relative_path),ltrim(name_new)) as valor from uploadfiles where uploadfile_id='2234';
20240926@180641.3547 phcklj3ls8r96urlkegifk74aa Query : update uploadfiles set whenupdated=current_timestamp where uploadfile_id='2234';
20240926@180641.3606 phcklj3ls8r96urlkegifk74aa Query : select concat(rtrim(relative_path),ltrim(name_new)) as valor from uploadfiles where uploadfile_id='2234';
20240926@180641.3634 phcklj3ls8r96urlkegifk74aa Query : update uploadfiles set whenupdated=current_timestamp where uploadfile_id='2234';
20240926@180641.3688 phcklj3ls8r96urlkegifk74aa Query : use flama_phc
20240926@180641.3691 phcklj3ls8r96urlkegifk74aa Query : select top 1 secretkey valor from u_wsusers u where u.userid = ? and u.inactivo=0
20240926@180641.3762 phcklj3ls8r96urlkegifk74aa Query : use flama_phc
20240926@180641.3765 phcklj3ls8r96urlkegifk74aa Query : select no, estab,szadrsdesc from szadrs where u_coddest=323
20240926@180641.3848 phcklj3ls8r96urlkegifk74aa Query : select top 1 isnull(design,'') valor from st (nolock) left join stobs (nolock) on st.ref = stobs.ref where st.ref = '324.4906.00.1'
20240926@180641.3869 phcklj3ls8r96urlkegifk74aa Query : select top 1 bistamp valor from bi inner join bo on bo.bostamp=bi.bostamp where bo.ndos =240 and bo.boano =2062 and bo.obrano = 2406219 and bi.ref ='324.4906.00.1' and bi.lordem =1
20240926@180641.4195 phcklj3ls8r96urlkegifk74aa Query : use flama_phc
20240926@180641.4198 phcklj3ls8r96urlkegifk74aa Query : select top 1 convert(date,fdata) valor from ft where ndoc = 39 and anulado= 0 and fno>0 order by fdata desc
20240926@180641.4229 phcklj3ls8r96urlkegifk74aa Query : use flama_phc
20240926@180641.4232 phcklj3ls8r96urlkegifk74aa Query : select top 1 1 valor from td where td.ndoc = 39
20240926@180641.4263 phcklj3ls8r96urlkegifk74aa Query : use flama_phc
20240926@180641.4267 phcklj3ls8r96urlkegifk74aa Query : select lower(descricao) descricao ,case when valor='s' then 1 else 0 end valor from para1 where descricao in ('st_lote','st_usalogifunc', 'st_grelha')
20240926@180641.4297 phcklj3ls8r96urlkegifk74aa Query : select top 1 manternumero ,assinadoc issigned ,tiposaft ,assinaimp ,nmdos ,td.assinadoc ,'cl' origin ,lancasl stocks ,case when cmsl<50 and td.lancasl=1 then 1 else 0 end entrada ,case when cmsl>50 and td.lancasl=1 then 1 else 0 end saida ,temserie assets ,~semgre usegridfields from td inner join td2 on td.tdstamp=td2.td2stamp where td.ndoc = 1
20240926@180641.4333 phcklj3ls8r96urlkegifk74aa Query : use flama_phc
20240926@180641.4336 phcklj3ls8r96urlkegifk74aa Query : select top 1 ~inactivo valor from cl where no = '101621' and estab = 0 order by inactivo desc
20240926@180641.4370 phcklj3ls8r96urlkegifk74aa Query : use flama_phc
20240926@180641.4373 phcklj3ls8r96urlkegifk74aa Query : select top 1 tipodoc,regrd from td where ndoc = 39
20240926@180641.4405 phcklj3ls8r96urlkegifk74aa Query : use flama_phc
20240926@180641.4408 phcklj3ls8r96urlkegifk74aa Query : select szadrsstamp valor from szadrs where szadrsdesc='espaÇotrans,lda'
20240926@180641.4449 phcklj3ls8r96urlkegifk74aa Query : use flama_phc
20240926@180641.4452 phcklj3ls8r96urlkegifk74aa Query : select szadrsstamp valor from szadrs where szadrsdesc='joaquim oliveira mendes,lda jom- brg retail'
20240926@180641.4501 phcklj3ls8r96urlkegifk74aa Query : use flama_phc
20240926@180641.4504 phcklj3ls8r96urlkegifk74aa Query : select 1 valor from td where ndoc = 39
20240926@180641.4517 phcklj3ls8r96urlkegifk74aa Query : select top 1 manternumero, tiposaft, nmdos,td.assinadoc from td where td.ndoc = 39
20240926@180641.4531 phcklj3ls8r96urlkegifk74aa Query : select 1 valor from information_schema.tables where table_type='base table' and table_name='wstablefields'
20240926@180641.4548 phcklj3ls8r96urlkegifk74aa Query : select fieldkey,fieldname,fieldtype,mandatory from wstablefields where tablename = 'ft' and documentnumber = 39
20240926@180641.4585 phcklj3ls8r96urlkegifk74aa Query : select 1 valor from information_schema.tables where table_type='base table' and table_name='wstablefields'
20240926@180641.4601 phcklj3ls8r96urlkegifk74aa Query : select fieldkey,fieldname,fieldtype,mandatory from wstablefields where tablename = 'ft2' and documentnumber = 39
20240926@180641.4632 phcklj3ls8r96urlkegifk74aa Query : select 1 valor from information_schema.tables where table_type='base table' and table_name='wstablefields'
20240926@180641.4648 phcklj3ls8r96urlkegifk74aa Query : select fieldkey,fieldname,fieldtype,mandatory from wstablefields where tablename = 'ft3' and documentnumber = 39
20240926@180641.4661 phcklj3ls8r96urlkegifk74aa Query : select top 1 ft.fno valor from ft ft where ft.ndoc = 39 and ftano=2024 order by fno desc
20240926@180641.4739 phcklj3ls8r96urlkegifk74aa Query : select top 1 ft.fno valor from wsftdata ft where ft.ndoc = 39 and ftano=2024 order by fno desc
20240926@180641.4755 phcklj3ls8r96urlkegifk74aa Query : select 1 valor from information_schema.tables where table_type='base table' and table_name='wstablefields'
20240926@180641.4773 phcklj3ls8r96urlkegifk74aa Query : select fieldkey,fieldname,fieldtype,calcformula from wstablefields where tablename = 'ft3' and documentnumber = 39
20240926@180641.4789 phcklj3ls8r96urlkegifk74aa Query : insert into wsft3data (ft3stamp, ousrdata, ousrhora, usrdata,usrhora,ousrinis,usrinis,taxpointdt ) values ('aut66f593533666f594a171' ,getdate(),convert(char(8),convert (time,getdate())),getdate(),convert(char(8),convert (time,getdate())),'wsv','wsv',?)
20240926@180641.4988 phcklj3ls8r96urlkegifk74aa Query : select 1 valor from information_schema.tables where table_type='base table' and table_name='wstablefields'
20240926@180641.5005 phcklj3ls8r96urlkegifk74aa Query : select fieldkey,fieldname,fieldtype,calcformula from wstablefields where tablename = 'ft2' and documentnumber = 39
20240926@180641.5036 phcklj3ls8r96urlkegifk74aa Query : select top 1 bo.u_nomeenv valor from bo where bo.bostamp=''
20240926@180641.5049 phcklj3ls8r96urlkegifk74aa Query : select top 1 bo.u_moradaen valor from bo where bo.bostamp=''
20240926@180641.5061 phcklj3ls8r96urlkegifk74aa Query : select top 1 bo.u_codposen valor from bo where bo.bostamp=''
20240926@180641.5072 phcklj3ls8r96urlkegifk74aa Query : select top 1 bo.u_localenv valor from bo where bo.bostamp=''
20240926@180641.5084 phcklj3ls8r96urlkegifk74aa Query : select top 1 bo.trab5 valor from bo where bo.bostamp=''
20240926@180641.5096 phcklj3ls8r96urlkegifk74aa Query : select top 1 bo.serie valor from bo where bo.bostamp=''
20240926@180641.5108 phcklj3ls8r96urlkegifk74aa Query : insert into wsft2data (ft2stamp, ousrdata,ousrhora, usrdata,usrhora,ousrinis,usrinis,u_nomeenv ,u_moradaen ,u_codposen ,u_localenv ,u_coddest ,u_codby ) values ('aut66f593533666f594a171',getdate(),convert(char(8),convert (time,getdate())),getdate(),convert(char(8),convert (time,getdate())),'wsv','wsv',?,?,?,?,?,?)
20240926@180641.5351 phcklj3ls8r96urlkegifk74aa Query : select top 1 fno valor from wsftdata order by fno desc
20240926@180641.5457 phcklj3ls8r96urlkegifk74aa Query : select 1 valor from information_schema.tables where table_type='base table' and table_name='wstablefields'
20240926@180641.5472 phcklj3ls8r96urlkegifk74aa Query : select fieldkey,fieldname,fieldtype,calcformula from wstablefields where tablename = 'ft' and documentnumber = 39
20240926@180641.5496 phcklj3ls8r96urlkegifk74aa Query : select 'normal' from dummy
20240926@180641.5511 phcklj3ls8r96urlkegifk74aa Query : insert into wsftdata (ftstamp, ousrdata,ousrhora, usrdata,usrhora,ousrinis,usrinis,fno,no,estab,fdata,ndoc,moeda,cambio,cambiofixo,ftano,site ,classe ) values ('aut66f593533666f594a171',getdate(),convert(char(8),convert (time,getdate())),getdate(),convert(char(8),convert (time,getdate())),'wsv','wsv',946,101621,0,'2024-09-26',39,'euro',0,0,2024 ,?,?)
20240926@180641.5810 phcklj3ls8r96urlkegifk74aa Query : use flama_phc
20240926@180641.5813 phcklj3ls8r96urlkegifk74aa Query : select st.usalote valor from st where st.ref = '324.4906.00.1'
20240926@180641.5833 phcklj3ls8r96urlkegifk74aa Query : select top 1 st.tabiva ,st.ivaincl ,st.stns ,st.uni2 ,st.familia ,isnull(tx.taxa, 0) txiva ,unidade ,usalote ,epcpond ,noserie ,conversao ,st.texteis from st left join taxasiva tx on st.tabiva = tx.codigo where st.ref = '324.4906.00.1'
20240926@180641.5846 phcklj3ls8r96urlkegifk74aa Query : select 1 valor from information_schema.tables where table_type='base table' and table_name='wstablefields'
20240926@180641.5861 phcklj3ls8r96urlkegifk74aa Query : select fieldkey,fieldname,fieldtype,mandatory from wstablefields where tablename = 'fi' and documentnumber = 39
20240926@180641.5886 phcklj3ls8r96urlkegifk74aa Query : select 1 valor from information_schema.tables where table_type='base table' and table_name='wstablefields'
20240926@180641.5901 phcklj3ls8r96urlkegifk74aa Query : select fieldkey,fieldname,fieldtype,mandatory from wstablefields where tablename = 'fi2' and documentnumber = 39
20240926@180641.5909 phcklj3ls8r96urlkegifk74aa Query : select top 1 convert(numeric(6,2),t.taxa) valor from taxasiva t where t.codigo='2'
20240926@180641.5921 phcklj3ls8r96urlkegifk74aa Query : select sestamp valor from se where ref ='324.4906.00.1' and lote = 'r2300207200a'
20240926@180641.5933 phcklj3ls8r96urlkegifk74aa Query : select 1 valor from information_schema.tables where table_type='base table' and table_name='wstablefields'
20240926@180641.5947 phcklj3ls8r96urlkegifk74aa Query : select fieldkey,fieldname,fieldtype,calcformula from wstablefields where tablename = 'fi2' and documentnumber = 39
20240926@180641.5958 phcklj3ls8r96urlkegifk74aa Query : insert into wsfi2data (fi2stamp,ftstamp ,ousrdata, ousrhora, usrdata,usrhora,ousrinis,usrinis) values ('aut66f590596166f594a190','aut66f593533666f594a171' ,getdate(),convert(char(8),convert (time,getdate())),getdate(),convert(char(8),convert (time,getdate())),'wsv','wsv')
20240926@180641.5962 phcklj3ls8r96urlkegifk74aa Query : select 1 valor from information_schema.tables where table_type='base table' and table_name='wstablefields'
20240926@180641.5976 phcklj3ls8r96urlkegifk74aa Query : select fieldkey,fieldname,fieldtype,calcformula from wstablefields where tablename = 'fi' and documentnumber = 39
20240926@180641.6003 phcklj3ls8r96urlkegifk74aa Query : insert into wsfidata (fistamp,ousrdata, ousrhora, usrdata,usrhora,ousrinis,usrinis ,qtt ,ftstamp ,epv,pvmoeda ,tabiva,iva,lordem ,ref, design ,lote,armazem,bistamp ) values ('aut66f590596166f594a190',getdate(),convert(char(8),convert (time,getdate())),getdate(),convert(char(8),convert (time,getdate())),'wsv','wsv',4.000 ,'aut66f593533666f594a171' ,0,0 ,2,23.00,10000,?,?,?,?,?)
20240926@180641.6272 phcklj3ls8r96urlkegifk74aa Query : select 1 valor from information_schema.tables where table_type='base table' and table_name='wstablefields'
20240926@180641.6287 phcklj3ls8r96urlkegifk74aa Query : select fieldkey,fieldname,fieldtype,mandatory from wstablefields where tablename = 'fi' and documentnumber = 39
20240926@180641.6314 phcklj3ls8r96urlkegifk74aa Query : select 1 valor from information_schema.tables where table_type='base table' and table_name='wstablefields'
20240926@180641.6327 phcklj3ls8r96urlkegifk74aa Query : select fieldkey,fieldname,fieldtype,mandatory from wstablefields where tablename = 'fi2' and documentnumber = 39
20240926@180641.6336 phcklj3ls8r96urlkegifk74aa Query : select top 1 convert(numeric(6,2),t.taxa) valor from taxasiva t where t.codigo='2'
20240926@180641.6349 phcklj3ls8r96urlkegifk74aa Query : select 1 valor from information_schema.tables where table_type='base table' and table_name='wstablefields'
20240926@180641.6363 phcklj3ls8r96urlkegifk74aa Query : select fieldkey,fieldname,fieldtype,calcformula from wstablefields where tablename = 'fi2' and documentnumber = 39
20240926@180641.6375 phcklj3ls8r96urlkegifk74aa Query : insert into wsfi2data (fi2stamp,ftstamp ,ousrdata, ousrhora, usrdata,usrhora,ousrinis,usrinis) values ('aut66f597339566f594a19b','aut66f593533666f594a171' ,getdate(),convert(char(8),convert (time,getdate())),getdate(),convert(char(8),convert (time,getdate())),'wsv','wsv')
20240926@180641.6379 phcklj3ls8r96urlkegifk74aa Query : select 1 valor from information_schema.tables where table_type='base table' and table_name='wstablefields'
20240926@180641.6393 phcklj3ls8r96urlkegifk74aa Query : select fieldkey,fieldname,fieldtype,calcformula from wstablefields where tablename = 'fi' and documentnumber = 39
20240926@180641.6421 phcklj3ls8r96urlkegifk74aa Query : insert into wsfidata (fistamp,ousrdata, ousrhora, usrdata,usrhora,ousrinis,usrinis ,qtt ,ftstamp ,epv,pvmoeda ,tabiva,iva,lordem ,ref, design ,armazem) values ('aut66f597339566f594a19b',getdate(),convert(char(8),convert (time,getdate())),getdate(),convert(char(8),convert (time,getdate())),'wsv','wsv',0 ,'aut66f593533666f594a171' ,0,0 ,2,23.00,20000,?,?,?)
20240926@180641.6699 phcklj3ls8r96urlkegifk74aa Query : insert into wsftcreationlog (initialftstamp,externalid,creationstatus,documenttypeid,idustamp) values ('aut66f593533666f594a171','2406219','wait',39,'adm09112754980.682000002')
20240926@180641.6855 phcklj3ls8r96urlkegifk74aa Query : use flama_phc
20240926@180641.6858 phcklj3ls8r96urlkegifk74aa Query : update u_wsusers set rqsttoken =? where userid ='userls001'
20240926@180641.6889 phcklj3ls8r96urlkegifk74aa Query : select concat(rtrim(relative_path),ltrim(name_new)) as valor from uploadfiles where uploadfile_id='2234';
20240926@180641.6919 phcklj3ls8r96urlkegifk74aa Query : update uploadfiles set whenupdated=current_timestamp where uploadfile_id='2234';
20240926@180641.6962 phcklj3ls8r96urlkegifk74aa Query : select concat(rtrim(relative_path),ltrim(name_new)) as valor from uploadfiles where uploadfile_id='2234';
20240926@180641.6987 phcklj3ls8r96urlkegifk74aa Query : update uploadfiles set whenupdated=current_timestamp where uploadfile_id='2234';
20240926@180641.7518 mmidvvep2vcquaei0glj0ouejs Query : insert into uploadfiles ( name_original, name_new, option_type, relative_path, whencreated ) values ( ?, ?, ?, ?, getdate() )
20240926@180641.7529 mmidvvep2vcquaei0glj0ouejs Query : select uploadfile_id valor from uploadfiles where name_new = ? and option_type = ? 
20240926@180641.7589 mmidvvep2vcquaei0glj0ouejs Query : select concat(rtrim(relative_path),ltrim(name_new)) as valor from uploadfiles where uploadfile_id='2235';
20240926@180641.7657 mmidvvep2vcquaei0glj0ouejs Query : update uploadfiles set whenupdated=current_timestamp where uploadfile_id='2235';
20240926@180641.7707 mmidvvep2vcquaei0glj0ouejs Query : select concat(rtrim(relative_path),ltrim(name_new)) as valor from uploadfiles where uploadfile_id='2235';
20240926@180641.7731 mmidvvep2vcquaei0glj0ouejs Query : update uploadfiles set whenupdated=current_timestamp where uploadfile_id='2235';
20240926@180641.7777 mmidvvep2vcquaei0glj0ouejs Query : use flama_phc
20240926@180641.7780 mmidvvep2vcquaei0glj0ouejs Query : select top 1 secretkey valor from u_wsusers u where u.userid = ? and u.inactivo=0
20240926@180641.7842 mmidvvep2vcquaei0glj0ouejs Query : use flama_phc
20240926@180641.7845 mmidvvep2vcquaei0glj0ouejs Query : select no, estab,szadrsdesc from szadrs where u_coddest=1899
20240926@180641.7942 mmidvvep2vcquaei0glj0ouejs Query : select top 1 isnull(design,'') valor from st (nolock) left join stobs (nolock) on st.ref = stobs.ref where st.ref = '324.4906.00.1'
20240926@180641.7961 mmidvvep2vcquaei0glj0ouejs Query : select top 1 bistamp valor from bi inner join bo on bo.bostamp=bi.bostamp where bo.ndos =240 and bo.boano =2062 and bo.obrano = 2406220 and bi.ref ='324.4906.00.1' and bi.lordem =1
20240926@180641.8285 mmidvvep2vcquaei0glj0ouejs Query : use flama_phc
20240926@180641.8289 mmidvvep2vcquaei0glj0ouejs Query : select top 1 convert(date,fdata) valor from ft where ndoc = 39 and anulado= 0 and fno>0 order by fdata desc
20240926@180641.8321 mmidvvep2vcquaei0glj0ouejs Query : use flama_phc
20240926@180641.8324 mmidvvep2vcquaei0glj0ouejs Query : select top 1 1 valor from td where td.ndoc = 39
20240926@180641.8357 mmidvvep2vcquaei0glj0ouejs Query : use flama_phc
20240926@180641.8360 mmidvvep2vcquaei0glj0ouejs Query : select lower(descricao) descricao ,case when valor='s' then 1 else 0 end valor from para1 where descricao in ('st_lote','st_usalogifunc', 'st_grelha')
20240926@180641.8403 mmidvvep2vcquaei0glj0ouejs Query : select top 1 manternumero ,assinadoc issigned ,tiposaft ,assinaimp ,nmdos ,td.assinadoc ,'cl' origin ,lancasl stocks ,case when cmsl<50 and td.lancasl=1 then 1 else 0 end entrada ,case when cmsl>50 and td.lancasl=1 then 1 else 0 end saida ,temserie assets ,~semgre usegridfields from td inner join td2 on td.tdstamp=td2.td2stamp where td.ndoc = 1
20240926@180641.8440 mmidvvep2vcquaei0glj0ouejs Query : use flama_phc
20240926@180641.8443 mmidvvep2vcquaei0glj0ouejs Query : select top 1 ~inactivo valor from cl where no = '101621' and estab = 0 order by inactivo desc
20240926@180641.8475 mmidvvep2vcquaei0glj0ouejs Query : use flama_phc
20240926@180641.8478 mmidvvep2vcquaei0glj0ouejs Query : select top 1 tipodoc,regrd from td where ndoc = 39
20240926@180641.8510 mmidvvep2vcquaei0glj0ouejs Query : use flama_phc
20240926@180641.8514 mmidvvep2vcquaei0glj0ouejs Query : select szadrsstamp valor from szadrs where szadrsdesc='espaÇotrans,lda'
20240926@180641.8554 mmidvvep2vcquaei0glj0ouejs Query : use flama_phc
20240926@180641.8556 mmidvvep2vcquaei0glj0ouejs Query : select szadrsstamp valor from szadrs where szadrsdesc='j.o.m'
20240926@180641.8602 mmidvvep2vcquaei0glj0ouejs Query : use flama_phc
20240926@180641.8605 mmidvvep2vcquaei0glj0ouejs Query : select 1 valor from td where ndoc = 39
20240926@180641.8618 mmidvvep2vcquaei0glj0ouejs Query : select top 1 manternumero, tiposaft, nmdos,td.assinadoc from td where td.ndoc = 39
20240926@180641.8633 mmidvvep2vcquaei0glj0ouejs Query : select 1 valor from information_schema.tables where table_type='base table' and table_name='wstablefields'
20240926@180641.8661 mmidvvep2vcquaei0glj0ouejs Query : select fieldkey,fieldname,fieldtype,mandatory from wstablefields where tablename = 'ft' and documentnumber = 39
20240926@180641.8680 mmidvvep2vcquaei0glj0ouejs Query : select 1 valor from information_schema.tables where table_type='base table' and table_name='wstablefields'
20240926@180641.8695 mmidvvep2vcquaei0glj0ouejs Query : select fieldkey,fieldname,fieldtype,mandatory from wstablefields where tablename = 'ft2' and documentnumber = 39
20240926@180641.8724 mmidvvep2vcquaei0glj0ouejs Query : select 1 valor from information_schema.tables where table_type='base table' and table_name='wstablefields'
20240926@180641.8739 mmidvvep2vcquaei0glj0ouejs Query : select fieldkey,fieldname,fieldtype,mandatory from wstablefields where tablename = 'ft3' and documentnumber = 39
20240926@180641.8752 mmidvvep2vcquaei0glj0ouejs Query : select top 1 ft.fno valor from ft ft where ft.ndoc = 39 and ftano=2024 order by fno desc
20240926@180641.8818 mmidvvep2vcquaei0glj0ouejs Query : select top 1 ft.fno valor from wsftdata ft where ft.ndoc = 39 and ftano=2024 order by fno desc
20240926@180641.8831 mmidvvep2vcquaei0glj0ouejs Query : select 1 valor from information_schema.tables where table_type='base table' and table_name='wstablefields'
20240926@180641.8848 mmidvvep2vcquaei0glj0ouejs Query : select fieldkey,fieldname,fieldtype,calcformula from wstablefields where tablename = 'ft3' and documentnumber = 39
20240926@180641.8863 mmidvvep2vcquaei0glj0ouejs Query : insert into wsft3data (ft3stamp, ousrdata, ousrhora, usrdata,usrhora,ousrinis,usrinis,taxpointdt ) values ('aut66f590245066f594a1d5' ,getdate(),convert(char(8),convert (time,getdate())),getdate(),convert(char(8),convert (time,getdate())),'wsv','wsv',?)
20240926@180641.9042 mmidvvep2vcquaei0glj0ouejs Query : select 1 valor from information_schema.tables where table_type='base table' and table_name='wstablefields'
20240926@180641.9058 mmidvvep2vcquaei0glj0ouejs Query : select fieldkey,fieldname,fieldtype,calcformula from wstablefields where tablename = 'ft2' and documentnumber = 39
20240926@180641.9091 mmidvvep2vcquaei0glj0ouejs Query : select top 1 bo.u_nomeenv valor from bo where bo.bostamp=''
20240926@180641.9104 mmidvvep2vcquaei0glj0ouejs Query : select top 1 bo.u_moradaen valor from bo where bo.bostamp=''
20240926@180641.9133 mmidvvep2vcquaei0glj0ouejs Query : select top 1 bo.u_codposen valor from bo where bo.bostamp=''
20240926@180641.9144 mmidvvep2vcquaei0glj0ouejs Query : select top 1 bo.u_localenv valor from bo where bo.bostamp=''
20240926@180641.9157 mmidvvep2vcquaei0glj0ouejs Query : select top 1 bo.trab5 valor from bo where bo.bostamp=''
20240926@180641.9168 mmidvvep2vcquaei0glj0ouejs Query : select top 1 bo.serie valor from bo where bo.bostamp=''
20240926@180641.9180 mmidvvep2vcquaei0glj0ouejs Query : insert into wsft2data (ft2stamp, ousrdata,ousrhora, usrdata,usrhora,ousrinis,usrinis,u_nomeenv ,u_moradaen ,u_codposen ,u_localenv ,u_coddest ,u_codby ) values ('aut66f590245066f594a1d5',getdate(),convert(char(8),convert (time,getdate())),getdate(),convert(char(8),convert (time,getdate())),'wsv','wsv',?,?,?,?,?,?)
20240926@180641.9423 mmidvvep2vcquaei0glj0ouejs Query : select top 1 fno valor from wsftdata order by fno desc
20240926@180641.9445 mmidvvep2vcquaei0glj0ouejs Query : select 1 valor from information_schema.tables where table_type='base table' and table_name='wstablefields'
20240926@180641.9462 mmidvvep2vcquaei0glj0ouejs Query : select fieldkey,fieldname,fieldtype,calcformula from wstablefields where tablename = 'ft' and documentnumber = 39
20240926@180641.9485 mmidvvep2vcquaei0glj0ouejs Query : select 'normal' from dummy
20240926@180641.9501 mmidvvep2vcquaei0glj0ouejs Query : insert into wsftdata (ftstamp, ousrdata,ousrhora, usrdata,usrhora,ousrinis,usrinis,fno,no,estab,fdata,ndoc,moeda,cambio,cambiofixo,ftano,site ,classe ) values ('aut66f590245066f594a1d5',getdate(),convert(char(8),convert (time,getdate())),getdate(),convert(char(8),convert (time,getdate())),'wsv','wsv',947,101621,0,'2024-09-26',39,'euro',0,0,2024 ,?,?)
20240926@180641.9819 mmidvvep2vcquaei0glj0ouejs Query : use flama_phc
20240926@180641.9823 mmidvvep2vcquaei0glj0ouejs Query : select st.usalote valor from st where st.ref = '324.4906.00.1'
20240926@180641.9846 mmidvvep2vcquaei0glj0ouejs Query : select top 1 st.tabiva ,st.ivaincl ,st.stns ,st.uni2 ,st.familia ,isnull(tx.taxa, 0) txiva ,unidade ,usalote ,epcpond ,noserie ,conversao ,st.texteis from st left join taxasiva tx on st.tabiva = tx.codigo where st.ref = '324.4906.00.1'
20240926@180641.9860 mmidvvep2vcquaei0glj0ouejs Query : select 1 valor from information_schema.tables where table_type='base table' and table_name='wstablefields'
20240926@180641.9876 mmidvvep2vcquaei0glj0ouejs Query : select fieldkey,fieldname,fieldtype,mandatory from wstablefields where tablename = 'fi' and documentnumber = 39
20240926@180641.9907 mmidvvep2vcquaei0glj0ouejs Query : select 1 valor from information_schema.tables where table_type='base table' and table_name='wstablefields'
20240926@180641.9923 mmidvvep2vcquaei0glj0ouejs Query : select fieldkey,fieldname,fieldtype,mandatory from wstablefields where tablename = 'fi2' and documentnumber = 39
20240926@180641.9931 mmidvvep2vcquaei0glj0ouejs Query : select top 1 convert(numeric(6,2),t.taxa) valor from taxasiva t where t.codigo='2'
20240926@180641.9943 mmidvvep2vcquaei0glj0ouejs Query : select sestamp valor from se where ref ='324.4906.00.1' and lote = 'r2300207200a'
20240926@180641.9970 mmidvvep2vcquaei0glj0ouejs Query : select 1 valor from information_schema.tables where table_type='base table' and table_name='wstablefields'
20240926@180641.9984 mmidvvep2vcquaei0glj0ouejs Query : select fieldkey,fieldname,fieldtype,calcformula from wstablefields where tablename = 'fi2' and documentnumber = 39
20240926@180641.9996 mmidvvep2vcquaei0glj0ouejs Query : insert into wsfi2data (fi2stamp,ftstamp ,ousrdata, ousrhora, usrdata,usrhora,ousrinis,usrinis) values ('aut66f597203766f594a1f3','aut66f590245066f594a1d5' ,getdate(),convert(char(8),convert (time,getdate())),getdate(),convert(char(8),convert (time,getdate())),'wsv','wsv')
20240926@180642.0000 mmidvvep2vcquaei0glj0ouejs Query : select 1 valor from information_schema.tables where table_type='base table' and table_name='wstablefields'
20240926@180642.1400 mmidvvep2vcquaei0glj0ouejs Query : select fieldkey,fieldname,fieldtype,calcformula from wstablefields where tablename = 'fi' and documentnumber = 39
20240926@180642.5800 mmidvvep2vcquaei0glj0ouejs Query : insert into wsfidata (fistamp,ousrdata, ousrhora, usrdata,usrhora,ousrinis,usrinis ,qtt ,ftstamp ,epv,pvmoeda ,tabiva,iva,lordem ,ref, design ,lote,armazem,bistamp ) values ('aut66f597203766f594a1f3',getdate(),convert(char(8),convert (time,getdate())),getdate(),convert(char(8),convert (time,getdate())),'wsv','wsv',4.000 ,'aut66f590245066f594a1d5' ,0,0 ,2,23.00,10000,?,?,?,?,?)
20240926@180642.3190 mmidvvep2vcquaei0glj0ouejs Query : select 1 valor from information_schema.tables where table_type='base table' and table_name='wstablefields'
20240926@180642.3340 mmidvvep2vcquaei0glj0ouejs Query : select fieldkey,fieldname,fieldtype,mandatory from wstablefields where tablename = 'fi' and documentnumber = 39
20240926@180642.4470 mmidvvep2vcquaei0glj0ouejs Query : select 1 valor from information_schema.tables where table_type='base table' and table_name='wstablefields'
20240926@180642.4630 mmidvvep2vcquaei0glj0ouejs Query : select fieldkey,fieldname,fieldtype,mandatory from wstablefields where tablename = 'fi2' and documentnumber = 39
20240926@180642.4720 mmidvvep2vcquaei0glj0ouejs Query : select top 1 convert(numeric(6,2),t.taxa) valor from taxasiva t where t.codigo='2'
20240926@180642.4850 mmidvvep2vcquaei0glj0ouejs Query : select 1 valor from information_schema.tables where table_type='base table' and table_name='wstablefields'
20240926@180642.5150 mmidvvep2vcquaei0glj0ouejs Query : select fieldkey,fieldname,fieldtype,calcformula from wstablefields where tablename = 'fi2' and documentnumber = 39
20240926@180642.5260 mmidvvep2vcquaei0glj0ouejs Query : insert into wsfi2data (fi2stamp,ftstamp ,ousrdata, ousrhora, usrdata,usrhora,ousrinis,usrinis) values ('aut66f596098166f594a20b','aut66f590245066f594a1d5' ,getdate(),convert(char(8),convert (time,getdate())),getdate(),convert(char(8),convert (time,getdate())),'wsv','wsv')
20240926@180642.5310 mmidvvep2vcquaei0glj0ouejs Query : select 1 valor from information_schema.tables where table_type='base table' and table_name='wstablefields'
20240926@180642.5460 mmidvvep2vcquaei0glj0ouejs Query : select fieldkey,fieldname,fieldtype,calcformula from wstablefields where tablename = 'fi' and documentnumber = 39
20240926@180642.5750 mmidvvep2vcquaei0glj0ouejs Query : insert into wsfidata (fistamp,ousrdata, ousrhora, usrdata,usrhora,ousrinis,usrinis ,qtt ,ftstamp ,epv,pvmoeda ,tabiva,iva,lordem ,ref, design ,armazem) values ('aut66f596098166f594a20b',getdate(),convert(char(8),convert (time,getdate())),getdate(),convert(char(8),convert (time,getdate())),'wsv','wsv',0 ,'aut66f590245066f594a1d5' ,0,0 ,2,23.00,20000,?,?,?)
20240926@180642.8290 mmidvvep2vcquaei0glj0ouejs Query : insert into wsftcreationlog (initialftstamp,externalid,creationstatus,documenttypeid,idustamp) values ('aut66f590245066f594a1d5','2406220','wait',39,'adm09112754980.682000002')
20240926@180642.9000 mmidvvep2vcquaei0glj0ouejs Query : use flama_phc
20240926@180642.9030 mmidvvep2vcquaei0glj0ouejs Query : update u_wsusers set rqsttoken =? where userid ='userls001'
20240926@180642.9320 mmidvvep2vcquaei0glj0ouejs Query : select concat(rtrim(relative_path),ltrim(name_new)) as valor from uploadfiles where uploadfile_id='2235';
20240926@180642.9670 mmidvvep2vcquaei0glj0ouejs Query : update uploadfiles set whenupdated=current_timestamp where uploadfile_id='2235';
20240926@180642.1006 mmidvvep2vcquaei0glj0ouejs Query : select concat(rtrim(relative_path),ltrim(name_new)) as valor from uploadfiles where uploadfile_id='2235';
20240926@180642.1030 mmidvvep2vcquaei0glj0ouejs Query : update uploadfiles set whenupdated=current_timestamp where uploadfile_id='2235';
20240926@180642.1545 44qmvnupouqjloopqui7o4oojo Query : insert into uploadfiles ( name_original, name_new, option_type, relative_path, whencreated ) values ( ?, ?, ?, ?, getdate() )
20240926@180642.1556 44qmvnupouqjloopqui7o4oojo Query : select uploadfile_id valor from uploadfiles where name_new = ? and option_type = ? 
20240926@180642.1612 44qmvnupouqjloopqui7o4oojo Query : select concat(rtrim(relative_path),ltrim(name_new)) as valor from uploadfiles where uploadfile_id='2236';
20240926@180642.1669 44qmvnupouqjloopqui7o4oojo Query : update uploadfiles set whenupdated=current_timestamp where uploadfile_id='2236';
20240926@180642.1734 44qmvnupouqjloopqui7o4oojo Query : select concat(rtrim(relative_path),ltrim(name_new)) as valor from uploadfiles where uploadfile_id='2236';
20240926@180642.1760 44qmvnupouqjloopqui7o4oojo Query : update uploadfiles set whenupdated=current_timestamp where uploadfile_id='2236';
20240926@180642.1809 44qmvnupouqjloopqui7o4oojo Query : use flama_phc
20240926@180642.1812 44qmvnupouqjloopqui7o4oojo Query : select top 1 secretkey valor from u_wsusers u where u.userid = ? and u.inactivo=0
20240926@180642.1876 44qmvnupouqjloopqui7o4oojo Query : use flama_phc
20240926@180642.1879 44qmvnupouqjloopqui7o4oojo Query : select no, estab,szadrsdesc from szadrs where u_coddest=1549
20240926@180642.1959 44qmvnupouqjloopqui7o4oojo Query : select top 1 isnull(design,'') valor from st (nolock) left join stobs (nolock) on st.ref = stobs.ref where st.ref = '324.4521.00.1'
20240926@180642.1980 44qmvnupouqjloopqui7o4oojo Query : select top 1 bistamp valor from bi inner join bo on bo.bostamp=bi.bostamp where bo.ndos =240 and bo.boano =2062 and bo.obrano = 2406227 and bi.ref ='324.4521.00.1' and bi.lordem =1
20240926@180642.2305 44qmvnupouqjloopqui7o4oojo Query : select top 1 isnull(design,'') valor from st (nolock) left join stobs (nolock) on st.ref = stobs.ref where st.ref = '324.4840.00.1'
20240926@180642.2328 44qmvnupouqjloopqui7o4oojo Query : select top 1 bistamp valor from bi inner join bo on bo.bostamp=bi.bostamp where bo.ndos =240 and bo.boano =2062 and bo.obrano = 2406227 and bi.ref ='324.4840.00.1' and bi.lordem =2
20240926@180642.2641 44qmvnupouqjloopqui7o4oojo Query : select top 1 isnull(design,'') valor from st (nolock) left join stobs (nolock) on st.ref = stobs.ref where st.ref = '304.421.00.04'
20240926@180642.2798 44qmvnupouqjloopqui7o4oojo Query : select top 1 bistamp valor from bi inner join bo on bo.bostamp=bi.bostamp where bo.ndos =240 and bo.boano =2062 and bo.obrano = 2406227 and bi.ref ='304.421.00.04' and bi.lordem =4
20240926@180642.3109 44qmvnupouqjloopqui7o4oojo Query : select top 1 isnull(design,'') valor from st (nolock) left join stobs (nolock) on st.ref = stobs.ref where st.ref = '304.4320.00.1'
20240926@180642.3250 44qmvnupouqjloopqui7o4oojo Query : select top 1 bistamp valor from bi inner join bo on bo.bostamp=bi.bostamp where bo.ndos =240 and bo.boano =2062 and bo.obrano = 2406227 and bi.ref ='304.4320.00.1' and bi.lordem =5
20240926@180642.3573 44qmvnupouqjloopqui7o4oojo Query : select top 1 isnull(design,'') valor from st (nolock) left join stobs (nolock) on st.ref = stobs.ref where st.ref = '324.4990.00.1'
20240926@180642.3757 44qmvnupouqjloopqui7o4oojo Query : select top 1 bistamp valor from bi inner join bo on bo.bostamp=bi.bostamp where bo.ndos =240 and bo.boano =2062 and bo.obrano = 2406227 and bi.ref ='324.4990.00.1' and bi.lordem =6
20240926@180642.4063 44qmvnupouqjloopqui7o4oojo Query : select top 1 isnull(design,'') valor from st (nolock) left join stobs (nolock) on st.ref = stobs.ref where st.ref = '324.958.00.01'
20240926@180642.4210 44qmvnupouqjloopqui7o4oojo Query : select top 1 bistamp valor from bi inner join bo on bo.bostamp=bi.bostamp where bo.ndos =240 and bo.boano =2062 and bo.obrano = 2406227 and bi.ref ='324.958.00.01' and bi.lordem =7
20240926@180642.4527 44qmvnupouqjloopqui7o4oojo Query : select top 1 isnull(design,'') valor from st (nolock) left join stobs (nolock) on st.ref = stobs.ref where st.ref = '324.1896.00.1'
20240926@180642.4673 44qmvnupouqjloopqui7o4oojo Query : select top 1 bistamp valor from bi inner join bo on bo.bostamp=bi.bostamp where bo.ndos =240 and bo.boano =2062 and bo.obrano = 2406227 and bi.ref ='324.1896.00.1' and bi.lordem =8
20240926@180642.4994 44qmvnupouqjloopqui7o4oojo Query : select top 1 isnull(design,'') valor from st (nolock) left join stobs (nolock) on st.ref = stobs.ref where st.ref = '324.1824.00.1'
20240926@180642.5142 44qmvnupouqjloopqui7o4oojo Query : select top 1 bistamp valor from bi inner join bo on bo.bostamp=bi.bostamp where bo.ndos =240 and bo.boano =2062 and bo.obrano = 2406227 and bi.ref ='324.1824.00.1' and bi.lordem =9
20240926@180642.5454 44qmvnupouqjloopqui7o4oojo Query : select top 1 isnull(design,'') valor from st (nolock) left join stobs (nolock) on st.ref = stobs.ref where st.ref = '324.1824.00.1'
20240926@180642.5476 44qmvnupouqjloopqui7o4oojo Query : select top 1 bistamp valor from bi inner join bo on bo.bostamp=bi.bostamp where bo.ndos =240 and bo.boano =2062 and bo.obrano = 2406227 and bi.ref ='324.1824.00.1' and bi.lordem =10
20240926@180642.5989 44qmvnupouqjloopqui7o4oojo Query : select top 1 isnull(design,'') valor from st (nolock) left join stobs (nolock) on st.ref = stobs.ref where st.ref = '324.1805.00.1'
20240926@180642.6146 44qmvnupouqjloopqui7o4oojo Query : select top 1 bistamp valor from bi inner join bo on bo.bostamp=bi.bostamp where bo.ndos =240 and bo.boano =2062 and bo.obrano = 2406227 and bi.ref ='324.1805.00.1' and bi.lordem =11
20240926@180642.6454 44qmvnupouqjloopqui7o4oojo Query : select top 1 isnull(design,'') valor from st (nolock) left join stobs (nolock) on st.ref = stobs.ref where st.ref = '324.1879.00.1'
20240926@180642.7712 44qmvnupouqjloopqui7o4oojo Query : select top 1 bistamp valor from bi inner join bo on bo.bostamp=bi.bostamp where bo.ndos =240 and bo.boano =2062 and bo.obrano = 2406227 and bi.ref ='324.1879.00.1' and bi.lordem =12
20240926@180642.8047 44qmvnupouqjloopqui7o4oojo Query : select top 1 isnull(design,'') valor from st (nolock) left join stobs (nolock) on st.ref = stobs.ref where st.ref = '324.1833.00.2'
20240926@180642.8195 44qmvnupouqjloopqui7o4oojo Query : select top 1 bistamp valor from bi inner join bo on bo.bostamp=bi.bostamp where bo.ndos =240 and bo.boano =2062 and bo.obrano = 2406227 and bi.ref ='324.1833.00.2' and bi.lordem =13
20240926@180642.8505 44qmvnupouqjloopqui7o4oojo Query : select top 1 isnull(design,'') valor from st (nolock) left join stobs (nolock) on st.ref = stobs.ref where st.ref = '324.1871.00.1'
20240926@180642.8525 44qmvnupouqjloopqui7o4oojo Query : select top 1 bistamp valor from bi inner join bo on bo.bostamp=bi.bostamp where bo.ndos =240 and bo.boano =2062 and bo.obrano = 2406227 and bi.ref ='324.1871.00.1' and bi.lordem =14
20240926@180642.8828 44qmvnupouqjloopqui7o4oojo Query : select top 1 isnull(design,'') valor from st (nolock) left join stobs (nolock) on st.ref = stobs.ref where st.ref = '324.1803.00.1'
20240926@180642.8983 44qmvnupouqjloopqui7o4oojo Query : select top 1 bistamp valor from bi inner join bo on bo.bostamp=bi.bostamp where bo.ndos =240 and bo.boano =2062 and bo.obrano = 2406227 and bi.ref ='324.1803.00.1' and bi.lordem =15
20240926@180642.9323 44qmvnupouqjloopqui7o4oojo Query : select top 1 isnull(design,'') valor from st (nolock) left join stobs (nolock) on st.ref = stobs.ref where st.ref = '324.711.00.01'
20240926@180642.9511 44qmvnupouqjloopqui7o4oojo Query : select top 1 bistamp valor from bi inner join bo on bo.bostamp=bi.bostamp where bo.ndos =240 and bo.boano =2062 and bo.obrano = 2406227 and bi.ref ='324.711.00.01' and bi.lordem =16
20240926@180642.9856 44qmvnupouqjloopqui7o4oojo Query : select top 1 isnull(design,'') valor from st (nolock) left join stobs (nolock) on st.ref = stobs.ref where st.ref = '324.724.00.01'
20240926@180642.9881 44qmvnupouqjloopqui7o4oojo Query : select top 1 bistamp valor from bi inner join bo on bo.bostamp=bi.bostamp where bo.ndos =240 and bo.boano =2062 and bo.obrano = 2406227 and bi.ref ='324.724.00.01' and bi.lordem =17
20240926@180643.2070 44qmvnupouqjloopqui7o4oojo Query : use flama_phc
20240926@180643.2110 44qmvnupouqjloopqui7o4oojo Query : select top 1 convert(date,fdata) valor from ft where ndoc = 39 and anulado= 0 and fno>0 order by fdata desc
20240926@180643.2630 44qmvnupouqjloopqui7o4oojo Query : use flama_phc
20240926@180643.2660 44qmvnupouqjloopqui7o4oojo Query : select top 1 1 valor from td where td.ndoc = 39
20240926@180643.2990 44qmvnupouqjloopqui7o4oojo Query : use flama_phc
20240926@180643.3020 44qmvnupouqjloopqui7o4oojo Query : select lower(descricao) descricao ,case when valor='s' then 1 else 0 end valor from para1 where descricao in ('st_lote','st_usalogifunc', 'st_grelha')
20240926@180643.3340 44qmvnupouqjloopqui7o4oojo Query : select top 1 manternumero ,assinadoc issigned ,tiposaft ,assinaimp ,nmdos ,td.assinadoc ,'cl' origin ,lancasl stocks ,case when cmsl<50 and td.lancasl=1 then 1 else 0 end entrada ,case when cmsl>50 and td.lancasl=1 then 1 else 0 end saida ,temserie assets ,~semgre usegridfields from td inner join td2 on td.tdstamp=td2.td2stamp where td.ndoc = 1
20240926@180643.3740 44qmvnupouqjloopqui7o4oojo Query : use flama_phc
20240926@180643.3770 44qmvnupouqjloopqui7o4oojo Query : select top 1 ~inactivo valor from cl where no = '101557' and estab = 0 order by inactivo desc
20240926@180643.5080 44qmvnupouqjloopqui7o4oojo Query : use flama_phc
20240926@180643.5110 44qmvnupouqjloopqui7o4oojo Query : select top 1 tipodoc,regrd from td where ndoc = 39
20240926@180643.5440 44qmvnupouqjloopqui7o4oojo Query : use flama_phc
20240926@180643.5470 44qmvnupouqjloopqui7o4oojo Query : select szadrsstamp valor from szadrs where szadrsdesc='espaÇotrans,lda'
20240926@180643.5920 44qmvnupouqjloopqui7o4oojo Query : use flama_phc
20240926@180643.5950 44qmvnupouqjloopqui7o4oojo Query : select szadrsstamp valor from szadrs where szadrsdesc='jomafal'
20240926@180643.6430 44qmvnupouqjloopqui7o4oojo Query : use flama_phc
20240926@180643.6460 44qmvnupouqjloopqui7o4oojo Query : select 1 valor from td where ndoc = 39
20240926@180643.6600 44qmvnupouqjloopqui7o4oojo Query : select top 1 manternumero, tiposaft, nmdos,td.assinadoc from td where td.ndoc = 39
20240926@180643.6740 44qmvnupouqjloopqui7o4oojo Query : select 1 valor from information_schema.tables where table_type='base table' and table_name='wstablefields'
20240926@180643.6900 44qmvnupouqjloopqui7o4oojo Query : select fieldkey,fieldname,fieldtype,mandatory from wstablefields where tablename = 'ft' and documentnumber = 39
20240926@180643.7090 44qmvnupouqjloopqui7o4oojo Query : select 1 valor from information_schema.tables where table_type='base table' and table_name='wstablefields'
20240926@180643.7250 44qmvnupouqjloopqui7o4oojo Query : select fieldkey,fieldname,fieldtype,mandatory from wstablefields where tablename = 'ft2' and documentnumber = 39
20240926@180643.7540 44qmvnupouqjloopqui7o4oojo Query : select 1 valor from information_schema.tables where table_type='base table' and table_name='wstablefields'
20240926@180643.7690 44qmvnupouqjloopqui7o4oojo Query : select fieldkey,fieldname,fieldtype,mandatory from wstablefields where tablename = 'ft3' and documentnumber = 39
20240926@180643.7830 44qmvnupouqjloopqui7o4oojo Query : select top 1 ft.fno valor from ft ft where ft.ndoc = 39 and ftano=2024 order by fno desc
20240926@180643.8490 44qmvnupouqjloopqui7o4oojo Query : select top 1 ft.fno valor from wsftdata ft where ft.ndoc = 39 and ftano=2024 order by fno desc
20240926@180643.8620 44qmvnupouqjloopqui7o4oojo Query : select 1 valor from information_schema.tables where table_type='base table' and table_name='wstablefields'
20240926@180643.8780 44qmvnupouqjloopqui7o4oojo Query : select fieldkey,fieldname,fieldtype,calcformula from wstablefields where tablename = 'ft3' and documentnumber = 39
20240926@180643.8960 44qmvnupouqjloopqui7o4oojo Query : insert into wsft3data (ft3stamp, ousrdata, ousrhora, usrdata,usrhora,ousrinis,usrinis,taxpointdt ) values ('aut66f599659566f594a313' ,getdate(),convert(char(8),convert (time,getdate())),getdate(),convert(char(8),convert (time,getdate())),'wsv','wsv',?)
20240926@180643.1079 44qmvnupouqjloopqui7o4oojo Query : select 1 valor from information_schema.tables where table_type='base table' and table_name='wstablefields'
20240926@180643.1096 44qmvnupouqjloopqui7o4oojo Query : select fieldkey,fieldname,fieldtype,calcformula from wstablefields where tablename = 'ft2' and documentnumber = 39
20240926@180643.1131 44qmvnupouqjloopqui7o4oojo Query : select top 1 bo.u_nomeenv valor from bo where bo.bostamp=''
20240926@180643.1144 44qmvnupouqjloopqui7o4oojo Query : select top 1 bo.u_moradaen valor from bo where bo.bostamp=''
20240926@180643.1155 44qmvnupouqjloopqui7o4oojo Query : select top 1 bo.u_codposen valor from bo where bo.bostamp=''
20240926@180643.1167 44qmvnupouqjloopqui7o4oojo Query : select top 1 bo.u_localenv valor from bo where bo.bostamp=''
20240926@180643.1179 44qmvnupouqjloopqui7o4oojo Query : select top 1 bo.trab5 valor from bo where bo.bostamp=''
20240926@180643.1191 44qmvnupouqjloopqui7o4oojo Query : select top 1 bo.serie valor from bo where bo.bostamp=''
20240926@180643.1203 44qmvnupouqjloopqui7o4oojo Query : insert into wsft2data (ft2stamp, ousrdata,ousrhora, usrdata,usrhora,ousrinis,usrinis,u_nomeenv ,u_moradaen ,u_codposen ,u_localenv ,u_coddest ,u_codby ) values ('aut66f599659566f594a313',getdate(),convert(char(8),convert (time,getdate())),getdate(),convert(char(8),convert (time,getdate())),'wsv','wsv',?,?,?,?,?,?)
20240926@180643.1447 44qmvnupouqjloopqui7o4oojo Query : select top 1 fno valor from wsftdata order by fno desc
20240926@180643.1468 44qmvnupouqjloopqui7o4oojo Query : select 1 valor from information_schema.tables where table_type='base table' and table_name='wstablefields'
20240926@180643.1484 44qmvnupouqjloopqui7o4oojo Query : select fieldkey,fieldname,fieldtype,calcformula from wstablefields where tablename = 'ft' and documentnumber = 39
20240926@180643.1507 44qmvnupouqjloopqui7o4oojo Query : select 'normal' from dummy
20240926@180643.1522 44qmvnupouqjloopqui7o4oojo Query : insert into wsftdata (ftstamp, ousrdata,ousrhora, usrdata,usrhora,ousrinis,usrinis,fno,no,estab,fdata,ndoc,moeda,cambio,cambiofixo,ftano,site ,classe ) values ('aut66f599659566f594a313',getdate(),convert(char(8),convert (time,getdate())),getdate(),convert(char(8),convert (time,getdate())),'wsv','wsv',948,101557,0,'2024-09-26',39,'euro',0,0,2024 ,?,?)
20240926@180643.1806 44qmvnupouqjloopqui7o4oojo Query : use flama_phc
20240926@180643.1810 44qmvnupouqjloopqui7o4oojo Query : select st.usalote valor from st where st.ref = '324.4521.00.1'
20240926@180643.1831 44qmvnupouqjloopqui7o4oojo Query : select top 1 st.tabiva ,st.ivaincl ,st.stns ,st.uni2 ,st.familia ,isnull(tx.taxa, 0) txiva ,unidade ,usalote ,epcpond ,noserie ,conversao ,st.texteis from st left join taxasiva tx on st.tabiva = tx.codigo where st.ref = '324.4521.00.1'
20240926@180643.1847 44qmvnupouqjloopqui7o4oojo Query : select 1 valor from information_schema.tables where table_type='base table' and table_name='wstablefields'
20240926@180643.1864 44qmvnupouqjloopqui7o4oojo Query : select fieldkey,fieldname,fieldtype,mandatory from wstablefields where tablename = 'fi' and documentnumber = 39
20240926@180643.1894 44qmvnupouqjloopqui7o4oojo Query : select 1 valor from information_schema.tables where table_type='base table' and table_name='wstablefields'
20240926@180643.1908 44qmvnupouqjloopqui7o4oojo Query : select fieldkey,fieldname,fieldtype,mandatory from wstablefields where tablename = 'fi2' and documentnumber = 39
20240926@180643.1917 44qmvnupouqjloopqui7o4oojo Query : select top 1 convert(numeric(6,2),t.taxa) valor from taxasiva t where t.codigo='2'
20240926@180643.1929 44qmvnupouqjloopqui7o4oojo Query : select sestamp valor from se where ref ='324.4521.00.1' and lote = 'r2400052200a'
20240926@180643.1941 44qmvnupouqjloopqui7o4oojo Query : select 1 valor from information_schema.tables where table_type='base table' and table_name='wstablefields'
20240926@180643.1957 44qmvnupouqjloopqui7o4oojo Query : select fieldkey,fieldname,fieldtype,calcformula from wstablefields where tablename = 'fi2' and documentnumber = 39
20240926@180643.1968 44qmvnupouqjloopqui7o4oojo Query : insert into wsfi2data (fi2stamp,ftstamp ,ousrdata, ousrhora, usrdata,usrhora,ousrinis,usrinis) values ('aut66f591093966f594a32f','aut66f599659566f594a313' ,getdate(),convert(char(8),convert (time,getdate())),getdate(),convert(char(8),convert (time,getdate())),'wsv','wsv')
20240926@180643.1973 44qmvnupouqjloopqui7o4oojo Query : select 1 valor from information_schema.tables where table_type='base table' and table_name='wstablefields'
20240926@180643.1988 44qmvnupouqjloopqui7o4oojo Query : select fieldkey,fieldname,fieldtype,calcformula from wstablefields where tablename = 'fi' and documentnumber = 39
20240926@180643.2016 44qmvnupouqjloopqui7o4oojo Query : insert into wsfidata (fistamp,ousrdata, ousrhora, usrdata,usrhora,ousrinis,usrinis ,qtt ,ftstamp ,epv,pvmoeda ,tabiva,iva,lordem ,ref, design ,lote,armazem,bistamp ) values ('aut66f591093966f594a32f',getdate(),convert(char(8),convert (time,getdate())),getdate(),convert(char(8),convert (time,getdate())),'wsv','wsv',4.000 ,'aut66f599659566f594a313' ,0,0 ,2,23.00,10000,?,?,?,?,?)
20240926@180643.2273 44qmvnupouqjloopqui7o4oojo Query : use flama_phc
20240926@180643.2277 44qmvnupouqjloopqui7o4oojo Query : select st.usalote valor from st where st.ref = '324.4840.00.1'
20240926@180643.2298 44qmvnupouqjloopqui7o4oojo Query : select top 1 st.tabiva ,st.ivaincl ,st.stns ,st.uni2 ,st.familia ,isnull(tx.taxa, 0) txiva ,unidade ,usalote ,epcpond ,noserie ,conversao ,st.texteis from st left join taxasiva tx on st.tabiva = tx.codigo where st.ref = '324.4840.00.1'
20240926@180643.2313 44qmvnupouqjloopqui7o4oojo Query : select 1 valor from information_schema.tables where table_type='base table' and table_name='wstablefields'
20240926@180643.2329 44qmvnupouqjloopqui7o4oojo Query : select fieldkey,fieldname,fieldtype,mandatory from wstablefields where tablename = 'fi' and documentnumber = 39
20240926@180643.2356 44qmvnupouqjloopqui7o4oojo Query : select 1 valor from information_schema.tables where table_type='base table' and table_name='wstablefields'
20240926@180643.2374 44qmvnupouqjloopqui7o4oojo Query : select fieldkey,fieldname,fieldtype,mandatory from wstablefields where tablename = 'fi2' and documentnumber = 39
20240926@180643.2384 44qmvnupouqjloopqui7o4oojo Query : select top 1 convert(numeric(6,2),t.taxa) valor from taxasiva t where t.codigo='2'
20240926@180643.2397 44qmvnupouqjloopqui7o4oojo Query : select sestamp valor from se where ref ='324.4840.00.1' and lote = 'r2400064200a'
20240926@180643.2410 44qmvnupouqjloopqui7o4oojo Query : select 1 valor from information_schema.tables where table_type='base table' and table_name='wstablefields'
20240926@180643.2425 44qmvnupouqjloopqui7o4oojo Query : select fieldkey,fieldname,fieldtype,calcformula from wstablefields where tablename = 'fi2' and documentnumber = 39
20240926@180643.2437 44qmvnupouqjloopqui7o4oojo Query : insert into wsfi2data (fi2stamp,ftstamp ,ousrdata, ousrhora, usrdata,usrhora,ousrinis,usrinis) values ('aut66f598869866f594a33a','aut66f599659566f594a313' ,getdate(),convert(char(8),convert (time,getdate())),getdate(),convert(char(8),convert (time,getdate())),'wsv','wsv')
20240926@180643.2441 44qmvnupouqjloopqui7o4oojo Query : select 1 valor from information_schema.tables where table_type='base table' and table_name='wstablefields'
20240926@180643.2456 44qmvnupouqjloopqui7o4oojo Query : select fieldkey,fieldname,fieldtype,calcformula from wstablefields where tablename = 'fi' and documentnumber = 39
20240926@180643.2486 44qmvnupouqjloopqui7o4oojo Query : insert into wsfidata (fistamp,ousrdata, ousrhora, usrdata,usrhora,ousrinis,usrinis ,qtt ,ftstamp ,epv,pvmoeda ,tabiva,iva,lordem ,ref, design ,lote,armazem,bistamp ) values ('aut66f598869866f594a33a',getdate(),convert(char(8),convert (time,getdate())),getdate(),convert(char(8),convert (time,getdate())),'wsv','wsv',2.000 ,'aut66f599659566f594a313' ,0,0 ,2,23.00,20000,?,?,?,?,?)
20240926@180643.2755 44qmvnupouqjloopqui7o4oojo Query : use flama_phc
20240926@180643.2759 44qmvnupouqjloopqui7o4oojo Query : select st.usalote valor from st where st.ref = '304.421.00.04'
20240926@180643.2781 44qmvnupouqjloopqui7o4oojo Query : select top 1 st.tabiva ,st.ivaincl ,st.stns ,st.uni2 ,st.familia ,isnull(tx.taxa, 0) txiva ,unidade ,usalote ,epcpond ,noserie ,conversao ,st.texteis from st left join taxasiva tx on st.tabiva = tx.codigo where st.ref = '304.421.00.04'
20240926@180643.2932 44qmvnupouqjloopqui7o4oojo Query : select 1 valor from information_schema.tables where table_type='base table' and table_name='wstablefields'
20240926@180643.2948 44qmvnupouqjloopqui7o4oojo Query : select fieldkey,fieldname,fieldtype,mandatory from wstablefields where tablename = 'fi' and documentnumber = 39
20240926@180643.2985 44qmvnupouqjloopqui7o4oojo Query : select 1 valor from information_schema.tables where table_type='base table' and table_name='wstablefields'
20240926@180643.2999 44qmvnupouqjloopqui7o4oojo Query : select fieldkey,fieldname,fieldtype,mandatory from wstablefields where tablename = 'fi2' and documentnumber = 39
20240926@180643.3007 44qmvnupouqjloopqui7o4oojo Query : select top 1 convert(numeric(6,2),t.taxa) valor from taxasiva t where t.codigo='2'
20240926@180643.3020 44qmvnupouqjloopqui7o4oojo Query : select sestamp valor from se where ref ='304.421.00.04' and lote = '241001'
20240926@180643.3048 44qmvnupouqjloopqui7o4oojo Query : select 1 valor from information_schema.tables where table_type='base table' and table_name='wstablefields'
20240926@180643.3062 44qmvnupouqjloopqui7o4oojo Query : select fieldkey,fieldname,fieldtype,calcformula from wstablefields where tablename = 'fi2' and documentnumber = 39
20240926@180643.3075 44qmvnupouqjloopqui7o4oojo Query : insert into wsfi2data (fi2stamp,ftstamp ,ousrdata, ousrhora, usrdata,usrhora,ousrinis,usrinis) values ('aut66f590330766f594a34a','aut66f599659566f594a313' ,getdate(),convert(char(8),convert (time,getdate())),getdate(),convert(char(8),convert (time,getdate())),'wsv','wsv')
20240926@180643.3080 44qmvnupouqjloopqui7o4oojo Query : select 1 valor from information_schema.tables where table_type='base table' and table_name='wstablefields'
20240926@180643.3094 44qmvnupouqjloopqui7o4oojo Query : select fieldkey,fieldname,fieldtype,calcformula from wstablefields where tablename = 'fi' and documentnumber = 39
20240926@180643.3123 44qmvnupouqjloopqui7o4oojo Query : insert into wsfidata (fistamp,ousrdata, ousrhora, usrdata,usrhora,ousrinis,usrinis ,qtt ,ftstamp ,epv,pvmoeda ,tabiva,iva,lordem ,ref, design ,lote,armazem,bistamp ) values ('aut66f590330766f594a34a',getdate(),convert(char(8),convert (time,getdate())),getdate(),convert(char(8),convert (time,getdate())),'wsv','wsv',4.000 ,'aut66f599659566f594a313' ,0,0 ,2,23.00,30000,?,?,?,?,?)
20240926@180643.3395 44qmvnupouqjloopqui7o4oojo Query : select 1 valor from information_schema.tables where table_type='base table' and table_name='wstablefields'
20240926@180643.3412 44qmvnupouqjloopqui7o4oojo Query : select fieldkey,fieldname,fieldtype,mandatory from wstablefields where tablename = 'fi' and documentnumber = 39
20240926@180643.3438 44qmvnupouqjloopqui7o4oojo Query : select 1 valor from information_schema.tables where table_type='base table' and table_name='wstablefields'
20240926@180643.3453 44qmvnupouqjloopqui7o4oojo Query : select fieldkey,fieldname,fieldtype,mandatory from wstablefields where tablename = 'fi2' and documentnumber = 39
20240926@180643.3462 44qmvnupouqjloopqui7o4oojo Query : select top 1 convert(numeric(6,2),t.taxa) valor from taxasiva t where t.codigo='2'
20240926@180643.3474 44qmvnupouqjloopqui7o4oojo Query : select 1 valor from information_schema.tables where table_type='base table' and table_name='wstablefields'
20240926@180643.3489 44qmvnupouqjloopqui7o4oojo Query : select fieldkey,fieldname,fieldtype,calcformula from wstablefields where tablename = 'fi2' and documentnumber = 39
20240926@180643.3504 44qmvnupouqjloopqui7o4oojo Query : insert into wsfi2data (fi2stamp,ftstamp ,ousrdata, ousrhora, usrdata,usrhora,ousrinis,usrinis) values ('aut66f590996866f594a354','aut66f599659566f594a313' ,getdate(),convert(char(8),convert (time,getdate())),getdate(),convert(char(8),convert (time,getdate())),'wsv','wsv')
20240926@180643.3508 44qmvnupouqjloopqui7o4oojo Query : select 1 valor from information_schema.tables where table_type='base table' and table_name='wstablefields'
20240926@180643.3523 44qmvnupouqjloopqui7o4oojo Query : select fieldkey,fieldname,fieldtype,calcformula from wstablefields where tablename = 'fi' and documentnumber = 39
20240926@180643.3556 44qmvnupouqjloopqui7o4oojo Query : insert into wsfidata (fistamp,ousrdata, ousrhora, usrdata,usrhora,ousrinis,usrinis ,qtt ,ftstamp ,epv,pvmoeda ,tabiva,iva,lordem ,ref, design ,armazem) values ('aut66f590996866f594a354',getdate(),convert(char(8),convert (time,getdate())),getdate(),convert(char(8),convert (time,getdate())),'wsv','wsv',0 ,'aut66f599659566f594a313' ,0,0 ,2,23.00,40000,?,?,?)
20240926@180643.3801 44qmvnupouqjloopqui7o4oojo Query : use flama_phc
20240926@180643.3804 44qmvnupouqjloopqui7o4oojo Query : select st.usalote valor from st where st.ref = '304.4320.00.1'
20240926@180643.3824 44qmvnupouqjloopqui7o4oojo Query : select top 1 st.tabiva ,st.ivaincl ,st.stns ,st.uni2 ,st.familia ,isnull(tx.taxa, 0) txiva ,unidade ,usalote ,epcpond ,noserie ,conversao ,st.texteis from st left join taxasiva tx on st.tabiva = tx.codigo where st.ref = '304.4320.00.1'
20240926@180643.3972 44qmvnupouqjloopqui7o4oojo Query : select 1 valor from information_schema.tables where table_type='base table' and table_name='wstablefields'
20240926@180643.3989 44qmvnupouqjloopqui7o4oojo Query : select fieldkey,fieldname,fieldtype,mandatory from wstablefields where tablename = 'fi' and documentnumber = 39
20240926@180643.4018 44qmvnupouqjloopqui7o4oojo Query : select 1 valor from information_schema.tables where table_type='base table' and table_name='wstablefields'
20240926@180643.4033 44qmvnupouqjloopqui7o4oojo Query : select fieldkey,fieldname,fieldtype,mandatory from wstablefields where tablename = 'fi2' and documentnumber = 39
20240926@180643.4042 44qmvnupouqjloopqui7o4oojo Query : select top 1 convert(numeric(6,2),t.taxa) valor from taxasiva t where t.codigo='2'
20240926@180643.4055 44qmvnupouqjloopqui7o4oojo Query : select sestamp valor from se where ref ='304.4320.00.1' and lote = '240180'
20240926@180643.4088 44qmvnupouqjloopqui7o4oojo Query : select 1 valor from information_schema.tables where table_type='base table' and table_name='wstablefields'
20240926@180643.4104 44qmvnupouqjloopqui7o4oojo Query : select fieldkey,fieldname,fieldtype,calcformula from wstablefields where tablename = 'fi2' and documentnumber = 39
20240926@180643.4118 44qmvnupouqjloopqui7o4oojo Query : insert into wsfi2data (fi2stamp,ftstamp ,ousrdata, ousrhora, usrdata,usrhora,ousrinis,usrinis) values ('aut66f591062566f594a363','aut66f599659566f594a313' ,getdate(),convert(char(8),convert (time,getdate())),getdate(),convert(char(8),convert (time,getdate())),'wsv','wsv')
20240926@180643.4122 44qmvnupouqjloopqui7o4oojo Query : select 1 valor from information_schema.tables where table_type='base table' and table_name='wstablefields'
20240926@180643.4138 44qmvnupouqjloopqui7o4oojo Query : select fieldkey,fieldname,fieldtype,calcformula from wstablefields where tablename = 'fi' and documentnumber = 39
20240926@180643.4167 44qmvnupouqjloopqui7o4oojo Query : insert into wsfidata (fistamp,ousrdata, ousrhora, usrdata,usrhora,ousrinis,usrinis ,qtt ,ftstamp ,epv,pvmoeda ,tabiva,iva,lordem ,ref, design ,lote,armazem,bistamp ) values ('aut66f591062566f594a363',getdate(),convert(char(8),convert (time,getdate())),getdate(),convert(char(8),convert (time,getdate())),'wsv','wsv',4.000 ,'aut66f599659566f594a313' ,0,0 ,2,23.00,60000,?,?,?,?,?)
20240926@180643.4443 44qmvnupouqjloopqui7o4oojo Query : use flama_phc
20240926@180643.4446 44qmvnupouqjloopqui7o4oojo Query : select st.usalote valor from st where st.ref = '324.4990.00.1'
20240926@180643.4468 44qmvnupouqjloopqui7o4oojo Query : select top 1 st.tabiva ,st.ivaincl ,st.stns ,st.uni2 ,st.familia ,isnull(tx.taxa, 0) txiva ,unidade ,usalote ,epcpond ,noserie ,conversao ,st.texteis from st left join taxasiva tx on st.tabiva = tx.codigo where st.ref = '324.4990.00.1'
20240926@180643.4616 44qmvnupouqjloopqui7o4oojo Query : select 1 valor from information_schema.tables where table_type='base table' and table_name='wstablefields'
20240926@180643.4633 44qmvnupouqjloopqui7o4oojo Query : select fieldkey,fieldname,fieldtype,mandatory from wstablefields where tablename = 'fi' and documentnumber = 39
20240926@180643.4661 44qmvnupouqjloopqui7o4oojo Query : select 1 valor from information_schema.tables where table_type='base table' and table_name='wstablefields'
20240926@180643.4677 44qmvnupouqjloopqui7o4oojo Query : select fieldkey,fieldname,fieldtype,mandatory from wstablefields where tablename = 'fi2' and documentnumber = 39
20240926@180643.4689 44qmvnupouqjloopqui7o4oojo Query : select top 1 convert(numeric(6,2),t.taxa) valor from taxasiva t where t.codigo='2'
20240926@180643.4703 44qmvnupouqjloopqui7o4oojo Query : select sestamp valor from se where ref ='324.4990.00.1' and lote = 'r2100189200a'
20240926@180643.4728 44qmvnupouqjloopqui7o4oojo Query : select 1 valor from information_schema.tables where table_type='base table' and table_name='wstablefields'
20240926@180643.4747 44qmvnupouqjloopqui7o4oojo Query : select fieldkey,fieldname,fieldtype,calcformula from wstablefields where tablename = 'fi2' and documentnumber = 39
20240926@180643.4762 44qmvnupouqjloopqui7o4oojo Query : insert into wsfi2data (fi2stamp,ftstamp ,ousrdata, ousrhora, usrdata,usrhora,ousrinis,usrinis) values ('aut66f599952766f594a373','aut66f599659566f594a313' ,getdate(),convert(char(8),convert (time,getdate())),getdate(),convert(char(8),convert (time,getdate())),'wsv','wsv')
20240926@180643.4768 44qmvnupouqjloopqui7o4oojo Query : select 1 valor from information_schema.tables where table_type='base table' and table_name='wstablefields'
20240926@180643.4787 44qmvnupouqjloopqui7o4oojo Query : select fieldkey,fieldname,fieldtype,calcformula from wstablefields where tablename = 'fi' and documentnumber = 39
20240926@180643.4820 44qmvnupouqjloopqui7o4oojo Query : insert into wsfidata (fistamp,ousrdata, ousrhora, usrdata,usrhora,ousrinis,usrinis ,qtt ,ftstamp ,epv,pvmoeda ,tabiva,iva,lordem ,ref, design ,lote,armazem,bistamp ) values ('aut66f599952766f594a373',getdate(),convert(char(8),convert (time,getdate())),getdate(),convert(char(8),convert (time,getdate())),'wsv','wsv',4.000 ,'aut66f599659566f594a313' ,0,0 ,2,23.00,70000,?,?,?,?,?)
20240926@180643.5083 44qmvnupouqjloopqui7o4oojo Query : use flama_phc
20240926@180643.5086 44qmvnupouqjloopqui7o4oojo Query : select st.usalote valor from st where st.ref = '324.958.00.01'
20240926@180643.5107 44qmvnupouqjloopqui7o4oojo Query : select top 1 st.tabiva ,st.ivaincl ,st.stns ,st.uni2 ,st.familia ,isnull(tx.taxa, 0) txiva ,unidade ,usalote ,epcpond ,noserie ,conversao ,st.texteis from st left join taxasiva tx on st.tabiva = tx.codigo where st.ref = '324.958.00.01'
20240926@180643.5250 44qmvnupouqjloopqui7o4oojo Query : select 1 valor from information_schema.tables where table_type='base table' and table_name='wstablefields'
20240926@180643.5266 44qmvnupouqjloopqui7o4oojo Query : select fieldkey,fieldname,fieldtype,mandatory from wstablefields where tablename = 'fi' and documentnumber = 39
20240926@180643.5296 44qmvnupouqjloopqui7o4oojo Query : select 1 valor from information_schema.tables where table_type='base table' and table_name='wstablefields'
20240926@180643.5311 44qmvnupouqjloopqui7o4oojo Query : select fieldkey,fieldname,fieldtype,mandatory from wstablefields where tablename = 'fi2' and documentnumber = 39
20240926@180643.5320 44qmvnupouqjloopqui7o4oojo Query : select top 1 convert(numeric(6,2),t.taxa) valor from taxasiva t where t.codigo='2'
20240926@180643.5334 44qmvnupouqjloopqui7o4oojo Query : select sestamp valor from se where ref ='324.958.00.01' and lote = 'r2400240200a'
20240926@180643.5348 44qmvnupouqjloopqui7o4oojo Query : select 1 valor from information_schema.tables where table_type='base table' and table_name='wstablefields'
20240926@180643.5367 44qmvnupouqjloopqui7o4oojo Query : select fieldkey,fieldname,fieldtype,calcformula from wstablefields where tablename = 'fi2' and documentnumber = 39
20240926@180643.5379 44qmvnupouqjloopqui7o4oojo Query : insert into wsfi2data (fi2stamp,ftstamp ,ousrdata, ousrhora, usrdata,usrhora,ousrinis,usrinis) values ('aut66f595654766f594a382','aut66f599659566f594a313' ,getdate(),convert(char(8),convert (time,getdate())),getdate(),convert(char(8),convert (time,getdate())),'wsv','wsv')
20240926@180643.5383 44qmvnupouqjloopqui7o4oojo Query : select 1 valor from information_schema.tables where table_type='base table' and table_name='wstablefields'
20240926@180643.5398 44qmvnupouqjloopqui7o4oojo Query : select fieldkey,fieldname,fieldtype,calcformula from wstablefields where tablename = 'fi' and documentnumber = 39
20240926@180643.5428 44qmvnupouqjloopqui7o4oojo Query : insert into wsfidata (fistamp,ousrdata, ousrhora, usrdata,usrhora,ousrinis,usrinis ,qtt ,ftstamp ,epv,pvmoeda ,tabiva,iva,lordem ,ref, design ,lote,armazem,bistamp ) values ('aut66f595654766f594a382',getdate(),convert(char(8),convert (time,getdate())),getdate(),convert(char(8),convert (time,getdate())),'wsv','wsv',4.000 ,'aut66f599659566f594a313' ,0,0 ,2,23.00,80000,?,?,?,?,?)
20240926@180643.5682 44qmvnupouqjloopqui7o4oojo Query : use flama_phc
20240926@180643.5685 44qmvnupouqjloopqui7o4oojo Query : select st.usalote valor from st where st.ref = '324.1896.00.1'
20240926@180643.5705 44qmvnupouqjloopqui7o4oojo Query : select top 1 st.tabiva ,st.ivaincl ,st.stns ,st.uni2 ,st.familia ,isnull(tx.taxa, 0) txiva ,unidade ,usalote ,epcpond ,noserie ,conversao ,st.texteis from st left join taxasiva tx on st.tabiva = tx.codigo where st.ref = '324.1896.00.1'
20240926@180643.5853 44qmvnupouqjloopqui7o4oojo Query : select 1 valor from information_schema.tables where table_type='base table' and table_name='wstablefields'
20240926@180643.5869 44qmvnupouqjloopqui7o4oojo Query : select fieldkey,fieldname,fieldtype,mandatory from wstablefields where tablename = 'fi' and documentnumber = 39
20240926@180643.5895 44qmvnupouqjloopqui7o4oojo Query : select 1 valor from information_schema.tables where table_type='base table' and table_name='wstablefields'
20240926@180643.5909 44qmvnupouqjloopqui7o4oojo Query : select fieldkey,fieldname,fieldtype,mandatory from wstablefields where tablename = 'fi2' and documentnumber = 39
20240926@180643.5918 44qmvnupouqjloopqui7o4oojo Query : select top 1 convert(numeric(6,2),t.taxa) valor from taxasiva t where t.codigo='2'
20240926@180643.5930 44qmvnupouqjloopqui7o4oojo Query : select sestamp valor from se where ref ='324.1896.00.1' and lote = 'r2101190100a'
20240926@180643.5950 44qmvnupouqjloopqui7o4oojo Query : select 1 valor from information_schema.tables where table_type='base table' and table_name='wstablefields'
20240926@180643.5966 44qmvnupouqjloopqui7o4oojo Query : select fieldkey,fieldname,fieldtype,calcformula from wstablefields where tablename = 'fi2' and documentnumber = 39
20240926@180643.5979 44qmvnupouqjloopqui7o4oojo Query : insert into wsfi2data (fi2stamp,ftstamp ,ousrdata, ousrhora, usrdata,usrhora,ousrinis,usrinis) values ('aut66f596389966f594a391','aut66f599659566f594a313' ,getdate(),convert(char(8),convert (time,getdate())),getdate(),convert(char(8),convert (time,getdate())),'wsv','wsv')
20240926@180643.5983 44qmvnupouqjloopqui7o4oojo Query : select 1 valor from information_schema.tables where table_type='base table' and table_name='wstablefields'
20240926@180643.5998 44qmvnupouqjloopqui7o4oojo Query : select fieldkey,fieldname,fieldtype,calcformula from wstablefields where tablename = 'fi' and documentnumber = 39
20240926@180643.6029 44qmvnupouqjloopqui7o4oojo Query : insert into wsfidata (fistamp,ousrdata, ousrhora, usrdata,usrhora,ousrinis,usrinis ,qtt ,ftstamp ,epv,pvmoeda ,tabiva,iva,lordem ,ref, design ,lote,armazem,bistamp ) values ('aut66f596389966f594a391',getdate(),convert(char(8),convert (time,getdate())),getdate(),convert(char(8),convert (time,getdate())),'wsv','wsv',2.000 ,'aut66f599659566f594a313' ,0,0 ,2,23.00,90000,?,?,?,?,?)
20240926@180643.6277 44qmvnupouqjloopqui7o4oojo Query : use flama_phc
20240926@180643.6280 44qmvnupouqjloopqui7o4oojo Query : select st.usalote valor from st where st.ref = '324.1824.00.1'
20240926@180643.6300 44qmvnupouqjloopqui7o4oojo Query : select top 1 st.tabiva ,st.ivaincl ,st.stns ,st.uni2 ,st.familia ,isnull(tx.taxa, 0) txiva ,unidade ,usalote ,epcpond ,noserie ,conversao ,st.texteis from st left join taxasiva tx on st.tabiva = tx.codigo where st.ref = '324.1824.00.1'
20240926@180643.6443 44qmvnupouqjloopqui7o4oojo Query : select 1 valor from information_schema.tables where table_type='base table' and table_name='wstablefields'
20240926@180643.6459 44qmvnupouqjloopqui7o4oojo Query : select fieldkey,fieldname,fieldtype,mandatory from wstablefields where tablename = 'fi' and documentnumber = 39
20240926@180643.6488 44qmvnupouqjloopqui7o4oojo Query : select 1 valor from information_schema.tables where table_type='base table' and table_name='wstablefields'
20240926@180643.6502 44qmvnupouqjloopqui7o4oojo Query : select fieldkey,fieldname,fieldtype,mandatory from wstablefields where tablename = 'fi2' and documentnumber = 39
20240926@180643.6511 44qmvnupouqjloopqui7o4oojo Query : select top 1 convert(numeric(6,2),t.taxa) valor from taxasiva t where t.codigo='2'
20240926@180643.6526 44qmvnupouqjloopqui7o4oojo Query : select sestamp valor from se where ref ='324.1824.00.1' and lote = 'r2301209200a'
20240926@180643.6550 44qmvnupouqjloopqui7o4oojo Query : select 1 valor from information_schema.tables where table_type='base table' and table_name='wstablefields'
20240926@180643.6564 44qmvnupouqjloopqui7o4oojo Query : select fieldkey,fieldname,fieldtype,calcformula from wstablefields where tablename = 'fi2' and documentnumber = 39
20240926@180643.6577 44qmvnupouqjloopqui7o4oojo Query : insert into wsfi2data (fi2stamp,ftstamp ,ousrdata, ousrhora, usrdata,usrhora,ousrinis,usrinis) values ('aut66f599490866f594a39f','aut66f599659566f594a313' ,getdate(),convert(char(8),convert (time,getdate())),getdate(),convert(char(8),convert (time,getdate())),'wsv','wsv')
20240926@180643.6581 44qmvnupouqjloopqui7o4oojo Query : select 1 valor from information_schema.tables where table_type='base table' and table_name='wstablefields'
20240926@180643.6596 44qmvnupouqjloopqui7o4oojo Query : select fieldkey,fieldname,fieldtype,calcformula from wstablefields where tablename = 'fi' and documentnumber = 39
20240926@180643.6627 44qmvnupouqjloopqui7o4oojo Query : insert into wsfidata (fistamp,ousrdata, ousrhora, usrdata,usrhora,ousrinis,usrinis ,qtt ,ftstamp ,epv,pvmoeda ,tabiva,iva,lordem ,ref, design ,lote,armazem,bistamp ) values ('aut66f599490866f594a39f',getdate(),convert(char(8),convert (time,getdate())),getdate(),convert(char(8),convert (time,getdate())),'wsv','wsv',3.000 ,'aut66f599659566f594a313' ,0,0 ,2,23.00,100000,?,?,?,?,?)
20240926@180643.6885 44qmvnupouqjloopqui7o4oojo Query : select 1 valor from information_schema.tables where table_type='base table' and table_name='wstablefields'
20240926@180643.6901 44qmvnupouqjloopqui7o4oojo Query : select fieldkey,fieldname,fieldtype,mandatory from wstablefields where tablename = 'fi' and documentnumber = 39
20240926@180643.6929 44qmvnupouqjloopqui7o4oojo Query : select 1 valor from information_schema.tables where table_type='base table' and table_name='wstablefields'
20240926@180643.6943 44qmvnupouqjloopqui7o4oojo Query : select fieldkey,fieldname,fieldtype,mandatory from wstablefields where tablename = 'fi2' and documentnumber = 39
20240926@180643.6952 44qmvnupouqjloopqui7o4oojo Query : select top 1 convert(numeric(6,2),t.taxa) valor from taxasiva t where t.codigo='2'
20240926@180643.6964 44qmvnupouqjloopqui7o4oojo Query : select 1 valor from information_schema.tables where table_type='base table' and table_name='wstablefields'
20240926@180643.6979 44qmvnupouqjloopqui7o4oojo Query : select fieldkey,fieldname,fieldtype,calcformula from wstablefields where tablename = 'fi2' and documentnumber = 39
20240926@180643.6991 44qmvnupouqjloopqui7o4oojo Query : insert into wsfi2data (fi2stamp,ftstamp ,ousrdata, ousrhora, usrdata,usrhora,ousrinis,usrinis) values ('aut66f593875966f594a3aa','aut66f599659566f594a313' ,getdate(),convert(char(8),convert (time,getdate())),getdate(),convert(char(8),convert (time,getdate())),'wsv','wsv')
20240926@180643.6995 44qmvnupouqjloopqui7o4oojo Query : select 1 valor from information_schema.tables where table_type='base table' and table_name='wstablefields'
20240926@180643.7010 44qmvnupouqjloopqui7o4oojo Query : select fieldkey,fieldname,fieldtype,calcformula from wstablefields where tablename = 'fi' and documentnumber = 39
20240926@180643.7040 44qmvnupouqjloopqui7o4oojo Query : insert into wsfidata (fistamp,ousrdata, ousrhora, usrdata,usrhora,ousrinis,usrinis ,qtt ,ftstamp ,epv,pvmoeda ,tabiva,iva,lordem ,ref, design ,armazem) values ('aut66f593875966f594a3aa',getdate(),convert(char(8),convert (time,getdate())),getdate(),convert(char(8),convert (time,getdate())),'wsv','wsv',0 ,'aut66f599659566f594a313' ,0,0 ,2,23.00,110000,?,?,?)
20240926@180643.7417 44qmvnupouqjloopqui7o4oojo Query : use flama_phc
20240926@180643.7421 44qmvnupouqjloopqui7o4oojo Query : select st.usalote valor from st where st.ref = '324.1824.00.1'
20240926@180643.7441 44qmvnupouqjloopqui7o4oojo Query : select top 1 st.tabiva ,st.ivaincl ,st.stns ,st.uni2 ,st.familia ,isnull(tx.taxa, 0) txiva ,unidade ,usalote ,epcpond ,noserie ,conversao ,st.texteis from st left join taxasiva tx on st.tabiva = tx.codigo where st.ref = '324.1824.00.1'
20240926@180643.7456 44qmvnupouqjloopqui7o4oojo Query : select 1 valor from information_schema.tables where table_type='base table' and table_name='wstablefields'
20240926@180643.7474 44qmvnupouqjloopqui7o4oojo Query : select fieldkey,fieldname,fieldtype,mandatory from wstablefields where tablename = 'fi' and documentnumber = 39
20240926@180643.7499 44qmvnupouqjloopqui7o4oojo Query : select 1 valor from information_schema.tables where table_type='base table' and table_name='wstablefields'
20240926@180643.7515 44qmvnupouqjloopqui7o4oojo Query : select fieldkey,fieldname,fieldtype,mandatory from wstablefields where tablename = 'fi2' and documentnumber = 39
20240926@180643.7525 44qmvnupouqjloopqui7o4oojo Query : select top 1 convert(numeric(6,2),t.taxa) valor from taxasiva t where t.codigo='2'
20240926@180643.7537 44qmvnupouqjloopqui7o4oojo Query : select sestamp valor from se where ref ='324.1824.00.1' and lote = 'r2301209200a'
20240926@180643.7549 44qmvnupouqjloopqui7o4oojo Query : select 1 valor from information_schema.tables where table_type='base table' and table_name='wstablefields'
20240926@180643.7563 44qmvnupouqjloopqui7o4oojo Query : select fieldkey,fieldname,fieldtype,calcformula from wstablefields where tablename = 'fi2' and documentnumber = 39
20240926@180643.7575 44qmvnupouqjloopqui7o4oojo Query : insert into wsfi2data (fi2stamp,ftstamp ,ousrdata, ousrhora, usrdata,usrhora,ousrinis,usrinis) values ('aut66f599411166f594a3b8','aut66f599659566f594a313' ,getdate(),convert(char(8),convert (time,getdate())),getdate(),convert(char(8),convert (time,getdate())),'wsv','wsv')
20240926@180643.7580 44qmvnupouqjloopqui7o4oojo Query : select 1 valor from information_schema.tables where table_type='base table' and table_name='wstablefields'
20240926@180643.7595 44qmvnupouqjloopqui7o4oojo Query : select fieldkey,fieldname,fieldtype,calcformula from wstablefields where tablename = 'fi' and documentnumber = 39
20240926@180643.7623 44qmvnupouqjloopqui7o4oojo Query : insert into wsfidata (fistamp,ousrdata, ousrhora, usrdata,usrhora,ousrinis,usrinis ,qtt ,ftstamp ,epv,pvmoeda ,tabiva,iva,lordem ,ref, design ,lote,armazem,bistamp ) values ('aut66f599411166f594a3b8',getdate(),convert(char(8),convert (time,getdate())),getdate(),convert(char(8),convert (time,getdate())),'wsv','wsv',1.000 ,'aut66f599659566f594a313' ,0,0 ,2,23.00,130000,?,?,?,?,?)
20240926@180643.7896 44qmvnupouqjloopqui7o4oojo Query : select 1 valor from information_schema.tables where table_type='base table' and table_name='wstablefields'
20240926@180643.7912 44qmvnupouqjloopqui7o4oojo Query : select fieldkey,fieldname,fieldtype,mandatory from wstablefields where tablename = 'fi' and documentnumber = 39
20240926@180643.7938 44qmvnupouqjloopqui7o4oojo Query : select 1 valor from information_schema.tables where table_type='base table' and table_name='wstablefields'
20240926@180643.7953 44qmvnupouqjloopqui7o4oojo Query : select fieldkey,fieldname,fieldtype,mandatory from wstablefields where tablename = 'fi2' and documentnumber = 39
20240926@180643.7961 44qmvnupouqjloopqui7o4oojo Query : select top 1 convert(numeric(6,2),t.taxa) valor from taxasiva t where t.codigo='2'
20240926@180643.7973 44qmvnupouqjloopqui7o4oojo Query : select 1 valor from information_schema.tables where table_type='base table' and table_name='wstablefields'
20240926@180643.7988 44qmvnupouqjloopqui7o4oojo Query : select fieldkey,fieldname,fieldtype,calcformula from wstablefields where tablename = 'fi2' and documentnumber = 39
20240926@180643.7999 44qmvnupouqjloopqui7o4oojo Query : insert into wsfi2data (fi2stamp,ftstamp ,ousrdata, ousrhora, usrdata,usrhora,ousrinis,usrinis) values ('aut66f599104066f594a3c2','aut66f599659566f594a313' ,getdate(),convert(char(8),convert (time,getdate())),getdate(),convert(char(8),convert (time,getdate())),'wsv','wsv')
20240926@180643.8003 44qmvnupouqjloopqui7o4oojo Query : select 1 valor from information_schema.tables where table_type='base table' and table_name='wstablefields'
20240926@180643.8018 44qmvnupouqjloopqui7o4oojo Query : select fieldkey,fieldname,fieldtype,calcformula from wstablefields where tablename = 'fi' and documentnumber = 39
20240926@180643.8047 44qmvnupouqjloopqui7o4oojo Query : insert into wsfidata (fistamp,ousrdata, ousrhora, usrdata,usrhora,ousrinis,usrinis ,qtt ,ftstamp ,epv,pvmoeda ,tabiva,iva,lordem ,ref, design ,armazem) values ('aut66f599104066f594a3c2',getdate(),convert(char(8),convert (time,getdate())),getdate(),convert(char(8),convert (time,getdate())),'wsv','wsv',0 ,'aut66f599659566f594a313' ,0,0 ,2,23.00,140000,?,?,?)
20240926@180643.8283 44qmvnupouqjloopqui7o4oojo Query : use flama_phc
20240926@180643.8286 44qmvnupouqjloopqui7o4oojo Query : select st.usalote valor from st where st.ref = '324.1805.00.1'
20240926@180643.8306 44qmvnupouqjloopqui7o4oojo Query : select top 1 st.tabiva ,st.ivaincl ,st.stns ,st.uni2 ,st.familia ,isnull(tx.taxa, 0) txiva ,unidade ,usalote ,epcpond ,noserie ,conversao ,st.texteis from st left join taxasiva tx on st.tabiva = tx.codigo where st.ref = '324.1805.00.1'
20240926@180643.8449 44qmvnupouqjloopqui7o4oojo Query : select 1 valor from information_schema.tables where table_type='base table' and table_name='wstablefields'
20240926@180643.8465 44qmvnupouqjloopqui7o4oojo Query : select fieldkey,fieldname,fieldtype,mandatory from wstablefields where tablename = 'fi' and documentnumber = 39
20240926@180643.8940 44qmvnupouqjloopqui7o4oojo Query : select 1 valor from information_schema.tables where table_type='base table' and table_name='wstablefields'
20240926@180643.9631 44qmvnupouqjloopqui7o4oojo Query : select fieldkey,fieldname,fieldtype,mandatory from wstablefields where tablename = 'fi2' and documentnumber = 39
20240926@180643.9642 44qmvnupouqjloopqui7o4oojo Query : select top 1 convert(numeric(6,2),t.taxa) valor from taxasiva t where t.codigo='2'
20240926@180643.9656 44qmvnupouqjloopqui7o4oojo Query : select sestamp valor from se where ref ='324.1805.00.1' and lote = 'r2400290200a'
20240926@180643.9868 44qmvnupouqjloopqui7o4oojo Query : select 1 valor from information_schema.tables where table_type='base table' and table_name='wstablefields'
20240926@180643.9944 44qmvnupouqjloopqui7o4oojo Query : select fieldkey,fieldname,fieldtype,calcformula from wstablefields where tablename = 'fi2' and documentnumber = 39
20240926@180643.9957 44qmvnupouqjloopqui7o4oojo Query : insert into wsfi2data (fi2stamp,ftstamp ,ousrdata, ousrhora, usrdata,usrhora,ousrinis,usrinis) values ('aut66f598586266f594a3f0','aut66f599659566f594a313' ,getdate(),convert(char(8),convert (time,getdate())),getdate(),convert(char(8),convert (time,getdate())),'wsv','wsv')
20240926@180643.9962 44qmvnupouqjloopqui7o4oojo Query : select 1 valor from information_schema.tables where table_type='base table' and table_name='wstablefields'
20240926@180643.9977 44qmvnupouqjloopqui7o4oojo Query : select fieldkey,fieldname,fieldtype,calcformula from wstablefields where tablename = 'fi' and documentnumber = 39
20240926@180644.6000 44qmvnupouqjloopqui7o4oojo Query : insert into wsfidata (fistamp,ousrdata, ousrhora, usrdata,usrhora,ousrinis,usrinis ,qtt ,ftstamp ,epv,pvmoeda ,tabiva,iva,lordem ,ref, design ,lote,armazem,bistamp ) values ('aut66f598586266f594a3f0',getdate(),convert(char(8),convert (time,getdate())),getdate(),convert(char(8),convert (time,getdate())),'wsv','wsv',2.000 ,'aut66f599659566f594a313' ,0,0 ,2,23.00,160000,?,?,?,?,?)
20240926@180644.2750 44qmvnupouqjloopqui7o4oojo Query : use flama_phc
20240926@180644.2780 44qmvnupouqjloopqui7o4oojo Query : select st.usalote valor from st where st.ref = '324.1879.00.1'
20240926@180644.2970 44qmvnupouqjloopqui7o4oojo Query : select top 1 st.tabiva ,st.ivaincl ,st.stns ,st.uni2 ,st.familia ,isnull(tx.taxa, 0) txiva ,unidade ,usalote ,epcpond ,noserie ,conversao ,st.texteis from st left join taxasiva tx on st.tabiva = tx.codigo where st.ref = '324.1879.00.1'
20240926@180644.4370 44qmvnupouqjloopqui7o4oojo Query : select 1 valor from information_schema.tables where table_type='base table' and table_name='wstablefields'
20240926@180644.4520 44qmvnupouqjloopqui7o4oojo Query : select fieldkey,fieldname,fieldtype,mandatory from wstablefields where tablename = 'fi' and documentnumber = 39
20240926@180644.4790 44qmvnupouqjloopqui7o4oojo Query : select 1 valor from information_schema.tables where table_type='base table' and table_name='wstablefields'
20240926@180644.4930 44qmvnupouqjloopqui7o4oojo Query : select fieldkey,fieldname,fieldtype,mandatory from wstablefields where tablename = 'fi2' and documentnumber = 39
20240926@180644.5020 44qmvnupouqjloopqui7o4oojo Query : select top 1 convert(numeric(6,2),t.taxa) valor from taxasiva t where t.codigo='2'
20240926@180644.5130 44qmvnupouqjloopqui7o4oojo Query : select sestamp valor from se where ref ='324.1879.00.1' and lote = 'r2300643200a'
20240926@180644.5350 44qmvnupouqjloopqui7o4oojo Query : select 1 valor from information_schema.tables where table_type='base table' and table_name='wstablefields'
20240926@180644.5490 44qmvnupouqjloopqui7o4oojo Query : select fieldkey,fieldname,fieldtype,calcformula from wstablefields where tablename = 'fi2' and documentnumber = 39
20240926@180644.5600 44qmvnupouqjloopqui7o4oojo Query : insert into wsfi2data (fi2stamp,ftstamp ,ousrdata, ousrhora, usrdata,usrhora,ousrinis,usrinis) values ('aut66f594671066f594a40d','aut66f599659566f594a313' ,getdate(),convert(char(8),convert (time,getdate())),getdate(),convert(char(8),convert (time,getdate())),'wsv','wsv')
20240926@180644.5640 44qmvnupouqjloopqui7o4oojo Query : select 1 valor from information_schema.tables where table_type='base table' and table_name='wstablefields'
20240926@180644.5780 44qmvnupouqjloopqui7o4oojo Query : select fieldkey,fieldname,fieldtype,calcformula from wstablefields where tablename = 'fi' and documentnumber = 39
20240926@180644.6100 44qmvnupouqjloopqui7o4oojo Query : insert into wsfidata (fistamp,ousrdata, ousrhora, usrdata,usrhora,ousrinis,usrinis ,qtt ,ftstamp ,epv,pvmoeda ,tabiva,iva,lordem ,ref, design ,lote,armazem,bistamp ) values ('aut66f594671066f594a40d',getdate(),convert(char(8),convert (time,getdate())),getdate(),convert(char(8),convert (time,getdate())),'wsv','wsv',2.000 ,'aut66f599659566f594a313' ,0,0 ,2,23.00,170000,?,?,?,?,?)
20240926@180644.8660 44qmvnupouqjloopqui7o4oojo Query : select 1 valor from information_schema.tables where table_type='base table' and table_name='wstablefields'
20240926@180644.8820 44qmvnupouqjloopqui7o4oojo Query : select fieldkey,fieldname,fieldtype,mandatory from wstablefields where tablename = 'fi' and documentnumber = 39
20240926@180644.9080 44qmvnupouqjloopqui7o4oojo Query : select 1 valor from information_schema.tables where table_type='base table' and table_name='wstablefields'
20240926@180644.9230 44qmvnupouqjloopqui7o4oojo Query : select fieldkey,fieldname,fieldtype,mandatory from wstablefields where tablename = 'fi2' and documentnumber = 39
20240926@180644.9320 44qmvnupouqjloopqui7o4oojo Query : select top 1 convert(numeric(6,2),t.taxa) valor from taxasiva t where t.codigo='2'
20240926@180644.9450 44qmvnupouqjloopqui7o4oojo Query : select 1 valor from information_schema.tables where table_type='base table' and table_name='wstablefields'
20240926@180644.9610 44qmvnupouqjloopqui7o4oojo Query : select fieldkey,fieldname,fieldtype,calcformula from wstablefields where tablename = 'fi2' and documentnumber = 39
20240926@180644.9730 44qmvnupouqjloopqui7o4oojo Query : insert into wsfi2data (fi2stamp,ftstamp ,ousrdata, ousrhora, usrdata,usrhora,ousrinis,usrinis) values ('aut66f594851566f594a417','aut66f599659566f594a313' ,getdate(),convert(char(8),convert (time,getdate())),getdate(),convert(char(8),convert (time,getdate())),'wsv','wsv')
20240926@180644.9770 44qmvnupouqjloopqui7o4oojo Query : select 1 valor from information_schema.tables where table_type='base table' and table_name='wstablefields'
20240926@180644.9920 44qmvnupouqjloopqui7o4oojo Query : select fieldkey,fieldname,fieldtype,calcformula from wstablefields where tablename = 'fi' and documentnumber = 39
20240926@180644.1020 44qmvnupouqjloopqui7o4oojo Query : insert into wsfidata (fistamp,ousrdata, ousrhora, usrdata,usrhora,ousrinis,usrinis ,qtt ,ftstamp ,epv,pvmoeda ,tabiva,iva,lordem ,ref, design ,armazem) values ('aut66f594851566f594a417',getdate(),convert(char(8),convert (time,getdate())),getdate(),convert(char(8),convert (time,getdate())),'wsv','wsv',0 ,'aut66f599659566f594a313' ,0,0 ,2,23.00,180000,?,?,?)
20240926@180644.1276 44qmvnupouqjloopqui7o4oojo Query : use flama_phc
20240926@180644.1279 44qmvnupouqjloopqui7o4oojo Query : select st.usalote valor from st where st.ref = '324.1833.00.2'
20240926@180644.1301 44qmvnupouqjloopqui7o4oojo Query : select top 1 st.tabiva ,st.ivaincl ,st.stns ,st.uni2 ,st.familia ,isnull(tx.taxa, 0) txiva ,unidade ,usalote ,epcpond ,noserie ,conversao ,st.texteis from st left join taxasiva tx on st.tabiva = tx.codigo where st.ref = '324.1833.00.2'
20240926@180644.1448 44qmvnupouqjloopqui7o4oojo Query : select 1 valor from information_schema.tables where table_type='base table' and table_name='wstablefields'
20240926@180644.1463 44qmvnupouqjloopqui7o4oojo Query : select fieldkey,fieldname,fieldtype,mandatory from wstablefields where tablename = 'fi' and documentnumber = 39
20240926@180644.1490 44qmvnupouqjloopqui7o4oojo Query : select 1 valor from information_schema.tables where table_type='base table' and table_name='wstablefields'
20240926@180644.1505 44qmvnupouqjloopqui7o4oojo Query : select fieldkey,fieldname,fieldtype,mandatory from wstablefields where tablename = 'fi2' and documentnumber = 39
20240926@180644.1513 44qmvnupouqjloopqui7o4oojo Query : select top 1 convert(numeric(6,2),t.taxa) valor from taxasiva t where t.codigo='2'
20240926@180644.1525 44qmvnupouqjloopqui7o4oojo Query : select sestamp valor from se where ref ='324.1833.00.2' and lote = 'r2301257100a'
20240926@180644.1539 44qmvnupouqjloopqui7o4oojo Query : select 1 valor from information_schema.tables where table_type='base table' and table_name='wstablefields'
20240926@180644.1556 44qmvnupouqjloopqui7o4oojo Query : select fieldkey,fieldname,fieldtype,calcformula from wstablefields where tablename = 'fi2' and documentnumber = 39
20240926@180644.1567 44qmvnupouqjloopqui7o4oojo Query : insert into wsfi2data (fi2stamp,ftstamp ,ousrdata, ousrhora, usrdata,usrhora,ousrinis,usrinis) values ('aut66f594940266f594a425','aut66f599659566f594a313' ,getdate(),convert(char(8),convert (time,getdate())),getdate(),convert(char(8),convert (time,getdate())),'wsv','wsv')
20240926@180644.1571 44qmvnupouqjloopqui7o4oojo Query : select 1 valor from information_schema.tables where table_type='base table' and table_name='wstablefields'
20240926@180644.1587 44qmvnupouqjloopqui7o4oojo Query : select fieldkey,fieldname,fieldtype,calcformula from wstablefields where tablename = 'fi' and documentnumber = 39
20240926@180644.1619 44qmvnupouqjloopqui7o4oojo Query : insert into wsfidata (fistamp,ousrdata, ousrhora, usrdata,usrhora,ousrinis,usrinis ,qtt ,ftstamp ,epv,pvmoeda ,tabiva,iva,lordem ,ref, design ,lote,armazem,bistamp ) values ('aut66f594940266f594a425',getdate(),convert(char(8),convert (time,getdate())),getdate(),convert(char(8),convert (time,getdate())),'wsv','wsv',2.000 ,'aut66f599659566f594a313' ,0,0 ,2,23.00,200000,?,?,?,?,?)
20240926@180644.1867 44qmvnupouqjloopqui7o4oojo Query : use flama_phc
20240926@180644.1870 44qmvnupouqjloopqui7o4oojo Query : select st.usalote valor from st where st.ref = '324.1871.00.1'
20240926@180644.1890 44qmvnupouqjloopqui7o4oojo Query : select top 1 st.tabiva ,st.ivaincl ,st.stns ,st.uni2 ,st.familia ,isnull(tx.taxa, 0) txiva ,unidade ,usalote ,epcpond ,noserie ,conversao ,st.texteis from st left join taxasiva tx on st.tabiva = tx.codigo where st.ref = '324.1871.00.1'
20240926@180644.1904 44qmvnupouqjloopqui7o4oojo Query : select 1 valor from information_schema.tables where table_type='base table' and table_name='wstablefields'
20240926@180644.1920 44qmvnupouqjloopqui7o4oojo Query : select fieldkey,fieldname,fieldtype,mandatory from wstablefields where tablename = 'fi' and documentnumber = 39
20240926@180644.1946 44qmvnupouqjloopqui7o4oojo Query : select 1 valor from information_schema.tables where table_type='base table' and table_name='wstablefields'
20240926@180644.1963 44qmvnupouqjloopqui7o4oojo Query : select fieldkey,fieldname,fieldtype,mandatory from wstablefields where tablename = 'fi2' and documentnumber = 39
20240926@180644.1974 44qmvnupouqjloopqui7o4oojo Query : select top 1 convert(numeric(6,2),t.taxa) valor from taxasiva t where t.codigo='2'
20240926@180644.1988 44qmvnupouqjloopqui7o4oojo Query : select sestamp valor from se where ref ='324.1871.00.1' and lote = 'r2400437200a'
20240926@180644.2002 44qmvnupouqjloopqui7o4oojo Query : select 1 valor from information_schema.tables where table_type='base table' and table_name='wstablefields'
20240926@180644.2017 44qmvnupouqjloopqui7o4oojo Query : select fieldkey,fieldname,fieldtype,calcformula from wstablefields where tablename = 'fi2' and documentnumber = 39
20240926@180644.2029 44qmvnupouqjloopqui7o4oojo Query : insert into wsfi2data (fi2stamp,ftstamp ,ousrdata, ousrhora, usrdata,usrhora,ousrinis,usrinis) values ('aut66f591110666f594a430','aut66f599659566f594a313' ,getdate(),convert(char(8),convert (time,getdate())),getdate(),convert(char(8),convert (time,getdate())),'wsv','wsv')
20240926@180644.2033 44qmvnupouqjloopqui7o4oojo Query : select 1 valor from information_schema.tables where table_type='base table' and table_name='wstablefields'
20240926@180644.2049 44qmvnupouqjloopqui7o4oojo Query : select fieldkey,fieldname,fieldtype,calcformula from wstablefields where tablename = 'fi' and documentnumber = 39
20240926@180644.2079 44qmvnupouqjloopqui7o4oojo Query : insert into wsfidata (fistamp,ousrdata, ousrhora, usrdata,usrhora,ousrinis,usrinis ,qtt ,ftstamp ,epv,pvmoeda ,tabiva,iva,lordem ,ref, design ,lote,armazem,bistamp ) values ('aut66f591110666f594a430',getdate(),convert(char(8),convert (time,getdate())),getdate(),convert(char(8),convert (time,getdate())),'wsv','wsv',1.000 ,'aut66f599659566f594a313' ,0,0 ,2,23.00,210000,?,?,?,?,?)
20240926@180644.2358 44qmvnupouqjloopqui7o4oojo Query : use flama_phc
20240926@180644.2362 44qmvnupouqjloopqui7o4oojo Query : select st.usalote valor from st where st.ref = '324.1803.00.1'
20240926@180644.2384 44qmvnupouqjloopqui7o4oojo Query : select top 1 st.tabiva ,st.ivaincl ,st.stns ,st.uni2 ,st.familia ,isnull(tx.taxa, 0) txiva ,unidade ,usalote ,epcpond ,noserie ,conversao ,st.texteis from st left join taxasiva tx on st.tabiva = tx.codigo where st.ref = '324.1803.00.1'
20240926@180644.2538 44qmvnupouqjloopqui7o4oojo Query : select 1 valor from information_schema.tables where table_type='base table' and table_name='wstablefields'
20240926@180644.2554 44qmvnupouqjloopqui7o4oojo Query : select fieldkey,fieldname,fieldtype,mandatory from wstablefields where tablename = 'fi' and documentnumber = 39
20240926@180644.2580 44qmvnupouqjloopqui7o4oojo Query : select 1 valor from information_schema.tables where table_type='base table' and table_name='wstablefields'
20240926@180644.2595 44qmvnupouqjloopqui7o4oojo Query : select fieldkey,fieldname,fieldtype,mandatory from wstablefields where tablename = 'fi2' and documentnumber = 39
20240926@180644.2604 44qmvnupouqjloopqui7o4oojo Query : select top 1 convert(numeric(6,2),t.taxa) valor from taxasiva t where t.codigo='2'
20240926@180644.2618 44qmvnupouqjloopqui7o4oojo Query : select sestamp valor from se where ref ='324.1803.00.1' and lote = 'r2301274200a'
20240926@180644.2634 44qmvnupouqjloopqui7o4oojo Query : select 1 valor from information_schema.tables where table_type='base table' and table_name='wstablefields'
20240926@180644.2648 44qmvnupouqjloopqui7o4oojo Query : select fieldkey,fieldname,fieldtype,calcformula from wstablefields where tablename = 'fi2' and documentnumber = 39
20240926@180644.2660 44qmvnupouqjloopqui7o4oojo Query : insert into wsfi2data (fi2stamp,ftstamp ,ousrdata, ousrhora, usrdata,usrhora,ousrinis,usrinis) values ('aut66f598928066f594a440','aut66f599659566f594a313' ,getdate(),convert(char(8),convert (time,getdate())),getdate(),convert(char(8),convert (time,getdate())),'wsv','wsv')
20240926@180644.2665 44qmvnupouqjloopqui7o4oojo Query : select 1 valor from information_schema.tables where table_type='base table' and table_name='wstablefields'
20240926@180644.2680 44qmvnupouqjloopqui7o4oojo Query : select fieldkey,fieldname,fieldtype,calcformula from wstablefields where tablename = 'fi' and documentnumber = 39
20240926@180644.2708 44qmvnupouqjloopqui7o4oojo Query : insert into wsfidata (fistamp,ousrdata, ousrhora, usrdata,usrhora,ousrinis,usrinis ,qtt ,ftstamp ,epv,pvmoeda ,tabiva,iva,lordem ,ref, design ,lote,armazem,bistamp ) values ('aut66f598928066f594a440',getdate(),convert(char(8),convert (time,getdate())),getdate(),convert(char(8),convert (time,getdate())),'wsv','wsv',2.000 ,'aut66f599659566f594a313' ,0,0 ,2,23.00,220000,?,?,?,?,?)
20240926@180644.2975 44qmvnupouqjloopqui7o4oojo Query : use flama_phc
20240926@180644.2978 44qmvnupouqjloopqui7o4oojo Query : select st.usalote valor from st where st.ref = '324.711.00.01'
20240926@180644.2999 44qmvnupouqjloopqui7o4oojo Query : select top 1 st.tabiva ,st.ivaincl ,st.stns ,st.uni2 ,st.familia ,isnull(tx.taxa, 0) txiva ,unidade ,usalote ,epcpond ,noserie ,conversao ,st.texteis from st left join taxasiva tx on st.tabiva = tx.codigo where st.ref = '324.711.00.01'
20240926@180644.3144 44qmvnupouqjloopqui7o4oojo Query : select 1 valor from information_schema.tables where table_type='base table' and table_name='wstablefields'
20240926@180644.3160 44qmvnupouqjloopqui7o4oojo Query : select fieldkey,fieldname,fieldtype,mandatory from wstablefields where tablename = 'fi' and documentnumber = 39
20240926@180644.3185 44qmvnupouqjloopqui7o4oojo Query : select 1 valor from information_schema.tables where table_type='base table' and table_name='wstablefields'
20240926@180644.3200 44qmvnupouqjloopqui7o4oojo Query : select fieldkey,fieldname,fieldtype,mandatory from wstablefields where tablename = 'fi2' and documentnumber = 39
20240926@180644.3209 44qmvnupouqjloopqui7o4oojo Query : select top 1 convert(numeric(6,2),t.taxa) valor from taxasiva t where t.codigo='2'
20240926@180644.3221 44qmvnupouqjloopqui7o4oojo Query : select sestamp valor from se where ref ='324.711.00.01' and lote = 'r2301222100a'
20240926@180644.3234 44qmvnupouqjloopqui7o4oojo Query : select 1 valor from information_schema.tables where table_type='base table' and table_name='wstablefields'
20240926@180644.3248 44qmvnupouqjloopqui7o4oojo Query : select fieldkey,fieldname,fieldtype,calcformula from wstablefields where tablename = 'fi2' and documentnumber = 39
20240926@180644.3260 44qmvnupouqjloopqui7o4oojo Query : insert into wsfi2data (fi2stamp,ftstamp ,ousrdata, ousrhora, usrdata,usrhora,ousrinis,usrinis) values ('aut66f593491566f594a44e','aut66f599659566f594a313' ,getdate(),convert(char(8),convert (time,getdate())),getdate(),convert(char(8),convert (time,getdate())),'wsv','wsv')
20240926@180644.3264 44qmvnupouqjloopqui7o4oojo Query : select 1 valor from information_schema.tables where table_type='base table' and table_name='wstablefields'
20240926@180644.3278 44qmvnupouqjloopqui7o4oojo Query : select fieldkey,fieldname,fieldtype,calcformula from wstablefields where tablename = 'fi' and documentnumber = 39
20240926@180644.3306 44qmvnupouqjloopqui7o4oojo Query : insert into wsfidata (fistamp,ousrdata, ousrhora, usrdata,usrhora,ousrinis,usrinis ,qtt ,ftstamp ,epv,pvmoeda ,tabiva,iva,lordem ,ref, design ,lote,armazem,bistamp ) values ('aut66f593491566f594a44e',getdate(),convert(char(8),convert (time,getdate())),getdate(),convert(char(8),convert (time,getdate())),'wsv','wsv',4.000 ,'aut66f599659566f594a313' ,0,0 ,2,23.00,230000,?,?,?,?,?)
20240926@180644.3558 44qmvnupouqjloopqui7o4oojo Query : select 1 valor from information_schema.tables where table_type='base table' and table_name='wstablefields'
20240926@180644.3573 44qmvnupouqjloopqui7o4oojo Query : select fieldkey,fieldname,fieldtype,mandatory from wstablefields where tablename = 'fi' and documentnumber = 39
20240926@180644.3599 44qmvnupouqjloopqui7o4oojo Query : select 1 valor from information_schema.tables where table_type='base table' and table_name='wstablefields'
20240926@180644.3613 44qmvnupouqjloopqui7o4oojo Query : select fieldkey,fieldname,fieldtype,mandatory from wstablefields where tablename = 'fi2' and documentnumber = 39
20240926@180644.3621 44qmvnupouqjloopqui7o4oojo Query : select top 1 convert(numeric(6,2),t.taxa) valor from taxasiva t where t.codigo='2'
20240926@180644.3635 44qmvnupouqjloopqui7o4oojo Query : select 1 valor from information_schema.tables where table_type='base table' and table_name='wstablefields'
20240926@180644.3649 44qmvnupouqjloopqui7o4oojo Query : select fieldkey,fieldname,fieldtype,calcformula from wstablefields where tablename = 'fi2' and documentnumber = 39
20240926@180644.3660 44qmvnupouqjloopqui7o4oojo Query : insert into wsfi2data (fi2stamp,ftstamp ,ousrdata, ousrhora, usrdata,usrhora,ousrinis,usrinis) values ('aut66f593773566f594a458','aut66f599659566f594a313' ,getdate(),convert(char(8),convert (time,getdate())),getdate(),convert(char(8),convert (time,getdate())),'wsv','wsv')
20240926@180644.3664 44qmvnupouqjloopqui7o4oojo Query : select 1 valor from information_schema.tables where table_type='base table' and table_name='wstablefields'
20240926@180644.3679 44qmvnupouqjloopqui7o4oojo Query : select fieldkey,fieldname,fieldtype,calcformula from wstablefields where tablename = 'fi' and documentnumber = 39
20240926@180644.3707 44qmvnupouqjloopqui7o4oojo Query : insert into wsfidata (fistamp,ousrdata, ousrhora, usrdata,usrhora,ousrinis,usrinis ,qtt ,ftstamp ,epv,pvmoeda ,tabiva,iva,lordem ,ref, design ,armazem) values ('aut66f593773566f594a458',getdate(),convert(char(8),convert (time,getdate())),getdate(),convert(char(8),convert (time,getdate())),'wsv','wsv',0 ,'aut66f599659566f594a313' ,0,0 ,2,23.00,240000,?,?,?)
20240926@180644.3946 44qmvnupouqjloopqui7o4oojo Query : use flama_phc
20240926@180644.3948 44qmvnupouqjloopqui7o4oojo Query : select st.usalote valor from st where st.ref = '324.724.00.01'
20240926@180644.3967 44qmvnupouqjloopqui7o4oojo Query : select top 1 st.tabiva ,st.ivaincl ,st.stns ,st.uni2 ,st.familia ,isnull(tx.taxa, 0) txiva ,unidade ,usalote ,epcpond ,noserie ,conversao ,st.texteis from st left join taxasiva tx on st.tabiva = tx.codigo where st.ref = '324.724.00.01'
20240926@180644.3981 44qmvnupouqjloopqui7o4oojo Query : select 1 valor from information_schema.tables where table_type='base table' and table_name='wstablefields'
20240926@180644.4009 44qmvnupouqjloopqui7o4oojo Query : select fieldkey,fieldname,fieldtype,mandatory from wstablefields where tablename = 'fi' and documentnumber = 39
20240926@180644.4033 44qmvnupouqjloopqui7o4oojo Query : select 1 valor from information_schema.tables where table_type='base table' and table_name='wstablefields'
20240926@180644.4048 44qmvnupouqjloopqui7o4oojo Query : select fieldkey,fieldname,fieldtype,mandatory from wstablefields where tablename = 'fi2' and documentnumber = 39
20240926@180644.4056 44qmvnupouqjloopqui7o4oojo Query : select top 1 convert(numeric(6,2),t.taxa) valor from taxasiva t where t.codigo='2'
20240926@180644.4067 44qmvnupouqjloopqui7o4oojo Query : select sestamp valor from se where ref ='324.724.00.01' and lote = '11/18'
20240926@180644.4081 44qmvnupouqjloopqui7o4oojo Query : select 1 valor from information_schema.tables where table_type='base table' and table_name='wstablefields'
20240926@180644.4096 44qmvnupouqjloopqui7o4oojo Query : select fieldkey,fieldname,fieldtype,calcformula from wstablefields where tablename = 'fi2' and documentnumber = 39
20240926@180644.4107 44qmvnupouqjloopqui7o4oojo Query : insert into wsfi2data (fi2stamp,ftstamp ,ousrdata, ousrhora, usrdata,usrhora,ousrinis,usrinis) values ('aut66f590708866f594a463','aut66f599659566f594a313' ,getdate(),convert(char(8),convert (time,getdate())),getdate(),convert(char(8),convert (time,getdate())),'wsv','wsv')
20240926@180644.4113 44qmvnupouqjloopqui7o4oojo Query : select 1 valor from information_schema.tables where table_type='base table' and table_name='wstablefields'
20240926@180644.4128 44qmvnupouqjloopqui7o4oojo Query : select fieldkey,fieldname,fieldtype,calcformula from wstablefields where tablename = 'fi' and documentnumber = 39
20240926@180644.4156 44qmvnupouqjloopqui7o4oojo Query : insert into wsfidata (fistamp,ousrdata, ousrhora, usrdata,usrhora,ousrinis,usrinis ,qtt ,ftstamp ,epv,pvmoeda ,tabiva,iva,lordem ,ref, design ,lote,armazem,bistamp ) values ('aut66f590708866f594a463',getdate(),convert(char(8),convert (time,getdate())),getdate(),convert(char(8),convert (time,getdate())),'wsv','wsv',4.000 ,'aut66f599659566f594a313' ,0,0 ,2,23.00,260000,?,?,?,?,?)
20240926@180644.4415 44qmvnupouqjloopqui7o4oojo Query : insert into wsftcreationlog (initialftstamp,externalid,creationstatus,documenttypeid,idustamp) values ('aut66f599659566f594a313','2406227','wait',39,'adm09112754980.682000002')
20240926@180644.4487 44qmvnupouqjloopqui7o4oojo Query : use flama_phc
20240926@180644.4490 44qmvnupouqjloopqui7o4oojo Query : update u_wsusers set rqsttoken =? where userid ='userls001'
20240926@180644.4519 44qmvnupouqjloopqui7o4oojo Query : select concat(rtrim(relative_path),ltrim(name_new)) as valor from uploadfiles where uploadfile_id='2236';
20240926@180644.4551 44qmvnupouqjloopqui7o4oojo Query : update uploadfiles set whenupdated=current_timestamp where uploadfile_id='2236';
20240926@180644.4593 44qmvnupouqjloopqui7o4oojo Query : select concat(rtrim(relative_path),ltrim(name_new)) as valor from uploadfiles where uploadfile_id='2236';
20240926@180644.4618 44qmvnupouqjloopqui7o4oojo Query : update uploadfiles set whenupdated=current_timestamp where uploadfile_id='2236';
20240926@180644.5190 0ld7637hhc6aj8j753i398bb8j Query : insert into uploadfiles ( name_original, name_new, option_type, relative_path, whencreated ) values ( ?, ?, ?, ?, getdate() )
20240926@180644.5201 0ld7637hhc6aj8j753i398bb8j Query : select uploadfile_id valor from uploadfiles where name_new = ? and option_type = ? 
20240926@180644.5257 0ld7637hhc6aj8j753i398bb8j Query : select concat(rtrim(relative_path),ltrim(name_new)) as valor from uploadfiles where uploadfile_id='2237';
20240926@180644.5318 0ld7637hhc6aj8j753i398bb8j Query : update uploadfiles set whenupdated=current_timestamp where uploadfile_id='2237';
20240926@180644.5373 0ld7637hhc6aj8j753i398bb8j Query : select concat(rtrim(relative_path),ltrim(name_new)) as valor from uploadfiles where uploadfile_id='2237';
20240926@180644.5400 0ld7637hhc6aj8j753i398bb8j Query : update uploadfiles set whenupdated=current_timestamp where uploadfile_id='2237';
20240926@180644.5450 0ld7637hhc6aj8j753i398bb8j Query : use flama_phc
20240926@180644.5453 0ld7637hhc6aj8j753i398bb8j Query : select top 1 secretkey valor from u_wsusers u where u.userid = ? and u.inactivo=0
20240926@180644.5534 0ld7637hhc6aj8j753i398bb8j Query : use flama_phc
20240926@180644.5537 0ld7637hhc6aj8j753i398bb8j Query : select no, estab,szadrsdesc from szadrs where u_coddest=2155
20240926@180644.5617 0ld7637hhc6aj8j753i398bb8j Query : select top 1 isnull(design,'') valor from st (nolock) left join stobs (nolock) on st.ref = stobs.ref where st.ref = '324.1837.00.1'
20240926@180644.5772 0ld7637hhc6aj8j753i398bb8j Query : select top 1 bistamp valor from bi inner join bo on bo.bostamp=bi.bostamp where bo.ndos =240 and bo.boano =2062 and bo.obrano = 2406229 and bi.ref ='324.1837.00.1' and bi.lordem =1
20240926@180644.6102 0ld7637hhc6aj8j753i398bb8j Query : select top 1 isnull(design,'') valor from st (nolock) left join stobs (nolock) on st.ref = stobs.ref where st.ref = '324.1837.00.1'
20240926@180644.6124 0ld7637hhc6aj8j753i398bb8j Query : select top 1 bistamp valor from bi inner join bo on bo.bostamp=bi.bostamp where bo.ndos =240 and bo.boano =2062 and bo.obrano = 2406229 and bi.ref ='324.1837.00.1' and bi.lordem =1
20240926@180644.6142 0ld7637hhc6aj8j753i398bb8j Query : select top 1 isnull(design,'') valor from st (nolock) left join stobs (nolock) on st.ref = stobs.ref where st.ref = '324.1837.00.1'
20240926@180644.6164 0ld7637hhc6aj8j753i398bb8j Query : select top 1 bistamp valor from bi inner join bo on bo.bostamp=bi.bostamp where bo.ndos =240 and bo.boano =2062 and bo.obrano = 2406229 and bi.ref ='324.1837.00.1' and bi.lordem =2
20240926@180644.6485 0ld7637hhc6aj8j753i398bb8j Query : use flama_phc
20240926@180644.6488 0ld7637hhc6aj8j753i398bb8j Query : select top 1 convert(date,fdata) valor from ft where ndoc = 39 and anulado= 0 and fno>0 order by fdata desc
20240926@180644.6522 0ld7637hhc6aj8j753i398bb8j Query : use flama_phc
20240926@180644.6525 0ld7637hhc6aj8j753i398bb8j Query : select top 1 1 valor from td where td.ndoc = 39
20240926@180644.6559 0ld7637hhc6aj8j753i398bb8j Query : use flama_phc
20240926@180644.6562 0ld7637hhc6aj8j753i398bb8j Query : select lower(descricao) descricao ,case when valor='s' then 1 else 0 end valor from para1 where descricao in ('st_lote','st_usalogifunc', 'st_grelha')
20240926@180644.6593 0ld7637hhc6aj8j753i398bb8j Query : select top 1 manternumero ,assinadoc issigned ,tiposaft ,assinaimp ,nmdos ,td.assinadoc ,'cl' origin ,lancasl stocks ,case when cmsl<50 and td.lancasl=1 then 1 else 0 end entrada ,case when cmsl>50 and td.lancasl=1 then 1 else 0 end saida ,temserie assets ,~semgre usegridfields from td inner join td2 on td.tdstamp=td2.td2stamp where td.ndoc = 1
20240926@180644.6633 0ld7637hhc6aj8j753i398bb8j Query : use flama_phc
20240926@180644.6636 0ld7637hhc6aj8j753i398bb8j Query : select top 1 ~inactivo valor from cl where no = '102137' and estab = 0 order by inactivo desc
20240926@180644.6756 0ld7637hhc6aj8j753i398bb8j Query : use flama_phc
20240926@180644.6759 0ld7637hhc6aj8j753i398bb8j Query : select top 1 tipodoc,regrd from td where ndoc = 39
20240926@180644.6794 0ld7637hhc6aj8j753i398bb8j Query : use flama_phc
20240926@180644.6797 0ld7637hhc6aj8j753i398bb8j Query : select szadrsstamp valor from szadrs where szadrsdesc='espaÇotrans,lda'
20240926@180644.6854 0ld7637hhc6aj8j753i398bb8j Query : use flama_phc
20240926@180644.6858 0ld7637hhc6aj8j753i398bb8j Query : select szadrsstamp valor from szadrs where szadrsdesc='mafricentro electrodomÉsticos,lda.'
20240926@180644.6907 0ld7637hhc6aj8j753i398bb8j Query : use flama_phc
20240926@180644.6910 0ld7637hhc6aj8j753i398bb8j Query : select 1 valor from td where ndoc = 39
20240926@180644.6923 0ld7637hhc6aj8j753i398bb8j Query : select top 1 manternumero, tiposaft, nmdos,td.assinadoc from td where td.ndoc = 39
20240926@180644.6937 0ld7637hhc6aj8j753i398bb8j Query : select 1 valor from information_schema.tables where table_type='base table' and table_name='wstablefields'
20240926@180644.6954 0ld7637hhc6aj8j753i398bb8j Query : select fieldkey,fieldname,fieldtype,mandatory from wstablefields where tablename = 'ft' and documentnumber = 39
20240926@180644.6973 0ld7637hhc6aj8j753i398bb8j Query : select 1 valor from information_schema.tables where table_type='base table' and table_name='wstablefields'
20240926@180644.6999 0ld7637hhc6aj8j753i398bb8j Query : select fieldkey,fieldname,fieldtype,mandatory from wstablefields where tablename = 'ft2' and documentnumber = 39
20240926@180644.7026 0ld7637hhc6aj8j753i398bb8j Query : select 1 valor from information_schema.tables where table_type='base table' and table_name='wstablefields'
20240926@180644.7041 0ld7637hhc6aj8j753i398bb8j Query : select fieldkey,fieldname,fieldtype,mandatory from wstablefields where tablename = 'ft3' and documentnumber = 39
20240926@180644.7053 0ld7637hhc6aj8j753i398bb8j Query : select top 1 ft.fno valor from ft ft where ft.ndoc = 39 and ftano=2024 order by fno desc
20240926@180644.7118 0ld7637hhc6aj8j753i398bb8j Query : select top 1 ft.fno valor from wsftdata ft where ft.ndoc = 39 and ftano=2024 order by fno desc
20240926@180644.7133 0ld7637hhc6aj8j753i398bb8j Query : select 1 valor from information_schema.tables where table_type='base table' and table_name='wstablefields'
20240926@180644.7149 0ld7637hhc6aj8j753i398bb8j Query : select fieldkey,fieldname,fieldtype,calcformula from wstablefields where tablename = 'ft3' and documentnumber = 39
20240926@180644.7164 0ld7637hhc6aj8j753i398bb8j Query : insert into wsft3data (ft3stamp, ousrdata, ousrhora, usrdata,usrhora,ousrinis,usrinis,taxpointdt ) values ('aut66f591114266f594a4ac' ,getdate(),convert(char(8),convert (time,getdate())),getdate(),convert(char(8),convert (time,getdate())),'wsv','wsv',?)
20240926@180644.7355 0ld7637hhc6aj8j753i398bb8j Query : select 1 valor from information_schema.tables where table_type='base table' and table_name='wstablefields'
20240926@180644.7373 0ld7637hhc6aj8j753i398bb8j Query : select fieldkey,fieldname,fieldtype,calcformula from wstablefields where tablename = 'ft2' and documentnumber = 39
20240926@180644.7406 0ld7637hhc6aj8j753i398bb8j Query : select top 1 bo.u_nomeenv valor from bo where bo.bostamp=''
20240926@180644.7541 0ld7637hhc6aj8j753i398bb8j Query : select top 1 bo.u_moradaen valor from bo where bo.bostamp=''
20240926@180644.7575 0ld7637hhc6aj8j753i398bb8j Query : select top 1 bo.u_codposen valor from bo where bo.bostamp=''
20240926@180644.7587 0ld7637hhc6aj8j753i398bb8j Query : select top 1 bo.u_localenv valor from bo where bo.bostamp=''
20240926@180644.7599 0ld7637hhc6aj8j753i398bb8j Query : select top 1 bo.trab5 valor from bo where bo.bostamp=''
20240926@180644.7611 0ld7637hhc6aj8j753i398bb8j Query : select top 1 bo.serie valor from bo where bo.bostamp=''
20240926@180644.7622 0ld7637hhc6aj8j753i398bb8j Query : insert into wsft2data (ft2stamp, ousrdata,ousrhora, usrdata,usrhora,ousrinis,usrinis,u_nomeenv ,u_moradaen ,u_codposen ,u_localenv ,u_coddest ,u_codby ) values ('aut66f591114266f594a4ac',getdate(),convert(char(8),convert (time,getdate())),getdate(),convert(char(8),convert (time,getdate())),'wsv','wsv',?,?,?,?,?,?)
20240926@180644.7873 0ld7637hhc6aj8j753i398bb8j Query : select top 1 fno valor from wsftdata order by fno desc
20240926@180644.7895 0ld7637hhc6aj8j753i398bb8j Query : select 1 valor from information_schema.tables where table_type='base table' and table_name='wstablefields'
20240926@180644.7912 0ld7637hhc6aj8j753i398bb8j Query : select fieldkey,fieldname,fieldtype,calcformula from wstablefields where tablename = 'ft' and documentnumber = 39
20240926@180644.7935 0ld7637hhc6aj8j753i398bb8j Query : select 'normal' from dummy
20240926@180644.7950 0ld7637hhc6aj8j753i398bb8j Query : insert into wsftdata (ftstamp, ousrdata,ousrhora, usrdata,usrhora,ousrinis,usrinis,fno,no,estab,fdata,ndoc,moeda,cambio,cambiofixo,ftano,site ,classe ) values ('aut66f591114266f594a4ac',getdate(),convert(char(8),convert (time,getdate())),getdate(),convert(char(8),convert (time,getdate())),'wsv','wsv',949,102137,0,'2024-09-26',39,'euro',0,0,2024 ,?,?)
20240926@180644.8246 0ld7637hhc6aj8j753i398bb8j Query : use flama_phc
20240926@180644.8249 0ld7637hhc6aj8j753i398bb8j Query : select st.usalote valor from st where st.ref = '324.1837.00.1'
20240926@180644.8272 0ld7637hhc6aj8j753i398bb8j Query : select top 1 st.tabiva ,st.ivaincl ,st.stns ,st.uni2 ,st.familia ,isnull(tx.taxa, 0) txiva ,unidade ,usalote ,epcpond ,noserie ,conversao ,st.texteis from st left join taxasiva tx on st.tabiva = tx.codigo where st.ref = '324.1837.00.1'
20240926@180644.8415 0ld7637hhc6aj8j753i398bb8j Query : select 1 valor from information_schema.tables where table_type='base table' and table_name='wstablefields'
20240926@180644.8432 0ld7637hhc6aj8j753i398bb8j Query : select fieldkey,fieldname,fieldtype,mandatory from wstablefields where tablename = 'fi' and documentnumber = 39
20240926@180644.8459 0ld7637hhc6aj8j753i398bb8j Query : select 1 valor from information_schema.tables where table_type='base table' and table_name='wstablefields'
20240926@180644.8474 0ld7637hhc6aj8j753i398bb8j Query : select fieldkey,fieldname,fieldtype,mandatory from wstablefields where tablename = 'fi2' and documentnumber = 39
20240926@180644.8483 0ld7637hhc6aj8j753i398bb8j Query : select top 1 convert(numeric(6,2),t.taxa) valor from taxasiva t where t.codigo='2'
20240926@180644.8496 0ld7637hhc6aj8j753i398bb8j Query : select sestamp valor from se where ref ='324.1837.00.1' and lote = 'r2300658200a'
20240926@180644.8517 0ld7637hhc6aj8j753i398bb8j Query : select 1 valor from information_schema.tables where table_type='base table' and table_name='wstablefields'
20240926@180644.8532 0ld7637hhc6aj8j753i398bb8j Query : select fieldkey,fieldname,fieldtype,calcformula from wstablefields where tablename = 'fi2' and documentnumber = 39
20240926@180644.8544 0ld7637hhc6aj8j753i398bb8j Query : insert into wsfi2data (fi2stamp,ftstamp ,ousrdata, ousrhora, usrdata,usrhora,ousrinis,usrinis) values ('aut66f597418166f594a4cf','aut66f591114266f594a4ac' ,getdate(),convert(char(8),convert (time,getdate())),getdate(),convert(char(8),convert (time,getdate())),'wsv','wsv')
20240926@180644.8548 0ld7637hhc6aj8j753i398bb8j Query : select 1 valor from information_schema.tables where table_type='base table' and table_name='wstablefields'
20240926@180644.8563 0ld7637hhc6aj8j753i398bb8j Query : select fieldkey,fieldname,fieldtype,calcformula from wstablefields where tablename = 'fi' and documentnumber = 39
20240926@180644.8593 0ld7637hhc6aj8j753i398bb8j Query : insert into wsfidata (fistamp,ousrdata, ousrhora, usrdata,usrhora,ousrinis,usrinis ,qtt ,ftstamp ,epv,pvmoeda ,tabiva,iva,lordem ,ref, design ,lote,armazem,bistamp ) values ('aut66f597418166f594a4cf',getdate(),convert(char(8),convert (time,getdate())),getdate(),convert(char(8),convert (time,getdate())),'wsv','wsv',1.000 ,'aut66f591114266f594a4ac' ,0,0 ,2,23.00,10000,?,?,?,?,?)
20240926@180644.8866 0ld7637hhc6aj8j753i398bb8j Query : use flama_phc
20240926@180644.8869 0ld7637hhc6aj8j753i398bb8j Query : select st.usalote valor from st where st.ref = '324.1837.00.1'
20240926@180644.8892 0ld7637hhc6aj8j753i398bb8j Query : select top 1 st.tabiva ,st.ivaincl ,st.stns ,st.uni2 ,st.familia ,isnull(tx.taxa, 0) txiva ,unidade ,usalote ,epcpond ,noserie ,conversao ,st.texteis from st left join taxasiva tx on st.tabiva = tx.codigo where st.ref = '324.1837.00.1'
20240926@180644.8907 0ld7637hhc6aj8j753i398bb8j Query : select 1 valor from information_schema.tables where table_type='base table' and table_name='wstablefields'
20240926@180644.8926 0ld7637hhc6aj8j753i398bb8j Query : select fieldkey,fieldname,fieldtype,mandatory from wstablefields where tablename = 'fi' and documentnumber = 39
20240926@180644.8952 0ld7637hhc6aj8j753i398bb8j Query : select 1 valor from information_schema.tables where table_type='base table' and table_name='wstablefields'
20240926@180644.8967 0ld7637hhc6aj8j753i398bb8j Query : select fieldkey,fieldname,fieldtype,mandatory from wstablefields where tablename = 'fi2' and documentnumber = 39
20240926@180644.8976 0ld7637hhc6aj8j753i398bb8j Query : select top 1 convert(numeric(6,2),t.taxa) valor from taxasiva t where t.codigo='2'
20240926@180644.8990 0ld7637hhc6aj8j753i398bb8j Query : select sestamp valor from se where ref ='324.1837.00.1' and lote = 'r2300658200a'
20240926@180644.9004 0ld7637hhc6aj8j753i398bb8j Query : select 1 valor from information_schema.tables where table_type='base table' and table_name='wstablefields'
20240926@180644.9020 0ld7637hhc6aj8j753i398bb8j Query : select fieldkey,fieldname,fieldtype,calcformula from wstablefields where tablename = 'fi2' and documentnumber = 39
20240926@180644.9033 0ld7637hhc6aj8j753i398bb8j Query : insert into wsfi2data (fi2stamp,ftstamp ,ousrdata, ousrhora, usrdata,usrhora,ousrinis,usrinis) values ('aut66f595694066f594a4db','aut66f591114266f594a4ac' ,getdate(),convert(char(8),convert (time,getdate())),getdate(),convert(char(8),convert (time,getdate())),'wsv','wsv')
20240926@180644.9037 0ld7637hhc6aj8j753i398bb8j Query : select 1 valor from information_schema.tables where table_type='base table' and table_name='wstablefields'
20240926@180644.9052 0ld7637hhc6aj8j753i398bb8j Query : select fieldkey,fieldname,fieldtype,calcformula from wstablefields where tablename = 'fi' and documentnumber = 39
20240926@180644.9080 0ld7637hhc6aj8j753i398bb8j Query : insert into wsfidata (fistamp,ousrdata, ousrhora, usrdata,usrhora,ousrinis,usrinis ,qtt ,ftstamp ,epv,pvmoeda ,tabiva,iva,lordem ,ref, design ,lote,armazem,bistamp ) values ('aut66f595694066f594a4db',getdate(),convert(char(8),convert (time,getdate())),getdate(),convert(char(8),convert (time,getdate())),'wsv','wsv',6.000 ,'aut66f591114266f594a4ac' ,0,0 ,2,23.00,20000,?,?,?,?,?)
20240926@180644.9351 0ld7637hhc6aj8j753i398bb8j Query : use flama_phc
20240926@180644.9354 0ld7637hhc6aj8j753i398bb8j Query : select st.usalote valor from st where st.ref = '324.1837.00.1'
20240926@180644.9374 0ld7637hhc6aj8j753i398bb8j Query : select top 1 st.tabiva ,st.ivaincl ,st.stns ,st.uni2 ,st.familia ,isnull(tx.taxa, 0) txiva ,unidade ,usalote ,epcpond ,noserie ,conversao ,st.texteis from st left join taxasiva tx on st.tabiva = tx.codigo where st.ref = '324.1837.00.1'
20240926@180644.9389 0ld7637hhc6aj8j753i398bb8j Query : select 1 valor from information_schema.tables where table_type='base table' and table_name='wstablefields'
20240926@180644.9405 0ld7637hhc6aj8j753i398bb8j Query : select fieldkey,fieldname,fieldtype,mandatory from wstablefields where tablename = 'fi' and documentnumber = 39
20240926@180644.9957 0ld7637hhc6aj8j753i398bb8j Query : select 1 valor from information_schema.tables where table_type='base table' and table_name='wstablefields'
20240926@180645.4960 0ld7637hhc6aj8j753i398bb8j Query : select fieldkey,fieldname,fieldtype,mandatory from wstablefields where tablename = 'fi2' and documentnumber = 39
20240926@180645.5730 0ld7637hhc6aj8j753i398bb8j Query : select top 1 convert(numeric(6,2),t.taxa) valor from taxasiva t where t.codigo='2'
20240926@180645.5860 0ld7637hhc6aj8j753i398bb8j Query : select sestamp valor from se where ref ='324.1837.00.1' and lote = 'r2300658200a'
20240926@180645.5980 0ld7637hhc6aj8j753i398bb8j Query : select 1 valor from information_schema.tables where table_type='base table' and table_name='wstablefields'
20240926@180645.6140 0ld7637hhc6aj8j753i398bb8j Query : select fieldkey,fieldname,fieldtype,calcformula from wstablefields where tablename = 'fi2' and documentnumber = 39
20240926@180645.6290 0ld7637hhc6aj8j753i398bb8j Query : insert into wsfi2data (fi2stamp,ftstamp ,ousrdata, ousrhora, usrdata,usrhora,ousrinis,usrinis) values ('aut66f592905366f594a50e','aut66f591114266f594a4ac' ,getdate(),convert(char(8),convert (time,getdate())),getdate(),convert(char(8),convert (time,getdate())),'wsv','wsv')
20240926@180645.6340 0ld7637hhc6aj8j753i398bb8j Query : select 1 valor from information_schema.tables where table_type='base table' and table_name='wstablefields'
20240926@180645.6480 0ld7637hhc6aj8j753i398bb8j Query : select fieldkey,fieldname,fieldtype,calcformula from wstablefields where tablename = 'fi' and documentnumber = 39
20240926@180645.6770 0ld7637hhc6aj8j753i398bb8j Query : insert into wsfidata (fistamp,ousrdata, ousrhora, usrdata,usrhora,ousrinis,usrinis ,qtt ,ftstamp ,epv,pvmoeda ,tabiva,iva,lordem ,ref, design ,lote,armazem,bistamp ) values ('aut66f592905366f594a50e',getdate(),convert(char(8),convert (time,getdate())),getdate(),convert(char(8),convert (time,getdate())),'wsv','wsv',1.000 ,'aut66f591114266f594a4ac' ,0,0 ,2,23.00,30000,?,?,?,?,?)
20240926@180645.9490 0ld7637hhc6aj8j753i398bb8j Query : insert into wsftcreationlog (initialftstamp,externalid,creationstatus,documenttypeid,idustamp) values ('aut66f591114266f594a4ac','2406229','wait',39,'adm09112754980.682000002')
20240926@180645.1036 0ld7637hhc6aj8j753i398bb8j Query : use flama_phc
20240926@180645.1040 0ld7637hhc6aj8j753i398bb8j Query : update u_wsusers set rqsttoken =? where userid ='userls001'
20240926@180645.1089 0ld7637hhc6aj8j753i398bb8j Query : select concat(rtrim(relative_path),ltrim(name_new)) as valor from uploadfiles where uploadfile_id='2237';
20240926@180645.1120 0ld7637hhc6aj8j753i398bb8j Query : update uploadfiles set whenupdated=current_timestamp where uploadfile_id='2237';
20240926@180645.1162 0ld7637hhc6aj8j753i398bb8j Query : select concat(rtrim(relative_path),ltrim(name_new)) as valor from uploadfiles where uploadfile_id='2237';
20240926@180645.1191 0ld7637hhc6aj8j753i398bb8j Query : update uploadfiles set whenupdated=current_timestamp where uploadfile_id='2237';
20240926@180645.1809 6pl5c93i24k4d74pj2pvbc9h76 Query : insert into uploadfiles ( name_original, name_new, option_type, relative_path, whencreated ) values ( ?, ?, ?, ?, getdate() )
20240926@180645.1820 6pl5c93i24k4d74pj2pvbc9h76 Query : select uploadfile_id valor from uploadfiles where name_new = ? and option_type = ? 
20240926@180645.1872 6pl5c93i24k4d74pj2pvbc9h76 Query : select concat(rtrim(relative_path),ltrim(name_new)) as valor from uploadfiles where uploadfile_id='2238';
20240926@180645.1936 6pl5c93i24k4d74pj2pvbc9h76 Query : update uploadfiles set whenupdated=current_timestamp where uploadfile_id='2238';
20240926@180645.1988 6pl5c93i24k4d74pj2pvbc9h76 Query : select concat(rtrim(relative_path),ltrim(name_new)) as valor from uploadfiles where uploadfile_id='2238';
20240926@180645.2015 6pl5c93i24k4d74pj2pvbc9h76 Query : update uploadfiles set whenupdated=current_timestamp where uploadfile_id='2238';
20240926@180645.2065 6pl5c93i24k4d74pj2pvbc9h76 Query : use flama_phc
20240926@180645.2068 6pl5c93i24k4d74pj2pvbc9h76 Query : select top 1 secretkey valor from u_wsusers u where u.userid = ? and u.inactivo=0
20240926@180645.2130 6pl5c93i24k4d74pj2pvbc9h76 Query : use flama_phc
20240926@180645.2133 6pl5c93i24k4d74pj2pvbc9h76 Query : select no, estab,szadrsdesc from szadrs where u_coddest=2759
20240926@180645.2216 6pl5c93i24k4d74pj2pvbc9h76 Query : select top 1 isnull(design,'') valor from st (nolock) left join stobs (nolock) on st.ref = stobs.ref where st.ref = '324.1462.00.1'
20240926@180645.2394 6pl5c93i24k4d74pj2pvbc9h76 Query : select top 1 bistamp valor from bi inner join bo on bo.bostamp=bi.bostamp where bo.ndos =240 and bo.boano =2062 and bo.obrano = 2406231 and bi.ref ='324.1462.00.1' and bi.lordem =1
20240926@180645.2726 6pl5c93i24k4d74pj2pvbc9h76 Query : select top 1 isnull(design,'') valor from st (nolock) left join stobs (nolock) on st.ref = stobs.ref where st.ref = '324.692.00.01'
20240926@180645.2893 6pl5c93i24k4d74pj2pvbc9h76 Query : select top 1 bistamp valor from bi inner join bo on bo.bostamp=bi.bostamp where bo.ndos =240 and bo.boano =2062 and bo.obrano = 2406231 and bi.ref ='324.692.00.01' and bi.lordem =2
20240926@180645.3224 6pl5c93i24k4d74pj2pvbc9h76 Query : select top 1 isnull(design,'') valor from st (nolock) left join stobs (nolock) on st.ref = stobs.ref where st.ref = '324.692.00.01'
20240926@180645.3248 6pl5c93i24k4d74pj2pvbc9h76 Query : select top 1 bistamp valor from bi inner join bo on bo.bostamp=bi.bostamp where bo.ndos =240 and bo.boano =2062 and bo.obrano = 2406231 and bi.ref ='324.692.00.01' and bi.lordem =2
20240926@180645.3275 6pl5c93i24k4d74pj2pvbc9h76 Query : select top 1 isnull(design,'') valor from st (nolock) left join stobs (nolock) on st.ref = stobs.ref where st.ref = '324.692.00.01'
20240926@180645.3295 6pl5c93i24k4d74pj2pvbc9h76 Query : select top 1 bistamp valor from bi inner join bo on bo.bostamp=bi.bostamp where bo.ndos =240 and bo.boano =2062 and bo.obrano = 2406231 and bi.ref ='324.692.00.01' and bi.lordem =3
20240926@180645.3628 6pl5c93i24k4d74pj2pvbc9h76 Query : select top 1 isnull(design,'') valor from st (nolock) left join stobs (nolock) on st.ref = stobs.ref where st.ref = '304.421.00.04'
20240926@180645.3649 6pl5c93i24k4d74pj2pvbc9h76 Query : select top 1 bistamp valor from bi inner join bo on bo.bostamp=bi.bostamp where bo.ndos =240 and bo.boano =2062 and bo.obrano = 2406231 and bi.ref ='304.421.00.04' and bi.lordem =4
20240926@180645.3965 6pl5c93i24k4d74pj2pvbc9h76 Query : select top 1 isnull(design,'') valor from st (nolock) left join stobs (nolock) on st.ref = stobs.ref where st.ref = '324.4988.00.1'
20240926@180645.4119 6pl5c93i24k4d74pj2pvbc9h76 Query : select top 1 bistamp valor from bi inner join bo on bo.bostamp=bi.bostamp where bo.ndos =240 and bo.boano =2062 and bo.obrano = 2406231 and bi.ref ='324.4988.00.1' and bi.lordem =5
20240926@180645.4435 6pl5c93i24k4d74pj2pvbc9h76 Query : select top 1 isnull(design,'') valor from st (nolock) left join stobs (nolock) on st.ref = stobs.ref where st.ref = '324.4980.00.1'
20240926@180645.4587 6pl5c93i24k4d74pj2pvbc9h76 Query : select top 1 bistamp valor from bi inner join bo on bo.bostamp=bi.bostamp where bo.ndos =240 and bo.boano =2062 and bo.obrano = 2406231 and bi.ref ='324.4980.00.1' and bi.lordem =6
20240926@180645.4951 6pl5c93i24k4d74pj2pvbc9h76 Query : select top 1 isnull(design,'') valor from st (nolock) left join stobs (nolock) on st.ref = stobs.ref where st.ref = '325.1675.3015'
20240926@180645.5107 6pl5c93i24k4d74pj2pvbc9h76 Query : select top 1 bistamp valor from bi inner join bo on bo.bostamp=bi.bostamp where bo.ndos =240 and bo.boano =2062 and bo.obrano = 2406231 and bi.ref ='325.1675.3015' and bi.lordem =7
20240926@180645.5436 6pl5c93i24k4d74pj2pvbc9h76 Query : select top 1 isnull(design,'') valor from st (nolock) left join stobs (nolock) on st.ref = stobs.ref where st.ref = '325.1675.3015'
20240926@180645.5461 6pl5c93i24k4d74pj2pvbc9h76 Query : select top 1 bistamp valor from bi inner join bo on bo.bostamp=bi.bostamp where bo.ndos =240 and bo.boano =2062 and bo.obrano = 2406231 and bi.ref ='325.1675.3015' and bi.lordem =8
20240926@180645.5792 6pl5c93i24k4d74pj2pvbc9h76 Query : use flama_phc
20240926@180645.5796 6pl5c93i24k4d74pj2pvbc9h76 Query : select top 1 convert(date,fdata) valor from ft where ndoc = 39 and anulado= 0 and fno>0 order by fdata desc
20240926@180645.5833 6pl5c93i24k4d74pj2pvbc9h76 Query : use flama_phc
20240926@180645.5836 6pl5c93i24k4d74pj2pvbc9h76 Query : select top 1 1 valor from td where td.ndoc = 39
20240926@180645.5871 6pl5c93i24k4d74pj2pvbc9h76 Query : use flama_phc
20240926@180645.5874 6pl5c93i24k4d74pj2pvbc9h76 Query : select lower(descricao) descricao ,case when valor='s' then 1 else 0 end valor from para1 where descricao in ('st_lote','st_usalogifunc', 'st_grelha')
20240926@180645.5904 6pl5c93i24k4d74pj2pvbc9h76 Query : select top 1 manternumero ,assinadoc issigned ,tiposaft ,assinaimp ,nmdos ,td.assinadoc ,'cl' origin ,lancasl stocks ,case when cmsl<50 and td.lancasl=1 then 1 else 0 end entrada ,case when cmsl>50 and td.lancasl=1 then 1 else 0 end saida ,temserie assets ,~semgre usegridfields from td inner join td2 on td.tdstamp=td2.td2stamp where td.ndoc = 1
20240926@180645.5941 6pl5c93i24k4d74pj2pvbc9h76 Query : use flama_phc
20240926@180645.5944 6pl5c93i24k4d74pj2pvbc9h76 Query : select top 1 ~inactivo valor from cl where no = '102145' and estab = 0 order by inactivo desc
20240926@180645.6066 6pl5c93i24k4d74pj2pvbc9h76 Query : use flama_phc
20240926@180645.6069 6pl5c93i24k4d74pj2pvbc9h76 Query : select top 1 tipodoc,regrd from td where ndoc = 39
20240926@180645.6104 6pl5c93i24k4d74pj2pvbc9h76 Query : use flama_phc
20240926@180645.6107 6pl5c93i24k4d74pj2pvbc9h76 Query : select szadrsstamp valor from szadrs where szadrsdesc='espaÇotrans,lda'
20240926@180645.6148 6pl5c93i24k4d74pj2pvbc9h76 Query : use flama_phc
20240926@180645.6151 6pl5c93i24k4d74pj2pvbc9h76 Query : select szadrsstamp valor from szadrs where szadrsdesc='paulo jorge almeida gomes unip.,lda.-entrega'
20240926@180645.6208 6pl5c93i24k4d74pj2pvbc9h76 Query : use flama_phc
20240926@180645.6211 6pl5c93i24k4d74pj2pvbc9h76 Query : select 1 valor from td where ndoc = 39
20240926@180645.6224 6pl5c93i24k4d74pj2pvbc9h76 Query : select top 1 manternumero, tiposaft, nmdos,td.assinadoc from td where td.ndoc = 39
20240926@180645.6238 6pl5c93i24k4d74pj2pvbc9h76 Query : select 1 valor from information_schema.tables where table_type='base table' and table_name='wstablefields'
20240926@180645.6254 6pl5c93i24k4d74pj2pvbc9h76 Query : select fieldkey,fieldname,fieldtype,mandatory from wstablefields where tablename = 'ft' and documentnumber = 39
20240926@180645.6272 6pl5c93i24k4d74pj2pvbc9h76 Query : select 1 valor from information_schema.tables where table_type='base table' and table_name='wstablefields'
20240926@180645.6287 6pl5c93i24k4d74pj2pvbc9h76 Query : select fieldkey,fieldname,fieldtype,mandatory from wstablefields where tablename = 'ft2' and documentnumber = 39
20240926@180645.6317 6pl5c93i24k4d74pj2pvbc9h76 Query : select 1 valor from information_schema.tables where table_type='base table' and table_name='wstablefields'
20240926@180645.6332 6pl5c93i24k4d74pj2pvbc9h76 Query : select fieldkey,fieldname,fieldtype,mandatory from wstablefields where tablename = 'ft3' and documentnumber = 39
20240926@180645.6345 6pl5c93i24k4d74pj2pvbc9h76 Query : select top 1 ft.fno valor from ft ft where ft.ndoc = 39 and ftano=2024 order by fno desc
20240926@180645.6412 6pl5c93i24k4d74pj2pvbc9h76 Query : select top 1 ft.fno valor from wsftdata ft where ft.ndoc = 39 and ftano=2024 order by fno desc
20240926@180645.6425 6pl5c93i24k4d74pj2pvbc9h76 Query : select 1 valor from information_schema.tables where table_type='base table' and table_name='wstablefields'
20240926@180645.6439 6pl5c93i24k4d74pj2pvbc9h76 Query : select fieldkey,fieldname,fieldtype,calcformula from wstablefields where tablename = 'ft3' and documentnumber = 39
20240926@180645.6455 6pl5c93i24k4d74pj2pvbc9h76 Query : insert into wsft3data (ft3stamp, ousrdata, ousrhora, usrdata,usrhora,ousrinis,usrinis,taxpointdt ) values ('aut66f594680466f594a59a' ,getdate(),convert(char(8),convert (time,getdate())),getdate(),convert(char(8),convert (time,getdate())),'wsv','wsv',?)
20240926@180645.6638 6pl5c93i24k4d74pj2pvbc9h76 Query : select 1 valor from information_schema.tables where table_type='base table' and table_name='wstablefields'
20240926@180645.6655 6pl5c93i24k4d74pj2pvbc9h76 Query : select fieldkey,fieldname,fieldtype,calcformula from wstablefields where tablename = 'ft2' and documentnumber = 39
20240926@180645.6689 6pl5c93i24k4d74pj2pvbc9h76 Query : select top 1 bo.u_nomeenv valor from bo where bo.bostamp=''
20240926@180645.6702 6pl5c93i24k4d74pj2pvbc9h76 Query : select top 1 bo.u_moradaen valor from bo where bo.bostamp=''
20240926@180645.6713 6pl5c93i24k4d74pj2pvbc9h76 Query : select top 1 bo.u_codposen valor from bo where bo.bostamp=''
20240926@180645.6725 6pl5c93i24k4d74pj2pvbc9h76 Query : select top 1 bo.u_localenv valor from bo where bo.bostamp=''
20240926@180645.6737 6pl5c93i24k4d74pj2pvbc9h76 Query : select top 1 bo.trab5 valor from bo where bo.bostamp=''
20240926@180645.6749 6pl5c93i24k4d74pj2pvbc9h76 Query : select top 1 bo.serie valor from bo where bo.bostamp=''
20240926@180645.6760 6pl5c93i24k4d74pj2pvbc9h76 Query : insert into wsft2data (ft2stamp, ousrdata,ousrhora, usrdata,usrhora,ousrinis,usrinis,u_nomeenv ,u_moradaen ,u_codposen ,u_localenv ,u_coddest ,u_codby ) values ('aut66f594680466f594a59a',getdate(),convert(char(8),convert (time,getdate())),getdate(),convert(char(8),convert (time,getdate())),'wsv','wsv',?,?,?,?,?,?)
20240926@180645.6997 6pl5c93i24k4d74pj2pvbc9h76 Query : select top 1 fno valor from wsftdata order by fno desc
20240926@180645.7018 6pl5c93i24k4d74pj2pvbc9h76 Query : select 1 valor from information_schema.tables where table_type='base table' and table_name='wstablefields'
20240926@180645.7033 6pl5c93i24k4d74pj2pvbc9h76 Query : select fieldkey,fieldname,fieldtype,calcformula from wstablefields where tablename = 'ft' and documentnumber = 39
20240926@180645.7055 6pl5c93i24k4d74pj2pvbc9h76 Query : select 'normal' from dummy
20240926@180645.7071 6pl5c93i24k4d74pj2pvbc9h76 Query : insert into wsftdata (ftstamp, ousrdata,ousrhora, usrdata,usrhora,ousrinis,usrinis,fno,no,estab,fdata,ndoc,moeda,cambio,cambiofixo,ftano,site ,classe ) values ('aut66f594680466f594a59a',getdate(),convert(char(8),convert (time,getdate())),getdate(),convert(char(8),convert (time,getdate())),'wsv','wsv',950,102145,0,'2024-09-26',39,'euro',0,0,2024 ,?,?)
20240926@180645.7354 6pl5c93i24k4d74pj2pvbc9h76 Query : use flama_phc
20240926@180645.7358 6pl5c93i24k4d74pj2pvbc9h76 Query : select st.usalote valor from st where st.ref = '324.1462.00.1'
20240926@180645.7382 6pl5c93i24k4d74pj2pvbc9h76 Query : select top 1 st.tabiva ,st.ivaincl ,st.stns ,st.uni2 ,st.familia ,isnull(tx.taxa, 0) txiva ,unidade ,usalote ,epcpond ,noserie ,conversao ,st.texteis from st left join taxasiva tx on st.tabiva = tx.codigo where st.ref = '324.1462.00.1'
20240926@180645.7534 6pl5c93i24k4d74pj2pvbc9h76 Query : select 1 valor from information_schema.tables where table_type='base table' and table_name='wstablefields'
20240926@180645.7551 6pl5c93i24k4d74pj2pvbc9h76 Query : select fieldkey,fieldname,fieldtype,mandatory from wstablefields where tablename = 'fi' and documentnumber = 39
20240926@180645.7712 6pl5c93i24k4d74pj2pvbc9h76 Query : select 1 valor from information_schema.tables where table_type='base table' and table_name='wstablefields'
20240926@180645.7728 6pl5c93i24k4d74pj2pvbc9h76 Query : select fieldkey,fieldname,fieldtype,mandatory from wstablefields where tablename = 'fi2' and documentnumber = 39
20240926@180645.7737 6pl5c93i24k4d74pj2pvbc9h76 Query : select top 1 convert(numeric(6,2),t.taxa) valor from taxasiva t where t.codigo='2'
20240926@180645.7750 6pl5c93i24k4d74pj2pvbc9h76 Query : select sestamp valor from se where ref ='324.1462.00.1' and lote = 'r2101096200a'
20240926@180645.7771 6pl5c93i24k4d74pj2pvbc9h76 Query : select 1 valor from information_schema.tables where table_type='base table' and table_name='wstablefields'
20240926@180645.7787 6pl5c93i24k4d74pj2pvbc9h76 Query : select fieldkey,fieldname,fieldtype,calcformula from wstablefields where tablename = 'fi2' and documentnumber = 39
20240926@180645.7800 6pl5c93i24k4d74pj2pvbc9h76 Query : insert into wsfi2data (fi2stamp,ftstamp ,ousrdata, ousrhora, usrdata,usrhora,ousrinis,usrinis) values ('aut66f592922766f594a5bd','aut66f594680466f594a59a' ,getdate(),convert(char(8),convert (time,getdate())),getdate(),convert(char(8),convert (time,getdate())),'wsv','wsv')
20240926@180645.7804 6pl5c93i24k4d74pj2pvbc9h76 Query : select 1 valor from information_schema.tables where table_type='base table' and table_name='wstablefields'
20240926@180645.7819 6pl5c93i24k4d74pj2pvbc9h76 Query : select fieldkey,fieldname,fieldtype,calcformula from wstablefields where tablename = 'fi' and documentnumber = 39
20240926@180645.7846 6pl5c93i24k4d74pj2pvbc9h76 Query : insert into wsfidata (fistamp,ousrdata, ousrhora, usrdata,usrhora,ousrinis,usrinis ,qtt ,ftstamp ,epv,pvmoeda ,tabiva,iva,lordem ,ref, design ,lote,armazem,bistamp ) values ('aut66f592922766f594a5bd',getdate(),convert(char(8),convert (time,getdate())),getdate(),convert(char(8),convert (time,getdate())),'wsv','wsv',2.000 ,'aut66f594680466f594a59a' ,0,0 ,2,23.00,10000,?,?,?,?,?)
20240926@180645.8108 6pl5c93i24k4d74pj2pvbc9h76 Query : use flama_phc
20240926@180645.8112 6pl5c93i24k4d74pj2pvbc9h76 Query : select st.usalote valor from st where st.ref = '324.692.00.01'
20240926@180645.8133 6pl5c93i24k4d74pj2pvbc9h76 Query : select top 1 st.tabiva ,st.ivaincl ,st.stns ,st.uni2 ,st.familia ,isnull(tx.taxa, 0) txiva ,unidade ,usalote ,epcpond ,noserie ,conversao ,st.texteis from st left join taxasiva tx on st.tabiva = tx.codigo where st.ref = '324.692.00.01'
20240926@180645.8274 6pl5c93i24k4d74pj2pvbc9h76 Query : select 1 valor from information_schema.tables where table_type='base table' and table_name='wstablefields'
20240926@180645.8290 6pl5c93i24k4d74pj2pvbc9h76 Query : select fieldkey,fieldname,fieldtype,mandatory from wstablefields where tablename = 'fi' and documentnumber = 39
20240926@180645.9437 6pl5c93i24k4d74pj2pvbc9h76 Query : select 1 valor from information_schema.tables where table_type='base table' and table_name='wstablefields'
20240926@180645.9453 6pl5c93i24k4d74pj2pvbc9h76 Query : select fieldkey,fieldname,fieldtype,mandatory from wstablefields where tablename = 'fi2' and documentnumber = 39
20240926@180645.9462 6pl5c93i24k4d74pj2pvbc9h76 Query : select top 1 convert(numeric(6,2),t.taxa) valor from taxasiva t where t.codigo='2'
20240926@180645.9476 6pl5c93i24k4d74pj2pvbc9h76 Query : select sestamp valor from se where ref ='324.692.00.01' and lote = 'r2400209100a'
20240926@180645.9491 6pl5c93i24k4d74pj2pvbc9h76 Query : select 1 valor from information_schema.tables where table_type='base table' and table_name='wstablefields'
20240926@180645.9510 6pl5c93i24k4d74pj2pvbc9h76 Query : select fieldkey,fieldname,fieldtype,calcformula from wstablefields where tablename = 'fi2' and documentnumber = 39
20240926@180645.9522 6pl5c93i24k4d74pj2pvbc9h76 Query : insert into wsfi2data (fi2stamp,ftstamp ,ousrdata, ousrhora, usrdata,usrhora,ousrinis,usrinis) values ('aut66f595129266f594a5e7','aut66f594680466f594a59a' ,getdate(),convert(char(8),convert (time,getdate())),getdate(),convert(char(8),convert (time,getdate())),'wsv','wsv')
20240926@180645.9526 6pl5c93i24k4d74pj2pvbc9h76 Query : select 1 valor from information_schema.tables where table_type='base table' and table_name='wstablefields'
20240926@180645.9540 6pl5c93i24k4d74pj2pvbc9h76 Query : select fieldkey,fieldname,fieldtype,calcformula from wstablefields where tablename = 'fi' and documentnumber = 39
20240926@180645.9568 6pl5c93i24k4d74pj2pvbc9h76 Query : insert into wsfidata (fistamp,ousrdata, ousrhora, usrdata,usrhora,ousrinis,usrinis ,qtt ,ftstamp ,epv,pvmoeda ,tabiva,iva,lordem ,ref, design ,lote,armazem,bistamp ) values ('aut66f595129266f594a5e7',getdate(),convert(char(8),convert (time,getdate())),getdate(),convert(char(8),convert (time,getdate())),'wsv','wsv',2.000 ,'aut66f594680466f594a59a' ,0,0 ,2,23.00,20000,?,?,?,?,?)
20240926@180645.9832 6pl5c93i24k4d74pj2pvbc9h76 Query : select 1 valor from information_schema.tables where table_type='base table' and table_name='wstablefields'
20240926@180645.9849 6pl5c93i24k4d74pj2pvbc9h76 Query : select fieldkey,fieldname,fieldtype,mandatory from wstablefields where tablename = 'fi' and documentnumber = 39
20240926@180646.1610 6pl5c93i24k4d74pj2pvbc9h76 Query : select 1 valor from information_schema.tables where table_type='base table' and table_name='wstablefields'
20240926@180646.1800 6pl5c93i24k4d74pj2pvbc9h76 Query : select fieldkey,fieldname,fieldtype,mandatory from wstablefields where tablename = 'fi2' and documentnumber = 39
20240926@180646.1890 6pl5c93i24k4d74pj2pvbc9h76 Query : select top 1 convert(numeric(6,2),t.taxa) valor from taxasiva t where t.codigo='2'
20240926@180646.2020 6pl5c93i24k4d74pj2pvbc9h76 Query : select 1 valor from information_schema.tables where table_type='base table' and table_name='wstablefields'
20240926@180646.2170 6pl5c93i24k4d74pj2pvbc9h76 Query : select fieldkey,fieldname,fieldtype,calcformula from wstablefields where tablename = 'fi2' and documentnumber = 39
20240926@180646.2300 6pl5c93i24k4d74pj2pvbc9h76 Query : insert into wsfi2data (fi2stamp,ftstamp ,ousrdata, ousrhora, usrdata,usrhora,ousrinis,usrinis) values ('aut66f590174566f594a604','aut66f594680466f594a59a' ,getdate(),convert(char(8),convert (time,getdate())),getdate(),convert(char(8),convert (time,getdate())),'wsv','wsv')
20240926@180646.2350 6pl5c93i24k4d74pj2pvbc9h76 Query : select 1 valor from information_schema.tables where table_type='base table' and table_name='wstablefields'
20240926@180646.2510 6pl5c93i24k4d74pj2pvbc9h76 Query : select fieldkey,fieldname,fieldtype,calcformula from wstablefields where tablename = 'fi' and documentnumber = 39
20240926@180646.2790 6pl5c93i24k4d74pj2pvbc9h76 Query : insert into wsfidata (fistamp,ousrdata, ousrhora, usrdata,usrhora,ousrinis,usrinis ,qtt ,ftstamp ,epv,pvmoeda ,tabiva,iva,lordem ,ref, design ,armazem) values ('aut66f590174566f594a604',getdate(),convert(char(8),convert (time,getdate())),getdate(),convert(char(8),convert (time,getdate())),'wsv','wsv',0 ,'aut66f594680466f594a59a' ,0,0 ,2,23.00,30000,?,?,?)
20240926@180646.5390 6pl5c93i24k4d74pj2pvbc9h76 Query : use flama_phc
20240926@180646.5430 6pl5c93i24k4d74pj2pvbc9h76 Query : select st.usalote valor from st where st.ref = '324.692.00.01'
20240926@180646.5610 6pl5c93i24k4d74pj2pvbc9h76 Query : select top 1 st.tabiva ,st.ivaincl ,st.stns ,st.uni2 ,st.familia ,isnull(tx.taxa, 0) txiva ,unidade ,usalote ,epcpond ,noserie ,conversao ,st.texteis from st left join taxasiva tx on st.tabiva = tx.codigo where st.ref = '324.692.00.01'
20240926@180646.5740 6pl5c93i24k4d74pj2pvbc9h76 Query : select 1 valor from information_schema.tables where table_type='base table' and table_name='wstablefields'
20240926@180646.5910 6pl5c93i24k4d74pj2pvbc9h76 Query : select fieldkey,fieldname,fieldtype,mandatory from wstablefields where tablename = 'fi' and documentnumber = 39
20240926@180646.6150 6pl5c93i24k4d74pj2pvbc9h76 Query : select 1 valor from information_schema.tables where table_type='base table' and table_name='wstablefields'
20240926@180646.6330 6pl5c93i24k4d74pj2pvbc9h76 Query : select fieldkey,fieldname,fieldtype,mandatory from wstablefields where tablename = 'fi2' and documentnumber = 39
20240926@180646.6420 6pl5c93i24k4d74pj2pvbc9h76 Query : select top 1 convert(numeric(6,2),t.taxa) valor from taxasiva t where t.codigo='2'
20240926@180646.6550 6pl5c93i24k4d74pj2pvbc9h76 Query : select sestamp valor from se where ref ='324.692.00.01' and lote = 'r2400209100a'
20240926@180646.6670 6pl5c93i24k4d74pj2pvbc9h76 Query : select 1 valor from information_schema.tables where table_type='base table' and table_name='wstablefields'
20240926@180646.6820 6pl5c93i24k4d74pj2pvbc9h76 Query : select fieldkey,fieldname,fieldtype,calcformula from wstablefields where tablename = 'fi2' and documentnumber = 39
20240926@180646.6950 6pl5c93i24k4d74pj2pvbc9h76 Query : insert into wsfi2data (fi2stamp,ftstamp ,ousrdata, ousrhora, usrdata,usrhora,ousrinis,usrinis) values ('aut66f596580466f594a610','aut66f594680466f594a59a' ,getdate(),convert(char(8),convert (time,getdate())),getdate(),convert(char(8),convert (time,getdate())),'wsv','wsv')
20240926@180646.6990 6pl5c93i24k4d74pj2pvbc9h76 Query : select 1 valor from information_schema.tables where table_type='base table' and table_name='wstablefields'
20240926@180646.7140 6pl5c93i24k4d74pj2pvbc9h76 Query : select fieldkey,fieldname,fieldtype,calcformula from wstablefields where tablename = 'fi' and documentnumber = 39
20240926@180646.7430 6pl5c93i24k4d74pj2pvbc9h76 Query : insert into wsfidata (fistamp,ousrdata, ousrhora, usrdata,usrhora,ousrinis,usrinis ,qtt ,ftstamp ,epv,pvmoeda ,tabiva,iva,lordem ,ref, design ,lote,armazem,bistamp ) values ('aut66f596580466f594a610',getdate(),convert(char(8),convert (time,getdate())),getdate(),convert(char(8),convert (time,getdate())),'wsv','wsv',1.000 ,'aut66f594680466f594a59a' ,0,0 ,2,23.00,50000,?,?,?,?,?)
20240926@180646.9980 6pl5c93i24k4d74pj2pvbc9h76 Query : select 1 valor from information_schema.tables where table_type='base table' and table_name='wstablefields'
20240926@180646.1013 6pl5c93i24k4d74pj2pvbc9h76 Query : select fieldkey,fieldname,fieldtype,mandatory from wstablefields where tablename = 'fi' and documentnumber = 39
20240926@180646.1039 6pl5c93i24k4d74pj2pvbc9h76 Query : select 1 valor from information_schema.tables where table_type='base table' and table_name='wstablefields'
20240926@180646.1053 6pl5c93i24k4d74pj2pvbc9h76 Query : select fieldkey,fieldname,fieldtype,mandatory from wstablefields where tablename = 'fi2' and documentnumber = 39
20240926@180646.1061 6pl5c93i24k4d74pj2pvbc9h76 Query : select top 1 convert(numeric(6,2),t.taxa) valor from taxasiva t where t.codigo='2'
20240926@180646.1074 6pl5c93i24k4d74pj2pvbc9h76 Query : select 1 valor from information_schema.tables where table_type='base table' and table_name='wstablefields'
20240926@180646.1088 6pl5c93i24k4d74pj2pvbc9h76 Query : select fieldkey,fieldname,fieldtype,calcformula from wstablefields where tablename = 'fi2' and documentnumber = 39
20240926@180646.1100 6pl5c93i24k4d74pj2pvbc9h76 Query : insert into wsfi2data (fi2stamp,ftstamp ,ousrdata, ousrhora, usrdata,usrhora,ousrinis,usrinis) values ('aut66f593566266f594a61a','aut66f594680466f594a59a' ,getdate(),convert(char(8),convert (time,getdate())),getdate(),convert(char(8),convert (time,getdate())),'wsv','wsv')
20240926@180646.1104 6pl5c93i24k4d74pj2pvbc9h76 Query : select 1 valor from information_schema.tables where table_type='base table' and table_name='wstablefields'
20240926@180646.1118 6pl5c93i24k4d74pj2pvbc9h76 Query : select fieldkey,fieldname,fieldtype,calcformula from wstablefields where tablename = 'fi' and documentnumber = 39
20240926@180646.1147 6pl5c93i24k4d74pj2pvbc9h76 Query : insert into wsfidata (fistamp,ousrdata, ousrhora, usrdata,usrhora,ousrinis,usrinis ,qtt ,ftstamp ,epv,pvmoeda ,tabiva,iva,lordem ,ref, design ,armazem) values ('aut66f593566266f594a61a',getdate(),convert(char(8),convert (time,getdate())),getdate(),convert(char(8),convert (time,getdate())),'wsv','wsv',0 ,'aut66f594680466f594a59a' ,0,0 ,2,23.00,60000,?,?,?)
20240926@180646.1381 6pl5c93i24k4d74pj2pvbc9h76 Query : use flama_phc
20240926@180646.1384 6pl5c93i24k4d74pj2pvbc9h76 Query : select st.usalote valor from st where st.ref = '324.692.00.01'
20240926@180646.1403 6pl5c93i24k4d74pj2pvbc9h76 Query : select top 1 st.tabiva ,st.ivaincl ,st.stns ,st.uni2 ,st.familia ,isnull(tx.taxa, 0) txiva ,unidade ,usalote ,epcpond ,noserie ,conversao ,st.texteis from st left join taxasiva tx on st.tabiva = tx.codigo where st.ref = '324.692.00.01'
20240926@180646.1418 6pl5c93i24k4d74pj2pvbc9h76 Query : select 1 valor from information_schema.tables where table_type='base table' and table_name='wstablefields'
20240926@180646.1433 6pl5c93i24k4d74pj2pvbc9h76 Query : select fieldkey,fieldname,fieldtype,mandatory from wstablefields where tablename = 'fi' and documentnumber = 39
20240926@180646.1459 6pl5c93i24k4d74pj2pvbc9h76 Query : select 1 valor from information_schema.tables where table_type='base table' and table_name='wstablefields'
20240926@180646.1474 6pl5c93i24k4d74pj2pvbc9h76 Query : select fieldkey,fieldname,fieldtype,mandatory from wstablefields where tablename = 'fi2' and documentnumber = 39
20240926@180646.1482 6pl5c93i24k4d74pj2pvbc9h76 Query : select top 1 convert(numeric(6,2),t.taxa) valor from taxasiva t where t.codigo='2'
20240926@180646.1495 6pl5c93i24k4d74pj2pvbc9h76 Query : select sestamp valor from se where ref ='324.692.00.01' and lote = 'r2400209100a'
20240926@180646.1507 6pl5c93i24k4d74pj2pvbc9h76 Query : select 1 valor from information_schema.tables where table_type='base table' and table_name='wstablefields'
20240926@180646.1521 6pl5c93i24k4d74pj2pvbc9h76 Query : select fieldkey,fieldname,fieldtype,calcformula from wstablefields where tablename = 'fi2' and documentnumber = 39
20240926@180646.1533 6pl5c93i24k4d74pj2pvbc9h76 Query : insert into wsfi2data (fi2stamp,ftstamp ,ousrdata, ousrhora, usrdata,usrhora,ousrinis,usrinis) values ('aut66f591135666f594a624','aut66f594680466f594a59a' ,getdate(),convert(char(8),convert (time,getdate())),getdate(),convert(char(8),convert (time,getdate())),'wsv','wsv')
20240926@180646.1537 6pl5c93i24k4d74pj2pvbc9h76 Query : select 1 valor from information_schema.tables where table_type='base table' and table_name='wstablefields'
20240926@180646.1551 6pl5c93i24k4d74pj2pvbc9h76 Query : select fieldkey,fieldname,fieldtype,calcformula from wstablefields where tablename = 'fi' and documentnumber = 39
20240926@180646.1579 6pl5c93i24k4d74pj2pvbc9h76 Query : insert into wsfidata (fistamp,ousrdata, ousrhora, usrdata,usrhora,ousrinis,usrinis ,qtt ,ftstamp ,epv,pvmoeda ,tabiva,iva,lordem ,ref, design ,lote,armazem,bistamp ) values ('aut66f591135666f594a624',getdate(),convert(char(8),convert (time,getdate())),getdate(),convert(char(8),convert (time,getdate())),'wsv','wsv',1.000 ,'aut66f594680466f594a59a' ,0,0 ,2,23.00,80000,?,?,?,?,?)
20240926@180646.1829 6pl5c93i24k4d74pj2pvbc9h76 Query : select 1 valor from information_schema.tables where table_type='base table' and table_name='wstablefields'
20240926@180646.1845 6pl5c93i24k4d74pj2pvbc9h76 Query : select fieldkey,fieldname,fieldtype,mandatory from wstablefields where tablename = 'fi' and documentnumber = 39
20240926@180646.1870 6pl5c93i24k4d74pj2pvbc9h76 Query : select 1 valor from information_schema.tables where table_type='base table' and table_name='wstablefields'
20240926@180646.1885 6pl5c93i24k4d74pj2pvbc9h76 Query : select fieldkey,fieldname,fieldtype,mandatory from wstablefields where tablename = 'fi2' and documentnumber = 39
20240926@180646.1894 6pl5c93i24k4d74pj2pvbc9h76 Query : select top 1 convert(numeric(6,2),t.taxa) valor from taxasiva t where t.codigo='2'
20240926@180646.1906 6pl5c93i24k4d74pj2pvbc9h76 Query : select 1 valor from information_schema.tables where table_type='base table' and table_name='wstablefields'
20240926@180646.1920 6pl5c93i24k4d74pj2pvbc9h76 Query : select fieldkey,fieldname,fieldtype,calcformula from wstablefields where tablename = 'fi2' and documentnumber = 39
20240926@180646.1931 6pl5c93i24k4d74pj2pvbc9h76 Query : insert into wsfi2data (fi2stamp,ftstamp ,ousrdata, ousrhora, usrdata,usrhora,ousrinis,usrinis) values ('aut66f597292566f594a62e','aut66f594680466f594a59a' ,getdate(),convert(char(8),convert (time,getdate())),getdate(),convert(char(8),convert (time,getdate())),'wsv','wsv')
20240926@180646.1935 6pl5c93i24k4d74pj2pvbc9h76 Query : select 1 valor from information_schema.tables where table_type='base table' and table_name='wstablefields'
20240926@180646.1950 6pl5c93i24k4d74pj2pvbc9h76 Query : select fieldkey,fieldname,fieldtype,calcformula from wstablefields where tablename = 'fi' and documentnumber = 39
20240926@180646.1979 6pl5c93i24k4d74pj2pvbc9h76 Query : insert into wsfidata (fistamp,ousrdata, ousrhora, usrdata,usrhora,ousrinis,usrinis ,qtt ,ftstamp ,epv,pvmoeda ,tabiva,iva,lordem ,ref, design ,armazem) values ('aut66f597292566f594a62e',getdate(),convert(char(8),convert (time,getdate())),getdate(),convert(char(8),convert (time,getdate())),'wsv','wsv',0 ,'aut66f594680466f594a59a' ,0,0 ,2,23.00,90000,?,?,?)
20240926@180646.2240 6pl5c93i24k4d74pj2pvbc9h76 Query : use flama_phc
20240926@180646.2243 6pl5c93i24k4d74pj2pvbc9h76 Query : select st.usalote valor from st where st.ref = '304.421.00.04'
20240926@180646.2263 6pl5c93i24k4d74pj2pvbc9h76 Query : select top 1 st.tabiva ,st.ivaincl ,st.stns ,st.uni2 ,st.familia ,isnull(tx.taxa, 0) txiva ,unidade ,usalote ,epcpond ,noserie ,conversao ,st.texteis from st left join taxasiva tx on st.tabiva = tx.codigo where st.ref = '304.421.00.04'
20240926@180646.2276 6pl5c93i24k4d74pj2pvbc9h76 Query : select 1 valor from information_schema.tables where table_type='base table' and table_name='wstablefields'
20240926@180646.2291 6pl5c93i24k4d74pj2pvbc9h76 Query : select fieldkey,fieldname,fieldtype,mandatory from wstablefields where tablename = 'fi' and documentnumber = 39
20240926@180646.2317 6pl5c93i24k4d74pj2pvbc9h76 Query : select 1 valor from information_schema.tables where table_type='base table' and table_name='wstablefields'
20240926@180646.2331 6pl5c93i24k4d74pj2pvbc9h76 Query : select fieldkey,fieldname,fieldtype,mandatory from wstablefields where tablename = 'fi2' and documentnumber = 39
20240926@180646.2340 6pl5c93i24k4d74pj2pvbc9h76 Query : select top 1 convert(numeric(6,2),t.taxa) valor from taxasiva t where t.codigo='2'
20240926@180646.2352 6pl5c93i24k4d74pj2pvbc9h76 Query : select sestamp valor from se where ref ='304.421.00.04' and lote = '241001'
20240926@180646.2367 6pl5c93i24k4d74pj2pvbc9h76 Query : select 1 valor from information_schema.tables where table_type='base table' and table_name='wstablefields'
20240926@180646.2383 6pl5c93i24k4d74pj2pvbc9h76 Query : select fieldkey,fieldname,fieldtype,calcformula from wstablefields where tablename = 'fi2' and documentnumber = 39
20240926@180646.2396 6pl5c93i24k4d74pj2pvbc9h76 Query : insert into wsfi2data (fi2stamp,ftstamp ,ousrdata, ousrhora, usrdata,usrhora,ousrinis,usrinis) values ('aut66f598415966f594a639','aut66f594680466f594a59a' ,getdate(),convert(char(8),convert (time,getdate())),getdate(),convert(char(8),convert (time,getdate())),'wsv','wsv')
20240926@180646.2401 6pl5c93i24k4d74pj2pvbc9h76 Query : select 1 valor from information_schema.tables where table_type='base table' and table_name='wstablefields'
20240926@180646.2426 6pl5c93i24k4d74pj2pvbc9h76 Query : select fieldkey,fieldname,fieldtype,calcformula from wstablefields where tablename = 'fi' and documentnumber = 39
20240926@180646.2456 6pl5c93i24k4d74pj2pvbc9h76 Query : insert into wsfidata (fistamp,ousrdata, ousrhora, usrdata,usrhora,ousrinis,usrinis ,qtt ,ftstamp ,epv,pvmoeda ,tabiva,iva,lordem ,ref, design ,lote,armazem,bistamp ) values ('aut66f598415966f594a639',getdate(),convert(char(8),convert (time,getdate())),getdate(),convert(char(8),convert (time,getdate())),'wsv','wsv',4.000 ,'aut66f594680466f594a59a' ,0,0 ,2,23.00,110000,?,?,?,?,?)
20240926@180646.2939 6pl5c93i24k4d74pj2pvbc9h76 Query : select 1 valor from information_schema.tables where table_type='base table' and table_name='wstablefields'
20240926@180646.2958 6pl5c93i24k4d74pj2pvbc9h76 Query : select fieldkey,fieldname,fieldtype,mandatory from wstablefields where tablename = 'fi' and documentnumber = 39
20240926@180646.2984 6pl5c93i24k4d74pj2pvbc9h76 Query : select 1 valor from information_schema.tables where table_type='base table' and table_name='wstablefields'
20240926@180646.2999 6pl5c93i24k4d74pj2pvbc9h76 Query : select fieldkey,fieldname,fieldtype,mandatory from wstablefields where tablename = 'fi2' and documentnumber = 39
20240926@180646.3008 6pl5c93i24k4d74pj2pvbc9h76 Query : select top 1 convert(numeric(6,2),t.taxa) valor from taxasiva t where t.codigo='2'
20240926@180646.3021 6pl5c93i24k4d74pj2pvbc9h76 Query : select 1 valor from information_schema.tables where table_type='base table' and table_name='wstablefields'
20240926@180646.3035 6pl5c93i24k4d74pj2pvbc9h76 Query : select fieldkey,fieldname,fieldtype,calcformula from wstablefields where tablename = 'fi2' and documentnumber = 39
20240926@180646.3047 6pl5c93i24k4d74pj2pvbc9h76 Query : insert into wsfi2data (fi2stamp,ftstamp ,ousrdata, ousrhora, usrdata,usrhora,ousrinis,usrinis) values ('aut66f591752766f594a649','aut66f594680466f594a59a' ,getdate(),convert(char(8),convert (time,getdate())),getdate(),convert(char(8),convert (time,getdate())),'wsv','wsv')
20240926@180646.3051 6pl5c93i24k4d74pj2pvbc9h76 Query : select 1 valor from information_schema.tables where table_type='base table' and table_name='wstablefields'
20240926@180646.3066 6pl5c93i24k4d74pj2pvbc9h76 Query : select fieldkey,fieldname,fieldtype,calcformula from wstablefields where tablename = 'fi' and documentnumber = 39
20240926@180646.3093 6pl5c93i24k4d74pj2pvbc9h76 Query : insert into wsfidata (fistamp,ousrdata, ousrhora, usrdata,usrhora,ousrinis,usrinis ,qtt ,ftstamp ,epv,pvmoeda ,tabiva,iva,lordem ,ref, design ,armazem) values ('aut66f591752766f594a649',getdate(),convert(char(8),convert (time,getdate())),getdate(),convert(char(8),convert (time,getdate())),'wsv','wsv',0 ,'aut66f594680466f594a59a' ,0,0 ,2,23.00,120000,?,?,?)
20240926@180646.3360 6pl5c93i24k4d74pj2pvbc9h76 Query : use flama_phc
20240926@180646.3364 6pl5c93i24k4d74pj2pvbc9h76 Query : select st.usalote valor from st where st.ref = '324.4988.00.1'
20240926@180646.3386 6pl5c93i24k4d74pj2pvbc9h76 Query : select top 1 st.tabiva ,st.ivaincl ,st.stns ,st.uni2 ,st.familia ,isnull(tx.taxa, 0) txiva ,unidade ,usalote ,epcpond ,noserie ,conversao ,st.texteis from st left join taxasiva tx on st.tabiva = tx.codigo where st.ref = '324.4988.00.1'
20240926@180646.3531 6pl5c93i24k4d74pj2pvbc9h76 Query : select 1 valor from information_schema.tables where table_type='base table' and table_name='wstablefields'
20240926@180646.3547 6pl5c93i24k4d74pj2pvbc9h76 Query : select fieldkey,fieldname,fieldtype,mandatory from wstablefields where tablename = 'fi' and documentnumber = 39
20240926@180646.3572 6pl5c93i24k4d74pj2pvbc9h76 Query : select 1 valor from information_schema.tables where table_type='base table' and table_name='wstablefields'
20240926@180646.3587 6pl5c93i24k4d74pj2pvbc9h76 Query : select fieldkey,fieldname,fieldtype,mandatory from wstablefields where tablename = 'fi2' and documentnumber = 39
20240926@180646.3595 6pl5c93i24k4d74pj2pvbc9h76 Query : select top 1 convert(numeric(6,2),t.taxa) valor from taxasiva t where t.codigo='2'
20240926@180646.3607 6pl5c93i24k4d74pj2pvbc9h76 Query : select sestamp valor from se where ref ='324.4988.00.1' and lote = 'r2100754100a'
20240926@180646.3620 6pl5c93i24k4d74pj2pvbc9h76 Query : select 1 valor from information_schema.tables where table_type='base table' and table_name='wstablefields'
20240926@180646.3635 6pl5c93i24k4d74pj2pvbc9h76 Query : select fieldkey,fieldname,fieldtype,calcformula from wstablefields where tablename = 'fi2' and documentnumber = 39
20240926@180646.3649 6pl5c93i24k4d74pj2pvbc9h76 Query : insert into wsfi2data (fi2stamp,ftstamp ,ousrdata, ousrhora, usrdata,usrhora,ousrinis,usrinis) values ('aut66f595302766f594a658','aut66f594680466f594a59a' ,getdate(),convert(char(8),convert (time,getdate())),getdate(),convert(char(8),convert (time,getdate())),'wsv','wsv')
20240926@180646.3653 6pl5c93i24k4d74pj2pvbc9h76 Query : select 1 valor from information_schema.tables where table_type='base table' and table_name='wstablefields'
20240926@180646.3667 6pl5c93i24k4d74pj2pvbc9h76 Query : select fieldkey,fieldname,fieldtype,calcformula from wstablefields where tablename = 'fi' and documentnumber = 39
20240926@180646.3695 6pl5c93i24k4d74pj2pvbc9h76 Query : insert into wsfidata (fistamp,ousrdata, ousrhora, usrdata,usrhora,ousrinis,usrinis ,qtt ,ftstamp ,epv,pvmoeda ,tabiva,iva,lordem ,ref, design ,lote,armazem,bistamp ) values ('aut66f595302766f594a658',getdate(),convert(char(8),convert (time,getdate())),getdate(),convert(char(8),convert (time,getdate())),'wsv','wsv',4.000 ,'aut66f594680466f594a59a' ,0,0 ,2,23.00,140000,?,?,?,?,?)
20240926@180646.3953 6pl5c93i24k4d74pj2pvbc9h76 Query : use flama_phc
20240926@180646.3956 6pl5c93i24k4d74pj2pvbc9h76 Query : select st.usalote valor from st where st.ref = '324.4980.00.1'
20240926@180646.3976 6pl5c93i24k4d74pj2pvbc9h76 Query : select top 1 st.tabiva ,st.ivaincl ,st.stns ,st.uni2 ,st.familia ,isnull(tx.taxa, 0) txiva ,unidade ,usalote ,epcpond ,noserie ,conversao ,st.texteis from st left join taxasiva tx on st.tabiva = tx.codigo where st.ref = '324.4980.00.1'
20240926@180646.4119 6pl5c93i24k4d74pj2pvbc9h76 Query : select 1 valor from information_schema.tables where table_type='base table' and table_name='wstablefields'
20240926@180646.4134 6pl5c93i24k4d74pj2pvbc9h76 Query : select fieldkey,fieldname,fieldtype,mandatory from wstablefields where tablename = 'fi' and documentnumber = 39
20240926@180646.4163 6pl5c93i24k4d74pj2pvbc9h76 Query : select 1 valor from information_schema.tables where table_type='base table' and table_name='wstablefields'
20240926@180646.4178 6pl5c93i24k4d74pj2pvbc9h76 Query : select fieldkey,fieldname,fieldtype,mandatory from wstablefields where tablename = 'fi2' and documentnumber = 39
20240926@180646.4186 6pl5c93i24k4d74pj2pvbc9h76 Query : select top 1 convert(numeric(6,2),t.taxa) valor from taxasiva t where t.codigo='2'
20240926@180646.4198 6pl5c93i24k4d74pj2pvbc9h76 Query : select sestamp valor from se where ref ='324.4980.00.1' and lote = 'r2301092100a'
20240926@180646.4211 6pl5c93i24k4d74pj2pvbc9h76 Query : select 1 valor from information_schema.tables where table_type='base table' and table_name='wstablefields'
20240926@180646.4226 6pl5c93i24k4d74pj2pvbc9h76 Query : select fieldkey,fieldname,fieldtype,calcformula from wstablefields where tablename = 'fi2' and documentnumber = 39
20240926@180646.4238 6pl5c93i24k4d74pj2pvbc9h76 Query : insert into wsfi2data (fi2stamp,ftstamp ,ousrdata, ousrhora, usrdata,usrhora,ousrinis,usrinis) values ('aut66f595286466f594a666','aut66f594680466f594a59a' ,getdate(),convert(char(8),convert (time,getdate())),getdate(),convert(char(8),convert (time,getdate())),'wsv','wsv')
20240926@180646.4242 6pl5c93i24k4d74pj2pvbc9h76 Query : select 1 valor from information_schema.tables where table_type='base table' and table_name='wstablefields'
20240926@180646.4256 6pl5c93i24k4d74pj2pvbc9h76 Query : select fieldkey,fieldname,fieldtype,calcformula from wstablefields where tablename = 'fi' and documentnumber = 39
20240926@180646.4283 6pl5c93i24k4d74pj2pvbc9h76 Query : insert into wsfidata (fistamp,ousrdata, ousrhora, usrdata,usrhora,ousrinis,usrinis ,qtt ,ftstamp ,epv,pvmoeda ,tabiva,iva,lordem ,ref, design ,lote,armazem,bistamp ) values ('aut66f595286466f594a666',getdate(),convert(char(8),convert (time,getdate())),getdate(),convert(char(8),convert (time,getdate())),'wsv','wsv',4.000 ,'aut66f594680466f594a59a' ,0,0 ,2,23.00,150000,?,?,?,?,?)
20240926@180646.4541 6pl5c93i24k4d74pj2pvbc9h76 Query : use flama_phc
20240926@180646.4544 6pl5c93i24k4d74pj2pvbc9h76 Query : select st.usalote valor from st where st.ref = '325.1675.3015'
20240926@180646.4563 6pl5c93i24k4d74pj2pvbc9h76 Query : select top 1 st.tabiva ,st.ivaincl ,st.stns ,st.uni2 ,st.familia ,isnull(tx.taxa, 0) txiva ,unidade ,usalote ,epcpond ,noserie ,conversao ,st.texteis from st left join taxasiva tx on st.tabiva = tx.codigo where st.ref = '325.1675.3015'
20240926@180646.4714 6pl5c93i24k4d74pj2pvbc9h76 Query : select 1 valor from information_schema.tables where table_type='base table' and table_name='wstablefields'
20240926@180646.4731 6pl5c93i24k4d74pj2pvbc9h76 Query : select fieldkey,fieldname,fieldtype,mandatory from wstablefields where tablename = 'fi' and documentnumber = 39
20240926@180646.4758 6pl5c93i24k4d74pj2pvbc9h76 Query : select 1 valor from information_schema.tables where table_type='base table' and table_name='wstablefields'
20240926@180646.4772 6pl5c93i24k4d74pj2pvbc9h76 Query : select fieldkey,fieldname,fieldtype,mandatory from wstablefields where tablename = 'fi2' and documentnumber = 39
20240926@180646.4781 6pl5c93i24k4d74pj2pvbc9h76 Query : select top 1 convert(numeric(6,2),t.taxa) valor from taxasiva t where t.codigo='2'
20240926@180646.4793 6pl5c93i24k4d74pj2pvbc9h76 Query : select sestamp valor from se where ref ='325.1675.3015' and lote = '801'
20240926@180646.4821 6pl5c93i24k4d74pj2pvbc9h76 Query : select 1 valor from information_schema.tables where table_type='base table' and table_name='wstablefields'
20240926@180646.4846 6pl5c93i24k4d74pj2pvbc9h76 Query : select fieldkey,fieldname,fieldtype,calcformula from wstablefields where tablename = 'fi2' and documentnumber = 39
20240926@180646.4887 6pl5c93i24k4d74pj2pvbc9h76 Query : insert into wsfi2data (fi2stamp,ftstamp ,ousrdata, ousrhora, usrdata,usrhora,ousrinis,usrinis) values ('aut66f599765766f594a675','aut66f594680466f594a59a' ,getdate(),convert(char(8),convert (time,getdate())),getdate(),convert(char(8),convert (time,getdate())),'wsv','wsv')
20240926@180646.4891 6pl5c93i24k4d74pj2pvbc9h76 Query : select 1 valor from information_schema.tables where table_type='base table' and table_name='wstablefields'
20240926@180646.4910 6pl5c93i24k4d74pj2pvbc9h76 Query : select fieldkey,fieldname,fieldtype,calcformula from wstablefields where tablename = 'fi' and documentnumber = 39
20240926@180646.4942 6pl5c93i24k4d74pj2pvbc9h76 Query : insert into wsfidata (fistamp,ousrdata, ousrhora, usrdata,usrhora,ousrinis,usrinis ,qtt ,ftstamp ,epv,pvmoeda ,tabiva,iva,lordem ,ref, design ,lote,armazem,bistamp ) values ('aut66f599765766f594a675',getdate(),convert(char(8),convert (time,getdate())),getdate(),convert(char(8),convert (time,getdate())),'wsv','wsv',6.000 ,'aut66f594680466f594a59a' ,0,0 ,2,23.00,160000,?,?,?,?,?)
20240926@180646.5200 6pl5c93i24k4d74pj2pvbc9h76 Query : use flama_phc
20240926@180646.5203 6pl5c93i24k4d74pj2pvbc9h76 Query : select st.usalote valor from st where st.ref = '325.1675.3015'
20240926@180646.5222 6pl5c93i24k4d74pj2pvbc9h76 Query : select top 1 st.tabiva ,st.ivaincl ,st.stns ,st.uni2 ,st.familia ,isnull(tx.taxa, 0) txiva ,unidade ,usalote ,epcpond ,noserie ,conversao ,st.texteis from st left join taxasiva tx on st.tabiva = tx.codigo where st.ref = '325.1675.3015'
20240926@180646.5237 6pl5c93i24k4d74pj2pvbc9h76 Query : select 1 valor from information_schema.tables where table_type='base table' and table_name='wstablefields'
20240926@180646.5253 6pl5c93i24k4d74pj2pvbc9h76 Query : select fieldkey,fieldname,fieldtype,mandatory from wstablefields where tablename = 'fi' and documentnumber = 39
20240926@180646.5278 6pl5c93i24k4d74pj2pvbc9h76 Query : select 1 valor from information_schema.tables where table_type='base table' and table_name='wstablefields'
20240926@180646.5293 6pl5c93i24k4d74pj2pvbc9h76 Query : select fieldkey,fieldname,fieldtype,mandatory from wstablefields where tablename = 'fi2' and documentnumber = 39
20240926@180646.5302 6pl5c93i24k4d74pj2pvbc9h76 Query : select top 1 convert(numeric(6,2),t.taxa) valor from taxasiva t where t.codigo='2'
20240926@180646.5314 6pl5c93i24k4d74pj2pvbc9h76 Query : select sestamp valor from se where ref ='325.1675.3015' and lote = '1303'
20240926@180646.5332 6pl5c93i24k4d74pj2pvbc9h76 Query : select 1 valor from information_schema.tables where table_type='base table' and table_name='wstablefields'
20240926@180646.5346 6pl5c93i24k4d74pj2pvbc9h76 Query : select fieldkey,fieldname,fieldtype,calcformula from wstablefields where tablename = 'fi2' and documentnumber = 39
20240926@180646.5358 6pl5c93i24k4d74pj2pvbc9h76 Query : insert into wsfi2data (fi2stamp,ftstamp ,ousrdata, ousrhora, usrdata,usrhora,ousrinis,usrinis) values ('aut66f598704366f594a682','aut66f594680466f594a59a' ,getdate(),convert(char(8),convert (time,getdate())),getdate(),convert(char(8),convert (time,getdate())),'wsv','wsv')
20240926@180646.5364 6pl5c93i24k4d74pj2pvbc9h76 Query : select 1 valor from information_schema.tables where table_type='base table' and table_name='wstablefields'
20240926@180646.5378 6pl5c93i24k4d74pj2pvbc9h76 Query : select fieldkey,fieldname,fieldtype,calcformula from wstablefields where tablename = 'fi' and documentnumber = 39
20240926@180646.5408 6pl5c93i24k4d74pj2pvbc9h76 Query : insert into wsfidata (fistamp,ousrdata, ousrhora, usrdata,usrhora,ousrinis,usrinis ,qtt ,ftstamp ,epv,pvmoeda ,tabiva,iva,lordem ,ref, design ,lote,armazem,bistamp ) values ('aut66f598704366f594a682',getdate(),convert(char(8),convert (time,getdate())),getdate(),convert(char(8),convert (time,getdate())),'wsv','wsv',6.000 ,'aut66f594680466f594a59a' ,0,0 ,2,23.00,170000,?,?,?,?,?)
20240926@180646.5681 6pl5c93i24k4d74pj2pvbc9h76 Query : insert into wsftcreationlog (initialftstamp,externalid,creationstatus,documenttypeid,idustamp) values ('aut66f594680466f594a59a','2406231','wait',39,'adm09112754980.682000002')
20240926@180646.5759 6pl5c93i24k4d74pj2pvbc9h76 Query : use flama_phc
20240926@180646.5762 6pl5c93i24k4d74pj2pvbc9h76 Query : update u_wsusers set rqsttoken =? where userid ='userls001'
20240926@180646.5793 6pl5c93i24k4d74pj2pvbc9h76 Query : select concat(rtrim(relative_path),ltrim(name_new)) as valor from uploadfiles where uploadfile_id='2238';
20240926@180646.5826 6pl5c93i24k4d74pj2pvbc9h76 Query : update uploadfiles set whenupdated=current_timestamp where uploadfile_id='2238';
20240926@180646.5868 6pl5c93i24k4d74pj2pvbc9h76 Query : select concat(rtrim(relative_path),ltrim(name_new)) as valor from uploadfiles where uploadfile_id='2238';
20240926@180646.5895 6pl5c93i24k4d74pj2pvbc9h76 Query : update uploadfiles set whenupdated=current_timestamp where uploadfile_id='2238';
20240926@180646.7430 06ski1hkv4e341rpbpunvlccor Query : insert into uploadfiles ( name_original, name_new, option_type, relative_path, whencreated ) values ( ?, ?, ?, ?, getdate() )
20240926@180646.7483 06ski1hkv4e341rpbpunvlccor Query : select uploadfile_id valor from uploadfiles where name_new = ? and option_type = ? 
20240926@180646.7539 06ski1hkv4e341rpbpunvlccor Query : select concat(rtrim(relative_path),ltrim(name_new)) as valor from uploadfiles where uploadfile_id='2239';
20240926@180646.7597 06ski1hkv4e341rpbpunvlccor Query : update uploadfiles set whenupdated=current_timestamp where uploadfile_id='2239';
20240926@180646.7653 06ski1hkv4e341rpbpunvlccor Query : select concat(rtrim(relative_path),ltrim(name_new)) as valor from uploadfiles where uploadfile_id='2239';
20240926@180646.7678 06ski1hkv4e341rpbpunvlccor Query : update uploadfiles set whenupdated=current_timestamp where uploadfile_id='2239';
20240926@180646.7839 06ski1hkv4e341rpbpunvlccor Query : use flama_phc
20240926@180646.7842 06ski1hkv4e341rpbpunvlccor Query : select top 1 secretkey valor from u_wsusers u where u.userid = ? and u.inactivo=0
20240926@180646.7911 06ski1hkv4e341rpbpunvlccor Query : use flama_phc
20240926@180646.7914 06ski1hkv4e341rpbpunvlccor Query : select no, estab,szadrsdesc from szadrs where u_coddest=170
20240926@180646.7994 06ski1hkv4e341rpbpunvlccor Query : select top 1 isnull(design,'') valor from st (nolock) left join stobs (nolock) on st.ref = stobs.ref where st.ref = '324.727.00.01'
20240926@180646.8166 06ski1hkv4e341rpbpunvlccor Query : select top 1 bistamp valor from bi inner join bo on bo.bostamp=bi.bostamp where bo.ndos =240 and bo.boano =2062 and bo.obrano = 2406232 and bi.ref ='324.727.00.01' and bi.lordem =2
20240926@180646.8472 06ski1hkv4e341rpbpunvlccor Query : select top 1 isnull(design,'') valor from st (nolock) left join stobs (nolock) on st.ref = stobs.ref where st.ref = '324.1831.00.2'
20240926@180646.8618 06ski1hkv4e341rpbpunvlccor Query : select top 1 bistamp valor from bi inner join bo on bo.bostamp=bi.bostamp where bo.ndos =240 and bo.boano =2062 and bo.obrano = 2406232 and bi.ref ='324.1831.00.2' and bi.lordem =4
20240926@180646.8959 06ski1hkv4e341rpbpunvlccor Query : select top 1 isnull(design,'') valor from st (nolock) left join stobs (nolock) on st.ref = stobs.ref where st.ref = '324.1831.00.2'
20240926@180646.8980 06ski1hkv4e341rpbpunvlccor Query : select top 1 bistamp valor from bi inner join bo on bo.bostamp=bi.bostamp where bo.ndos =240 and bo.boano =2062 and bo.obrano = 2406232 and bi.ref ='324.1831.00.2' and bi.lordem =4
20240926@180646.8996 06ski1hkv4e341rpbpunvlccor Query : select top 1 isnull(design,'') valor from st (nolock) left join stobs (nolock) on st.ref = stobs.ref where st.ref = '324.1831.00.2'
20240926@180646.9016 06ski1hkv4e341rpbpunvlccor Query : select top 1 bistamp valor from bi inner join bo on bo.bostamp=bi.bostamp where bo.ndos =240 and bo.boano =2062 and bo.obrano = 2406232 and bi.ref ='324.1831.00.2' and bi.lordem =5
20240926@180646.9344 06ski1hkv4e341rpbpunvlccor Query : select top 1 isnull(design,'') valor from st (nolock) left join stobs (nolock) on st.ref = stobs.ref where st.ref = '324.1832.00.2'
20240926@180646.9495 06ski1hkv4e341rpbpunvlccor Query : select top 1 bistamp valor from bi inner join bo on bo.bostamp=bi.bostamp where bo.ndos =240 and bo.boano =2062 and bo.obrano = 2406232 and bi.ref ='324.1832.00.2' and bi.lordem =6
20240926@180646.9826 06ski1hkv4e341rpbpunvlccor Query : select top 1 isnull(design,'') valor from st (nolock) left join stobs (nolock) on st.ref = stobs.ref where st.ref = '324.1832.00.2'
20240926@180646.9847 06ski1hkv4e341rpbpunvlccor Query : select top 1 bistamp valor from bi inner join bo on bo.bostamp=bi.bostamp where bo.ndos =240 and bo.boano =2062 and bo.obrano = 2406232 and bi.ref ='324.1832.00.2' and bi.lordem =6
20240926@180646.9864 06ski1hkv4e341rpbpunvlccor Query : select top 1 isnull(design,'') valor from st (nolock) left join stobs (nolock) on st.ref = stobs.ref where st.ref = '324.1832.00.2'
20240926@180646.9884 06ski1hkv4e341rpbpunvlccor Query : select top 1 bistamp valor from bi inner join bo on bo.bostamp=bi.bostamp where bo.ndos =240 and bo.boano =2062 and bo.obrano = 2406232 and bi.ref ='324.1832.00.2' and bi.lordem =7
20240926@180647.2200 06ski1hkv4e341rpbpunvlccor Query : select top 1 isnull(design,'') valor from st (nolock) left join stobs (nolock) on st.ref = stobs.ref where st.ref = '324.4980.00.1'
20240926@180647.2410 06ski1hkv4e341rpbpunvlccor Query : select top 1 bistamp valor from bi inner join bo on bo.bostamp=bi.bostamp where bo.ndos =240 and bo.boano =2062 and bo.obrano = 2406232 and bi.ref ='324.4980.00.1' and bi.lordem =8
20240926@180647.5720 06ski1hkv4e341rpbpunvlccor Query : select top 1 isnull(design,'') valor from st (nolock) left join stobs (nolock) on st.ref = stobs.ref where st.ref = '324.2221.00.1'
20240926@180647.7360 06ski1hkv4e341rpbpunvlccor Query : select top 1 bistamp valor from bi inner join bo on bo.bostamp=bi.bostamp where bo.ndos =240 and bo.boano =2062 and bo.obrano = 2406232 and bi.ref ='324.2221.00.1' and bi.lordem =10
20240926@180647.1080 06ski1hkv4e341rpbpunvlccor Query : select top 1 isnull(design,'') valor from st (nolock) left join stobs (nolock) on st.ref = stobs.ref where st.ref = '324.2222.00.1'
20240926@180647.1230 06ski1hkv4e341rpbpunvlccor Query : select top 1 bistamp valor from bi inner join bo on bo.bostamp=bi.bostamp where bo.ndos =240 and bo.boano =2062 and bo.obrano = 2406232 and bi.ref ='324.2222.00.1' and bi.lordem =12
20240926@180647.1542 06ski1hkv4e341rpbpunvlccor Query : select top 1 isnull(design,'') valor from st (nolock) left join stobs (nolock) on st.ref = stobs.ref where st.ref = '324.2223.00.1'
20240926@180647.1706 06ski1hkv4e341rpbpunvlccor Query : select top 1 bistamp valor from bi inner join bo on bo.bostamp=bi.bostamp where bo.ndos =240 and bo.boano =2062 and bo.obrano = 2406232 and bi.ref ='324.2223.00.1' and bi.lordem =14
20240926@180647.2008 06ski1hkv4e341rpbpunvlccor Query : select top 1 isnull(design,'') valor from st (nolock) left join stobs (nolock) on st.ref = stobs.ref where st.ref = '324.2224.00.1'
20240926@180647.2249 06ski1hkv4e341rpbpunvlccor Query : select top 1 bistamp valor from bi inner join bo on bo.bostamp=bi.bostamp where bo.ndos =240 and bo.boano =2062 and bo.obrano = 2406232 and bi.ref ='324.2224.00.1' and bi.lordem =16
20240926@180647.2588 06ski1hkv4e341rpbpunvlccor Query : select top 1 isnull(design,'') valor from st (nolock) left join stobs (nolock) on st.ref = stobs.ref where st.ref = '324.1670.00.1'
20240926@180647.2740 06ski1hkv4e341rpbpunvlccor Query : select top 1 bistamp valor from bi inner join bo on bo.bostamp=bi.bostamp where bo.ndos =240 and bo.boano =2062 and bo.obrano = 2406232 and bi.ref ='324.1670.00.1' and bi.lordem =18
20240926@180647.3068 06ski1hkv4e341rpbpunvlccor Query : select top 1 isnull(design,'') valor from st (nolock) left join stobs (nolock) on st.ref = stobs.ref where st.ref = '324.1676.00.1'
20240926@180647.3213 06ski1hkv4e341rpbpunvlccor Query : select top 1 bistamp valor from bi inner join bo on bo.bostamp=bi.bostamp where bo.ndos =240 and bo.boano =2062 and bo.obrano = 2406232 and bi.ref ='324.1676.00.1' and bi.lordem =20
20240926@180647.3550 06ski1hkv4e341rpbpunvlccor Query : select top 1 isnull(design,'') valor from st (nolock) left join stobs (nolock) on st.ref = stobs.ref where st.ref = '324.1676.00.1'
20240926@180647.3570 06ski1hkv4e341rpbpunvlccor Query : select top 1 bistamp valor from bi inner join bo on bo.bostamp=bi.bostamp where bo.ndos =240 and bo.boano =2062 and bo.obrano = 2406232 and bi.ref ='324.1676.00.1' and bi.lordem =20
20240926@180647.3587 06ski1hkv4e341rpbpunvlccor Query : select top 1 isnull(design,'') valor from st (nolock) left join stobs (nolock) on st.ref = stobs.ref where st.ref = '324.734.00.02'
20240926@180647.3609 06ski1hkv4e341rpbpunvlccor Query : select top 1 bistamp valor from bi inner join bo on bo.bostamp=bi.bostamp where bo.ndos =240 and bo.boano =2062 and bo.obrano = 2406232 and bi.ref ='324.734.00.02' and bi.lordem =22
20240926@180647.3924 06ski1hkv4e341rpbpunvlccor Query : use flama_phc
20240926@180647.3927 06ski1hkv4e341rpbpunvlccor Query : select top 1 convert(date,fdata) valor from ft where ndoc = 39 and anulado= 0 and fno>0 order by fdata desc
20240926@180647.3960 06ski1hkv4e341rpbpunvlccor Query : use flama_phc
20240926@180647.3963 06ski1hkv4e341rpbpunvlccor Query : select top 1 1 valor from td where td.ndoc = 39
20240926@180647.3992 06ski1hkv4e341rpbpunvlccor Query : use flama_phc
20240926@180647.3995 06ski1hkv4e341rpbpunvlccor Query : select lower(descricao) descricao ,case when valor='s' then 1 else 0 end valor from para1 where descricao in ('st_lote','st_usalogifunc', 'st_grelha')
20240926@180647.4025 06ski1hkv4e341rpbpunvlccor Query : select top 1 manternumero ,assinadoc issigned ,tiposaft ,assinaimp ,nmdos ,td.assinadoc ,'cl' origin ,lancasl stocks ,case when cmsl<50 and td.lancasl=1 then 1 else 0 end entrada ,case when cmsl>50 and td.lancasl=1 then 1 else 0 end saida ,temserie assets ,~semgre usegridfields from td inner join td2 on td.tdstamp=td2.td2stamp where td.ndoc = 1
20240926@180647.4068 06ski1hkv4e341rpbpunvlccor Query : use flama_phc
20240926@180647.4071 06ski1hkv4e341rpbpunvlccor Query : select top 1 ~inactivo valor from cl where no = '102068' and estab = 0 order by inactivo desc
20240926@180647.4218 06ski1hkv4e341rpbpunvlccor Query : use flama_phc
20240926@180647.4222 06ski1hkv4e341rpbpunvlccor Query : select top 1 tipodoc,regrd from td where ndoc = 39
20240926@180647.4253 06ski1hkv4e341rpbpunvlccor Query : use flama_phc
20240926@180647.4256 06ski1hkv4e341rpbpunvlccor Query : select szadrsstamp valor from szadrs where szadrsdesc='espaÇotrans,lda'
20240926@180647.4298 06ski1hkv4e341rpbpunvlccor Query : use flama_phc
20240926@180647.4301 06ski1hkv4e341rpbpunvlccor Query : select szadrsstamp valor from szadrs where szadrsdesc='magalhÃes & vinha, lda.'
20240926@180647.4351 06ski1hkv4e341rpbpunvlccor Query : use flama_phc
20240926@180647.4353 06ski1hkv4e341rpbpunvlccor Query : select 1 valor from td where ndoc = 39
20240926@180647.4367 06ski1hkv4e341rpbpunvlccor Query : select top 1 manternumero, tiposaft, nmdos,td.assinadoc from td where td.ndoc = 39
20240926@180647.4381 06ski1hkv4e341rpbpunvlccor Query : select 1 valor from information_schema.tables where table_type='base table' and table_name='wstablefields'
20240926@180647.4397 06ski1hkv4e341rpbpunvlccor Query : select fieldkey,fieldname,fieldtype,mandatory from wstablefields where tablename = 'ft' and documentnumber = 39
20240926@180647.4417 06ski1hkv4e341rpbpunvlccor Query : select 1 valor from information_schema.tables where table_type='base table' and table_name='wstablefields'
20240926@180647.4448 06ski1hkv4e341rpbpunvlccor Query : select fieldkey,fieldname,fieldtype,mandatory from wstablefields where tablename = 'ft2' and documentnumber = 39
20240926@180647.4478 06ski1hkv4e341rpbpunvlccor Query : select 1 valor from information_schema.tables where table_type='base table' and table_name='wstablefields'
20240926@180647.4493 06ski1hkv4e341rpbpunvlccor Query : select fieldkey,fieldname,fieldtype,mandatory from wstablefields where tablename = 'ft3' and documentnumber = 39
20240926@180647.4505 06ski1hkv4e341rpbpunvlccor Query : select top 1 ft.fno valor from ft ft where ft.ndoc = 39 and ftano=2024 order by fno desc
20240926@180647.4571 06ski1hkv4e341rpbpunvlccor Query : select top 1 ft.fno valor from wsftdata ft where ft.ndoc = 39 and ftano=2024 order by fno desc
20240926@180647.4584 06ski1hkv4e341rpbpunvlccor Query : select 1 valor from information_schema.tables where table_type='base table' and table_name='wstablefields'
20240926@180647.4600 06ski1hkv4e341rpbpunvlccor Query : select fieldkey,fieldname,fieldtype,calcformula from wstablefields where tablename = 'ft3' and documentnumber = 39
20240926@180647.4617 06ski1hkv4e341rpbpunvlccor Query : insert into wsft3data (ft3stamp, ousrdata, ousrhora, usrdata,usrhora,ousrinis,usrinis,taxpointdt ) values ('aut66f597088366f594a76d' ,getdate(),convert(char(8),convert (time,getdate())),getdate(),convert(char(8),convert (time,getdate())),'wsv','wsv',?)
20240926@180647.4811 06ski1hkv4e341rpbpunvlccor Query : select 1 valor from information_schema.tables where table_type='base table' and table_name='wstablefields'
20240926@180647.4827 06ski1hkv4e341rpbpunvlccor Query : select fieldkey,fieldname,fieldtype,calcformula from wstablefields where tablename = 'ft2' and documentnumber = 39
20240926@180647.4861 06ski1hkv4e341rpbpunvlccor Query : select top 1 bo.u_nomeenv valor from bo where bo.bostamp=''
20240926@180647.4873 06ski1hkv4e341rpbpunvlccor Query : select top 1 bo.u_moradaen valor from bo where bo.bostamp=''
20240926@180647.4885 06ski1hkv4e341rpbpunvlccor Query : select top 1 bo.u_codposen valor from bo where bo.bostamp=''
20240926@180647.4897 06ski1hkv4e341rpbpunvlccor Query : select top 1 bo.u_localenv valor from bo where bo.bostamp=''
20240926@180647.4910 06ski1hkv4e341rpbpunvlccor Query : select top 1 bo.trab5 valor from bo where bo.bostamp=''
20240926@180647.4922 06ski1hkv4e341rpbpunvlccor Query : select top 1 bo.serie valor from bo where bo.bostamp=''
20240926@180647.4937 06ski1hkv4e341rpbpunvlccor Query : insert into wsft2data (ft2stamp, ousrdata,ousrhora, usrdata,usrhora,ousrinis,usrinis,u_nomeenv ,u_moradaen ,u_codposen ,u_localenv ,u_coddest ,u_codby ) values ('aut66f597088366f594a76d',getdate(),convert(char(8),convert (time,getdate())),getdate(),convert(char(8),convert (time,getdate())),'wsv','wsv',?,?,?,?,?,?)
20240926@180647.5192 06ski1hkv4e341rpbpunvlccor Query : select top 1 fno valor from wsftdata order by fno desc
20240926@180647.5214 06ski1hkv4e341rpbpunvlccor Query : select 1 valor from information_schema.tables where table_type='base table' and table_name='wstablefields'
20240926@180647.5231 06ski1hkv4e341rpbpunvlccor Query : select fieldkey,fieldname,fieldtype,calcformula from wstablefields where tablename = 'ft' and documentnumber = 39
20240926@180647.5254 06ski1hkv4e341rpbpunvlccor Query : select 'normal' from dummy
20240926@180647.5270 06ski1hkv4e341rpbpunvlccor Query : insert into wsftdata (ftstamp, ousrdata,ousrhora, usrdata,usrhora,ousrinis,usrinis,fno,no,estab,fdata,ndoc,moeda,cambio,cambiofixo,ftano,site ,classe ) values ('aut66f597088366f594a76d',getdate(),convert(char(8),convert (time,getdate())),getdate(),convert(char(8),convert (time,getdate())),'wsv','wsv',951,102068,0,'2024-09-26',39,'euro',0,0,2024 ,?,?)
20240926@180647.5577 06ski1hkv4e341rpbpunvlccor Query : use flama_phc
20240926@180647.5580 06ski1hkv4e341rpbpunvlccor Query : select st.usalote valor from st where st.ref = '324.727.00.01'
20240926@180647.5603 06ski1hkv4e341rpbpunvlccor Query : select top 1 st.tabiva ,st.ivaincl ,st.stns ,st.uni2 ,st.familia ,isnull(tx.taxa, 0) txiva ,unidade ,usalote ,epcpond ,noserie ,conversao ,st.texteis from st left join taxasiva tx on st.tabiva = tx.codigo where st.ref = '324.727.00.01'
20240926@180647.5745 06ski1hkv4e341rpbpunvlccor Query : select 1 valor from information_schema.tables where table_type='base table' and table_name='wstablefields'
20240926@180647.5763 06ski1hkv4e341rpbpunvlccor Query : select fieldkey,fieldname,fieldtype,mandatory from wstablefields where tablename = 'fi' and documentnumber = 39
20240926@180647.5789 06ski1hkv4e341rpbpunvlccor Query : select 1 valor from information_schema.tables where table_type='base table' and table_name='wstablefields'
20240926@180647.5804 06ski1hkv4e341rpbpunvlccor Query : select fieldkey,fieldname,fieldtype,mandatory from wstablefields where tablename = 'fi2' and documentnumber = 39
20240926@180647.5813 06ski1hkv4e341rpbpunvlccor Query : select top 1 convert(numeric(6,2),t.taxa) valor from taxasiva t where t.codigo='2'
20240926@180647.5825 06ski1hkv4e341rpbpunvlccor Query : select sestamp valor from se where ref ='324.727.00.01' and lote = 'r2400239200a'
20240926@180647.5839 06ski1hkv4e341rpbpunvlccor Query : select 1 valor from information_schema.tables where table_type='base table' and table_name='wstablefields'
20240926@180647.5854 06ski1hkv4e341rpbpunvlccor Query : select fieldkey,fieldname,fieldtype,calcformula from wstablefields where tablename = 'fi2' and documentnumber = 39
20240926@180647.5866 06ski1hkv4e341rpbpunvlccor Query : insert into wsfi2data (fi2stamp,ftstamp ,ousrdata, ousrhora, usrdata,usrhora,ousrinis,usrinis) values ('aut66f591967566f594a78e','aut66f597088366f594a76d' ,getdate(),convert(char(8),convert (time,getdate())),getdate(),convert(char(8),convert (time,getdate())),'wsv','wsv')
20240926@180647.5870 06ski1hkv4e341rpbpunvlccor Query : select 1 valor from information_schema.tables where table_type='base table' and table_name='wstablefields'
20240926@180647.5885 06ski1hkv4e341rpbpunvlccor Query : select fieldkey,fieldname,fieldtype,calcformula from wstablefields where tablename = 'fi' and documentnumber = 39
20240926@180647.5913 06ski1hkv4e341rpbpunvlccor Query : insert into wsfidata (fistamp,ousrdata, ousrhora, usrdata,usrhora,ousrinis,usrinis ,qtt ,ftstamp ,epv,pvmoeda ,tabiva,iva,lordem ,ref, design ,lote,armazem,bistamp ) values ('aut66f591967566f594a78e',getdate(),convert(char(8),convert (time,getdate())),getdate(),convert(char(8),convert (time,getdate())),'wsv','wsv',24.000 ,'aut66f597088366f594a76d' ,0,0 ,2,23.00,10000,?,?,?,?,?)
20240926@180647.6196 06ski1hkv4e341rpbpunvlccor Query : select 1 valor from information_schema.tables where table_type='base table' and table_name='wstablefields'
20240926@180647.6212 06ski1hkv4e341rpbpunvlccor Query : select fieldkey,fieldname,fieldtype,mandatory from wstablefields where tablename = 'fi' and documentnumber = 39
20240926@180647.6238 06ski1hkv4e341rpbpunvlccor Query : select 1 valor from information_schema.tables where table_type='base table' and table_name='wstablefields'
20240926@180647.6253 06ski1hkv4e341rpbpunvlccor Query : select fieldkey,fieldname,fieldtype,mandatory from wstablefields where tablename = 'fi2' and documentnumber = 39
20240926@180647.6262 06ski1hkv4e341rpbpunvlccor Query : select top 1 convert(numeric(6,2),t.taxa) valor from taxasiva t where t.codigo='2'
20240926@180647.6274 06ski1hkv4e341rpbpunvlccor Query : select 1 valor from information_schema.tables where table_type='base table' and table_name='wstablefields'
20240926@180647.6290 06ski1hkv4e341rpbpunvlccor Query : select fieldkey,fieldname,fieldtype,calcformula from wstablefields where tablename = 'fi2' and documentnumber = 39
20240926@180647.6302 06ski1hkv4e341rpbpunvlccor Query : insert into wsfi2data (fi2stamp,ftstamp ,ousrdata, ousrhora, usrdata,usrhora,ousrinis,usrinis) values ('aut66f595044266f594a799','aut66f597088366f594a76d' ,getdate(),convert(char(8),convert (time,getdate())),getdate(),convert(char(8),convert (time,getdate())),'wsv','wsv')
20240926@180647.6306 06ski1hkv4e341rpbpunvlccor Query : select 1 valor from information_schema.tables where table_type='base table' and table_name='wstablefields'
20240926@180647.6322 06ski1hkv4e341rpbpunvlccor Query : select fieldkey,fieldname,fieldtype,calcformula from wstablefields where tablename = 'fi' and documentnumber = 39
20240926@180647.7483 06ski1hkv4e341rpbpunvlccor Query : insert into wsfidata (fistamp,ousrdata, ousrhora, usrdata,usrhora,ousrinis,usrinis ,qtt ,ftstamp ,epv,pvmoeda ,tabiva,iva,lordem ,ref, design ,armazem) values ('aut66f595044266f594a799',getdate(),convert(char(8),convert (time,getdate())),getdate(),convert(char(8),convert (time,getdate())),'wsv','wsv',0 ,'aut66f597088366f594a76d' ,0,0 ,2,23.00,20000,?,?,?)
20240926@180647.7801 06ski1hkv4e341rpbpunvlccor Query : use flama_phc
20240926@180647.7805 06ski1hkv4e341rpbpunvlccor Query : select st.usalote valor from st where st.ref = '324.1831.00.2'
20240926@180647.7827 06ski1hkv4e341rpbpunvlccor Query : select top 1 st.tabiva ,st.ivaincl ,st.stns ,st.uni2 ,st.familia ,isnull(tx.taxa, 0) txiva ,unidade ,usalote ,epcpond ,noserie ,conversao ,st.texteis from st left join taxasiva tx on st.tabiva = tx.codigo where st.ref = '324.1831.00.2'
20240926@180647.8108 06ski1hkv4e341rpbpunvlccor Query : select 1 valor from information_schema.tables where table_type='base table' and table_name='wstablefields'
20240926@180647.8124 06ski1hkv4e341rpbpunvlccor Query : select fieldkey,fieldname,fieldtype,mandatory from wstablefields where tablename = 'fi' and documentnumber = 39
20240926@180647.8156 06ski1hkv4e341rpbpunvlccor Query : select 1 valor from information_schema.tables where table_type='base table' and table_name='wstablefields'
20240926@180647.8174 06ski1hkv4e341rpbpunvlccor Query : select fieldkey,fieldname,fieldtype,mandatory from wstablefields where tablename = 'fi2' and documentnumber = 39
20240926@180647.8185 06ski1hkv4e341rpbpunvlccor Query : select top 1 convert(numeric(6,2),t.taxa) valor from taxasiva t where t.codigo='2'
20240926@180647.8199 06ski1hkv4e341rpbpunvlccor Query : select sestamp valor from se where ref ='324.1831.00.2' and lote = 'r2400401175a'
20240926@180647.8214 06ski1hkv4e341rpbpunvlccor Query : select 1 valor from information_schema.tables where table_type='base table' and table_name='wstablefields'
20240926@180647.8228 06ski1hkv4e341rpbpunvlccor Query : select fieldkey,fieldname,fieldtype,calcformula from wstablefields where tablename = 'fi2' and documentnumber = 39
20240926@180647.8240 06ski1hkv4e341rpbpunvlccor Query : insert into wsfi2data (fi2stamp,ftstamp ,ousrdata, ousrhora, usrdata,usrhora,ousrinis,usrinis) values ('aut66f593486366f594a7c8','aut66f597088366f594a76d' ,getdate(),convert(char(8),convert (time,getdate())),getdate(),convert(char(8),convert (time,getdate())),'wsv','wsv')
20240926@180647.8244 06ski1hkv4e341rpbpunvlccor Query : select 1 valor from information_schema.tables where table_type='base table' and table_name='wstablefields'
20240926@180647.8259 06ski1hkv4e341rpbpunvlccor Query : select fieldkey,fieldname,fieldtype,calcformula from wstablefields where tablename = 'fi' and documentnumber = 39
20240926@180647.8287 06ski1hkv4e341rpbpunvlccor Query : insert into wsfidata (fistamp,ousrdata, ousrhora, usrdata,usrhora,ousrinis,usrinis ,qtt ,ftstamp ,epv,pvmoeda ,tabiva,iva,lordem ,ref, design ,lote,armazem,bistamp ) values ('aut66f593486366f594a7c8',getdate(),convert(char(8),convert (time,getdate())),getdate(),convert(char(8),convert (time,getdate())),'wsv','wsv',7.000 ,'aut66f597088366f594a76d' ,0,0 ,2,23.00,40000,?,?,?,?,?)
20240926@180647.8545 06ski1hkv4e341rpbpunvlccor Query : select 1 valor from information_schema.tables where table_type='base table' and table_name='wstablefields'
20240926@180647.8560 06ski1hkv4e341rpbpunvlccor Query : select fieldkey,fieldname,fieldtype,mandatory from wstablefields where tablename = 'fi' and documentnumber = 39
20240926@180647.8588 06ski1hkv4e341rpbpunvlccor Query : select 1 valor from information_schema.tables where table_type='base table' and table_name='wstablefields'
20240926@180647.8603 06ski1hkv4e341rpbpunvlccor Query : select fieldkey,fieldname,fieldtype,mandatory from wstablefields where tablename = 'fi2' and documentnumber = 39
20240926@180647.8612 06ski1hkv4e341rpbpunvlccor Query : select top 1 convert(numeric(6,2),t.taxa) valor from taxasiva t where t.codigo='2'
20240926@180647.8623 06ski1hkv4e341rpbpunvlccor Query : select 1 valor from information_schema.tables where table_type='base table' and table_name='wstablefields'
20240926@180647.8637 06ski1hkv4e341rpbpunvlccor Query : select fieldkey,fieldname,fieldtype,calcformula from wstablefields where tablename = 'fi2' and documentnumber = 39
20240926@180647.8649 06ski1hkv4e341rpbpunvlccor Query : insert into wsfi2data (fi2stamp,ftstamp ,ousrdata, ousrhora, usrdata,usrhora,ousrinis,usrinis) values ('aut66f590848266f594a7d2','aut66f597088366f594a76d' ,getdate(),convert(char(8),convert (time,getdate())),getdate(),convert(char(8),convert (time,getdate())),'wsv','wsv')
20240926@180647.8670 06ski1hkv4e341rpbpunvlccor Query : select 1 valor from information_schema.tables where table_type='base table' and table_name='wstablefields'
20240926@180647.8684 06ski1hkv4e341rpbpunvlccor Query : select fieldkey,fieldname,fieldtype,calcformula from wstablefields where tablename = 'fi' and documentnumber = 39
20240926@180647.8711 06ski1hkv4e341rpbpunvlccor Query : insert into wsfidata (fistamp,ousrdata, ousrhora, usrdata,usrhora,ousrinis,usrinis ,qtt ,ftstamp ,epv,pvmoeda ,tabiva,iva,lordem ,ref, design ,armazem) values ('aut66f590848266f594a7d2',getdate(),convert(char(8),convert (time,getdate())),getdate(),convert(char(8),convert (time,getdate())),'wsv','wsv',0 ,'aut66f597088366f594a76d' ,0,0 ,2,23.00,50000,?,?,?)
20240926@180647.8974 06ski1hkv4e341rpbpunvlccor Query : use flama_phc
20240926@180647.8977 06ski1hkv4e341rpbpunvlccor Query : select st.usalote valor from st where st.ref = '324.1831.00.2'
20240926@180647.8997 06ski1hkv4e341rpbpunvlccor Query : select top 1 st.tabiva ,st.ivaincl ,st.stns ,st.uni2 ,st.familia ,isnull(tx.taxa, 0) txiva ,unidade ,usalote ,epcpond ,noserie ,conversao ,st.texteis from st left join taxasiva tx on st.tabiva = tx.codigo where st.ref = '324.1831.00.2'
20240926@180647.9010 06ski1hkv4e341rpbpunvlccor Query : select 1 valor from information_schema.tables where table_type='base table' and table_name='wstablefields'
20240926@180647.9024 06ski1hkv4e341rpbpunvlccor Query : select fieldkey,fieldname,fieldtype,mandatory from wstablefields where tablename = 'fi' and documentnumber = 39
20240926@180647.9049 06ski1hkv4e341rpbpunvlccor Query : select 1 valor from information_schema.tables where table_type='base table' and table_name='wstablefields'
20240926@180647.9063 06ski1hkv4e341rpbpunvlccor Query : select fieldkey,fieldname,fieldtype,mandatory from wstablefields where tablename = 'fi2' and documentnumber = 39
20240926@180647.9071 06ski1hkv4e341rpbpunvlccor Query : select top 1 convert(numeric(6,2),t.taxa) valor from taxasiva t where t.codigo='2'
20240926@180647.9083 06ski1hkv4e341rpbpunvlccor Query : select sestamp valor from se where ref ='324.1831.00.2' and lote = 'r2400401175a'
20240926@180647.9096 06ski1hkv4e341rpbpunvlccor Query : select 1 valor from information_schema.tables where table_type='base table' and table_name='wstablefields'
20240926@180647.9112 06ski1hkv4e341rpbpunvlccor Query : select fieldkey,fieldname,fieldtype,calcformula from wstablefields where tablename = 'fi2' and documentnumber = 39
20240926@180647.9124 06ski1hkv4e341rpbpunvlccor Query : insert into wsfi2data (fi2stamp,ftstamp ,ousrdata, ousrhora, usrdata,usrhora,ousrinis,usrinis) values ('aut66f597900066f594a7de','aut66f597088366f594a76d' ,getdate(),convert(char(8),convert (time,getdate())),getdate(),convert(char(8),convert (time,getdate())),'wsv','wsv')
20240926@180647.9127 06ski1hkv4e341rpbpunvlccor Query : select 1 valor from information_schema.tables where table_type='base table' and table_name='wstablefields'
20240926@180647.9141 06ski1hkv4e341rpbpunvlccor Query : select fieldkey,fieldname,fieldtype,calcformula from wstablefields where tablename = 'fi' and documentnumber = 39
20240926@180647.9168 06ski1hkv4e341rpbpunvlccor Query : insert into wsfidata (fistamp,ousrdata, ousrhora, usrdata,usrhora,ousrinis,usrinis ,qtt ,ftstamp ,epv,pvmoeda ,tabiva,iva,lordem ,ref, design ,lote,armazem,bistamp ) values ('aut66f597900066f594a7de',getdate(),convert(char(8),convert (time,getdate())),getdate(),convert(char(8),convert (time,getdate())),'wsv','wsv',4.000 ,'aut66f597088366f594a76d' ,0,0 ,2,23.00,70000,?,?,?,?,?)
20240926@180647.9418 06ski1hkv4e341rpbpunvlccor Query : select 1 valor from information_schema.tables where table_type='base table' and table_name='wstablefields'
20240926@180647.9432 06ski1hkv4e341rpbpunvlccor Query : select fieldkey,fieldname,fieldtype,mandatory from wstablefields where tablename = 'fi' and documentnumber = 39
20240926@180647.9459 06ski1hkv4e341rpbpunvlccor Query : select 1 valor from information_schema.tables where table_type='base table' and table_name='wstablefields'
20240926@180647.9473 06ski1hkv4e341rpbpunvlccor Query : select fieldkey,fieldname,fieldtype,mandatory from wstablefields where tablename = 'fi2' and documentnumber = 39
20240926@180647.9481 06ski1hkv4e341rpbpunvlccor Query : select top 1 convert(numeric(6,2),t.taxa) valor from taxasiva t where t.codigo='2'
20240926@180647.9494 06ski1hkv4e341rpbpunvlccor Query : select 1 valor from information_schema.tables where table_type='base table' and table_name='wstablefields'
20240926@180647.9508 06ski1hkv4e341rpbpunvlccor Query : select fieldkey,fieldname,fieldtype,calcformula from wstablefields where tablename = 'fi2' and documentnumber = 39
20240926@180647.9519 06ski1hkv4e341rpbpunvlccor Query : insert into wsfi2data (fi2stamp,ftstamp ,ousrdata, ousrhora, usrdata,usrhora,ousrinis,usrinis) values ('aut66f592147266f594a7e7','aut66f597088366f594a76d' ,getdate(),convert(char(8),convert (time,getdate())),getdate(),convert(char(8),convert (time,getdate())),'wsv','wsv')
20240926@180647.9523 06ski1hkv4e341rpbpunvlccor Query : select 1 valor from information_schema.tables where table_type='base table' and table_name='wstablefields'
20240926@180647.9537 06ski1hkv4e341rpbpunvlccor Query : select fieldkey,fieldname,fieldtype,calcformula from wstablefields where tablename = 'fi' and documentnumber = 39
20240926@180647.9565 06ski1hkv4e341rpbpunvlccor Query : insert into wsfidata (fistamp,ousrdata, ousrhora, usrdata,usrhora,ousrinis,usrinis ,qtt ,ftstamp ,epv,pvmoeda ,tabiva,iva,lordem ,ref, design ,armazem) values ('aut66f592147266f594a7e7',getdate(),convert(char(8),convert (time,getdate())),getdate(),convert(char(8),convert (time,getdate())),'wsv','wsv',0 ,'aut66f597088366f594a76d' ,0,0 ,2,23.00,80000,?,?,?)
20240926@180647.9799 06ski1hkv4e341rpbpunvlccor Query : use flama_phc
20240926@180647.9802 06ski1hkv4e341rpbpunvlccor Query : select st.usalote valor from st where st.ref = '324.1831.00.2'
20240926@180647.9820 06ski1hkv4e341rpbpunvlccor Query : select top 1 st.tabiva ,st.ivaincl ,st.stns ,st.uni2 ,st.familia ,isnull(tx.taxa, 0) txiva ,unidade ,usalote ,epcpond ,noserie ,conversao ,st.texteis from st left join taxasiva tx on st.tabiva = tx.codigo where st.ref = '324.1831.00.2'
20240926@180647.9834 06ski1hkv4e341rpbpunvlccor Query : select 1 valor from information_schema.tables where table_type='base table' and table_name='wstablefields'
20240926@180647.9850 06ski1hkv4e341rpbpunvlccor Query : select fieldkey,fieldname,fieldtype,mandatory from wstablefields where tablename = 'fi' and documentnumber = 39
20240926@180647.9877 06ski1hkv4e341rpbpunvlccor Query : select 1 valor from information_schema.tables where table_type='base table' and table_name='wstablefields'
20240926@180647.9891 06ski1hkv4e341rpbpunvlccor Query : select fieldkey,fieldname,fieldtype,mandatory from wstablefields where tablename = 'fi2' and documentnumber = 39
20240926@180647.9900 06ski1hkv4e341rpbpunvlccor Query : select top 1 convert(numeric(6,2),t.taxa) valor from taxasiva t where t.codigo='2'
20240926@180647.9912 06ski1hkv4e341rpbpunvlccor Query : select sestamp valor from se where ref ='324.1831.00.2' and lote = 'r2400401175a'
20240926@180647.9926 06ski1hkv4e341rpbpunvlccor Query : select 1 valor from information_schema.tables where table_type='base table' and table_name='wstablefields'
20240926@180647.9941 06ski1hkv4e341rpbpunvlccor Query : select fieldkey,fieldname,fieldtype,calcformula from wstablefields where tablename = 'fi2' and documentnumber = 39
20240926@180647.9953 06ski1hkv4e341rpbpunvlccor Query : insert into wsfi2data (fi2stamp,ftstamp ,ousrdata, ousrhora, usrdata,usrhora,ousrinis,usrinis) values ('aut66f595029666f594a7f2','aut66f597088366f594a76d' ,getdate(),convert(char(8),convert (time,getdate())),getdate(),convert(char(8),convert (time,getdate())),'wsv','wsv')
20240926@180647.9958 06ski1hkv4e341rpbpunvlccor Query : select 1 valor from information_schema.tables where table_type='base table' and table_name='wstablefields'
20240926@180647.9973 06ski1hkv4e341rpbpunvlccor Query : select fieldkey,fieldname,fieldtype,calcformula from wstablefields where tablename = 'fi' and documentnumber = 39
20240926@180648.4000 06ski1hkv4e341rpbpunvlccor Query : insert into wsfidata (fistamp,ousrdata, ousrhora, usrdata,usrhora,ousrinis,usrinis ,qtt ,ftstamp ,epv,pvmoeda ,tabiva,iva,lordem ,ref, design ,lote,armazem,bistamp ) values ('aut66f595029666f594a7f2',getdate(),convert(char(8),convert (time,getdate())),getdate(),convert(char(8),convert (time,getdate())),'wsv','wsv',1.000 ,'aut66f597088366f594a76d' ,0,0 ,2,23.00,100000,?,?,?,?,?)
20240926@180648.2730 06ski1hkv4e341rpbpunvlccor Query : select 1 valor from information_schema.tables where table_type='base table' and table_name='wstablefields'
20240926@180648.2900 06ski1hkv4e341rpbpunvlccor Query : select fieldkey,fieldname,fieldtype,mandatory from wstablefields where tablename = 'fi' and documentnumber = 39
20240926@180648.3180 06ski1hkv4e341rpbpunvlccor Query : select 1 valor from information_schema.tables where table_type='base table' and table_name='wstablefields'
20240926@180648.3350 06ski1hkv4e341rpbpunvlccor Query : select fieldkey,fieldname,fieldtype,mandatory from wstablefields where tablename = 'fi2' and documentnumber = 39
20240926@180648.3440 06ski1hkv4e341rpbpunvlccor Query : select top 1 convert(numeric(6,2),t.taxa) valor from taxasiva t where t.codigo='2'
20240926@180648.3570 06ski1hkv4e341rpbpunvlccor Query : select 1 valor from information_schema.tables where table_type='base table' and table_name='wstablefields'
20240926@180648.3740 06ski1hkv4e341rpbpunvlccor Query : select fieldkey,fieldname,fieldtype,calcformula from wstablefields where tablename = 'fi2' and documentnumber = 39
20240926@180648.3860 06ski1hkv4e341rpbpunvlccor Query : insert into wsfi2data (fi2stamp,ftstamp ,ousrdata, ousrhora, usrdata,usrhora,ousrinis,usrinis) values ('aut66f594370566f594a808','aut66f597088366f594a76d' ,getdate(),convert(char(8),convert (time,getdate())),getdate(),convert(char(8),convert (time,getdate())),'wsv','wsv')
20240926@180648.3910 06ski1hkv4e341rpbpunvlccor Query : select 1 valor from information_schema.tables where table_type='base table' and table_name='wstablefields'
20240926@180648.4070 06ski1hkv4e341rpbpunvlccor Query : select fieldkey,fieldname,fieldtype,calcformula from wstablefields where tablename = 'fi' and documentnumber = 39
20240926@180648.4370 06ski1hkv4e341rpbpunvlccor Query : insert into wsfidata (fistamp,ousrdata, ousrhora, usrdata,usrhora,ousrinis,usrinis ,qtt ,ftstamp ,epv,pvmoeda ,tabiva,iva,lordem ,ref, design ,armazem) values ('aut66f594370566f594a808',getdate(),convert(char(8),convert (time,getdate())),getdate(),convert(char(8),convert (time,getdate())),'wsv','wsv',0 ,'aut66f597088366f594a76d' ,0,0 ,2,23.00,110000,?,?,?)
20240926@180648.7140 06ski1hkv4e341rpbpunvlccor Query : use flama_phc
20240926@180648.7170 06ski1hkv4e341rpbpunvlccor Query : select st.usalote valor from st where st.ref = '324.1832.00.2'
20240926@180648.7380 06ski1hkv4e341rpbpunvlccor Query : select top 1 st.tabiva ,st.ivaincl ,st.stns ,st.uni2 ,st.familia ,isnull(tx.taxa, 0) txiva ,unidade ,usalote ,epcpond ,noserie ,conversao ,st.texteis from st left join taxasiva tx on st.tabiva = tx.codigo where st.ref = '324.1832.00.2'
20240926@180648.8850 06ski1hkv4e341rpbpunvlccor Query : select 1 valor from information_schema.tables where table_type='base table' and table_name='wstablefields'
20240926@180648.9010 06ski1hkv4e341rpbpunvlccor Query : select fieldkey,fieldname,fieldtype,mandatory from wstablefields where tablename = 'fi' and documentnumber = 39
20240926@180648.9260 06ski1hkv4e341rpbpunvlccor Query : select 1 valor from information_schema.tables where table_type='base table' and table_name='wstablefields'
20240926@180648.9410 06ski1hkv4e341rpbpunvlccor Query : select fieldkey,fieldname,fieldtype,mandatory from wstablefields where tablename = 'fi2' and documentnumber = 39
20240926@180648.9500 06ski1hkv4e341rpbpunvlccor Query : select top 1 convert(numeric(6,2),t.taxa) valor from taxasiva t where t.codigo='2'
20240926@180648.9630 06ski1hkv4e341rpbpunvlccor Query : select sestamp valor from se where ref ='324.1832.00.2' and lote = 'r2301257100a'
20240926@180648.9770 06ski1hkv4e341rpbpunvlccor Query : select 1 valor from information_schema.tables where table_type='base table' and table_name='wstablefields'
20240926@180648.9920 06ski1hkv4e341rpbpunvlccor Query : select fieldkey,fieldname,fieldtype,calcformula from wstablefields where tablename = 'fi2' and documentnumber = 39
20240926@180648.1005 06ski1hkv4e341rpbpunvlccor Query : insert into wsfi2data (fi2stamp,ftstamp ,ousrdata, ousrhora, usrdata,usrhora,ousrinis,usrinis) values ('aut66f598051866f594a817','aut66f597088366f594a76d' ,getdate(),convert(char(8),convert (time,getdate())),getdate(),convert(char(8),convert (time,getdate())),'wsv','wsv')
20240926@180648.1010 06ski1hkv4e341rpbpunvlccor Query : select 1 valor from information_schema.tables where table_type='base table' and table_name='wstablefields'
20240926@180648.1025 06ski1hkv4e341rpbpunvlccor Query : select fieldkey,fieldname,fieldtype,calcformula from wstablefields where tablename = 'fi' and documentnumber = 39
20240926@180648.1054 06ski1hkv4e341rpbpunvlccor Query : insert into wsfidata (fistamp,ousrdata, ousrhora, usrdata,usrhora,ousrinis,usrinis ,qtt ,ftstamp ,epv,pvmoeda ,tabiva,iva,lordem ,ref, design ,lote,armazem,bistamp ) values ('aut66f598051866f594a817',getdate(),convert(char(8),convert (time,getdate())),getdate(),convert(char(8),convert (time,getdate())),'wsv','wsv',10.000 ,'aut66f597088366f594a76d' ,0,0 ,2,23.00,130000,?,?,?,?,?)
20240926@180648.1306 06ski1hkv4e341rpbpunvlccor Query : select 1 valor from information_schema.tables where table_type='base table' and table_name='wstablefields'
20240926@180648.1322 06ski1hkv4e341rpbpunvlccor Query : select fieldkey,fieldname,fieldtype,mandatory from wstablefields where tablename = 'fi' and documentnumber = 39
20240926@180648.1349 06ski1hkv4e341rpbpunvlccor Query : select 1 valor from information_schema.tables where table_type='base table' and table_name='wstablefields'
20240926@180648.1364 06ski1hkv4e341rpbpunvlccor Query : select fieldkey,fieldname,fieldtype,mandatory from wstablefields where tablename = 'fi2' and documentnumber = 39
20240926@180648.1373 06ski1hkv4e341rpbpunvlccor Query : select top 1 convert(numeric(6,2),t.taxa) valor from taxasiva t where t.codigo='2'
20240926@180648.1385 06ski1hkv4e341rpbpunvlccor Query : select 1 valor from information_schema.tables where table_type='base table' and table_name='wstablefields'
20240926@180648.1400 06ski1hkv4e341rpbpunvlccor Query : select fieldkey,fieldname,fieldtype,calcformula from wstablefields where tablename = 'fi2' and documentnumber = 39
20240926@180648.1413 06ski1hkv4e341rpbpunvlccor Query : insert into wsfi2data (fi2stamp,ftstamp ,ousrdata, ousrhora, usrdata,usrhora,ousrinis,usrinis) values ('aut66f597441366f594a821','aut66f597088366f594a76d' ,getdate(),convert(char(8),convert (time,getdate())),getdate(),convert(char(8),convert (time,getdate())),'wsv','wsv')
20240926@180648.1416 06ski1hkv4e341rpbpunvlccor Query : select 1 valor from information_schema.tables where table_type='base table' and table_name='wstablefields'
20240926@180648.1431 06ski1hkv4e341rpbpunvlccor Query : select fieldkey,fieldname,fieldtype,calcformula from wstablefields where tablename = 'fi' and documentnumber = 39
20240926@180648.1461 06ski1hkv4e341rpbpunvlccor Query : insert into wsfidata (fistamp,ousrdata, ousrhora, usrdata,usrhora,ousrinis,usrinis ,qtt ,ftstamp ,epv,pvmoeda ,tabiva,iva,lordem ,ref, design ,armazem) values ('aut66f597441366f594a821',getdate(),convert(char(8),convert (time,getdate())),getdate(),convert(char(8),convert (time,getdate())),'wsv','wsv',0 ,'aut66f597088366f594a76d' ,0,0 ,2,23.00,140000,?,?,?)
20240926@180648.1699 06ski1hkv4e341rpbpunvlccor Query : use flama_phc
20240926@180648.1702 06ski1hkv4e341rpbpunvlccor Query : select st.usalote valor from st where st.ref = '324.1832.00.2'
20240926@180648.1720 06ski1hkv4e341rpbpunvlccor Query : select top 1 st.tabiva ,st.ivaincl ,st.stns ,st.uni2 ,st.familia ,isnull(tx.taxa, 0) txiva ,unidade ,usalote ,epcpond ,noserie ,conversao ,st.texteis from st left join taxasiva tx on st.tabiva = tx.codigo where st.ref = '324.1832.00.2'
20240926@180648.1735 06ski1hkv4e341rpbpunvlccor Query : select 1 valor from information_schema.tables where table_type='base table' and table_name='wstablefields'
20240926@180648.1750 06ski1hkv4e341rpbpunvlccor Query : select fieldkey,fieldname,fieldtype,mandatory from wstablefields where tablename = 'fi' and documentnumber = 39
20240926@180648.1776 06ski1hkv4e341rpbpunvlccor Query : select 1 valor from information_schema.tables where table_type='base table' and table_name='wstablefields'
20240926@180648.1792 06ski1hkv4e341rpbpunvlccor Query : select fieldkey,fieldname,fieldtype,mandatory from wstablefields where tablename = 'fi2' and documentnumber = 39
20240926@180648.1800 06ski1hkv4e341rpbpunvlccor Query : select top 1 convert(numeric(6,2),t.taxa) valor from taxasiva t where t.codigo='2'
20240926@180648.1812 06ski1hkv4e341rpbpunvlccor Query : select sestamp valor from se where ref ='324.1832.00.2' and lote = 'r2301257100a'
20240926@180648.1824 06ski1hkv4e341rpbpunvlccor Query : select 1 valor from information_schema.tables where table_type='base table' and table_name='wstablefields'
20240926@180648.1838 06ski1hkv4e341rpbpunvlccor Query : select fieldkey,fieldname,fieldtype,calcformula from wstablefields where tablename = 'fi2' and documentnumber = 39
20240926@180648.1849 06ski1hkv4e341rpbpunvlccor Query : insert into wsfi2data (fi2stamp,ftstamp ,ousrdata, ousrhora, usrdata,usrhora,ousrinis,usrinis) values ('aut66f596000066f594a82c','aut66f597088366f594a76d' ,getdate(),convert(char(8),convert (time,getdate())),getdate(),convert(char(8),convert (time,getdate())),'wsv','wsv')
20240926@180648.1853 06ski1hkv4e341rpbpunvlccor Query : select 1 valor from information_schema.tables where table_type='base table' and table_name='wstablefields'
20240926@180648.1867 06ski1hkv4e341rpbpunvlccor Query : select fieldkey,fieldname,fieldtype,calcformula from wstablefields where tablename = 'fi' and documentnumber = 39
20240926@180648.1896 06ski1hkv4e341rpbpunvlccor Query : insert into wsfidata (fistamp,ousrdata, ousrhora, usrdata,usrhora,ousrinis,usrinis ,qtt ,ftstamp ,epv,pvmoeda ,tabiva,iva,lordem ,ref, design ,lote,armazem,bistamp ) values ('aut66f596000066f594a82c',getdate(),convert(char(8),convert (time,getdate())),getdate(),convert(char(8),convert (time,getdate())),'wsv','wsv',1.000 ,'aut66f597088366f594a76d' ,0,0 ,2,23.00,160000,?,?,?,?,?)
20240926@180648.2148 06ski1hkv4e341rpbpunvlccor Query : select 1 valor from information_schema.tables where table_type='base table' and table_name='wstablefields'
20240926@180648.2164 06ski1hkv4e341rpbpunvlccor Query : select fieldkey,fieldname,fieldtype,mandatory from wstablefields where tablename = 'fi' and documentnumber = 39
20240926@180648.2189 06ski1hkv4e341rpbpunvlccor Query : select 1 valor from information_schema.tables where table_type='base table' and table_name='wstablefields'
20240926@180648.2204 06ski1hkv4e341rpbpunvlccor Query : select fieldkey,fieldname,fieldtype,mandatory from wstablefields where tablename = 'fi2' and documentnumber = 39
20240926@180648.2213 06ski1hkv4e341rpbpunvlccor Query : select top 1 convert(numeric(6,2),t.taxa) valor from taxasiva t where t.codigo='2'
20240926@180648.2226 06ski1hkv4e341rpbpunvlccor Query : select 1 valor from information_schema.tables where table_type='base table' and table_name='wstablefields'
20240926@180648.2240 06ski1hkv4e341rpbpunvlccor Query : select fieldkey,fieldname,fieldtype,calcformula from wstablefields where tablename = 'fi2' and documentnumber = 39
20240926@180648.2252 06ski1hkv4e341rpbpunvlccor Query : insert into wsfi2data (fi2stamp,ftstamp ,ousrdata, ousrhora, usrdata,usrhora,ousrinis,usrinis) values ('aut66f597893266f594a836','aut66f597088366f594a76d' ,getdate(),convert(char(8),convert (time,getdate())),getdate(),convert(char(8),convert (time,getdate())),'wsv','wsv')
20240926@180648.2257 06ski1hkv4e341rpbpunvlccor Query : select 1 valor from information_schema.tables where table_type='base table' and table_name='wstablefields'
20240926@180648.2271 06ski1hkv4e341rpbpunvlccor Query : select fieldkey,fieldname,fieldtype,calcformula from wstablefields where tablename = 'fi' and documentnumber = 39
20240926@180648.2301 06ski1hkv4e341rpbpunvlccor Query : insert into wsfidata (fistamp,ousrdata, ousrhora, usrdata,usrhora,ousrinis,usrinis ,qtt ,ftstamp ,epv,pvmoeda ,tabiva,iva,lordem ,ref, design ,armazem) values ('aut66f597893266f594a836',getdate(),convert(char(8),convert (time,getdate())),getdate(),convert(char(8),convert (time,getdate())),'wsv','wsv',0 ,'aut66f597088366f594a76d' ,0,0 ,2,23.00,170000,?,?,?)
20240926@180648.2560 06ski1hkv4e341rpbpunvlccor Query : use flama_phc
20240926@180648.2564 06ski1hkv4e341rpbpunvlccor Query : select st.usalote valor from st where st.ref = '324.1832.00.2'
20240926@180648.2585 06ski1hkv4e341rpbpunvlccor Query : select top 1 st.tabiva ,st.ivaincl ,st.stns ,st.uni2 ,st.familia ,isnull(tx.taxa, 0) txiva ,unidade ,usalote ,epcpond ,noserie ,conversao ,st.texteis from st left join taxasiva tx on st.tabiva = tx.codigo where st.ref = '324.1832.00.2'
20240926@180648.2599 06ski1hkv4e341rpbpunvlccor Query : select 1 valor from information_schema.tables where table_type='base table' and table_name='wstablefields'
20240926@180648.3748 06ski1hkv4e341rpbpunvlccor Query : select fieldkey,fieldname,fieldtype,mandatory from wstablefields where tablename = 'fi' and documentnumber = 39
20240926@180648.3776 06ski1hkv4e341rpbpunvlccor Query : select 1 valor from information_schema.tables where table_type='base table' and table_name='wstablefields'
20240926@180648.3793 06ski1hkv4e341rpbpunvlccor Query : select fieldkey,fieldname,fieldtype,mandatory from wstablefields where tablename = 'fi2' and documentnumber = 39
20240926@180648.3801 06ski1hkv4e341rpbpunvlccor Query : select top 1 convert(numeric(6,2),t.taxa) valor from taxasiva t where t.codigo='2'
20240926@180648.3930 06ski1hkv4e341rpbpunvlccor Query : select sestamp valor from se where ref ='324.1832.00.2' and lote = 'r2301257100a'
20240926@180648.4092 06ski1hkv4e341rpbpunvlccor Query : select 1 valor from information_schema.tables where table_type='base table' and table_name='wstablefields'
20240926@180648.4131 06ski1hkv4e341rpbpunvlccor Query : select fieldkey,fieldname,fieldtype,calcformula from wstablefields where tablename = 'fi2' and documentnumber = 39
20240926@180648.4143 06ski1hkv4e341rpbpunvlccor Query : insert into wsfi2data (fi2stamp,ftstamp ,ousrdata, ousrhora, usrdata,usrhora,ousrinis,usrinis) values ('aut66f597861466f594a863','aut66f597088366f594a76d' ,getdate(),convert(char(8),convert (time,getdate())),getdate(),convert(char(8),convert (time,getdate())),'wsv','wsv')
20240926@180648.4147 06ski1hkv4e341rpbpunvlccor Query : select 1 valor from information_schema.tables where table_type='base table' and table_name='wstablefields'
20240926@180648.4162 06ski1hkv4e341rpbpunvlccor Query : select fieldkey,fieldname,fieldtype,calcformula from wstablefields where tablename = 'fi' and documentnumber = 39
20240926@180648.4191 06ski1hkv4e341rpbpunvlccor Query : insert into wsfidata (fistamp,ousrdata, ousrhora, usrdata,usrhora,ousrinis,usrinis ,qtt ,ftstamp ,epv,pvmoeda ,tabiva,iva,lordem ,ref, design ,lote,armazem,bistamp ) values ('aut66f597861466f594a863',getdate(),convert(char(8),convert (time,getdate())),getdate(),convert(char(8),convert (time,getdate())),'wsv','wsv',1.000 ,'aut66f597088366f594a76d' ,0,0 ,2,23.00,190000,?,?,?,?,?)
20240926@180648.4455 06ski1hkv4e341rpbpunvlccor Query : select 1 valor from information_schema.tables where table_type='base table' and table_name='wstablefields'
20240926@180648.4470 06ski1hkv4e341rpbpunvlccor Query : select fieldkey,fieldname,fieldtype,mandatory from wstablefields where tablename = 'fi' and documentnumber = 39
20240926@180648.4496 06ski1hkv4e341rpbpunvlccor Query : select 1 valor from information_schema.tables where table_type='base table' and table_name='wstablefields'
20240926@180648.4510 06ski1hkv4e341rpbpunvlccor Query : select fieldkey,fieldname,fieldtype,mandatory from wstablefields where tablename = 'fi2' and documentnumber = 39
20240926@180648.4518 06ski1hkv4e341rpbpunvlccor Query : select top 1 convert(numeric(6,2),t.taxa) valor from taxasiva t where t.codigo='2'
20240926@180648.4530 06ski1hkv4e341rpbpunvlccor Query : select 1 valor from information_schema.tables where table_type='base table' and table_name='wstablefields'
20240926@180648.4544 06ski1hkv4e341rpbpunvlccor Query : select fieldkey,fieldname,fieldtype,calcformula from wstablefields where tablename = 'fi2' and documentnumber = 39
20240926@180648.4555 06ski1hkv4e341rpbpunvlccor Query : insert into wsfi2data (fi2stamp,ftstamp ,ousrdata, ousrhora, usrdata,usrhora,ousrinis,usrinis) values ('aut66f591969266f594a86e','aut66f597088366f594a76d' ,getdate(),convert(char(8),convert (time,getdate())),getdate(),convert(char(8),convert (time,getdate())),'wsv','wsv')
20240926@180648.4559 06ski1hkv4e341rpbpunvlccor Query : select 1 valor from information_schema.tables where table_type='base table' and table_name='wstablefields'
20240926@180648.4575 06ski1hkv4e341rpbpunvlccor Query : select fieldkey,fieldname,fieldtype,calcformula from wstablefields where tablename = 'fi' and documentnumber = 39
20240926@180648.4604 06ski1hkv4e341rpbpunvlccor Query : insert into wsfidata (fistamp,ousrdata, ousrhora, usrdata,usrhora,ousrinis,usrinis ,qtt ,ftstamp ,epv,pvmoeda ,tabiva,iva,lordem ,ref, design ,armazem) values ('aut66f591969266f594a86e',getdate(),convert(char(8),convert (time,getdate())),getdate(),convert(char(8),convert (time,getdate())),'wsv','wsv',0 ,'aut66f597088366f594a76d' ,0,0 ,2,23.00,200000,?,?,?)
20240926@180648.4866 06ski1hkv4e341rpbpunvlccor Query : use flama_phc
20240926@180648.4869 06ski1hkv4e341rpbpunvlccor Query : select st.usalote valor from st where st.ref = '324.4980.00.1'
20240926@180648.4887 06ski1hkv4e341rpbpunvlccor Query : select top 1 st.tabiva ,st.ivaincl ,st.stns ,st.uni2 ,st.familia ,isnull(tx.taxa, 0) txiva ,unidade ,usalote ,epcpond ,noserie ,conversao ,st.texteis from st left join taxasiva tx on st.tabiva = tx.codigo where st.ref = '324.4980.00.1'
20240926@180648.4904 06ski1hkv4e341rpbpunvlccor Query : select 1 valor from information_schema.tables where table_type='base table' and table_name='wstablefields'
20240926@180648.4918 06ski1hkv4e341rpbpunvlccor Query : select fieldkey,fieldname,fieldtype,mandatory from wstablefields where tablename = 'fi' and documentnumber = 39
20240926@180648.4945 06ski1hkv4e341rpbpunvlccor Query : select 1 valor from information_schema.tables where table_type='base table' and table_name='wstablefields'
20240926@180648.4960 06ski1hkv4e341rpbpunvlccor Query : select fieldkey,fieldname,fieldtype,mandatory from wstablefields where tablename = 'fi2' and documentnumber = 39
20240926@180648.4969 06ski1hkv4e341rpbpunvlccor Query : select top 1 convert(numeric(6,2),t.taxa) valor from taxasiva t where t.codigo='2'
20240926@180648.4981 06ski1hkv4e341rpbpunvlccor Query : select sestamp valor from se where ref ='324.4980.00.1' and lote = 'r2301092100a'
20240926@180648.4995 06ski1hkv4e341rpbpunvlccor Query : select 1 valor from information_schema.tables where table_type='base table' and table_name='wstablefields'
20240926@180648.5010 06ski1hkv4e341rpbpunvlccor Query : select fieldkey,fieldname,fieldtype,calcformula from wstablefields where tablename = 'fi2' and documentnumber = 39
20240926@180648.5022 06ski1hkv4e341rpbpunvlccor Query : insert into wsfi2data (fi2stamp,ftstamp ,ousrdata, ousrhora, usrdata,usrhora,ousrinis,usrinis) values ('aut66f599504666f594a879','aut66f597088366f594a76d' ,getdate(),convert(char(8),convert (time,getdate())),getdate(),convert(char(8),convert (time,getdate())),'wsv','wsv')
20240926@180648.5026 06ski1hkv4e341rpbpunvlccor Query : select 1 valor from information_schema.tables where table_type='base table' and table_name='wstablefields'
20240926@180648.5040 06ski1hkv4e341rpbpunvlccor Query : select fieldkey,fieldname,fieldtype,calcformula from wstablefields where tablename = 'fi' and documentnumber = 39
20240926@180648.5084 06ski1hkv4e341rpbpunvlccor Query : insert into wsfidata (fistamp,ousrdata, ousrhora, usrdata,usrhora,ousrinis,usrinis ,qtt ,ftstamp ,epv,pvmoeda ,tabiva,iva,lordem ,ref, design ,lote,armazem,bistamp ) values ('aut66f599504666f594a879',getdate(),convert(char(8),convert (time,getdate())),getdate(),convert(char(8),convert (time,getdate())),'wsv','wsv',12.000 ,'aut66f597088366f594a76d' ,0,0 ,2,23.00,220000,?,?,?,?,?)
20240926@180648.5337 06ski1hkv4e341rpbpunvlccor Query : use flama_phc
20240926@180648.5341 06ski1hkv4e341rpbpunvlccor Query : select st.usalote valor from st where st.ref = '324.2221.00.1'
20240926@180648.5364 06ski1hkv4e341rpbpunvlccor Query : select top 1 st.tabiva ,st.ivaincl ,st.stns ,st.uni2 ,st.familia ,isnull(tx.taxa, 0) txiva ,unidade ,usalote ,epcpond ,noserie ,conversao ,st.texteis from st left join taxasiva tx on st.tabiva = tx.codigo where st.ref = '324.2221.00.1'
20240926@180648.5553 06ski1hkv4e341rpbpunvlccor Query : select 1 valor from information_schema.tables where table_type='base table' and table_name='wstablefields'
20240926@180648.5572 06ski1hkv4e341rpbpunvlccor Query : select fieldkey,fieldname,fieldtype,mandatory from wstablefields where tablename = 'fi' and documentnumber = 39
20240926@180648.5600 06ski1hkv4e341rpbpunvlccor Query : select 1 valor from information_schema.tables where table_type='base table' and table_name='wstablefields'
20240926@180648.5616 06ski1hkv4e341rpbpunvlccor Query : select fieldkey,fieldname,fieldtype,mandatory from wstablefields where tablename = 'fi2' and documentnumber = 39
20240926@180648.5626 06ski1hkv4e341rpbpunvlccor Query : select top 1 convert(numeric(6,2),t.taxa) valor from taxasiva t where t.codigo='2'
20240926@180648.5639 06ski1hkv4e341rpbpunvlccor Query : select sestamp valor from se where ref ='324.2221.00.1' and lote = 'r2301280100a'
20240926@180648.5655 06ski1hkv4e341rpbpunvlccor Query : select 1 valor from information_schema.tables where table_type='base table' and table_name='wstablefields'
20240926@180648.5671 06ski1hkv4e341rpbpunvlccor Query : select fieldkey,fieldname,fieldtype,calcformula from wstablefields where tablename = 'fi2' and documentnumber = 39
20240926@180648.5685 06ski1hkv4e341rpbpunvlccor Query : insert into wsfi2data (fi2stamp,ftstamp ,ousrdata, ousrhora, usrdata,usrhora,ousrinis,usrinis) values ('aut66f597377166f594a88a','aut66f597088366f594a76d' ,getdate(),convert(char(8),convert (time,getdate())),getdate(),convert(char(8),convert (time,getdate())),'wsv','wsv')
20240926@180648.5689 06ski1hkv4e341rpbpunvlccor Query : select 1 valor from information_schema.tables where table_type='base table' and table_name='wstablefields'
20240926@180648.5703 06ski1hkv4e341rpbpunvlccor Query : select fieldkey,fieldname,fieldtype,calcformula from wstablefields where tablename = 'fi' and documentnumber = 39
20240926@180648.5732 06ski1hkv4e341rpbpunvlccor Query : insert into wsfidata (fistamp,ousrdata, ousrhora, usrdata,usrhora,ousrinis,usrinis ,qtt ,ftstamp ,epv,pvmoeda ,tabiva,iva,lordem ,ref, design ,lote,armazem,bistamp ) values ('aut66f597377166f594a88a',getdate(),convert(char(8),convert (time,getdate())),getdate(),convert(char(8),convert (time,getdate())),'wsv','wsv',12.000 ,'aut66f597088366f594a76d' ,0,0 ,2,23.00,230000,?,?,?,?,?)
20240926@180648.5992 06ski1hkv4e341rpbpunvlccor Query : use flama_phc
20240926@180648.5995 06ski1hkv4e341rpbpunvlccor Query : select st.usalote valor from st where st.ref = '324.2222.00.1'
20240926@180648.6015 06ski1hkv4e341rpbpunvlccor Query : select top 1 st.tabiva ,st.ivaincl ,st.stns ,st.uni2 ,st.familia ,isnull(tx.taxa, 0) txiva ,unidade ,usalote ,epcpond ,noserie ,conversao ,st.texteis from st left join taxasiva tx on st.tabiva = tx.codigo where st.ref = '324.2222.00.1'
20240926@180648.6154 06ski1hkv4e341rpbpunvlccor Query : select 1 valor from information_schema.tables where table_type='base table' and table_name='wstablefields'
20240926@180648.6169 06ski1hkv4e341rpbpunvlccor Query : select fieldkey,fieldname,fieldtype,mandatory from wstablefields where tablename = 'fi' and documentnumber = 39
20240926@180648.6194 06ski1hkv4e341rpbpunvlccor Query : select 1 valor from information_schema.tables where table_type='base table' and table_name='wstablefields'
20240926@180648.6208 06ski1hkv4e341rpbpunvlccor Query : select fieldkey,fieldname,fieldtype,mandatory from wstablefields where tablename = 'fi2' and documentnumber = 39
20240926@180648.6216 06ski1hkv4e341rpbpunvlccor Query : select top 1 convert(numeric(6,2),t.taxa) valor from taxasiva t where t.codigo='2'
20240926@180648.6227 06ski1hkv4e341rpbpunvlccor Query : select sestamp valor from se where ref ='324.2222.00.1' and lote = 'r2301281400a'
20240926@180648.6240 06ski1hkv4e341rpbpunvlccor Query : select 1 valor from information_schema.tables where table_type='base table' and table_name='wstablefields'
20240926@180648.6254 06ski1hkv4e341rpbpunvlccor Query : select fieldkey,fieldname,fieldtype,calcformula from wstablefields where tablename = 'fi2' and documentnumber = 39
20240926@180648.6265 06ski1hkv4e341rpbpunvlccor Query : insert into wsfi2data (fi2stamp,ftstamp ,ousrdata, ousrhora, usrdata,usrhora,ousrinis,usrinis) values ('aut66f590424566f594a898','aut66f597088366f594a76d' ,getdate(),convert(char(8),convert (time,getdate())),getdate(),convert(char(8),convert (time,getdate())),'wsv','wsv')
20240926@180648.6269 06ski1hkv4e341rpbpunvlccor Query : select 1 valor from information_schema.tables where table_type='base table' and table_name='wstablefields'
20240926@180648.6282 06ski1hkv4e341rpbpunvlccor Query : select fieldkey,fieldname,fieldtype,calcformula from wstablefields where tablename = 'fi' and documentnumber = 39
20240926@180648.6309 06ski1hkv4e341rpbpunvlccor Query : insert into wsfidata (fistamp,ousrdata, ousrhora, usrdata,usrhora,ousrinis,usrinis ,qtt ,ftstamp ,epv,pvmoeda ,tabiva,iva,lordem ,ref, design ,lote,armazem,bistamp ) values ('aut66f590424566f594a898',getdate(),convert(char(8),convert (time,getdate())),getdate(),convert(char(8),convert (time,getdate())),'wsv','wsv',12.000 ,'aut66f597088366f594a76d' ,0,0 ,2,23.00,240000,?,?,?,?,?)
20240926@180648.6583 06ski1hkv4e341rpbpunvlccor Query : use flama_phc
20240926@180648.6586 06ski1hkv4e341rpbpunvlccor Query : select st.usalote valor from st where st.ref = '324.2223.00.1'
20240926@180648.6606 06ski1hkv4e341rpbpunvlccor Query : select top 1 st.tabiva ,st.ivaincl ,st.stns ,st.uni2 ,st.familia ,isnull(tx.taxa, 0) txiva ,unidade ,usalote ,epcpond ,noserie ,conversao ,st.texteis from st left join taxasiva tx on st.tabiva = tx.codigo where st.ref = '324.2223.00.1'
20240926@180648.6750 06ski1hkv4e341rpbpunvlccor Query : select 1 valor from information_schema.tables where table_type='base table' and table_name='wstablefields'
20240926@180648.6765 06ski1hkv4e341rpbpunvlccor Query : select fieldkey,fieldname,fieldtype,mandatory from wstablefields where tablename = 'fi' and documentnumber = 39
20240926@180648.6790 06ski1hkv4e341rpbpunvlccor Query : select 1 valor from information_schema.tables where table_type='base table' and table_name='wstablefields'
20240926@180648.6807 06ski1hkv4e341rpbpunvlccor Query : select fieldkey,fieldname,fieldtype,mandatory from wstablefields where tablename = 'fi2' and documentnumber = 39
20240926@180648.6817 06ski1hkv4e341rpbpunvlccor Query : select top 1 convert(numeric(6,2),t.taxa) valor from taxasiva t where t.codigo='2'
20240926@180648.6830 06ski1hkv4e341rpbpunvlccor Query : select sestamp valor from se where ref ='324.2223.00.1' and lote = 'r2301281500a'
20240926@180648.6843 06ski1hkv4e341rpbpunvlccor Query : select 1 valor from information_schema.tables where table_type='base table' and table_name='wstablefields'
20240926@180648.6857 06ski1hkv4e341rpbpunvlccor Query : select fieldkey,fieldname,fieldtype,calcformula from wstablefields where tablename = 'fi2' and documentnumber = 39
20240926@180648.6868 06ski1hkv4e341rpbpunvlccor Query : insert into wsfi2data (fi2stamp,ftstamp ,ousrdata, ousrhora, usrdata,usrhora,ousrinis,usrinis) values ('aut66f590893066f594a8a7','aut66f597088366f594a76d' ,getdate(),convert(char(8),convert (time,getdate())),getdate(),convert(char(8),convert (time,getdate())),'wsv','wsv')
20240926@180648.6872 06ski1hkv4e341rpbpunvlccor Query : select 1 valor from information_schema.tables where table_type='base table' and table_name='wstablefields'
20240926@180648.6886 06ski1hkv4e341rpbpunvlccor Query : select fieldkey,fieldname,fieldtype,calcformula from wstablefields where tablename = 'fi' and documentnumber = 39
20240926@180648.6914 06ski1hkv4e341rpbpunvlccor Query : insert into wsfidata (fistamp,ousrdata, ousrhora, usrdata,usrhora,ousrinis,usrinis ,qtt ,ftstamp ,epv,pvmoeda ,tabiva,iva,lordem ,ref, design ,lote,armazem,bistamp ) values ('aut66f590893066f594a8a7',getdate(),convert(char(8),convert (time,getdate())),getdate(),convert(char(8),convert (time,getdate())),'wsv','wsv',12.000 ,'aut66f597088366f594a76d' ,0,0 ,2,23.00,250000,?,?,?,?,?)
20240926@180648.7177 06ski1hkv4e341rpbpunvlccor Query : use flama_phc
20240926@180648.7180 06ski1hkv4e341rpbpunvlccor Query : select st.usalote valor from st where st.ref = '324.2224.00.1'
20240926@180648.7199 06ski1hkv4e341rpbpunvlccor Query : select top 1 st.tabiva ,st.ivaincl ,st.stns ,st.uni2 ,st.familia ,isnull(tx.taxa, 0) txiva ,unidade ,usalote ,epcpond ,noserie ,conversao ,st.texteis from st left join taxasiva tx on st.tabiva = tx.codigo where st.ref = '324.2224.00.1'
20240926@180648.7338 06ski1hkv4e341rpbpunvlccor Query : select 1 valor from information_schema.tables where table_type='base table' and table_name='wstablefields'
20240926@180648.7353 06ski1hkv4e341rpbpunvlccor Query : select fieldkey,fieldname,fieldtype,mandatory from wstablefields where tablename = 'fi' and documentnumber = 39
20240926@180648.7379 06ski1hkv4e341rpbpunvlccor Query : select 1 valor from information_schema.tables where table_type='base table' and table_name='wstablefields'
20240926@180648.7394 06ski1hkv4e341rpbpunvlccor Query : select fieldkey,fieldname,fieldtype,mandatory from wstablefields where tablename = 'fi2' and documentnumber = 39
20240926@180648.7404 06ski1hkv4e341rpbpunvlccor Query : select top 1 convert(numeric(6,2),t.taxa) valor from taxasiva t where t.codigo='2'
20240926@180648.7417 06ski1hkv4e341rpbpunvlccor Query : select sestamp valor from se where ref ='324.2224.00.1' and lote = 'r2301280100a'
20240926@180648.7432 06ski1hkv4e341rpbpunvlccor Query : select 1 valor from information_schema.tables where table_type='base table' and table_name='wstablefields'
20240926@180648.7448 06ski1hkv4e341rpbpunvlccor Query : select fieldkey,fieldname,fieldtype,calcformula from wstablefields where tablename = 'fi2' and documentnumber = 39
20240926@180648.7460 06ski1hkv4e341rpbpunvlccor Query : insert into wsfi2data (fi2stamp,ftstamp ,ousrdata, ousrhora, usrdata,usrhora,ousrinis,usrinis) values ('aut66f590552266f594a8b5','aut66f597088366f594a76d' ,getdate(),convert(char(8),convert (time,getdate())),getdate(),convert(char(8),convert (time,getdate())),'wsv','wsv')
20240926@180648.7464 06ski1hkv4e341rpbpunvlccor Query : select 1 valor from information_schema.tables where table_type='base table' and table_name='wstablefields'
20240926@180648.7478 06ski1hkv4e341rpbpunvlccor Query : select fieldkey,fieldname,fieldtype,calcformula from wstablefields where tablename = 'fi' and documentnumber = 39
20240926@180648.7509 06ski1hkv4e341rpbpunvlccor Query : insert into wsfidata (fistamp,ousrdata, ousrhora, usrdata,usrhora,ousrinis,usrinis ,qtt ,ftstamp ,epv,pvmoeda ,tabiva,iva,lordem ,ref, design ,lote,armazem,bistamp ) values ('aut66f590552266f594a8b5',getdate(),convert(char(8),convert (time,getdate())),getdate(),convert(char(8),convert (time,getdate())),'wsv','wsv',12.000 ,'aut66f597088366f594a76d' ,0,0 ,2,23.00,260000,?,?,?,?,?)
20240926@180648.7789 06ski1hkv4e341rpbpunvlccor Query : use flama_phc
20240926@180648.7793 06ski1hkv4e341rpbpunvlccor Query : select st.usalote valor from st where st.ref = '324.1670.00.1'
20240926@180648.7813 06ski1hkv4e341rpbpunvlccor Query : select top 1 st.tabiva ,st.ivaincl ,st.stns ,st.uni2 ,st.familia ,isnull(tx.taxa, 0) txiva ,unidade ,usalote ,epcpond ,noserie ,conversao ,st.texteis from st left join taxasiva tx on st.tabiva = tx.codigo where st.ref = '324.1670.00.1'
20240926@180648.7974 06ski1hkv4e341rpbpunvlccor Query : select 1 valor from information_schema.tables where table_type='base table' and table_name='wstablefields'
20240926@180648.7990 06ski1hkv4e341rpbpunvlccor Query : select fieldkey,fieldname,fieldtype,mandatory from wstablefields where tablename = 'fi' and documentnumber = 39
20240926@180648.8016 06ski1hkv4e341rpbpunvlccor Query : select 1 valor from information_schema.tables where table_type='base table' and table_name='wstablefields'
20240926@180648.8030 06ski1hkv4e341rpbpunvlccor Query : select fieldkey,fieldname,fieldtype,mandatory from wstablefields where tablename = 'fi2' and documentnumber = 39
20240926@180648.8039 06ski1hkv4e341rpbpunvlccor Query : select top 1 convert(numeric(6,2),t.taxa) valor from taxasiva t where t.codigo='2'
20240926@180648.8050 06ski1hkv4e341rpbpunvlccor Query : select sestamp valor from se where ref ='324.1670.00.1' and lote = 'r2301213200a'
20240926@180648.8063 06ski1hkv4e341rpbpunvlccor Query : select 1 valor from information_schema.tables where table_type='base table' and table_name='wstablefields'
20240926@180648.8077 06ski1hkv4e341rpbpunvlccor Query : select fieldkey,fieldname,fieldtype,calcformula from wstablefields where tablename = 'fi2' and documentnumber = 39
20240926@180648.8089 06ski1hkv4e341rpbpunvlccor Query : insert into wsfi2data (fi2stamp,ftstamp ,ousrdata, ousrhora, usrdata,usrhora,ousrinis,usrinis) values ('aut66f593724666f594a8c4','aut66f597088366f594a76d' ,getdate(),convert(char(8),convert (time,getdate())),getdate(),convert(char(8),convert (time,getdate())),'wsv','wsv')
20240926@180648.8095 06ski1hkv4e341rpbpunvlccor Query : select 1 valor from information_schema.tables where table_type='base table' and table_name='wstablefields'
20240926@180648.8260 06ski1hkv4e341rpbpunvlccor Query : select fieldkey,fieldname,fieldtype,calcformula from wstablefields where tablename = 'fi' and documentnumber = 39
20240926@180648.8289 06ski1hkv4e341rpbpunvlccor Query : insert into wsfidata (fistamp,ousrdata, ousrhora, usrdata,usrhora,ousrinis,usrinis ,qtt ,ftstamp ,epv,pvmoeda ,tabiva,iva,lordem ,ref, design ,lote,armazem,bistamp ) values ('aut66f593724666f594a8c4',getdate(),convert(char(8),convert (time,getdate())),getdate(),convert(char(8),convert (time,getdate())),'wsv','wsv',24.000 ,'aut66f597088366f594a76d' ,0,0 ,2,23.00,270000,?,?,?,?,?)
20240926@180648.8540 06ski1hkv4e341rpbpunvlccor Query : use flama_phc
20240926@180648.8543 06ski1hkv4e341rpbpunvlccor Query : select st.usalote valor from st where st.ref = '324.1676.00.1'
20240926@180648.8562 06ski1hkv4e341rpbpunvlccor Query : select top 1 st.tabiva ,st.ivaincl ,st.stns ,st.uni2 ,st.familia ,isnull(tx.taxa, 0) txiva ,unidade ,usalote ,epcpond ,noserie ,conversao ,st.texteis from st left join taxasiva tx on st.tabiva = tx.codigo where st.ref = '324.1676.00.1'
20240926@180648.8717 06ski1hkv4e341rpbpunvlccor Query : select 1 valor from information_schema.tables where table_type='base table' and table_name='wstablefields'
20240926@180648.8732 06ski1hkv4e341rpbpunvlccor Query : select fieldkey,fieldname,fieldtype,mandatory from wstablefields where tablename = 'fi' and documentnumber = 39
20240926@180648.8758 06ski1hkv4e341rpbpunvlccor Query : select 1 valor from information_schema.tables where table_type='base table' and table_name='wstablefields'
20240926@180648.8772 06ski1hkv4e341rpbpunvlccor Query : select fieldkey,fieldname,fieldtype,mandatory from wstablefields where tablename = 'fi2' and documentnumber = 39
20240926@180648.8780 06ski1hkv4e341rpbpunvlccor Query : select top 1 convert(numeric(6,2),t.taxa) valor from taxasiva t where t.codigo='2'
20240926@180648.8793 06ski1hkv4e341rpbpunvlccor Query : select sestamp valor from se where ref ='324.1676.00.1' and lote = 'r2400173900a'
20240926@180648.8806 06ski1hkv4e341rpbpunvlccor Query : select 1 valor from information_schema.tables where table_type='base table' and table_name='wstablefields'
20240926@180648.8820 06ski1hkv4e341rpbpunvlccor Query : select fieldkey,fieldname,fieldtype,calcformula from wstablefields where tablename = 'fi2' and documentnumber = 39
20240926@180648.8831 06ski1hkv4e341rpbpunvlccor Query : insert into wsfi2data (fi2stamp,ftstamp ,ousrdata, ousrhora, usrdata,usrhora,ousrinis,usrinis) values ('aut66f599387866f594a8d7','aut66f597088366f594a76d' ,getdate(),convert(char(8),convert (time,getdate())),getdate(),convert(char(8),convert (time,getdate())),'wsv','wsv')
20240926@180648.8835 06ski1hkv4e341rpbpunvlccor Query : select 1 valor from information_schema.tables where table_type='base table' and table_name='wstablefields'
20240926@180648.8850 06ski1hkv4e341rpbpunvlccor Query : select fieldkey,fieldname,fieldtype,calcformula from wstablefields where tablename = 'fi' and documentnumber = 39
20240926@180648.8877 06ski1hkv4e341rpbpunvlccor Query : insert into wsfidata (fistamp,ousrdata, ousrhora, usrdata,usrhora,ousrinis,usrinis ,qtt ,ftstamp ,epv,pvmoeda ,tabiva,iva,lordem ,ref, design ,lote,armazem,bistamp ) values ('aut66f599387866f594a8d7',getdate(),convert(char(8),convert (time,getdate())),getdate(),convert(char(8),convert (time,getdate())),'wsv','wsv',4.000 ,'aut66f597088366f594a76d' ,0,0 ,2,23.00,280000,?,?,?,?,?)
20240926@180648.9156 06ski1hkv4e341rpbpunvlccor Query : use flama_phc
20240926@180648.9159 06ski1hkv4e341rpbpunvlccor Query : select st.usalote valor from st where st.ref = '324.1676.00.1'
20240926@180648.9177 06ski1hkv4e341rpbpunvlccor Query : select top 1 st.tabiva ,st.ivaincl ,st.stns ,st.uni2 ,st.familia ,isnull(tx.taxa, 0) txiva ,unidade ,usalote ,epcpond ,noserie ,conversao ,st.texteis from st left join taxasiva tx on st.tabiva = tx.codigo where st.ref = '324.1676.00.1'
20240926@180648.9190 06ski1hkv4e341rpbpunvlccor Query : select 1 valor from information_schema.tables where table_type='base table' and table_name='wstablefields'
20240926@180648.9205 06ski1hkv4e341rpbpunvlccor Query : select fieldkey,fieldname,fieldtype,mandatory from wstablefields where tablename = 'fi' and documentnumber = 39
20240926@180648.9230 06ski1hkv4e341rpbpunvlccor Query : select 1 valor from information_schema.tables where table_type='base table' and table_name='wstablefields'
20240926@180648.9244 06ski1hkv4e341rpbpunvlccor Query : select fieldkey,fieldname,fieldtype,mandatory from wstablefields where tablename = 'fi2' and documentnumber = 39
20240926@180648.9255 06ski1hkv4e341rpbpunvlccor Query : select top 1 convert(numeric(6,2),t.taxa) valor from taxasiva t where t.codigo='2'
20240926@180648.9267 06ski1hkv4e341rpbpunvlccor Query : select sestamp valor from se where ref ='324.1676.00.1' and lote = 'r2400173900a'
20240926@180648.9279 06ski1hkv4e341rpbpunvlccor Query : select 1 valor from information_schema.tables where table_type='base table' and table_name='wstablefields'
20240926@180648.9296 06ski1hkv4e341rpbpunvlccor Query : select fieldkey,fieldname,fieldtype,calcformula from wstablefields where tablename = 'fi2' and documentnumber = 39
20240926@180648.9307 06ski1hkv4e341rpbpunvlccor Query : insert into wsfi2data (fi2stamp,ftstamp ,ousrdata, ousrhora, usrdata,usrhora,ousrinis,usrinis) values ('aut66f593686866f594a8e2','aut66f597088366f594a76d' ,getdate(),convert(char(8),convert (time,getdate())),getdate(),convert(char(8),convert (time,getdate())),'wsv','wsv')
20240926@180648.9311 06ski1hkv4e341rpbpunvlccor Query : select 1 valor from information_schema.tables where table_type='base table' and table_name='wstablefields'
20240926@180648.9326 06ski1hkv4e341rpbpunvlccor Query : select fieldkey,fieldname,fieldtype,calcformula from wstablefields where tablename = 'fi' and documentnumber = 39
20240926@180648.9368 06ski1hkv4e341rpbpunvlccor Query : insert into wsfidata (fistamp,ousrdata, ousrhora, usrdata,usrhora,ousrinis,usrinis ,qtt ,ftstamp ,epv,pvmoeda ,tabiva,iva,lordem ,ref, design ,lote,armazem,bistamp ) values ('aut66f593686866f594a8e2',getdate(),convert(char(8),convert (time,getdate())),getdate(),convert(char(8),convert (time,getdate())),'wsv','wsv',20.000 ,'aut66f597088366f594a76d' ,0,0 ,2,23.00,290000,?,?,?,?,?)
20240926@180648.9611 06ski1hkv4e341rpbpunvlccor Query : use flama_phc
20240926@180648.9615 06ski1hkv4e341rpbpunvlccor Query : select st.usalote valor from st where st.ref = '324.734.00.02'
20240926@180648.9633 06ski1hkv4e341rpbpunvlccor Query : select top 1 st.tabiva ,st.ivaincl ,st.stns ,st.uni2 ,st.familia ,isnull(tx.taxa, 0) txiva ,unidade ,usalote ,epcpond ,noserie ,conversao ,st.texteis from st left join taxasiva tx on st.tabiva = tx.codigo where st.ref = '324.734.00.02'
20240926@180648.9646 06ski1hkv4e341rpbpunvlccor Query : select 1 valor from information_schema.tables where table_type='base table' and table_name='wstablefields'
20240926@180648.9661 06ski1hkv4e341rpbpunvlccor Query : select fieldkey,fieldname,fieldtype,mandatory from wstablefields where tablename = 'fi' and documentnumber = 39
20240926@180648.9685 06ski1hkv4e341rpbpunvlccor Query : select 1 valor from information_schema.tables where table_type='base table' and table_name='wstablefields'
20240926@180648.9700 06ski1hkv4e341rpbpunvlccor Query : select fieldkey,fieldname,fieldtype,mandatory from wstablefields where tablename = 'fi2' and documentnumber = 39
20240926@180648.9721 06ski1hkv4e341rpbpunvlccor Query : select top 1 convert(numeric(6,2),t.taxa) valor from taxasiva t where t.codigo='2'
20240926@180648.9733 06ski1hkv4e341rpbpunvlccor Query : select sestamp valor from se where ref ='324.734.00.02' and lote = 'r2400471100a'
20240926@180648.9745 06ski1hkv4e341rpbpunvlccor Query : select 1 valor from information_schema.tables where table_type='base table' and table_name='wstablefields'
20240926@180648.9759 06ski1hkv4e341rpbpunvlccor Query : select fieldkey,fieldname,fieldtype,calcformula from wstablefields where tablename = 'fi2' and documentnumber = 39
20240926@180648.9770 06ski1hkv4e341rpbpunvlccor Query : insert into wsfi2data (fi2stamp,ftstamp ,ousrdata, ousrhora, usrdata,usrhora,ousrinis,usrinis) values ('aut66f598710966f594a8ed','aut66f597088366f594a76d' ,getdate(),convert(char(8),convert (time,getdate())),getdate(),convert(char(8),convert (time,getdate())),'wsv','wsv')
20240926@180648.9774 06ski1hkv4e341rpbpunvlccor Query : select 1 valor from information_schema.tables where table_type='base table' and table_name='wstablefields'
20240926@180648.9788 06ski1hkv4e341rpbpunvlccor Query : select fieldkey,fieldname,fieldtype,calcformula from wstablefields where tablename = 'fi' and documentnumber = 39
20240926@180648.9815 06ski1hkv4e341rpbpunvlccor Query : insert into wsfidata (fistamp,ousrdata, ousrhora, usrdata,usrhora,ousrinis,usrinis ,qtt ,ftstamp ,epv,pvmoeda ,tabiva,iva,lordem ,ref, design ,lote,armazem,bistamp ) values ('aut66f598710966f594a8ed',getdate(),convert(char(8),convert (time,getdate())),getdate(),convert(char(8),convert (time,getdate())),'wsv','wsv',24.000 ,'aut66f597088366f594a76d' ,0,0 ,2,23.00,300000,?,?,?,?,?)
20240926@180649.7700 06ski1hkv4e341rpbpunvlccor Query : insert into wsftcreationlog (initialftstamp,externalid,creationstatus,documenttypeid,idustamp) values ('aut66f597088366f594a76d','2406232','wait',39,'adm09112754980.682000002')
20240926@180649.1540 06ski1hkv4e341rpbpunvlccor Query : use flama_phc
20240926@180649.1570 06ski1hkv4e341rpbpunvlccor Query : update u_wsusers set rqsttoken =? where userid ='userls001'
20240926@180649.1990 06ski1hkv4e341rpbpunvlccor Query : select concat(rtrim(relative_path),ltrim(name_new)) as valor from uploadfiles where uploadfile_id='2239';
20240926@180649.2300 06ski1hkv4e341rpbpunvlccor Query : update uploadfiles set whenupdated=current_timestamp where uploadfile_id='2239';
20240926@180649.2840 06ski1hkv4e341rpbpunvlccor Query : select concat(rtrim(relative_path),ltrim(name_new)) as valor from uploadfiles where uploadfile_id='2239';
20240926@180649.3350 06ski1hkv4e341rpbpunvlccor Query : update uploadfiles set whenupdated=current_timestamp where uploadfile_id='2239';
20240926@180649.9230 924lh60qv4mikohraop2j985um Query : insert into uploadfiles ( name_original, name_new, option_type, relative_path, whencreated ) values ( ?, ?, ?, ?, getdate() )
20240926@180649.9360 924lh60qv4mikohraop2j985um Query : select uploadfile_id valor from uploadfiles where name_new = ? and option_type = ? 
20240926@180649.9970 924lh60qv4mikohraop2j985um Query : select concat(rtrim(relative_path),ltrim(name_new)) as valor from uploadfiles where uploadfile_id='2240';
20240926@180649.1056 924lh60qv4mikohraop2j985um Query : update uploadfiles set whenupdated=current_timestamp where uploadfile_id='2240';
20240926@180649.1113 924lh60qv4mikohraop2j985um Query : select concat(rtrim(relative_path),ltrim(name_new)) as valor from uploadfiles where uploadfile_id='2240';
20240926@180649.1138 924lh60qv4mikohraop2j985um Query : update uploadfiles set whenupdated=current_timestamp where uploadfile_id='2240';
20240926@180649.1200 924lh60qv4mikohraop2j985um Query : use flama_phc
20240926@180649.1203 924lh60qv4mikohraop2j985um Query : select top 1 secretkey valor from u_wsusers u where u.userid = ? and u.inactivo=0
20240926@180649.1292 924lh60qv4mikohraop2j985um Query : use flama_phc
20240926@180649.1295 924lh60qv4mikohraop2j985um Query : select no, estab,szadrsdesc from szadrs where u_coddest=2686
20240926@180649.1375 924lh60qv4mikohraop2j985um Query : select top 1 isnull(design,'') valor from st (nolock) left join stobs (nolock) on st.ref = stobs.ref where st.ref = '324.646.00.01'
20240926@180649.1526 924lh60qv4mikohraop2j985um Query : select top 1 bistamp valor from bi inner join bo on bo.bostamp=bi.bostamp where bo.ndos =240 and bo.boano =2062 and bo.obrano = 2406233 and bi.ref ='324.646.00.01' and bi.lordem =1
20240926@180649.1832 924lh60qv4mikohraop2j985um Query : select top 1 isnull(design,'') valor from st (nolock) left join stobs (nolock) on st.ref = stobs.ref where st.ref = '324.646.00.01'
20240926@180649.1853 924lh60qv4mikohraop2j985um Query : select top 1 bistamp valor from bi inner join bo on bo.bostamp=bi.bostamp where bo.ndos =240 and bo.boano =2062 and bo.obrano = 2406233 and bi.ref ='324.646.00.01' and bi.lordem =1
20240926@180649.1871 924lh60qv4mikohraop2j985um Query : use flama_phc
20240926@180649.1874 924lh60qv4mikohraop2j985um Query : select top 1 convert(date,fdata) valor from ft where ndoc = 39 and anulado= 0 and fno>0 order by fdata desc
20240926@180649.1909 924lh60qv4mikohraop2j985um Query : use flama_phc
20240926@180649.1912 924lh60qv4mikohraop2j985um Query : select top 1 1 valor from td where td.ndoc = 39
20240926@180649.1943 924lh60qv4mikohraop2j985um Query : use flama_phc
20240926@180649.1945 924lh60qv4mikohraop2j985um Query : select lower(descricao) descricao ,case when valor='s' then 1 else 0 end valor from para1 where descricao in ('st_lote','st_usalogifunc', 'st_grelha')
20240926@180649.1974 924lh60qv4mikohraop2j985um Query : select top 1 manternumero ,assinadoc issigned ,tiposaft ,assinaimp ,nmdos ,td.assinadoc ,'cl' origin ,lancasl stocks ,case when cmsl<50 and td.lancasl=1 then 1 else 0 end entrada ,case when cmsl>50 and td.lancasl=1 then 1 else 0 end saida ,temserie assets ,~semgre usegridfields from td inner join td2 on td.tdstamp=td2.td2stamp where td.ndoc = 1
20240926@180649.2017 924lh60qv4mikohraop2j985um Query : use flama_phc
20240926@180649.2020 924lh60qv4mikohraop2j985um Query : select top 1 ~inactivo valor from cl where no = '102189' and estab = 0 order by inactivo desc
20240926@180649.2136 924lh60qv4mikohraop2j985um Query : use flama_phc
20240926@180649.2139 924lh60qv4mikohraop2j985um Query : select top 1 tipodoc,regrd from td where ndoc = 39
20240926@180649.2178 924lh60qv4mikohraop2j985um Query : use flama_phc
20240926@180649.2181 924lh60qv4mikohraop2j985um Query : select szadrsstamp valor from szadrs where szadrsdesc='espaÇotrans,lda'
20240926@180649.2225 924lh60qv4mikohraop2j985um Query : use flama_phc
20240926@180649.2227 924lh60qv4mikohraop2j985um Query : select szadrsstamp valor from szadrs where szadrsdesc='bom preÇo, lda.- entrega'
20240926@180649.2274 924lh60qv4mikohraop2j985um Query : use flama_phc
20240926@180649.2277 924lh60qv4mikohraop2j985um Query : select 1 valor from td where ndoc = 39
20240926@180649.2289 924lh60qv4mikohraop2j985um Query : select top 1 manternumero, tiposaft, nmdos,td.assinadoc from td where td.ndoc = 39
20240926@180649.2303 924lh60qv4mikohraop2j985um Query : select 1 valor from information_schema.tables where table_type='base table' and table_name='wstablefields'
20240926@180649.2317 924lh60qv4mikohraop2j985um Query : select fieldkey,fieldname,fieldtype,mandatory from wstablefields where tablename = 'ft' and documentnumber = 39
20240926@180649.2335 924lh60qv4mikohraop2j985um Query : select 1 valor from information_schema.tables where table_type='base table' and table_name='wstablefields'
20240926@180649.2349 924lh60qv4mikohraop2j985um Query : select fieldkey,fieldname,fieldtype,mandatory from wstablefields where tablename = 'ft2' and documentnumber = 39
20240926@180649.2376 924lh60qv4mikohraop2j985um Query : select 1 valor from information_schema.tables where table_type='base table' and table_name='wstablefields'
20240926@180649.2390 924lh60qv4mikohraop2j985um Query : select fieldkey,fieldname,fieldtype,mandatory from wstablefields where tablename = 'ft3' and documentnumber = 39
20240926@180649.2402 924lh60qv4mikohraop2j985um Query : select top 1 ft.fno valor from ft ft where ft.ndoc = 39 and ftano=2024 order by fno desc
20240926@180649.2467 924lh60qv4mikohraop2j985um Query : select top 1 ft.fno valor from wsftdata ft where ft.ndoc = 39 and ftano=2024 order by fno desc
20240926@180649.2480 924lh60qv4mikohraop2j985um Query : select 1 valor from information_schema.tables where table_type='base table' and table_name='wstablefields'
20240926@180649.2495 924lh60qv4mikohraop2j985um Query : select fieldkey,fieldname,fieldtype,calcformula from wstablefields where tablename = 'ft3' and documentnumber = 39
20240926@180649.2510 924lh60qv4mikohraop2j985um Query : insert into wsft3data (ft3stamp, ousrdata, ousrhora, usrdata,usrhora,ousrinis,usrinis,taxpointdt ) values ('aut66f595419766f594a93a' ,getdate(),convert(char(8),convert (time,getdate())),getdate(),convert(char(8),convert (time,getdate())),'wsv','wsv',?)
20240926@180649.2684 924lh60qv4mikohraop2j985um Query : select 1 valor from information_schema.tables where table_type='base table' and table_name='wstablefields'
20240926@180649.2701 924lh60qv4mikohraop2j985um Query : select fieldkey,fieldname,fieldtype,calcformula from wstablefields where tablename = 'ft2' and documentnumber = 39
20240926@180649.2732 924lh60qv4mikohraop2j985um Query : select top 1 bo.u_nomeenv valor from bo where bo.bostamp=''
20240926@180649.2744 924lh60qv4mikohraop2j985um Query : select top 1 bo.u_moradaen valor from bo where bo.bostamp=''
20240926@180649.2755 924lh60qv4mikohraop2j985um Query : select top 1 bo.u_codposen valor from bo where bo.bostamp=''
20240926@180649.2766 924lh60qv4mikohraop2j985um Query : select top 1 bo.u_localenv valor from bo where bo.bostamp=''
20240926@180649.2778 924lh60qv4mikohraop2j985um Query : select top 1 bo.trab5 valor from bo where bo.bostamp=''
20240926@180649.2789 924lh60qv4mikohraop2j985um Query : select top 1 bo.serie valor from bo where bo.bostamp=''
20240926@180649.2800 924lh60qv4mikohraop2j985um Query : insert into wsft2data (ft2stamp, ousrdata,ousrhora, usrdata,usrhora,ousrinis,usrinis,u_nomeenv ,u_moradaen ,u_codposen ,u_localenv ,u_coddest ,u_codby ) values ('aut66f595419766f594a93a',getdate(),convert(char(8),convert (time,getdate())),getdate(),convert(char(8),convert (time,getdate())),'wsv','wsv',?,?,?,?,?,?)
20240926@180649.3045 924lh60qv4mikohraop2j985um Query : select top 1 fno valor from wsftdata order by fno desc
20240926@180649.3064 924lh60qv4mikohraop2j985um Query : select 1 valor from information_schema.tables where table_type='base table' and table_name='wstablefields'
20240926@180649.3079 924lh60qv4mikohraop2j985um Query : select fieldkey,fieldname,fieldtype,calcformula from wstablefields where tablename = 'ft' and documentnumber = 39
20240926@180649.3100 924lh60qv4mikohraop2j985um Query : select 'normal' from dummy
20240926@180649.3115 924lh60qv4mikohraop2j985um Query : insert into wsftdata (ftstamp, ousrdata,ousrhora, usrdata,usrhora,ousrinis,usrinis,fno,no,estab,fdata,ndoc,moeda,cambio,cambiofixo,ftano,site ,classe ) values ('aut66f595419766f594a93a',getdate(),convert(char(8),convert (time,getdate())),getdate(),convert(char(8),convert (time,getdate())),'wsv','wsv',952,102189,0,'2024-09-26',39,'euro',0,0,2024 ,?,?)
20240926@180649.3387 924lh60qv4mikohraop2j985um Query : use flama_phc
20240926@180649.3390 924lh60qv4mikohraop2j985um Query : select st.usalote valor from st where st.ref = '324.646.00.01'
20240926@180649.3411 924lh60qv4mikohraop2j985um Query : select top 1 st.tabiva ,st.ivaincl ,st.stns ,st.uni2 ,st.familia ,isnull(tx.taxa, 0) txiva ,unidade ,usalote ,epcpond ,noserie ,conversao ,st.texteis from st left join taxasiva tx on st.tabiva = tx.codigo where st.ref = '324.646.00.01'
20240926@180649.3552 924lh60qv4mikohraop2j985um Query : select 1 valor from information_schema.tables where table_type='base table' and table_name='wstablefields'
20240926@180649.3566 924lh60qv4mikohraop2j985um Query : select fieldkey,fieldname,fieldtype,mandatory from wstablefields where tablename = 'fi' and documentnumber = 39
20240926@180649.3591 924lh60qv4mikohraop2j985um Query : select 1 valor from information_schema.tables where table_type='base table' and table_name='wstablefields'
20240926@180649.3605 924lh60qv4mikohraop2j985um Query : select fieldkey,fieldname,fieldtype,mandatory from wstablefields where tablename = 'fi2' and documentnumber = 39
20240926@180649.3613 924lh60qv4mikohraop2j985um Query : select top 1 convert(numeric(6,2),t.taxa) valor from taxasiva t where t.codigo='2'
20240926@180649.3624 924lh60qv4mikohraop2j985um Query : select sestamp valor from se where ref ='324.646.00.01' and lote = 'r2400055100a'
20240926@180649.3637 924lh60qv4mikohraop2j985um Query : select 1 valor from information_schema.tables where table_type='base table' and table_name='wstablefields'
20240926@180649.3651 924lh60qv4mikohraop2j985um Query : select fieldkey,fieldname,fieldtype,calcformula from wstablefields where tablename = 'fi2' and documentnumber = 39
20240926@180649.3662 924lh60qv4mikohraop2j985um Query : insert into wsfi2data (fi2stamp,ftstamp ,ousrdata, ousrhora, usrdata,usrhora,ousrinis,usrinis) values ('aut66f595597466f594a958','aut66f595419766f594a93a' ,getdate(),convert(char(8),convert (time,getdate())),getdate(),convert(char(8),convert (time,getdate())),'wsv','wsv')
20240926@180649.3666 924lh60qv4mikohraop2j985um Query : select 1 valor from information_schema.tables where table_type='base table' and table_name='wstablefields'
20240926@180649.3680 924lh60qv4mikohraop2j985um Query : select fieldkey,fieldname,fieldtype,calcformula from wstablefields where tablename = 'fi' and documentnumber = 39
20240926@180649.3707 924lh60qv4mikohraop2j985um Query : insert into wsfidata (fistamp,ousrdata, ousrhora, usrdata,usrhora,ousrinis,usrinis ,qtt ,ftstamp ,epv,pvmoeda ,tabiva,iva,lordem ,ref, design ,lote,armazem,bistamp ) values ('aut66f595597466f594a958',getdate(),convert(char(8),convert (time,getdate())),getdate(),convert(char(8),convert (time,getdate())),'wsv','wsv',2.000 ,'aut66f595419766f594a93a' ,0,0 ,2,23.00,10000,?,?,?,?,?)
20240926@180649.3955 924lh60qv4mikohraop2j985um Query : select 1 valor from information_schema.tables where table_type='base table' and table_name='wstablefields'
20240926@180649.3970 924lh60qv4mikohraop2j985um Query : select fieldkey,fieldname,fieldtype,mandatory from wstablefields where tablename = 'fi' and documentnumber = 39
20240926@180649.3994 924lh60qv4mikohraop2j985um Query : select 1 valor from information_schema.tables where table_type='base table' and table_name='wstablefields'
20240926@180649.4008 924lh60qv4mikohraop2j985um Query : select fieldkey,fieldname,fieldtype,mandatory from wstablefields where tablename = 'fi2' and documentnumber = 39
20240926@180649.4016 924lh60qv4mikohraop2j985um Query : select top 1 convert(numeric(6,2),t.taxa) valor from taxasiva t where t.codigo='2'
20240926@180649.4028 924lh60qv4mikohraop2j985um Query : select 1 valor from information_schema.tables where table_type='base table' and table_name='wstablefields'
20240926@180649.4042 924lh60qv4mikohraop2j985um Query : select fieldkey,fieldname,fieldtype,calcformula from wstablefields where tablename = 'fi2' and documentnumber = 39
20240926@180649.4054 924lh60qv4mikohraop2j985um Query : insert into wsfi2data (fi2stamp,ftstamp ,ousrdata, ousrhora, usrdata,usrhora,ousrinis,usrinis) values ('aut66f592946266f594a962','aut66f595419766f594a93a' ,getdate(),convert(char(8),convert (time,getdate())),getdate(),convert(char(8),convert (time,getdate())),'wsv','wsv')
20240926@180649.4075 924lh60qv4mikohraop2j985um Query : select 1 valor from information_schema.tables where table_type='base table' and table_name='wstablefields'
20240926@180649.4089 924lh60qv4mikohraop2j985um Query : select fieldkey,fieldname,fieldtype,calcformula from wstablefields where tablename = 'fi' and documentnumber = 39
20240926@180649.4118 924lh60qv4mikohraop2j985um Query : insert into wsfidata (fistamp,ousrdata, ousrhora, usrdata,usrhora,ousrinis,usrinis ,qtt ,ftstamp ,epv,pvmoeda ,tabiva,iva,lordem ,ref, design ,armazem) values ('aut66f592946266f594a962',getdate(),convert(char(8),convert (time,getdate())),getdate(),convert(char(8),convert (time,getdate())),'wsv','wsv',0 ,'aut66f595419766f594a93a' ,0,0 ,2,23.00,20000,?,?,?)
20240926@180649.4356 924lh60qv4mikohraop2j985um Query : use flama_phc
20240926@180649.4359 924lh60qv4mikohraop2j985um Query : select st.usalote valor from st where st.ref = '324.646.00.01'
20240926@180649.4378 924lh60qv4mikohraop2j985um Query : select top 1 st.tabiva ,st.ivaincl ,st.stns ,st.uni2 ,st.familia ,isnull(tx.taxa, 0) txiva ,unidade ,usalote ,epcpond ,noserie ,conversao ,st.texteis from st left join taxasiva tx on st.tabiva = tx.codigo where st.ref = '324.646.00.01'
20240926@180649.4392 924lh60qv4mikohraop2j985um Query : select 1 valor from information_schema.tables where table_type='base table' and table_name='wstablefields'
20240926@180649.4407 924lh60qv4mikohraop2j985um Query : select fieldkey,fieldname,fieldtype,mandatory from wstablefields where tablename = 'fi' and documentnumber = 39
20240926@180649.4431 924lh60qv4mikohraop2j985um Query : select 1 valor from information_schema.tables where table_type='base table' and table_name='wstablefields'
20240926@180649.4446 924lh60qv4mikohraop2j985um Query : select fieldkey,fieldname,fieldtype,mandatory from wstablefields where tablename = 'fi2' and documentnumber = 39
20240926@180649.4455 924lh60qv4mikohraop2j985um Query : select top 1 convert(numeric(6,2),t.taxa) valor from taxasiva t where t.codigo='2'
20240926@180649.4481 924lh60qv4mikohraop2j985um Query : select sestamp valor from se where ref ='324.646.00.01' and lote = 'r2400224100a'
20240926@180649.4502 924lh60qv4mikohraop2j985um Query : select 1 valor from information_schema.tables where table_type='base table' and table_name='wstablefields'
20240926@180649.4516 924lh60qv4mikohraop2j985um Query : select fieldkey,fieldname,fieldtype,calcformula from wstablefields where tablename = 'fi2' and documentnumber = 39
20240926@180649.4527 924lh60qv4mikohraop2j985um Query : insert into wsfi2data (fi2stamp,ftstamp ,ousrdata, ousrhora, usrdata,usrhora,ousrinis,usrinis) values ('aut66f596101866f594a96d','aut66f595419766f594a93a' ,getdate(),convert(char(8),convert (time,getdate())),getdate(),convert(char(8),convert (time,getdate())),'wsv','wsv')
20240926@180649.4531 924lh60qv4mikohraop2j985um Query : select 1 valor from information_schema.tables where table_type='base table' and table_name='wstablefields'
20240926@180649.4547 924lh60qv4mikohraop2j985um Query : select fieldkey,fieldname,fieldtype,calcformula from wstablefields where tablename = 'fi' and documentnumber = 39
20240926@180649.4574 924lh60qv4mikohraop2j985um Query : insert into wsfidata (fistamp,ousrdata, ousrhora, usrdata,usrhora,ousrinis,usrinis ,qtt ,ftstamp ,epv,pvmoeda ,tabiva,iva,lordem ,ref, design ,lote,armazem,bistamp ) values ('aut66f596101866f594a96d',getdate(),convert(char(8),convert (time,getdate())),getdate(),convert(char(8),convert (time,getdate())),'wsv','wsv',6.000 ,'aut66f595419766f594a93a' ,0,0 ,2,23.00,40000,?,?,?,?,?)
20240926@180649.4820 924lh60qv4mikohraop2j985um Query : select 1 valor from information_schema.tables where table_type='base table' and table_name='wstablefields'
20240926@180649.4835 924lh60qv4mikohraop2j985um Query : select fieldkey,fieldname,fieldtype,mandatory from wstablefields where tablename = 'fi' and documentnumber = 39
20240926@180649.4862 924lh60qv4mikohraop2j985um Query : select 1 valor from information_schema.tables where table_type='base table' and table_name='wstablefields'
20240926@180649.4876 924lh60qv4mikohraop2j985um Query : select fieldkey,fieldname,fieldtype,mandatory from wstablefields where tablename = 'fi2' and documentnumber = 39
20240926@180649.4885 924lh60qv4mikohraop2j985um Query : select top 1 convert(numeric(6,2),t.taxa) valor from taxasiva t where t.codigo='2'
20240926@180649.4897 924lh60qv4mikohraop2j985um Query : select 1 valor from information_schema.tables where table_type='base table' and table_name='wstablefields'
20240926@180649.4927 924lh60qv4mikohraop2j985um Query : select fieldkey,fieldname,fieldtype,calcformula from wstablefields where tablename = 'fi2' and documentnumber = 39
20240926@180649.4939 924lh60qv4mikohraop2j985um Query : insert into wsfi2data (fi2stamp,ftstamp ,ousrdata, ousrhora, usrdata,usrhora,ousrinis,usrinis) values ('aut66f597009466f594a977','aut66f595419766f594a93a' ,getdate(),convert(char(8),convert (time,getdate())),getdate(),convert(char(8),convert (time,getdate())),'wsv','wsv')
20240926@180649.4943 924lh60qv4mikohraop2j985um Query : select 1 valor from information_schema.tables where table_type='base table' and table_name='wstablefields'
20240926@180649.4957 924lh60qv4mikohraop2j985um Query : select fieldkey,fieldname,fieldtype,calcformula from wstablefields where tablename = 'fi' and documentnumber = 39
20240926@180649.4987 924lh60qv4mikohraop2j985um Query : insert into wsfidata (fistamp,ousrdata, ousrhora, usrdata,usrhora,ousrinis,usrinis ,qtt ,ftstamp ,epv,pvmoeda ,tabiva,iva,lordem ,ref, design ,armazem) values ('aut66f597009466f594a977',getdate(),convert(char(8),convert (time,getdate())),getdate(),convert(char(8),convert (time,getdate())),'wsv','wsv',0 ,'aut66f595419766f594a93a' ,0,0 ,2,23.00,50000,?,?,?)
20240926@180649.5253 924lh60qv4mikohraop2j985um Query : insert into wsftcreationlog (initialftstamp,externalid,creationstatus,documenttypeid,idustamp) values ('aut66f595419766f594a93a','2406233','wait',39,'adm09112754980.682000002')
20240926@180649.5995 924lh60qv4mikohraop2j985um Query : use flama_phc
20240926@180649.5999 924lh60qv4mikohraop2j985um Query : update u_wsusers set rqsttoken =? where userid ='userls001'
20240926@180649.6031 924lh60qv4mikohraop2j985um Query : select concat(rtrim(relative_path),ltrim(name_new)) as valor from uploadfiles where uploadfile_id='2240';
20240926@180649.6062 924lh60qv4mikohraop2j985um Query : update uploadfiles set whenupdated=current_timestamp where uploadfile_id='2240';
20240926@180649.6106 924lh60qv4mikohraop2j985um Query : select concat(rtrim(relative_path),ltrim(name_new)) as valor from uploadfiles where uploadfile_id='2240';
20240926@180649.6135 924lh60qv4mikohraop2j985um Query : update uploadfiles set whenupdated=current_timestamp where uploadfile_id='2240';
20240926@180649.7679 fka6amevp0174i0b6hkan5uk5e Query : insert into uploadfiles ( name_original, name_new, option_type, relative_path, whencreated ) values ( ?, ?, ?, ?, getdate() )
20240926@180649.7690 fka6amevp0174i0b6hkan5uk5e Query : select uploadfile_id valor from uploadfiles where name_new = ? and option_type = ? 
20240926@180649.7751 fka6amevp0174i0b6hkan5uk5e Query : select concat(rtrim(relative_path),ltrim(name_new)) as valor from uploadfiles where uploadfile_id='2241';
20240926@180649.7810 fka6amevp0174i0b6hkan5uk5e Query : update uploadfiles set whenupdated=current_timestamp where uploadfile_id='2241';
20240926@180649.7865 fka6amevp0174i0b6hkan5uk5e Query : select concat(rtrim(relative_path),ltrim(name_new)) as valor from uploadfiles where uploadfile_id='2241';
20240926@180649.7892 fka6amevp0174i0b6hkan5uk5e Query : update uploadfiles set whenupdated=current_timestamp where uploadfile_id='2241';
20240926@180649.7956 fka6amevp0174i0b6hkan5uk5e Query : use flama_phc
20240926@180649.7958 fka6amevp0174i0b6hkan5uk5e Query : select top 1 secretkey valor from u_wsusers u where u.userid = ? and u.inactivo=0
20240926@180649.8039 fka6amevp0174i0b6hkan5uk5e Query : use flama_phc
20240926@180649.8042 fka6amevp0174i0b6hkan5uk5e Query : select no, estab,szadrsdesc from szadrs where u_coddest=1841
20240926@180649.8122 fka6amevp0174i0b6hkan5uk5e Query : select top 1 isnull(design,'') valor from st (nolock) left join stobs (nolock) on st.ref = stobs.ref where st.ref = '324.1676.00.1'
