20241004@184427.5041 5h5moptvfd62lg64l5m16k38d2 Query : select fieldkey,fieldname,fieldtype,mandatory from wstablefields where tablename = 'fi2' and documentnumber = 39
20241004@184427.5054 5h5moptvfd62lg64l5m16k38d2 Query : select top 1 convert(numeric(6,2),t.taxa) valor from taxasiva t where t.codigo='2'
20241004@184427.5068 5h5moptvfd62lg64l5m16k38d2 Query : select 1 valor from information_schema.tables where table_type='base table' and table_name='wstablefields'
20241004@184427.5084 5h5moptvfd62lg64l5m16k38d2 Query : select fieldkey,fieldname,fieldtype,calcformula from wstablefields where tablename = 'fi2' and documentnumber = 39
20241004@184427.5099 5h5moptvfd62lg64l5m16k38d2 Query : insert into wsfi2data (fi2stamp,ftstamp ,ousrdata, ousrhora, usrdata,usrhora,ousrinis,usrinis) values ('aut67002783276700297b7b','aut67002083446700297965' ,getdate(),convert(char(8),convert (time,getdate())),getdate(),convert(char(8),convert (time,getdate())),'wsv','wsv')
20241004@184427.5104 5h5moptvfd62lg64l5m16k38d2 Query : select 1 valor from information_schema.tables where table_type='base table' and table_name='wstablefields'
20241004@184427.5125 5h5moptvfd62lg64l5m16k38d2 Query : select fieldkey,fieldname,fieldtype,calcformula from wstablefields where tablename = 'fi' and documentnumber = 39
20241004@184427.5162 5h5moptvfd62lg64l5m16k38d2 Query : insert into wsfidata (fistamp,ousrdata, ousrhora, usrdata,usrhora,ousrinis,usrinis ,qtt ,ftstamp ,epv,pvmoeda ,tabiva,iva,lordem ,ref, design ,armazem) values ('aut67002783276700297b7b',getdate(),convert(char(8),convert (time,getdate())),getdate(),convert(char(8),convert (time,getdate())),'wsv','wsv',0 ,'aut67002083446700297965' ,0,0 ,2,23.00,310000,?,?,?)
20241004@184427.5464 5h5moptvfd62lg64l5m16k38d2 Query : use flama_phc
20241004@184427.5468 5h5moptvfd62lg64l5m16k38d2 Query : select st.usalote valor from st where st.ref = '324.4521.00.1'
20241004@184427.5495 5h5moptvfd62lg64l5m16k38d2 Query : select top 1 st.tabiva ,st.ivaincl ,st.stns ,st.uni2 ,st.familia ,isnull(tx.taxa, 0) txiva ,unidade ,usalote ,epcpond ,noserie ,conversao ,st.texteis from st left join taxasiva tx on st.tabiva = tx.codigo where st.ref = '324.4521.00.1'
20241004@184427.5711 5h5moptvfd62lg64l5m16k38d2 Query : select 1 valor from information_schema.tables where table_type='base table' and table_name='wstablefields'
20241004@184427.5849 5h5moptvfd62lg64l5m16k38d2 Query : select fieldkey,fieldname,fieldtype,mandatory from wstablefields where tablename = 'fi' and documentnumber = 39
20241004@184427.5885 5h5moptvfd62lg64l5m16k38d2 Query : select 1 valor from information_schema.tables where table_type='base table' and table_name='wstablefields'
20241004@184427.5903 5h5moptvfd62lg64l5m16k38d2 Query : select fieldkey,fieldname,fieldtype,mandatory from wstablefields where tablename = 'fi2' and documentnumber = 39
20241004@184427.5912 5h5moptvfd62lg64l5m16k38d2 Query : select top 1 convert(numeric(6,2),t.taxa) valor from taxasiva t where t.codigo='2'
20241004@184427.5926 5h5moptvfd62lg64l5m16k38d2 Query : select sestamp valor from se where ref ='324.4521.00.1' and lote = 'r2400052200a'
20241004@184427.5954 5h5moptvfd62lg64l5m16k38d2 Query : select 1 valor from information_schema.tables where table_type='base table' and table_name='wstablefields'
20241004@184427.5972 5h5moptvfd62lg64l5m16k38d2 Query : select fieldkey,fieldname,fieldtype,calcformula from wstablefields where tablename = 'fi2' and documentnumber = 39
20241004@184427.6007 5h5moptvfd62lg64l5m16k38d2 Query : insert into wsfi2data (fi2stamp,ftstamp ,ousrdata, ousrhora, usrdata,usrhora,ousrinis,usrinis) values ('aut67002906636700297b91','aut67002083446700297965' ,getdate(),convert(char(8),convert (time,getdate())),getdate(),convert(char(8),convert (time,getdate())),'wsv','wsv')
20241004@184427.6019 5h5moptvfd62lg64l5m16k38d2 Query : select 1 valor from information_schema.tables where table_type='base table' and table_name='wstablefields'
20241004@184427.6121 5h5moptvfd62lg64l5m16k38d2 Query : select fieldkey,fieldname,fieldtype,calcformula from wstablefields where tablename = 'fi' and documentnumber = 39
20241004@184427.6155 5h5moptvfd62lg64l5m16k38d2 Query : insert into wsfidata (fistamp,ousrdata, ousrhora, usrdata,usrhora,ousrinis,usrinis ,qtt ,ftstamp ,epv,pvmoeda ,tabiva,iva,lordem ,ref, design ,lote,armazem) values ('aut67002906636700297b91',getdate(),convert(char(8),convert (time,getdate())),getdate(),convert(char(8),convert (time,getdate())),'wsv','wsv',20.000 ,'aut67002083446700297965' ,0,0 ,2,23.00,330000,?,?,?,?)
20241004@184427.6486 5h5moptvfd62lg64l5m16k38d2 Query : use flama_phc
20241004@184427.6489 5h5moptvfd62lg64l5m16k38d2 Query : select st.usalote valor from st where st.ref = '324.2066.00.1'
20241004@184427.6513 5h5moptvfd62lg64l5m16k38d2 Query : select top 1 st.tabiva ,st.ivaincl ,st.stns ,st.uni2 ,st.familia ,isnull(tx.taxa, 0) txiva ,unidade ,usalote ,epcpond ,noserie ,conversao ,st.texteis from st left join taxasiva tx on st.tabiva = tx.codigo where st.ref = '324.2066.00.1'
20241004@184427.6675 5h5moptvfd62lg64l5m16k38d2 Query : select 1 valor from information_schema.tables where table_type='base table' and table_name='wstablefields'
20241004@184427.6696 5h5moptvfd62lg64l5m16k38d2 Query : select fieldkey,fieldname,fieldtype,mandatory from wstablefields where tablename = 'fi' and documentnumber = 39
20241004@184427.6720 5h5moptvfd62lg64l5m16k38d2 Query : select 1 valor from information_schema.tables where table_type='base table' and table_name='wstablefields'
20241004@184427.6734 5h5moptvfd62lg64l5m16k38d2 Query : select fieldkey,fieldname,fieldtype,mandatory from wstablefields where tablename = 'fi2' and documentnumber = 39
20241004@184427.6751 5h5moptvfd62lg64l5m16k38d2 Query : select top 1 convert(numeric(6,2),t.taxa) valor from taxasiva t where t.codigo='2'
20241004@184427.6773 5h5moptvfd62lg64l5m16k38d2 Query : select sestamp valor from se where ref ='324.2066.00.1' and lote = 'r2400051100a'
20241004@184427.6793 5h5moptvfd62lg64l5m16k38d2 Query : select 1 valor from information_schema.tables where table_type='base table' and table_name='wstablefields'
20241004@184427.6807 5h5moptvfd62lg64l5m16k38d2 Query : select fieldkey,fieldname,fieldtype,calcformula from wstablefields where tablename = 'fi2' and documentnumber = 39
20241004@184427.6819 5h5moptvfd62lg64l5m16k38d2 Query : insert into wsfi2data (fi2stamp,ftstamp ,ousrdata, ousrhora, usrdata,usrhora,ousrinis,usrinis) values ('aut67002142156700297ba5','aut67002083446700297965' ,getdate(),convert(char(8),convert (time,getdate())),getdate(),convert(char(8),convert (time,getdate())),'wsv','wsv')
20241004@184427.6823 5h5moptvfd62lg64l5m16k38d2 Query : select 1 valor from information_schema.tables where table_type='base table' and table_name='wstablefields'
20241004@184427.6840 5h5moptvfd62lg64l5m16k38d2 Query : select fieldkey,fieldname,fieldtype,calcformula from wstablefields where tablename = 'fi' and documentnumber = 39
20241004@184427.6874 5h5moptvfd62lg64l5m16k38d2 Query : insert into wsfidata (fistamp,ousrdata, ousrhora, usrdata,usrhora,ousrinis,usrinis ,qtt ,ftstamp ,epv,pvmoeda ,tabiva,iva,lordem ,ref, design ,lote,armazem) values ('aut67002142156700297ba5',getdate(),convert(char(8),convert (time,getdate())),getdate(),convert(char(8),convert (time,getdate())),'wsv','wsv',72.000 ,'aut67002083446700297965' ,0,0 ,2,23.00,340000,?,?,?,?)
20241004@184427.7129 5h5moptvfd62lg64l5m16k38d2 Query : select 1 valor from information_schema.tables where table_type='base table' and table_name='wstablefields'
20241004@184427.7144 5h5moptvfd62lg64l5m16k38d2 Query : select fieldkey,fieldname,fieldtype,mandatory from wstablefields where tablename = 'fi' and documentnumber = 39
20241004@184427.7181 5h5moptvfd62lg64l5m16k38d2 Query : select 1 valor from information_schema.tables where table_type='base table' and table_name='wstablefields'
20241004@184427.7202 5h5moptvfd62lg64l5m16k38d2 Query : select fieldkey,fieldname,fieldtype,mandatory from wstablefields where tablename = 'fi2' and documentnumber = 39
20241004@184427.7219 5h5moptvfd62lg64l5m16k38d2 Query : select top 1 convert(numeric(6,2),t.taxa) valor from taxasiva t where t.codigo='2'
20241004@184427.7231 5h5moptvfd62lg64l5m16k38d2 Query : select 1 valor from information_schema.tables where table_type='base table' and table_name='wstablefields'
20241004@184427.7246 5h5moptvfd62lg64l5m16k38d2 Query : select fieldkey,fieldname,fieldtype,calcformula from wstablefields where tablename = 'fi2' and documentnumber = 39
20241004@184427.7277 5h5moptvfd62lg64l5m16k38d2 Query : insert into wsfi2data (fi2stamp,ftstamp ,ousrdata, ousrhora, usrdata,usrhora,ousrinis,usrinis) values ('aut67002145326700297bb0','aut67002083446700297965' ,getdate(),convert(char(8),convert (time,getdate())),getdate(),convert(char(8),convert (time,getdate())),'wsv','wsv')
20241004@184427.7280 5h5moptvfd62lg64l5m16k38d2 Query : select 1 valor from information_schema.tables where table_type='base table' and table_name='wstablefields'
20241004@184427.7298 5h5moptvfd62lg64l5m16k38d2 Query : select fieldkey,fieldname,fieldtype,calcformula from wstablefields where tablename = 'fi' and documentnumber = 39
20241004@184427.7329 5h5moptvfd62lg64l5m16k38d2 Query : insert into wsfidata (fistamp,ousrdata, ousrhora, usrdata,usrhora,ousrinis,usrinis ,qtt ,ftstamp ,epv,pvmoeda ,tabiva,iva,lordem ,ref, design ,armazem) values ('aut67002145326700297bb0',getdate(),convert(char(8),convert (time,getdate())),getdate(),convert(char(8),convert (time,getdate())),'wsv','wsv',0 ,'aut67002083446700297965' ,0,0 ,2,23.00,350000,?,?,?)
20241004@184427.7619 5h5moptvfd62lg64l5m16k38d2 Query : use flama_phc
20241004@184427.7623 5h5moptvfd62lg64l5m16k38d2 Query : select st.usalote valor from st where st.ref = '324.2066.00.1'
20241004@184427.7642 5h5moptvfd62lg64l5m16k38d2 Query : select top 1 st.tabiva ,st.ivaincl ,st.stns ,st.uni2 ,st.familia ,isnull(tx.taxa, 0) txiva ,unidade ,usalote ,epcpond ,noserie ,conversao ,st.texteis from st left join taxasiva tx on st.tabiva = tx.codigo where st.ref = '324.2066.00.1'
20241004@184427.7667 5h5moptvfd62lg64l5m16k38d2 Query : select 1 valor from information_schema.tables where table_type='base table' and table_name='wstablefields'
20241004@184427.7683 5h5moptvfd62lg64l5m16k38d2 Query : select fieldkey,fieldname,fieldtype,mandatory from wstablefields where tablename = 'fi' and documentnumber = 39
20241004@184427.7716 5h5moptvfd62lg64l5m16k38d2 Query : select 1 valor from information_schema.tables where table_type='base table' and table_name='wstablefields'
20241004@184427.7730 5h5moptvfd62lg64l5m16k38d2 Query : select fieldkey,fieldname,fieldtype,mandatory from wstablefields where tablename = 'fi2' and documentnumber = 39
20241004@184427.7738 5h5moptvfd62lg64l5m16k38d2 Query : select top 1 convert(numeric(6,2),t.taxa) valor from taxasiva t where t.codigo='2'
20241004@184427.7762 5h5moptvfd62lg64l5m16k38d2 Query : select sestamp valor from se where ref ='324.2066.00.1' and lote = 'r2400051100a'
20241004@184427.7775 5h5moptvfd62lg64l5m16k38d2 Query : select 1 valor from information_schema.tables where table_type='base table' and table_name='wstablefields'
20241004@184427.7794 5h5moptvfd62lg64l5m16k38d2 Query : select fieldkey,fieldname,fieldtype,calcformula from wstablefields where tablename = 'fi2' and documentnumber = 39
20241004@184427.7806 5h5moptvfd62lg64l5m16k38d2 Query : insert into wsfi2data (fi2stamp,ftstamp ,ousrdata, ousrhora, usrdata,usrhora,ousrinis,usrinis) values ('aut67002907486700297bbd','aut67002083446700297965' ,getdate(),convert(char(8),convert (time,getdate())),getdate(),convert(char(8),convert (time,getdate())),'wsv','wsv')
20241004@184427.7810 5h5moptvfd62lg64l5m16k38d2 Query : select 1 valor from information_schema.tables where table_type='base table' and table_name='wstablefields'
20241004@184427.7833 5h5moptvfd62lg64l5m16k38d2 Query : select fieldkey,fieldname,fieldtype,calcformula from wstablefields where tablename = 'fi' and documentnumber = 39
20241004@184427.7867 5h5moptvfd62lg64l5m16k38d2 Query : insert into wsfidata (fistamp,ousrdata, ousrhora, usrdata,usrhora,ousrinis,usrinis ,qtt ,ftstamp ,epv,pvmoeda ,tabiva,iva,lordem ,ref, design ,lote,armazem) values ('aut67002907486700297bbd',getdate(),convert(char(8),convert (time,getdate())),getdate(),convert(char(8),convert (time,getdate())),'wsv','wsv',30.000 ,'aut67002083446700297965' ,0,0 ,2,23.00,370000,?,?,?,?)
20241004@184427.8123 5h5moptvfd62lg64l5m16k38d2 Query : select 1 valor from information_schema.tables where table_type='base table' and table_name='wstablefields'
20241004@184427.8144 5h5moptvfd62lg64l5m16k38d2 Query : select fieldkey,fieldname,fieldtype,mandatory from wstablefields where tablename = 'fi' and documentnumber = 39
20241004@184427.8183 5h5moptvfd62lg64l5m16k38d2 Query : select 1 valor from information_schema.tables where table_type='base table' and table_name='wstablefields'
20241004@184427.8201 5h5moptvfd62lg64l5m16k38d2 Query : select fieldkey,fieldname,fieldtype,mandatory from wstablefields where tablename = 'fi2' and documentnumber = 39
20241004@184427.8211 5h5moptvfd62lg64l5m16k38d2 Query : select top 1 convert(numeric(6,2),t.taxa) valor from taxasiva t where t.codigo='2'
20241004@184427.8226 5h5moptvfd62lg64l5m16k38d2 Query : select 1 valor from information_schema.tables where table_type='base table' and table_name='wstablefields'
20241004@184427.8242 5h5moptvfd62lg64l5m16k38d2 Query : select fieldkey,fieldname,fieldtype,calcformula from wstablefields where tablename = 'fi2' and documentnumber = 39
20241004@184427.8258 5h5moptvfd62lg64l5m16k38d2 Query : insert into wsfi2data (fi2stamp,ftstamp ,ousrdata, ousrhora, usrdata,usrhora,ousrinis,usrinis) values ('aut67002879686700297bc8','aut67002083446700297965' ,getdate(),convert(char(8),convert (time,getdate())),getdate(),convert(char(8),convert (time,getdate())),'wsv','wsv')
20241004@184427.8263 5h5moptvfd62lg64l5m16k38d2 Query : select 1 valor from information_schema.tables where table_type='base table' and table_name='wstablefields'
20241004@184427.8279 5h5moptvfd62lg64l5m16k38d2 Query : select fieldkey,fieldname,fieldtype,calcformula from wstablefields where tablename = 'fi' and documentnumber = 39
20241004@184427.8312 5h5moptvfd62lg64l5m16k38d2 Query : insert into wsfidata (fistamp,ousrdata, ousrhora, usrdata,usrhora,ousrinis,usrinis ,qtt ,ftstamp ,epv,pvmoeda ,tabiva,iva,lordem ,ref, design ,armazem) values ('aut67002879686700297bc8',getdate(),convert(char(8),convert (time,getdate())),getdate(),convert(char(8),convert (time,getdate())),'wsv','wsv',0 ,'aut67002083446700297965' ,0,0 ,2,23.00,380000,?,?,?)
20241004@184427.8687 5h5moptvfd62lg64l5m16k38d2 Query : use flama_phc
20241004@184427.8691 5h5moptvfd62lg64l5m16k38d2 Query : select st.usalote valor from st where st.ref = '324.969.00.01'
20241004@184427.8714 5h5moptvfd62lg64l5m16k38d2 Query : select top 1 st.tabiva ,st.ivaincl ,st.stns ,st.uni2 ,st.familia ,isnull(tx.taxa, 0) txiva ,unidade ,usalote ,epcpond ,noserie ,conversao ,st.texteis from st left join taxasiva tx on st.tabiva = tx.codigo where st.ref = '324.969.00.01'
20241004@184427.8946 5h5moptvfd62lg64l5m16k38d2 Query : select 1 valor from information_schema.tables where table_type='base table' and table_name='wstablefields'
20241004@184427.8999 5h5moptvfd62lg64l5m16k38d2 Query : select fieldkey,fieldname,fieldtype,mandatory from wstablefields where tablename = 'fi' and documentnumber = 39
20241004@184427.9030 5h5moptvfd62lg64l5m16k38d2 Query : select 1 valor from information_schema.tables where table_type='base table' and table_name='wstablefields'
20241004@184427.9152 5h5moptvfd62lg64l5m16k38d2 Query : select fieldkey,fieldname,fieldtype,mandatory from wstablefields where tablename = 'fi2' and documentnumber = 39
20241004@184427.9165 5h5moptvfd62lg64l5m16k38d2 Query : select top 1 convert(numeric(6,2),t.taxa) valor from taxasiva t where t.codigo='2'
20241004@184427.9273 5h5moptvfd62lg64l5m16k38d2 Query : select sestamp valor from se where ref ='324.969.00.01' and lote = 'r2100601100a'
20241004@184427.9323 5h5moptvfd62lg64l5m16k38d2 Query : select 1 valor from information_schema.tables where table_type='base table' and table_name='wstablefields'
20241004@184427.9356 5h5moptvfd62lg64l5m16k38d2 Query : select fieldkey,fieldname,fieldtype,calcformula from wstablefields where tablename = 'fi2' and documentnumber = 39
20241004@184427.9372 5h5moptvfd62lg64l5m16k38d2 Query : insert into wsfi2data (fi2stamp,ftstamp ,ousrdata, ousrhora, usrdata,usrhora,ousrinis,usrinis) values ('aut67002534086700297be3','aut67002083446700297965' ,getdate(),convert(char(8),convert (time,getdate())),getdate(),convert(char(8),convert (time,getdate())),'wsv','wsv')
20241004@184427.9379 5h5moptvfd62lg64l5m16k38d2 Query : select 1 valor from information_schema.tables where table_type='base table' and table_name='wstablefields'
20241004@184427.9442 5h5moptvfd62lg64l5m16k38d2 Query : select fieldkey,fieldname,fieldtype,calcformula from wstablefields where tablename = 'fi' and documentnumber = 39
20241004@184427.9851 5h5moptvfd62lg64l5m16k38d2 Query : insert into wsfidata (fistamp,ousrdata, ousrhora, usrdata,usrhora,ousrinis,usrinis ,qtt ,ftstamp ,epv,pvmoeda ,tabiva,iva,lordem ,ref, design ,lote,armazem) values ('aut67002534086700297be3',getdate(),convert(char(8),convert (time,getdate())),getdate(),convert(char(8),convert (time,getdate())),'wsv','wsv',24.000 ,'aut67002083446700297965' ,0,0 ,2,23.00,400000,?,?,?,?)
20241004@184428.1310 5h5moptvfd62lg64l5m16k38d2 Query : use flama_phc
20241004@184428.1350 5h5moptvfd62lg64l5m16k38d2 Query : select st.usalote valor from st where st.ref = '324.969.00.01'
20241004@184428.1550 5h5moptvfd62lg64l5m16k38d2 Query : select top 1 st.tabiva ,st.ivaincl ,st.stns ,st.uni2 ,st.familia ,isnull(tx.taxa, 0) txiva ,unidade ,usalote ,epcpond ,noserie ,conversao ,st.texteis from st left join taxasiva tx on st.tabiva = tx.codigo where st.ref = '324.969.00.01'
20241004@184428.1750 5h5moptvfd62lg64l5m16k38d2 Query : select 1 valor from information_schema.tables where table_type='base table' and table_name='wstablefields'
20241004@184428.1910 5h5moptvfd62lg64l5m16k38d2 Query : select fieldkey,fieldname,fieldtype,mandatory from wstablefields where tablename = 'fi' and documentnumber = 39
20241004@184428.2250 5h5moptvfd62lg64l5m16k38d2 Query : select 1 valor from information_schema.tables where table_type='base table' and table_name='wstablefields'
20241004@184428.2420 5h5moptvfd62lg64l5m16k38d2 Query : select fieldkey,fieldname,fieldtype,mandatory from wstablefields where tablename = 'fi2' and documentnumber = 39
20241004@184428.2520 5h5moptvfd62lg64l5m16k38d2 Query : select top 1 convert(numeric(6,2),t.taxa) valor from taxasiva t where t.codigo='2'
20241004@184428.2660 5h5moptvfd62lg64l5m16k38d2 Query : select sestamp valor from se where ref ='324.969.00.01' and lote = 'r2100601100a'
20241004@184428.2780 5h5moptvfd62lg64l5m16k38d2 Query : select 1 valor from information_schema.tables where table_type='base table' and table_name='wstablefields'
20241004@184428.2930 5h5moptvfd62lg64l5m16k38d2 Query : select fieldkey,fieldname,fieldtype,calcformula from wstablefields where tablename = 'fi2' and documentnumber = 39
20241004@184428.3700 5h5moptvfd62lg64l5m16k38d2 Query : insert into wsfi2data (fi2stamp,ftstamp ,ousrdata, ousrhora, usrdata,usrhora,ousrinis,usrinis) values ('aut67002643926700297c06','aut67002083446700297965' ,getdate(),convert(char(8),convert (time,getdate())),getdate(),convert(char(8),convert (time,getdate())),'wsv','wsv')
20241004@184428.4070 5h5moptvfd62lg64l5m16k38d2 Query : select 1 valor from information_schema.tables where table_type='base table' and table_name='wstablefields'
20241004@184428.5060 5h5moptvfd62lg64l5m16k38d2 Query : select fieldkey,fieldname,fieldtype,calcformula from wstablefields where tablename = 'fi' and documentnumber = 39
20241004@184428.5410 5h5moptvfd62lg64l5m16k38d2 Query : insert into wsfidata (fistamp,ousrdata, ousrhora, usrdata,usrhora,ousrinis,usrinis ,qtt ,ftstamp ,epv,pvmoeda ,tabiva,iva,lordem ,ref, design ,lote,armazem) values ('aut67002643926700297c06',getdate(),convert(char(8),convert (time,getdate())),getdate(),convert(char(8),convert (time,getdate())),'wsv','wsv',14.000 ,'aut67002083446700297965' ,0,0 ,2,23.00,410000,?,?,?,?)
20241004@184428.8120 5h5moptvfd62lg64l5m16k38d2 Query : use flama_phc
20241004@184428.8150 5h5moptvfd62lg64l5m16k38d2 Query : select st.usalote valor from st where st.ref = '324.969.00.01'
20241004@184428.8370 5h5moptvfd62lg64l5m16k38d2 Query : select top 1 st.tabiva ,st.ivaincl ,st.stns ,st.uni2 ,st.familia ,isnull(tx.taxa, 0) txiva ,unidade ,usalote ,epcpond ,noserie ,conversao ,st.texteis from st left join taxasiva tx on st.tabiva = tx.codigo where st.ref = '324.969.00.01'
20241004@184428.8880 5h5moptvfd62lg64l5m16k38d2 Query : select 1 valor from information_schema.tables where table_type='base table' and table_name='wstablefields'
20241004@184428.9080 5h5moptvfd62lg64l5m16k38d2 Query : select fieldkey,fieldname,fieldtype,mandatory from wstablefields where tablename = 'fi' and documentnumber = 39
20241004@184428.9780 5h5moptvfd62lg64l5m16k38d2 Query : select 1 valor from information_schema.tables where table_type='base table' and table_name='wstablefields'
20241004@184428.9940 5h5moptvfd62lg64l5m16k38d2 Query : select fieldkey,fieldname,fieldtype,mandatory from wstablefields where tablename = 'fi2' and documentnumber = 39
20241004@184428.1004 5h5moptvfd62lg64l5m16k38d2 Query : select top 1 convert(numeric(6,2),t.taxa) valor from taxasiva t where t.codigo='2'
20241004@184428.1048 5h5moptvfd62lg64l5m16k38d2 Query : select sestamp valor from se where ref ='324.969.00.01' and lote = 'r2100601100a'
20241004@184428.1065 5h5moptvfd62lg64l5m16k38d2 Query : select 1 valor from information_schema.tables where table_type='base table' and table_name='wstablefields'
20241004@184428.1084 5h5moptvfd62lg64l5m16k38d2 Query : select fieldkey,fieldname,fieldtype,calcformula from wstablefields where tablename = 'fi2' and documentnumber = 39
20241004@184428.1099 5h5moptvfd62lg64l5m16k38d2 Query : insert into wsfi2data (fi2stamp,ftstamp ,ousrdata, ousrhora, usrdata,usrhora,ousrinis,usrinis) values ('aut67002787206700297c1a','aut67002083446700297965' ,getdate(),convert(char(8),convert (time,getdate())),getdate(),convert(char(8),convert (time,getdate())),'wsv','wsv')
20241004@184428.1105 5h5moptvfd62lg64l5m16k38d2 Query : select 1 valor from information_schema.tables where table_type='base table' and table_name='wstablefields'
20241004@184428.1122 5h5moptvfd62lg64l5m16k38d2 Query : select fieldkey,fieldname,fieldtype,calcformula from wstablefields where tablename = 'fi' and documentnumber = 39
20241004@184428.1176 5h5moptvfd62lg64l5m16k38d2 Query : insert into wsfidata (fistamp,ousrdata, ousrhora, usrdata,usrhora,ousrinis,usrinis ,qtt ,ftstamp ,epv,pvmoeda ,tabiva,iva,lordem ,ref, design ,lote,armazem) values ('aut67002787206700297c1a',getdate(),convert(char(8),convert (time,getdate())),getdate(),convert(char(8),convert (time,getdate())),'wsv','wsv',42.000 ,'aut67002083446700297965' ,0,0 ,2,23.00,420000,?,?,?,?)
20241004@184428.1473 5h5moptvfd62lg64l5m16k38d2 Query : use flama_phc
20241004@184428.1476 5h5moptvfd62lg64l5m16k38d2 Query : select st.usalote valor from st where st.ref = '324.4964.00.1'
20241004@184428.1497 5h5moptvfd62lg64l5m16k38d2 Query : select top 1 st.tabiva ,st.ivaincl ,st.stns ,st.uni2 ,st.familia ,isnull(tx.taxa, 0) txiva ,unidade ,usalote ,epcpond ,noserie ,conversao ,st.texteis from st left join taxasiva tx on st.tabiva = tx.codigo where st.ref = '324.4964.00.1'
20241004@184428.1646 5h5moptvfd62lg64l5m16k38d2 Query : select 1 valor from information_schema.tables where table_type='base table' and table_name='wstablefields'
20241004@184428.1667 5h5moptvfd62lg64l5m16k38d2 Query : select fieldkey,fieldname,fieldtype,mandatory from wstablefields where tablename = 'fi' and documentnumber = 39
20241004@184428.1695 5h5moptvfd62lg64l5m16k38d2 Query : select 1 valor from information_schema.tables where table_type='base table' and table_name='wstablefields'
20241004@184428.1711 5h5moptvfd62lg64l5m16k38d2 Query : select fieldkey,fieldname,fieldtype,mandatory from wstablefields where tablename = 'fi2' and documentnumber = 39
20241004@184428.1720 5h5moptvfd62lg64l5m16k38d2 Query : select top 1 convert(numeric(6,2),t.taxa) valor from taxasiva t where t.codigo='2'
20241004@184428.1733 5h5moptvfd62lg64l5m16k38d2 Query : select sestamp valor from se where ref ='324.4964.00.1' and lote = 'r2300717100a'
20241004@184428.1764 5h5moptvfd62lg64l5m16k38d2 Query : select 1 valor from information_schema.tables where table_type='base table' and table_name='wstablefields'
20241004@184428.1779 5h5moptvfd62lg64l5m16k38d2 Query : select fieldkey,fieldname,fieldtype,calcformula from wstablefields where tablename = 'fi2' and documentnumber = 39
20241004@184428.1796 5h5moptvfd62lg64l5m16k38d2 Query : insert into wsfi2data (fi2stamp,ftstamp ,ousrdata, ousrhora, usrdata,usrhora,ousrinis,usrinis) values ('aut67002367376700297c2b','aut67002083446700297965' ,getdate(),convert(char(8),convert (time,getdate())),getdate(),convert(char(8),convert (time,getdate())),'wsv','wsv')
20241004@184428.1800 5h5moptvfd62lg64l5m16k38d2 Query : select 1 valor from information_schema.tables where table_type='base table' and table_name='wstablefields'
20241004@184428.1826 5h5moptvfd62lg64l5m16k38d2 Query : select fieldkey,fieldname,fieldtype,calcformula from wstablefields where tablename = 'fi' and documentnumber = 39
20241004@184428.1857 5h5moptvfd62lg64l5m16k38d2 Query : insert into wsfidata (fistamp,ousrdata, ousrhora, usrdata,usrhora,ousrinis,usrinis ,qtt ,ftstamp ,epv,pvmoeda ,tabiva,iva,lordem ,ref, design ,lote,armazem) values ('aut67002367376700297c2b',getdate(),convert(char(8),convert (time,getdate())),getdate(),convert(char(8),convert (time,getdate())),'wsv','wsv',40.000 ,'aut67002083446700297965' ,0,0 ,2,23.00,430000,?,?,?,?)
20241004@184428.2111 5h5moptvfd62lg64l5m16k38d2 Query : use flama_phc
20241004@184428.2114 5h5moptvfd62lg64l5m16k38d2 Query : select st.usalote valor from st where st.ref = '324.4963.00.1'
20241004@184428.2138 5h5moptvfd62lg64l5m16k38d2 Query : select top 1 st.tabiva ,st.ivaincl ,st.stns ,st.uni2 ,st.familia ,isnull(tx.taxa, 0) txiva ,unidade ,usalote ,epcpond ,noserie ,conversao ,st.texteis from st left join taxasiva tx on st.tabiva = tx.codigo where st.ref = '324.4963.00.1'
20241004@184428.2287 5h5moptvfd62lg64l5m16k38d2 Query : select 1 valor from information_schema.tables where table_type='base table' and table_name='wstablefields'
20241004@184428.2306 5h5moptvfd62lg64l5m16k38d2 Query : select fieldkey,fieldname,fieldtype,mandatory from wstablefields where tablename = 'fi' and documentnumber = 39
20241004@184428.2341 5h5moptvfd62lg64l5m16k38d2 Query : select 1 valor from information_schema.tables where table_type='base table' and table_name='wstablefields'
20241004@184428.2359 5h5moptvfd62lg64l5m16k38d2 Query : select fieldkey,fieldname,fieldtype,mandatory from wstablefields where tablename = 'fi2' and documentnumber = 39
20241004@184428.2371 5h5moptvfd62lg64l5m16k38d2 Query : select top 1 convert(numeric(6,2),t.taxa) valor from taxasiva t where t.codigo='2'
20241004@184428.2384 5h5moptvfd62lg64l5m16k38d2 Query : select sestamp valor from se where ref ='324.4963.00.1' and lote = 'r2300717200a'
20241004@184428.2402 5h5moptvfd62lg64l5m16k38d2 Query : select 1 valor from information_schema.tables where table_type='base table' and table_name='wstablefields'
20241004@184428.2421 5h5moptvfd62lg64l5m16k38d2 Query : select fieldkey,fieldname,fieldtype,calcformula from wstablefields where tablename = 'fi2' and documentnumber = 39
20241004@184428.2439 5h5moptvfd62lg64l5m16k38d2 Query : insert into wsfi2data (fi2stamp,ftstamp ,ousrdata, ousrhora, usrdata,usrhora,ousrinis,usrinis) values ('aut67002784266700297c3a','aut67002083446700297965' ,getdate(),convert(char(8),convert (time,getdate())),getdate(),convert(char(8),convert (time,getdate())),'wsv','wsv')
20241004@184428.2443 5h5moptvfd62lg64l5m16k38d2 Query : select 1 valor from information_schema.tables where table_type='base table' and table_name='wstablefields'
20241004@184428.2465 5h5moptvfd62lg64l5m16k38d2 Query : select fieldkey,fieldname,fieldtype,calcformula from wstablefields where tablename = 'fi' and documentnumber = 39
20241004@184428.2556 5h5moptvfd62lg64l5m16k38d2 Query : insert into wsfidata (fistamp,ousrdata, ousrhora, usrdata,usrhora,ousrinis,usrinis ,qtt ,ftstamp ,epv,pvmoeda ,tabiva,iva,lordem ,ref, design ,lote,armazem) values ('aut67002784266700297c3a',getdate(),convert(char(8),convert (time,getdate())),getdate(),convert(char(8),convert (time,getdate())),'wsv','wsv',12.000 ,'aut67002083446700297965' ,0,0 ,2,23.00,440000,?,?,?,?)
20241004@184428.2808 5h5moptvfd62lg64l5m16k38d2 Query : use flama_phc
20241004@184428.2816 5h5moptvfd62lg64l5m16k38d2 Query : select st.usalote valor from st where st.ref = '324.2221.00.1'
20241004@184428.2843 5h5moptvfd62lg64l5m16k38d2 Query : select top 1 st.tabiva ,st.ivaincl ,st.stns ,st.uni2 ,st.familia ,isnull(tx.taxa, 0) txiva ,unidade ,usalote ,epcpond ,noserie ,conversao ,st.texteis from st left join taxasiva tx on st.tabiva = tx.codigo where st.ref = '324.2221.00.1'
20241004@184428.2986 5h5moptvfd62lg64l5m16k38d2 Query : select 1 valor from information_schema.tables where table_type='base table' and table_name='wstablefields'
20241004@184428.3004 5h5moptvfd62lg64l5m16k38d2 Query : select fieldkey,fieldname,fieldtype,mandatory from wstablefields where tablename = 'fi' and documentnumber = 39
20241004@184428.3053 5h5moptvfd62lg64l5m16k38d2 Query : select 1 valor from information_schema.tables where table_type='base table' and table_name='wstablefields'
20241004@184428.3074 5h5moptvfd62lg64l5m16k38d2 Query : select fieldkey,fieldname,fieldtype,mandatory from wstablefields where tablename = 'fi2' and documentnumber = 39
20241004@184428.3083 5h5moptvfd62lg64l5m16k38d2 Query : select top 1 convert(numeric(6,2),t.taxa) valor from taxasiva t where t.codigo='2'
20241004@184428.3098 5h5moptvfd62lg64l5m16k38d2 Query : select sestamp valor from se where ref ='324.2221.00.1' and lote = 'r2301280100a'
20241004@184428.3126 5h5moptvfd62lg64l5m16k38d2 Query : select 1 valor from information_schema.tables where table_type='base table' and table_name='wstablefields'
20241004@184428.3147 5h5moptvfd62lg64l5m16k38d2 Query : select fieldkey,fieldname,fieldtype,calcformula from wstablefields where tablename = 'fi2' and documentnumber = 39
20241004@184428.3170 5h5moptvfd62lg64l5m16k38d2 Query : insert into wsfi2data (fi2stamp,ftstamp ,ousrdata, ousrhora, usrdata,usrhora,ousrinis,usrinis) values ('aut67002197116700297c4c','aut67002083446700297965' ,getdate(),convert(char(8),convert (time,getdate())),getdate(),convert(char(8),convert (time,getdate())),'wsv','wsv')
20241004@184428.3175 5h5moptvfd62lg64l5m16k38d2 Query : select 1 valor from information_schema.tables where table_type='base table' and table_name='wstablefields'
20241004@184428.3194 5h5moptvfd62lg64l5m16k38d2 Query : select fieldkey,fieldname,fieldtype,calcformula from wstablefields where tablename = 'fi' and documentnumber = 39
20241004@184428.3296 5h5moptvfd62lg64l5m16k38d2 Query : insert into wsfidata (fistamp,ousrdata, ousrhora, usrdata,usrhora,ousrinis,usrinis ,qtt ,ftstamp ,epv,pvmoeda ,tabiva,iva,lordem ,ref, design ,lote,armazem) values ('aut67002197116700297c4c',getdate(),convert(char(8),convert (time,getdate())),getdate(),convert(char(8),convert (time,getdate())),'wsv','wsv',32.000 ,'aut67002083446700297965' ,0,0 ,2,23.00,450000,?,?,?,?)
20241004@184428.3560 5h5moptvfd62lg64l5m16k38d2 Query : use flama_phc
20241004@184428.3569 5h5moptvfd62lg64l5m16k38d2 Query : select st.usalote valor from st where st.ref = '324.4961.00.1'
20241004@184428.3595 5h5moptvfd62lg64l5m16k38d2 Query : select top 1 st.tabiva ,st.ivaincl ,st.stns ,st.uni2 ,st.familia ,isnull(tx.taxa, 0) txiva ,unidade ,usalote ,epcpond ,noserie ,conversao ,st.texteis from st left join taxasiva tx on st.tabiva = tx.codigo where st.ref = '324.4961.00.1'
20241004@184428.3747 5h5moptvfd62lg64l5m16k38d2 Query : select 1 valor from information_schema.tables where table_type='base table' and table_name='wstablefields'
20241004@184428.3767 5h5moptvfd62lg64l5m16k38d2 Query : select fieldkey,fieldname,fieldtype,mandatory from wstablefields where tablename = 'fi' and documentnumber = 39
20241004@184428.3800 5h5moptvfd62lg64l5m16k38d2 Query : select 1 valor from information_schema.tables where table_type='base table' and table_name='wstablefields'
20241004@184428.3816 5h5moptvfd62lg64l5m16k38d2 Query : select fieldkey,fieldname,fieldtype,mandatory from wstablefields where tablename = 'fi2' and documentnumber = 39
20241004@184428.3826 5h5moptvfd62lg64l5m16k38d2 Query : select top 1 convert(numeric(6,2),t.taxa) valor from taxasiva t where t.codigo='2'
20241004@184428.3840 5h5moptvfd62lg64l5m16k38d2 Query : select sestamp valor from se where ref ='324.4961.00.1' and lote = 'r2101092200a'
20241004@184428.3866 5h5moptvfd62lg64l5m16k38d2 Query : select 1 valor from information_schema.tables where table_type='base table' and table_name='wstablefields'
20241004@184428.3886 5h5moptvfd62lg64l5m16k38d2 Query : select fieldkey,fieldname,fieldtype,calcformula from wstablefields where tablename = 'fi2' and documentnumber = 39
20241004@184428.3900 5h5moptvfd62lg64l5m16k38d2 Query : insert into wsfi2data (fi2stamp,ftstamp ,ousrdata, ousrhora, usrdata,usrhora,ousrinis,usrinis) values ('aut67002453816700297c5e','aut67002083446700297965' ,getdate(),convert(char(8),convert (time,getdate())),getdate(),convert(char(8),convert (time,getdate())),'wsv','wsv')
20241004@184428.3913 5h5moptvfd62lg64l5m16k38d2 Query : select 1 valor from information_schema.tables where table_type='base table' and table_name='wstablefields'
20241004@184428.3931 5h5moptvfd62lg64l5m16k38d2 Query : select fieldkey,fieldname,fieldtype,calcformula from wstablefields where tablename = 'fi' and documentnumber = 39
20241004@184428.3967 5h5moptvfd62lg64l5m16k38d2 Query : insert into wsfidata (fistamp,ousrdata, ousrhora, usrdata,usrhora,ousrinis,usrinis ,qtt ,ftstamp ,epv,pvmoeda ,tabiva,iva,lordem ,ref, design ,lote,armazem) values ('aut67002453816700297c5e',getdate(),convert(char(8),convert (time,getdate())),getdate(),convert(char(8),convert (time,getdate())),'wsv','wsv',8.000 ,'aut67002083446700297965' ,0,0 ,2,23.00,460000,?,?,?,?)
20241004@184428.4241 5h5moptvfd62lg64l5m16k38d2 Query : use flama_phc
20241004@184428.4244 5h5moptvfd62lg64l5m16k38d2 Query : select st.usalote valor from st where st.ref = '324.4961.00.1'
20241004@184428.4263 5h5moptvfd62lg64l5m16k38d2 Query : select top 1 st.tabiva ,st.ivaincl ,st.stns ,st.uni2 ,st.familia ,isnull(tx.taxa, 0) txiva ,unidade ,usalote ,epcpond ,noserie ,conversao ,st.texteis from st left join taxasiva tx on st.tabiva = tx.codigo where st.ref = '324.4961.00.1'
20241004@184428.4277 5h5moptvfd62lg64l5m16k38d2 Query : select 1 valor from information_schema.tables where table_type='base table' and table_name='wstablefields'
20241004@184428.4293 5h5moptvfd62lg64l5m16k38d2 Query : select fieldkey,fieldname,fieldtype,mandatory from wstablefields where tablename = 'fi' and documentnumber = 39
20241004@184428.4341 5h5moptvfd62lg64l5m16k38d2 Query : select 1 valor from information_schema.tables where table_type='base table' and table_name='wstablefields'
20241004@184428.4356 5h5moptvfd62lg64l5m16k38d2 Query : select fieldkey,fieldname,fieldtype,mandatory from wstablefields where tablename = 'fi2' and documentnumber = 39
20241004@184428.4366 5h5moptvfd62lg64l5m16k38d2 Query : select top 1 convert(numeric(6,2),t.taxa) valor from taxasiva t where t.codigo='2'
20241004@184428.4388 5h5moptvfd62lg64l5m16k38d2 Query : select sestamp valor from se where ref ='324.4961.00.1' and lote = 'r2101092200a'
20241004@184428.4401 5h5moptvfd62lg64l5m16k38d2 Query : select 1 valor from information_schema.tables where table_type='base table' and table_name='wstablefields'
20241004@184428.4429 5h5moptvfd62lg64l5m16k38d2 Query : select fieldkey,fieldname,fieldtype,calcformula from wstablefields where tablename = 'fi2' and documentnumber = 39
20241004@184428.4441 5h5moptvfd62lg64l5m16k38d2 Query : insert into wsfi2data (fi2stamp,ftstamp ,ousrdata, ousrhora, usrdata,usrhora,ousrinis,usrinis) values ('aut67002311136700297c6b','aut67002083446700297965' ,getdate(),convert(char(8),convert (time,getdate())),getdate(),convert(char(8),convert (time,getdate())),'wsv','wsv')
20241004@184428.4445 5h5moptvfd62lg64l5m16k38d2 Query : select 1 valor from information_schema.tables where table_type='base table' and table_name='wstablefields'
20241004@184428.4477 5h5moptvfd62lg64l5m16k38d2 Query : select fieldkey,fieldname,fieldtype,calcformula from wstablefields where tablename = 'fi' and documentnumber = 39
20241004@184428.4511 5h5moptvfd62lg64l5m16k38d2 Query : insert into wsfidata (fistamp,ousrdata, ousrhora, usrdata,usrhora,ousrinis,usrinis ,qtt ,ftstamp ,epv,pvmoeda ,tabiva,iva,lordem ,ref, design ,lote,armazem) values ('aut67002311136700297c6b',getdate(),convert(char(8),convert (time,getdate())),getdate(),convert(char(8),convert (time,getdate())),'wsv','wsv',32.000 ,'aut67002083446700297965' ,0,0 ,2,23.00,470000,?,?,?,?)
20241004@184428.4757 5h5moptvfd62lg64l5m16k38d2 Query : use flama_phc
20241004@184428.4774 5h5moptvfd62lg64l5m16k38d2 Query : select st.usalote valor from st where st.ref = '324.2223.00.1'
20241004@184428.4797 5h5moptvfd62lg64l5m16k38d2 Query : select top 1 st.tabiva ,st.ivaincl ,st.stns ,st.uni2 ,st.familia ,isnull(tx.taxa, 0) txiva ,unidade ,usalote ,epcpond ,noserie ,conversao ,st.texteis from st left join taxasiva tx on st.tabiva = tx.codigo where st.ref = '324.2223.00.1'
20241004@184428.4939 5h5moptvfd62lg64l5m16k38d2 Query : select 1 valor from information_schema.tables where table_type='base table' and table_name='wstablefields'
20241004@184428.4979 5h5moptvfd62lg64l5m16k38d2 Query : select fieldkey,fieldname,fieldtype,mandatory from wstablefields where tablename = 'fi' and documentnumber = 39
20241004@184428.5067 5h5moptvfd62lg64l5m16k38d2 Query : select 1 valor from information_schema.tables where table_type='base table' and table_name='wstablefields'
20241004@184428.5084 5h5moptvfd62lg64l5m16k38d2 Query : select fieldkey,fieldname,fieldtype,mandatory from wstablefields where tablename = 'fi2' and documentnumber = 39
20241004@184428.5203 5h5moptvfd62lg64l5m16k38d2 Query : select top 1 convert(numeric(6,2),t.taxa) valor from taxasiva t where t.codigo='2'
20241004@184428.5481 5h5moptvfd62lg64l5m16k38d2 Query : select sestamp valor from se where ref ='324.2223.00.1' and lote = 'r2301281500a'
20241004@184428.5503 5h5moptvfd62lg64l5m16k38d2 Query : select 1 valor from information_schema.tables where table_type='base table' and table_name='wstablefields'
20241004@184428.5724 5h5moptvfd62lg64l5m16k38d2 Query : select fieldkey,fieldname,fieldtype,calcformula from wstablefields where tablename = 'fi2' and documentnumber = 39
20241004@184428.5871 5h5moptvfd62lg64l5m16k38d2 Query : insert into wsfi2data (fi2stamp,ftstamp ,ousrdata, ousrhora, usrdata,usrhora,ousrinis,usrinis) values ('aut67002294926700297c86','aut67002083446700297965' ,getdate(),convert(char(8),convert (time,getdate())),getdate(),convert(char(8),convert (time,getdate())),'wsv','wsv')
20241004@184428.5876 5h5moptvfd62lg64l5m16k38d2 Query : select 1 valor from information_schema.tables where table_type='base table' and table_name='wstablefields'
20241004@184428.6208 5h5moptvfd62lg64l5m16k38d2 Query : select fieldkey,fieldname,fieldtype,calcformula from wstablefields where tablename = 'fi' and documentnumber = 39
20241004@184428.6315 5h5moptvfd62lg64l5m16k38d2 Query : insert into wsfidata (fistamp,ousrdata, ousrhora, usrdata,usrhora,ousrinis,usrinis ,qtt ,ftstamp ,epv,pvmoeda ,tabiva,iva,lordem ,ref, design ,lote,armazem) values ('aut67002294926700297c86',getdate(),convert(char(8),convert (time,getdate())),getdate(),convert(char(8),convert (time,getdate())),'wsv','wsv',28.000 ,'aut67002083446700297965' ,0,0 ,2,23.00,480000,?,?,?,?)
20241004@184428.6648 5h5moptvfd62lg64l5m16k38d2 Query : use flama_phc
20241004@184428.6652 5h5moptvfd62lg64l5m16k38d2 Query : select st.usalote valor from st where st.ref = '324.2222.00.1'
20241004@184428.6734 5h5moptvfd62lg64l5m16k38d2 Query : select top 1 st.tabiva ,st.ivaincl ,st.stns ,st.uni2 ,st.familia ,isnull(tx.taxa, 0) txiva ,unidade ,usalote ,epcpond ,noserie ,conversao ,st.texteis from st left join taxasiva tx on st.tabiva = tx.codigo where st.ref = '324.2222.00.1'
20241004@184428.6897 5h5moptvfd62lg64l5m16k38d2 Query : select 1 valor from information_schema.tables where table_type='base table' and table_name='wstablefields'
20241004@184428.6916 5h5moptvfd62lg64l5m16k38d2 Query : select fieldkey,fieldname,fieldtype,mandatory from wstablefields where tablename = 'fi' and documentnumber = 39
20241004@184428.6947 5h5moptvfd62lg64l5m16k38d2 Query : select 1 valor from information_schema.tables where table_type='base table' and table_name='wstablefields'
20241004@184428.6965 5h5moptvfd62lg64l5m16k38d2 Query : select fieldkey,fieldname,fieldtype,mandatory from wstablefields where tablename = 'fi2' and documentnumber = 39
20241004@184428.6975 5h5moptvfd62lg64l5m16k38d2 Query : select top 1 convert(numeric(6,2),t.taxa) valor from taxasiva t where t.codigo='2'
20241004@184428.6988 5h5moptvfd62lg64l5m16k38d2 Query : select sestamp valor from se where ref ='324.2222.00.1' and lote = 'r2301280100a'
20241004@184428.7004 5h5moptvfd62lg64l5m16k38d2 Query : select 1 valor from information_schema.tables where table_type='base table' and table_name='wstablefields'
20241004@184428.7021 5h5moptvfd62lg64l5m16k38d2 Query : select fieldkey,fieldname,fieldtype,calcformula from wstablefields where tablename = 'fi2' and documentnumber = 39
20241004@184428.7035 5h5moptvfd62lg64l5m16k38d2 Query : insert into wsfi2data (fi2stamp,ftstamp ,ousrdata, ousrhora, usrdata,usrhora,ousrinis,usrinis) values ('aut67002592066700297cab','aut67002083446700297965' ,getdate(),convert(char(8),convert (time,getdate())),getdate(),convert(char(8),convert (time,getdate())),'wsv','wsv')
20241004@184428.7039 5h5moptvfd62lg64l5m16k38d2 Query : select 1 valor from information_schema.tables where table_type='base table' and table_name='wstablefields'
20241004@184428.7056 5h5moptvfd62lg64l5m16k38d2 Query : select fieldkey,fieldname,fieldtype,calcformula from wstablefields where tablename = 'fi' and documentnumber = 39
20241004@184428.7093 5h5moptvfd62lg64l5m16k38d2 Query : insert into wsfidata (fistamp,ousrdata, ousrhora, usrdata,usrhora,ousrinis,usrinis ,qtt ,ftstamp ,epv,pvmoeda ,tabiva,iva,lordem ,ref, design ,lote,armazem) values ('aut67002592066700297cab',getdate(),convert(char(8),convert (time,getdate())),getdate(),convert(char(8),convert (time,getdate())),'wsv','wsv',20.000 ,'aut67002083446700297965' ,0,0 ,2,23.00,490000,?,?,?,?)
20241004@184428.7453 5h5moptvfd62lg64l5m16k38d2 Query : use flama_phc
20241004@184428.7505 5h5moptvfd62lg64l5m16k38d2 Query : select st.usalote valor from st where st.ref = '324.2224.00.1'
20241004@184428.7534 5h5moptvfd62lg64l5m16k38d2 Query : select top 1 st.tabiva ,st.ivaincl ,st.stns ,st.uni2 ,st.familia ,isnull(tx.taxa, 0) txiva ,unidade ,usalote ,epcpond ,noserie ,conversao ,st.texteis from st left join taxasiva tx on st.tabiva = tx.codigo where st.ref = '324.2224.00.1'
20241004@184428.7690 5h5moptvfd62lg64l5m16k38d2 Query : select 1 valor from information_schema.tables where table_type='base table' and table_name='wstablefields'
20241004@184428.7706 5h5moptvfd62lg64l5m16k38d2 Query : select fieldkey,fieldname,fieldtype,mandatory from wstablefields where tablename = 'fi' and documentnumber = 39
20241004@184428.7730 5h5moptvfd62lg64l5m16k38d2 Query : select 1 valor from information_schema.tables where table_type='base table' and table_name='wstablefields'
20241004@184428.7744 5h5moptvfd62lg64l5m16k38d2 Query : select fieldkey,fieldname,fieldtype,mandatory from wstablefields where tablename = 'fi2' and documentnumber = 39
20241004@184428.7753 5h5moptvfd62lg64l5m16k38d2 Query : select top 1 convert(numeric(6,2),t.taxa) valor from taxasiva t where t.codigo='2'
20241004@184428.7776 5h5moptvfd62lg64l5m16k38d2 Query : select sestamp valor from se where ref ='324.2224.00.1' and lote = 'r2301280100a'
20241004@184428.7789 5h5moptvfd62lg64l5m16k38d2 Query : select 1 valor from information_schema.tables where table_type='base table' and table_name='wstablefields'
20241004@184428.7804 5h5moptvfd62lg64l5m16k38d2 Query : select fieldkey,fieldname,fieldtype,calcformula from wstablefields where tablename = 'fi2' and documentnumber = 39
20241004@184428.7822 5h5moptvfd62lg64l5m16k38d2 Query : insert into wsfi2data (fi2stamp,ftstamp ,ousrdata, ousrhora, usrdata,usrhora,ousrinis,usrinis) values ('aut67002456926700297cbe','aut67002083446700297965' ,getdate(),convert(char(8),convert (time,getdate())),getdate(),convert(char(8),convert (time,getdate())),'wsv','wsv')
20241004@184428.7826 5h5moptvfd62lg64l5m16k38d2 Query : select 1 valor from information_schema.tables where table_type='base table' and table_name='wstablefields'
20241004@184428.7840 5h5moptvfd62lg64l5m16k38d2 Query : select fieldkey,fieldname,fieldtype,calcformula from wstablefields where tablename = 'fi' and documentnumber = 39
20241004@184428.7878 5h5moptvfd62lg64l5m16k38d2 Query : insert into wsfidata (fistamp,ousrdata, ousrhora, usrdata,usrhora,ousrinis,usrinis ,qtt ,ftstamp ,epv,pvmoeda ,tabiva,iva,lordem ,ref, design ,lote,armazem) values ('aut67002456926700297cbe',getdate(),convert(char(8),convert (time,getdate())),getdate(),convert(char(8),convert (time,getdate())),'wsv','wsv',32.000 ,'aut67002083446700297965' ,0,0 ,2,23.00,500000,?,?,?,?)
20241004@184428.8131 5h5moptvfd62lg64l5m16k38d2 Query : use flama_phc
20241004@184428.8135 5h5moptvfd62lg64l5m16k38d2 Query : select st.usalote valor from st where st.ref = '324.1426.00.1'
20241004@184428.8175 5h5moptvfd62lg64l5m16k38d2 Query : select top 1 st.tabiva ,st.ivaincl ,st.stns ,st.uni2 ,st.familia ,isnull(tx.taxa, 0) txiva ,unidade ,usalote ,epcpond ,noserie ,conversao ,st.texteis from st left join taxasiva tx on st.tabiva = tx.codigo where st.ref = '324.1426.00.1'
20241004@184428.8319 5h5moptvfd62lg64l5m16k38d2 Query : select 1 valor from information_schema.tables where table_type='base table' and table_name='wstablefields'
20241004@184428.8335 5h5moptvfd62lg64l5m16k38d2 Query : select fieldkey,fieldname,fieldtype,mandatory from wstablefields where tablename = 'fi' and documentnumber = 39
20241004@184428.8367 5h5moptvfd62lg64l5m16k38d2 Query : select 1 valor from information_schema.tables where table_type='base table' and table_name='wstablefields'
20241004@184428.8384 5h5moptvfd62lg64l5m16k38d2 Query : select fieldkey,fieldname,fieldtype,mandatory from wstablefields where tablename = 'fi2' and documentnumber = 39
20241004@184428.8393 5h5moptvfd62lg64l5m16k38d2 Query : select top 1 convert(numeric(6,2),t.taxa) valor from taxasiva t where t.codigo='2'
20241004@184428.8405 5h5moptvfd62lg64l5m16k38d2 Query : select sestamp valor from se where ref ='324.1426.00.1' and lote = 'r2100465200a'
20241004@184428.8440 5h5moptvfd62lg64l5m16k38d2 Query : select 1 valor from information_schema.tables where table_type='base table' and table_name='wstablefields'
20241004@184428.8473 5h5moptvfd62lg64l5m16k38d2 Query : select fieldkey,fieldname,fieldtype,calcformula from wstablefields where tablename = 'fi2' and documentnumber = 39
20241004@184428.8485 5h5moptvfd62lg64l5m16k38d2 Query : insert into wsfi2data (fi2stamp,ftstamp ,ousrdata, ousrhora, usrdata,usrhora,ousrinis,usrinis) values ('aut67002568906700297cce','aut67002083446700297965' ,getdate(),convert(char(8),convert (time,getdate())),getdate(),convert(char(8),convert (time,getdate())),'wsv','wsv')
20241004@184428.8489 5h5moptvfd62lg64l5m16k38d2 Query : select 1 valor from information_schema.tables where table_type='base table' and table_name='wstablefields'
20241004@184428.8509 5h5moptvfd62lg64l5m16k38d2 Query : select fieldkey,fieldname,fieldtype,calcformula from wstablefields where tablename = 'fi' and documentnumber = 39
20241004@184428.8548 5h5moptvfd62lg64l5m16k38d2 Query : insert into wsfidata (fistamp,ousrdata, ousrhora, usrdata,usrhora,ousrinis,usrinis ,qtt ,ftstamp ,epv,pvmoeda ,tabiva,iva,lordem ,ref, design ,lote,armazem) values ('aut67002568906700297cce',getdate(),convert(char(8),convert (time,getdate())),getdate(),convert(char(8),convert (time,getdate())),'wsv','wsv',20.000 ,'aut67002083446700297965' ,0,0 ,2,23.00,510000,?,?,?,?)
20241004@184428.8803 5h5moptvfd62lg64l5m16k38d2 Query : select 1 valor from information_schema.tables where table_type='base table' and table_name='wstablefields'
20241004@184428.8819 5h5moptvfd62lg64l5m16k38d2 Query : select fieldkey,fieldname,fieldtype,mandatory from wstablefields where tablename = 'fi' and documentnumber = 39
20241004@184428.8844 5h5moptvfd62lg64l5m16k38d2 Query : select 1 valor from information_schema.tables where table_type='base table' and table_name='wstablefields'
20241004@184428.8881 5h5moptvfd62lg64l5m16k38d2 Query : select fieldkey,fieldname,fieldtype,mandatory from wstablefields where tablename = 'fi2' and documentnumber = 39
20241004@184428.8891 5h5moptvfd62lg64l5m16k38d2 Query : select top 1 convert(numeric(6,2),t.taxa) valor from taxasiva t where t.codigo='2'
20241004@184428.8908 5h5moptvfd62lg64l5m16k38d2 Query : select 1 valor from information_schema.tables where table_type='base table' and table_name='wstablefields'
20241004@184428.8922 5h5moptvfd62lg64l5m16k38d2 Query : select fieldkey,fieldname,fieldtype,calcformula from wstablefields where tablename = 'fi2' and documentnumber = 39
20241004@184428.8934 5h5moptvfd62lg64l5m16k38d2 Query : insert into wsfi2data (fi2stamp,ftstamp ,ousrdata, ousrhora, usrdata,usrhora,ousrinis,usrinis) values ('aut67002794626700297cd9','aut67002083446700297965' ,getdate(),convert(char(8),convert (time,getdate())),getdate(),convert(char(8),convert (time,getdate())),'wsv','wsv')
20241004@184428.8938 5h5moptvfd62lg64l5m16k38d2 Query : select 1 valor from information_schema.tables where table_type='base table' and table_name='wstablefields'
20241004@184428.8952 5h5moptvfd62lg64l5m16k38d2 Query : select fieldkey,fieldname,fieldtype,calcformula from wstablefields where tablename = 'fi' and documentnumber = 39
20241004@184428.9008 5h5moptvfd62lg64l5m16k38d2 Query : insert into wsfidata (fistamp,ousrdata, ousrhora, usrdata,usrhora,ousrinis,usrinis ,qtt ,ftstamp ,epv,pvmoeda ,tabiva,iva,lordem ,ref, design ,armazem) values ('aut67002794626700297cd9',getdate(),convert(char(8),convert (time,getdate())),getdate(),convert(char(8),convert (time,getdate())),'wsv','wsv',0 ,'aut67002083446700297965' ,0,0 ,2,23.00,520000,?,?,?)
20241004@184428.9281 5h5moptvfd62lg64l5m16k38d2 Query : use flama_phc
20241004@184428.9285 5h5moptvfd62lg64l5m16k38d2 Query : select st.usalote valor from st where st.ref = '324.1426.00.1'
20241004@184428.9310 5h5moptvfd62lg64l5m16k38d2 Query : select top 1 st.tabiva ,st.ivaincl ,st.stns ,st.uni2 ,st.familia ,isnull(tx.taxa, 0) txiva ,unidade ,usalote ,epcpond ,noserie ,conversao ,st.texteis from st left join taxasiva tx on st.tabiva = tx.codigo where st.ref = '324.1426.00.1'
20241004@184428.9323 5h5moptvfd62lg64l5m16k38d2 Query : select 1 valor from information_schema.tables where table_type='base table' and table_name='wstablefields'
20241004@184428.9338 5h5moptvfd62lg64l5m16k38d2 Query : select fieldkey,fieldname,fieldtype,mandatory from wstablefields where tablename = 'fi' and documentnumber = 39
20241004@184428.9365 5h5moptvfd62lg64l5m16k38d2 Query : select 1 valor from information_schema.tables where table_type='base table' and table_name='wstablefields'
20241004@184428.9379 5h5moptvfd62lg64l5m16k38d2 Query : select fieldkey,fieldname,fieldtype,mandatory from wstablefields where tablename = 'fi2' and documentnumber = 39
20241004@184428.9399 5h5moptvfd62lg64l5m16k38d2 Query : select top 1 convert(numeric(6,2),t.taxa) valor from taxasiva t where t.codigo='2'
20241004@184428.9411 5h5moptvfd62lg64l5m16k38d2 Query : select sestamp valor from se where ref ='324.1426.00.1' and lote = 'r2100465200a'
20241004@184428.9423 5h5moptvfd62lg64l5m16k38d2 Query : select 1 valor from information_schema.tables where table_type='base table' and table_name='wstablefields'
20241004@184428.9443 5h5moptvfd62lg64l5m16k38d2 Query : select fieldkey,fieldname,fieldtype,calcformula from wstablefields where tablename = 'fi2' and documentnumber = 39
20241004@184428.9454 5h5moptvfd62lg64l5m16k38d2 Query : insert into wsfi2data (fi2stamp,ftstamp ,ousrdata, ousrhora, usrdata,usrhora,ousrinis,usrinis) values ('aut67002382776700297ce6','aut67002083446700297965' ,getdate(),convert(char(8),convert (time,getdate())),getdate(),convert(char(8),convert (time,getdate())),'wsv','wsv')
20241004@184428.9459 5h5moptvfd62lg64l5m16k38d2 Query : select 1 valor from information_schema.tables where table_type='base table' and table_name='wstablefields'
20241004@184428.9475 5h5moptvfd62lg64l5m16k38d2 Query : select fieldkey,fieldname,fieldtype,calcformula from wstablefields where tablename = 'fi' and documentnumber = 39
20241004@184428.9503 5h5moptvfd62lg64l5m16k38d2 Query : insert into wsfidata (fistamp,ousrdata, ousrhora, usrdata,usrhora,ousrinis,usrinis ,qtt ,ftstamp ,epv,pvmoeda ,tabiva,iva,lordem ,ref, design ,lote,armazem) values ('aut67002382776700297ce6',getdate(),convert(char(8),convert (time,getdate())),getdate(),convert(char(8),convert (time,getdate())),'wsv','wsv',12.000 ,'aut67002083446700297965' ,0,0 ,2,23.00,540000,?,?,?,?)
20241004@184428.9762 5h5moptvfd62lg64l5m16k38d2 Query : select 1 valor from information_schema.tables where table_type='base table' and table_name='wstablefields'
20241004@184428.9777 5h5moptvfd62lg64l5m16k38d2 Query : select fieldkey,fieldname,fieldtype,mandatory from wstablefields where tablename = 'fi' and documentnumber = 39
20241004@184428.9808 5h5moptvfd62lg64l5m16k38d2 Query : select 1 valor from information_schema.tables where table_type='base table' and table_name='wstablefields'
20241004@184428.9822 5h5moptvfd62lg64l5m16k38d2 Query : select fieldkey,fieldname,fieldtype,mandatory from wstablefields where tablename = 'fi2' and documentnumber = 39
20241004@184428.9833 5h5moptvfd62lg64l5m16k38d2 Query : select top 1 convert(numeric(6,2),t.taxa) valor from taxasiva t where t.codigo='2'
20241004@184428.9846 5h5moptvfd62lg64l5m16k38d2 Query : select 1 valor from information_schema.tables where table_type='base table' and table_name='wstablefields'
20241004@184428.9862 5h5moptvfd62lg64l5m16k38d2 Query : select fieldkey,fieldname,fieldtype,calcformula from wstablefields where tablename = 'fi2' and documentnumber = 39
20241004@184428.9874 5h5moptvfd62lg64l5m16k38d2 Query : insert into wsfi2data (fi2stamp,ftstamp ,ousrdata, ousrhora, usrdata,usrhora,ousrinis,usrinis) values ('aut67002541356700297cf0','aut67002083446700297965' ,getdate(),convert(char(8),convert (time,getdate())),getdate(),convert(char(8),convert (time,getdate())),'wsv','wsv')
20241004@184428.9878 5h5moptvfd62lg64l5m16k38d2 Query : select 1 valor from information_schema.tables where table_type='base table' and table_name='wstablefields'
20241004@184428.9892 5h5moptvfd62lg64l5m16k38d2 Query : select fieldkey,fieldname,fieldtype,calcformula from wstablefields where tablename = 'fi' and documentnumber = 39
20241004@184428.9942 5h5moptvfd62lg64l5m16k38d2 Query : insert into wsfidata (fistamp,ousrdata, ousrhora, usrdata,usrhora,ousrinis,usrinis ,qtt ,ftstamp ,epv,pvmoeda ,tabiva,iva,lordem ,ref, design ,armazem) values ('aut67002541356700297cf0',getdate(),convert(char(8),convert (time,getdate())),getdate(),convert(char(8),convert (time,getdate())),'wsv','wsv',0 ,'aut67002083446700297965' ,0,0 ,2,23.00,550000,?,?,?)
20241004@184429.1880 5h5moptvfd62lg64l5m16k38d2 Query : use flama_phc
20241004@184429.1910 5h5moptvfd62lg64l5m16k38d2 Query : select st.usalote valor from st where st.ref = '324.4980.00.1'
20241004@184429.2110 5h5moptvfd62lg64l5m16k38d2 Query : select top 1 st.tabiva ,st.ivaincl ,st.stns ,st.uni2 ,st.familia ,isnull(tx.taxa, 0) txiva ,unidade ,usalote ,epcpond ,noserie ,conversao ,st.texteis from st left join taxasiva tx on st.tabiva = tx.codigo where st.ref = '324.4980.00.1'
20241004@184429.3580 5h5moptvfd62lg64l5m16k38d2 Query : select 1 valor from information_schema.tables where table_type='base table' and table_name='wstablefields'
20241004@184429.3740 5h5moptvfd62lg64l5m16k38d2 Query : select fieldkey,fieldname,fieldtype,mandatory from wstablefields where tablename = 'fi' and documentnumber = 39
20241004@184429.4000 5h5moptvfd62lg64l5m16k38d2 Query : select 1 valor from information_schema.tables where table_type='base table' and table_name='wstablefields'
20241004@184429.4260 5h5moptvfd62lg64l5m16k38d2 Query : select fieldkey,fieldname,fieldtype,mandatory from wstablefields where tablename = 'fi2' and documentnumber = 39
20241004@184429.4350 5h5moptvfd62lg64l5m16k38d2 Query : select top 1 convert(numeric(6,2),t.taxa) valor from taxasiva t where t.codigo='2'
20241004@184429.4530 5h5moptvfd62lg64l5m16k38d2 Query : select sestamp valor from se where ref ='324.4980.00.1' and lote = 'r2301092100a'
20241004@184429.4800 5h5moptvfd62lg64l5m16k38d2 Query : select 1 valor from information_schema.tables where table_type='base table' and table_name='wstablefields'
20241004@184429.4970 5h5moptvfd62lg64l5m16k38d2 Query : select fieldkey,fieldname,fieldtype,calcformula from wstablefields where tablename = 'fi2' and documentnumber = 39
20241004@184429.5100 5h5moptvfd62lg64l5m16k38d2 Query : insert into wsfi2data (fi2stamp,ftstamp ,ousrdata, ousrhora, usrdata,usrhora,ousrinis,usrinis) values ('aut67002774246700297d0b','aut67002083446700297965' ,getdate(),convert(char(8),convert (time,getdate())),getdate(),convert(char(8),convert (time,getdate())),'wsv','wsv')
20241004@184429.5150 5h5moptvfd62lg64l5m16k38d2 Query : select 1 valor from information_schema.tables where table_type='base table' and table_name='wstablefields'
20241004@184429.5470 5h5moptvfd62lg64l5m16k38d2 Query : select fieldkey,fieldname,fieldtype,calcformula from wstablefields where tablename = 'fi' and documentnumber = 39
20241004@184429.5830 5h5moptvfd62lg64l5m16k38d2 Query : insert into wsfidata (fistamp,ousrdata, ousrhora, usrdata,usrhora,ousrinis,usrinis ,qtt ,ftstamp ,epv,pvmoeda ,tabiva,iva,lordem ,ref, design ,lote,armazem) values ('aut67002774246700297d0b',getdate(),convert(char(8),convert (time,getdate())),getdate(),convert(char(8),convert (time,getdate())),'wsv','wsv',40.000 ,'aut67002083446700297965' ,0,0 ,2,23.00,570000,?,?,?,?)
20241004@184429.8510 5h5moptvfd62lg64l5m16k38d2 Query : use flama_phc
20241004@184429.8550 5h5moptvfd62lg64l5m16k38d2 Query : select st.usalote valor from st where st.ref = '324.4980.00.1'
20241004@184429.8910 5h5moptvfd62lg64l5m16k38d2 Query : select top 1 st.tabiva ,st.ivaincl ,st.stns ,st.uni2 ,st.familia ,isnull(tx.taxa, 0) txiva ,unidade ,usalote ,epcpond ,noserie ,conversao ,st.texteis from st left join taxasiva tx on st.tabiva = tx.codigo where st.ref = '324.4980.00.1'
20241004@184429.9080 5h5moptvfd62lg64l5m16k38d2 Query : select 1 valor from information_schema.tables where table_type='base table' and table_name='wstablefields'
20241004@184429.9270 5h5moptvfd62lg64l5m16k38d2 Query : select fieldkey,fieldname,fieldtype,mandatory from wstablefields where tablename = 'fi' and documentnumber = 39
20241004@184429.9620 5h5moptvfd62lg64l5m16k38d2 Query : select 1 valor from information_schema.tables where table_type='base table' and table_name='wstablefields'
20241004@184429.9780 5h5moptvfd62lg64l5m16k38d2 Query : select fieldkey,fieldname,fieldtype,mandatory from wstablefields where tablename = 'fi2' and documentnumber = 39
20241004@184429.9900 5h5moptvfd62lg64l5m16k38d2 Query : select top 1 convert(numeric(6,2),t.taxa) valor from taxasiva t where t.codigo='2'
20241004@184429.1005 5h5moptvfd62lg64l5m16k38d2 Query : select sestamp valor from se where ref ='324.4980.00.1' and lote = 'r2301092100a'
20241004@184429.1020 5h5moptvfd62lg64l5m16k38d2 Query : select 1 valor from information_schema.tables where table_type='base table' and table_name='wstablefields'
20241004@184429.1037 5h5moptvfd62lg64l5m16k38d2 Query : select fieldkey,fieldname,fieldtype,calcformula from wstablefields where tablename = 'fi2' and documentnumber = 39
20241004@184429.1051 5h5moptvfd62lg64l5m16k38d2 Query : insert into wsfi2data (fi2stamp,ftstamp ,ousrdata, ousrhora, usrdata,usrhora,ousrinis,usrinis) values ('aut67002505386700297d18','aut67002083446700297965' ,getdate(),convert(char(8),convert (time,getdate())),getdate(),convert(char(8),convert (time,getdate())),'wsv','wsv')
20241004@184429.1055 5h5moptvfd62lg64l5m16k38d2 Query : select 1 valor from information_schema.tables where table_type='base table' and table_name='wstablefields'
20241004@184429.1071 5h5moptvfd62lg64l5m16k38d2 Query : select fieldkey,fieldname,fieldtype,calcformula from wstablefields where tablename = 'fi' and documentnumber = 39
20241004@184429.1110 5h5moptvfd62lg64l5m16k38d2 Query : insert into wsfidata (fistamp,ousrdata, ousrhora, usrdata,usrhora,ousrinis,usrinis ,qtt ,ftstamp ,epv,pvmoeda ,tabiva,iva,lordem ,ref, design ,lote,armazem) values ('aut67002505386700297d18',getdate(),convert(char(8),convert (time,getdate())),getdate(),convert(char(8),convert (time,getdate())),'wsv','wsv',80.000 ,'aut67002083446700297965' ,0,0 ,2,23.00,580000,?,?,?,?)
20241004@184429.1420 5h5moptvfd62lg64l5m16k38d2 Query : use flama_phc
20241004@184429.1444 5h5moptvfd62lg64l5m16k38d2 Query : select st.usalote valor from st where st.ref = '324.4980.00.1'
20241004@184429.1468 5h5moptvfd62lg64l5m16k38d2 Query : select top 1 st.tabiva ,st.ivaincl ,st.stns ,st.uni2 ,st.familia ,isnull(tx.taxa, 0) txiva ,unidade ,usalote ,epcpond ,noserie ,conversao ,st.texteis from st left join taxasiva tx on st.tabiva = tx.codigo where st.ref = '324.4980.00.1'
20241004@184429.1482 5h5moptvfd62lg64l5m16k38d2 Query : select 1 valor from information_schema.tables where table_type='base table' and table_name='wstablefields'
20241004@184429.1498 5h5moptvfd62lg64l5m16k38d2 Query : select fieldkey,fieldname,fieldtype,mandatory from wstablefields where tablename = 'fi' and documentnumber = 39
20241004@184429.1540 5h5moptvfd62lg64l5m16k38d2 Query : select 1 valor from information_schema.tables where table_type='base table' and table_name='wstablefields'
20241004@184429.1555 5h5moptvfd62lg64l5m16k38d2 Query : select fieldkey,fieldname,fieldtype,mandatory from wstablefields where tablename = 'fi2' and documentnumber = 39
20241004@184429.1564 5h5moptvfd62lg64l5m16k38d2 Query : select top 1 convert(numeric(6,2),t.taxa) valor from taxasiva t where t.codigo='2'
20241004@184429.1599 5h5moptvfd62lg64l5m16k38d2 Query : select sestamp valor from se where ref ='324.4980.00.1' and lote = 'r2301092100a'
20241004@184429.1655 5h5moptvfd62lg64l5m16k38d2 Query : select 1 valor from information_schema.tables where table_type='base table' and table_name='wstablefields'
20241004@184429.1727 5h5moptvfd62lg64l5m16k38d2 Query : select fieldkey,fieldname,fieldtype,calcformula from wstablefields where tablename = 'fi2' and documentnumber = 39
20241004@184429.1996 5h5moptvfd62lg64l5m16k38d2 Query : insert into wsfi2data (fi2stamp,ftstamp ,ousrdata, ousrhora, usrdata,usrhora,ousrinis,usrinis) values ('aut67002191886700297d28','aut67002083446700297965' ,getdate(),convert(char(8),convert (time,getdate())),getdate(),convert(char(8),convert (time,getdate())),'wsv','wsv')
20241004@184429.2006 5h5moptvfd62lg64l5m16k38d2 Query : select 1 valor from information_schema.tables where table_type='base table' and table_name='wstablefields'
20241004@184429.2081 5h5moptvfd62lg64l5m16k38d2 Query : select fieldkey,fieldname,fieldtype,calcformula from wstablefields where tablename = 'fi' and documentnumber = 39
20241004@184429.2118 5h5moptvfd62lg64l5m16k38d2 Query : insert into wsfidata (fistamp,ousrdata, ousrhora, usrdata,usrhora,ousrinis,usrinis ,qtt ,ftstamp ,epv,pvmoeda ,tabiva,iva,lordem ,ref, design ,lote,armazem) values ('aut67002191886700297d28',getdate(),convert(char(8),convert (time,getdate())),getdate(),convert(char(8),convert (time,getdate())),'wsv','wsv',80.000 ,'aut67002083446700297965' ,0,0 ,2,23.00,590000,?,?,?,?)
20241004@184429.2541 5h5moptvfd62lg64l5m16k38d2 Query : use flama_phc
20241004@184429.2545 5h5moptvfd62lg64l5m16k38d2 Query : select st.usalote valor from st where st.ref = '324.4585.00.1'
20241004@184429.2666 5h5moptvfd62lg64l5m16k38d2 Query : select top 1 st.tabiva ,st.ivaincl ,st.stns ,st.uni2 ,st.familia ,isnull(tx.taxa, 0) txiva ,unidade ,usalote ,epcpond ,noserie ,conversao ,st.texteis from st left join taxasiva tx on st.tabiva = tx.codigo where st.ref = '324.4585.00.1'
20241004@184429.2905 5h5moptvfd62lg64l5m16k38d2 Query : select 1 valor from information_schema.tables where table_type='base table' and table_name='wstablefields'
20241004@184429.2921 5h5moptvfd62lg64l5m16k38d2 Query : select fieldkey,fieldname,fieldtype,mandatory from wstablefields where tablename = 'fi' and documentnumber = 39
20241004@184429.2952 5h5moptvfd62lg64l5m16k38d2 Query : select 1 valor from information_schema.tables where table_type='base table' and table_name='wstablefields'
20241004@184429.2985 5h5moptvfd62lg64l5m16k38d2 Query : select fieldkey,fieldname,fieldtype,mandatory from wstablefields where tablename = 'fi2' and documentnumber = 39
20241004@184429.3018 5h5moptvfd62lg64l5m16k38d2 Query : select top 1 convert(numeric(6,2),t.taxa) valor from taxasiva t where t.codigo='2'
20241004@184429.3073 5h5moptvfd62lg64l5m16k38d2 Query : select sestamp valor from se where ref ='324.4585.00.1' and lote = 'r2300381200a'
20241004@184429.3210 5h5moptvfd62lg64l5m16k38d2 Query : select 1 valor from information_schema.tables where table_type='base table' and table_name='wstablefields'
20241004@184429.3225 5h5moptvfd62lg64l5m16k38d2 Query : select fieldkey,fieldname,fieldtype,calcformula from wstablefields where tablename = 'fi2' and documentnumber = 39
20241004@184429.3237 5h5moptvfd62lg64l5m16k38d2 Query : insert into wsfi2data (fi2stamp,ftstamp ,ousrdata, ousrhora, usrdata,usrhora,ousrinis,usrinis) values ('aut67002226906700297d4e','aut67002083446700297965' ,getdate(),convert(char(8),convert (time,getdate())),getdate(),convert(char(8),convert (time,getdate())),'wsv','wsv')
20241004@184429.3241 5h5moptvfd62lg64l5m16k38d2 Query : select 1 valor from information_schema.tables where table_type='base table' and table_name='wstablefields'
20241004@184429.3256 5h5moptvfd62lg64l5m16k38d2 Query : select fieldkey,fieldname,fieldtype,calcformula from wstablefields where tablename = 'fi' and documentnumber = 39
20241004@184429.3290 5h5moptvfd62lg64l5m16k38d2 Query : insert into wsfidata (fistamp,ousrdata, ousrhora, usrdata,usrhora,ousrinis,usrinis ,qtt ,ftstamp ,epv,pvmoeda ,tabiva,iva,lordem ,ref, design ,lote,armazem) values ('aut67002226906700297d4e',getdate(),convert(char(8),convert (time,getdate())),getdate(),convert(char(8),convert (time,getdate())),'wsv','wsv',5.000 ,'aut67002083446700297965' ,0,0 ,2,23.00,600000,?,?,?,?)
20241004@184429.3597 5h5moptvfd62lg64l5m16k38d2 Query : use flama_phc
20241004@184429.3601 5h5moptvfd62lg64l5m16k38d2 Query : select st.usalote valor from st where st.ref = '324.2907.00.1'
20241004@184429.3622 5h5moptvfd62lg64l5m16k38d2 Query : select top 1 st.tabiva ,st.ivaincl ,st.stns ,st.uni2 ,st.familia ,isnull(tx.taxa, 0) txiva ,unidade ,usalote ,epcpond ,noserie ,conversao ,st.texteis from st left join taxasiva tx on st.tabiva = tx.codigo where st.ref = '324.2907.00.1'
20241004@184429.5338 5h5moptvfd62lg64l5m16k38d2 Query : select 1 valor from information_schema.tables where table_type='base table' and table_name='wstablefields'
20241004@184429.5356 5h5moptvfd62lg64l5m16k38d2 Query : select fieldkey,fieldname,fieldtype,mandatory from wstablefields where tablename = 'fi' and documentnumber = 39
20241004@184429.5382 5h5moptvfd62lg64l5m16k38d2 Query : select 1 valor from information_schema.tables where table_type='base table' and table_name='wstablefields'
20241004@184429.5397 5h5moptvfd62lg64l5m16k38d2 Query : select fieldkey,fieldname,fieldtype,mandatory from wstablefields where tablename = 'fi2' and documentnumber = 39
20241004@184429.5406 5h5moptvfd62lg64l5m16k38d2 Query : select top 1 convert(numeric(6,2),t.taxa) valor from taxasiva t where t.codigo='2'
20241004@184429.5419 5h5moptvfd62lg64l5m16k38d2 Query : select sestamp valor from se where ref ='324.2907.00.1' and lote = 'r2400091200a'
20241004@184429.5446 5h5moptvfd62lg64l5m16k38d2 Query : select 1 valor from information_schema.tables where table_type='base table' and table_name='wstablefields'
20241004@184429.5461 5h5moptvfd62lg64l5m16k38d2 Query : select fieldkey,fieldname,fieldtype,calcformula from wstablefields where tablename = 'fi2' and documentnumber = 39
20241004@184429.5472 5h5moptvfd62lg64l5m16k38d2 Query : insert into wsfi2data (fi2stamp,ftstamp ,ousrdata, ousrhora, usrdata,usrhora,ousrinis,usrinis) values ('aut67002135966700297d84','aut67002083446700297965' ,getdate(),convert(char(8),convert (time,getdate())),getdate(),convert(char(8),convert (time,getdate())),'wsv','wsv')
20241004@184429.5477 5h5moptvfd62lg64l5m16k38d2 Query : select 1 valor from information_schema.tables where table_type='base table' and table_name='wstablefields'
20241004@184429.5492 5h5moptvfd62lg64l5m16k38d2 Query : select fieldkey,fieldname,fieldtype,calcformula from wstablefields where tablename = 'fi' and documentnumber = 39
20241004@184429.5523 5h5moptvfd62lg64l5m16k38d2 Query : insert into wsfidata (fistamp,ousrdata, ousrhora, usrdata,usrhora,ousrinis,usrinis ,qtt ,ftstamp ,epv,pvmoeda ,tabiva,iva,lordem ,ref, design ,lote,armazem) values ('aut67002135966700297d84',getdate(),convert(char(8),convert (time,getdate())),getdate(),convert(char(8),convert (time,getdate())),'wsv','wsv',12.000 ,'aut67002083446700297965' ,0,0 ,2,23.00,610000,?,?,?,?)
20241004@184429.5826 5h5moptvfd62lg64l5m16k38d2 Query : use flama_phc
20241004@184429.5829 5h5moptvfd62lg64l5m16k38d2 Query : select st.usalote valor from st where st.ref = '324.2907.00.1'
20241004@184429.5850 5h5moptvfd62lg64l5m16k38d2 Query : select top 1 st.tabiva ,st.ivaincl ,st.stns ,st.uni2 ,st.familia ,isnull(tx.taxa, 0) txiva ,unidade ,usalote ,epcpond ,noserie ,conversao ,st.texteis from st left join taxasiva tx on st.tabiva = tx.codigo where st.ref = '324.2907.00.1'
20241004@184429.5865 5h5moptvfd62lg64l5m16k38d2 Query : select 1 valor from information_schema.tables where table_type='base table' and table_name='wstablefields'
20241004@184429.5882 5h5moptvfd62lg64l5m16k38d2 Query : select fieldkey,fieldname,fieldtype,mandatory from wstablefields where tablename = 'fi' and documentnumber = 39
20241004@184429.5907 5h5moptvfd62lg64l5m16k38d2 Query : select 1 valor from information_schema.tables where table_type='base table' and table_name='wstablefields'
20241004@184429.5920 5h5moptvfd62lg64l5m16k38d2 Query : select fieldkey,fieldname,fieldtype,mandatory from wstablefields where tablename = 'fi2' and documentnumber = 39
20241004@184429.5929 5h5moptvfd62lg64l5m16k38d2 Query : select top 1 convert(numeric(6,2),t.taxa) valor from taxasiva t where t.codigo='2'
20241004@184429.5942 5h5moptvfd62lg64l5m16k38d2 Query : select sestamp valor from se where ref ='324.2907.00.1' and lote = 'r2400091200a'
20241004@184429.5954 5h5moptvfd62lg64l5m16k38d2 Query : select 1 valor from information_schema.tables where table_type='base table' and table_name='wstablefields'
20241004@184429.5968 5h5moptvfd62lg64l5m16k38d2 Query : select fieldkey,fieldname,fieldtype,calcformula from wstablefields where tablename = 'fi2' and documentnumber = 39
20241004@184429.5979 5h5moptvfd62lg64l5m16k38d2 Query : insert into wsfi2data (fi2stamp,ftstamp ,ousrdata, ousrhora, usrdata,usrhora,ousrinis,usrinis) values ('aut67002702616700297d91','aut67002083446700297965' ,getdate(),convert(char(8),convert (time,getdate())),getdate(),convert(char(8),convert (time,getdate())),'wsv','wsv')
20241004@184429.5983 5h5moptvfd62lg64l5m16k38d2 Query : select 1 valor from information_schema.tables where table_type='base table' and table_name='wstablefields'
20241004@184429.5997 5h5moptvfd62lg64l5m16k38d2 Query : select fieldkey,fieldname,fieldtype,calcformula from wstablefields where tablename = 'fi' and documentnumber = 39
20241004@184429.6025 5h5moptvfd62lg64l5m16k38d2 Query : insert into wsfidata (fistamp,ousrdata, ousrhora, usrdata,usrhora,ousrinis,usrinis ,qtt ,ftstamp ,epv,pvmoeda ,tabiva,iva,lordem ,ref, design ,lote,armazem) values ('aut67002702616700297d91',getdate(),convert(char(8),convert (time,getdate())),getdate(),convert(char(8),convert (time,getdate())),'wsv','wsv',28.000 ,'aut67002083446700297965' ,0,0 ,2,23.00,620000,?,?,?,?)
20241004@184429.6283 5h5moptvfd62lg64l5m16k38d2 Query : use flama_phc
20241004@184429.6287 5h5moptvfd62lg64l5m16k38d2 Query : select st.usalote valor from st where st.ref = '324.1417.00.1'
20241004@184429.6315 5h5moptvfd62lg64l5m16k38d2 Query : select top 1 st.tabiva ,st.ivaincl ,st.stns ,st.uni2 ,st.familia ,isnull(tx.taxa, 0) txiva ,unidade ,usalote ,epcpond ,noserie ,conversao ,st.texteis from st left join taxasiva tx on st.tabiva = tx.codigo where st.ref = '324.1417.00.1'
20241004@184429.6479 5h5moptvfd62lg64l5m16k38d2 Query : select 1 valor from information_schema.tables where table_type='base table' and table_name='wstablefields'
20241004@184429.6506 5h5moptvfd62lg64l5m16k38d2 Query : select fieldkey,fieldname,fieldtype,mandatory from wstablefields where tablename = 'fi' and documentnumber = 39
20241004@184429.6531 5h5moptvfd62lg64l5m16k38d2 Query : select 1 valor from information_schema.tables where table_type='base table' and table_name='wstablefields'
20241004@184429.6572 5h5moptvfd62lg64l5m16k38d2 Query : select fieldkey,fieldname,fieldtype,mandatory from wstablefields where tablename = 'fi2' and documentnumber = 39
20241004@184429.6588 5h5moptvfd62lg64l5m16k38d2 Query : select top 1 convert(numeric(6,2),t.taxa) valor from taxasiva t where t.codigo='2'
20241004@184429.6601 5h5moptvfd62lg64l5m16k38d2 Query : select sestamp valor from se where ref ='324.1417.00.1' and lote = 'r2101088200a'
20241004@184429.6622 5h5moptvfd62lg64l5m16k38d2 Query : select 1 valor from information_schema.tables where table_type='base table' and table_name='wstablefields'
20241004@184429.6648 5h5moptvfd62lg64l5m16k38d2 Query : select fieldkey,fieldname,fieldtype,calcformula from wstablefields where tablename = 'fi2' and documentnumber = 39
20241004@184429.6667 5h5moptvfd62lg64l5m16k38d2 Query : insert into wsfi2data (fi2stamp,ftstamp ,ousrdata, ousrhora, usrdata,usrhora,ousrinis,usrinis) values ('aut67002558086700297da1','aut67002083446700297965' ,getdate(),convert(char(8),convert (time,getdate())),getdate(),convert(char(8),convert (time,getdate())),'wsv','wsv')
20241004@184429.6671 5h5moptvfd62lg64l5m16k38d2 Query : select 1 valor from information_schema.tables where table_type='base table' and table_name='wstablefields'
20241004@184429.6686 5h5moptvfd62lg64l5m16k38d2 Query : select fieldkey,fieldname,fieldtype,calcformula from wstablefields where tablename = 'fi' and documentnumber = 39
20241004@184429.6715 5h5moptvfd62lg64l5m16k38d2 Query : insert into wsfidata (fistamp,ousrdata, ousrhora, usrdata,usrhora,ousrinis,usrinis ,qtt ,ftstamp ,epv,pvmoeda ,tabiva,iva,lordem ,ref, design ,lote,armazem) values ('aut67002558086700297da1',getdate(),convert(char(8),convert (time,getdate())),getdate(),convert(char(8),convert (time,getdate())),'wsv','wsv',16.000 ,'aut67002083446700297965' ,0,0 ,2,23.00,630000,?,?,?,?)
20241004@184429.6986 5h5moptvfd62lg64l5m16k38d2 Query : select 1 valor from information_schema.tables where table_type='base table' and table_name='wstablefields'
20241004@184429.7004 5h5moptvfd62lg64l5m16k38d2 Query : select fieldkey,fieldname,fieldtype,mandatory from wstablefields where tablename = 'fi' and documentnumber = 39
20241004@184429.7034 5h5moptvfd62lg64l5m16k38d2 Query : select 1 valor from information_schema.tables where table_type='base table' and table_name='wstablefields'
20241004@184429.7050 5h5moptvfd62lg64l5m16k38d2 Query : select fieldkey,fieldname,fieldtype,mandatory from wstablefields where tablename = 'fi2' and documentnumber = 39
20241004@184429.7059 5h5moptvfd62lg64l5m16k38d2 Query : select top 1 convert(numeric(6,2),t.taxa) valor from taxasiva t where t.codigo='2'
20241004@184429.7073 5h5moptvfd62lg64l5m16k38d2 Query : select 1 valor from information_schema.tables where table_type='base table' and table_name='wstablefields'
20241004@184429.7088 5h5moptvfd62lg64l5m16k38d2 Query : select fieldkey,fieldname,fieldtype,calcformula from wstablefields where tablename = 'fi2' and documentnumber = 39
20241004@184429.7101 5h5moptvfd62lg64l5m16k38d2 Query : insert into wsfi2data (fi2stamp,ftstamp ,ousrdata, ousrhora, usrdata,usrhora,ousrinis,usrinis) values ('aut67002749386700297dac','aut67002083446700297965' ,getdate(),convert(char(8),convert (time,getdate())),getdate(),convert(char(8),convert (time,getdate())),'wsv','wsv')
20241004@184429.7105 5h5moptvfd62lg64l5m16k38d2 Query : select 1 valor from information_schema.tables where table_type='base table' and table_name='wstablefields'
20241004@184429.7121 5h5moptvfd62lg64l5m16k38d2 Query : select fieldkey,fieldname,fieldtype,calcformula from wstablefields where tablename = 'fi' and documentnumber = 39
20241004@184429.7151 5h5moptvfd62lg64l5m16k38d2 Query : insert into wsfidata (fistamp,ousrdata, ousrhora, usrdata,usrhora,ousrinis,usrinis ,qtt ,ftstamp ,epv,pvmoeda ,tabiva,iva,lordem ,ref, design ,armazem) values ('aut67002749386700297dac',getdate(),convert(char(8),convert (time,getdate())),getdate(),convert(char(8),convert (time,getdate())),'wsv','wsv',0 ,'aut67002083446700297965' ,0,0 ,2,23.00,640000,?,?,?)
20241004@184429.7474 5h5moptvfd62lg64l5m16k38d2 Query : use flama_phc
20241004@184429.7477 5h5moptvfd62lg64l5m16k38d2 Query : select st.usalote valor from st where st.ref = '324.1417.00.1'
20241004@184429.7497 5h5moptvfd62lg64l5m16k38d2 Query : select top 1 st.tabiva ,st.ivaincl ,st.stns ,st.uni2 ,st.familia ,isnull(tx.taxa, 0) txiva ,unidade ,usalote ,epcpond ,noserie ,conversao ,st.texteis from st left join taxasiva tx on st.tabiva = tx.codigo where st.ref = '324.1417.00.1'
20241004@184429.7511 5h5moptvfd62lg64l5m16k38d2 Query : select 1 valor from information_schema.tables where table_type='base table' and table_name='wstablefields'
20241004@184429.7528 5h5moptvfd62lg64l5m16k38d2 Query : select fieldkey,fieldname,fieldtype,mandatory from wstablefields where tablename = 'fi' and documentnumber = 39
20241004@184429.7556 5h5moptvfd62lg64l5m16k38d2 Query : select 1 valor from information_schema.tables where table_type='base table' and table_name='wstablefields'
20241004@184429.7574 5h5moptvfd62lg64l5m16k38d2 Query : select fieldkey,fieldname,fieldtype,mandatory from wstablefields where tablename = 'fi2' and documentnumber = 39
20241004@184429.7583 5h5moptvfd62lg64l5m16k38d2 Query : select top 1 convert(numeric(6,2),t.taxa) valor from taxasiva t where t.codigo='2'
20241004@184429.7594 5h5moptvfd62lg64l5m16k38d2 Query : select sestamp valor from se where ref ='324.1417.00.1' and lote = 'r2101088200a'
20241004@184429.7606 5h5moptvfd62lg64l5m16k38d2 Query : select 1 valor from information_schema.tables where table_type='base table' and table_name='wstablefields'
20241004@184429.7619 5h5moptvfd62lg64l5m16k38d2 Query : select fieldkey,fieldname,fieldtype,calcformula from wstablefields where tablename = 'fi2' and documentnumber = 39
20241004@184429.7630 5h5moptvfd62lg64l5m16k38d2 Query : insert into wsfi2data (fi2stamp,ftstamp ,ousrdata, ousrhora, usrdata,usrhora,ousrinis,usrinis) values ('aut67002742316700297db9','aut67002083446700297965' ,getdate(),convert(char(8),convert (time,getdate())),getdate(),convert(char(8),convert (time,getdate())),'wsv','wsv')
20241004@184429.7634 5h5moptvfd62lg64l5m16k38d2 Query : select 1 valor from information_schema.tables where table_type='base table' and table_name='wstablefields'
20241004@184429.7656 5h5moptvfd62lg64l5m16k38d2 Query : select fieldkey,fieldname,fieldtype,calcformula from wstablefields where tablename = 'fi' and documentnumber = 39
20241004@184429.7682 5h5moptvfd62lg64l5m16k38d2 Query : insert into wsfidata (fistamp,ousrdata, ousrhora, usrdata,usrhora,ousrinis,usrinis ,qtt ,ftstamp ,epv,pvmoeda ,tabiva,iva,lordem ,ref, design ,lote,armazem) values ('aut67002742316700297db9',getdate(),convert(char(8),convert (time,getdate())),getdate(),convert(char(8),convert (time,getdate())),'wsv','wsv',4.000 ,'aut67002083446700297965' ,0,0 ,2,23.00,660000,?,?,?,?)
20241004@184429.7941 5h5moptvfd62lg64l5m16k38d2 Query : select 1 valor from information_schema.tables where table_type='base table' and table_name='wstablefields'
20241004@184429.7955 5h5moptvfd62lg64l5m16k38d2 Query : select fieldkey,fieldname,fieldtype,mandatory from wstablefields where tablename = 'fi' and documentnumber = 39
20241004@184429.8001 5h5moptvfd62lg64l5m16k38d2 Query : select 1 valor from information_schema.tables where table_type='base table' and table_name='wstablefields'
20241004@184429.8015 5h5moptvfd62lg64l5m16k38d2 Query : select fieldkey,fieldname,fieldtype,mandatory from wstablefields where tablename = 'fi2' and documentnumber = 39
20241004@184429.8023 5h5moptvfd62lg64l5m16k38d2 Query : select top 1 convert(numeric(6,2),t.taxa) valor from taxasiva t where t.codigo='2'
20241004@184429.8035 5h5moptvfd62lg64l5m16k38d2 Query : select 1 valor from information_schema.tables where table_type='base table' and table_name='wstablefields'
20241004@184429.8050 5h5moptvfd62lg64l5m16k38d2 Query : select fieldkey,fieldname,fieldtype,calcformula from wstablefields where tablename = 'fi2' and documentnumber = 39
20241004@184429.8063 5h5moptvfd62lg64l5m16k38d2 Query : insert into wsfi2data (fi2stamp,ftstamp ,ousrdata, ousrhora, usrdata,usrhora,ousrinis,usrinis) values ('aut67002427726700297dc4','aut67002083446700297965' ,getdate(),convert(char(8),convert (time,getdate())),getdate(),convert(char(8),convert (time,getdate())),'wsv','wsv')
20241004@184429.8067 5h5moptvfd62lg64l5m16k38d2 Query : select 1 valor from information_schema.tables where table_type='base table' and table_name='wstablefields'
20241004@184429.8081 5h5moptvfd62lg64l5m16k38d2 Query : select fieldkey,fieldname,fieldtype,calcformula from wstablefields where tablename = 'fi' and documentnumber = 39
20241004@184429.8108 5h5moptvfd62lg64l5m16k38d2 Query : insert into wsfidata (fistamp,ousrdata, ousrhora, usrdata,usrhora,ousrinis,usrinis ,qtt ,ftstamp ,epv,pvmoeda ,tabiva,iva,lordem ,ref, design ,armazem) values ('aut67002427726700297dc4',getdate(),convert(char(8),convert (time,getdate())),getdate(),convert(char(8),convert (time,getdate())),'wsv','wsv',0 ,'aut67002083446700297965' ,0,0 ,2,23.00,670000,?,?,?)
20241004@184429.8349 5h5moptvfd62lg64l5m16k38d2 Query : insert into wsftcreationlog (initialftstamp,externalid,creationstatus,documenttypeid,idustamp) values ('aut67002083446700297965','2406431','wait',39,'adm09112754980.682000002')
20241004@184429.8422 5h5moptvfd62lg64l5m16k38d2 Query : use flama_phc
20241004@184429.8425 5h5moptvfd62lg64l5m16k38d2 Query : update u_wsusers set rqsttoken =? where userid ='userls001'
20241004@184429.8454 5h5moptvfd62lg64l5m16k38d2 Query : select concat(rtrim(relative_path),ltrim(name_new)) as valor from uploadfiles where uploadfile_id='2417';
20241004@184429.8502 5h5moptvfd62lg64l5m16k38d2 Query : update uploadfiles set whenupdated=current_timestamp where uploadfile_id='2417';
20241004@184429.8545 5h5moptvfd62lg64l5m16k38d2 Query : select concat(rtrim(relative_path),ltrim(name_new)) as valor from uploadfiles where uploadfile_id='2417';
20241004@184429.8570 5h5moptvfd62lg64l5m16k38d2 Query : update uploadfiles set whenupdated=current_timestamp where uploadfile_id='2417';
20241004@184429.9098 7q4gtjncsa1oun6b8u9k2icpse Query : insert into uploadfiles ( name_original, name_new, option_type, relative_path, whencreated ) values ( ?, ?, ?, ?, getdate() )
20241004@184429.9109 7q4gtjncsa1oun6b8u9k2icpse Query : select uploadfile_id valor from uploadfiles where name_new = ? and option_type = ? 
20241004@184429.9186 7q4gtjncsa1oun6b8u9k2icpse Query : select concat(rtrim(relative_path),ltrim(name_new)) as valor from uploadfiles where uploadfile_id='2418';
20241004@184429.9253 7q4gtjncsa1oun6b8u9k2icpse Query : update uploadfiles set whenupdated=current_timestamp where uploadfile_id='2418';
20241004@184429.9304 7q4gtjncsa1oun6b8u9k2icpse Query : select concat(rtrim(relative_path),ltrim(name_new)) as valor from uploadfiles where uploadfile_id='2418';
20241004@184429.9328 7q4gtjncsa1oun6b8u9k2icpse Query : update uploadfiles set whenupdated=current_timestamp where uploadfile_id='2418';
20241004@184429.9379 7q4gtjncsa1oun6b8u9k2icpse Query : use flama_phc
20241004@184429.9382 7q4gtjncsa1oun6b8u9k2icpse Query : select top 1 secretkey valor from u_wsusers u where u.userid = ? and u.inactivo=0
20241004@184429.9442 7q4gtjncsa1oun6b8u9k2icpse Query : use flama_phc
20241004@184429.9445 7q4gtjncsa1oun6b8u9k2icpse Query : select no, estab,szadrsdesc from szadrs where u_coddest=4790
20241004@184429.9492 7q4gtjncsa1oun6b8u9k2icpse Query : select top 1 isnull(design,'') valor from st (nolock) left join stobs (nolock) on st.ref = stobs.ref where st.ref = '324.2232.00.1'
20241004@184429.9512 7q4gtjncsa1oun6b8u9k2icpse Query : select top 1 isnull(design,'') valor from st (nolock) left join stobs (nolock) on st.ref = stobs.ref where st.ref = '324.2232.00.1'
20241004@184429.9531 7q4gtjncsa1oun6b8u9k2icpse Query : use flama_phc
20241004@184429.9534 7q4gtjncsa1oun6b8u9k2icpse Query : select top 1 convert(date,fdata) valor from ft where ndoc = 39 and anulado= 0 and fno>0 order by fdata desc
20241004@184429.9588 7q4gtjncsa1oun6b8u9k2icpse Query : use flama_phc
20241004@184429.9591 7q4gtjncsa1oun6b8u9k2icpse Query : select top 1 1 valor from td where td.ndoc = 39
20241004@184429.9620 7q4gtjncsa1oun6b8u9k2icpse Query : use flama_phc
20241004@184429.9623 7q4gtjncsa1oun6b8u9k2icpse Query : select lower(descricao) descricao ,case when valor='s' then 1 else 0 end valor from para1 where descricao in ('st_lote','st_usalogifunc', 'st_grelha')
20241004@184429.9661 7q4gtjncsa1oun6b8u9k2icpse Query : select top 1 manternumero ,assinadoc issigned ,tiposaft ,assinaimp ,nmdos ,td.assinadoc ,'cl' origin ,lancasl stocks ,case when cmsl<50 and td.lancasl=1 then 1 else 0 end entrada ,case when cmsl>50 and td.lancasl=1 then 1 else 0 end saida ,temserie assets ,~semgre usegridfields from td inner join td2 on td.tdstamp=td2.td2stamp where td.ndoc = 1
20241004@184429.9697 7q4gtjncsa1oun6b8u9k2icpse Query : use flama_phc
20241004@184429.9703 7q4gtjncsa1oun6b8u9k2icpse Query : select top 1 ~inactivo valor from cl where no = '199510' and estab = 0 order by inactivo desc
20241004@184429.9734 7q4gtjncsa1oun6b8u9k2icpse Query : use flama_phc
20241004@184429.9737 7q4gtjncsa1oun6b8u9k2icpse Query : select top 1 tipodoc,regrd from td where ndoc = 39
20241004@184429.9772 7q4gtjncsa1oun6b8u9k2icpse Query : use flama_phc
20241004@184429.9782 7q4gtjncsa1oun6b8u9k2icpse Query : select szadrsstamp valor from szadrs where szadrsdesc='espaÇotrans,lda'
20241004@184429.9820 7q4gtjncsa1oun6b8u9k2icpse Query : use flama_phc
20241004@184429.9825 7q4gtjncsa1oun6b8u9k2icpse Query : select szadrsstamp valor from szadrs where szadrsdesc='199510 - cdnogueira regedoura'
20241004@184429.9870 7q4gtjncsa1oun6b8u9k2icpse Query : use flama_phc
20241004@184429.9873 7q4gtjncsa1oun6b8u9k2icpse Query : select 1 valor from td where ndoc = 39
20241004@184429.9893 7q4gtjncsa1oun6b8u9k2icpse Query : select top 1 manternumero, tiposaft, nmdos,td.assinadoc from td where td.ndoc = 39
20241004@184429.9907 7q4gtjncsa1oun6b8u9k2icpse Query : select 1 valor from information_schema.tables where table_type='base table' and table_name='wstablefields'
20241004@184429.9927 7q4gtjncsa1oun6b8u9k2icpse Query : select fieldkey,fieldname,fieldtype,mandatory from wstablefields where tablename = 'ft' and documentnumber = 39
20241004@184429.9946 7q4gtjncsa1oun6b8u9k2icpse Query : select 1 valor from information_schema.tables where table_type='base table' and table_name='wstablefields'
20241004@184429.9961 7q4gtjncsa1oun6b8u9k2icpse Query : select fieldkey,fieldname,fieldtype,mandatory from wstablefields where tablename = 'ft2' and documentnumber = 39
20241004@184429.9989 7q4gtjncsa1oun6b8u9k2icpse Query : select 1 valor from information_schema.tables where table_type='base table' and table_name='wstablefields'
20241004@184430.2300 7q4gtjncsa1oun6b8u9k2icpse Query : select fieldkey,fieldname,fieldtype,mandatory from wstablefields where tablename = 'ft3' and documentnumber = 39
20241004@184430.4000 7q4gtjncsa1oun6b8u9k2icpse Query : select top 1 ft.fno valor from ft ft where ft.ndoc = 39 and ftano=2024 order by fno desc
20241004@184430.1100 7q4gtjncsa1oun6b8u9k2icpse Query : select top 1 ft.fno valor from wsftdata ft where ft.ndoc = 39 and ftano=2024 order by fno desc
20241004@184430.1300 7q4gtjncsa1oun6b8u9k2icpse Query : select 1 valor from information_schema.tables where table_type='base table' and table_name='wstablefields'
20241004@184430.1450 7q4gtjncsa1oun6b8u9k2icpse Query : select fieldkey,fieldname,fieldtype,calcformula from wstablefields where tablename = 'ft3' and documentnumber = 39
20241004@184430.1850 7q4gtjncsa1oun6b8u9k2icpse Query : insert into wsft3data (ft3stamp, ousrdata, ousrhora, usrdata,usrhora,ousrinis,usrinis,taxpointdt ) values ('aut67002745776700297e00' ,getdate(),convert(char(8),convert (time,getdate())),getdate(),convert(char(8),convert (time,getdate())),'wsv','wsv',?)
20241004@184430.4100 7q4gtjncsa1oun6b8u9k2icpse Query : select 1 valor from information_schema.tables where table_type='base table' and table_name='wstablefields'
20241004@184430.7720 7q4gtjncsa1oun6b8u9k2icpse Query : select fieldkey,fieldname,fieldtype,calcformula from wstablefields where tablename = 'ft2' and documentnumber = 39
20241004@184430.1152 7q4gtjncsa1oun6b8u9k2icpse Query : select top 1 bo.u_nomeenv valor from bo where bo.bostamp=''
20241004@184430.1200 7q4gtjncsa1oun6b8u9k2icpse Query : select top 1 bo.u_moradaen valor from bo where bo.bostamp=''
20241004@184430.1315 7q4gtjncsa1oun6b8u9k2icpse Query : select top 1 bo.u_codposen valor from bo where bo.bostamp=''
20241004@184430.1575 7q4gtjncsa1oun6b8u9k2icpse Query : select top 1 bo.u_localenv valor from bo where bo.bostamp=''
20241004@184430.1589 7q4gtjncsa1oun6b8u9k2icpse Query : select top 1 bo.trab5 valor from bo where bo.bostamp=''
20241004@184430.1641 7q4gtjncsa1oun6b8u9k2icpse Query : select top 1 bo.serie valor from bo where bo.bostamp=''
20241004@184430.1671 7q4gtjncsa1oun6b8u9k2icpse Query : insert into wsft2data (ft2stamp, ousrdata,ousrhora, usrdata,usrhora,ousrinis,usrinis,u_nomeenv ,u_moradaen ,u_codposen ,u_localenv ,u_coddest ,u_codby ) values ('aut67002745776700297e00',getdate(),convert(char(8),convert (time,getdate())),getdate(),convert(char(8),convert (time,getdate())),'wsv','wsv',?,?,?,?,?,?)
20241004@184430.1977 7q4gtjncsa1oun6b8u9k2icpse Query : select top 1 fno valor from wsftdata order by fno desc
20241004@184430.2018 7q4gtjncsa1oun6b8u9k2icpse Query : select 1 valor from information_schema.tables where table_type='base table' and table_name='wstablefields'
20241004@184430.2034 7q4gtjncsa1oun6b8u9k2icpse Query : select fieldkey,fieldname,fieldtype,calcformula from wstablefields where tablename = 'ft' and documentnumber = 39
20241004@184430.2056 7q4gtjncsa1oun6b8u9k2icpse Query : select 'normal' from dummy
20241004@184430.2070 7q4gtjncsa1oun6b8u9k2icpse Query : insert into wsftdata (ftstamp, ousrdata,ousrhora, usrdata,usrhora,ousrinis,usrinis,fno,no,estab,fdata,ndoc,moeda,cambio,cambiofixo,ftano,site ,classe ) values ('aut67002745776700297e00',getdate(),convert(char(8),convert (time,getdate())),getdate(),convert(char(8),convert (time,getdate())),'wsv','wsv',1085,199510,0,'2024-10-04',39,'euro',0,0,2024 ,?,?)
20241004@184430.2375 7q4gtjncsa1oun6b8u9k2icpse Query : use flama_phc
20241004@184430.2379 7q4gtjncsa1oun6b8u9k2icpse Query : select st.usalote valor from st where st.ref = '324.2232.00.1'
20241004@184430.2400 7q4gtjncsa1oun6b8u9k2icpse Query : select top 1 st.tabiva ,st.ivaincl ,st.stns ,st.uni2 ,st.familia ,isnull(tx.taxa, 0) txiva ,unidade ,usalote ,epcpond ,noserie ,conversao ,st.texteis from st left join taxasiva tx on st.tabiva = tx.codigo where st.ref = '324.2232.00.1'
20241004@184430.2418 7q4gtjncsa1oun6b8u9k2icpse Query : select 1 valor from information_schema.tables where table_type='base table' and table_name='wstablefields'
20241004@184430.2457 7q4gtjncsa1oun6b8u9k2icpse Query : select fieldkey,fieldname,fieldtype,mandatory from wstablefields where tablename = 'fi' and documentnumber = 39
20241004@184430.2487 7q4gtjncsa1oun6b8u9k2icpse Query : select 1 valor from information_schema.tables where table_type='base table' and table_name='wstablefields'
20241004@184430.2502 7q4gtjncsa1oun6b8u9k2icpse Query : select fieldkey,fieldname,fieldtype,mandatory from wstablefields where tablename = 'fi2' and documentnumber = 39
20241004@184430.2512 7q4gtjncsa1oun6b8u9k2icpse Query : select top 1 convert(numeric(6,2),t.taxa) valor from taxasiva t where t.codigo='2'
20241004@184430.2534 7q4gtjncsa1oun6b8u9k2icpse Query : select sestamp valor from se where ref ='324.2232.00.1' and lote = 'r2400241100a'
20241004@184430.2547 7q4gtjncsa1oun6b8u9k2icpse Query : select 1 valor from information_schema.tables where table_type='base table' and table_name='wstablefields'
20241004@184430.2568 7q4gtjncsa1oun6b8u9k2icpse Query : select fieldkey,fieldname,fieldtype,calcformula from wstablefields where tablename = 'fi2' and documentnumber = 39
20241004@184430.2580 7q4gtjncsa1oun6b8u9k2icpse Query : insert into wsfi2data (fi2stamp,ftstamp ,ousrdata, ousrhora, usrdata,usrhora,ousrinis,usrinis) values ('aut67002504826700297e3e','aut67002745776700297e00' ,getdate(),convert(char(8),convert (time,getdate())),getdate(),convert(char(8),convert (time,getdate())),'wsv','wsv')
20241004@184430.2584 7q4gtjncsa1oun6b8u9k2icpse Query : select 1 valor from information_schema.tables where table_type='base table' and table_name='wstablefields'
20241004@184430.2599 7q4gtjncsa1oun6b8u9k2icpse Query : select fieldkey,fieldname,fieldtype,calcformula from wstablefields where tablename = 'fi' and documentnumber = 39
20241004@184430.2628 7q4gtjncsa1oun6b8u9k2icpse Query : insert into wsfidata (fistamp,ousrdata, ousrhora, usrdata,usrhora,ousrinis,usrinis ,qtt ,ftstamp ,epv,pvmoeda ,tabiva,iva,lordem ,ref, design ,lote,armazem) values ('aut67002504826700297e3e',getdate(),convert(char(8),convert (time,getdate())),getdate(),convert(char(8),convert (time,getdate())),'wsv','wsv',12.000 ,'aut67002745776700297e00' ,0,0 ,2,23.00,10000,?,?,?,?)
20241004@184430.2880 7q4gtjncsa1oun6b8u9k2icpse Query : use flama_phc
20241004@184430.2883 7q4gtjncsa1oun6b8u9k2icpse Query : select st.usalote valor from st where st.ref = '324.2232.00.1'
20241004@184430.2905 7q4gtjncsa1oun6b8u9k2icpse Query : select top 1 st.tabiva ,st.ivaincl ,st.stns ,st.uni2 ,st.familia ,isnull(tx.taxa, 0) txiva ,unidade ,usalote ,epcpond ,noserie ,conversao ,st.texteis from st left join taxasiva tx on st.tabiva = tx.codigo where st.ref = '324.2232.00.1'
20241004@184430.2921 7q4gtjncsa1oun6b8u9k2icpse Query : select 1 valor from information_schema.tables where table_type='base table' and table_name='wstablefields'
20241004@184430.2940 7q4gtjncsa1oun6b8u9k2icpse Query : select fieldkey,fieldname,fieldtype,mandatory from wstablefields where tablename = 'fi' and documentnumber = 39
20241004@184430.2973 7q4gtjncsa1oun6b8u9k2icpse Query : select 1 valor from information_schema.tables where table_type='base table' and table_name='wstablefields'
20241004@184430.2990 7q4gtjncsa1oun6b8u9k2icpse Query : select fieldkey,fieldname,fieldtype,mandatory from wstablefields where tablename = 'fi2' and documentnumber = 39
20241004@184430.2999 7q4gtjncsa1oun6b8u9k2icpse Query : select top 1 convert(numeric(6,2),t.taxa) valor from taxasiva t where t.codigo='2'
20241004@184430.3014 7q4gtjncsa1oun6b8u9k2icpse Query : select sestamp valor from se where ref ='324.2232.00.1' and lote = 'r2400241100a'
20241004@184430.3028 7q4gtjncsa1oun6b8u9k2icpse Query : select 1 valor from information_schema.tables where table_type='base table' and table_name='wstablefields'
20241004@184430.3044 7q4gtjncsa1oun6b8u9k2icpse Query : select fieldkey,fieldname,fieldtype,calcformula from wstablefields where tablename = 'fi2' and documentnumber = 39
20241004@184430.3058 7q4gtjncsa1oun6b8u9k2icpse Query : insert into wsfi2data (fi2stamp,ftstamp ,ousrdata, ousrhora, usrdata,usrhora,ousrinis,usrinis) values ('aut67002755826700297e49','aut67002745776700297e00' ,getdate(),convert(char(8),convert (time,getdate())),getdate(),convert(char(8),convert (time,getdate())),'wsv','wsv')
20241004@184430.3063 7q4gtjncsa1oun6b8u9k2icpse Query : select 1 valor from information_schema.tables where table_type='base table' and table_name='wstablefields'
20241004@184430.3081 7q4gtjncsa1oun6b8u9k2icpse Query : select fieldkey,fieldname,fieldtype,calcformula from wstablefields where tablename = 'fi' and documentnumber = 39
20241004@184430.3116 7q4gtjncsa1oun6b8u9k2icpse Query : insert into wsfidata (fistamp,ousrdata, ousrhora, usrdata,usrhora,ousrinis,usrinis ,qtt ,ftstamp ,epv,pvmoeda ,tabiva,iva,lordem ,ref, design ,lote,armazem) values ('aut67002755826700297e49',getdate(),convert(char(8),convert (time,getdate())),getdate(),convert(char(8),convert (time,getdate())),'wsv','wsv',14.000 ,'aut67002745776700297e00' ,0,0 ,2,23.00,20000,?,?,?,?)
20241004@184430.3393 7q4gtjncsa1oun6b8u9k2icpse Query : insert into wsftcreationlog (initialftstamp,externalid,creationstatus,documenttypeid,idustamp) values ('aut67002745776700297e00','2406432','wait',39,'adm09112754980.682000002')
20241004@184430.3488 7q4gtjncsa1oun6b8u9k2icpse Query : use flama_phc
20241004@184430.3491 7q4gtjncsa1oun6b8u9k2icpse Query : update u_wsusers set rqsttoken =? where userid ='userls001'
20241004@184430.3535 7q4gtjncsa1oun6b8u9k2icpse Query : select concat(rtrim(relative_path),ltrim(name_new)) as valor from uploadfiles where uploadfile_id='2418';
20241004@184430.3570 7q4gtjncsa1oun6b8u9k2icpse Query : update uploadfiles set whenupdated=current_timestamp where uploadfile_id='2418';
20241004@184430.3647 7q4gtjncsa1oun6b8u9k2icpse Query : select concat(rtrim(relative_path),ltrim(name_new)) as valor from uploadfiles where uploadfile_id='2418';
20241004@184430.3776 7q4gtjncsa1oun6b8u9k2icpse Query : update uploadfiles set whenupdated=current_timestamp where uploadfile_id='2418';
20241004@184430.4816 hhpnomo6te1s61d7h8pfg85tb5 Query : insert into uploadfiles ( name_original, name_new, option_type, relative_path, whencreated ) values ( ?, ?, ?, ?, getdate() )
20241004@184430.4827 hhpnomo6te1s61d7h8pfg85tb5 Query : select uploadfile_id valor from uploadfiles where name_new = ? and option_type = ? 
20241004@184430.4887 hhpnomo6te1s61d7h8pfg85tb5 Query : select concat(rtrim(relative_path),ltrim(name_new)) as valor from uploadfiles where uploadfile_id='2419';
20241004@184430.4942 hhpnomo6te1s61d7h8pfg85tb5 Query : update uploadfiles set whenupdated=current_timestamp where uploadfile_id='2419';
20241004@184430.4997 hhpnomo6te1s61d7h8pfg85tb5 Query : select concat(rtrim(relative_path),ltrim(name_new)) as valor from uploadfiles where uploadfile_id='2419';
20241004@184430.5025 hhpnomo6te1s61d7h8pfg85tb5 Query : update uploadfiles set whenupdated=current_timestamp where uploadfile_id='2419';
20241004@184430.5078 hhpnomo6te1s61d7h8pfg85tb5 Query : use flama_phc
20241004@184430.5081 hhpnomo6te1s61d7h8pfg85tb5 Query : select top 1 secretkey valor from u_wsusers u where u.userid = ? and u.inactivo=0
20241004@184430.5152 hhpnomo6te1s61d7h8pfg85tb5 Query : use flama_phc
20241004@184430.5155 hhpnomo6te1s61d7h8pfg85tb5 Query : select no, estab,szadrsdesc from szadrs where u_coddest=6917
20241004@184430.5240 hhpnomo6te1s61d7h8pfg85tb5 Query : select top 1 isnull(design,'') valor from st (nolock) left join stobs (nolock) on st.ref = stobs.ref where st.ref = '324.900.94.01'
20241004@184430.5397 hhpnomo6te1s61d7h8pfg85tb5 Query : select top 1 isnull(design,'') valor from st (nolock) left join stobs (nolock) on st.ref = stobs.ref where st.ref = '324.700.94.01'
20241004@184430.5537 hhpnomo6te1s61d7h8pfg85tb5 Query : select top 1 isnull(design,'') valor from st (nolock) left join stobs (nolock) on st.ref = stobs.ref where st.ref = '324.2200.94.1'
20241004@184430.5678 hhpnomo6te1s61d7h8pfg85tb5 Query : select top 1 isnull(design,'') valor from st (nolock) left join stobs (nolock) on st.ref = stobs.ref where st.ref = '324.2200.94.1'
20241004@184430.5704 hhpnomo6te1s61d7h8pfg85tb5 Query : select top 1 isnull(design,'') valor from st (nolock) left join stobs (nolock) on st.ref = stobs.ref where st.ref = '324.600.94.01'
20241004@184430.5845 hhpnomo6te1s61d7h8pfg85tb5 Query : select top 1 isnull(design,'') valor from st (nolock) left join stobs (nolock) on st.ref = stobs.ref where st.ref = '324.600.94.01'
20241004@184430.5871 hhpnomo6te1s61d7h8pfg85tb5 Query : select top 1 isnull(design,'') valor from st (nolock) left join stobs (nolock) on st.ref = stobs.ref where st.ref = '324.2000.94.1'
20241004@184430.6023 hhpnomo6te1s61d7h8pfg85tb5 Query : use flama_phc
20241004@184430.6026 hhpnomo6te1s61d7h8pfg85tb5 Query : select top 1 convert(date,fdata) valor from ft where ndoc = 39 and anulado= 0 and fno>0 order by fdata desc
20241004@184430.6061 hhpnomo6te1s61d7h8pfg85tb5 Query : use flama_phc
20241004@184430.6066 hhpnomo6te1s61d7h8pfg85tb5 Query : select top 1 1 valor from td where td.ndoc = 39
20241004@184430.6100 hhpnomo6te1s61d7h8pfg85tb5 Query : use flama_phc
20241004@184430.6103 hhpnomo6te1s61d7h8pfg85tb5 Query : select lower(descricao) descricao ,case when valor='s' then 1 else 0 end valor from para1 where descricao in ('st_lote','st_usalogifunc', 'st_grelha')
20241004@184430.6136 hhpnomo6te1s61d7h8pfg85tb5 Query : select top 1 manternumero ,assinadoc issigned ,tiposaft ,assinaimp ,nmdos ,td.assinadoc ,'cl' origin ,lancasl stocks ,case when cmsl<50 and td.lancasl=1 then 1 else 0 end entrada ,case when cmsl>50 and td.lancasl=1 then 1 else 0 end saida ,temserie assets ,~semgre usegridfields from td inner join td2 on td.tdstamp=td2.td2stamp where td.ndoc = 1
20241004@184430.6176 hhpnomo6te1s61d7h8pfg85tb5 Query : use flama_phc
20241004@184430.6180 hhpnomo6te1s61d7h8pfg85tb5 Query : select top 1 ~inactivo valor from cl where no = '199800' and estab = 0 order by inactivo desc
20241004@184430.6309 hhpnomo6te1s61d7h8pfg85tb5 Query : use flama_phc
20241004@184430.6312 hhpnomo6te1s61d7h8pfg85tb5 Query : select top 1 tipodoc,regrd from td where ndoc = 39
20241004@184430.6363 hhpnomo6te1s61d7h8pfg85tb5 Query : use flama_phc
20241004@184430.6371 hhpnomo6te1s61d7h8pfg85tb5 Query : select szadrsstamp valor from szadrs where szadrsdesc='espaÇotrans,lda'
20241004@184430.6435 hhpnomo6te1s61d7h8pfg85tb5 Query : use flama_phc
20241004@184430.6439 hhpnomo6te1s61d7h8pfg85tb5 Query : select szadrsstamp valor from szadrs where szadrsdesc='740 ent vnr bligeiro'
20241004@184430.6548 hhpnomo6te1s61d7h8pfg85tb5 Query : use flama_phc
20241004@184430.6551 hhpnomo6te1s61d7h8pfg85tb5 Query : select 1 valor from td where ndoc = 39
20241004@184430.6565 hhpnomo6te1s61d7h8pfg85tb5 Query : select top 1 manternumero, tiposaft, nmdos,td.assinadoc from td where td.ndoc = 39
20241004@184430.6593 hhpnomo6te1s61d7h8pfg85tb5 Query : select 1 valor from information_schema.tables where table_type='base table' and table_name='wstablefields'
20241004@184430.6617 hhpnomo6te1s61d7h8pfg85tb5 Query : select fieldkey,fieldname,fieldtype,mandatory from wstablefields where tablename = 'ft' and documentnumber = 39
20241004@184430.6637 hhpnomo6te1s61d7h8pfg85tb5 Query : select 1 valor from information_schema.tables where table_type='base table' and table_name='wstablefields'
20241004@184430.6652 hhpnomo6te1s61d7h8pfg85tb5 Query : select fieldkey,fieldname,fieldtype,mandatory from wstablefields where tablename = 'ft2' and documentnumber = 39
20241004@184430.6703 hhpnomo6te1s61d7h8pfg85tb5 Query : select 1 valor from information_schema.tables where table_type='base table' and table_name='wstablefields'
20241004@184430.6719 hhpnomo6te1s61d7h8pfg85tb5 Query : select fieldkey,fieldname,fieldtype,mandatory from wstablefields where tablename = 'ft3' and documentnumber = 39
20241004@184430.6734 hhpnomo6te1s61d7h8pfg85tb5 Query : select top 1 ft.fno valor from ft ft where ft.ndoc = 39 and ftano=2024 order by fno desc
20241004@184430.6826 hhpnomo6te1s61d7h8pfg85tb5 Query : select top 1 ft.fno valor from wsftdata ft where ft.ndoc = 39 and ftano=2024 order by fno desc
20241004@184430.6845 hhpnomo6te1s61d7h8pfg85tb5 Query : select 1 valor from information_schema.tables where table_type='base table' and table_name='wstablefields'
20241004@184430.6863 hhpnomo6te1s61d7h8pfg85tb5 Query : select fieldkey,fieldname,fieldtype,calcformula from wstablefields where tablename = 'ft3' and documentnumber = 39
20241004@184430.6879 hhpnomo6te1s61d7h8pfg85tb5 Query : insert into wsft3data (ft3stamp, ousrdata, ousrhora, usrdata,usrhora,ousrinis,usrinis,taxpointdt ) values ('aut67002677106700297ea4' ,getdate(),convert(char(8),convert (time,getdate())),getdate(),convert(char(8),convert (time,getdate())),'wsv','wsv',?)
20241004@184430.7066 hhpnomo6te1s61d7h8pfg85tb5 Query : select 1 valor from information_schema.tables where table_type='base table' and table_name='wstablefields'
20241004@184430.7083 hhpnomo6te1s61d7h8pfg85tb5 Query : select fieldkey,fieldname,fieldtype,calcformula from wstablefields where tablename = 'ft2' and documentnumber = 39
20241004@184430.7127 hhpnomo6te1s61d7h8pfg85tb5 Query : select top 1 bo.u_nomeenv valor from bo where bo.bostamp=''
20241004@184430.7142 hhpnomo6te1s61d7h8pfg85tb5 Query : select top 1 bo.u_moradaen valor from bo where bo.bostamp=''
20241004@184430.7158 hhpnomo6te1s61d7h8pfg85tb5 Query : select top 1 bo.u_codposen valor from bo where bo.bostamp=''
20241004@184430.7171 hhpnomo6te1s61d7h8pfg85tb5 Query : select top 1 bo.u_localenv valor from bo where bo.bostamp=''
20241004@184430.7185 hhpnomo6te1s61d7h8pfg85tb5 Query : select top 1 bo.trab5 valor from bo where bo.bostamp=''
20241004@184430.7200 hhpnomo6te1s61d7h8pfg85tb5 Query : select top 1 bo.serie valor from bo where bo.bostamp=''
20241004@184430.7214 hhpnomo6te1s61d7h8pfg85tb5 Query : insert into wsft2data (ft2stamp, ousrdata,ousrhora, usrdata,usrhora,ousrinis,usrinis,u_nomeenv ,u_moradaen ,u_codposen ,u_localenv ,u_coddest ,u_codby ) values ('aut67002677106700297ea4',getdate(),convert(char(8),convert (time,getdate())),getdate(),convert(char(8),convert (time,getdate())),'wsv','wsv',?,?,?,?,?,?)
20241004@184430.7605 hhpnomo6te1s61d7h8pfg85tb5 Query : select top 1 fno valor from wsftdata order by fno desc
20241004@184430.7633 hhpnomo6te1s61d7h8pfg85tb5 Query : select 1 valor from information_schema.tables where table_type='base table' and table_name='wstablefields'
20241004@184430.8379 hhpnomo6te1s61d7h8pfg85tb5 Query : select fieldkey,fieldname,fieldtype,calcformula from wstablefields where tablename = 'ft' and documentnumber = 39
20241004@184430.8517 hhpnomo6te1s61d7h8pfg85tb5 Query : select 'normal' from dummy
20241004@184430.8888 hhpnomo6te1s61d7h8pfg85tb5 Query : insert into wsftdata (ftstamp, ousrdata,ousrhora, usrdata,usrhora,ousrinis,usrinis,fno,no,estab,fdata,ndoc,moeda,cambio,cambiofixo,ftano,site ,classe ) values ('aut67002677106700297ea4',getdate(),convert(char(8),convert (time,getdate())),getdate(),convert(char(8),convert (time,getdate())),'wsv','wsv',1086,199800,0,'2024-10-04',39,'euro',0,0,2024 ,?,?)
20241004@184430.9192 hhpnomo6te1s61d7h8pfg85tb5 Query : use flama_phc
20241004@184430.9195 hhpnomo6te1s61d7h8pfg85tb5 Query : select st.usalote valor from st where st.ref = '324.900.94.01'
20241004@184430.9219 hhpnomo6te1s61d7h8pfg85tb5 Query : select top 1 st.tabiva ,st.ivaincl ,st.stns ,st.uni2 ,st.familia ,isnull(tx.taxa, 0) txiva ,unidade ,usalote ,epcpond ,noserie ,conversao ,st.texteis from st left join taxasiva tx on st.tabiva = tx.codigo where st.ref = '324.900.94.01'
20241004@184430.9388 hhpnomo6te1s61d7h8pfg85tb5 Query : select 1 valor from information_schema.tables where table_type='base table' and table_name='wstablefields'
20241004@184430.9404 hhpnomo6te1s61d7h8pfg85tb5 Query : select fieldkey,fieldname,fieldtype,mandatory from wstablefields where tablename = 'fi' and documentnumber = 39
20241004@184430.9456 hhpnomo6te1s61d7h8pfg85tb5 Query : select 1 valor from information_schema.tables where table_type='base table' and table_name='wstablefields'
20241004@184430.9471 hhpnomo6te1s61d7h8pfg85tb5 Query : select fieldkey,fieldname,fieldtype,mandatory from wstablefields where tablename = 'fi2' and documentnumber = 39
20241004@184430.9480 hhpnomo6te1s61d7h8pfg85tb5 Query : select top 1 convert(numeric(6,2),t.taxa) valor from taxasiva t where t.codigo='2'
