20241016@175804.6378 e4dss3k555bui5thog2f2i29d2 Query : select st.usalote valor from st where st.ref = '324.1847.00.1'
20241016@175804.6397 e4dss3k555bui5thog2f2i29d2 Query : select top 1 st.tabiva ,st.ivaincl ,st.stns ,st.uni2 ,st.familia ,isnull(tx.taxa, 0) txiva ,unidade ,usalote ,epcpond ,noserie ,conversao ,st.texteis from st left join taxasiva tx on st.tabiva = tx.codigo where st.ref = '324.1847.00.1'
20241016@175804.6410 e4dss3k555bui5thog2f2i29d2 Query : select 1 valor from information_schema.tables where table_type='base table' and table_name='wstablefields'
20241016@175804.6426 e4dss3k555bui5thog2f2i29d2 Query : select fieldkey,fieldname,fieldtype,mandatory from wstablefields where tablename = 'fi' and documentnumber = 39
20241016@175804.6451 e4dss3k555bui5thog2f2i29d2 Query : select 1 valor from information_schema.tables where table_type='base table' and table_name='wstablefields'
20241016@175804.6465 e4dss3k555bui5thog2f2i29d2 Query : select fieldkey,fieldname,fieldtype,mandatory from wstablefields where tablename = 'fi2' and documentnumber = 39
20241016@175804.6474 e4dss3k555bui5thog2f2i29d2 Query : select top 1 convert(numeric(6,2),t.taxa) valor from taxasiva t where t.codigo='2'
20241016@175804.6485 e4dss3k555bui5thog2f2i29d2 Query : select sestamp valor from se where ref ='324.1847.00.1' and lote = 'r2400482200a'
20241016@175804.6497 e4dss3k555bui5thog2f2i29d2 Query : select 1 valor from information_schema.tables where table_type='base table' and table_name='wstablefields'
20241016@175804.6511 e4dss3k555bui5thog2f2i29d2 Query : select fieldkey,fieldname,fieldtype,calcformula from wstablefields where tablename = 'fi2' and documentnumber = 39
20241016@175804.6522 e4dss3k555bui5thog2f2i29d2 Query : insert into wsfi2data (fi2stamp,ftstamp ,ousrdata, ousrhora, usrdata,usrhora,ousrinis,usrinis) values ('aut670ff91737670ff09c9e','aut670ff70887670ff09c2a' ,getdate(),convert(char(8),convert (time,getdate())),getdate(),convert(char(8),convert (time,getdate())),'wsv','wsv')
20241016@175804.6527 e4dss3k555bui5thog2f2i29d2 Query : select 1 valor from information_schema.tables where table_type='base table' and table_name='wstablefields'
20241016@175804.6541 e4dss3k555bui5thog2f2i29d2 Query : select fieldkey,fieldname,fieldtype,calcformula from wstablefields where tablename = 'fi' and documentnumber = 39
20241016@175804.6567 e4dss3k555bui5thog2f2i29d2 Query : insert into wsfidata (fistamp,ousrdata, ousrhora, usrdata,usrhora,ousrinis,usrinis ,qtt ,ftstamp ,epv,pvmoeda ,tabiva,iva,lordem ,ref, design ,lote,armazem,bistamp ) values ('aut670ff91737670ff09c9e',getdate(),convert(char(8),convert (time,getdate())),getdate(),convert(char(8),convert (time,getdate())),'wsv','wsv',20.000 ,'aut670ff70887670ff09c2a' ,0,0 ,2,23.00,130000,?,?,?,?,?)
20241016@175804.6812 e4dss3k555bui5thog2f2i29d2 Query : select 1 valor from information_schema.tables where table_type='base table' and table_name='wstablefields'
20241016@175804.6827 e4dss3k555bui5thog2f2i29d2 Query : select fieldkey,fieldname,fieldtype,mandatory from wstablefields where tablename = 'fi' and documentnumber = 39
20241016@175804.6852 e4dss3k555bui5thog2f2i29d2 Query : select 1 valor from information_schema.tables where table_type='base table' and table_name='wstablefields'
20241016@175804.6867 e4dss3k555bui5thog2f2i29d2 Query : select fieldkey,fieldname,fieldtype,mandatory from wstablefields where tablename = 'fi2' and documentnumber = 39
20241016@175804.6875 e4dss3k555bui5thog2f2i29d2 Query : select top 1 convert(numeric(6,2),t.taxa) valor from taxasiva t where t.codigo='2'
20241016@175804.6887 e4dss3k555bui5thog2f2i29d2 Query : select 1 valor from information_schema.tables where table_type='base table' and table_name='wstablefields'
20241016@175804.6901 e4dss3k555bui5thog2f2i29d2 Query : select fieldkey,fieldname,fieldtype,calcformula from wstablefields where tablename = 'fi2' and documentnumber = 39
20241016@175804.6912 e4dss3k555bui5thog2f2i29d2 Query : insert into wsfi2data (fi2stamp,ftstamp ,ousrdata, ousrhora, usrdata,usrhora,ousrinis,usrinis) values ('aut670ff21310670ff09ca8','aut670ff70887670ff09c2a' ,getdate(),convert(char(8),convert (time,getdate())),getdate(),convert(char(8),convert (time,getdate())),'wsv','wsv')
20241016@175804.6917 e4dss3k555bui5thog2f2i29d2 Query : select 1 valor from information_schema.tables where table_type='base table' and table_name='wstablefields'
20241016@175804.6932 e4dss3k555bui5thog2f2i29d2 Query : select fieldkey,fieldname,fieldtype,calcformula from wstablefields where tablename = 'fi' and documentnumber = 39
20241016@175804.6960 e4dss3k555bui5thog2f2i29d2 Query : insert into wsfidata (fistamp,ousrdata, ousrhora, usrdata,usrhora,ousrinis,usrinis ,qtt ,ftstamp ,epv,pvmoeda ,tabiva,iva,lordem ,ref, design ,armazem) values ('aut670ff21310670ff09ca8',getdate(),convert(char(8),convert (time,getdate())),getdate(),convert(char(8),convert (time,getdate())),'wsv','wsv',0 ,'aut670ff70887670ff09c2a' ,0,0 ,2,23.00,140000,?,?,?)
20241016@175804.7196 e4dss3k555bui5thog2f2i29d2 Query : use flama_phc
20241016@175804.7199 e4dss3k555bui5thog2f2i29d2 Query : select st.usalote valor from st where st.ref = '324.1847.00.1'
20241016@175804.7218 e4dss3k555bui5thog2f2i29d2 Query : select top 1 st.tabiva ,st.ivaincl ,st.stns ,st.uni2 ,st.familia ,isnull(tx.taxa, 0) txiva ,unidade ,usalote ,epcpond ,noserie ,conversao ,st.texteis from st left join taxasiva tx on st.tabiva = tx.codigo where st.ref = '324.1847.00.1'
20241016@175804.7231 e4dss3k555bui5thog2f2i29d2 Query : select 1 valor from information_schema.tables where table_type='base table' and table_name='wstablefields'
20241016@175804.7246 e4dss3k555bui5thog2f2i29d2 Query : select fieldkey,fieldname,fieldtype,mandatory from wstablefields where tablename = 'fi' and documentnumber = 39
20241016@175804.7271 e4dss3k555bui5thog2f2i29d2 Query : select 1 valor from information_schema.tables where table_type='base table' and table_name='wstablefields'
20241016@175804.7285 e4dss3k555bui5thog2f2i29d2 Query : select fieldkey,fieldname,fieldtype,mandatory from wstablefields where tablename = 'fi2' and documentnumber = 39
20241016@175804.7293 e4dss3k555bui5thog2f2i29d2 Query : select top 1 convert(numeric(6,2),t.taxa) valor from taxasiva t where t.codigo='2'
20241016@175804.7305 e4dss3k555bui5thog2f2i29d2 Query : select sestamp valor from se where ref ='324.1847.00.1' and lote = 'r2400482200a'
20241016@175804.7316 e4dss3k555bui5thog2f2i29d2 Query : select 1 valor from information_schema.tables where table_type='base table' and table_name='wstablefields'
20241016@175804.7333 e4dss3k555bui5thog2f2i29d2 Query : select fieldkey,fieldname,fieldtype,calcformula from wstablefields where tablename = 'fi2' and documentnumber = 39
20241016@175804.7344 e4dss3k555bui5thog2f2i29d2 Query : insert into wsfi2data (fi2stamp,ftstamp ,ousrdata, ousrhora, usrdata,usrhora,ousrinis,usrinis) values ('aut670ff88463670ff09cb2','aut670ff70887670ff09c2a' ,getdate(),convert(char(8),convert (time,getdate())),getdate(),convert(char(8),convert (time,getdate())),'wsv','wsv')
20241016@175804.7347 e4dss3k555bui5thog2f2i29d2 Query : select 1 valor from information_schema.tables where table_type='base table' and table_name='wstablefields'
20241016@175804.7361 e4dss3k555bui5thog2f2i29d2 Query : select fieldkey,fieldname,fieldtype,calcformula from wstablefields where tablename = 'fi' and documentnumber = 39
20241016@175804.7397 e4dss3k555bui5thog2f2i29d2 Query : insert into wsfidata (fistamp,ousrdata, ousrhora, usrdata,usrhora,ousrinis,usrinis ,qtt ,ftstamp ,epv,pvmoeda ,tabiva,iva,lordem ,ref, design ,lote,armazem,bistamp ) values ('aut670ff88463670ff09cb2',getdate(),convert(char(8),convert (time,getdate())),getdate(),convert(char(8),convert (time,getdate())),'wsv','wsv',20.000 ,'aut670ff70887670ff09c2a' ,0,0 ,2,23.00,160000,?,?,?,?,?)
20241016@175804.7634 e4dss3k555bui5thog2f2i29d2 Query : select 1 valor from information_schema.tables where table_type='base table' and table_name='wstablefields'
20241016@175804.7650 e4dss3k555bui5thog2f2i29d2 Query : select fieldkey,fieldname,fieldtype,mandatory from wstablefields where tablename = 'fi' and documentnumber = 39
20241016@175804.7674 e4dss3k555bui5thog2f2i29d2 Query : select 1 valor from information_schema.tables where table_type='base table' and table_name='wstablefields'
20241016@175804.7688 e4dss3k555bui5thog2f2i29d2 Query : select fieldkey,fieldname,fieldtype,mandatory from wstablefields where tablename = 'fi2' and documentnumber = 39
20241016@175804.7697 e4dss3k555bui5thog2f2i29d2 Query : select top 1 convert(numeric(6,2),t.taxa) valor from taxasiva t where t.codigo='2'
20241016@175804.7709 e4dss3k555bui5thog2f2i29d2 Query : select 1 valor from information_schema.tables where table_type='base table' and table_name='wstablefields'
20241016@175804.7723 e4dss3k555bui5thog2f2i29d2 Query : select fieldkey,fieldname,fieldtype,calcformula from wstablefields where tablename = 'fi2' and documentnumber = 39
20241016@175804.7734 e4dss3k555bui5thog2f2i29d2 Query : insert into wsfi2data (fi2stamp,ftstamp ,ousrdata, ousrhora, usrdata,usrhora,ousrinis,usrinis) values ('aut670ff10633670ff09cbc','aut670ff70887670ff09c2a' ,getdate(),convert(char(8),convert (time,getdate())),getdate(),convert(char(8),convert (time,getdate())),'wsv','wsv')
20241016@175804.7738 e4dss3k555bui5thog2f2i29d2 Query : select 1 valor from information_schema.tables where table_type='base table' and table_name='wstablefields'
20241016@175804.7752 e4dss3k555bui5thog2f2i29d2 Query : select fieldkey,fieldname,fieldtype,calcformula from wstablefields where tablename = 'fi' and documentnumber = 39
20241016@175804.7779 e4dss3k555bui5thog2f2i29d2 Query : insert into wsfidata (fistamp,ousrdata, ousrhora, usrdata,usrhora,ousrinis,usrinis ,qtt ,ftstamp ,epv,pvmoeda ,tabiva,iva,lordem ,ref, design ,armazem) values ('aut670ff10633670ff09cbc',getdate(),convert(char(8),convert (time,getdate())),getdate(),convert(char(8),convert (time,getdate())),'wsv','wsv',0 ,'aut670ff70887670ff09c2a' ,0,0 ,2,23.00,170000,?,?,?)
20241016@175804.7991 e4dss3k555bui5thog2f2i29d2 Query : use flama_phc
20241016@175804.7994 e4dss3k555bui5thog2f2i29d2 Query : select st.usalote valor from st where st.ref = '324.1847.00.1'
20241016@175804.8013 e4dss3k555bui5thog2f2i29d2 Query : select top 1 st.tabiva ,st.ivaincl ,st.stns ,st.uni2 ,st.familia ,isnull(tx.taxa, 0) txiva ,unidade ,usalote ,epcpond ,noserie ,conversao ,st.texteis from st left join taxasiva tx on st.tabiva = tx.codigo where st.ref = '324.1847.00.1'
20241016@175804.8027 e4dss3k555bui5thog2f2i29d2 Query : select 1 valor from information_schema.tables where table_type='base table' and table_name='wstablefields'
20241016@175804.8640 e4dss3k555bui5thog2f2i29d2 Query : select fieldkey,fieldname,fieldtype,mandatory from wstablefields where tablename = 'fi' and documentnumber = 39
20241016@175804.8666 e4dss3k555bui5thog2f2i29d2 Query : select 1 valor from information_schema.tables where table_type='base table' and table_name='wstablefields'
20241016@175804.8682 e4dss3k555bui5thog2f2i29d2 Query : select fieldkey,fieldname,fieldtype,mandatory from wstablefields where tablename = 'fi2' and documentnumber = 39
20241016@175804.8690 e4dss3k555bui5thog2f2i29d2 Query : select top 1 convert(numeric(6,2),t.taxa) valor from taxasiva t where t.codigo='2'
20241016@175804.8702 e4dss3k555bui5thog2f2i29d2 Query : select sestamp valor from se where ref ='324.1847.00.1' and lote = 'r2400482200a'
20241016@175804.8714 e4dss3k555bui5thog2f2i29d2 Query : select 1 valor from information_schema.tables where table_type='base table' and table_name='wstablefields'
20241016@175804.8728 e4dss3k555bui5thog2f2i29d2 Query : select fieldkey,fieldname,fieldtype,calcformula from wstablefields where tablename = 'fi2' and documentnumber = 39
20241016@175804.8739 e4dss3k555bui5thog2f2i29d2 Query : insert into wsfi2data (fi2stamp,ftstamp ,ousrdata, ousrhora, usrdata,usrhora,ousrinis,usrinis) values ('aut670ff67660670ff09cd4','aut670ff70887670ff09c2a' ,getdate(),convert(char(8),convert (time,getdate())),getdate(),convert(char(8),convert (time,getdate())),'wsv','wsv')
20241016@175804.8744 e4dss3k555bui5thog2f2i29d2 Query : select 1 valor from information_schema.tables where table_type='base table' and table_name='wstablefields'
20241016@175804.8757 e4dss3k555bui5thog2f2i29d2 Query : select fieldkey,fieldname,fieldtype,calcformula from wstablefields where tablename = 'fi' and documentnumber = 39
20241016@175804.8785 e4dss3k555bui5thog2f2i29d2 Query : insert into wsfidata (fistamp,ousrdata, ousrhora, usrdata,usrhora,ousrinis,usrinis ,qtt ,ftstamp ,epv,pvmoeda ,tabiva,iva,lordem ,ref, design ,lote,armazem,bistamp ) values ('aut670ff67660670ff09cd4',getdate(),convert(char(8),convert (time,getdate())),getdate(),convert(char(8),convert (time,getdate())),'wsv','wsv',20.000 ,'aut670ff70887670ff09c2a' ,0,0 ,2,23.00,190000,?,?,?,?,?)
20241016@175804.9006 e4dss3k555bui5thog2f2i29d2 Query : select 1 valor from information_schema.tables where table_type='base table' and table_name='wstablefields'
20241016@175804.9022 e4dss3k555bui5thog2f2i29d2 Query : select fieldkey,fieldname,fieldtype,mandatory from wstablefields where tablename = 'fi' and documentnumber = 39
20241016@175804.9046 e4dss3k555bui5thog2f2i29d2 Query : select 1 valor from information_schema.tables where table_type='base table' and table_name='wstablefields'
20241016@175804.9060 e4dss3k555bui5thog2f2i29d2 Query : select fieldkey,fieldname,fieldtype,mandatory from wstablefields where tablename = 'fi2' and documentnumber = 39
20241016@175804.9068 e4dss3k555bui5thog2f2i29d2 Query : select top 1 convert(numeric(6,2),t.taxa) valor from taxasiva t where t.codigo='2'
20241016@175804.9079 e4dss3k555bui5thog2f2i29d2 Query : select 1 valor from information_schema.tables where table_type='base table' and table_name='wstablefields'
20241016@175804.9094 e4dss3k555bui5thog2f2i29d2 Query : select fieldkey,fieldname,fieldtype,calcformula from wstablefields where tablename = 'fi2' and documentnumber = 39
20241016@175804.9105 e4dss3k555bui5thog2f2i29d2 Query : insert into wsfi2data (fi2stamp,ftstamp ,ousrdata, ousrhora, usrdata,usrhora,ousrinis,usrinis) values ('aut670ff44283670ff09cdd','aut670ff70887670ff09c2a' ,getdate(),convert(char(8),convert (time,getdate())),getdate(),convert(char(8),convert (time,getdate())),'wsv','wsv')
20241016@175804.9109 e4dss3k555bui5thog2f2i29d2 Query : select 1 valor from information_schema.tables where table_type='base table' and table_name='wstablefields'
20241016@175804.9123 e4dss3k555bui5thog2f2i29d2 Query : select fieldkey,fieldname,fieldtype,calcformula from wstablefields where tablename = 'fi' and documentnumber = 39
20241016@175804.9150 e4dss3k555bui5thog2f2i29d2 Query : insert into wsfidata (fistamp,ousrdata, ousrhora, usrdata,usrhora,ousrinis,usrinis ,qtt ,ftstamp ,epv,pvmoeda ,tabiva,iva,lordem ,ref, design ,armazem) values ('aut670ff44283670ff09cdd',getdate(),convert(char(8),convert (time,getdate())),getdate(),convert(char(8),convert (time,getdate())),'wsv','wsv',0 ,'aut670ff70887670ff09c2a' ,0,0 ,2,23.00,200000,?,?,?)
20241016@175804.9367 e4dss3k555bui5thog2f2i29d2 Query : use flama_phc
20241016@175804.9370 e4dss3k555bui5thog2f2i29d2 Query : select st.usalote valor from st where st.ref = '324.1847.00.1'
20241016@175804.9417 e4dss3k555bui5thog2f2i29d2 Query : select top 1 st.tabiva ,st.ivaincl ,st.stns ,st.uni2 ,st.familia ,isnull(tx.taxa, 0) txiva ,unidade ,usalote ,epcpond ,noserie ,conversao ,st.texteis from st left join taxasiva tx on st.tabiva = tx.codigo where st.ref = '324.1847.00.1'
20241016@175804.9430 e4dss3k555bui5thog2f2i29d2 Query : select 1 valor from information_schema.tables where table_type='base table' and table_name='wstablefields'
20241016@175804.9446 e4dss3k555bui5thog2f2i29d2 Query : select fieldkey,fieldname,fieldtype,mandatory from wstablefields where tablename = 'fi' and documentnumber = 39
20241016@175804.9471 e4dss3k555bui5thog2f2i29d2 Query : select 1 valor from information_schema.tables where table_type='base table' and table_name='wstablefields'
20241016@175804.9485 e4dss3k555bui5thog2f2i29d2 Query : select fieldkey,fieldname,fieldtype,mandatory from wstablefields where tablename = 'fi2' and documentnumber = 39
20241016@175804.9494 e4dss3k555bui5thog2f2i29d2 Query : select top 1 convert(numeric(6,2),t.taxa) valor from taxasiva t where t.codigo='2'
20241016@175804.9508 e4dss3k555bui5thog2f2i29d2 Query : select sestamp valor from se where ref ='324.1847.00.1' and lote = 'r2400482200a'
20241016@175804.9520 e4dss3k555bui5thog2f2i29d2 Query : select 1 valor from information_schema.tables where table_type='base table' and table_name='wstablefields'
20241016@175804.9537 e4dss3k555bui5thog2f2i29d2 Query : select fieldkey,fieldname,fieldtype,calcformula from wstablefields where tablename = 'fi2' and documentnumber = 39
20241016@175804.9549 e4dss3k555bui5thog2f2i29d2 Query : insert into wsfi2data (fi2stamp,ftstamp ,ousrdata, ousrhora, usrdata,usrhora,ousrinis,usrinis) values ('aut670ff80425670ff09ce8','aut670ff70887670ff09c2a' ,getdate(),convert(char(8),convert (time,getdate())),getdate(),convert(char(8),convert (time,getdate())),'wsv','wsv')
20241016@175804.9553 e4dss3k555bui5thog2f2i29d2 Query : select 1 valor from information_schema.tables where table_type='base table' and table_name='wstablefields'
20241016@175804.9568 e4dss3k555bui5thog2f2i29d2 Query : select fieldkey,fieldname,fieldtype,calcformula from wstablefields where tablename = 'fi' and documentnumber = 39
20241016@175804.9595 e4dss3k555bui5thog2f2i29d2 Query : insert into wsfidata (fistamp,ousrdata, ousrhora, usrdata,usrhora,ousrinis,usrinis ,qtt ,ftstamp ,epv,pvmoeda ,tabiva,iva,lordem ,ref, design ,lote,armazem,bistamp ) values ('aut670ff80425670ff09ce8',getdate(),convert(char(8),convert (time,getdate())),getdate(),convert(char(8),convert (time,getdate())),'wsv','wsv',20.000 ,'aut670ff70887670ff09c2a' ,0,0 ,2,23.00,220000,?,?,?,?,?)
20241016@175804.9980 e4dss3k555bui5thog2f2i29d2 Query : select 1 valor from information_schema.tables where table_type='base table' and table_name='wstablefields'
20241016@175805.3000 e4dss3k555bui5thog2f2i29d2 Query : select fieldkey,fieldname,fieldtype,mandatory from wstablefields where tablename = 'fi' and documentnumber = 39
20241016@175805.5600 e4dss3k555bui5thog2f2i29d2 Query : select 1 valor from information_schema.tables where table_type='base table' and table_name='wstablefields'
20241016@175805.7100 e4dss3k555bui5thog2f2i29d2 Query : select fieldkey,fieldname,fieldtype,mandatory from wstablefields where tablename = 'fi2' and documentnumber = 39
20241016@175805.1080 e4dss3k555bui5thog2f2i29d2 Query : select top 1 convert(numeric(6,2),t.taxa) valor from taxasiva t where t.codigo='2'
20241016@175805.1200 e4dss3k555bui5thog2f2i29d2 Query : select 1 valor from information_schema.tables where table_type='base table' and table_name='wstablefields'
20241016@175805.1340 e4dss3k555bui5thog2f2i29d2 Query : select fieldkey,fieldname,fieldtype,calcformula from wstablefields where tablename = 'fi2' and documentnumber = 39
20241016@175805.1450 e4dss3k555bui5thog2f2i29d2 Query : insert into wsfi2data (fi2stamp,ftstamp ,ousrdata, ousrhora, usrdata,usrhora,ousrinis,usrinis) values ('aut670ff19324670ff09d02','aut670ff70887670ff09c2a' ,getdate(),convert(char(8),convert (time,getdate())),getdate(),convert(char(8),convert (time,getdate())),'wsv','wsv')
20241016@175805.1490 e4dss3k555bui5thog2f2i29d2 Query : select 1 valor from information_schema.tables where table_type='base table' and table_name='wstablefields'
20241016@175805.1630 e4dss3k555bui5thog2f2i29d2 Query : select fieldkey,fieldname,fieldtype,calcformula from wstablefields where tablename = 'fi' and documentnumber = 39
20241016@175805.1920 e4dss3k555bui5thog2f2i29d2 Query : insert into wsfidata (fistamp,ousrdata, ousrhora, usrdata,usrhora,ousrinis,usrinis ,qtt ,ftstamp ,epv,pvmoeda ,tabiva,iva,lordem ,ref, design ,armazem) values ('aut670ff19324670ff09d02',getdate(),convert(char(8),convert (time,getdate())),getdate(),convert(char(8),convert (time,getdate())),'wsv','wsv',0 ,'aut670ff70887670ff09c2a' ,0,0 ,2,23.00,230000,?,?,?)
20241016@175805.4130 e4dss3k555bui5thog2f2i29d2 Query : use flama_phc
20241016@175805.4160 e4dss3k555bui5thog2f2i29d2 Query : select st.usalote valor from st where st.ref = '324.1847.00.1'
20241016@175805.4360 e4dss3k555bui5thog2f2i29d2 Query : select top 1 st.tabiva ,st.ivaincl ,st.stns ,st.uni2 ,st.familia ,isnull(tx.taxa, 0) txiva ,unidade ,usalote ,epcpond ,noserie ,conversao ,st.texteis from st left join taxasiva tx on st.tabiva = tx.codigo where st.ref = '324.1847.00.1'
20241016@175805.4510 e4dss3k555bui5thog2f2i29d2 Query : select 1 valor from information_schema.tables where table_type='base table' and table_name='wstablefields'
20241016@175805.4660 e4dss3k555bui5thog2f2i29d2 Query : select fieldkey,fieldname,fieldtype,mandatory from wstablefields where tablename = 'fi' and documentnumber = 39
20241016@175805.4930 e4dss3k555bui5thog2f2i29d2 Query : select 1 valor from information_schema.tables where table_type='base table' and table_name='wstablefields'
20241016@175805.5080 e4dss3k555bui5thog2f2i29d2 Query : select fieldkey,fieldname,fieldtype,mandatory from wstablefields where tablename = 'fi2' and documentnumber = 39
20241016@175805.5160 e4dss3k555bui5thog2f2i29d2 Query : select top 1 convert(numeric(6,2),t.taxa) valor from taxasiva t where t.codigo='2'
20241016@175805.5280 e4dss3k555bui5thog2f2i29d2 Query : select sestamp valor from se where ref ='324.1847.00.1' and lote = 'r2400482200a'
20241016@175805.5410 e4dss3k555bui5thog2f2i29d2 Query : select 1 valor from information_schema.tables where table_type='base table' and table_name='wstablefields'
20241016@175805.5550 e4dss3k555bui5thog2f2i29d2 Query : select fieldkey,fieldname,fieldtype,calcformula from wstablefields where tablename = 'fi2' and documentnumber = 39
20241016@175805.5660 e4dss3k555bui5thog2f2i29d2 Query : insert into wsfi2data (fi2stamp,ftstamp ,ousrdata, ousrhora, usrdata,usrhora,ousrinis,usrinis) values ('aut670ff79469670ff09d0d','aut670ff70887670ff09c2a' ,getdate(),convert(char(8),convert (time,getdate())),getdate(),convert(char(8),convert (time,getdate())),'wsv','wsv')
20241016@175805.5700 e4dss3k555bui5thog2f2i29d2 Query : select 1 valor from information_schema.tables where table_type='base table' and table_name='wstablefields'
20241016@175805.5840 e4dss3k555bui5thog2f2i29d2 Query : select fieldkey,fieldname,fieldtype,calcformula from wstablefields where tablename = 'fi' and documentnumber = 39
20241016@175805.6130 e4dss3k555bui5thog2f2i29d2 Query : insert into wsfidata (fistamp,ousrdata, ousrhora, usrdata,usrhora,ousrinis,usrinis ,qtt ,ftstamp ,epv,pvmoeda ,tabiva,iva,lordem ,ref, design ,lote,armazem,bistamp ) values ('aut670ff79469670ff09d0d',getdate(),convert(char(8),convert (time,getdate())),getdate(),convert(char(8),convert (time,getdate())),'wsv','wsv',20.000 ,'aut670ff70887670ff09c2a' ,0,0 ,2,23.00,250000,?,?,?,?,?)
20241016@175805.8700 e4dss3k555bui5thog2f2i29d2 Query : select 1 valor from information_schema.tables where table_type='base table' and table_name='wstablefields'
20241016@175805.8890 e4dss3k555bui5thog2f2i29d2 Query : select fieldkey,fieldname,fieldtype,mandatory from wstablefields where tablename = 'fi' and documentnumber = 39
20241016@175805.9170 e4dss3k555bui5thog2f2i29d2 Query : select 1 valor from information_schema.tables where table_type='base table' and table_name='wstablefields'
20241016@175805.9330 e4dss3k555bui5thog2f2i29d2 Query : select fieldkey,fieldname,fieldtype,mandatory from wstablefields where tablename = 'fi2' and documentnumber = 39
20241016@175805.9430 e4dss3k555bui5thog2f2i29d2 Query : select top 1 convert(numeric(6,2),t.taxa) valor from taxasiva t where t.codigo='2'
20241016@175805.9570 e4dss3k555bui5thog2f2i29d2 Query : select 1 valor from information_schema.tables where table_type='base table' and table_name='wstablefields'
20241016@175805.9730 e4dss3k555bui5thog2f2i29d2 Query : select fieldkey,fieldname,fieldtype,calcformula from wstablefields where tablename = 'fi2' and documentnumber = 39
20241016@175805.9870 e4dss3k555bui5thog2f2i29d2 Query : insert into wsfi2data (fi2stamp,ftstamp ,ousrdata, ousrhora, usrdata,usrhora,ousrinis,usrinis) values ('aut670ff76705670ff09d17','aut670ff70887670ff09c2a' ,getdate(),convert(char(8),convert (time,getdate())),getdate(),convert(char(8),convert (time,getdate())),'wsv','wsv')
20241016@175805.9910 e4dss3k555bui5thog2f2i29d2 Query : select 1 valor from information_schema.tables where table_type='base table' and table_name='wstablefields'
20241016@175805.1008 e4dss3k555bui5thog2f2i29d2 Query : select fieldkey,fieldname,fieldtype,calcformula from wstablefields where tablename = 'fi' and documentnumber = 39
20241016@175805.1038 e4dss3k555bui5thog2f2i29d2 Query : insert into wsfidata (fistamp,ousrdata, ousrhora, usrdata,usrhora,ousrinis,usrinis ,qtt ,ftstamp ,epv,pvmoeda ,tabiva,iva,lordem ,ref, design ,armazem) values ('aut670ff76705670ff09d17',getdate(),convert(char(8),convert (time,getdate())),getdate(),convert(char(8),convert (time,getdate())),'wsv','wsv',0 ,'aut670ff70887670ff09c2a' ,0,0 ,2,23.00,260000,?,?,?)
20241016@175805.1255 e4dss3k555bui5thog2f2i29d2 Query : use flama_phc
20241016@175805.1258 e4dss3k555bui5thog2f2i29d2 Query : select st.usalote valor from st where st.ref = '324.1847.00.1'
20241016@175805.1277 e4dss3k555bui5thog2f2i29d2 Query : select top 1 st.tabiva ,st.ivaincl ,st.stns ,st.uni2 ,st.familia ,isnull(tx.taxa, 0) txiva ,unidade ,usalote ,epcpond ,noserie ,conversao ,st.texteis from st left join taxasiva tx on st.tabiva = tx.codigo where st.ref = '324.1847.00.1'
20241016@175805.1289 e4dss3k555bui5thog2f2i29d2 Query : select 1 valor from information_schema.tables where table_type='base table' and table_name='wstablefields'
20241016@175805.1465 e4dss3k555bui5thog2f2i29d2 Query : select fieldkey,fieldname,fieldtype,mandatory from wstablefields where tablename = 'fi' and documentnumber = 39
20241016@175805.1682 e4dss3k555bui5thog2f2i29d2 Query : select 1 valor from information_schema.tables where table_type='base table' and table_name='wstablefields'
20241016@175805.1698 e4dss3k555bui5thog2f2i29d2 Query : select fieldkey,fieldname,fieldtype,mandatory from wstablefields where tablename = 'fi2' and documentnumber = 39
20241016@175805.1707 e4dss3k555bui5thog2f2i29d2 Query : select top 1 convert(numeric(6,2),t.taxa) valor from taxasiva t where t.codigo='2'
20241016@175805.1719 e4dss3k555bui5thog2f2i29d2 Query : select sestamp valor from se where ref ='324.1847.00.1' and lote = 'r2400482200a'
20241016@175805.1731 e4dss3k555bui5thog2f2i29d2 Query : select 1 valor from information_schema.tables where table_type='base table' and table_name='wstablefields'
20241016@175805.1772 e4dss3k555bui5thog2f2i29d2 Query : select fieldkey,fieldname,fieldtype,calcformula from wstablefields where tablename = 'fi2' and documentnumber = 39
20241016@175805.1783 e4dss3k555bui5thog2f2i29d2 Query : insert into wsfi2data (fi2stamp,ftstamp ,ousrdata, ousrhora, usrdata,usrhora,ousrinis,usrinis) values ('aut670ff98279670ff09d2a','aut670ff70887670ff09c2a' ,getdate(),convert(char(8),convert (time,getdate())),getdate(),convert(char(8),convert (time,getdate())),'wsv','wsv')
20241016@175805.1788 e4dss3k555bui5thog2f2i29d2 Query : select 1 valor from information_schema.tables where table_type='base table' and table_name='wstablefields'
20241016@175805.1803 e4dss3k555bui5thog2f2i29d2 Query : select fieldkey,fieldname,fieldtype,calcformula from wstablefields where tablename = 'fi' and documentnumber = 39
20241016@175805.1830 e4dss3k555bui5thog2f2i29d2 Query : insert into wsfidata (fistamp,ousrdata, ousrhora, usrdata,usrhora,ousrinis,usrinis ,qtt ,ftstamp ,epv,pvmoeda ,tabiva,iva,lordem ,ref, design ,lote,armazem,bistamp ) values ('aut670ff98279670ff09d2a',getdate(),convert(char(8),convert (time,getdate())),getdate(),convert(char(8),convert (time,getdate())),'wsv','wsv',20.000 ,'aut670ff70887670ff09c2a' ,0,0 ,2,23.00,280000,?,?,?,?,?)
20241016@175805.2054 e4dss3k555bui5thog2f2i29d2 Query : select 1 valor from information_schema.tables where table_type='base table' and table_name='wstablefields'
20241016@175805.2069 e4dss3k555bui5thog2f2i29d2 Query : select fieldkey,fieldname,fieldtype,mandatory from wstablefields where tablename = 'fi' and documentnumber = 39
20241016@175805.2096 e4dss3k555bui5thog2f2i29d2 Query : select 1 valor from information_schema.tables where table_type='base table' and table_name='wstablefields'
20241016@175805.2112 e4dss3k555bui5thog2f2i29d2 Query : select fieldkey,fieldname,fieldtype,mandatory from wstablefields where tablename = 'fi2' and documentnumber = 39
20241016@175805.2120 e4dss3k555bui5thog2f2i29d2 Query : select top 1 convert(numeric(6,2),t.taxa) valor from taxasiva t where t.codigo='2'
20241016@175805.2133 e4dss3k555bui5thog2f2i29d2 Query : select 1 valor from information_schema.tables where table_type='base table' and table_name='wstablefields'
20241016@175805.2146 e4dss3k555bui5thog2f2i29d2 Query : select fieldkey,fieldname,fieldtype,calcformula from wstablefields where tablename = 'fi2' and documentnumber = 39
20241016@175805.2184 e4dss3k555bui5thog2f2i29d2 Query : insert into wsfi2data (fi2stamp,ftstamp ,ousrdata, ousrhora, usrdata,usrhora,ousrinis,usrinis) values ('aut670ff02538670ff09d34','aut670ff70887670ff09c2a' ,getdate(),convert(char(8),convert (time,getdate())),getdate(),convert(char(8),convert (time,getdate())),'wsv','wsv')
20241016@175805.2188 e4dss3k555bui5thog2f2i29d2 Query : select 1 valor from information_schema.tables where table_type='base table' and table_name='wstablefields'
20241016@175805.2202 e4dss3k555bui5thog2f2i29d2 Query : select fieldkey,fieldname,fieldtype,calcformula from wstablefields where tablename = 'fi' and documentnumber = 39
20241016@175805.2228 e4dss3k555bui5thog2f2i29d2 Query : insert into wsfidata (fistamp,ousrdata, ousrhora, usrdata,usrhora,ousrinis,usrinis ,qtt ,ftstamp ,epv,pvmoeda ,tabiva,iva,lordem ,ref, design ,armazem) values ('aut670ff02538670ff09d34',getdate(),convert(char(8),convert (time,getdate())),getdate(),convert(char(8),convert (time,getdate())),'wsv','wsv',0 ,'aut670ff70887670ff09c2a' ,0,0 ,2,23.00,290000,?,?,?)
20241016@175805.2436 e4dss3k555bui5thog2f2i29d2 Query : use flama_phc
20241016@175805.2439 e4dss3k555bui5thog2f2i29d2 Query : select st.usalote valor from st where st.ref = '324.1847.00.1'
20241016@175805.2458 e4dss3k555bui5thog2f2i29d2 Query : select top 1 st.tabiva ,st.ivaincl ,st.stns ,st.uni2 ,st.familia ,isnull(tx.taxa, 0) txiva ,unidade ,usalote ,epcpond ,noserie ,conversao ,st.texteis from st left join taxasiva tx on st.tabiva = tx.codigo where st.ref = '324.1847.00.1'
20241016@175805.2471 e4dss3k555bui5thog2f2i29d2 Query : select 1 valor from information_schema.tables where table_type='base table' and table_name='wstablefields'
20241016@175805.2485 e4dss3k555bui5thog2f2i29d2 Query : select fieldkey,fieldname,fieldtype,mandatory from wstablefields where tablename = 'fi' and documentnumber = 39
20241016@175805.2537 e4dss3k555bui5thog2f2i29d2 Query : select 1 valor from information_schema.tables where table_type='base table' and table_name='wstablefields'
20241016@175805.2551 e4dss3k555bui5thog2f2i29d2 Query : select fieldkey,fieldname,fieldtype,mandatory from wstablefields where tablename = 'fi2' and documentnumber = 39
20241016@175805.2560 e4dss3k555bui5thog2f2i29d2 Query : select top 1 convert(numeric(6,2),t.taxa) valor from taxasiva t where t.codigo='2'
20241016@175805.2571 e4dss3k555bui5thog2f2i29d2 Query : select sestamp valor from se where ref ='324.1847.00.1' and lote = 'r2400482200a'
20241016@175805.2594 e4dss3k555bui5thog2f2i29d2 Query : select 1 valor from information_schema.tables where table_type='base table' and table_name='wstablefields'
20241016@175805.2608 e4dss3k555bui5thog2f2i29d2 Query : select fieldkey,fieldname,fieldtype,calcformula from wstablefields where tablename = 'fi2' and documentnumber = 39
20241016@175805.2623 e4dss3k555bui5thog2f2i29d2 Query : insert into wsfi2data (fi2stamp,ftstamp ,ousrdata, ousrhora, usrdata,usrhora,ousrinis,usrinis) values ('aut670ff37395670ff09d3f','aut670ff70887670ff09c2a' ,getdate(),convert(char(8),convert (time,getdate())),getdate(),convert(char(8),convert (time,getdate())),'wsv','wsv')
20241016@175805.2627 e4dss3k555bui5thog2f2i29d2 Query : select 1 valor from information_schema.tables where table_type='base table' and table_name='wstablefields'
20241016@175805.2644 e4dss3k555bui5thog2f2i29d2 Query : select fieldkey,fieldname,fieldtype,calcformula from wstablefields where tablename = 'fi' and documentnumber = 39
20241016@175805.2671 e4dss3k555bui5thog2f2i29d2 Query : insert into wsfidata (fistamp,ousrdata, ousrhora, usrdata,usrhora,ousrinis,usrinis ,qtt ,ftstamp ,epv,pvmoeda ,tabiva,iva,lordem ,ref, design ,lote,armazem,bistamp ) values ('aut670ff37395670ff09d3f',getdate(),convert(char(8),convert (time,getdate())),getdate(),convert(char(8),convert (time,getdate())),'wsv','wsv',20.000 ,'aut670ff70887670ff09c2a' ,0,0 ,2,23.00,310000,?,?,?,?,?)
20241016@175805.2882 e4dss3k555bui5thog2f2i29d2 Query : select 1 valor from information_schema.tables where table_type='base table' and table_name='wstablefields'
20241016@175805.2899 e4dss3k555bui5thog2f2i29d2 Query : select fieldkey,fieldname,fieldtype,mandatory from wstablefields where tablename = 'fi' and documentnumber = 39
20241016@175805.2923 e4dss3k555bui5thog2f2i29d2 Query : select 1 valor from information_schema.tables where table_type='base table' and table_name='wstablefields'
20241016@175805.2966 e4dss3k555bui5thog2f2i29d2 Query : select fieldkey,fieldname,fieldtype,mandatory from wstablefields where tablename = 'fi2' and documentnumber = 39
20241016@175805.2979 e4dss3k555bui5thog2f2i29d2 Query : select top 1 convert(numeric(6,2),t.taxa) valor from taxasiva t where t.codigo='2'
20241016@175805.2990 e4dss3k555bui5thog2f2i29d2 Query : select 1 valor from information_schema.tables where table_type='base table' and table_name='wstablefields'
20241016@175805.3004 e4dss3k555bui5thog2f2i29d2 Query : select fieldkey,fieldname,fieldtype,calcformula from wstablefields where tablename = 'fi2' and documentnumber = 39
20241016@175805.3016 e4dss3k555bui5thog2f2i29d2 Query : insert into wsfi2data (fi2stamp,ftstamp ,ousrdata, ousrhora, usrdata,usrhora,ousrinis,usrinis) values ('aut670ff45094670ff09d49','aut670ff70887670ff09c2a' ,getdate(),convert(char(8),convert (time,getdate())),getdate(),convert(char(8),convert (time,getdate())),'wsv','wsv')
20241016@175805.3020 e4dss3k555bui5thog2f2i29d2 Query : select 1 valor from information_schema.tables where table_type='base table' and table_name='wstablefields'
20241016@175805.3036 e4dss3k555bui5thog2f2i29d2 Query : select fieldkey,fieldname,fieldtype,calcformula from wstablefields where tablename = 'fi' and documentnumber = 39
20241016@175805.3073 e4dss3k555bui5thog2f2i29d2 Query : insert into wsfidata (fistamp,ousrdata, ousrhora, usrdata,usrhora,ousrinis,usrinis ,qtt ,ftstamp ,epv,pvmoeda ,tabiva,iva,lordem ,ref, design ,armazem) values ('aut670ff45094670ff09d49',getdate(),convert(char(8),convert (time,getdate())),getdate(),convert(char(8),convert (time,getdate())),'wsv','wsv',0 ,'aut670ff70887670ff09c2a' ,0,0 ,2,23.00,320000,?,?,?)
20241016@175805.3280 e4dss3k555bui5thog2f2i29d2 Query : use flama_phc
20241016@175805.3283 e4dss3k555bui5thog2f2i29d2 Query : select st.usalote valor from st where st.ref = '324.1847.00.1'
20241016@175805.3336 e4dss3k555bui5thog2f2i29d2 Query : select top 1 st.tabiva ,st.ivaincl ,st.stns ,st.uni2 ,st.familia ,isnull(tx.taxa, 0) txiva ,unidade ,usalote ,epcpond ,noserie ,conversao ,st.texteis from st left join taxasiva tx on st.tabiva = tx.codigo where st.ref = '324.1847.00.1'
20241016@175805.3375 e4dss3k555bui5thog2f2i29d2 Query : select 1 valor from information_schema.tables where table_type='base table' and table_name='wstablefields'
20241016@175805.3395 e4dss3k555bui5thog2f2i29d2 Query : select fieldkey,fieldname,fieldtype,mandatory from wstablefields where tablename = 'fi' and documentnumber = 39
20241016@175805.3440 e4dss3k555bui5thog2f2i29d2 Query : select 1 valor from information_schema.tables where table_type='base table' and table_name='wstablefields'
20241016@175805.3458 e4dss3k555bui5thog2f2i29d2 Query : select fieldkey,fieldname,fieldtype,mandatory from wstablefields where tablename = 'fi2' and documentnumber = 39
20241016@175805.3472 e4dss3k555bui5thog2f2i29d2 Query : select top 1 convert(numeric(6,2),t.taxa) valor from taxasiva t where t.codigo='2'
20241016@175805.3484 e4dss3k555bui5thog2f2i29d2 Query : select sestamp valor from se where ref ='324.1847.00.1' and lote = 'r2400482200a'
20241016@175805.3522 e4dss3k555bui5thog2f2i29d2 Query : select 1 valor from information_schema.tables where table_type='base table' and table_name='wstablefields'
20241016@175805.3538 e4dss3k555bui5thog2f2i29d2 Query : select fieldkey,fieldname,fieldtype,calcformula from wstablefields where tablename = 'fi2' and documentnumber = 39
20241016@175805.3551 e4dss3k555bui5thog2f2i29d2 Query : insert into wsfi2data (fi2stamp,ftstamp ,ousrdata, ousrhora, usrdata,usrhora,ousrinis,usrinis) values ('aut670ff89678670ff09d55','aut670ff70887670ff09c2a' ,getdate(),convert(char(8),convert (time,getdate())),getdate(),convert(char(8),convert (time,getdate())),'wsv','wsv')
20241016@175805.3555 e4dss3k555bui5thog2f2i29d2 Query : select 1 valor from information_schema.tables where table_type='base table' and table_name='wstablefields'
20241016@175805.3569 e4dss3k555bui5thog2f2i29d2 Query : select fieldkey,fieldname,fieldtype,calcformula from wstablefields where tablename = 'fi' and documentnumber = 39
20241016@175805.3625 e4dss3k555bui5thog2f2i29d2 Query : insert into wsfidata (fistamp,ousrdata, ousrhora, usrdata,usrhora,ousrinis,usrinis ,qtt ,ftstamp ,epv,pvmoeda ,tabiva,iva,lordem ,ref, design ,lote,armazem,bistamp ) values ('aut670ff89678670ff09d55',getdate(),convert(char(8),convert (time,getdate())),getdate(),convert(char(8),convert (time,getdate())),'wsv','wsv',20.000 ,'aut670ff70887670ff09c2a' ,0,0 ,2,23.00,340000,?,?,?,?,?)
20241016@175805.3849 e4dss3k555bui5thog2f2i29d2 Query : select 1 valor from information_schema.tables where table_type='base table' and table_name='wstablefields'
20241016@175805.3864 e4dss3k555bui5thog2f2i29d2 Query : select fieldkey,fieldname,fieldtype,mandatory from wstablefields where tablename = 'fi' and documentnumber = 39
20241016@175805.5013 e4dss3k555bui5thog2f2i29d2 Query : select 1 valor from information_schema.tables where table_type='base table' and table_name='wstablefields'
20241016@175805.5035 e4dss3k555bui5thog2f2i29d2 Query : select fieldkey,fieldname,fieldtype,mandatory from wstablefields where tablename = 'fi2' and documentnumber = 39
20241016@175805.5043 e4dss3k555bui5thog2f2i29d2 Query : select top 1 convert(numeric(6,2),t.taxa) valor from taxasiva t where t.codigo='2'
20241016@175805.5056 e4dss3k555bui5thog2f2i29d2 Query : select 1 valor from information_schema.tables where table_type='base table' and table_name='wstablefields'
20241016@175805.5071 e4dss3k555bui5thog2f2i29d2 Query : select fieldkey,fieldname,fieldtype,calcformula from wstablefields where tablename = 'fi2' and documentnumber = 39
20241016@175805.5084 e4dss3k555bui5thog2f2i29d2 Query : insert into wsfi2data (fi2stamp,ftstamp ,ousrdata, ousrhora, usrdata,usrhora,ousrinis,usrinis) values ('aut670ff11812670ff09d7b','aut670ff70887670ff09c2a' ,getdate(),convert(char(8),convert (time,getdate())),getdate(),convert(char(8),convert (time,getdate())),'wsv','wsv')
20241016@175805.5088 e4dss3k555bui5thog2f2i29d2 Query : select 1 valor from information_schema.tables where table_type='base table' and table_name='wstablefields'
20241016@175805.5110 e4dss3k555bui5thog2f2i29d2 Query : select fieldkey,fieldname,fieldtype,calcformula from wstablefields where tablename = 'fi' and documentnumber = 39
20241016@175805.5137 e4dss3k555bui5thog2f2i29d2 Query : insert into wsfidata (fistamp,ousrdata, ousrhora, usrdata,usrhora,ousrinis,usrinis ,qtt ,ftstamp ,epv,pvmoeda ,tabiva,iva,lordem ,ref, design ,armazem) values ('aut670ff11812670ff09d7b',getdate(),convert(char(8),convert (time,getdate())),getdate(),convert(char(8),convert (time,getdate())),'wsv','wsv',0 ,'aut670ff70887670ff09c2a' ,0,0 ,2,23.00,350000,?,?,?)
20241016@175805.5378 e4dss3k555bui5thog2f2i29d2 Query : use flama_phc
20241016@175805.5381 e4dss3k555bui5thog2f2i29d2 Query : select st.usalote valor from st where st.ref = '324.1847.00.1'
20241016@175805.5409 e4dss3k555bui5thog2f2i29d2 Query : select top 1 st.tabiva ,st.ivaincl ,st.stns ,st.uni2 ,st.familia ,isnull(tx.taxa, 0) txiva ,unidade ,usalote ,epcpond ,noserie ,conversao ,st.texteis from st left join taxasiva tx on st.tabiva = tx.codigo where st.ref = '324.1847.00.1'
20241016@175805.5422 e4dss3k555bui5thog2f2i29d2 Query : select 1 valor from information_schema.tables where table_type='base table' and table_name='wstablefields'
20241016@175805.5444 e4dss3k555bui5thog2f2i29d2 Query : select fieldkey,fieldname,fieldtype,mandatory from wstablefields where tablename = 'fi' and documentnumber = 39
20241016@175805.5473 e4dss3k555bui5thog2f2i29d2 Query : select 1 valor from information_schema.tables where table_type='base table' and table_name='wstablefields'
20241016@175805.5487 e4dss3k555bui5thog2f2i29d2 Query : select fieldkey,fieldname,fieldtype,mandatory from wstablefields where tablename = 'fi2' and documentnumber = 39
20241016@175805.5495 e4dss3k555bui5thog2f2i29d2 Query : select top 1 convert(numeric(6,2),t.taxa) valor from taxasiva t where t.codigo='2'
20241016@175805.5507 e4dss3k555bui5thog2f2i29d2 Query : select sestamp valor from se where ref ='324.1847.00.1' and lote = 'r2400482200a'
20241016@175805.5542 e4dss3k555bui5thog2f2i29d2 Query : select 1 valor from information_schema.tables where table_type='base table' and table_name='wstablefields'
20241016@175805.5558 e4dss3k555bui5thog2f2i29d2 Query : select fieldkey,fieldname,fieldtype,calcformula from wstablefields where tablename = 'fi2' and documentnumber = 39
20241016@175805.5570 e4dss3k555bui5thog2f2i29d2 Query : insert into wsfi2data (fi2stamp,ftstamp ,ousrdata, ousrhora, usrdata,usrhora,ousrinis,usrinis) values ('aut670ff99686670ff09d87','aut670ff70887670ff09c2a' ,getdate(),convert(char(8),convert (time,getdate())),getdate(),convert(char(8),convert (time,getdate())),'wsv','wsv')
20241016@175805.5574 e4dss3k555bui5thog2f2i29d2 Query : select 1 valor from information_schema.tables where table_type='base table' and table_name='wstablefields'
20241016@175805.5588 e4dss3k555bui5thog2f2i29d2 Query : select fieldkey,fieldname,fieldtype,calcformula from wstablefields where tablename = 'fi' and documentnumber = 39
20241016@175805.5621 e4dss3k555bui5thog2f2i29d2 Query : insert into wsfidata (fistamp,ousrdata, ousrhora, usrdata,usrhora,ousrinis,usrinis ,qtt ,ftstamp ,epv,pvmoeda ,tabiva,iva,lordem ,ref, design ,lote,armazem,bistamp ) values ('aut670ff99686670ff09d87',getdate(),convert(char(8),convert (time,getdate())),getdate(),convert(char(8),convert (time,getdate())),'wsv','wsv',20.000 ,'aut670ff70887670ff09c2a' ,0,0 ,2,23.00,370000,?,?,?,?,?)
20241016@175805.5854 e4dss3k555bui5thog2f2i29d2 Query : select 1 valor from information_schema.tables where table_type='base table' and table_name='wstablefields'
20241016@175805.5869 e4dss3k555bui5thog2f2i29d2 Query : select fieldkey,fieldname,fieldtype,mandatory from wstablefields where tablename = 'fi' and documentnumber = 39
20241016@175805.5895 e4dss3k555bui5thog2f2i29d2 Query : select 1 valor from information_schema.tables where table_type='base table' and table_name='wstablefields'
20241016@175805.5912 e4dss3k555bui5thog2f2i29d2 Query : select fieldkey,fieldname,fieldtype,mandatory from wstablefields where tablename = 'fi2' and documentnumber = 39
20241016@175805.5920 e4dss3k555bui5thog2f2i29d2 Query : select top 1 convert(numeric(6,2),t.taxa) valor from taxasiva t where t.codigo='2'
20241016@175805.5956 e4dss3k555bui5thog2f2i29d2 Query : select 1 valor from information_schema.tables where table_type='base table' and table_name='wstablefields'
20241016@175805.5975 e4dss3k555bui5thog2f2i29d2 Query : select fieldkey,fieldname,fieldtype,calcformula from wstablefields where tablename = 'fi2' and documentnumber = 39
20241016@175805.5986 e4dss3k555bui5thog2f2i29d2 Query : insert into wsfi2data (fi2stamp,ftstamp ,ousrdata, ousrhora, usrdata,usrhora,ousrinis,usrinis) values ('aut670ff22026670ff09d91','aut670ff70887670ff09c2a' ,getdate(),convert(char(8),convert (time,getdate())),getdate(),convert(char(8),convert (time,getdate())),'wsv','wsv')
20241016@175805.5990 e4dss3k555bui5thog2f2i29d2 Query : select 1 valor from information_schema.tables where table_type='base table' and table_name='wstablefields'
20241016@175805.6004 e4dss3k555bui5thog2f2i29d2 Query : select fieldkey,fieldname,fieldtype,calcformula from wstablefields where tablename = 'fi' and documentnumber = 39
20241016@175805.6042 e4dss3k555bui5thog2f2i29d2 Query : insert into wsfidata (fistamp,ousrdata, ousrhora, usrdata,usrhora,ousrinis,usrinis ,qtt ,ftstamp ,epv,pvmoeda ,tabiva,iva,lordem ,ref, design ,armazem) values ('aut670ff22026670ff09d91',getdate(),convert(char(8),convert (time,getdate())),getdate(),convert(char(8),convert (time,getdate())),'wsv','wsv',0 ,'aut670ff70887670ff09c2a' ,0,0 ,2,23.00,380000,?,?,?)
20241016@175805.6252 e4dss3k555bui5thog2f2i29d2 Query : use flama_phc
20241016@175805.6255 e4dss3k555bui5thog2f2i29d2 Query : select st.usalote valor from st where st.ref = '324.1847.00.1'
20241016@175805.6273 e4dss3k555bui5thog2f2i29d2 Query : select top 1 st.tabiva ,st.ivaincl ,st.stns ,st.uni2 ,st.familia ,isnull(tx.taxa, 0) txiva ,unidade ,usalote ,epcpond ,noserie ,conversao ,st.texteis from st left join taxasiva tx on st.tabiva = tx.codigo where st.ref = '324.1847.00.1'
20241016@175805.6289 e4dss3k555bui5thog2f2i29d2 Query : select 1 valor from information_schema.tables where table_type='base table' and table_name='wstablefields'
20241016@175805.6305 e4dss3k555bui5thog2f2i29d2 Query : select fieldkey,fieldname,fieldtype,mandatory from wstablefields where tablename = 'fi' and documentnumber = 39
20241016@175805.6330 e4dss3k555bui5thog2f2i29d2 Query : select 1 valor from information_schema.tables where table_type='base table' and table_name='wstablefields'
20241016@175805.6370 e4dss3k555bui5thog2f2i29d2 Query : select fieldkey,fieldname,fieldtype,mandatory from wstablefields where tablename = 'fi2' and documentnumber = 39
20241016@175805.6379 e4dss3k555bui5thog2f2i29d2 Query : select top 1 convert(numeric(6,2),t.taxa) valor from taxasiva t where t.codigo='2'
20241016@175805.6394 e4dss3k555bui5thog2f2i29d2 Query : select sestamp valor from se where ref ='324.1847.00.1' and lote = 'r2400482200a'
20241016@175805.6407 e4dss3k555bui5thog2f2i29d2 Query : select 1 valor from information_schema.tables where table_type='base table' and table_name='wstablefields'
20241016@175805.6421 e4dss3k555bui5thog2f2i29d2 Query : select fieldkey,fieldname,fieldtype,calcformula from wstablefields where tablename = 'fi2' and documentnumber = 39
20241016@175805.6432 e4dss3k555bui5thog2f2i29d2 Query : insert into wsfi2data (fi2stamp,ftstamp ,ousrdata, ousrhora, usrdata,usrhora,ousrinis,usrinis) values ('aut670ff73036670ff09d9c','aut670ff70887670ff09c2a' ,getdate(),convert(char(8),convert (time,getdate())),getdate(),convert(char(8),convert (time,getdate())),'wsv','wsv')
20241016@175805.6435 e4dss3k555bui5thog2f2i29d2 Query : select 1 valor from information_schema.tables where table_type='base table' and table_name='wstablefields'
20241016@175805.6461 e4dss3k555bui5thog2f2i29d2 Query : select fieldkey,fieldname,fieldtype,calcformula from wstablefields where tablename = 'fi' and documentnumber = 39
20241016@175805.6493 e4dss3k555bui5thog2f2i29d2 Query : insert into wsfidata (fistamp,ousrdata, ousrhora, usrdata,usrhora,ousrinis,usrinis ,qtt ,ftstamp ,epv,pvmoeda ,tabiva,iva,lordem ,ref, design ,lote,armazem,bistamp ) values ('aut670ff73036670ff09d9c',getdate(),convert(char(8),convert (time,getdate())),getdate(),convert(char(8),convert (time,getdate())),'wsv','wsv',3.000 ,'aut670ff70887670ff09c2a' ,0,0 ,2,23.00,400000,?,?,?,?,?)
20241016@175805.6738 e4dss3k555bui5thog2f2i29d2 Query : select 1 valor from information_schema.tables where table_type='base table' and table_name='wstablefields'
20241016@175805.6753 e4dss3k555bui5thog2f2i29d2 Query : select fieldkey,fieldname,fieldtype,mandatory from wstablefields where tablename = 'fi' and documentnumber = 39
20241016@175805.6779 e4dss3k555bui5thog2f2i29d2 Query : select 1 valor from information_schema.tables where table_type='base table' and table_name='wstablefields'
20241016@175805.6803 e4dss3k555bui5thog2f2i29d2 Query : select fieldkey,fieldname,fieldtype,mandatory from wstablefields where tablename = 'fi2' and documentnumber = 39
20241016@175805.6812 e4dss3k555bui5thog2f2i29d2 Query : select top 1 convert(numeric(6,2),t.taxa) valor from taxasiva t where t.codigo='2'
20241016@175805.6823 e4dss3k555bui5thog2f2i29d2 Query : select 1 valor from information_schema.tables where table_type='base table' and table_name='wstablefields'
20241016@175805.6842 e4dss3k555bui5thog2f2i29d2 Query : select fieldkey,fieldname,fieldtype,calcformula from wstablefields where tablename = 'fi2' and documentnumber = 39
20241016@175805.6854 e4dss3k555bui5thog2f2i29d2 Query : insert into wsfi2data (fi2stamp,ftstamp ,ousrdata, ousrhora, usrdata,usrhora,ousrinis,usrinis) values ('aut670ff04189670ff09da6','aut670ff70887670ff09c2a' ,getdate(),convert(char(8),convert (time,getdate())),getdate(),convert(char(8),convert (time,getdate())),'wsv','wsv')
20241016@175805.6863 e4dss3k555bui5thog2f2i29d2 Query : select 1 valor from information_schema.tables where table_type='base table' and table_name='wstablefields'
20241016@175805.6878 e4dss3k555bui5thog2f2i29d2 Query : select fieldkey,fieldname,fieldtype,calcformula from wstablefields where tablename = 'fi' and documentnumber = 39
20241016@175805.6934 e4dss3k555bui5thog2f2i29d2 Query : insert into wsfidata (fistamp,ousrdata, ousrhora, usrdata,usrhora,ousrinis,usrinis ,qtt ,ftstamp ,epv,pvmoeda ,tabiva,iva,lordem ,ref, design ,armazem) values ('aut670ff04189670ff09da6',getdate(),convert(char(8),convert (time,getdate())),getdate(),convert(char(8),convert (time,getdate())),'wsv','wsv',0 ,'aut670ff70887670ff09c2a' ,0,0 ,2,23.00,410000,?,?,?)
20241016@175805.7145 e4dss3k555bui5thog2f2i29d2 Query : insert into wsftcreationlog (initialftstamp,externalid,creationstatus,documenttypeid,idustamp) values ('aut670ff70887670ff09c2a','2406804','wait',39,'adm09112754980.682000002')
20241016@175805.7232 e4dss3k555bui5thog2f2i29d2 Query : use flama_phc
20241016@175805.7235 e4dss3k555bui5thog2f2i29d2 Query : update u_wsusers set rqsttoken =? where userid ='userls001'
20241016@175805.7276 e4dss3k555bui5thog2f2i29d2 Query : select concat(rtrim(relative_path),ltrim(name_new)) as valor from uploadfiles where uploadfile_id='2734';
20241016@175805.7332 e4dss3k555bui5thog2f2i29d2 Query : update uploadfiles set whenupdated=current_timestamp where uploadfile_id='2734';
20241016@175805.7379 e4dss3k555bui5thog2f2i29d2 Query : select concat(rtrim(relative_path),ltrim(name_new)) as valor from uploadfiles where uploadfile_id='2734';
20241016@175805.7405 e4dss3k555bui5thog2f2i29d2 Query : update uploadfiles set whenupdated=current_timestamp where uploadfile_id='2734';
20241016@175805.8038 hgu19depm0hd764jc0sj15fs3d Query : insert into uploadfiles ( name_original, name_new, option_type, relative_path, whencreated ) values ( ?, ?, ?, ?, getdate() )
20241016@175805.8050 hgu19depm0hd764jc0sj15fs3d Query : select uploadfile_id valor from uploadfiles where name_new = ? and option_type = ? 
20241016@175805.8124 hgu19depm0hd764jc0sj15fs3d Query : select concat(rtrim(relative_path),ltrim(name_new)) as valor from uploadfiles where uploadfile_id='2735';
20241016@175805.8177 hgu19depm0hd764jc0sj15fs3d Query : update uploadfiles set whenupdated=current_timestamp where uploadfile_id='2735';
20241016@175805.8236 hgu19depm0hd764jc0sj15fs3d Query : select concat(rtrim(relative_path),ltrim(name_new)) as valor from uploadfiles where uploadfile_id='2735';
20241016@175805.8262 hgu19depm0hd764jc0sj15fs3d Query : update uploadfiles set whenupdated=current_timestamp where uploadfile_id='2735';
20241016@175805.8312 hgu19depm0hd764jc0sj15fs3d Query : use flama_phc
20241016@175805.8315 hgu19depm0hd764jc0sj15fs3d Query : select top 1 secretkey valor from u_wsusers u where u.userid = ? and u.inactivo=0
20241016@175805.8376 hgu19depm0hd764jc0sj15fs3d Query : use flama_phc
20241016@175805.8379 hgu19depm0hd764jc0sj15fs3d Query : select no, estab,szadrsdesc from szadrs where u_coddest=4740
20241016@175805.8420 hgu19depm0hd764jc0sj15fs3d Query : select top 1 isnull(design,'') valor from st (nolock) left join stobs (nolock) on st.ref = stobs.ref where st.ref = '324.1833.00.2'
20241016@175805.8540 hgu19depm0hd764jc0sj15fs3d Query : select top 1 bistamp valor from bi inner join bo on bo.bostamp=bi.bostamp where bo.ndos =240 and bo.boano =2068 and bo.obrano = 2406805 and bi.ref ='324.1833.00.2' and bi.lordem =1
20241016@175805.8823 hgu19depm0hd764jc0sj15fs3d Query : select top 1 isnull(design,'') valor from st (nolock) left join stobs (nolock) on st.ref = stobs.ref where st.ref = '324.1833.00.2'
20241016@175805.8850 hgu19depm0hd764jc0sj15fs3d Query : select top 1 bistamp valor from bi inner join bo on bo.bostamp=bi.bostamp where bo.ndos =240 and bo.boano =2068 and bo.obrano = 2406805 and bi.ref ='324.1833.00.2' and bi.lordem =1
20241016@175805.8871 hgu19depm0hd764jc0sj15fs3d Query : select top 1 isnull(design,'') valor from st (nolock) left join stobs (nolock) on st.ref = stobs.ref where st.ref = '324.1833.00.2'
20241016@175805.8891 hgu19depm0hd764jc0sj15fs3d Query : select top 1 bistamp valor from bi inner join bo on bo.bostamp=bi.bostamp where bo.ndos =240 and bo.boano =2068 and bo.obrano = 2406805 and bi.ref ='324.1833.00.2' and bi.lordem =1
20241016@175805.8919 hgu19depm0hd764jc0sj15fs3d Query : use flama_phc
20241016@175805.8922 hgu19depm0hd764jc0sj15fs3d Query : select top 1 convert(date,fdata) valor from ft where ndoc = 39 and anulado= 0 and fno>0 order by fdata desc
20241016@175805.8954 hgu19depm0hd764jc0sj15fs3d Query : use flama_phc
20241016@175805.8957 hgu19depm0hd764jc0sj15fs3d Query : select top 1 1 valor from td where td.ndoc = 39
20241016@175805.8989 hgu19depm0hd764jc0sj15fs3d Query : use flama_phc
20241016@175805.8992 hgu19depm0hd764jc0sj15fs3d Query : select lower(descricao) descricao ,case when valor='s' then 1 else 0 end valor from para1 where descricao in ('st_lote','st_usalogifunc', 'st_grelha')
20241016@175805.9020 hgu19depm0hd764jc0sj15fs3d Query : select top 1 manternumero ,assinadoc issigned ,tiposaft ,assinaimp ,nmdos ,td.assinadoc ,'cl' origin ,lancasl stocks ,case when cmsl<50 and td.lancasl=1 then 1 else 0 end entrada ,case when cmsl>50 and td.lancasl=1 then 1 else 0 end saida ,temserie assets ,~semgre usegridfields from td inner join td2 on td.tdstamp=td2.td2stamp where td.ndoc = 1
20241016@175805.9167 hgu19depm0hd764jc0sj15fs3d Query : use flama_phc
20241016@175805.9237 hgu19depm0hd764jc0sj15fs3d Query : select top 1 ~inactivo valor from cl where no = '100810' and estab = 0 order by inactivo desc
20241016@175805.9272 hgu19depm0hd764jc0sj15fs3d Query : use flama_phc
20241016@175805.9276 hgu19depm0hd764jc0sj15fs3d Query : select top 1 tipodoc,regrd from td where ndoc = 39
20241016@175805.9308 hgu19depm0hd764jc0sj15fs3d Query : use flama_phc
20241016@175805.9311 hgu19depm0hd764jc0sj15fs3d Query : select szadrsstamp valor from szadrs where szadrsdesc='espaÇotrans,lda'
20241016@175805.9358 hgu19depm0hd764jc0sj15fs3d Query : use flama_phc
20241016@175805.9362 hgu19depm0hd764jc0sj15fs3d Query : select szadrsstamp valor from szadrs where szadrsdesc='100810 - worten-equipamentos para o lar,sa.'
20241016@175805.9410 hgu19depm0hd764jc0sj15fs3d Query : use flama_phc
20241016@175805.9413 hgu19depm0hd764jc0sj15fs3d Query : select 1 valor from td where ndoc = 39
20241016@175805.9426 hgu19depm0hd764jc0sj15fs3d Query : select top 1 manternumero, tiposaft, nmdos,td.assinadoc from td where td.ndoc = 39
20241016@175805.9441 hgu19depm0hd764jc0sj15fs3d Query : select 1 valor from information_schema.tables where table_type='base table' and table_name='wstablefields'
20241016@175805.9458 hgu19depm0hd764jc0sj15fs3d Query : select fieldkey,fieldname,fieldtype,mandatory from wstablefields where tablename = 'ft' and documentnumber = 39
20241016@175805.9478 hgu19depm0hd764jc0sj15fs3d Query : select 1 valor from information_schema.tables where table_type='base table' and table_name='wstablefields'
20241016@175805.9493 hgu19depm0hd764jc0sj15fs3d Query : select fieldkey,fieldname,fieldtype,mandatory from wstablefields where tablename = 'ft2' and documentnumber = 39
20241016@175805.9535 hgu19depm0hd764jc0sj15fs3d Query : select 1 valor from information_schema.tables where table_type='base table' and table_name='wstablefields'
20241016@175805.9555 hgu19depm0hd764jc0sj15fs3d Query : select fieldkey,fieldname,fieldtype,mandatory from wstablefields where tablename = 'ft3' and documentnumber = 39
20241016@175805.9567 hgu19depm0hd764jc0sj15fs3d Query : select top 1 ft.fno valor from ft ft where ft.ndoc = 39 and ftano=2024 order by fno desc
20241016@175805.9639 hgu19depm0hd764jc0sj15fs3d Query : select top 1 ft.fno valor from wsftdata ft where ft.ndoc = 39 and ftano=2024 order by fno desc
20241016@175805.9652 hgu19depm0hd764jc0sj15fs3d Query : select 1 valor from information_schema.tables where table_type='base table' and table_name='wstablefields'
20241016@175805.9672 hgu19depm0hd764jc0sj15fs3d Query : select fieldkey,fieldname,fieldtype,calcformula from wstablefields where tablename = 'ft3' and documentnumber = 39
20241016@175805.9687 hgu19depm0hd764jc0sj15fs3d Query : insert into wsft3data (ft3stamp, ousrdata, ousrhora, usrdata,usrhora,ousrinis,usrinis,taxpointdt ) values ('aut670ff31053670ff09de9' ,getdate(),convert(char(8),convert (time,getdate())),getdate(),convert(char(8),convert (time,getdate())),'wsv','wsv',?)
20241016@175805.9844 hgu19depm0hd764jc0sj15fs3d Query : select 1 valor from information_schema.tables where table_type='base table' and table_name='wstablefields'
20241016@175805.9862 hgu19depm0hd764jc0sj15fs3d Query : select fieldkey,fieldname,fieldtype,calcformula from wstablefields where tablename = 'ft2' and documentnumber = 39
20241016@175805.9893 hgu19depm0hd764jc0sj15fs3d Query : select top 1 bo.u_nomeenv valor from bo where bo.bostamp=''
20241016@175805.9907 hgu19depm0hd764jc0sj15fs3d Query : select top 1 bo.u_moradaen valor from bo where bo.bostamp=''
20241016@175805.9918 hgu19depm0hd764jc0sj15fs3d Query : select top 1 bo.u_codposen valor from bo where bo.bostamp=''
20241016@175805.9941 hgu19depm0hd764jc0sj15fs3d Query : select top 1 bo.u_localenv valor from bo where bo.bostamp=''
20241016@175805.9952 hgu19depm0hd764jc0sj15fs3d Query : select top 1 bo.trab5 valor from bo where bo.bostamp=''
20241016@175805.9973 hgu19depm0hd764jc0sj15fs3d Query : select top 1 bo.serie valor from bo where bo.bostamp=''
20241016@175805.9984 hgu19depm0hd764jc0sj15fs3d Query : insert into wsft2data (ft2stamp, ousrdata,ousrhora, usrdata,usrhora,ousrinis,usrinis,u_nomeenv ,u_moradaen ,u_codposen ,u_localenv ,u_coddest ,u_codby ) values ('aut670ff31053670ff09de9',getdate(),convert(char(8),convert (time,getdate())),getdate(),convert(char(8),convert (time,getdate())),'wsv','wsv',?,?,?,?,?,?)
20241016@175806.1900 hgu19depm0hd764jc0sj15fs3d Query : select top 1 fno valor from wsftdata order by fno desc
20241016@175806.2170 hgu19depm0hd764jc0sj15fs3d Query : select 1 valor from information_schema.tables where table_type='base table' and table_name='wstablefields'
20241016@175806.2320 hgu19depm0hd764jc0sj15fs3d Query : select fieldkey,fieldname,fieldtype,calcformula from wstablefields where tablename = 'ft' and documentnumber = 39
20241016@175806.2540 hgu19depm0hd764jc0sj15fs3d Query : select 'normal' from dummy
20241016@175806.2680 hgu19depm0hd764jc0sj15fs3d Query : insert into wsftdata (ftstamp, ousrdata,ousrhora, usrdata,usrhora,ousrinis,usrinis,fno,no,estab,fdata,ndoc,moeda,cambio,cambiofixo,ftano,site ,classe ) values ('aut670ff31053670ff09de9',getdate(),convert(char(8),convert (time,getdate())),getdate(),convert(char(8),convert (time,getdate())),'wsv','wsv',1336,100810,0,'2024-10-16',39,'euro',0,0,2024 ,?,?)
20241016@175806.5060 hgu19depm0hd764jc0sj15fs3d Query : use flama_phc
20241016@175806.5150 hgu19depm0hd764jc0sj15fs3d Query : select st.usalote valor from st where st.ref = '324.1833.00.2'
20241016@175806.5360 hgu19depm0hd764jc0sj15fs3d Query : select top 1 st.tabiva ,st.ivaincl ,st.stns ,st.uni2 ,st.familia ,isnull(tx.taxa, 0) txiva ,unidade ,usalote ,epcpond ,noserie ,conversao ,st.texteis from st left join taxasiva tx on st.tabiva = tx.codigo where st.ref = '324.1833.00.2'
20241016@175806.8720 hgu19depm0hd764jc0sj15fs3d Query : select 1 valor from information_schema.tables where table_type='base table' and table_name='wstablefields'
20241016@175806.8880 hgu19depm0hd764jc0sj15fs3d Query : select fieldkey,fieldname,fieldtype,mandatory from wstablefields where tablename = 'fi' and documentnumber = 39
20241016@175806.9150 hgu19depm0hd764jc0sj15fs3d Query : select 1 valor from information_schema.tables where table_type='base table' and table_name='wstablefields'
20241016@175806.9290 hgu19depm0hd764jc0sj15fs3d Query : select fieldkey,fieldname,fieldtype,mandatory from wstablefields where tablename = 'fi2' and documentnumber = 39
20241016@175806.9390 hgu19depm0hd764jc0sj15fs3d Query : select top 1 convert(numeric(6,2),t.taxa) valor from taxasiva t where t.codigo='2'
20241016@175806.9530 hgu19depm0hd764jc0sj15fs3d Query : select sestamp valor from se where ref ='324.1833.00.2' and lote = 'r2301257100a'
20241016@175806.9670 hgu19depm0hd764jc0sj15fs3d Query : select 1 valor from information_schema.tables where table_type='base table' and table_name='wstablefields'
20241016@175806.9840 hgu19depm0hd764jc0sj15fs3d Query : select fieldkey,fieldname,fieldtype,calcformula from wstablefields where tablename = 'fi2' and documentnumber = 39
20241016@175806.9950 hgu19depm0hd764jc0sj15fs3d Query : insert into wsfi2data (fi2stamp,ftstamp ,ousrdata, ousrhora, usrdata,usrhora,ousrinis,usrinis) values ('aut670ff02343670ff09e17','aut670ff31053670ff09de9' ,getdate(),convert(char(8),convert (time,getdate())),getdate(),convert(char(8),convert (time,getdate())),'wsv','wsv')
20241016@175806.1003 hgu19depm0hd764jc0sj15fs3d Query : select 1 valor from information_schema.tables where table_type='base table' and table_name='wstablefields'
20241016@175806.1017 hgu19depm0hd764jc0sj15fs3d Query : select fieldkey,fieldname,fieldtype,calcformula from wstablefields where tablename = 'fi' and documentnumber = 39
20241016@175806.1044 hgu19depm0hd764jc0sj15fs3d Query : insert into wsfidata (fistamp,ousrdata, ousrhora, usrdata,usrhora,ousrinis,usrinis ,qtt ,ftstamp ,epv,pvmoeda ,tabiva,iva,lordem ,ref, design ,lote,armazem,bistamp ) values ('aut670ff02343670ff09e17',getdate(),convert(char(8),convert (time,getdate())),getdate(),convert(char(8),convert (time,getdate())),'wsv','wsv',20.000 ,'aut670ff31053670ff09de9' ,0,0 ,2,23.00,10000,?,?,?,?,?)
20241016@175806.1269 hgu19depm0hd764jc0sj15fs3d Query : use flama_phc
20241016@175806.1273 hgu19depm0hd764jc0sj15fs3d Query : select st.usalote valor from st where st.ref = '324.1833.00.2'
20241016@175806.1298 hgu19depm0hd764jc0sj15fs3d Query : select top 1 st.tabiva ,st.ivaincl ,st.stns ,st.uni2 ,st.familia ,isnull(tx.taxa, 0) txiva ,unidade ,usalote ,epcpond ,noserie ,conversao ,st.texteis from st left join taxasiva tx on st.tabiva = tx.codigo where st.ref = '324.1833.00.2'
20241016@175806.1312 hgu19depm0hd764jc0sj15fs3d Query : select 1 valor from information_schema.tables where table_type='base table' and table_name='wstablefields'
20241016@175806.1339 hgu19depm0hd764jc0sj15fs3d Query : select fieldkey,fieldname,fieldtype,mandatory from wstablefields where tablename = 'fi' and documentnumber = 39
20241016@175806.1370 hgu19depm0hd764jc0sj15fs3d Query : select 1 valor from information_schema.tables where table_type='base table' and table_name='wstablefields'
20241016@175806.1384 hgu19depm0hd764jc0sj15fs3d Query : select fieldkey,fieldname,fieldtype,mandatory from wstablefields where tablename = 'fi2' and documentnumber = 39
20241016@175806.1392 hgu19depm0hd764jc0sj15fs3d Query : select top 1 convert(numeric(6,2),t.taxa) valor from taxasiva t where t.codigo='2'
20241016@175806.1405 hgu19depm0hd764jc0sj15fs3d Query : select sestamp valor from se where ref ='324.1833.00.2' and lote = 'r2301257100a'
20241016@175806.1417 hgu19depm0hd764jc0sj15fs3d Query : select 1 valor from information_schema.tables where table_type='base table' and table_name='wstablefields'
20241016@175806.1432 hgu19depm0hd764jc0sj15fs3d Query : select fieldkey,fieldname,fieldtype,calcformula from wstablefields where tablename = 'fi2' and documentnumber = 39
20241016@175806.1444 hgu19depm0hd764jc0sj15fs3d Query : insert into wsfi2data (fi2stamp,ftstamp ,ousrdata, ousrhora, usrdata,usrhora,ousrinis,usrinis) values ('aut670ff98474670ff09e22','aut670ff31053670ff09de9' ,getdate(),convert(char(8),convert (time,getdate())),getdate(),convert(char(8),convert (time,getdate())),'wsv','wsv')
20241016@175806.1448 hgu19depm0hd764jc0sj15fs3d Query : select 1 valor from information_schema.tables where table_type='base table' and table_name='wstablefields'
20241016@175806.1463 hgu19depm0hd764jc0sj15fs3d Query : select fieldkey,fieldname,fieldtype,calcformula from wstablefields where tablename = 'fi' and documentnumber = 39
20241016@175806.1500 hgu19depm0hd764jc0sj15fs3d Query : insert into wsfidata (fistamp,ousrdata, ousrhora, usrdata,usrhora,ousrinis,usrinis ,qtt ,ftstamp ,epv,pvmoeda ,tabiva,iva,lordem ,ref, design ,lote,armazem,bistamp ) values ('aut670ff98474670ff09e22',getdate(),convert(char(8),convert (time,getdate())),getdate(),convert(char(8),convert (time,getdate())),'wsv','wsv',20.000 ,'aut670ff31053670ff09de9' ,0,0 ,2,23.00,20000,?,?,?,?,?)
20241016@175806.1726 hgu19depm0hd764jc0sj15fs3d Query : use flama_phc
20241016@175806.1729 hgu19depm0hd764jc0sj15fs3d Query : select st.usalote valor from st where st.ref = '324.1833.00.2'
20241016@175806.1747 hgu19depm0hd764jc0sj15fs3d Query : select top 1 st.tabiva ,st.ivaincl ,st.stns ,st.uni2 ,st.familia ,isnull(tx.taxa, 0) txiva ,unidade ,usalote ,epcpond ,noserie ,conversao ,st.texteis from st left join taxasiva tx on st.tabiva = tx.codigo where st.ref = '324.1833.00.2'
20241016@175806.1774 hgu19depm0hd764jc0sj15fs3d Query : select 1 valor from information_schema.tables where table_type='base table' and table_name='wstablefields'
20241016@175806.1790 hgu19depm0hd764jc0sj15fs3d Query : select fieldkey,fieldname,fieldtype,mandatory from wstablefields where tablename = 'fi' and documentnumber = 39
20241016@175806.1820 hgu19depm0hd764jc0sj15fs3d Query : select 1 valor from information_schema.tables where table_type='base table' and table_name='wstablefields'
20241016@175806.1835 hgu19depm0hd764jc0sj15fs3d Query : select fieldkey,fieldname,fieldtype,mandatory from wstablefields where tablename = 'fi2' and documentnumber = 39
20241016@175806.1843 hgu19depm0hd764jc0sj15fs3d Query : select top 1 convert(numeric(6,2),t.taxa) valor from taxasiva t where t.codigo='2'
20241016@175806.1856 hgu19depm0hd764jc0sj15fs3d Query : select sestamp valor from se where ref ='324.1833.00.2' and lote = 'r2301257100a'
20241016@175806.1870 hgu19depm0hd764jc0sj15fs3d Query : select 1 valor from information_schema.tables where table_type='base table' and table_name='wstablefields'
20241016@175806.1888 hgu19depm0hd764jc0sj15fs3d Query : select fieldkey,fieldname,fieldtype,calcformula from wstablefields where tablename = 'fi2' and documentnumber = 39
20241016@175806.1900 hgu19depm0hd764jc0sj15fs3d Query : insert into wsfi2data (fi2stamp,ftstamp ,ousrdata, ousrhora, usrdata,usrhora,ousrinis,usrinis) values ('aut670ff03307670ff09e2d','aut670ff31053670ff09de9' ,getdate(),convert(char(8),convert (time,getdate())),getdate(),convert(char(8),convert (time,getdate())),'wsv','wsv')
20241016@175806.1904 hgu19depm0hd764jc0sj15fs3d Query : select 1 valor from information_schema.tables where table_type='base table' and table_name='wstablefields'
20241016@175806.1918 hgu19depm0hd764jc0sj15fs3d Query : select fieldkey,fieldname,fieldtype,calcformula from wstablefields where tablename = 'fi' and documentnumber = 39
20241016@175806.1948 hgu19depm0hd764jc0sj15fs3d Query : insert into wsfidata (fistamp,ousrdata, ousrhora, usrdata,usrhora,ousrinis,usrinis ,qtt ,ftstamp ,epv,pvmoeda ,tabiva,iva,lordem ,ref, design ,lote,armazem,bistamp ) values ('aut670ff03307670ff09e2d',getdate(),convert(char(8),convert (time,getdate())),getdate(),convert(char(8),convert (time,getdate())),'wsv','wsv',20.000 ,'aut670ff31053670ff09de9' ,0,0 ,2,23.00,30000,?,?,?,?,?)
20241016@175806.2169 hgu19depm0hd764jc0sj15fs3d Query : insert into wsftcreationlog (initialftstamp,externalid,creationstatus,documenttypeid,idustamp) values ('aut670ff31053670ff09de9','2406805','wait',39,'adm09112754980.682000002')
20241016@175806.2312 hgu19depm0hd764jc0sj15fs3d Query : use flama_phc
20241016@175806.2317 hgu19depm0hd764jc0sj15fs3d Query : update u_wsusers set rqsttoken =? where userid ='userls001'
20241016@175806.2355 hgu19depm0hd764jc0sj15fs3d Query : select concat(rtrim(relative_path),ltrim(name_new)) as valor from uploadfiles where uploadfile_id='2735';
20241016@175806.2387 hgu19depm0hd764jc0sj15fs3d Query : update uploadfiles set whenupdated=current_timestamp where uploadfile_id='2735';
20241016@175806.2431 hgu19depm0hd764jc0sj15fs3d Query : select concat(rtrim(relative_path),ltrim(name_new)) as valor from uploadfiles where uploadfile_id='2735';
20241016@175806.2461 hgu19depm0hd764jc0sj15fs3d Query : update uploadfiles set whenupdated=current_timestamp where uploadfile_id='2735';
20241016@175806.3015 taokhob65v9pmvd265l5arr8ql Query : insert into uploadfiles ( name_original, name_new, option_type, relative_path, whencreated ) values ( ?, ?, ?, ?, getdate() )
20241016@175806.3028 taokhob65v9pmvd265l5arr8ql Query : select uploadfile_id valor from uploadfiles where name_new = ? and option_type = ? 
20241016@175806.3090 taokhob65v9pmvd265l5arr8ql Query : select concat(rtrim(relative_path),ltrim(name_new)) as valor from uploadfiles where uploadfile_id='2736';
20241016@175806.3146 taokhob65v9pmvd265l5arr8ql Query : update uploadfiles set whenupdated=current_timestamp where uploadfile_id='2736';
20241016@175806.3202 taokhob65v9pmvd265l5arr8ql Query : select concat(rtrim(relative_path),ltrim(name_new)) as valor from uploadfiles where uploadfile_id='2736';
20241016@175806.3228 taokhob65v9pmvd265l5arr8ql Query : update uploadfiles set whenupdated=current_timestamp where uploadfile_id='2736';
20241016@175806.3300 taokhob65v9pmvd265l5arr8ql Query : use flama_phc
20241016@175806.3303 taokhob65v9pmvd265l5arr8ql Query : select top 1 secretkey valor from u_wsusers u where u.userid = ? and u.inactivo=0
20241016@175806.3372 taokhob65v9pmvd265l5arr8ql Query : use flama_phc
20241016@175806.3375 taokhob65v9pmvd265l5arr8ql Query : select no, estab,szadrsdesc from szadrs where u_coddest=4740
20241016@175806.3417 taokhob65v9pmvd265l5arr8ql Query : select top 1 isnull(design,'') valor from st (nolock) left join stobs (nolock) on st.ref = stobs.ref where st.ref = '324.1831.00.2'
20241016@175806.3588 taokhob65v9pmvd265l5arr8ql Query : select top 1 bistamp valor from bi inner join bo on bo.bostamp=bi.bostamp where bo.ndos =240 and bo.boano =2068 and bo.obrano = 2406806 and bi.ref ='324.1831.00.2' and bi.lordem =1
20241016@175806.3900 taokhob65v9pmvd265l5arr8ql Query : select top 1 isnull(design,'') valor from st (nolock) left join stobs (nolock) on st.ref = stobs.ref where st.ref = '324.1831.00.2'
20241016@175806.3923 taokhob65v9pmvd265l5arr8ql Query : select top 1 bistamp valor from bi inner join bo on bo.bostamp=bi.bostamp where bo.ndos =240 and bo.boano =2068 and bo.obrano = 2406806 and bi.ref ='324.1831.00.2' and bi.lordem =1
20241016@175806.4562 taokhob65v9pmvd265l5arr8ql Query : select top 1 isnull(design,'') valor from st (nolock) left join stobs (nolock) on st.ref = stobs.ref where st.ref = '324.1831.00.2'
20241016@175806.4584 taokhob65v9pmvd265l5arr8ql Query : select top 1 bistamp valor from bi inner join bo on bo.bostamp=bi.bostamp where bo.ndos =240 and bo.boano =2068 and bo.obrano = 2406806 and bi.ref ='324.1831.00.2' and bi.lordem =1
20241016@175806.4601 taokhob65v9pmvd265l5arr8ql Query : select top 1 isnull(design,'') valor from st (nolock) left join stobs (nolock) on st.ref = stobs.ref where st.ref = '324.1831.00.2'
20241016@175806.4619 taokhob65v9pmvd265l5arr8ql Query : select top 1 bistamp valor from bi inner join bo on bo.bostamp=bi.bostamp where bo.ndos =240 and bo.boano =2068 and bo.obrano = 2406806 and bi.ref ='324.1831.00.2' and bi.lordem =1
20241016@175806.4635 taokhob65v9pmvd265l5arr8ql Query : select top 1 isnull(design,'') valor from st (nolock) left join stobs (nolock) on st.ref = stobs.ref where st.ref = '324.1831.00.2'
20241016@175806.4777 taokhob65v9pmvd265l5arr8ql Query : select top 1 bistamp valor from bi inner join bo on bo.bostamp=bi.bostamp where bo.ndos =240 and bo.boano =2068 and bo.obrano = 2406806 and bi.ref ='324.1831.00.2' and bi.lordem =1
20241016@175806.4794 taokhob65v9pmvd265l5arr8ql Query : select top 1 isnull(design,'') valor from st (nolock) left join stobs (nolock) on st.ref = stobs.ref where st.ref = '324.1831.00.2'
20241016@175806.4815 taokhob65v9pmvd265l5arr8ql Query : select top 1 bistamp valor from bi inner join bo on bo.bostamp=bi.bostamp where bo.ndos =240 and bo.boano =2068 and bo.obrano = 2406806 and bi.ref ='324.1831.00.2' and bi.lordem =1
20241016@175806.4833 taokhob65v9pmvd265l5arr8ql Query : select top 1 isnull(design,'') valor from st (nolock) left join stobs (nolock) on st.ref = stobs.ref where st.ref = '324.1831.00.2'
20241016@175806.4853 taokhob65v9pmvd265l5arr8ql Query : select top 1 bistamp valor from bi inner join bo on bo.bostamp=bi.bostamp where bo.ndos =240 and bo.boano =2068 and bo.obrano = 2406806 and bi.ref ='324.1831.00.2' and bi.lordem =1
20241016@175806.4871 taokhob65v9pmvd265l5arr8ql Query : select top 1 isnull(design,'') valor from st (nolock) left join stobs (nolock) on st.ref = stobs.ref where st.ref = '324.1831.00.2'
20241016@175806.4890 taokhob65v9pmvd265l5arr8ql Query : select top 1 bistamp valor from bi inner join bo on bo.bostamp=bi.bostamp where bo.ndos =240 and bo.boano =2068 and bo.obrano = 2406806 and bi.ref ='324.1831.00.2' and bi.lordem =1
20241016@175806.4907 taokhob65v9pmvd265l5arr8ql Query : use flama_phc
20241016@175806.4910 taokhob65v9pmvd265l5arr8ql Query : select top 1 convert(date,fdata) valor from ft where ndoc = 39 and anulado= 0 and fno>0 order by fdata desc
20241016@175806.4941 taokhob65v9pmvd265l5arr8ql Query : use flama_phc
20241016@175806.4944 taokhob65v9pmvd265l5arr8ql Query : select top 1 1 valor from td where td.ndoc = 39
20241016@175806.4998 taokhob65v9pmvd265l5arr8ql Query : use flama_phc
20241016@175806.5000 taokhob65v9pmvd265l5arr8ql Query : select lower(descricao) descricao ,case when valor='s' then 1 else 0 end valor from para1 where descricao in ('st_lote','st_usalogifunc', 'st_grelha')
20241016@175806.5030 taokhob65v9pmvd265l5arr8ql Query : select top 1 manternumero ,assinadoc issigned ,tiposaft ,assinaimp ,nmdos ,td.assinadoc ,'cl' origin ,lancasl stocks ,case when cmsl<50 and td.lancasl=1 then 1 else 0 end entrada ,case when cmsl>50 and td.lancasl=1 then 1 else 0 end saida ,temserie assets ,~semgre usegridfields from td inner join td2 on td.tdstamp=td2.td2stamp where td.ndoc = 1
20241016@175806.5065 taokhob65v9pmvd265l5arr8ql Query : use flama_phc
20241016@175806.5068 taokhob65v9pmvd265l5arr8ql Query : select top 1 ~inactivo valor from cl where no = '100810' and estab = 0 order by inactivo desc
20241016@175806.5099 taokhob65v9pmvd265l5arr8ql Query : use flama_phc
20241016@175806.5102 taokhob65v9pmvd265l5arr8ql Query : select top 1 tipodoc,regrd from td where ndoc = 39
20241016@175806.5135 taokhob65v9pmvd265l5arr8ql Query : use flama_phc
20241016@175806.5138 taokhob65v9pmvd265l5arr8ql Query : select szadrsstamp valor from szadrs where szadrsdesc='espaÇotrans,lda'
20241016@175806.5179 taokhob65v9pmvd265l5arr8ql Query : use flama_phc
20241016@175806.5182 taokhob65v9pmvd265l5arr8ql Query : select szadrsstamp valor from szadrs where szadrsdesc='100810 - worten-equipamentos para o lar,sa.'
20241016@175806.5231 taokhob65v9pmvd265l5arr8ql Query : use flama_phc
20241016@175806.5234 taokhob65v9pmvd265l5arr8ql Query : select 1 valor from td where ndoc = 39
20241016@175806.5246 taokhob65v9pmvd265l5arr8ql Query : select top 1 manternumero, tiposaft, nmdos,td.assinadoc from td where td.ndoc = 39
20241016@175806.5259 taokhob65v9pmvd265l5arr8ql Query : select 1 valor from information_schema.tables where table_type='base table' and table_name='wstablefields'
20241016@175806.5275 taokhob65v9pmvd265l5arr8ql Query : select fieldkey,fieldname,fieldtype,mandatory from wstablefields where tablename = 'ft' and documentnumber = 39
20241016@175806.5313 taokhob65v9pmvd265l5arr8ql Query : select 1 valor from information_schema.tables where table_type='base table' and table_name='wstablefields'
20241016@175806.5328 taokhob65v9pmvd265l5arr8ql Query : select fieldkey,fieldname,fieldtype,mandatory from wstablefields where tablename = 'ft2' and documentnumber = 39
20241016@175806.5355 taokhob65v9pmvd265l5arr8ql Query : select 1 valor from information_schema.tables where table_type='base table' and table_name='wstablefields'
20241016@175806.5370 taokhob65v9pmvd265l5arr8ql Query : select fieldkey,fieldname,fieldtype,mandatory from wstablefields where tablename = 'ft3' and documentnumber = 39
20241016@175806.5382 taokhob65v9pmvd265l5arr8ql Query : select top 1 ft.fno valor from ft ft where ft.ndoc = 39 and ftano=2024 order by fno desc
20241016@175806.5448 taokhob65v9pmvd265l5arr8ql Query : select top 1 ft.fno valor from wsftdata ft where ft.ndoc = 39 and ftano=2024 order by fno desc
20241016@175806.5462 taokhob65v9pmvd265l5arr8ql Query : select 1 valor from information_schema.tables where table_type='base table' and table_name='wstablefields'
20241016@175806.5477 taokhob65v9pmvd265l5arr8ql Query : select fieldkey,fieldname,fieldtype,calcformula from wstablefields where tablename = 'ft3' and documentnumber = 39
20241016@175806.5492 taokhob65v9pmvd265l5arr8ql Query : insert into wsft3data (ft3stamp, ousrdata, ousrhora, usrdata,usrhora,ousrinis,usrinis,taxpointdt ) values ('aut670ff51600670ff09e83' ,getdate(),convert(char(8),convert (time,getdate())),getdate(),convert(char(8),convert (time,getdate())),'wsv','wsv',?)
20241016@175806.5640 taokhob65v9pmvd265l5arr8ql Query : select 1 valor from information_schema.tables where table_type='base table' and table_name='wstablefields'
20241016@175806.5660 taokhob65v9pmvd265l5arr8ql Query : select fieldkey,fieldname,fieldtype,calcformula from wstablefields where tablename = 'ft2' and documentnumber = 39
20241016@175806.5692 taokhob65v9pmvd265l5arr8ql Query : select top 1 bo.u_nomeenv valor from bo where bo.bostamp=''
20241016@175806.5705 taokhob65v9pmvd265l5arr8ql Query : select top 1 bo.u_moradaen valor from bo where bo.bostamp=''
20241016@175806.5717 taokhob65v9pmvd265l5arr8ql Query : select top 1 bo.u_codposen valor from bo where bo.bostamp=''
20241016@175806.5728 taokhob65v9pmvd265l5arr8ql Query : select top 1 bo.u_localenv valor from bo where bo.bostamp=''
20241016@175806.5740 taokhob65v9pmvd265l5arr8ql Query : select top 1 bo.trab5 valor from bo where bo.bostamp=''
20241016@175806.5753 taokhob65v9pmvd265l5arr8ql Query : select top 1 bo.serie valor from bo where bo.bostamp=''
20241016@175806.5764 taokhob65v9pmvd265l5arr8ql Query : insert into wsft2data (ft2stamp, ousrdata,ousrhora, usrdata,usrhora,ousrinis,usrinis,u_nomeenv ,u_moradaen ,u_codposen ,u_localenv ,u_coddest ,u_codby ) values ('aut670ff51600670ff09e83',getdate(),convert(char(8),convert (time,getdate())),getdate(),convert(char(8),convert (time,getdate())),'wsv','wsv',?,?,?,?,?,?)
20241016@175806.5973 taokhob65v9pmvd265l5arr8ql Query : select top 1 fno valor from wsftdata order by fno desc
20241016@175806.6021 taokhob65v9pmvd265l5arr8ql Query : select 1 valor from information_schema.tables where table_type='base table' and table_name='wstablefields'
20241016@175806.6035 taokhob65v9pmvd265l5arr8ql Query : select fieldkey,fieldname,fieldtype,calcformula from wstablefields where tablename = 'ft' and documentnumber = 39
20241016@175806.6060 taokhob65v9pmvd265l5arr8ql Query : select 'normal' from dummy
20241016@175806.6074 taokhob65v9pmvd265l5arr8ql Query : insert into wsftdata (ftstamp, ousrdata,ousrhora, usrdata,usrhora,ousrinis,usrinis,fno,no,estab,fdata,ndoc,moeda,cambio,cambiofixo,ftano,site ,classe ) values ('aut670ff51600670ff09e83',getdate(),convert(char(8),convert (time,getdate())),getdate(),convert(char(8),convert (time,getdate())),'wsv','wsv',1337,100810,0,'2024-10-16',39,'euro',0,0,2024 ,?,?)
20241016@175806.6316 taokhob65v9pmvd265l5arr8ql Query : use flama_phc
20241016@175806.6319 taokhob65v9pmvd265l5arr8ql Query : select st.usalote valor from st where st.ref = '324.1831.00.2'
20241016@175806.6341 taokhob65v9pmvd265l5arr8ql Query : select top 1 st.tabiva ,st.ivaincl ,st.stns ,st.uni2 ,st.familia ,isnull(tx.taxa, 0) txiva ,unidade ,usalote ,epcpond ,noserie ,conversao ,st.texteis from st left join taxasiva tx on st.tabiva = tx.codigo where st.ref = '324.1831.00.2'
20241016@175806.6481 taokhob65v9pmvd265l5arr8ql Query : select 1 valor from information_schema.tables where table_type='base table' and table_name='wstablefields'
20241016@175806.6496 taokhob65v9pmvd265l5arr8ql Query : select fieldkey,fieldname,fieldtype,mandatory from wstablefields where tablename = 'fi' and documentnumber = 39
20241016@175806.6522 taokhob65v9pmvd265l5arr8ql Query : select 1 valor from information_schema.tables where table_type='base table' and table_name='wstablefields'
20241016@175806.6537 taokhob65v9pmvd265l5arr8ql Query : select fieldkey,fieldname,fieldtype,mandatory from wstablefields where tablename = 'fi2' and documentnumber = 39
20241016@175806.6545 taokhob65v9pmvd265l5arr8ql Query : select top 1 convert(numeric(6,2),t.taxa) valor from taxasiva t where t.codigo='2'
20241016@175806.6557 taokhob65v9pmvd265l5arr8ql Query : select sestamp valor from se where ref ='324.1831.00.2' and lote = 'r2400481200a'
20241016@175806.6570 taokhob65v9pmvd265l5arr8ql Query : select 1 valor from information_schema.tables where table_type='base table' and table_name='wstablefields'
20241016@175806.6624 taokhob65v9pmvd265l5arr8ql Query : select fieldkey,fieldname,fieldtype,calcformula from wstablefields where tablename = 'fi2' and documentnumber = 39
20241016@175806.6782 taokhob65v9pmvd265l5arr8ql Query : insert into wsfi2data (fi2stamp,ftstamp ,ousrdata, ousrhora, usrdata,usrhora,ousrinis,usrinis) values ('aut670ff45276670ff09ea0','aut670ff51600670ff09e83' ,getdate(),convert(char(8),convert (time,getdate())),getdate(),convert(char(8),convert (time,getdate())),'wsv','wsv')
20241016@175806.6788 taokhob65v9pmvd265l5arr8ql Query : select 1 valor from information_schema.tables where table_type='base table' and table_name='wstablefields'
20241016@175806.6804 taokhob65v9pmvd265l5arr8ql Query : select fieldkey,fieldname,fieldtype,calcformula from wstablefields where tablename = 'fi' and documentnumber = 39
20241016@175806.6832 taokhob65v9pmvd265l5arr8ql Query : insert into wsfidata (fistamp,ousrdata, ousrhora, usrdata,usrhora,ousrinis,usrinis ,qtt ,ftstamp ,epv,pvmoeda ,tabiva,iva,lordem ,ref, design ,lote,armazem,bistamp ) values ('aut670ff45276670ff09ea0',getdate(),convert(char(8),convert (time,getdate())),getdate(),convert(char(8),convert (time,getdate())),'wsv','wsv',20.000 ,'aut670ff51600670ff09e83' ,0,0 ,2,23.00,10000,?,?,?,?,?)
20241016@175806.7077 taokhob65v9pmvd265l5arr8ql Query : select 1 valor from information_schema.tables where table_type='base table' and table_name='wstablefields'
20241016@175806.7093 taokhob65v9pmvd265l5arr8ql Query : select fieldkey,fieldname,fieldtype,mandatory from wstablefields where tablename = 'fi' and documentnumber = 39
20241016@175806.7118 taokhob65v9pmvd265l5arr8ql Query : select 1 valor from information_schema.tables where table_type='base table' and table_name='wstablefields'
20241016@175806.7159 taokhob65v9pmvd265l5arr8ql Query : select fieldkey,fieldname,fieldtype,mandatory from wstablefields where tablename = 'fi2' and documentnumber = 39
20241016@175806.7168 taokhob65v9pmvd265l5arr8ql Query : select top 1 convert(numeric(6,2),t.taxa) valor from taxasiva t where t.codigo='2'
20241016@175806.7180 taokhob65v9pmvd265l5arr8ql Query : select 1 valor from information_schema.tables where table_type='base table' and table_name='wstablefields'
20241016@175806.7194 taokhob65v9pmvd265l5arr8ql Query : select fieldkey,fieldname,fieldtype,calcformula from wstablefields where tablename = 'fi2' and documentnumber = 39
20241016@175806.7208 taokhob65v9pmvd265l5arr8ql Query : insert into wsfi2data (fi2stamp,ftstamp ,ousrdata, ousrhora, usrdata,usrhora,ousrinis,usrinis) values ('aut670ff99762670ff09eaf','aut670ff51600670ff09e83' ,getdate(),convert(char(8),convert (time,getdate())),getdate(),convert(char(8),convert (time,getdate())),'wsv','wsv')
20241016@175806.7212 taokhob65v9pmvd265l5arr8ql Query : select 1 valor from information_schema.tables where table_type='base table' and table_name='wstablefields'
20241016@175806.7226 taokhob65v9pmvd265l5arr8ql Query : select fieldkey,fieldname,fieldtype,calcformula from wstablefields where tablename = 'fi' and documentnumber = 39
20241016@175806.7256 taokhob65v9pmvd265l5arr8ql Query : insert into wsfidata (fistamp,ousrdata, ousrhora, usrdata,usrhora,ousrinis,usrinis ,qtt ,ftstamp ,epv,pvmoeda ,tabiva,iva,lordem ,ref, design ,armazem) values ('aut670ff99762670ff09eaf',getdate(),convert(char(8),convert (time,getdate())),getdate(),convert(char(8),convert (time,getdate())),'wsv','wsv',0 ,'aut670ff51600670ff09e83' ,0,0 ,2,23.00,20000,?,?,?)
20241016@175806.7471 taokhob65v9pmvd265l5arr8ql Query : use flama_phc
20241016@175806.7475 taokhob65v9pmvd265l5arr8ql Query : select st.usalote valor from st where st.ref = '324.1831.00.2'
20241016@175806.7493 taokhob65v9pmvd265l5arr8ql Query : select top 1 st.tabiva ,st.ivaincl ,st.stns ,st.uni2 ,st.familia ,isnull(tx.taxa, 0) txiva ,unidade ,usalote ,epcpond ,noserie ,conversao ,st.texteis from st left join taxasiva tx on st.tabiva = tx.codigo where st.ref = '324.1831.00.2'
20241016@175806.7507 taokhob65v9pmvd265l5arr8ql Query : select 1 valor from information_schema.tables where table_type='base table' and table_name='wstablefields'
20241016@175806.7546 taokhob65v9pmvd265l5arr8ql Query : select fieldkey,fieldname,fieldtype,mandatory from wstablefields where tablename = 'fi' and documentnumber = 39
20241016@175806.7573 taokhob65v9pmvd265l5arr8ql Query : select 1 valor from information_schema.tables where table_type='base table' and table_name='wstablefields'
20241016@175806.7587 taokhob65v9pmvd265l5arr8ql Query : select fieldkey,fieldname,fieldtype,mandatory from wstablefields where tablename = 'fi2' and documentnumber = 39
20241016@175806.7596 taokhob65v9pmvd265l5arr8ql Query : select top 1 convert(numeric(6,2),t.taxa) valor from taxasiva t where t.codigo='2'
20241016@175806.7608 taokhob65v9pmvd265l5arr8ql Query : select sestamp valor from se where ref ='324.1831.00.2' and lote = 'r2400481200a'
20241016@175806.7856 taokhob65v9pmvd265l5arr8ql Query : select 1 valor from information_schema.tables where table_type='base table' and table_name='wstablefields'
20241016@175806.7978 taokhob65v9pmvd265l5arr8ql Query : select fieldkey,fieldname,fieldtype,calcformula from wstablefields where tablename = 'fi2' and documentnumber = 39
20241016@175806.7990 taokhob65v9pmvd265l5arr8ql Query : insert into wsfi2data (fi2stamp,ftstamp ,ousrdata, ousrhora, usrdata,usrhora,ousrinis,usrinis) values ('aut670ff03616670ff09ebf','aut670ff51600670ff09e83' ,getdate(),convert(char(8),convert (time,getdate())),getdate(),convert(char(8),convert (time,getdate())),'wsv','wsv')
20241016@175806.7994 taokhob65v9pmvd265l5arr8ql Query : select 1 valor from information_schema.tables where table_type='base table' and table_name='wstablefields'
20241016@175806.8009 taokhob65v9pmvd265l5arr8ql Query : select fieldkey,fieldname,fieldtype,calcformula from wstablefields where tablename = 'fi' and documentnumber = 39
20241016@175806.8036 taokhob65v9pmvd265l5arr8ql Query : insert into wsfidata (fistamp,ousrdata, ousrhora, usrdata,usrhora,ousrinis,usrinis ,qtt ,ftstamp ,epv,pvmoeda ,tabiva,iva,lordem ,ref, design ,lote,armazem,bistamp ) values ('aut670ff03616670ff09ebf',getdate(),convert(char(8),convert (time,getdate())),getdate(),convert(char(8),convert (time,getdate())),'wsv','wsv',20.000 ,'aut670ff51600670ff09e83' ,0,0 ,2,23.00,40000,?,?,?,?,?)
20241016@175806.8266 taokhob65v9pmvd265l5arr8ql Query : select 1 valor from information_schema.tables where table_type='base table' and table_name='wstablefields'
20241016@175806.8283 taokhob65v9pmvd265l5arr8ql Query : select fieldkey,fieldname,fieldtype,mandatory from wstablefields where tablename = 'fi' and documentnumber = 39
20241016@175806.8308 taokhob65v9pmvd265l5arr8ql Query : select 1 valor from information_schema.tables where table_type='base table' and table_name='wstablefields'
20241016@175806.8349 taokhob65v9pmvd265l5arr8ql Query : select fieldkey,fieldname,fieldtype,mandatory from wstablefields where tablename = 'fi2' and documentnumber = 39
20241016@175806.8362 taokhob65v9pmvd265l5arr8ql Query : select top 1 convert(numeric(6,2),t.taxa) valor from taxasiva t where t.codigo='2'
20241016@175806.8375 taokhob65v9pmvd265l5arr8ql Query : select 1 valor from information_schema.tables where table_type='base table' and table_name='wstablefields'
20241016@175806.8392 taokhob65v9pmvd265l5arr8ql Query : select fieldkey,fieldname,fieldtype,calcformula from wstablefields where tablename = 'fi2' and documentnumber = 39
20241016@175806.8404 taokhob65v9pmvd265l5arr8ql Query : insert into wsfi2data (fi2stamp,ftstamp ,ousrdata, ousrhora, usrdata,usrhora,ousrinis,usrinis) values ('aut670ff57629670ff09ecc','aut670ff51600670ff09e83' ,getdate(),convert(char(8),convert (time,getdate())),getdate(),convert(char(8),convert (time,getdate())),'wsv','wsv')
20241016@175806.8408 taokhob65v9pmvd265l5arr8ql Query : select 1 valor from information_schema.tables where table_type='base table' and table_name='wstablefields'
20241016@175806.8422 taokhob65v9pmvd265l5arr8ql Query : select fieldkey,fieldname,fieldtype,calcformula from wstablefields where tablename = 'fi' and documentnumber = 39
20241016@175806.8449 taokhob65v9pmvd265l5arr8ql Query : insert into wsfidata (fistamp,ousrdata, ousrhora, usrdata,usrhora,ousrinis,usrinis ,qtt ,ftstamp ,epv,pvmoeda ,tabiva,iva,lordem ,ref, design ,armazem) values ('aut670ff57629670ff09ecc',getdate(),convert(char(8),convert (time,getdate())),getdate(),convert(char(8),convert (time,getdate())),'wsv','wsv',0 ,'aut670ff51600670ff09e83' ,0,0 ,2,23.00,50000,?,?,?)
20241016@175806.8660 taokhob65v9pmvd265l5arr8ql Query : use flama_phc
20241016@175806.8663 taokhob65v9pmvd265l5arr8ql Query : select st.usalote valor from st where st.ref = '324.1831.00.2'
20241016@175806.8682 taokhob65v9pmvd265l5arr8ql Query : select top 1 st.tabiva ,st.ivaincl ,st.stns ,st.uni2 ,st.familia ,isnull(tx.taxa, 0) txiva ,unidade ,usalote ,epcpond ,noserie ,conversao ,st.texteis from st left join taxasiva tx on st.tabiva = tx.codigo where st.ref = '324.1831.00.2'
20241016@175806.8720 taokhob65v9pmvd265l5arr8ql Query : select 1 valor from information_schema.tables where table_type='base table' and table_name='wstablefields'
20241016@175806.8735 taokhob65v9pmvd265l5arr8ql Query : select fieldkey,fieldname,fieldtype,mandatory from wstablefields where tablename = 'fi' and documentnumber = 39
20241016@175806.8762 taokhob65v9pmvd265l5arr8ql Query : select 1 valor from information_schema.tables where table_type='base table' and table_name='wstablefields'
20241016@175806.8777 taokhob65v9pmvd265l5arr8ql Query : select fieldkey,fieldname,fieldtype,mandatory from wstablefields where tablename = 'fi2' and documentnumber = 39
20241016@175806.8786 taokhob65v9pmvd265l5arr8ql Query : select top 1 convert(numeric(6,2),t.taxa) valor from taxasiva t where t.codigo='2'
20241016@175806.8797 taokhob65v9pmvd265l5arr8ql Query : select sestamp valor from se where ref ='324.1831.00.2' and lote = 'r2400481200a'
20241016@175806.8810 taokhob65v9pmvd265l5arr8ql Query : select 1 valor from information_schema.tables where table_type='base table' and table_name='wstablefields'
20241016@175806.8824 taokhob65v9pmvd265l5arr8ql Query : select fieldkey,fieldname,fieldtype,calcformula from wstablefields where tablename = 'fi2' and documentnumber = 39
20241016@175806.8835 taokhob65v9pmvd265l5arr8ql Query : insert into wsfi2data (fi2stamp,ftstamp ,ousrdata, ousrhora, usrdata,usrhora,ousrinis,usrinis) values ('aut670ff52983670ff09ed7','aut670ff51600670ff09e83' ,getdate(),convert(char(8),convert (time,getdate())),getdate(),convert(char(8),convert (time,getdate())),'wsv','wsv')
20241016@175806.8839 taokhob65v9pmvd265l5arr8ql Query : select 1 valor from information_schema.tables where table_type='base table' and table_name='wstablefields'
20241016@175806.8854 taokhob65v9pmvd265l5arr8ql Query : select fieldkey,fieldname,fieldtype,calcformula from wstablefields where tablename = 'fi' and documentnumber = 39
20241016@175806.8881 taokhob65v9pmvd265l5arr8ql Query : insert into wsfidata (fistamp,ousrdata, ousrhora, usrdata,usrhora,ousrinis,usrinis ,qtt ,ftstamp ,epv,pvmoeda ,tabiva,iva,lordem ,ref, design ,lote,armazem,bistamp ) values ('aut670ff52983670ff09ed7',getdate(),convert(char(8),convert (time,getdate())),getdate(),convert(char(8),convert (time,getdate())),'wsv','wsv',20.000 ,'aut670ff51600670ff09e83' ,0,0 ,2,23.00,70000,?,?,?,?,?)
20241016@175806.9117 taokhob65v9pmvd265l5arr8ql Query : select 1 valor from information_schema.tables where table_type='base table' and table_name='wstablefields'
20241016@175806.9132 taokhob65v9pmvd265l5arr8ql Query : select fieldkey,fieldname,fieldtype,mandatory from wstablefields where tablename = 'fi' and documentnumber = 39
20241016@175806.9158 taokhob65v9pmvd265l5arr8ql Query : select 1 valor from information_schema.tables where table_type='base table' and table_name='wstablefields'
20241016@175806.9172 taokhob65v9pmvd265l5arr8ql Query : select fieldkey,fieldname,fieldtype,mandatory from wstablefields where tablename = 'fi2' and documentnumber = 39
20241016@175806.9185 taokhob65v9pmvd265l5arr8ql Query : select top 1 convert(numeric(6,2),t.taxa) valor from taxasiva t where t.codigo='2'
20241016@175806.9197 taokhob65v9pmvd265l5arr8ql Query : select 1 valor from information_schema.tables where table_type='base table' and table_name='wstablefields'
20241016@175806.9211 taokhob65v9pmvd265l5arr8ql Query : select fieldkey,fieldname,fieldtype,calcformula from wstablefields where tablename = 'fi2' and documentnumber = 39
20241016@175806.9223 taokhob65v9pmvd265l5arr8ql Query : insert into wsfi2data (fi2stamp,ftstamp ,ousrdata, ousrhora, usrdata,usrhora,ousrinis,usrinis) values ('aut670ff05668670ff09ee0','aut670ff51600670ff09e83' ,getdate(),convert(char(8),convert (time,getdate())),getdate(),convert(char(8),convert (time,getdate())),'wsv','wsv')
20241016@175806.9227 taokhob65v9pmvd265l5arr8ql Query : select 1 valor from information_schema.tables where table_type='base table' and table_name='wstablefields'
20241016@175806.9240 taokhob65v9pmvd265l5arr8ql Query : select fieldkey,fieldname,fieldtype,calcformula from wstablefields where tablename = 'fi' and documentnumber = 39
20241016@175806.9268 taokhob65v9pmvd265l5arr8ql Query : insert into wsfidata (fistamp,ousrdata, ousrhora, usrdata,usrhora,ousrinis,usrinis ,qtt ,ftstamp ,epv,pvmoeda ,tabiva,iva,lordem ,ref, design ,armazem) values ('aut670ff05668670ff09ee0',getdate(),convert(char(8),convert (time,getdate())),getdate(),convert(char(8),convert (time,getdate())),'wsv','wsv',0 ,'aut670ff51600670ff09e83' ,0,0 ,2,23.00,80000,?,?,?)
20241016@175806.9496 taokhob65v9pmvd265l5arr8ql Query : use flama_phc
20241016@175806.9500 taokhob65v9pmvd265l5arr8ql Query : select st.usalote valor from st where st.ref = '324.1831.00.2'
20241016@175806.9518 taokhob65v9pmvd265l5arr8ql Query : select top 1 st.tabiva ,st.ivaincl ,st.stns ,st.uni2 ,st.familia ,isnull(tx.taxa, 0) txiva ,unidade ,usalote ,epcpond ,noserie ,conversao ,st.texteis from st left join taxasiva tx on st.tabiva = tx.codigo where st.ref = '324.1831.00.2'
20241016@175806.9532 taokhob65v9pmvd265l5arr8ql Query : select 1 valor from information_schema.tables where table_type='base table' and table_name='wstablefields'
20241016@175806.9547 taokhob65v9pmvd265l5arr8ql Query : select fieldkey,fieldname,fieldtype,mandatory from wstablefields where tablename = 'fi' and documentnumber = 39
20241016@175806.9573 taokhob65v9pmvd265l5arr8ql Query : select 1 valor from information_schema.tables where table_type='base table' and table_name='wstablefields'
20241016@175806.9587 taokhob65v9pmvd265l5arr8ql Query : select fieldkey,fieldname,fieldtype,mandatory from wstablefields where tablename = 'fi2' and documentnumber = 39
20241016@175806.9596 taokhob65v9pmvd265l5arr8ql Query : select top 1 convert(numeric(6,2),t.taxa) valor from taxasiva t where t.codigo='2'
20241016@175806.9608 taokhob65v9pmvd265l5arr8ql Query : select sestamp valor from se where ref ='324.1831.00.2' and lote = 'r2400481200a'
20241016@175806.9619 taokhob65v9pmvd265l5arr8ql Query : select 1 valor from information_schema.tables where table_type='base table' and table_name='wstablefields'
20241016@175806.9633 taokhob65v9pmvd265l5arr8ql Query : select fieldkey,fieldname,fieldtype,calcformula from wstablefields where tablename = 'fi2' and documentnumber = 39
20241016@175806.9644 taokhob65v9pmvd265l5arr8ql Query : insert into wsfi2data (fi2stamp,ftstamp ,ousrdata, ousrhora, usrdata,usrhora,ousrinis,usrinis) values ('aut670ff56060670ff09eea','aut670ff51600670ff09e83' ,getdate(),convert(char(8),convert (time,getdate())),getdate(),convert(char(8),convert (time,getdate())),'wsv','wsv')
20241016@175806.9649 taokhob65v9pmvd265l5arr8ql Query : select 1 valor from information_schema.tables where table_type='base table' and table_name='wstablefields'
20241016@175806.9664 taokhob65v9pmvd265l5arr8ql Query : select fieldkey,fieldname,fieldtype,calcformula from wstablefields where tablename = 'fi' and documentnumber = 39
20241016@175806.9712 taokhob65v9pmvd265l5arr8ql Query : insert into wsfidata (fistamp,ousrdata, ousrhora, usrdata,usrhora,ousrinis,usrinis ,qtt ,ftstamp ,epv,pvmoeda ,tabiva,iva,lordem ,ref, design ,lote,armazem,bistamp ) values ('aut670ff56060670ff09eea',getdate(),convert(char(8),convert (time,getdate())),getdate(),convert(char(8),convert (time,getdate())),'wsv','wsv',20.000 ,'aut670ff51600670ff09e83' ,0,0 ,2,23.00,100000,?,?,?,?,?)
20241016@175806.9925 taokhob65v9pmvd265l5arr8ql Query : select 1 valor from information_schema.tables where table_type='base table' and table_name='wstablefields'
20241016@175806.9942 taokhob65v9pmvd265l5arr8ql Query : select fieldkey,fieldname,fieldtype,mandatory from wstablefields where tablename = 'fi' and documentnumber = 39
20241016@175806.9966 taokhob65v9pmvd265l5arr8ql Query : select 1 valor from information_schema.tables where table_type='base table' and table_name='wstablefields'
20241016@175806.9982 taokhob65v9pmvd265l5arr8ql Query : select fieldkey,fieldname,fieldtype,mandatory from wstablefields where tablename = 'fi2' and documentnumber = 39
20241016@175806.9990 taokhob65v9pmvd265l5arr8ql Query : select top 1 convert(numeric(6,2),t.taxa) valor from taxasiva t where t.codigo='2'
20241016@175807.3000 taokhob65v9pmvd265l5arr8ql Query : select 1 valor from information_schema.tables where table_type='base table' and table_name='wstablefields'
20241016@175807.1700 taokhob65v9pmvd265l5arr8ql Query : select fieldkey,fieldname,fieldtype,calcformula from wstablefields where tablename = 'fi2' and documentnumber = 39
20241016@175807.2800 taokhob65v9pmvd265l5arr8ql Query : insert into wsfi2data (fi2stamp,ftstamp ,ousrdata, ousrhora, usrdata,usrhora,ousrinis,usrinis) values ('aut670ff66674670ff09f00','aut670ff51600670ff09e83' ,getdate(),convert(char(8),convert (time,getdate())),getdate(),convert(char(8),convert (time,getdate())),'wsv','wsv')
20241016@175807.3100 taokhob65v9pmvd265l5arr8ql Query : select 1 valor from information_schema.tables where table_type='base table' and table_name='wstablefields'
20241016@175807.4500 taokhob65v9pmvd265l5arr8ql Query : select fieldkey,fieldname,fieldtype,calcformula from wstablefields where tablename = 'fi' and documentnumber = 39
20241016@175807.7300 taokhob65v9pmvd265l5arr8ql Query : insert into wsfidata (fistamp,ousrdata, ousrhora, usrdata,usrhora,ousrinis,usrinis ,qtt ,ftstamp ,epv,pvmoeda ,tabiva,iva,lordem ,ref, design ,armazem) values ('aut670ff66674670ff09f00',getdate(),convert(char(8),convert (time,getdate())),getdate(),convert(char(8),convert (time,getdate())),'wsv','wsv',0 ,'aut670ff51600670ff09e83' ,0,0 ,2,23.00,110000,?,?,?)
20241016@175807.3000 taokhob65v9pmvd265l5arr8ql Query : use flama_phc
20241016@175807.3030 taokhob65v9pmvd265l5arr8ql Query : select st.usalote valor from st where st.ref = '324.1831.00.2'
20241016@175807.3210 taokhob65v9pmvd265l5arr8ql Query : select top 1 st.tabiva ,st.ivaincl ,st.stns ,st.uni2 ,st.familia ,isnull(tx.taxa, 0) txiva ,unidade ,usalote ,epcpond ,noserie ,conversao ,st.texteis from st left join taxasiva tx on st.tabiva = tx.codigo where st.ref = '324.1831.00.2'
20241016@175807.3360 taokhob65v9pmvd265l5arr8ql Query : select 1 valor from information_schema.tables where table_type='base table' and table_name='wstablefields'
20241016@175807.3500 taokhob65v9pmvd265l5arr8ql Query : select fieldkey,fieldname,fieldtype,mandatory from wstablefields where tablename = 'fi' and documentnumber = 39
20241016@175807.3760 taokhob65v9pmvd265l5arr8ql Query : select 1 valor from information_schema.tables where table_type='base table' and table_name='wstablefields'
20241016@175807.3900 taokhob65v9pmvd265l5arr8ql Query : select fieldkey,fieldname,fieldtype,mandatory from wstablefields where tablename = 'fi2' and documentnumber = 39
20241016@175807.3990 taokhob65v9pmvd265l5arr8ql Query : select top 1 convert(numeric(6,2),t.taxa) valor from taxasiva t where t.codigo='2'
20241016@175807.4100 taokhob65v9pmvd265l5arr8ql Query : select sestamp valor from se where ref ='324.1831.00.2' and lote = 'r2400481200a'
20241016@175807.4220 taokhob65v9pmvd265l5arr8ql Query : select 1 valor from information_schema.tables where table_type='base table' and table_name='wstablefields'
20241016@175807.4380 taokhob65v9pmvd265l5arr8ql Query : select fieldkey,fieldname,fieldtype,calcformula from wstablefields where tablename = 'fi2' and documentnumber = 39
20241016@175807.4510 taokhob65v9pmvd265l5arr8ql Query : insert into wsfi2data (fi2stamp,ftstamp ,ousrdata, ousrhora, usrdata,usrhora,ousrinis,usrinis) values ('aut670ff73775670ff09f0a','aut670ff51600670ff09e83' ,getdate(),convert(char(8),convert (time,getdate())),getdate(),convert(char(8),convert (time,getdate())),'wsv','wsv')
20241016@175807.4540 taokhob65v9pmvd265l5arr8ql Query : select 1 valor from information_schema.tables where table_type='base table' and table_name='wstablefields'
20241016@175807.4680 taokhob65v9pmvd265l5arr8ql Query : select fieldkey,fieldname,fieldtype,calcformula from wstablefields where tablename = 'fi' and documentnumber = 39
20241016@175807.5200 taokhob65v9pmvd265l5arr8ql Query : insert into wsfidata (fistamp,ousrdata, ousrhora, usrdata,usrhora,ousrinis,usrinis ,qtt ,ftstamp ,epv,pvmoeda ,tabiva,iva,lordem ,ref, design ,lote,armazem,bistamp ) values ('aut670ff73775670ff09f0a',getdate(),convert(char(8),convert (time,getdate())),getdate(),convert(char(8),convert (time,getdate())),'wsv','wsv',20.000 ,'aut670ff51600670ff09e83' ,0,0 ,2,23.00,130000,?,?,?,?,?)
20241016@175807.7360 taokhob65v9pmvd265l5arr8ql Query : select 1 valor from information_schema.tables where table_type='base table' and table_name='wstablefields'
20241016@175807.7510 taokhob65v9pmvd265l5arr8ql Query : select fieldkey,fieldname,fieldtype,mandatory from wstablefields where tablename = 'fi' and documentnumber = 39
20241016@175807.7770 taokhob65v9pmvd265l5arr8ql Query : select 1 valor from information_schema.tables where table_type='base table' and table_name='wstablefields'
20241016@175807.7910 taokhob65v9pmvd265l5arr8ql Query : select fieldkey,fieldname,fieldtype,mandatory from wstablefields where tablename = 'fi2' and documentnumber = 39
20241016@175807.8000 taokhob65v9pmvd265l5arr8ql Query : select top 1 convert(numeric(6,2),t.taxa) valor from taxasiva t where t.codigo='2'
20241016@175807.8120 taokhob65v9pmvd265l5arr8ql Query : select 1 valor from information_schema.tables where table_type='base table' and table_name='wstablefields'
20241016@175807.8260 taokhob65v9pmvd265l5arr8ql Query : select fieldkey,fieldname,fieldtype,calcformula from wstablefields where tablename = 'fi2' and documentnumber = 39
20241016@175807.8370 taokhob65v9pmvd265l5arr8ql Query : insert into wsfi2data (fi2stamp,ftstamp ,ousrdata, ousrhora, usrdata,usrhora,ousrinis,usrinis) values ('aut670ff93479670ff09f13','aut670ff51600670ff09e83' ,getdate(),convert(char(8),convert (time,getdate())),getdate(),convert(char(8),convert (time,getdate())),'wsv','wsv')
20241016@175807.8400 taokhob65v9pmvd265l5arr8ql Query : select 1 valor from information_schema.tables where table_type='base table' and table_name='wstablefields'
20241016@175807.8560 taokhob65v9pmvd265l5arr8ql Query : select fieldkey,fieldname,fieldtype,calcformula from wstablefields where tablename = 'fi' and documentnumber = 39
20241016@175807.8830 taokhob65v9pmvd265l5arr8ql Query : insert into wsfidata (fistamp,ousrdata, ousrhora, usrdata,usrhora,ousrinis,usrinis ,qtt ,ftstamp ,epv,pvmoeda ,tabiva,iva,lordem ,ref, design ,armazem) values ('aut670ff93479670ff09f13',getdate(),convert(char(8),convert (time,getdate())),getdate(),convert(char(8),convert (time,getdate())),'wsv','wsv',0 ,'aut670ff51600670ff09e83' ,0,0 ,2,23.00,140000,?,?,?)
20241016@175807.1108 taokhob65v9pmvd265l5arr8ql Query : use flama_phc
20241016@175807.1111 taokhob65v9pmvd265l5arr8ql Query : select st.usalote valor from st where st.ref = '324.1831.00.2'
20241016@175807.1129 taokhob65v9pmvd265l5arr8ql Query : select top 1 st.tabiva ,st.ivaincl ,st.stns ,st.uni2 ,st.familia ,isnull(tx.taxa, 0) txiva ,unidade ,usalote ,epcpond ,noserie ,conversao ,st.texteis from st left join taxasiva tx on st.tabiva = tx.codigo where st.ref = '324.1831.00.2'
20241016@175807.1144 taokhob65v9pmvd265l5arr8ql Query : select 1 valor from information_schema.tables where table_type='base table' and table_name='wstablefields'
20241016@175807.1158 taokhob65v9pmvd265l5arr8ql Query : select fieldkey,fieldname,fieldtype,mandatory from wstablefields where tablename = 'fi' and documentnumber = 39
20241016@175807.1183 taokhob65v9pmvd265l5arr8ql Query : select 1 valor from information_schema.tables where table_type='base table' and table_name='wstablefields'
20241016@175807.1198 taokhob65v9pmvd265l5arr8ql Query : select fieldkey,fieldname,fieldtype,mandatory from wstablefields where tablename = 'fi2' and documentnumber = 39
20241016@175807.1207 taokhob65v9pmvd265l5arr8ql Query : select top 1 convert(numeric(6,2),t.taxa) valor from taxasiva t where t.codigo='2'
20241016@175807.1219 taokhob65v9pmvd265l5arr8ql Query : select sestamp valor from se where ref ='324.1831.00.2' and lote = 'r2400481200a'
20241016@175807.1232 taokhob65v9pmvd265l5arr8ql Query : select 1 valor from information_schema.tables where table_type='base table' and table_name='wstablefields'
20241016@175807.1245 taokhob65v9pmvd265l5arr8ql Query : select fieldkey,fieldname,fieldtype,calcformula from wstablefields where tablename = 'fi2' and documentnumber = 39
20241016@175807.1257 taokhob65v9pmvd265l5arr8ql Query : insert into wsfi2data (fi2stamp,ftstamp ,ousrdata, ousrhora, usrdata,usrhora,ousrinis,usrinis) values ('aut670ff46765670ff09f1e','aut670ff51600670ff09e83' ,getdate(),convert(char(8),convert (time,getdate())),getdate(),convert(char(8),convert (time,getdate())),'wsv','wsv')
20241016@175807.1261 taokhob65v9pmvd265l5arr8ql Query : select 1 valor from information_schema.tables where table_type='base table' and table_name='wstablefields'
20241016@175807.1276 taokhob65v9pmvd265l5arr8ql Query : select fieldkey,fieldname,fieldtype,calcformula from wstablefields where tablename = 'fi' and documentnumber = 39
20241016@175807.1305 taokhob65v9pmvd265l5arr8ql Query : insert into wsfidata (fistamp,ousrdata, ousrhora, usrdata,usrhora,ousrinis,usrinis ,qtt ,ftstamp ,epv,pvmoeda ,tabiva,iva,lordem ,ref, design ,lote,armazem,bistamp ) values ('aut670ff46765670ff09f1e',getdate(),convert(char(8),convert (time,getdate())),getdate(),convert(char(8),convert (time,getdate())),'wsv','wsv',20.000 ,'aut670ff51600670ff09e83' ,0,0 ,2,23.00,160000,?,?,?,?,?)
20241016@175807.1554 taokhob65v9pmvd265l5arr8ql Query : select 1 valor from information_schema.tables where table_type='base table' and table_name='wstablefields'
20241016@175807.1569 taokhob65v9pmvd265l5arr8ql Query : select fieldkey,fieldname,fieldtype,mandatory from wstablefields where tablename = 'fi' and documentnumber = 39
20241016@175807.1595 taokhob65v9pmvd265l5arr8ql Query : select 1 valor from information_schema.tables where table_type='base table' and table_name='wstablefields'
20241016@175807.1609 taokhob65v9pmvd265l5arr8ql Query : select fieldkey,fieldname,fieldtype,mandatory from wstablefields where tablename = 'fi2' and documentnumber = 39
20241016@175807.1621 taokhob65v9pmvd265l5arr8ql Query : select top 1 convert(numeric(6,2),t.taxa) valor from taxasiva t where t.codigo='2'
20241016@175807.1986 taokhob65v9pmvd265l5arr8ql Query : select 1 valor from information_schema.tables where table_type='base table' and table_name='wstablefields'
20241016@175807.2005 taokhob65v9pmvd265l5arr8ql Query : select fieldkey,fieldname,fieldtype,calcformula from wstablefields where tablename = 'fi2' and documentnumber = 39
20241016@175807.2016 taokhob65v9pmvd265l5arr8ql Query : insert into wsfi2data (fi2stamp,ftstamp ,ousrdata, ousrhora, usrdata,usrhora,ousrinis,usrinis) values ('aut670ff13819670ff09f30','aut670ff51600670ff09e83' ,getdate(),convert(char(8),convert (time,getdate())),getdate(),convert(char(8),convert (time,getdate())),'wsv','wsv')
20241016@175807.2020 taokhob65v9pmvd265l5arr8ql Query : select 1 valor from information_schema.tables where table_type='base table' and table_name='wstablefields'
20241016@175807.2035 taokhob65v9pmvd265l5arr8ql Query : select fieldkey,fieldname,fieldtype,calcformula from wstablefields where tablename = 'fi' and documentnumber = 39
20241016@175807.2063 taokhob65v9pmvd265l5arr8ql Query : insert into wsfidata (fistamp,ousrdata, ousrhora, usrdata,usrhora,ousrinis,usrinis ,qtt ,ftstamp ,epv,pvmoeda ,tabiva,iva,lordem ,ref, design ,armazem) values ('aut670ff13819670ff09f30',getdate(),convert(char(8),convert (time,getdate())),getdate(),convert(char(8),convert (time,getdate())),'wsv','wsv',0 ,'aut670ff51600670ff09e83' ,0,0 ,2,23.00,170000,?,?,?)
20241016@175807.2642 taokhob65v9pmvd265l5arr8ql Query : use flama_phc
20241016@175807.3388 taokhob65v9pmvd265l5arr8ql Query : select st.usalote valor from st where st.ref = '324.1831.00.2'
20241016@175807.3413 taokhob65v9pmvd265l5arr8ql Query : select top 1 st.tabiva ,st.ivaincl ,st.stns ,st.uni2 ,st.familia ,isnull(tx.taxa, 0) txiva ,unidade ,usalote ,epcpond ,noserie ,conversao ,st.texteis from st left join taxasiva tx on st.tabiva = tx.codigo where st.ref = '324.1831.00.2'
20241016@175807.3426 taokhob65v9pmvd265l5arr8ql Query : select 1 valor from information_schema.tables where table_type='base table' and table_name='wstablefields'
20241016@175807.3441 taokhob65v9pmvd265l5arr8ql Query : select fieldkey,fieldname,fieldtype,mandatory from wstablefields where tablename = 'fi' and documentnumber = 39
20241016@175807.3468 taokhob65v9pmvd265l5arr8ql Query : select 1 valor from information_schema.tables where table_type='base table' and table_name='wstablefields'
20241016@175807.3483 taokhob65v9pmvd265l5arr8ql Query : select fieldkey,fieldname,fieldtype,mandatory from wstablefields where tablename = 'fi2' and documentnumber = 39
20241016@175807.3493 taokhob65v9pmvd265l5arr8ql Query : select top 1 convert(numeric(6,2),t.taxa) valor from taxasiva t where t.codigo='2'
20241016@175807.3507 taokhob65v9pmvd265l5arr8ql Query : select sestamp valor from se where ref ='324.1831.00.2' and lote = 'r2400481200a'
20241016@175807.3521 taokhob65v9pmvd265l5arr8ql Query : select 1 valor from information_schema.tables where table_type='base table' and table_name='wstablefields'
20241016@175807.3535 taokhob65v9pmvd265l5arr8ql Query : select fieldkey,fieldname,fieldtype,calcformula from wstablefields where tablename = 'fi2' and documentnumber = 39
20241016@175807.3546 taokhob65v9pmvd265l5arr8ql Query : insert into wsfi2data (fi2stamp,ftstamp ,ousrdata, ousrhora, usrdata,usrhora,ousrinis,usrinis) values ('aut670ff73543670ff09f55','aut670ff51600670ff09e83' ,getdate(),convert(char(8),convert (time,getdate())),getdate(),convert(char(8),convert (time,getdate())),'wsv','wsv')
20241016@175807.3550 taokhob65v9pmvd265l5arr8ql Query : select 1 valor from information_schema.tables where table_type='base table' and table_name='wstablefields'
20241016@175807.3566 taokhob65v9pmvd265l5arr8ql Query : select fieldkey,fieldname,fieldtype,calcformula from wstablefields where tablename = 'fi' and documentnumber = 39
20241016@175807.3620 taokhob65v9pmvd265l5arr8ql Query : insert into wsfidata (fistamp,ousrdata, ousrhora, usrdata,usrhora,ousrinis,usrinis ,qtt ,ftstamp ,epv,pvmoeda ,tabiva,iva,lordem ,ref, design ,lote,armazem,bistamp ) values ('aut670ff73543670ff09f55',getdate(),convert(char(8),convert (time,getdate())),getdate(),convert(char(8),convert (time,getdate())),'wsv','wsv',20.000 ,'aut670ff51600670ff09e83' ,0,0 ,2,23.00,190000,?,?,?,?,?)
20241016@175807.3847 taokhob65v9pmvd265l5arr8ql Query : select 1 valor from information_schema.tables where table_type='base table' and table_name='wstablefields'
20241016@175807.3864 taokhob65v9pmvd265l5arr8ql Query : select fieldkey,fieldname,fieldtype,mandatory from wstablefields where tablename = 'fi' and documentnumber = 39
20241016@175807.3888 taokhob65v9pmvd265l5arr8ql Query : select 1 valor from information_schema.tables where table_type='base table' and table_name='wstablefields'
20241016@175807.3903 taokhob65v9pmvd265l5arr8ql Query : select fieldkey,fieldname,fieldtype,mandatory from wstablefields where tablename = 'fi2' and documentnumber = 39
20241016@175807.3913 taokhob65v9pmvd265l5arr8ql Query : select top 1 convert(numeric(6,2),t.taxa) valor from taxasiva t where t.codigo='2'
20241016@175807.3926 taokhob65v9pmvd265l5arr8ql Query : select 1 valor from information_schema.tables where table_type='base table' and table_name='wstablefields'
20241016@175807.3940 taokhob65v9pmvd265l5arr8ql Query : select fieldkey,fieldname,fieldtype,calcformula from wstablefields where tablename = 'fi2' and documentnumber = 39
20241016@175807.3952 taokhob65v9pmvd265l5arr8ql Query : insert into wsfi2data (fi2stamp,ftstamp ,ousrdata, ousrhora, usrdata,usrhora,ousrinis,usrinis) values ('aut670ff14063670ff09f5f','aut670ff51600670ff09e83' ,getdate(),convert(char(8),convert (time,getdate())),getdate(),convert(char(8),convert (time,getdate())),'wsv','wsv')
20241016@175807.3956 taokhob65v9pmvd265l5arr8ql Query : select 1 valor from information_schema.tables where table_type='base table' and table_name='wstablefields'
20241016@175807.3971 taokhob65v9pmvd265l5arr8ql Query : select fieldkey,fieldname,fieldtype,calcformula from wstablefields where tablename = 'fi' and documentnumber = 39
20241016@175807.3999 taokhob65v9pmvd265l5arr8ql Query : insert into wsfidata (fistamp,ousrdata, ousrhora, usrdata,usrhora,ousrinis,usrinis ,qtt ,ftstamp ,epv,pvmoeda ,tabiva,iva,lordem ,ref, design ,armazem) values ('aut670ff14063670ff09f5f',getdate(),convert(char(8),convert (time,getdate())),getdate(),convert(char(8),convert (time,getdate())),'wsv','wsv',0 ,'aut670ff51600670ff09e83' ,0,0 ,2,23.00,200000,?,?,?)
20241016@175807.4246 taokhob65v9pmvd265l5arr8ql Query : use flama_phc
20241016@175807.4249 taokhob65v9pmvd265l5arr8ql Query : select st.usalote valor from st where st.ref = '324.1831.00.2'
20241016@175807.4268 taokhob65v9pmvd265l5arr8ql Query : select top 1 st.tabiva ,st.ivaincl ,st.stns ,st.uni2 ,st.familia ,isnull(tx.taxa, 0) txiva ,unidade ,usalote ,epcpond ,noserie ,conversao ,st.texteis from st left join taxasiva tx on st.tabiva = tx.codigo where st.ref = '324.1831.00.2'
20241016@175807.4282 taokhob65v9pmvd265l5arr8ql Query : select 1 valor from information_schema.tables where table_type='base table' and table_name='wstablefields'
20241016@175807.4297 taokhob65v9pmvd265l5arr8ql Query : select fieldkey,fieldname,fieldtype,mandatory from wstablefields where tablename = 'fi' and documentnumber = 39
20241016@175807.4323 taokhob65v9pmvd265l5arr8ql Query : select 1 valor from information_schema.tables where table_type='base table' and table_name='wstablefields'
20241016@175807.4337 taokhob65v9pmvd265l5arr8ql Query : select fieldkey,fieldname,fieldtype,mandatory from wstablefields where tablename = 'fi2' and documentnumber = 39
20241016@175807.4346 taokhob65v9pmvd265l5arr8ql Query : select top 1 convert(numeric(6,2),t.taxa) valor from taxasiva t where t.codigo='2'
20241016@175807.4358 taokhob65v9pmvd265l5arr8ql Query : select sestamp valor from se where ref ='324.1831.00.2' and lote = 'r2400481200a'
20241016@175807.4371 taokhob65v9pmvd265l5arr8ql Query : select 1 valor from information_schema.tables where table_type='base table' and table_name='wstablefields'
20241016@175807.4386 taokhob65v9pmvd265l5arr8ql Query : select fieldkey,fieldname,fieldtype,calcformula from wstablefields where tablename = 'fi2' and documentnumber = 39
20241016@175807.4397 taokhob65v9pmvd265l5arr8ql Query : insert into wsfi2data (fi2stamp,ftstamp ,ousrdata, ousrhora, usrdata,usrhora,ousrinis,usrinis) values ('aut670ff97581670ff09f6a','aut670ff51600670ff09e83' ,getdate(),convert(char(8),convert (time,getdate())),getdate(),convert(char(8),convert (time,getdate())),'wsv','wsv')
20241016@175807.4425 taokhob65v9pmvd265l5arr8ql Query : select 1 valor from information_schema.tables where table_type='base table' and table_name='wstablefields'
20241016@175807.4439 taokhob65v9pmvd265l5arr8ql Query : select fieldkey,fieldname,fieldtype,calcformula from wstablefields where tablename = 'fi' and documentnumber = 39
20241016@175807.4468 taokhob65v9pmvd265l5arr8ql Query : insert into wsfidata (fistamp,ousrdata, ousrhora, usrdata,usrhora,ousrinis,usrinis ,qtt ,ftstamp ,epv,pvmoeda ,tabiva,iva,lordem ,ref, design ,lote,armazem,bistamp ) values ('aut670ff97581670ff09f6a',getdate(),convert(char(8),convert (time,getdate())),getdate(),convert(char(8),convert (time,getdate())),'wsv','wsv',20.000 ,'aut670ff51600670ff09e83' ,0,0 ,2,23.00,220000,?,?,?,?,?)
20241016@175807.4700 taokhob65v9pmvd265l5arr8ql Query : select 1 valor from information_schema.tables where table_type='base table' and table_name='wstablefields'
20241016@175807.4715 taokhob65v9pmvd265l5arr8ql Query : select fieldkey,fieldname,fieldtype,mandatory from wstablefields where tablename = 'fi' and documentnumber = 39
20241016@175807.4740 taokhob65v9pmvd265l5arr8ql Query : select 1 valor from information_schema.tables where table_type='base table' and table_name='wstablefields'
20241016@175807.4756 taokhob65v9pmvd265l5arr8ql Query : select fieldkey,fieldname,fieldtype,mandatory from wstablefields where tablename = 'fi2' and documentnumber = 39
20241016@175807.4765 taokhob65v9pmvd265l5arr8ql Query : select top 1 convert(numeric(6,2),t.taxa) valor from taxasiva t where t.codigo='2'
20241016@175807.4777 taokhob65v9pmvd265l5arr8ql Query : select 1 valor from information_schema.tables where table_type='base table' and table_name='wstablefields'
20241016@175807.4912 taokhob65v9pmvd265l5arr8ql Query : select fieldkey,fieldname,fieldtype,calcformula from wstablefields where tablename = 'fi2' and documentnumber = 39
20241016@175807.4924 taokhob65v9pmvd265l5arr8ql Query : insert into wsfi2data (fi2stamp,ftstamp ,ousrdata, ousrhora, usrdata,usrhora,ousrinis,usrinis) values ('aut670ff79191670ff09f74','aut670ff51600670ff09e83' ,getdate(),convert(char(8),convert (time,getdate())),getdate(),convert(char(8),convert (time,getdate())),'wsv','wsv')
20241016@175807.4928 taokhob65v9pmvd265l5arr8ql Query : select 1 valor from information_schema.tables where table_type='base table' and table_name='wstablefields'
20241016@175807.4942 taokhob65v9pmvd265l5arr8ql Query : select fieldkey,fieldname,fieldtype,calcformula from wstablefields where tablename = 'fi' and documentnumber = 39
20241016@175807.4992 taokhob65v9pmvd265l5arr8ql Query : insert into wsfidata (fistamp,ousrdata, ousrhora, usrdata,usrhora,ousrinis,usrinis ,qtt ,ftstamp ,epv,pvmoeda ,tabiva,iva,lordem ,ref, design ,armazem) values ('aut670ff79191670ff09f74',getdate(),convert(char(8),convert (time,getdate())),getdate(),convert(char(8),convert (time,getdate())),'wsv','wsv',0 ,'aut670ff51600670ff09e83' ,0,0 ,2,23.00,230000,?,?,?)
20241016@175807.5215 taokhob65v9pmvd265l5arr8ql Query : insert into wsftcreationlog (initialftstamp,externalid,creationstatus,documenttypeid,idustamp) values ('aut670ff51600670ff09e83','2406806','wait',39,'adm09112754980.682000002')
20241016@175807.5290 taokhob65v9pmvd265l5arr8ql Query : use flama_phc
20241016@175807.5293 taokhob65v9pmvd265l5arr8ql Query : update u_wsusers set rqsttoken =? where userid ='userls001'
20241016@175807.5327 taokhob65v9pmvd265l5arr8ql Query : select concat(rtrim(relative_path),ltrim(name_new)) as valor from uploadfiles where uploadfile_id='2736';
20241016@175807.5361 taokhob65v9pmvd265l5arr8ql Query : update uploadfiles set whenupdated=current_timestamp where uploadfile_id='2736';
20241016@175807.5424 taokhob65v9pmvd265l5arr8ql Query : select concat(rtrim(relative_path),ltrim(name_new)) as valor from uploadfiles where uploadfile_id='2736';
20241016@175807.5462 taokhob65v9pmvd265l5arr8ql Query : update uploadfiles set whenupdated=current_timestamp where uploadfile_id='2736';
20241016@175807.8500 lnaka65ihpue2kl3afqj8s0e3k Query : insert into uploadfiles ( name_original, name_new, option_type, relative_path, whencreated ) values ( ?, ?, ?, ?, getdate() )
20241016@175807.8514 lnaka65ihpue2kl3afqj8s0e3k Query : select uploadfile_id valor from uploadfiles where name_new = ? and option_type = ? 
20241016@175807.8583 lnaka65ihpue2kl3afqj8s0e3k Query : select concat(rtrim(relative_path),ltrim(name_new)) as valor from uploadfiles where uploadfile_id='2737';
20241016@175807.8642 lnaka65ihpue2kl3afqj8s0e3k Query : update uploadfiles set whenupdated=current_timestamp where uploadfile_id='2737';
20241016@175807.8708 lnaka65ihpue2kl3afqj8s0e3k Query : select concat(rtrim(relative_path),ltrim(name_new)) as valor from uploadfiles where uploadfile_id='2737';
20241016@175807.8741 lnaka65ihpue2kl3afqj8s0e3k Query : update uploadfiles set whenupdated=current_timestamp where uploadfile_id='2737';
20241016@175807.8806 lnaka65ihpue2kl3afqj8s0e3k Query : use flama_phc
20241016@175807.8809 lnaka65ihpue2kl3afqj8s0e3k Query : select top 1 secretkey valor from u_wsusers u where u.userid = ? and u.inactivo=0
20241016@175807.8919 lnaka65ihpue2kl3afqj8s0e3k Query : use flama_phc
20241016@175807.8923 lnaka65ihpue2kl3afqj8s0e3k Query : select no, estab,szadrsdesc from szadrs where u_coddest=4740
20241016@175807.8968 lnaka65ihpue2kl3afqj8s0e3k Query : select top 1 isnull(design,'') valor from st (nolock) left join stobs (nolock) on st.ref = stobs.ref where st.ref = '324.1834.00.1'
20241016@175807.9095 lnaka65ihpue2kl3afqj8s0e3k Query : select top 1 bistamp valor from bi inner join bo on bo.bostamp=bi.bostamp where bo.ndos =240 and bo.boano =2068 and bo.obrano = 2406807 and bi.ref ='324.1834.00.1' and bi.lordem =1
20241016@175807.9390 lnaka65ihpue2kl3afqj8s0e3k Query : select top 1 isnull(design,'') valor from st (nolock) left join stobs (nolock) on st.ref = stobs.ref where st.ref = '324.1834.00.1'
20241016@175807.9415 lnaka65ihpue2kl3afqj8s0e3k Query : select top 1 bistamp valor from bi inner join bo on bo.bostamp=bi.bostamp where bo.ndos =240 and bo.boano =2068 and bo.obrano = 2406807 and bi.ref ='324.1834.00.1' and bi.lordem =1
20241016@175807.9436 lnaka65ihpue2kl3afqj8s0e3k Query : select top 1 isnull(design,'') valor from st (nolock) left join stobs (nolock) on st.ref = stobs.ref where st.ref = '324.1834.00.1'
20241016@175807.9458 lnaka65ihpue2kl3afqj8s0e3k Query : select top 1 bistamp valor from bi inner join bo on bo.bostamp=bi.bostamp where bo.ndos =240 and bo.boano =2068 and bo.obrano = 2406807 and bi.ref ='324.1834.00.1' and bi.lordem =1
20241016@175807.9478 lnaka65ihpue2kl3afqj8s0e3k Query : select top 1 isnull(design,'') valor from st (nolock) left join stobs (nolock) on st.ref = stobs.ref where st.ref = '324.1834.00.1'
20241016@175807.9501 lnaka65ihpue2kl3afqj8s0e3k Query : select top 1 bistamp valor from bi inner join bo on bo.bostamp=bi.bostamp where bo.ndos =240 and bo.boano =2068 and bo.obrano = 2406807 and bi.ref ='324.1834.00.1' and bi.lordem =1
20241016@175807.9524 lnaka65ihpue2kl3afqj8s0e3k Query : use flama_phc
20241016@175807.9527 lnaka65ihpue2kl3afqj8s0e3k Query : select top 1 convert(date,fdata) valor from ft where ndoc = 39 and anulado= 0 and fno>0 order by fdata desc
20241016@175807.9565 lnaka65ihpue2kl3afqj8s0e3k Query : use flama_phc
20241016@175807.9568 lnaka65ihpue2kl3afqj8s0e3k Query : select top 1 1 valor from td where td.ndoc = 39
20241016@175807.9605 lnaka65ihpue2kl3afqj8s0e3k Query : use flama_phc
20241016@175807.9608 lnaka65ihpue2kl3afqj8s0e3k Query : select lower(descricao) descricao ,case when valor='s' then 1 else 0 end valor from para1 where descricao in ('st_lote','st_usalogifunc', 'st_grelha')
20241016@175807.9640 lnaka65ihpue2kl3afqj8s0e3k Query : select top 1 manternumero ,assinadoc issigned ,tiposaft ,assinaimp ,nmdos ,td.assinadoc ,'cl' origin ,lancasl stocks ,case when cmsl<50 and td.lancasl=1 then 1 else 0 end entrada ,case when cmsl>50 and td.lancasl=1 then 1 else 0 end saida ,temserie assets ,~semgre usegridfields from td inner join td2 on td.tdstamp=td2.td2stamp where td.ndoc = 1
20241016@175807.9682 lnaka65ihpue2kl3afqj8s0e3k Query : use flama_phc
20241016@175807.9685 lnaka65ihpue2kl3afqj8s0e3k Query : select top 1 ~inactivo valor from cl where no = '100810' and estab = 0 order by inactivo desc
20241016@175807.9718 lnaka65ihpue2kl3afqj8s0e3k Query : use flama_phc
20241016@175807.9721 lnaka65ihpue2kl3afqj8s0e3k Query : select top 1 tipodoc,regrd from td where ndoc = 39
20241016@175807.9758 lnaka65ihpue2kl3afqj8s0e3k Query : use flama_phc
20241016@175807.9761 lnaka65ihpue2kl3afqj8s0e3k Query : select szadrsstamp valor from szadrs where szadrsdesc='espaÇotrans,lda'
20241016@175807.9821 lnaka65ihpue2kl3afqj8s0e3k Query : use flama_phc
20241016@175807.9824 lnaka65ihpue2kl3afqj8s0e3k Query : select szadrsstamp valor from szadrs where szadrsdesc='100810 - worten-equipamentos para o lar,sa.'
20241016@175807.9881 lnaka65ihpue2kl3afqj8s0e3k Query : use flama_phc
20241016@175807.9884 lnaka65ihpue2kl3afqj8s0e3k Query : select 1 valor from td where ndoc = 39
20241016@175807.9897 lnaka65ihpue2kl3afqj8s0e3k Query : select top 1 manternumero, tiposaft, nmdos,td.assinadoc from td where td.ndoc = 39
20241016@175807.9911 lnaka65ihpue2kl3afqj8s0e3k Query : select 1 valor from information_schema.tables where table_type='base table' and table_name='wstablefields'
20241016@175807.9928 lnaka65ihpue2kl3afqj8s0e3k Query : select fieldkey,fieldname,fieldtype,mandatory from wstablefields where tablename = 'ft' and documentnumber = 39
20241016@175807.9947 lnaka65ihpue2kl3afqj8s0e3k Query : select 1 valor from information_schema.tables where table_type='base table' and table_name='wstablefields'
20241016@175807.9963 lnaka65ihpue2kl3afqj8s0e3k Query : select fieldkey,fieldname,fieldtype,mandatory from wstablefields where tablename = 'ft2' and documentnumber = 39
20241016@175807.9994 lnaka65ihpue2kl3afqj8s0e3k Query : select 1 valor from information_schema.tables where table_type='base table' and table_name='wstablefields'
20241016@175808.9000 lnaka65ihpue2kl3afqj8s0e3k Query : select fieldkey,fieldname,fieldtype,mandatory from wstablefields where tablename = 'ft3' and documentnumber = 39
20241016@175808.2300 lnaka65ihpue2kl3afqj8s0e3k Query : select top 1 ft.fno valor from ft ft where ft.ndoc = 39 and ftano=2024 order by fno desc
20241016@175808.8700 lnaka65ihpue2kl3afqj8s0e3k Query : select top 1 ft.fno valor from wsftdata ft where ft.ndoc = 39 and ftano=2024 order by fno desc
20241016@175808.1000 lnaka65ihpue2kl3afqj8s0e3k Query : select 1 valor from information_schema.tables where table_type='base table' and table_name='wstablefields'
20241016@175808.1160 lnaka65ihpue2kl3afqj8s0e3k Query : select fieldkey,fieldname,fieldtype,calcformula from wstablefields where tablename = 'ft3' and documentnumber = 39
20241016@175808.1320 lnaka65ihpue2kl3afqj8s0e3k Query : insert into wsft3data (ft3stamp, ousrdata, ousrhora, usrdata,usrhora,ousrinis,usrinis,taxpointdt ) values ('aut670ff02373670ff0a000' ,getdate(),convert(char(8),convert (time,getdate())),getdate(),convert(char(8),convert (time,getdate())),'wsv','wsv',?)
20241016@175808.3240 lnaka65ihpue2kl3afqj8s0e3k Query : select 1 valor from information_schema.tables where table_type='base table' and table_name='wstablefields'
20241016@175808.3410 lnaka65ihpue2kl3afqj8s0e3k Query : select fieldkey,fieldname,fieldtype,calcformula from wstablefields where tablename = 'ft2' and documentnumber = 39
20241016@175808.3760 lnaka65ihpue2kl3afqj8s0e3k Query : select top 1 bo.u_nomeenv valor from bo where bo.bostamp=''
20241016@175808.3880 lnaka65ihpue2kl3afqj8s0e3k Query : select top 1 bo.u_moradaen valor from bo where bo.bostamp=''
20241016@175808.4000 lnaka65ihpue2kl3afqj8s0e3k Query : select top 1 bo.u_codposen valor from bo where bo.bostamp=''
20241016@175808.4130 lnaka65ihpue2kl3afqj8s0e3k Query : select top 1 bo.u_localenv valor from bo where bo.bostamp=''
20241016@175808.4280 lnaka65ihpue2kl3afqj8s0e3k Query : select top 1 bo.trab5 valor from bo where bo.bostamp=''
20241016@175808.4420 lnaka65ihpue2kl3afqj8s0e3k Query : select top 1 bo.serie valor from bo where bo.bostamp=''
20241016@175808.4550 lnaka65ihpue2kl3afqj8s0e3k Query : insert into wsft2data (ft2stamp, ousrdata,ousrhora, usrdata,usrhora,ousrinis,usrinis,u_nomeenv ,u_moradaen ,u_codposen ,u_localenv ,u_coddest ,u_codby ) values ('aut670ff02373670ff0a000',getdate(),convert(char(8),convert (time,getdate())),getdate(),convert(char(8),convert (time,getdate())),'wsv','wsv',?,?,?,?,?,?)
20241016@175808.7180 lnaka65ihpue2kl3afqj8s0e3k Query : select top 1 fno valor from wsftdata order by fno desc
20241016@175808.1291 lnaka65ihpue2kl3afqj8s0e3k Query : select 1 valor from information_schema.tables where table_type='base table' and table_name='wstablefields'
20241016@175808.1308 lnaka65ihpue2kl3afqj8s0e3k Query : select fieldkey,fieldname,fieldtype,calcformula from wstablefields where tablename = 'ft' and documentnumber = 39
20241016@175808.1331 lnaka65ihpue2kl3afqj8s0e3k Query : select 'normal' from dummy
20241016@175808.1345 lnaka65ihpue2kl3afqj8s0e3k Query : insert into wsftdata (ftstamp, ousrdata,ousrhora, usrdata,usrhora,ousrinis,usrinis,fno,no,estab,fdata,ndoc,moeda,cambio,cambiofixo,ftano,site ,classe ) values ('aut670ff02373670ff0a000',getdate(),convert(char(8),convert (time,getdate())),getdate(),convert(char(8),convert (time,getdate())),'wsv','wsv',1338,100810,0,'2024-10-16',39,'euro',0,0,2024 ,?,?)
20241016@175808.1599 lnaka65ihpue2kl3afqj8s0e3k Query : use flama_phc
20241016@175808.1602 lnaka65ihpue2kl3afqj8s0e3k Query : select st.usalote valor from st where st.ref = '324.1834.00.1'
20241016@175808.1623 lnaka65ihpue2kl3afqj8s0e3k Query : select top 1 st.tabiva ,st.ivaincl ,st.stns ,st.uni2 ,st.familia ,isnull(tx.taxa, 0) txiva ,unidade ,usalote ,epcpond ,noserie ,conversao ,st.texteis from st left join taxasiva tx on st.tabiva = tx.codigo where st.ref = '324.1834.00.1'
20241016@175808.1739 lnaka65ihpue2kl3afqj8s0e3k Query : select 1 valor from information_schema.tables where table_type='base table' and table_name='wstablefields'
20241016@175808.1755 lnaka65ihpue2kl3afqj8s0e3k Query : select fieldkey,fieldname,fieldtype,mandatory from wstablefields where tablename = 'fi' and documentnumber = 39
20241016@175808.1781 lnaka65ihpue2kl3afqj8s0e3k Query : select 1 valor from information_schema.tables where table_type='base table' and table_name='wstablefields'
20241016@175808.1795 lnaka65ihpue2kl3afqj8s0e3k Query : select fieldkey,fieldname,fieldtype,mandatory from wstablefields where tablename = 'fi2' and documentnumber = 39
20241016@175808.1804 lnaka65ihpue2kl3afqj8s0e3k Query : select top 1 convert(numeric(6,2),t.taxa) valor from taxasiva t where t.codigo='2'
20241016@175808.1816 lnaka65ihpue2kl3afqj8s0e3k Query : select sestamp valor from se where ref ='324.1834.00.1' and lote = 'r2400214200a'
20241016@175808.1829 lnaka65ihpue2kl3afqj8s0e3k Query : select 1 valor from information_schema.tables where table_type='base table' and table_name='wstablefields'
20241016@175808.1843 lnaka65ihpue2kl3afqj8s0e3k Query : select fieldkey,fieldname,fieldtype,calcformula from wstablefields where tablename = 'fi2' and documentnumber = 39
20241016@175808.1855 lnaka65ihpue2kl3afqj8s0e3k Query : insert into wsfi2data (fi2stamp,ftstamp ,ousrdata, ousrhora, usrdata,usrhora,ousrinis,usrinis) values ('aut670ff08527670ff0a02c','aut670ff02373670ff0a000' ,getdate(),convert(char(8),convert (time,getdate())),getdate(),convert(char(8),convert (time,getdate())),'wsv','wsv')
20241016@175808.1859 lnaka65ihpue2kl3afqj8s0e3k Query : select 1 valor from information_schema.tables where table_type='base table' and table_name='wstablefields'
20241016@175808.1873 lnaka65ihpue2kl3afqj8s0e3k Query : select fieldkey,fieldname,fieldtype,calcformula from wstablefields where tablename = 'fi' and documentnumber = 39
20241016@175808.1902 lnaka65ihpue2kl3afqj8s0e3k Query : insert into wsfidata (fistamp,ousrdata, ousrhora, usrdata,usrhora,ousrinis,usrinis ,qtt ,ftstamp ,epv,pvmoeda ,tabiva,iva,lordem ,ref, design ,lote,armazem,bistamp ) values ('aut670ff08527670ff0a02c',getdate(),convert(char(8),convert (time,getdate())),getdate(),convert(char(8),convert (time,getdate())),'wsv','wsv',20.000 ,'aut670ff02373670ff0a000' ,0,0 ,2,23.00,10000,?,?,?,?,?)
20241016@175808.2139 lnaka65ihpue2kl3afqj8s0e3k Query : select 1 valor from information_schema.tables where table_type='base table' and table_name='wstablefields'
20241016@175808.2157 lnaka65ihpue2kl3afqj8s0e3k Query : select fieldkey,fieldname,fieldtype,mandatory from wstablefields where tablename = 'fi' and documentnumber = 39
20241016@175808.2185 lnaka65ihpue2kl3afqj8s0e3k Query : select 1 valor from information_schema.tables where table_type='base table' and table_name='wstablefields'
20241016@175808.2202 lnaka65ihpue2kl3afqj8s0e3k Query : select fieldkey,fieldname,fieldtype,mandatory from wstablefields where tablename = 'fi2' and documentnumber = 39
20241016@175808.2211 lnaka65ihpue2kl3afqj8s0e3k Query : select top 1 convert(numeric(6,2),t.taxa) valor from taxasiva t where t.codigo='2'
20241016@175808.2223 lnaka65ihpue2kl3afqj8s0e3k Query : select 1 valor from information_schema.tables where table_type='base table' and table_name='wstablefields'
20241016@175808.2238 lnaka65ihpue2kl3afqj8s0e3k Query : select fieldkey,fieldname,fieldtype,calcformula from wstablefields where tablename = 'fi2' and documentnumber = 39
20241016@175808.2249 lnaka65ihpue2kl3afqj8s0e3k Query : insert into wsfi2data (fi2stamp,ftstamp ,ousrdata, ousrhora, usrdata,usrhora,ousrinis,usrinis) values ('aut670ff63705670ff0a036','aut670ff02373670ff0a000' ,getdate(),convert(char(8),convert (time,getdate())),getdate(),convert(char(8),convert (time,getdate())),'wsv','wsv')
20241016@175808.2254 lnaka65ihpue2kl3afqj8s0e3k Query : select 1 valor from information_schema.tables where table_type='base table' and table_name='wstablefields'
20241016@175808.2269 lnaka65ihpue2kl3afqj8s0e3k Query : select fieldkey,fieldname,fieldtype,calcformula from wstablefields where tablename = 'fi' and documentnumber = 39
20241016@175808.2298 lnaka65ihpue2kl3afqj8s0e3k Query : insert into wsfidata (fistamp,ousrdata, ousrhora, usrdata,usrhora,ousrinis,usrinis ,qtt ,ftstamp ,epv,pvmoeda ,tabiva,iva,lordem ,ref, design ,armazem) values ('aut670ff63705670ff0a036',getdate(),convert(char(8),convert (time,getdate())),getdate(),convert(char(8),convert (time,getdate())),'wsv','wsv',0 ,'aut670ff02373670ff0a000' ,0,0 ,2,23.00,20000,?,?,?)
20241016@175808.2524 lnaka65ihpue2kl3afqj8s0e3k Query : use flama_phc
20241016@175808.2527 lnaka65ihpue2kl3afqj8s0e3k Query : select st.usalote valor from st where st.ref = '324.1834.00.1'
20241016@175808.2545 lnaka65ihpue2kl3afqj8s0e3k Query : select top 1 st.tabiva ,st.ivaincl ,st.stns ,st.uni2 ,st.familia ,isnull(tx.taxa, 0) txiva ,unidade ,usalote ,epcpond ,noserie ,conversao ,st.texteis from st left join taxasiva tx on st.tabiva = tx.codigo where st.ref = '324.1834.00.1'
20241016@175808.2561 lnaka65ihpue2kl3afqj8s0e3k Query : select 1 valor from information_schema.tables where table_type='base table' and table_name='wstablefields'
20241016@175808.2576 lnaka65ihpue2kl3afqj8s0e3k Query : select fieldkey,fieldname,fieldtype,mandatory from wstablefields where tablename = 'fi' and documentnumber = 39
20241016@175808.2603 lnaka65ihpue2kl3afqj8s0e3k Query : select 1 valor from information_schema.tables where table_type='base table' and table_name='wstablefields'
20241016@175808.2617 lnaka65ihpue2kl3afqj8s0e3k Query : select fieldkey,fieldname,fieldtype,mandatory from wstablefields where tablename = 'fi2' and documentnumber = 39
20241016@175808.2626 lnaka65ihpue2kl3afqj8s0e3k Query : select top 1 convert(numeric(6,2),t.taxa) valor from taxasiva t where t.codigo='2'
20241016@175808.2637 lnaka65ihpue2kl3afqj8s0e3k Query : select sestamp valor from se where ref ='324.1834.00.1' and lote = 'r2400214200a'
20241016@175808.2649 lnaka65ihpue2kl3afqj8s0e3k Query : select 1 valor from information_schema.tables where table_type='base table' and table_name='wstablefields'
20241016@175808.2663 lnaka65ihpue2kl3afqj8s0e3k Query : select fieldkey,fieldname,fieldtype,calcformula from wstablefields where tablename = 'fi2' and documentnumber = 39
20241016@175808.2674 lnaka65ihpue2kl3afqj8s0e3k Query : insert into wsfi2data (fi2stamp,ftstamp ,ousrdata, ousrhora, usrdata,usrhora,ousrinis,usrinis) values ('aut670ff16020670ff0a040','aut670ff02373670ff0a000' ,getdate(),convert(char(8),convert (time,getdate())),getdate(),convert(char(8),convert (time,getdate())),'wsv','wsv')
20241016@175808.2678 lnaka65ihpue2kl3afqj8s0e3k Query : select 1 valor from information_schema.tables where table_type='base table' and table_name='wstablefields'
20241016@175808.2692 lnaka65ihpue2kl3afqj8s0e3k Query : select fieldkey,fieldname,fieldtype,calcformula from wstablefields where tablename = 'fi' and documentnumber = 39
20241016@175808.2720 lnaka65ihpue2kl3afqj8s0e3k Query : insert into wsfidata (fistamp,ousrdata, ousrhora, usrdata,usrhora,ousrinis,usrinis ,qtt ,ftstamp ,epv,pvmoeda ,tabiva,iva,lordem ,ref, design ,lote,armazem,bistamp ) values ('aut670ff16020670ff0a040',getdate(),convert(char(8),convert (time,getdate())),getdate(),convert(char(8),convert (time,getdate())),'wsv','wsv',20.000 ,'aut670ff02373670ff0a000' ,0,0 ,2,23.00,40000,?,?,?,?,?)
20241016@175808.2942 lnaka65ihpue2kl3afqj8s0e3k Query : select 1 valor from information_schema.tables where table_type='base table' and table_name='wstablefields'
20241016@175808.2957 lnaka65ihpue2kl3afqj8s0e3k Query : select fieldkey,fieldname,fieldtype,mandatory from wstablefields where tablename = 'fi' and documentnumber = 39
20241016@175808.2981 lnaka65ihpue2kl3afqj8s0e3k Query : select 1 valor from information_schema.tables where table_type='base table' and table_name='wstablefields'
20241016@175808.2995 lnaka65ihpue2kl3afqj8s0e3k Query : select fieldkey,fieldname,fieldtype,mandatory from wstablefields where tablename = 'fi2' and documentnumber = 39
20241016@175808.3003 lnaka65ihpue2kl3afqj8s0e3k Query : select top 1 convert(numeric(6,2),t.taxa) valor from taxasiva t where t.codigo='2'
20241016@175808.3015 lnaka65ihpue2kl3afqj8s0e3k Query : select 1 valor from information_schema.tables where table_type='base table' and table_name='wstablefields'
20241016@175808.3029 lnaka65ihpue2kl3afqj8s0e3k Query : select fieldkey,fieldname,fieldtype,calcformula from wstablefields where tablename = 'fi2' and documentnumber = 39
20241016@175808.3040 lnaka65ihpue2kl3afqj8s0e3k Query : insert into wsfi2data (fi2stamp,ftstamp ,ousrdata, ousrhora, usrdata,usrhora,ousrinis,usrinis) values ('aut670ff06591670ff0a049','aut670ff02373670ff0a000' ,getdate(),convert(char(8),convert (time,getdate())),getdate(),convert(char(8),convert (time,getdate())),'wsv','wsv')
20241016@175808.3044 lnaka65ihpue2kl3afqj8s0e3k Query : select 1 valor from information_schema.tables where table_type='base table' and table_name='wstablefields'
20241016@175808.3060 lnaka65ihpue2kl3afqj8s0e3k Query : select fieldkey,fieldname,fieldtype,calcformula from wstablefields where tablename = 'fi' and documentnumber = 39
20241016@175808.3086 lnaka65ihpue2kl3afqj8s0e3k Query : insert into wsfidata (fistamp,ousrdata, ousrhora, usrdata,usrhora,ousrinis,usrinis ,qtt ,ftstamp ,epv,pvmoeda ,tabiva,iva,lordem ,ref, design ,armazem) values ('aut670ff06591670ff0a049',getdate(),convert(char(8),convert (time,getdate())),getdate(),convert(char(8),convert (time,getdate())),'wsv','wsv',0 ,'aut670ff02373670ff0a000' ,0,0 ,2,23.00,50000,?,?,?)
20241016@175808.3291 lnaka65ihpue2kl3afqj8s0e3k Query : use flama_phc
20241016@175808.3294 lnaka65ihpue2kl3afqj8s0e3k Query : select st.usalote valor from st where st.ref = '324.1834.00.1'
20241016@175808.3313 lnaka65ihpue2kl3afqj8s0e3k Query : select top 1 st.tabiva ,st.ivaincl ,st.stns ,st.uni2 ,st.familia ,isnull(tx.taxa, 0) txiva ,unidade ,usalote ,epcpond ,noserie ,conversao ,st.texteis from st left join taxasiva tx on st.tabiva = tx.codigo where st.ref = '324.1834.00.1'
20241016@175808.3325 lnaka65ihpue2kl3afqj8s0e3k Query : select 1 valor from information_schema.tables where table_type='base table' and table_name='wstablefields'
20241016@175808.3340 lnaka65ihpue2kl3afqj8s0e3k Query : select fieldkey,fieldname,fieldtype,mandatory from wstablefields where tablename = 'fi' and documentnumber = 39
20241016@175808.3561 lnaka65ihpue2kl3afqj8s0e3k Query : select 1 valor from information_schema.tables where table_type='base table' and table_name='wstablefields'
20241016@175808.3577 lnaka65ihpue2kl3afqj8s0e3k Query : select fieldkey,fieldname,fieldtype,mandatory from wstablefields where tablename = 'fi2' and documentnumber = 39
20241016@175808.3586 lnaka65ihpue2kl3afqj8s0e3k Query : select top 1 convert(numeric(6,2),t.taxa) valor from taxasiva t where t.codigo='2'
20241016@175808.3597 lnaka65ihpue2kl3afqj8s0e3k Query : select sestamp valor from se where ref ='324.1834.00.1' and lote = 'r2400214200a'
20241016@175808.3610 lnaka65ihpue2kl3afqj8s0e3k Query : select 1 valor from information_schema.tables where table_type='base table' and table_name='wstablefields'
20241016@175808.3624 lnaka65ihpue2kl3afqj8s0e3k Query : select fieldkey,fieldname,fieldtype,calcformula from wstablefields where tablename = 'fi2' and documentnumber = 39
20241016@175808.3638 lnaka65ihpue2kl3afqj8s0e3k Query : insert into wsfi2data (fi2stamp,ftstamp ,ousrdata, ousrhora, usrdata,usrhora,ousrinis,usrinis) values ('aut670ff41755670ff0a058','aut670ff02373670ff0a000' ,getdate(),convert(char(8),convert (time,getdate())),getdate(),convert(char(8),convert (time,getdate())),'wsv','wsv')
20241016@175808.3642 lnaka65ihpue2kl3afqj8s0e3k Query : select 1 valor from information_schema.tables where table_type='base table' and table_name='wstablefields'
20241016@175808.3659 lnaka65ihpue2kl3afqj8s0e3k Query : select fieldkey,fieldname,fieldtype,calcformula from wstablefields where tablename = 'fi' and documentnumber = 39
20241016@175808.3687 lnaka65ihpue2kl3afqj8s0e3k Query : insert into wsfidata (fistamp,ousrdata, ousrhora, usrdata,usrhora,ousrinis,usrinis ,qtt ,ftstamp ,epv,pvmoeda ,tabiva,iva,lordem ,ref, design ,lote,armazem,bistamp ) values ('aut670ff41755670ff0a058',getdate(),convert(char(8),convert (time,getdate())),getdate(),convert(char(8),convert (time,getdate())),'wsv','wsv',20.000 ,'aut670ff02373670ff0a000' ,0,0 ,2,23.00,70000,?,?,?,?,?)
20241016@175808.3916 lnaka65ihpue2kl3afqj8s0e3k Query : select 1 valor from information_schema.tables where table_type='base table' and table_name='wstablefields'
20241016@175808.3931 lnaka65ihpue2kl3afqj8s0e3k Query : select fieldkey,fieldname,fieldtype,mandatory from wstablefields where tablename = 'fi' and documentnumber = 39
20241016@175808.3961 lnaka65ihpue2kl3afqj8s0e3k Query : select 1 valor from information_schema.tables where table_type='base table' and table_name='wstablefields'
20241016@175808.3975 lnaka65ihpue2kl3afqj8s0e3k Query : select fieldkey,fieldname,fieldtype,mandatory from wstablefields where tablename = 'fi2' and documentnumber = 39
20241016@175808.3984 lnaka65ihpue2kl3afqj8s0e3k Query : select top 1 convert(numeric(6,2),t.taxa) valor from taxasiva t where t.codigo='2'
20241016@175808.3996 lnaka65ihpue2kl3afqj8s0e3k Query : select 1 valor from information_schema.tables where table_type='base table' and table_name='wstablefields'
20241016@175808.4010 lnaka65ihpue2kl3afqj8s0e3k Query : select fieldkey,fieldname,fieldtype,calcformula from wstablefields where tablename = 'fi2' and documentnumber = 39
20241016@175808.4021 lnaka65ihpue2kl3afqj8s0e3k Query : insert into wsfi2data (fi2stamp,ftstamp ,ousrdata, ousrhora, usrdata,usrhora,ousrinis,usrinis) values ('aut670ff21130670ff0a061','aut670ff02373670ff0a000' ,getdate(),convert(char(8),convert (time,getdate())),getdate(),convert(char(8),convert (time,getdate())),'wsv','wsv')
20241016@175808.4025 lnaka65ihpue2kl3afqj8s0e3k Query : select 1 valor from information_schema.tables where table_type='base table' and table_name='wstablefields'
20241016@175808.4039 lnaka65ihpue2kl3afqj8s0e3k Query : select fieldkey,fieldname,fieldtype,calcformula from wstablefields where tablename = 'fi' and documentnumber = 39
20241016@175808.4067 lnaka65ihpue2kl3afqj8s0e3k Query : insert into wsfidata (fistamp,ousrdata, ousrhora, usrdata,usrhora,ousrinis,usrinis ,qtt ,ftstamp ,epv,pvmoeda ,tabiva,iva,lordem ,ref, design ,armazem) values ('aut670ff21130670ff0a061',getdate(),convert(char(8),convert (time,getdate())),getdate(),convert(char(8),convert (time,getdate())),'wsv','wsv',0 ,'aut670ff02373670ff0a000' ,0,0 ,2,23.00,80000,?,?,?)
20241016@175808.4474 lnaka65ihpue2kl3afqj8s0e3k Query : use flama_phc
20241016@175808.4516 lnaka65ihpue2kl3afqj8s0e3k Query : select st.usalote valor from st where st.ref = '324.1834.00.1'
20241016@175808.4660 lnaka65ihpue2kl3afqj8s0e3k Query : select top 1 st.tabiva ,st.ivaincl ,st.stns ,st.uni2 ,st.familia ,isnull(tx.taxa, 0) txiva ,unidade ,usalote ,epcpond ,noserie ,conversao ,st.texteis from st left join taxasiva tx on st.tabiva = tx.codigo where st.ref = '324.1834.00.1'
20241016@175808.4674 lnaka65ihpue2kl3afqj8s0e3k Query : select 1 valor from information_schema.tables where table_type='base table' and table_name='wstablefields'
20241016@175808.4691 lnaka65ihpue2kl3afqj8s0e3k Query : select fieldkey,fieldname,fieldtype,mandatory from wstablefields where tablename = 'fi' and documentnumber = 39
20241016@175808.4717 lnaka65ihpue2kl3afqj8s0e3k Query : select 1 valor from information_schema.tables where table_type='base table' and table_name='wstablefields'
20241016@175808.4732 lnaka65ihpue2kl3afqj8s0e3k Query : select fieldkey,fieldname,fieldtype,mandatory from wstablefields where tablename = 'fi2' and documentnumber = 39
20241016@175808.4741 lnaka65ihpue2kl3afqj8s0e3k Query : select top 1 convert(numeric(6,2),t.taxa) valor from taxasiva t where t.codigo='2'
20241016@175808.4754 lnaka65ihpue2kl3afqj8s0e3k Query : select sestamp valor from se where ref ='324.1834.00.1' and lote = 'r2400214200a'
20241016@175808.4769 lnaka65ihpue2kl3afqj8s0e3k Query : select 1 valor from information_schema.tables where table_type='base table' and table_name='wstablefields'
20241016@175808.4784 lnaka65ihpue2kl3afqj8s0e3k Query : select fieldkey,fieldname,fieldtype,calcformula from wstablefields where tablename = 'fi2' and documentnumber = 39
20241016@175808.4796 lnaka65ihpue2kl3afqj8s0e3k Query : insert into wsfi2data (fi2stamp,ftstamp ,ousrdata, ousrhora, usrdata,usrhora,ousrinis,usrinis) values ('aut670ff31436670ff0a074','aut670ff02373670ff0a000' ,getdate(),convert(char(8),convert (time,getdate())),getdate(),convert(char(8),convert (time,getdate())),'wsv','wsv')
20241016@175808.4801 lnaka65ihpue2kl3afqj8s0e3k Query : select 1 valor from information_schema.tables where table_type='base table' and table_name='wstablefields'
20241016@175808.4816 lnaka65ihpue2kl3afqj8s0e3k Query : select fieldkey,fieldname,fieldtype,calcformula from wstablefields where tablename = 'fi' and documentnumber = 39
20241016@175808.4844 lnaka65ihpue2kl3afqj8s0e3k Query : insert into wsfidata (fistamp,ousrdata, ousrhora, usrdata,usrhora,ousrinis,usrinis ,qtt ,ftstamp ,epv,pvmoeda ,tabiva,iva,lordem ,ref, design ,lote,armazem,bistamp ) values ('aut670ff31436670ff0a074',getdate(),convert(char(8),convert (time,getdate())),getdate(),convert(char(8),convert (time,getdate())),'wsv','wsv',20.000 ,'aut670ff02373670ff0a000' ,0,0 ,2,23.00,100000,?,?,?,?,?)
20241016@175808.5200 lnaka65ihpue2kl3afqj8s0e3k Query : select 1 valor from information_schema.tables where table_type='base table' and table_name='wstablefields'
20241016@175808.5217 lnaka65ihpue2kl3afqj8s0e3k Query : select fieldkey,fieldname,fieldtype,mandatory from wstablefields where tablename = 'fi' and documentnumber = 39
20241016@175808.5247 lnaka65ihpue2kl3afqj8s0e3k Query : select 1 valor from information_schema.tables where table_type='base table' and table_name='wstablefields'
20241016@175808.5263 lnaka65ihpue2kl3afqj8s0e3k Query : select fieldkey,fieldname,fieldtype,mandatory from wstablefields where tablename = 'fi2' and documentnumber = 39
20241016@175808.5271 lnaka65ihpue2kl3afqj8s0e3k Query : select top 1 convert(numeric(6,2),t.taxa) valor from taxasiva t where t.codigo='2'
20241016@175808.5284 lnaka65ihpue2kl3afqj8s0e3k Query : select 1 valor from information_schema.tables where table_type='base table' and table_name='wstablefields'
20241016@175808.5299 lnaka65ihpue2kl3afqj8s0e3k Query : select fieldkey,fieldname,fieldtype,calcformula from wstablefields where tablename = 'fi2' and documentnumber = 39
20241016@175808.5311 lnaka65ihpue2kl3afqj8s0e3k Query : insert into wsfi2data (fi2stamp,ftstamp ,ousrdata, ousrhora, usrdata,usrhora,ousrinis,usrinis) values ('aut670ff00254670ff0a081','aut670ff02373670ff0a000' ,getdate(),convert(char(8),convert (time,getdate())),getdate(),convert(char(8),convert (time,getdate())),'wsv','wsv')
20241016@175808.5315 lnaka65ihpue2kl3afqj8s0e3k Query : select 1 valor from information_schema.tables where table_type='base table' and table_name='wstablefields'
20241016@175808.5329 lnaka65ihpue2kl3afqj8s0e3k Query : select fieldkey,fieldname,fieldtype,calcformula from wstablefields where tablename = 'fi' and documentnumber = 39
20241016@175808.5357 lnaka65ihpue2kl3afqj8s0e3k Query : insert into wsfidata (fistamp,ousrdata, ousrhora, usrdata,usrhora,ousrinis,usrinis ,qtt ,ftstamp ,epv,pvmoeda ,tabiva,iva,lordem ,ref, design ,armazem) values ('aut670ff00254670ff0a081',getdate(),convert(char(8),convert (time,getdate())),getdate(),convert(char(8),convert (time,getdate())),'wsv','wsv',0 ,'aut670ff02373670ff0a000' ,0,0 ,2,23.00,110000,?,?,?)
20241016@175808.5577 lnaka65ihpue2kl3afqj8s0e3k Query : insert into wsftcreationlog (initialftstamp,externalid,creationstatus,documenttypeid,idustamp) values ('aut670ff02373670ff0a000','2406807','wait',39,'adm09112754980.682000002')
20241016@175808.5657 lnaka65ihpue2kl3afqj8s0e3k Query : use flama_phc
20241016@175808.5660 lnaka65ihpue2kl3afqj8s0e3k Query : update u_wsusers set rqsttoken =? where userid ='userls001'
20241016@175808.5699 lnaka65ihpue2kl3afqj8s0e3k Query : select concat(rtrim(relative_path),ltrim(name_new)) as valor from uploadfiles where uploadfile_id='2737';
20241016@175808.5734 lnaka65ihpue2kl3afqj8s0e3k Query : update uploadfiles set whenupdated=current_timestamp where uploadfile_id='2737';
20241016@175808.5785 lnaka65ihpue2kl3afqj8s0e3k Query : select concat(rtrim(relative_path),ltrim(name_new)) as valor from uploadfiles where uploadfile_id='2737';
20241016@175808.5813 lnaka65ihpue2kl3afqj8s0e3k Query : update uploadfiles set whenupdated=current_timestamp where uploadfile_id='2737';
20241016@175808.6386 j8oeurodh4bspp8bpsv0n52cr9 Query : insert into uploadfiles ( name_original, name_new, option_type, relative_path, whencreated ) values ( ?, ?, ?, ?, getdate() )
20241016@175808.6401 j8oeurodh4bspp8bpsv0n52cr9 Query : select uploadfile_id valor from uploadfiles where name_new = ? and option_type = ? 
20241016@175808.6477 j8oeurodh4bspp8bpsv0n52cr9 Query : select concat(rtrim(relative_path),ltrim(name_new)) as valor from uploadfiles where uploadfile_id='2738';
20241016@175808.6535 j8oeurodh4bspp8bpsv0n52cr9 Query : update uploadfiles set whenupdated=current_timestamp where uploadfile_id='2738';
20241016@175808.6600 j8oeurodh4bspp8bpsv0n52cr9 Query : select concat(rtrim(relative_path),ltrim(name_new)) as valor from uploadfiles where uploadfile_id='2738';
20241016@175808.6630 j8oeurodh4bspp8bpsv0n52cr9 Query : update uploadfiles set whenupdated=current_timestamp where uploadfile_id='2738';
20241016@175808.6707 j8oeurodh4bspp8bpsv0n52cr9 Query : use flama_phc
20241016@175808.6709 j8oeurodh4bspp8bpsv0n52cr9 Query : select top 1 secretkey valor from u_wsusers u where u.userid = ? and u.inactivo=0
20241016@175808.6788 j8oeurodh4bspp8bpsv0n52cr9 Query : use flama_phc
20241016@175808.6791 j8oeurodh4bspp8bpsv0n52cr9 Query : select no, estab,szadrsdesc from szadrs where u_coddest=4740
20241016@175808.6853 j8oeurodh4bspp8bpsv0n52cr9 Query : select top 1 isnull(design,'') valor from st (nolock) left join stobs (nolock) on st.ref = stobs.ref where st.ref = '324.1805.00.1'
20241016@175808.6976 j8oeurodh4bspp8bpsv0n52cr9 Query : select top 1 bistamp valor from bi inner join bo on bo.bostamp=bi.bostamp where bo.ndos =240 and bo.boano =2068 and bo.obrano = 2406808 and bi.ref ='324.1805.00.1' and bi.lordem =1
20241016@175808.9140 j8oeurodh4bspp8bpsv0n52cr9 Query : select top 1 isnull(design,'') valor from st (nolock) left join stobs (nolock) on st.ref = stobs.ref where st.ref = '324.1805.00.1'
20241016@175808.9165 j8oeurodh4bspp8bpsv0n52cr9 Query : select top 1 bistamp valor from bi inner join bo on bo.bostamp=bi.bostamp where bo.ndos =240 and bo.boano =2068 and bo.obrano = 2406808 and bi.ref ='324.1805.00.1' and bi.lordem =1
20241016@175808.9185 j8oeurodh4bspp8bpsv0n52cr9 Query : select top 1 isnull(design,'') valor from st (nolock) left join stobs (nolock) on st.ref = stobs.ref where st.ref = '324.1805.00.1'
20241016@175808.9209 j8oeurodh4bspp8bpsv0n52cr9 Query : select top 1 bistamp valor from bi inner join bo on bo.bostamp=bi.bostamp where bo.ndos =240 and bo.boano =2068 and bo.obrano = 2406808 and bi.ref ='324.1805.00.1' and bi.lordem =1
20241016@175808.9228 j8oeurodh4bspp8bpsv0n52cr9 Query : select top 1 isnull(design,'') valor from st (nolock) left join stobs (nolock) on st.ref = stobs.ref where st.ref = '324.1805.00.1'
20241016@175808.9250 j8oeurodh4bspp8bpsv0n52cr9 Query : select top 1 bistamp valor from bi inner join bo on bo.bostamp=bi.bostamp where bo.ndos =240 and bo.boano =2068 and bo.obrano = 2406808 and bi.ref ='324.1805.00.1' and bi.lordem =1
20241016@175808.9267 j8oeurodh4bspp8bpsv0n52cr9 Query : select top 1 isnull(design,'') valor from st (nolock) left join stobs (nolock) on st.ref = stobs.ref where st.ref = '324.1805.00.1'
20241016@175808.9289 j8oeurodh4bspp8bpsv0n52cr9 Query : select top 1 bistamp valor from bi inner join bo on bo.bostamp=bi.bostamp where bo.ndos =240 and bo.boano =2068 and bo.obrano = 2406808 and bi.ref ='324.1805.00.1' and bi.lordem =1
20241016@175808.9309 j8oeurodh4bspp8bpsv0n52cr9 Query : select top 1 isnull(design,'') valor from st (nolock) left join stobs (nolock) on st.ref = stobs.ref where st.ref = '324.1805.00.1'
20241016@175808.9329 j8oeurodh4bspp8bpsv0n52cr9 Query : select top 1 bistamp valor from bi inner join bo on bo.bostamp=bi.bostamp where bo.ndos =240 and bo.boano =2068 and bo.obrano = 2406808 and bi.ref ='324.1805.00.1' and bi.lordem =1
20241016@175808.9347 j8oeurodh4bspp8bpsv0n52cr9 Query : select top 1 isnull(design,'') valor from st (nolock) left join stobs (nolock) on st.ref = stobs.ref where st.ref = '324.1805.00.1'
20241016@175808.9397 j8oeurodh4bspp8bpsv0n52cr9 Query : select top 1 bistamp valor from bi inner join bo on bo.bostamp=bi.bostamp where bo.ndos =240 and bo.boano =2068 and bo.obrano = 2406808 and bi.ref ='324.1805.00.1' and bi.lordem =1
20241016@175808.9417 j8oeurodh4bspp8bpsv0n52cr9 Query : select top 1 isnull(design,'') valor from st (nolock) left join stobs (nolock) on st.ref = stobs.ref where st.ref = '324.1805.00.1'
20241016@175808.9443 j8oeurodh4bspp8bpsv0n52cr9 Query : select top 1 bistamp valor from bi inner join bo on bo.bostamp=bi.bostamp where bo.ndos =240 and bo.boano =2068 and bo.obrano = 2406808 and bi.ref ='324.1805.00.1' and bi.lordem =1
20241016@175809.5730 j8oeurodh4bspp8bpsv0n52cr9 Query : use flama_phc
20241016@175809.5760 j8oeurodh4bspp8bpsv0n52cr9 Query : select top 1 convert(date,fdata) valor from ft where ndoc = 39 and anulado= 0 and fno>0 order by fdata desc
20241016@175809.6130 j8oeurodh4bspp8bpsv0n52cr9 Query : use flama_phc
20241016@175809.6160 j8oeurodh4bspp8bpsv0n52cr9 Query : select top 1 1 valor from td where td.ndoc = 39
20241016@175809.6500 j8oeurodh4bspp8bpsv0n52cr9 Query : use flama_phc
20241016@175809.6530 j8oeurodh4bspp8bpsv0n52cr9 Query : select lower(descricao) descricao ,case when valor='s' then 1 else 0 end valor from para1 where descricao in ('st_lote','st_usalogifunc', 'st_grelha')
20241016@175809.6850 j8oeurodh4bspp8bpsv0n52cr9 Query : select top 1 manternumero ,assinadoc issigned ,tiposaft ,assinaimp ,nmdos ,td.assinadoc ,'cl' origin ,lancasl stocks ,case when cmsl<50 and td.lancasl=1 then 1 else 0 end entrada ,case when cmsl>50 and td.lancasl=1 then 1 else 0 end saida ,temserie assets ,~semgre usegridfields from td inner join td2 on td.tdstamp=td2.td2stamp where td.ndoc = 1
20241016@175809.7250 j8oeurodh4bspp8bpsv0n52cr9 Query : use flama_phc
20241016@175809.7290 j8oeurodh4bspp8bpsv0n52cr9 Query : select top 1 ~inactivo valor from cl where no = '100810' and estab = 0 order by inactivo desc
20241016@175809.7640 j8oeurodh4bspp8bpsv0n52cr9 Query : use flama_phc
20241016@175809.7670 j8oeurodh4bspp8bpsv0n52cr9 Query : select top 1 tipodoc,regrd from td where ndoc = 39
20241016@175809.8010 j8oeurodh4bspp8bpsv0n52cr9 Query : use flama_phc
20241016@175809.8040 j8oeurodh4bspp8bpsv0n52cr9 Query : select szadrsstamp valor from szadrs where szadrsdesc='espaÇotrans,lda'
20241016@175809.8490 j8oeurodh4bspp8bpsv0n52cr9 Query : use flama_phc
20241016@175809.8520 j8oeurodh4bspp8bpsv0n52cr9 Query : select szadrsstamp valor from szadrs where szadrsdesc='100810 - worten-equipamentos para o lar,sa.'
20241016@175809.9320 j8oeurodh4bspp8bpsv0n52cr9 Query : use flama_phc
20241016@175809.9350 j8oeurodh4bspp8bpsv0n52cr9 Query : select 1 valor from td where ndoc = 39
20241016@175809.9470 j8oeurodh4bspp8bpsv0n52cr9 Query : select top 1 manternumero, tiposaft, nmdos,td.assinadoc from td where td.ndoc = 39
20241016@175809.9610 j8oeurodh4bspp8bpsv0n52cr9 Query : select 1 valor from information_schema.tables where table_type='base table' and table_name='wstablefields'
20241016@175809.9780 j8oeurodh4bspp8bpsv0n52cr9 Query : select fieldkey,fieldname,fieldtype,mandatory from wstablefields where tablename = 'ft' and documentnumber = 39
20241016@175809.9960 j8oeurodh4bspp8bpsv0n52cr9 Query : select 1 valor from information_schema.tables where table_type='base table' and table_name='wstablefields'
20241016@175809.1011 j8oeurodh4bspp8bpsv0n52cr9 Query : select fieldkey,fieldname,fieldtype,mandatory from wstablefields where tablename = 'ft2' and documentnumber = 39
20241016@175809.1038 j8oeurodh4bspp8bpsv0n52cr9 Query : select 1 valor from information_schema.tables where table_type='base table' and table_name='wstablefields'
20241016@175809.1053 j8oeurodh4bspp8bpsv0n52cr9 Query : select fieldkey,fieldname,fieldtype,mandatory from wstablefields where tablename = 'ft3' and documentnumber = 39
20241016@175809.1066 j8oeurodh4bspp8bpsv0n52cr9 Query : select top 1 ft.fno valor from ft ft where ft.ndoc = 39 and ftano=2024 order by fno desc
20241016@175809.1152 j8oeurodh4bspp8bpsv0n52cr9 Query : select top 1 ft.fno valor from wsftdata ft where ft.ndoc = 39 and ftano=2024 order by fno desc
20241016@175809.1165 j8oeurodh4bspp8bpsv0n52cr9 Query : select 1 valor from information_schema.tables where table_type='base table' and table_name='wstablefields'
20241016@175809.1180 j8oeurodh4bspp8bpsv0n52cr9 Query : select fieldkey,fieldname,fieldtype,calcformula from wstablefields where tablename = 'ft3' and documentnumber = 39
20241016@175809.1196 j8oeurodh4bspp8bpsv0n52cr9 Query : insert into wsft3data (ft3stamp, ousrdata, ousrhora, usrdata,usrhora,ousrinis,usrinis,taxpointdt ) values ('aut670ff30559670ff0a11a' ,getdate(),convert(char(8),convert (time,getdate())),getdate(),convert(char(8),convert (time,getdate())),'wsv','wsv',?)
20241016@175809.1350 j8oeurodh4bspp8bpsv0n52cr9 Query : select 1 valor from information_schema.tables where table_type='base table' and table_name='wstablefields'
20241016@175809.1366 j8oeurodh4bspp8bpsv0n52cr9 Query : select fieldkey,fieldname,fieldtype,calcformula from wstablefields where tablename = 'ft2' and documentnumber = 39
20241016@175809.1399 j8oeurodh4bspp8bpsv0n52cr9 Query : select top 1 bo.u_nomeenv valor from bo where bo.bostamp=''
20241016@175809.1411 j8oeurodh4bspp8bpsv0n52cr9 Query : select top 1 bo.u_moradaen valor from bo where bo.bostamp=''
20241016@175809.1423 j8oeurodh4bspp8bpsv0n52cr9 Query : select top 1 bo.u_codposen valor from bo where bo.bostamp=''
20241016@175809.1434 j8oeurodh4bspp8bpsv0n52cr9 Query : select top 1 bo.u_localenv valor from bo where bo.bostamp=''
20241016@175809.1446 j8oeurodh4bspp8bpsv0n52cr9 Query : select top 1 bo.trab5 valor from bo where bo.bostamp=''
20241016@175809.1481 j8oeurodh4bspp8bpsv0n52cr9 Query : select top 1 bo.serie valor from bo where bo.bostamp=''
20241016@175809.1493 j8oeurodh4bspp8bpsv0n52cr9 Query : insert into wsft2data (ft2stamp, ousrdata,ousrhora, usrdata,usrhora,ousrinis,usrinis,u_nomeenv ,u_moradaen ,u_codposen ,u_localenv ,u_coddest ,u_codby ) values ('aut670ff30559670ff0a11a',getdate(),convert(char(8),convert (time,getdate())),getdate(),convert(char(8),convert (time,getdate())),'wsv','wsv',?,?,?,?,?,?)
20241016@175809.1726 j8oeurodh4bspp8bpsv0n52cr9 Query : select top 1 fno valor from wsftdata order by fno desc
20241016@175809.1753 j8oeurodh4bspp8bpsv0n52cr9 Query : select 1 valor from information_schema.tables where table_type='base table' and table_name='wstablefields'
20241016@175809.1769 j8oeurodh4bspp8bpsv0n52cr9 Query : select fieldkey,fieldname,fieldtype,calcformula from wstablefields where tablename = 'ft' and documentnumber = 39
20241016@175809.1792 j8oeurodh4bspp8bpsv0n52cr9 Query : select 'normal' from dummy
20241016@175809.1807 j8oeurodh4bspp8bpsv0n52cr9 Query : insert into wsftdata (ftstamp, ousrdata,ousrhora, usrdata,usrhora,ousrinis,usrinis,fno,no,estab,fdata,ndoc,moeda,cambio,cambiofixo,ftano,site ,classe ) values ('aut670ff30559670ff0a11a',getdate(),convert(char(8),convert (time,getdate())),getdate(),convert(char(8),convert (time,getdate())),'wsv','wsv',1339,100810,0,'2024-10-16',39,'euro',0,0,2024 ,?,?)
20241016@175809.2072 j8oeurodh4bspp8bpsv0n52cr9 Query : use flama_phc
20241016@175809.2075 j8oeurodh4bspp8bpsv0n52cr9 Query : select st.usalote valor from st where st.ref = '324.1805.00.1'
20241016@175809.2098 j8oeurodh4bspp8bpsv0n52cr9 Query : select top 1 st.tabiva ,st.ivaincl ,st.stns ,st.uni2 ,st.familia ,isnull(tx.taxa, 0) txiva ,unidade ,usalote ,epcpond ,noserie ,conversao ,st.texteis from st left join taxasiva tx on st.tabiva = tx.codigo where st.ref = '324.1805.00.1'
20241016@175809.2216 j8oeurodh4bspp8bpsv0n52cr9 Query : select 1 valor from information_schema.tables where table_type='base table' and table_name='wstablefields'
20241016@175809.2234 j8oeurodh4bspp8bpsv0n52cr9 Query : select fieldkey,fieldname,fieldtype,mandatory from wstablefields where tablename = 'fi' and documentnumber = 39
20241016@175809.2264 j8oeurodh4bspp8bpsv0n52cr9 Query : select 1 valor from information_schema.tables where table_type='base table' and table_name='wstablefields'
20241016@175809.2280 j8oeurodh4bspp8bpsv0n52cr9 Query : select fieldkey,fieldname,fieldtype,mandatory from wstablefields where tablename = 'fi2' and documentnumber = 39
20241016@175809.2290 j8oeurodh4bspp8bpsv0n52cr9 Query : select top 1 convert(numeric(6,2),t.taxa) valor from taxasiva t where t.codigo='2'
20241016@175809.2302 j8oeurodh4bspp8bpsv0n52cr9 Query : select sestamp valor from se where ref ='324.1805.00.1' and lote = 'r2400290200a'
20241016@175809.2316 j8oeurodh4bspp8bpsv0n52cr9 Query : select 1 valor from information_schema.tables where table_type='base table' and table_name='wstablefields'
20241016@175809.2356 j8oeurodh4bspp8bpsv0n52cr9 Query : select fieldkey,fieldname,fieldtype,calcformula from wstablefields where tablename = 'fi2' and documentnumber = 39
20241016@175809.2367 j8oeurodh4bspp8bpsv0n52cr9 Query : insert into wsfi2data (fi2stamp,ftstamp ,ousrdata, ousrhora, usrdata,usrhora,ousrinis,usrinis) values ('aut670ff56835670ff0a138','aut670ff30559670ff0a11a' ,getdate(),convert(char(8),convert (time,getdate())),getdate(),convert(char(8),convert (time,getdate())),'wsv','wsv')
20241016@175809.2371 j8oeurodh4bspp8bpsv0n52cr9 Query : select 1 valor from information_schema.tables where table_type='base table' and table_name='wstablefields'
20241016@175809.2387 j8oeurodh4bspp8bpsv0n52cr9 Query : select fieldkey,fieldname,fieldtype,calcformula from wstablefields where tablename = 'fi' and documentnumber = 39
20241016@175809.2418 j8oeurodh4bspp8bpsv0n52cr9 Query : insert into wsfidata (fistamp,ousrdata, ousrhora, usrdata,usrhora,ousrinis,usrinis ,qtt ,ftstamp ,epv,pvmoeda ,tabiva,iva,lordem ,ref, design ,lote,armazem,bistamp ) values ('aut670ff56835670ff0a138',getdate(),convert(char(8),convert (time,getdate())),getdate(),convert(char(8),convert (time,getdate())),'wsv','wsv',2.000 ,'aut670ff30559670ff0a11a' ,0,0 ,2,23.00,10000,?,?,?,?,?)
20241016@175809.2646 j8oeurodh4bspp8bpsv0n52cr9 Query : use flama_phc
20241016@175809.2649 j8oeurodh4bspp8bpsv0n52cr9 Query : select st.usalote valor from st where st.ref = '324.1805.00.1'
20241016@175809.2667 j8oeurodh4bspp8bpsv0n52cr9 Query : select top 1 st.tabiva ,st.ivaincl ,st.stns ,st.uni2 ,st.familia ,isnull(tx.taxa, 0) txiva ,unidade ,usalote ,epcpond ,noserie ,conversao ,st.texteis from st left join taxasiva tx on st.tabiva = tx.codigo where st.ref = '324.1805.00.1'
20241016@175809.2680 j8oeurodh4bspp8bpsv0n52cr9 Query : select 1 valor from information_schema.tables where table_type='base table' and table_name='wstablefields'
20241016@175809.2696 j8oeurodh4bspp8bpsv0n52cr9 Query : select fieldkey,fieldname,fieldtype,mandatory from wstablefields where tablename = 'fi' and documentnumber = 39
20241016@175809.2721 j8oeurodh4bspp8bpsv0n52cr9 Query : select 1 valor from information_schema.tables where table_type='base table' and table_name='wstablefields'
20241016@175809.2761 j8oeurodh4bspp8bpsv0n52cr9 Query : select fieldkey,fieldname,fieldtype,mandatory from wstablefields where tablename = 'fi2' and documentnumber = 39
20241016@175809.2770 j8oeurodh4bspp8bpsv0n52cr9 Query : select top 1 convert(numeric(6,2),t.taxa) valor from taxasiva t where t.codigo='2'
20241016@175809.2781 j8oeurodh4bspp8bpsv0n52cr9 Query : select sestamp valor from se where ref ='324.1805.00.1' and lote = 'r2400290200a'
20241016@175809.2796 j8oeurodh4bspp8bpsv0n52cr9 Query : select 1 valor from information_schema.tables where table_type='base table' and table_name='wstablefields'
20241016@175809.2810 j8oeurodh4bspp8bpsv0n52cr9 Query : select fieldkey,fieldname,fieldtype,calcformula from wstablefields where tablename = 'fi2' and documentnumber = 39
20241016@175809.2821 j8oeurodh4bspp8bpsv0n52cr9 Query : insert into wsfi2data (fi2stamp,ftstamp ,ousrdata, ousrhora, usrdata,usrhora,ousrinis,usrinis) values ('aut670ff82002670ff0a144','aut670ff30559670ff0a11a' ,getdate(),convert(char(8),convert (time,getdate())),getdate(),convert(char(8),convert (time,getdate())),'wsv','wsv')
20241016@175809.2825 j8oeurodh4bspp8bpsv0n52cr9 Query : select 1 valor from information_schema.tables where table_type='base table' and table_name='wstablefields'
20241016@175809.2840 j8oeurodh4bspp8bpsv0n52cr9 Query : select fieldkey,fieldname,fieldtype,calcformula from wstablefields where tablename = 'fi' and documentnumber = 39
20241016@175809.2868 j8oeurodh4bspp8bpsv0n52cr9 Query : insert into wsfidata (fistamp,ousrdata, ousrhora, usrdata,usrhora,ousrinis,usrinis ,qtt ,ftstamp ,epv,pvmoeda ,tabiva,iva,lordem ,ref, design ,lote,armazem,bistamp ) values ('aut670ff82002670ff0a144',getdate(),convert(char(8),convert (time,getdate())),getdate(),convert(char(8),convert (time,getdate())),'wsv','wsv',14.000 ,'aut670ff30559670ff0a11a' ,0,0 ,2,23.00,20000,?,?,?,?,?)
20241016@175809.3117 j8oeurodh4bspp8bpsv0n52cr9 Query : use flama_phc
20241016@175809.3120 j8oeurodh4bspp8bpsv0n52cr9 Query : select st.usalote valor from st where st.ref = '324.1805.00.1'
20241016@175809.3140 j8oeurodh4bspp8bpsv0n52cr9 Query : select top 1 st.tabiva ,st.ivaincl ,st.stns ,st.uni2 ,st.familia ,isnull(tx.taxa, 0) txiva ,unidade ,usalote ,epcpond ,noserie ,conversao ,st.texteis from st left join taxasiva tx on st.tabiva = tx.codigo where st.ref = '324.1805.00.1'
20241016@175809.3153 j8oeurodh4bspp8bpsv0n52cr9 Query : select 1 valor from information_schema.tables where table_type='base table' and table_name='wstablefields'
20241016@175809.3168 j8oeurodh4bspp8bpsv0n52cr9 Query : select fieldkey,fieldname,fieldtype,mandatory from wstablefields where tablename = 'fi' and documentnumber = 39
20241016@175809.3192 j8oeurodh4bspp8bpsv0n52cr9 Query : select 1 valor from information_schema.tables where table_type='base table' and table_name='wstablefields'
20241016@175809.3206 j8oeurodh4bspp8bpsv0n52cr9 Query : select fieldkey,fieldname,fieldtype,mandatory from wstablefields where tablename = 'fi2' and documentnumber = 39
20241016@175809.3215 j8oeurodh4bspp8bpsv0n52cr9 Query : select top 1 convert(numeric(6,2),t.taxa) valor from taxasiva t where t.codigo='2'
20241016@175809.3227 j8oeurodh4bspp8bpsv0n52cr9 Query : select sestamp valor from se where ref ='324.1805.00.1' and lote = 'r2400290200a'
20241016@175809.3239 j8oeurodh4bspp8bpsv0n52cr9 Query : select 1 valor from information_schema.tables where table_type='base table' and table_name='wstablefields'
20241016@175809.3253 j8oeurodh4bspp8bpsv0n52cr9 Query : select fieldkey,fieldname,fieldtype,calcformula from wstablefields where tablename = 'fi2' and documentnumber = 39
20241016@175809.3265 j8oeurodh4bspp8bpsv0n52cr9 Query : insert into wsfi2data (fi2stamp,ftstamp ,ousrdata, ousrhora, usrdata,usrhora,ousrinis,usrinis) values ('aut670ff79011670ff0a14f','aut670ff30559670ff0a11a' ,getdate(),convert(char(8),convert (time,getdate())),getdate(),convert(char(8),convert (time,getdate())),'wsv','wsv')
20241016@175809.3269 j8oeurodh4bspp8bpsv0n52cr9 Query : select 1 valor from information_schema.tables where table_type='base table' and table_name='wstablefields'
20241016@175809.3283 j8oeurodh4bspp8bpsv0n52cr9 Query : select fieldkey,fieldname,fieldtype,calcformula from wstablefields where tablename = 'fi' and documentnumber = 39
20241016@175809.3311 j8oeurodh4bspp8bpsv0n52cr9 Query : insert into wsfidata (fistamp,ousrdata, ousrhora, usrdata,usrhora,ousrinis,usrinis ,qtt ,ftstamp ,epv,pvmoeda ,tabiva,iva,lordem ,ref, design ,lote,armazem,bistamp ) values ('aut670ff79011670ff0a14f',getdate(),convert(char(8),convert (time,getdate())),getdate(),convert(char(8),convert (time,getdate())),'wsv','wsv',14.000 ,'aut670ff30559670ff0a11a' ,0,0 ,2,23.00,30000,?,?,?,?,?)
20241016@175809.3536 j8oeurodh4bspp8bpsv0n52cr9 Query : use flama_phc
20241016@175809.3539 j8oeurodh4bspp8bpsv0n52cr9 Query : select st.usalote valor from st where st.ref = '324.1805.00.1'
20241016@175809.3558 j8oeurodh4bspp8bpsv0n52cr9 Query : select top 1 st.tabiva ,st.ivaincl ,st.stns ,st.uni2 ,st.familia ,isnull(tx.taxa, 0) txiva ,unidade ,usalote ,epcpond ,noserie ,conversao ,st.texteis from st left join taxasiva tx on st.tabiva = tx.codigo where st.ref = '324.1805.00.1'
20241016@175809.3571 j8oeurodh4bspp8bpsv0n52cr9 Query : select 1 valor from information_schema.tables where table_type='base table' and table_name='wstablefields'
20241016@175809.3586 j8oeurodh4bspp8bpsv0n52cr9 Query : select fieldkey,fieldname,fieldtype,mandatory from wstablefields where tablename = 'fi' and documentnumber = 39
20241016@175809.3613 j8oeurodh4bspp8bpsv0n52cr9 Query : select 1 valor from information_schema.tables where table_type='base table' and table_name='wstablefields'
20241016@175809.3627 j8oeurodh4bspp8bpsv0n52cr9 Query : select fieldkey,fieldname,fieldtype,mandatory from wstablefields where tablename = 'fi2' and documentnumber = 39
20241016@175809.3636 j8oeurodh4bspp8bpsv0n52cr9 Query : select top 1 convert(numeric(6,2),t.taxa) valor from taxasiva t where t.codigo='2'
20241016@175809.3672 j8oeurodh4bspp8bpsv0n52cr9 Query : select sestamp valor from se where ref ='324.1805.00.1' and lote = 'r2400290200a'
20241016@175809.3684 j8oeurodh4bspp8bpsv0n52cr9 Query : select 1 valor from information_schema.tables where table_type='base table' and table_name='wstablefields'
20241016@175809.3702 j8oeurodh4bspp8bpsv0n52cr9 Query : select fieldkey,fieldname,fieldtype,calcformula from wstablefields where tablename = 'fi2' and documentnumber = 39
20241016@175809.3713 j8oeurodh4bspp8bpsv0n52cr9 Query : insert into wsfi2data (fi2stamp,ftstamp ,ousrdata, ousrhora, usrdata,usrhora,ousrinis,usrinis) values ('aut670ff54747670ff0a159','aut670ff30559670ff0a11a' ,getdate(),convert(char(8),convert (time,getdate())),getdate(),convert(char(8),convert (time,getdate())),'wsv','wsv')
20241016@175809.3717 j8oeurodh4bspp8bpsv0n52cr9 Query : select 1 valor from information_schema.tables where table_type='base table' and table_name='wstablefields'
20241016@175809.3731 j8oeurodh4bspp8bpsv0n52cr9 Query : select fieldkey,fieldname,fieldtype,calcformula from wstablefields where tablename = 'fi' and documentnumber = 39
20241016@175809.3758 j8oeurodh4bspp8bpsv0n52cr9 Query : insert into wsfidata (fistamp,ousrdata, ousrhora, usrdata,usrhora,ousrinis,usrinis ,qtt ,ftstamp ,epv,pvmoeda ,tabiva,iva,lordem ,ref, design ,lote,armazem,bistamp ) values ('aut670ff54747670ff0a159',getdate(),convert(char(8),convert (time,getdate())),getdate(),convert(char(8),convert (time,getdate())),'wsv','wsv',14.000 ,'aut670ff30559670ff0a11a' ,0,0 ,2,23.00,40000,?,?,?,?,?)
20241016@175809.3997 j8oeurodh4bspp8bpsv0n52cr9 Query : use flama_phc
20241016@175809.4000 j8oeurodh4bspp8bpsv0n52cr9 Query : select st.usalote valor from st where st.ref = '324.1805.00.1'
20241016@175809.4019 j8oeurodh4bspp8bpsv0n52cr9 Query : select top 1 st.tabiva ,st.ivaincl ,st.stns ,st.uni2 ,st.familia ,isnull(tx.taxa, 0) txiva ,unidade ,usalote ,epcpond ,noserie ,conversao ,st.texteis from st left join taxasiva tx on st.tabiva = tx.codigo where st.ref = '324.1805.00.1'
20241016@175809.4032 j8oeurodh4bspp8bpsv0n52cr9 Query : select 1 valor from information_schema.tables where table_type='base table' and table_name='wstablefields'
20241016@175809.4047 j8oeurodh4bspp8bpsv0n52cr9 Query : select fieldkey,fieldname,fieldtype,mandatory from wstablefields where tablename = 'fi' and documentnumber = 39
20241016@175809.4070 j8oeurodh4bspp8bpsv0n52cr9 Query : select 1 valor from information_schema.tables where table_type='base table' and table_name='wstablefields'
20241016@175809.4084 j8oeurodh4bspp8bpsv0n52cr9 Query : select fieldkey,fieldname,fieldtype,mandatory from wstablefields where tablename = 'fi2' and documentnumber = 39
20241016@175809.4093 j8oeurodh4bspp8bpsv0n52cr9 Query : select top 1 convert(numeric(6,2),t.taxa) valor from taxasiva t where t.codigo='2'
20241016@175809.4105 j8oeurodh4bspp8bpsv0n52cr9 Query : select sestamp valor from se where ref ='324.1805.00.1' and lote = 'r2400290200a'
20241016@175809.4116 j8oeurodh4bspp8bpsv0n52cr9 Query : select 1 valor from information_schema.tables where table_type='base table' and table_name='wstablefields'
20241016@175809.4131 j8oeurodh4bspp8bpsv0n52cr9 Query : select fieldkey,fieldname,fieldtype,calcformula from wstablefields where tablename = 'fi2' and documentnumber = 39
20241016@175809.4142 j8oeurodh4bspp8bpsv0n52cr9 Query : insert into wsfi2data (fi2stamp,ftstamp ,ousrdata, ousrhora, usrdata,usrhora,ousrinis,usrinis) values ('aut670ff43956670ff0a164','aut670ff30559670ff0a11a' ,getdate(),convert(char(8),convert (time,getdate())),getdate(),convert(char(8),convert (time,getdate())),'wsv','wsv')
20241016@175809.4146 j8oeurodh4bspp8bpsv0n52cr9 Query : select 1 valor from information_schema.tables where table_type='base table' and table_name='wstablefields'
20241016@175809.4160 j8oeurodh4bspp8bpsv0n52cr9 Query : select fieldkey,fieldname,fieldtype,calcformula from wstablefields where tablename = 'fi' and documentnumber = 39
20241016@175809.4189 j8oeurodh4bspp8bpsv0n52cr9 Query : insert into wsfidata (fistamp,ousrdata, ousrhora, usrdata,usrhora,ousrinis,usrinis ,qtt ,ftstamp ,epv,pvmoeda ,tabiva,iva,lordem ,ref, design ,lote,armazem,bistamp ) values ('aut670ff43956670ff0a164',getdate(),convert(char(8),convert (time,getdate())),getdate(),convert(char(8),convert (time,getdate())),'wsv','wsv',14.000 ,'aut670ff30559670ff0a11a' ,0,0 ,2,23.00,50000,?,?,?,?,?)
20241016@175809.4481 j8oeurodh4bspp8bpsv0n52cr9 Query : use flama_phc
20241016@175809.4484 j8oeurodh4bspp8bpsv0n52cr9 Query : select st.usalote valor from st where st.ref = '324.1805.00.1'
20241016@175809.4503 j8oeurodh4bspp8bpsv0n52cr9 Query : select top 1 st.tabiva ,st.ivaincl ,st.stns ,st.uni2 ,st.familia ,isnull(tx.taxa, 0) txiva ,unidade ,usalote ,epcpond ,noserie ,conversao ,st.texteis from st left join taxasiva tx on st.tabiva = tx.codigo where st.ref = '324.1805.00.1'
20241016@175809.4520 j8oeurodh4bspp8bpsv0n52cr9 Query : select 1 valor from information_schema.tables where table_type='base table' and table_name='wstablefields'
20241016@175809.4537 j8oeurodh4bspp8bpsv0n52cr9 Query : select fieldkey,fieldname,fieldtype,mandatory from wstablefields where tablename = 'fi' and documentnumber = 39
20241016@175809.4561 j8oeurodh4bspp8bpsv0n52cr9 Query : select 1 valor from information_schema.tables where table_type='base table' and table_name='wstablefields'
20241016@175809.4576 j8oeurodh4bspp8bpsv0n52cr9 Query : select fieldkey,fieldname,fieldtype,mandatory from wstablefields where tablename = 'fi2' and documentnumber = 39
20241016@175809.4584 j8oeurodh4bspp8bpsv0n52cr9 Query : select top 1 convert(numeric(6,2),t.taxa) valor from taxasiva t where t.codigo='2'
20241016@175809.4596 j8oeurodh4bspp8bpsv0n52cr9 Query : select sestamp valor from se where ref ='324.1805.00.1' and lote = 'r2400291200a'
20241016@175809.4609 j8oeurodh4bspp8bpsv0n52cr9 Query : select 1 valor from information_schema.tables where table_type='base table' and table_name='wstablefields'
20241016@175809.4623 j8oeurodh4bspp8bpsv0n52cr9 Query : select fieldkey,fieldname,fieldtype,calcformula from wstablefields where tablename = 'fi2' and documentnumber = 39
20241016@175809.4634 j8oeurodh4bspp8bpsv0n52cr9 Query : insert into wsfi2data (fi2stamp,ftstamp ,ousrdata, ousrhora, usrdata,usrhora,ousrinis,usrinis) values ('aut670ff62615670ff0a170','aut670ff30559670ff0a11a' ,getdate(),convert(char(8),convert (time,getdate())),getdate(),convert(char(8),convert (time,getdate())),'wsv','wsv')
20241016@175809.4638 j8oeurodh4bspp8bpsv0n52cr9 Query : select 1 valor from information_schema.tables where table_type='base table' and table_name='wstablefields'
20241016@175809.4652 j8oeurodh4bspp8bpsv0n52cr9 Query : select fieldkey,fieldname,fieldtype,calcformula from wstablefields where tablename = 'fi' and documentnumber = 39
20241016@175809.4680 j8oeurodh4bspp8bpsv0n52cr9 Query : insert into wsfidata (fistamp,ousrdata, ousrhora, usrdata,usrhora,ousrinis,usrinis ,qtt ,ftstamp ,epv,pvmoeda ,tabiva,iva,lordem ,ref, design ,lote,armazem,bistamp ) values ('aut670ff62615670ff0a170',getdate(),convert(char(8),convert (time,getdate())),getdate(),convert(char(8),convert (time,getdate())),'wsv','wsv',14.000 ,'aut670ff30559670ff0a11a' ,0,0 ,2,23.00,60000,?,?,?,?,?)
20241016@175809.4918 j8oeurodh4bspp8bpsv0n52cr9 Query : use flama_phc
20241016@175809.4922 j8oeurodh4bspp8bpsv0n52cr9 Query : select st.usalote valor from st where st.ref = '324.1805.00.1'
20241016@175809.4941 j8oeurodh4bspp8bpsv0n52cr9 Query : select top 1 st.tabiva ,st.ivaincl ,st.stns ,st.uni2 ,st.familia ,isnull(tx.taxa, 0) txiva ,unidade ,usalote ,epcpond ,noserie ,conversao ,st.texteis from st left join taxasiva tx on st.tabiva = tx.codigo where st.ref = '324.1805.00.1'
20241016@175809.4954 j8oeurodh4bspp8bpsv0n52cr9 Query : select 1 valor from information_schema.tables where table_type='base table' and table_name='wstablefields'
20241016@175809.4970 j8oeurodh4bspp8bpsv0n52cr9 Query : select fieldkey,fieldname,fieldtype,mandatory from wstablefields where tablename = 'fi' and documentnumber = 39
20241016@175809.4994 j8oeurodh4bspp8bpsv0n52cr9 Query : select 1 valor from information_schema.tables where table_type='base table' and table_name='wstablefields'
20241016@175809.5009 j8oeurodh4bspp8bpsv0n52cr9 Query : select fieldkey,fieldname,fieldtype,mandatory from wstablefields where tablename = 'fi2' and documentnumber = 39
20241016@175809.5018 j8oeurodh4bspp8bpsv0n52cr9 Query : select top 1 convert(numeric(6,2),t.taxa) valor from taxasiva t where t.codigo='2'
20241016@175809.5148 j8oeurodh4bspp8bpsv0n52cr9 Query : select sestamp valor from se where ref ='324.1805.00.1' and lote = 'r2400291200a'
20241016@175809.5356 j8oeurodh4bspp8bpsv0n52cr9 Query : select 1 valor from information_schema.tables where table_type='base table' and table_name='wstablefields'
20241016@175809.5373 j8oeurodh4bspp8bpsv0n52cr9 Query : select fieldkey,fieldname,fieldtype,calcformula from wstablefields where tablename = 'fi2' and documentnumber = 39
20241016@175809.5384 j8oeurodh4bspp8bpsv0n52cr9 Query : insert into wsfi2data (fi2stamp,ftstamp ,ousrdata, ousrhora, usrdata,usrhora,ousrinis,usrinis) values ('aut670ff86088670ff0a182','aut670ff30559670ff0a11a' ,getdate(),convert(char(8),convert (time,getdate())),getdate(),convert(char(8),convert (time,getdate())),'wsv','wsv')
20241016@175809.5389 j8oeurodh4bspp8bpsv0n52cr9 Query : select 1 valor from information_schema.tables where table_type='base table' and table_name='wstablefields'
20241016@175809.5403 j8oeurodh4bspp8bpsv0n52cr9 Query : select fieldkey,fieldname,fieldtype,calcformula from wstablefields where tablename = 'fi' and documentnumber = 39
20241016@175809.5439 j8oeurodh4bspp8bpsv0n52cr9 Query : insert into wsfidata (fistamp,ousrdata, ousrhora, usrdata,usrhora,ousrinis,usrinis ,qtt ,ftstamp ,epv,pvmoeda ,tabiva,iva,lordem ,ref, design ,lote,armazem,bistamp ) values ('aut670ff86088670ff0a182',getdate(),convert(char(8),convert (time,getdate())),getdate(),convert(char(8),convert (time,getdate())),'wsv','wsv',14.000 ,'aut670ff30559670ff0a11a' ,0,0 ,2,23.00,70000,?,?,?,?,?)
20241016@175809.5688 j8oeurodh4bspp8bpsv0n52cr9 Query : use flama_phc
20241016@175809.5692 j8oeurodh4bspp8bpsv0n52cr9 Query : select st.usalote valor from st where st.ref = '324.1805.00.1'
20241016@175809.5712 j8oeurodh4bspp8bpsv0n52cr9 Query : select top 1 st.tabiva ,st.ivaincl ,st.stns ,st.uni2 ,st.familia ,isnull(tx.taxa, 0) txiva ,unidade ,usalote ,epcpond ,noserie ,conversao ,st.texteis from st left join taxasiva tx on st.tabiva = tx.codigo where st.ref = '324.1805.00.1'
20241016@175809.5752 j8oeurodh4bspp8bpsv0n52cr9 Query : select 1 valor from information_schema.tables where table_type='base table' and table_name='wstablefields'
20241016@175809.5769 j8oeurodh4bspp8bpsv0n52cr9 Query : select fieldkey,fieldname,fieldtype,mandatory from wstablefields where tablename = 'fi' and documentnumber = 39
20241016@175809.5794 j8oeurodh4bspp8bpsv0n52cr9 Query : select 1 valor from information_schema.tables where table_type='base table' and table_name='wstablefields'
20241016@175809.5808 j8oeurodh4bspp8bpsv0n52cr9 Query : select fieldkey,fieldname,fieldtype,mandatory from wstablefields where tablename = 'fi2' and documentnumber = 39
20241016@175809.5817 j8oeurodh4bspp8bpsv0n52cr9 Query : select top 1 convert(numeric(6,2),t.taxa) valor from taxasiva t where t.codigo='2'
20241016@175809.5829 j8oeurodh4bspp8bpsv0n52cr9 Query : select sestamp valor from se where ref ='324.1805.00.1' and lote = 'r2400291200a'
20241016@175809.5841 j8oeurodh4bspp8bpsv0n52cr9 Query : select 1 valor from information_schema.tables where table_type='base table' and table_name='wstablefields'
20241016@175809.5855 j8oeurodh4bspp8bpsv0n52cr9 Query : select fieldkey,fieldname,fieldtype,calcformula from wstablefields where tablename = 'fi2' and documentnumber = 39
20241016@175809.5868 j8oeurodh4bspp8bpsv0n52cr9 Query : insert into wsfi2data (fi2stamp,ftstamp ,ousrdata, ousrhora, usrdata,usrhora,ousrinis,usrinis) values ('aut670ff05252670ff0a18e','aut670ff30559670ff0a11a' ,getdate(),convert(char(8),convert (time,getdate())),getdate(),convert(char(8),convert (time,getdate())),'wsv','wsv')
20241016@175809.5872 j8oeurodh4bspp8bpsv0n52cr9 Query : select 1 valor from information_schema.tables where table_type='base table' and table_name='wstablefields'
20241016@175809.5887 j8oeurodh4bspp8bpsv0n52cr9 Query : select fieldkey,fieldname,fieldtype,calcformula from wstablefields where tablename = 'fi' and documentnumber = 39
20241016@175809.5917 j8oeurodh4bspp8bpsv0n52cr9 Query : insert into wsfidata (fistamp,ousrdata, ousrhora, usrdata,usrhora,ousrinis,usrinis ,qtt ,ftstamp ,epv,pvmoeda ,tabiva,iva,lordem ,ref, design ,lote,armazem,bistamp ) values ('aut670ff05252670ff0a18e',getdate(),convert(char(8),convert (time,getdate())),getdate(),convert(char(8),convert (time,getdate())),'wsv','wsv',14.000 ,'aut670ff30559670ff0a11a' ,0,0 ,2,23.00,80000,?,?,?,?,?)
20241016@175809.6129 j8oeurodh4bspp8bpsv0n52cr9 Query : insert into wsftcreationlog (initialftstamp,externalid,creationstatus,documenttypeid,idustamp) values ('aut670ff30559670ff0a11a','2406808','wait',39,'adm09112754980.682000002')
20241016@175809.6232 j8oeurodh4bspp8bpsv0n52cr9 Query : use flama_phc
20241016@175809.6235 j8oeurodh4bspp8bpsv0n52cr9 Query : update u_wsusers set rqsttoken =? where userid ='userls001'
20241016@175809.6280 j8oeurodh4bspp8bpsv0n52cr9 Query : select concat(rtrim(relative_path),ltrim(name_new)) as valor from uploadfiles where uploadfile_id='2738';
20241016@175809.6541 j8oeurodh4bspp8bpsv0n52cr9 Query : update uploadfiles set whenupdated=current_timestamp where uploadfile_id='2738';
20241016@175809.6594 j8oeurodh4bspp8bpsv0n52cr9 Query : select concat(rtrim(relative_path),ltrim(name_new)) as valor from uploadfiles where uploadfile_id='2738';
20241016@175809.6627 j8oeurodh4bspp8bpsv0n52cr9 Query : update uploadfiles set whenupdated=current_timestamp where uploadfile_id='2738';
20241016@175809.7213 pggq0kguh89qfjaq38gccs3t0g Query : insert into uploadfiles ( name_original, name_new, option_type, relative_path, whencreated ) values ( ?, ?, ?, ?, getdate() )
20241016@175809.7223 pggq0kguh89qfjaq38gccs3t0g Query : select uploadfile_id valor from uploadfiles where name_new = ? and option_type = ? 
20241016@175809.7356 pggq0kguh89qfjaq38gccs3t0g Query : select concat(rtrim(relative_path),ltrim(name_new)) as valor from uploadfiles where uploadfile_id='2739';
20241016@175809.7413 pggq0kguh89qfjaq38gccs3t0g Query : update uploadfiles set whenupdated=current_timestamp where uploadfile_id='2739';
20241016@175809.7475 pggq0kguh89qfjaq38gccs3t0g Query : select concat(rtrim(relative_path),ltrim(name_new)) as valor from uploadfiles where uploadfile_id='2739';
20241016@175809.7507 pggq0kguh89qfjaq38gccs3t0g Query : update uploadfiles set whenupdated=current_timestamp where uploadfile_id='2739';
20241016@175809.7579 pggq0kguh89qfjaq38gccs3t0g Query : use flama_phc
20241016@175809.7583 pggq0kguh89qfjaq38gccs3t0g Query : select top 1 secretkey valor from u_wsusers u where u.userid = ? and u.inactivo=0
20241016@175809.7675 pggq0kguh89qfjaq38gccs3t0g Query : use flama_phc
20241016@175809.7678 pggq0kguh89qfjaq38gccs3t0g Query : select no, estab,szadrsdesc from szadrs where u_coddest=410
20241016@175809.7756 pggq0kguh89qfjaq38gccs3t0g Query : select top 1 isnull(design,'') valor from st (nolock) left join stobs (nolock) on st.ref = stobs.ref where st.ref = '323.318.09.00'
20241016@175809.7877 pggq0kguh89qfjaq38gccs3t0g Query : select top 1 bistamp valor from bi inner join bo on bo.bostamp=bi.bostamp where bo.ndos =240 and bo.boano =2068 and bo.obrano = 2406809 and bi.ref ='323.318.09.00' and bi.lordem =1
20241016@175809.8171 pggq0kguh89qfjaq38gccs3t0g Query : select top 1 isnull(design,'') valor from st (nolock) left join stobs (nolock) on st.ref = stobs.ref where st.ref = '323.318.09.00'
20241016@175809.8194 pggq0kguh89qfjaq38gccs3t0g Query : select top 1 bistamp valor from bi inner join bo on bo.bostamp=bi.bostamp where bo.ndos =240 and bo.boano =2068 and bo.obrano = 2406809 and bi.ref ='323.318.09.00' and bi.lordem =1
20241016@175809.8214 pggq0kguh89qfjaq38gccs3t0g Query : select top 1 isnull(design,'') valor from st (nolock) left join stobs (nolock) on st.ref = stobs.ref where st.ref = '323.367.09.00'
20241016@175809.8322 pggq0kguh89qfjaq38gccs3t0g Query : select top 1 bistamp valor from bi inner join bo on bo.bostamp=bi.bostamp where bo.ndos =240 and bo.boano =2068 and bo.obrano = 2406809 and bi.ref ='323.367.09.00' and bi.lordem =2
20241016@175809.8631 pggq0kguh89qfjaq38gccs3t0g Query : use flama_phc
20241016@175809.8634 pggq0kguh89qfjaq38gccs3t0g Query : select top 1 convert(date,fdata) valor from ft where ndoc = 39 and anulado= 0 and fno>0 order by fdata desc
20241016@175809.8671 pggq0kguh89qfjaq38gccs3t0g Query : use flama_phc
20241016@175809.8674 pggq0kguh89qfjaq38gccs3t0g Query : select top 1 1 valor from td where td.ndoc = 39
20241016@175809.8712 pggq0kguh89qfjaq38gccs3t0g Query : use flama_phc
20241016@175809.8715 pggq0kguh89qfjaq38gccs3t0g Query : select lower(descricao) descricao ,case when valor='s' then 1 else 0 end valor from para1 where descricao in ('st_lote','st_usalogifunc', 'st_grelha')
20241016@175809.8746 pggq0kguh89qfjaq38gccs3t0g Query : select top 1 manternumero ,assinadoc issigned ,tiposaft ,assinaimp ,nmdos ,td.assinadoc ,'cl' origin ,lancasl stocks ,case when cmsl<50 and td.lancasl=1 then 1 else 0 end entrada ,case when cmsl>50 and td.lancasl=1 then 1 else 0 end saida ,temserie assets ,~semgre usegridfields from td inner join td2 on td.tdstamp=td2.td2stamp where td.ndoc = 1
20241016@175809.8790 pggq0kguh89qfjaq38gccs3t0g Query : use flama_phc
20241016@175809.8793 pggq0kguh89qfjaq38gccs3t0g Query : select top 1 ~inactivo valor from cl where no = '102212' and estab = 0 order by inactivo desc
20241016@175809.8897 pggq0kguh89qfjaq38gccs3t0g Query : use flama_phc
20241016@175809.8901 pggq0kguh89qfjaq38gccs3t0g Query : select top 1 tipodoc,regrd from td where ndoc = 39
20241016@175809.8935 pggq0kguh89qfjaq38gccs3t0g Query : use flama_phc
20241016@175809.8938 pggq0kguh89qfjaq38gccs3t0g Query : select szadrsstamp valor from szadrs where szadrsdesc='espaÇotrans,lda'
20241016@175809.9494 pggq0kguh89qfjaq38gccs3t0g Query : use flama_phc
20241016@175809.9594 pggq0kguh89qfjaq38gccs3t0g Query : select szadrsstamp valor from szadrs where szadrsdesc='tomarel-soc.tecnica electricidade, lda.'
20241016@175809.9652 pggq0kguh89qfjaq38gccs3t0g Query : use flama_phc
20241016@175809.9655 pggq0kguh89qfjaq38gccs3t0g Query : select 1 valor from td where ndoc = 39
20241016@175809.9667 pggq0kguh89qfjaq38gccs3t0g Query : select top 1 manternumero, tiposaft, nmdos,td.assinadoc from td where td.ndoc = 39
20241016@175809.9681 pggq0kguh89qfjaq38gccs3t0g Query : select 1 valor from information_schema.tables where table_type='base table' and table_name='wstablefields'
20241016@175809.9699 pggq0kguh89qfjaq38gccs3t0g Query : select fieldkey,fieldname,fieldtype,mandatory from wstablefields where tablename = 'ft' and documentnumber = 39
20241016@175809.9717 pggq0kguh89qfjaq38gccs3t0g Query : select 1 valor from information_schema.tables where table_type='base table' and table_name='wstablefields'
20241016@175809.9732 pggq0kguh89qfjaq38gccs3t0g Query : select fieldkey,fieldname,fieldtype,mandatory from wstablefields where tablename = 'ft2' and documentnumber = 39
20241016@175809.9761 pggq0kguh89qfjaq38gccs3t0g Query : select 1 valor from information_schema.tables where table_type='base table' and table_name='wstablefields'
20241016@175809.9776 pggq0kguh89qfjaq38gccs3t0g Query : select fieldkey,fieldname,fieldtype,mandatory from wstablefields where tablename = 'ft3' and documentnumber = 39
20241016@175809.9788 pggq0kguh89qfjaq38gccs3t0g Query : select top 1 ft.fno valor from ft ft where ft.ndoc = 39 and ftano=2024 order by fno desc
20241016@175809.9880 pggq0kguh89qfjaq38gccs3t0g Query : select top 1 ft.fno valor from wsftdata ft where ft.ndoc = 39 and ftano=2024 order by fno desc
20241016@175809.9893 pggq0kguh89qfjaq38gccs3t0g Query : select 1 valor from information_schema.tables where table_type='base table' and table_name='wstablefields'
20241016@175809.9908 pggq0kguh89qfjaq38gccs3t0g Query : select fieldkey,fieldname,fieldtype,calcformula from wstablefields where tablename = 'ft3' and documentnumber = 39
20241016@175809.9923 pggq0kguh89qfjaq38gccs3t0g Query : insert into wsft3data (ft3stamp, ousrdata, ousrhora, usrdata,usrhora,ousrinis,usrinis,taxpointdt ) values ('aut670ff00731670ff0a1ee' ,getdate(),convert(char(8),convert (time,getdate())),getdate(),convert(char(8),convert (time,getdate())),'wsv','wsv',?)
20241016@175810.7400 pggq0kguh89qfjaq38gccs3t0g Query : select 1 valor from information_schema.tables where table_type='base table' and table_name='wstablefields'
20241016@175810.9100 pggq0kguh89qfjaq38gccs3t0g Query : select fieldkey,fieldname,fieldtype,calcformula from wstablefields where tablename = 'ft2' and documentnumber = 39
20241016@175810.1250 pggq0kguh89qfjaq38gccs3t0g Query : select top 1 bo.u_nomeenv valor from bo where bo.bostamp=''
20241016@175810.1360 pggq0kguh89qfjaq38gccs3t0g Query : select top 1 bo.u_moradaen valor from bo where bo.bostamp=''
20241016@175810.1500 pggq0kguh89qfjaq38gccs3t0g Query : select top 1 bo.u_codposen valor from bo where bo.bostamp=''
20241016@175810.1850 pggq0kguh89qfjaq38gccs3t0g Query : select top 1 bo.u_localenv valor from bo where bo.bostamp=''
20241016@175810.1980 pggq0kguh89qfjaq38gccs3t0g Query : select top 1 bo.trab5 valor from bo where bo.bostamp=''
20241016@175810.2100 pggq0kguh89qfjaq38gccs3t0g Query : select top 1 bo.serie valor from bo where bo.bostamp=''
20241016@175810.2210 pggq0kguh89qfjaq38gccs3t0g Query : insert into wsft2data (ft2stamp, ousrdata,ousrhora, usrdata,usrhora,ousrinis,usrinis,u_nomeenv ,u_moradaen ,u_codposen ,u_localenv ,u_coddest ,u_codby ) values ('aut670ff00731670ff0a1ee',getdate(),convert(char(8),convert (time,getdate())),getdate(),convert(char(8),convert (time,getdate())),'wsv','wsv',?,?,?,?,?,?)
20241016@175810.4230 pggq0kguh89qfjaq38gccs3t0g Query : select top 1 fno valor from wsftdata order by fno desc
20241016@175810.4470 pggq0kguh89qfjaq38gccs3t0g Query : select 1 valor from information_schema.tables where table_type='base table' and table_name='wstablefields'
20241016@175810.4630 pggq0kguh89qfjaq38gccs3t0g Query : select fieldkey,fieldname,fieldtype,calcformula from wstablefields where tablename = 'ft' and documentnumber = 39
20241016@175810.4860 pggq0kguh89qfjaq38gccs3t0g Query : select 'normal' from dummy
20241016@175810.5020 pggq0kguh89qfjaq38gccs3t0g Query : insert into wsftdata (ftstamp, ousrdata,ousrhora, usrdata,usrhora,ousrinis,usrinis,fno,no,estab,fdata,ndoc,moeda,cambio,cambiofixo,ftano,site ,classe ) values ('aut670ff00731670ff0a1ee',getdate(),convert(char(8),convert (time,getdate())),getdate(),convert(char(8),convert (time,getdate())),'wsv','wsv',1340,102212,0,'2024-10-16',39,'euro',0,0,2024 ,?,?)
20241016@175810.7680 pggq0kguh89qfjaq38gccs3t0g Query : use flama_phc
20241016@175810.7710 pggq0kguh89qfjaq38gccs3t0g Query : select st.usalote valor from st where st.ref = '323.318.09.00'
20241016@175810.7930 pggq0kguh89qfjaq38gccs3t0g Query : select top 1 st.tabiva ,st.ivaincl ,st.stns ,st.uni2 ,st.familia ,isnull(tx.taxa, 0) txiva ,unidade ,usalote ,epcpond ,noserie ,conversao ,st.texteis from st left join taxasiva tx on st.tabiva = tx.codigo where st.ref = '323.318.09.00'
20241016@175810.9070 pggq0kguh89qfjaq38gccs3t0g Query : select 1 valor from information_schema.tables where table_type='base table' and table_name='wstablefields'
20241016@175810.9220 pggq0kguh89qfjaq38gccs3t0g Query : select fieldkey,fieldname,fieldtype,mandatory from wstablefields where tablename = 'fi' and documentnumber = 39
20241016@175810.9470 pggq0kguh89qfjaq38gccs3t0g Query : select 1 valor from information_schema.tables where table_type='base table' and table_name='wstablefields'
20241016@175810.9620 pggq0kguh89qfjaq38gccs3t0g Query : select fieldkey,fieldname,fieldtype,mandatory from wstablefields where tablename = 'fi2' and documentnumber = 39
20241016@175810.9700 pggq0kguh89qfjaq38gccs3t0g Query : select top 1 convert(numeric(6,2),t.taxa) valor from taxasiva t where t.codigo='2'
20241016@175810.9820 pggq0kguh89qfjaq38gccs3t0g Query : select sestamp valor from se where ref ='323.318.09.00' and lote = 'r2400053200a'
20241016@175810.9960 pggq0kguh89qfjaq38gccs3t0g Query : select 1 valor from information_schema.tables where table_type='base table' and table_name='wstablefields'
20241016@175810.1011 pggq0kguh89qfjaq38gccs3t0g Query : select fieldkey,fieldname,fieldtype,calcformula from wstablefields where tablename = 'fi2' and documentnumber = 39
20241016@175810.1022 pggq0kguh89qfjaq38gccs3t0g Query : insert into wsfi2data (fi2stamp,ftstamp ,ousrdata, ousrhora, usrdata,usrhora,ousrinis,usrinis) values ('aut670ff18430670ff0a218','aut670ff00731670ff0a1ee' ,getdate(),convert(char(8),convert (time,getdate())),getdate(),convert(char(8),convert (time,getdate())),'wsv','wsv')
20241016@175810.1027 pggq0kguh89qfjaq38gccs3t0g Query : select 1 valor from information_schema.tables where table_type='base table' and table_name='wstablefields'
20241016@175810.1041 pggq0kguh89qfjaq38gccs3t0g Query : select fieldkey,fieldname,fieldtype,calcformula from wstablefields where tablename = 'fi' and documentnumber = 39
20241016@175810.1070 pggq0kguh89qfjaq38gccs3t0g Query : insert into wsfidata (fistamp,ousrdata, ousrhora, usrdata,usrhora,ousrinis,usrinis ,qtt ,ftstamp ,epv,pvmoeda ,tabiva,iva,lordem ,ref, design ,lote,armazem,bistamp ) values ('aut670ff18430670ff0a218',getdate(),convert(char(8),convert (time,getdate())),getdate(),convert(char(8),convert (time,getdate())),'wsv','wsv',1.000 ,'aut670ff00731670ff0a1ee' ,0,0 ,2,23.00,10000,?,?,?,?,?)
20241016@175810.1300 pggq0kguh89qfjaq38gccs3t0g Query : use flama_phc
20241016@175810.1331 pggq0kguh89qfjaq38gccs3t0g Query : select st.usalote valor from st where st.ref = '323.318.09.00'
20241016@175810.1352 pggq0kguh89qfjaq38gccs3t0g Query : select top 1 st.tabiva ,st.ivaincl ,st.stns ,st.uni2 ,st.familia ,isnull(tx.taxa, 0) txiva ,unidade ,usalote ,epcpond ,noserie ,conversao ,st.texteis from st left join taxasiva tx on st.tabiva = tx.codigo where st.ref = '323.318.09.00'
20241016@175810.1366 pggq0kguh89qfjaq38gccs3t0g Query : select 1 valor from information_schema.tables where table_type='base table' and table_name='wstablefields'
20241016@175810.1381 pggq0kguh89qfjaq38gccs3t0g Query : select fieldkey,fieldname,fieldtype,mandatory from wstablefields where tablename = 'fi' and documentnumber = 39
20241016@175810.1406 pggq0kguh89qfjaq38gccs3t0g Query : select 1 valor from information_schema.tables where table_type='base table' and table_name='wstablefields'
20241016@175810.1421 pggq0kguh89qfjaq38gccs3t0g Query : select fieldkey,fieldname,fieldtype,mandatory from wstablefields where tablename = 'fi2' and documentnumber = 39
20241016@175810.1429 pggq0kguh89qfjaq38gccs3t0g Query : select top 1 convert(numeric(6,2),t.taxa) valor from taxasiva t where t.codigo='2'
20241016@175810.1441 pggq0kguh89qfjaq38gccs3t0g Query : select sestamp valor from se where ref ='323.318.09.00' and lote = 'r2400053200a'
20241016@175810.1454 pggq0kguh89qfjaq38gccs3t0g Query : select 1 valor from information_schema.tables where table_type='base table' and table_name='wstablefields'
20241016@175810.1468 pggq0kguh89qfjaq38gccs3t0g Query : select fieldkey,fieldname,fieldtype,calcformula from wstablefields where tablename = 'fi2' and documentnumber = 39
20241016@175810.1479 pggq0kguh89qfjaq38gccs3t0g Query : insert into wsfi2data (fi2stamp,ftstamp ,ousrdata, ousrhora, usrdata,usrhora,ousrinis,usrinis) values ('aut670ff00338670ff0a223','aut670ff00731670ff0a1ee' ,getdate(),convert(char(8),convert (time,getdate())),getdate(),convert(char(8),convert (time,getdate())),'wsv','wsv')
20241016@175810.1483 pggq0kguh89qfjaq38gccs3t0g Query : select 1 valor from information_schema.tables where table_type='base table' and table_name='wstablefields'
20241016@175810.1500 pggq0kguh89qfjaq38gccs3t0g Query : select fieldkey,fieldname,fieldtype,calcformula from wstablefields where tablename = 'fi' and documentnumber = 39
20241016@175810.1528 pggq0kguh89qfjaq38gccs3t0g Query : insert into wsfidata (fistamp,ousrdata, ousrhora, usrdata,usrhora,ousrinis,usrinis ,qtt ,ftstamp ,epv,pvmoeda ,tabiva,iva,lordem ,ref, design ,lote,armazem,bistamp ) values ('aut670ff00338670ff0a223',getdate(),convert(char(8),convert (time,getdate())),getdate(),convert(char(8),convert (time,getdate())),'wsv','wsv',2.000 ,'aut670ff00731670ff0a1ee' ,0,0 ,2,23.00,20000,?,?,?,?,?)
20241016@175810.1778 pggq0kguh89qfjaq38gccs3t0g Query : use flama_phc
20241016@175810.1781 pggq0kguh89qfjaq38gccs3t0g Query : select st.usalote valor from st where st.ref = '323.367.09.00'
20241016@175810.1803 pggq0kguh89qfjaq38gccs3t0g Query : select top 1 st.tabiva ,st.ivaincl ,st.stns ,st.uni2 ,st.familia ,isnull(tx.taxa, 0) txiva ,unidade ,usalote ,epcpond ,noserie ,conversao ,st.texteis from st left join taxasiva tx on st.tabiva = tx.codigo where st.ref = '323.367.09.00'
20241016@175810.1922 pggq0kguh89qfjaq38gccs3t0g Query : select 1 valor from information_schema.tables where table_type='base table' and table_name='wstablefields'
20241016@175810.1938 pggq0kguh89qfjaq38gccs3t0g Query : select fieldkey,fieldname,fieldtype,mandatory from wstablefields where tablename = 'fi' and documentnumber = 39
20241016@175810.1963 pggq0kguh89qfjaq38gccs3t0g Query : select 1 valor from information_schema.tables where table_type='base table' and table_name='wstablefields'
20241016@175810.1978 pggq0kguh89qfjaq38gccs3t0g Query : select fieldkey,fieldname,fieldtype,mandatory from wstablefields where tablename = 'fi2' and documentnumber = 39
20241016@175810.1986 pggq0kguh89qfjaq38gccs3t0g Query : select top 1 convert(numeric(6,2),t.taxa) valor from taxasiva t where t.codigo='2'
20241016@175810.1998 pggq0kguh89qfjaq38gccs3t0g Query : select sestamp valor from se where ref ='323.367.09.00' and lote = 'r2400053200a'
20241016@175810.2011 pggq0kguh89qfjaq38gccs3t0g Query : select 1 valor from information_schema.tables where table_type='base table' and table_name='wstablefields'
20241016@175810.2026 pggq0kguh89qfjaq38gccs3t0g Query : select fieldkey,fieldname,fieldtype,calcformula from wstablefields where tablename = 'fi2' and documentnumber = 39
20241016@175810.2037 pggq0kguh89qfjaq38gccs3t0g Query : insert into wsfi2data (fi2stamp,ftstamp ,ousrdata, ousrhora, usrdata,usrhora,ousrinis,usrinis) values ('aut670ff43871670ff0a231','aut670ff00731670ff0a1ee' ,getdate(),convert(char(8),convert (time,getdate())),getdate(),convert(char(8),convert (time,getdate())),'wsv','wsv')
20241016@175810.2041 pggq0kguh89qfjaq38gccs3t0g Query : select 1 valor from information_schema.tables where table_type='base table' and table_name='wstablefields'
20241016@175810.2055 pggq0kguh89qfjaq38gccs3t0g Query : select fieldkey,fieldname,fieldtype,calcformula from wstablefields where tablename = 'fi' and documentnumber = 39
20241016@175810.2082 pggq0kguh89qfjaq38gccs3t0g Query : insert into wsfidata (fistamp,ousrdata, ousrhora, usrdata,usrhora,ousrinis,usrinis ,qtt ,ftstamp ,epv,pvmoeda ,tabiva,iva,lordem ,ref, design ,lote,armazem,bistamp ) values ('aut670ff43871670ff0a231',getdate(),convert(char(8),convert (time,getdate())),getdate(),convert(char(8),convert (time,getdate())),'wsv','wsv',3.000 ,'aut670ff00731670ff0a1ee' ,0,0 ,2,23.00,30000,?,?,?,?,?)
20241016@175810.2291 pggq0kguh89qfjaq38gccs3t0g Query : insert into wsftcreationlog (initialftstamp,externalid,creationstatus,documenttypeid,idustamp) values ('aut670ff00731670ff0a1ee','2406809','wait',39,'adm09112754980.682000002')
20241016@175810.2543 pggq0kguh89qfjaq38gccs3t0g Query : use flama_phc
20241016@175810.2546 pggq0kguh89qfjaq38gccs3t0g Query : update u_wsusers set rqsttoken =? where userid ='userls001'
20241016@175810.2602 pggq0kguh89qfjaq38gccs3t0g Query : select concat(rtrim(relative_path),ltrim(name_new)) as valor from uploadfiles where uploadfile_id='2739';
20241016@175810.2635 pggq0kguh89qfjaq38gccs3t0g Query : update uploadfiles set whenupdated=current_timestamp where uploadfile_id='2739';
20241016@175810.2680 pggq0kguh89qfjaq38gccs3t0g Query : select concat(rtrim(relative_path),ltrim(name_new)) as valor from uploadfiles where uploadfile_id='2739';
20241016@175810.2709 pggq0kguh89qfjaq38gccs3t0g Query : update uploadfiles set whenupdated=current_timestamp where uploadfile_id='2739';
20241016@181254.1943 i61marohjb2o01uvvovd7ur5l0 Query : insert into uploadfiles ( name_original, name_new, option_type, relative_path, whencreated ) values ( ?, ?, ?, ?, getdate() )
20241016@181254.1955 i61marohjb2o01uvvovd7ur5l0 Query : select uploadfile_id valor from uploadfiles where name_new = ? and option_type = ? 
20241016@181254.2018 i61marohjb2o01uvvovd7ur5l0 Query : select concat(rtrim(relative_path),ltrim(name_new)) as valor from uploadfiles where uploadfile_id='2740';
20241016@181254.2318 i61marohjb2o01uvvovd7ur5l0 Query : update uploadfiles set whenupdated=current_timestamp where uploadfile_id='2740';
20241016@181254.2375 i61marohjb2o01uvvovd7ur5l0 Query : select concat(rtrim(relative_path),ltrim(name_new)) as valor from uploadfiles where uploadfile_id='2740';
20241016@181254.2405 i61marohjb2o01uvvovd7ur5l0 Query : update uploadfiles set whenupdated=current_timestamp where uploadfile_id='2740';
20241016@181254.2643 i61marohjb2o01uvvovd7ur5l0 Query : use flama_phc
20241016@181254.2647 i61marohjb2o01uvvovd7ur5l0 Query : select top 1 secretkey valor from u_wsusers u where u.userid = ? and u.inactivo=0
20241016@181254.2717 i61marohjb2o01uvvovd7ur5l0 Query : use flama_phc
20241016@181254.2720 i61marohjb2o01uvvovd7ur5l0 Query : select no, estab,szadrsdesc from szadrs where u_coddest=6975
20241016@181254.2806 i61marohjb2o01uvvovd7ur5l0 Query : select top 1 isnull(design,'') valor from st (nolock) left join stobs (nolock) on st.ref = stobs.ref where st.ref = '304.421.00.04'
20241016@181254.2922 i61marohjb2o01uvvovd7ur5l0 Query : select top 1 bistamp valor from bi inner join bo on bo.bostamp=bi.bostamp where bo.ndos =240 and bo.boano =2068 and bo.obrano = 2406810 and bi.ref ='304.421.00.04' and bi.lordem =2
20241016@181254.3550 i61marohjb2o01uvvovd7ur5l0 Query : select top 1 isnull(design,'') valor from st (nolock) left join stobs (nolock) on st.ref = stobs.ref where st.ref = '324.2221.00.1'
20241016@181254.3654 i61marohjb2o01uvvovd7ur5l0 Query : select top 1 bistamp valor from bi inner join bo on bo.bostamp=bi.bostamp where bo.ndos =240 and bo.boano =2068 and bo.obrano = 2406810 and bi.ref ='324.2221.00.1' and bi.lordem =3
20241016@181254.4082 i61marohjb2o01uvvovd7ur5l0 Query : select top 1 isnull(design,'') valor from st (nolock) left join stobs (nolock) on st.ref = stobs.ref where st.ref = '324.2222.00.1'
20241016@181254.4419 i61marohjb2o01uvvovd7ur5l0 Query : select top 1 bistamp valor from bi inner join bo on bo.bostamp=bi.bostamp where bo.ndos =240 and bo.boano =2068 and bo.obrano = 2406810 and bi.ref ='324.2222.00.1' and bi.lordem =4
20241016@181254.4810 i61marohjb2o01uvvovd7ur5l0 Query : select top 1 isnull(design,'') valor from st (nolock) left join stobs (nolock) on st.ref = stobs.ref where st.ref = '324.2223.00.1'
20241016@181254.4935 i61marohjb2o01uvvovd7ur5l0 Query : select top 1 bistamp valor from bi inner join bo on bo.bostamp=bi.bostamp where bo.ndos =240 and bo.boano =2068 and bo.obrano = 2406810 and bi.ref ='324.2223.00.1' and bi.lordem =5
20241016@181254.5284 i61marohjb2o01uvvovd7ur5l0 Query : select top 1 isnull(design,'') valor from st (nolock) left join stobs (nolock) on st.ref = stobs.ref where st.ref = '324.2224.00.1'
20241016@181254.5418 i61marohjb2o01uvvovd7ur5l0 Query : select top 1 bistamp valor from bi inner join bo on bo.bostamp=bi.bostamp where bo.ndos =240 and bo.boano =2068 and bo.obrano = 2406810 and bi.ref ='324.2224.00.1' and bi.lordem =6
20241016@181254.5745 i61marohjb2o01uvvovd7ur5l0 Query : select top 1 isnull(design,'') valor from st (nolock) left join stobs (nolock) on st.ref = stobs.ref where st.ref = '324.2907.00.1'
20241016@181254.5805 i61marohjb2o01uvvovd7ur5l0 Query : select top 1 bistamp valor from bi inner join bo on bo.bostamp=bi.bostamp where bo.ndos =240 and bo.boano =2068 and bo.obrano = 2406810 and bi.ref ='324.2907.00.1' and bi.lordem =7
20241016@181254.6167 i61marohjb2o01uvvovd7ur5l0 Query : select top 1 isnull(design,'') valor from st (nolock) left join stobs (nolock) on st.ref = stobs.ref where st.ref = '324.2907.00.1'
20241016@181254.6255 i61marohjb2o01uvvovd7ur5l0 Query : select top 1 bistamp valor from bi inner join bo on bo.bostamp=bi.bostamp where bo.ndos =240 and bo.boano =2068 and bo.obrano = 2406810 and bi.ref ='324.2907.00.1' and bi.lordem =7
20241016@181254.6280 i61marohjb2o01uvvovd7ur5l0 Query : select top 1 isnull(design,'') valor from st (nolock) left join stobs (nolock) on st.ref = stobs.ref where st.ref = '324.645.00.01'
20241016@181254.6485 i61marohjb2o01uvvovd7ur5l0 Query : select top 1 bistamp valor from bi inner join bo on bo.bostamp=bi.bostamp where bo.ndos =240 and bo.boano =2068 and bo.obrano = 2406810 and bi.ref ='324.645.00.01' and bi.lordem =8
20241016@181254.6837 i61marohjb2o01uvvovd7ur5l0 Query : select top 1 isnull(design,'') valor from st (nolock) left join stobs (nolock) on st.ref = stobs.ref where st.ref = '324.645.00.01'
20241016@181254.6860 i61marohjb2o01uvvovd7ur5l0 Query : select top 1 bistamp valor from bi inner join bo on bo.bostamp=bi.bostamp where bo.ndos =240 and bo.boano =2068 and bo.obrano = 2406810 and bi.ref ='324.645.00.01' and bi.lordem =8
20241016@181254.6876 i61marohjb2o01uvvovd7ur5l0 Query : select top 1 isnull(design,'') valor from st (nolock) left join stobs (nolock) on st.ref = stobs.ref where st.ref = '324.691.00.01'
20241016@181254.7177 i61marohjb2o01uvvovd7ur5l0 Query : select top 1 bistamp valor from bi inner join bo on bo.bostamp=bi.bostamp where bo.ndos =240 and bo.boano =2068 and bo.obrano = 2406810 and bi.ref ='324.691.00.01' and bi.lordem =9
20241016@181254.7486 i61marohjb2o01uvvovd7ur5l0 Query : select top 1 isnull(design,'') valor from st (nolock) left join stobs (nolock) on st.ref = stobs.ref where st.ref = '324.4521.00.1'
20241016@181254.7507 i61marohjb2o01uvvovd7ur5l0 Query : select top 1 bistamp valor from bi inner join bo on bo.bostamp=bi.bostamp where bo.ndos =240 and bo.boano =2068 and bo.obrano = 2406810 and bi.ref ='324.4521.00.1' and bi.lordem =10
20241016@181254.7796 i61marohjb2o01uvvovd7ur5l0 Query : select top 1 isnull(design,'') valor from st (nolock) left join stobs (nolock) on st.ref = stobs.ref where st.ref = '324.4521.00.1'
20241016@181254.7817 i61marohjb2o01uvvovd7ur5l0 Query : select top 1 bistamp valor from bi inner join bo on bo.bostamp=bi.bostamp where bo.ndos =240 and bo.boano =2068 and bo.obrano = 2406810 and bi.ref ='324.4521.00.1' and bi.lordem =10
20241016@181254.7834 i61marohjb2o01uvvovd7ur5l0 Query : select top 1 isnull(design,'') valor from st (nolock) left join stobs (nolock) on st.ref = stobs.ref where st.ref = '324.727.00.01'
20241016@181254.7945 i61marohjb2o01uvvovd7ur5l0 Query : select top 1 bistamp valor from bi inner join bo on bo.bostamp=bi.bostamp where bo.ndos =240 and bo.boano =2068 and bo.obrano = 2406810 and bi.ref ='324.727.00.01' and bi.lordem =11
20241016@181254.8229 i61marohjb2o01uvvovd7ur5l0 Query : select top 1 isnull(design,'') valor from st (nolock) left join stobs (nolock) on st.ref = stobs.ref where st.ref = '324.736.00.01'
20241016@181254.8340 i61marohjb2o01uvvovd7ur5l0 Query : select top 1 bistamp valor from bi inner join bo on bo.bostamp=bi.bostamp where bo.ndos =240 and bo.boano =2068 and bo.obrano = 2406810 and bi.ref ='324.736.00.01' and bi.lordem =12
20241016@181254.8622 i61marohjb2o01uvvovd7ur5l0 Query : select top 1 isnull(design,'') valor from st (nolock) left join stobs (nolock) on st.ref = stobs.ref where st.ref = '324.1578.00.1'
20241016@181254.8743 i61marohjb2o01uvvovd7ur5l0 Query : select top 1 bistamp valor from bi inner join bo on bo.bostamp=bi.bostamp where bo.ndos =240 and bo.boano =2068 and bo.obrano = 2406810 and bi.ref ='324.1578.00.1' and bi.lordem =13
20241016@181254.9032 i61marohjb2o01uvvovd7ur5l0 Query : select top 1 isnull(design,'') valor from st (nolock) left join stobs (nolock) on st.ref = stobs.ref where st.ref = '324.5342.00.1'
20241016@181254.9051 i61marohjb2o01uvvovd7ur5l0 Query : select top 1 bistamp valor from bi inner join bo on bo.bostamp=bi.bostamp where bo.ndos =240 and bo.boano =2068 and bo.obrano = 2406810 and bi.ref ='324.5342.00.1' and bi.lordem =14
20241016@181254.9349 i61marohjb2o01uvvovd7ur5l0 Query : select top 1 isnull(design,'') valor from st (nolock) left join stobs (nolock) on st.ref = stobs.ref where st.ref = '324.1461.00.1'
20241016@181254.9371 i61marohjb2o01uvvovd7ur5l0 Query : select top 1 bistamp valor from bi inner join bo on bo.bostamp=bi.bostamp where bo.ndos =240 and bo.boano =2068 and bo.obrano = 2406810 and bi.ref ='324.1461.00.1' and bi.lordem =15
20241016@181254.9669 i61marohjb2o01uvvovd7ur5l0 Query : select top 1 isnull(design,'') valor from st (nolock) left join stobs (nolock) on st.ref = stobs.ref where st.ref = '324.4930.00.1'
20241016@181254.9786 i61marohjb2o01uvvovd7ur5l0 Query : select top 1 bistamp valor from bi inner join bo on bo.bostamp=bi.bostamp where bo.ndos =240 and bo.boano =2068 and bo.obrano = 2406810 and bi.ref ='324.4930.00.1' and bi.lordem =16
20241016@181255.8200 i61marohjb2o01uvvovd7ur5l0 Query : select top 1 isnull(design,'') valor from st (nolock) left join stobs (nolock) on st.ref = stobs.ref where st.ref = '324.4930.00.1'
20241016@181255.1030 i61marohjb2o01uvvovd7ur5l0 Query : select top 1 bistamp valor from bi inner join bo on bo.bostamp=bi.bostamp where bo.ndos =240 and bo.boano =2068 and bo.obrano = 2406810 and bi.ref ='324.4930.00.1' and bi.lordem =16
20241016@181255.1190 i61marohjb2o01uvvovd7ur5l0 Query : select top 1 isnull(design,'') valor from st (nolock) left join stobs (nolock) on st.ref = stobs.ref where st.ref = '324.4963.00.1'
20241016@181255.2370 i61marohjb2o01uvvovd7ur5l0 Query : select top 1 bistamp valor from bi inner join bo on bo.bostamp=bi.bostamp where bo.ndos =240 and bo.boano =2068 and bo.obrano = 2406810 and bi.ref ='324.4963.00.1' and bi.lordem =17
20241016@181255.5400 i61marohjb2o01uvvovd7ur5l0 Query : select top 1 isnull(design,'') valor from st (nolock) left join stobs (nolock) on st.ref = stobs.ref where st.ref = '324.4964.00.1'
20241016@181255.6630 i61marohjb2o01uvvovd7ur5l0 Query : select top 1 bistamp valor from bi inner join bo on bo.bostamp=bi.bostamp where bo.ndos =240 and bo.boano =2068 and bo.obrano = 2406810 and bi.ref ='324.4964.00.1' and bi.lordem =18
20241016@181255.9730 i61marohjb2o01uvvovd7ur5l0 Query : select top 1 isnull(design,'') valor from st (nolock) left join stobs (nolock) on st.ref = stobs.ref where st.ref = '324.948.00.01'
20241016@181255.1094 i61marohjb2o01uvvovd7ur5l0 Query : select top 1 bistamp valor from bi inner join bo on bo.bostamp=bi.bostamp where bo.ndos =240 and bo.boano =2068 and bo.obrano = 2406810 and bi.ref ='324.948.00.01' and bi.lordem =19
20241016@181255.1430 i61marohjb2o01uvvovd7ur5l0 Query : select top 1 isnull(design,'') valor from st (nolock) left join stobs (nolock) on st.ref = stobs.ref where st.ref = '324.966.00.01'
20241016@181255.1451 i61marohjb2o01uvvovd7ur5l0 Query : select top 1 bistamp valor from bi inner join bo on bo.bostamp=bi.bostamp where bo.ndos =240 and bo.boano =2068 and bo.obrano = 2406810 and bi.ref ='324.966.00.01' and bi.lordem =20
20241016@181255.1805 i61marohjb2o01uvvovd7ur5l0 Query : select top 1 isnull(design,'') valor from st (nolock) left join stobs (nolock) on st.ref = stobs.ref where st.ref = '324.969.00.01'
20241016@181255.1827 i61marohjb2o01uvvovd7ur5l0 Query : select top 1 bistamp valor from bi inner join bo on bo.bostamp=bi.bostamp where bo.ndos =240 and bo.boano =2068 and bo.obrano = 2406810 and bi.ref ='324.969.00.01' and bi.lordem =21
20241016@181255.2133 i61marohjb2o01uvvovd7ur5l0 Query : select top 1 isnull(design,'') valor from st (nolock) left join stobs (nolock) on st.ref = stobs.ref where st.ref = '324.988.00.01'
20241016@181255.2243 i61marohjb2o01uvvovd7ur5l0 Query : select top 1 bistamp valor from bi inner join bo on bo.bostamp=bi.bostamp where bo.ndos =240 and bo.boano =2068 and bo.obrano = 2406810 and bi.ref ='324.988.00.01' and bi.lordem =22
20241016@181255.2529 i61marohjb2o01uvvovd7ur5l0 Query : select top 1 isnull(design,'') valor from st (nolock) left join stobs (nolock) on st.ref = stobs.ref where st.ref = '324.1317.00.1'
20241016@181255.2551 i61marohjb2o01uvvovd7ur5l0 Query : select top 1 bistamp valor from bi inner join bo on bo.bostamp=bi.bostamp where bo.ndos =240 and bo.boano =2068 and bo.obrano = 2406810 and bi.ref ='324.1317.00.1' and bi.lordem =23
20241016@181255.2979 i61marohjb2o01uvvovd7ur5l0 Query : use flama_phc
20241016@181255.3021 i61marohjb2o01uvvovd7ur5l0 Query : select top 1 convert(date,fdata) valor from ft where ndoc = 39 and anulado= 0 and fno>0 order by fdata desc
20241016@181255.3057 i61marohjb2o01uvvovd7ur5l0 Query : use flama_phc
20241016@181255.3060 i61marohjb2o01uvvovd7ur5l0 Query : select top 1 1 valor from td where td.ndoc = 39
20241016@181255.3090 i61marohjb2o01uvvovd7ur5l0 Query : use flama_phc
20241016@181255.3093 i61marohjb2o01uvvovd7ur5l0 Query : select lower(descricao) descricao ,case when valor='s' then 1 else 0 end valor from para1 where descricao in ('st_lote','st_usalogifunc', 'st_grelha')
20241016@181255.3125 i61marohjb2o01uvvovd7ur5l0 Query : select top 1 manternumero ,assinadoc issigned ,tiposaft ,assinaimp ,nmdos ,td.assinadoc ,'cl' origin ,lancasl stocks ,case when cmsl<50 and td.lancasl=1 then 1 else 0 end entrada ,case when cmsl>50 and td.lancasl=1 then 1 else 0 end saida ,temserie assets ,~semgre usegridfields from td inner join td2 on td.tdstamp=td2.td2stamp where td.ndoc = 1
20241016@181255.3166 i61marohjb2o01uvvovd7ur5l0 Query : use flama_phc
20241016@181255.3169 i61marohjb2o01uvvovd7ur5l0 Query : select top 1 ~inactivo valor from cl where no = '200500' and estab = 0 order by inactivo desc
20241016@181255.3199 i61marohjb2o01uvvovd7ur5l0 Query : use flama_phc
20241016@181255.3202 i61marohjb2o01uvvovd7ur5l0 Query : select top 1 tipodoc,regrd from td where ndoc = 39
20241016@181255.3235 i61marohjb2o01uvvovd7ur5l0 Query : use flama_phc
20241016@181255.3238 i61marohjb2o01uvvovd7ur5l0 Query : select szadrsstamp valor from szadrs where szadrsdesc='espaÇotrans,lda'
20241016@181255.3277 i61marohjb2o01uvvovd7ur5l0 Query : use flama_phc
20241016@181255.3280 i61marohjb2o01uvvovd7ur5l0 Query : select szadrsstamp valor from szadrs where szadrsdesc='eldisser, s.a. - tarragona'
20241016@181255.3330 i61marohjb2o01uvvovd7ur5l0 Query : use flama_phc
20241016@181255.3333 i61marohjb2o01uvvovd7ur5l0 Query : select 1 valor from td where ndoc = 39
20241016@181255.3344 i61marohjb2o01uvvovd7ur5l0 Query : select top 1 manternumero, tiposaft, nmdos,td.assinadoc from td where td.ndoc = 39
20241016@181255.3359 i61marohjb2o01uvvovd7ur5l0 Query : select 1 valor from information_schema.tables where table_type='base table' and table_name='wstablefields'
20241016@181255.3377 i61marohjb2o01uvvovd7ur5l0 Query : select fieldkey,fieldname,fieldtype,mandatory from wstablefields where tablename = 'ft' and documentnumber = 39
20241016@181255.3395 i61marohjb2o01uvvovd7ur5l0 Query : select 1 valor from information_schema.tables where table_type='base table' and table_name='wstablefields'
20241016@181255.3409 i61marohjb2o01uvvovd7ur5l0 Query : select fieldkey,fieldname,fieldtype,mandatory from wstablefields where tablename = 'ft2' and documentnumber = 39
20241016@181255.3437 i61marohjb2o01uvvovd7ur5l0 Query : select 1 valor from information_schema.tables where table_type='base table' and table_name='wstablefields'
20241016@181255.3451 i61marohjb2o01uvvovd7ur5l0 Query : select fieldkey,fieldname,fieldtype,mandatory from wstablefields where tablename = 'ft3' and documentnumber = 39
20241016@181255.3463 i61marohjb2o01uvvovd7ur5l0 Query : select top 1 ft.fno valor from ft ft where ft.ndoc = 39 and ftano=2024 order by fno desc
20241016@181255.3726 i61marohjb2o01uvvovd7ur5l0 Query : select top 1 ft.fno valor from wsftdata ft where ft.ndoc = 39 and ftano=2024 order by fno desc
20241016@181255.3741 i61marohjb2o01uvvovd7ur5l0 Query : select 1 valor from information_schema.tables where table_type='base table' and table_name='wstablefields'
20241016@181255.3757 i61marohjb2o01uvvovd7ur5l0 Query : select fieldkey,fieldname,fieldtype,calcformula from wstablefields where tablename = 'ft3' and documentnumber = 39
20241016@181255.3774 i61marohjb2o01uvvovd7ur5l0 Query : insert into wsft3data (ft3stamp, ousrdata, ousrhora, usrdata,usrhora,ousrinis,usrinis,taxpointdt ) values ('aut670ff53201670ff41754' ,getdate(),convert(char(8),convert (time,getdate())),getdate(),convert(char(8),convert (time,getdate())),'wsv','wsv',?)
20241016@181255.3930 i61marohjb2o01uvvovd7ur5l0 Query : select 1 valor from information_schema.tables where table_type='base table' and table_name='wstablefields'
20241016@181255.3946 i61marohjb2o01uvvovd7ur5l0 Query : select fieldkey,fieldname,fieldtype,calcformula from wstablefields where tablename = 'ft2' and documentnumber = 39
20241016@181255.3978 i61marohjb2o01uvvovd7ur5l0 Query : select top 1 bo.u_nomeenv valor from bo where bo.bostamp=''
20241016@181255.3989 i61marohjb2o01uvvovd7ur5l0 Query : select top 1 bo.u_moradaen valor from bo where bo.bostamp=''
20241016@181255.4001 i61marohjb2o01uvvovd7ur5l0 Query : select top 1 bo.u_codposen valor from bo where bo.bostamp=''
20241016@181255.4014 i61marohjb2o01uvvovd7ur5l0 Query : select top 1 bo.u_localenv valor from bo where bo.bostamp=''
20241016@181255.4026 i61marohjb2o01uvvovd7ur5l0 Query : select top 1 bo.trab5 valor from bo where bo.bostamp=''
20241016@181255.4038 i61marohjb2o01uvvovd7ur5l0 Query : select top 1 bo.serie valor from bo where bo.bostamp=''
20241016@181255.4050 i61marohjb2o01uvvovd7ur5l0 Query : insert into wsft2data (ft2stamp, ousrdata,ousrhora, usrdata,usrhora,ousrinis,usrinis,u_nomeenv ,u_moradaen ,u_codposen ,u_localenv ,u_coddest ,u_codby ) values ('aut670ff53201670ff41754',getdate(),convert(char(8),convert (time,getdate())),getdate(),convert(char(8),convert (time,getdate())),'wsv','wsv',?,?,?,?,?,?)
20241016@181255.4363 i61marohjb2o01uvvovd7ur5l0 Query : select top 1 fno valor from wsftdata order by fno desc
20241016@181255.4447 i61marohjb2o01uvvovd7ur5l0 Query : select 1 valor from information_schema.tables where table_type='base table' and table_name='wstablefields'
20241016@181255.4510 i61marohjb2o01uvvovd7ur5l0 Query : select fieldkey,fieldname,fieldtype,calcformula from wstablefields where tablename = 'ft' and documentnumber = 39
20241016@181255.4669 i61marohjb2o01uvvovd7ur5l0 Query : select 'normal' from dummy
20241016@181255.4685 i61marohjb2o01uvvovd7ur5l0 Query : insert into wsftdata (ftstamp, ousrdata,ousrhora, usrdata,usrhora,ousrinis,usrinis,fno,no,estab,fdata,ndoc,moeda,cambio,cambiofixo,ftano,site ,classe ) values ('aut670ff53201670ff41754',getdate(),convert(char(8),convert (time,getdate())),getdate(),convert(char(8),convert (time,getdate())),'wsv','wsv',1341,200500,0,'2024-10-16',39,'euro',0,0,2024 ,?,?)
20241016@181255.5218 i61marohjb2o01uvvovd7ur5l0 Query : use flama_phc
20241016@181255.5222 i61marohjb2o01uvvovd7ur5l0 Query : select st.usalote valor from st where st.ref = '304.421.00.04'
20241016@181255.5253 i61marohjb2o01uvvovd7ur5l0 Query : select top 1 st.tabiva ,st.ivaincl ,st.stns ,st.uni2 ,st.familia ,isnull(tx.taxa, 0) txiva ,unidade ,usalote ,epcpond ,noserie ,conversao ,st.texteis from st left join taxasiva tx on st.tabiva = tx.codigo where st.ref = '304.421.00.04'
20241016@181255.5397 i61marohjb2o01uvvovd7ur5l0 Query : select 1 valor from information_schema.tables where table_type='base table' and table_name='wstablefields'
20241016@181255.5415 i61marohjb2o01uvvovd7ur5l0 Query : select fieldkey,fieldname,fieldtype,mandatory from wstablefields where tablename = 'fi' and documentnumber = 39
20241016@181255.5458 i61marohjb2o01uvvovd7ur5l0 Query : select 1 valor from information_schema.tables where table_type='base table' and table_name='wstablefields'
20241016@181255.5523 i61marohjb2o01uvvovd7ur5l0 Query : select fieldkey,fieldname,fieldtype,mandatory from wstablefields where tablename = 'fi2' and documentnumber = 39
20241016@181255.5570 i61marohjb2o01uvvovd7ur5l0 Query : select top 1 convert(numeric(6,2),t.taxa) valor from taxasiva t where t.codigo='2'
20241016@181255.5585 i61marohjb2o01uvvovd7ur5l0 Query : select sestamp valor from se where ref ='304.421.00.04' and lote = '241001'
20241016@181255.5601 i61marohjb2o01uvvovd7ur5l0 Query : select 1 valor from information_schema.tables where table_type='base table' and table_name='wstablefields'
20241016@181255.5620 i61marohjb2o01uvvovd7ur5l0 Query : select fieldkey,fieldname,fieldtype,calcformula from wstablefields where tablename = 'fi2' and documentnumber = 39
20241016@181255.5634 i61marohjb2o01uvvovd7ur5l0 Query : insert into wsfi2data (fi2stamp,ftstamp ,ousrdata, ousrhora, usrdata,usrhora,ousrinis,usrinis) values ('aut670ff49131670ff41788','aut670ff53201670ff41754' ,getdate(),convert(char(8),convert (time,getdate())),getdate(),convert(char(8),convert (time,getdate())),'wsv','wsv')
20241016@181255.5642 i61marohjb2o01uvvovd7ur5l0 Query : select 1 valor from information_schema.tables where table_type='base table' and table_name='wstablefields'
20241016@181255.5681 i61marohjb2o01uvvovd7ur5l0 Query : select fieldkey,fieldname,fieldtype,calcformula from wstablefields where tablename = 'fi' and documentnumber = 39
20241016@181255.5745 i61marohjb2o01uvvovd7ur5l0 Query : insert into wsfidata (fistamp,ousrdata, ousrhora, usrdata,usrhora,ousrinis,usrinis ,qtt ,ftstamp ,epv,pvmoeda ,tabiva,iva,lordem ,ref, design ,lote,armazem,bistamp ) values ('aut670ff49131670ff41788',getdate(),convert(char(8),convert (time,getdate())),getdate(),convert(char(8),convert (time,getdate())),'wsv','wsv',4.000 ,'aut670ff53201670ff41754' ,0,0 ,2,23.00,10000,?,?,?,?,?)
20241016@181255.6083 i61marohjb2o01uvvovd7ur5l0 Query : select 1 valor from information_schema.tables where table_type='base table' and table_name='wstablefields'
20241016@181255.6121 i61marohjb2o01uvvovd7ur5l0 Query : select fieldkey,fieldname,fieldtype,mandatory from wstablefields where tablename = 'fi' and documentnumber = 39
20241016@181255.6149 i61marohjb2o01uvvovd7ur5l0 Query : select 1 valor from information_schema.tables where table_type='base table' and table_name='wstablefields'
20241016@181255.6171 i61marohjb2o01uvvovd7ur5l0 Query : select fieldkey,fieldname,fieldtype,mandatory from wstablefields where tablename = 'fi2' and documentnumber = 39
20241016@181255.6180 i61marohjb2o01uvvovd7ur5l0 Query : select top 1 convert(numeric(6,2),t.taxa) valor from taxasiva t where t.codigo='2'
20241016@181255.6194 i61marohjb2o01uvvovd7ur5l0 Query : select 1 valor from information_schema.tables where table_type='base table' and table_name='wstablefields'
20241016@181255.6237 i61marohjb2o01uvvovd7ur5l0 Query : select fieldkey,fieldname,fieldtype,calcformula from wstablefields where tablename = 'fi2' and documentnumber = 39
20241016@181255.6251 i61marohjb2o01uvvovd7ur5l0 Query : insert into wsfi2data (fi2stamp,ftstamp ,ousrdata, ousrhora, usrdata,usrhora,ousrinis,usrinis) values ('aut670ff74121670ff41797','aut670ff53201670ff41754' ,getdate(),convert(char(8),convert (time,getdate())),getdate(),convert(char(8),convert (time,getdate())),'wsv','wsv')
20241016@181255.6255 i61marohjb2o01uvvovd7ur5l0 Query : select 1 valor from information_schema.tables where table_type='base table' and table_name='wstablefields'
20241016@181255.6272 i61marohjb2o01uvvovd7ur5l0 Query : select fieldkey,fieldname,fieldtype,calcformula from wstablefields where tablename = 'fi' and documentnumber = 39
20241016@181255.6302 i61marohjb2o01uvvovd7ur5l0 Query : insert into wsfidata (fistamp,ousrdata, ousrhora, usrdata,usrhora,ousrinis,usrinis ,qtt ,ftstamp ,epv,pvmoeda ,tabiva,iva,lordem ,ref, design ,armazem) values ('aut670ff74121670ff41797',getdate(),convert(char(8),convert (time,getdate())),getdate(),convert(char(8),convert (time,getdate())),'wsv','wsv',0 ,'aut670ff53201670ff41754' ,0,0 ,2,23.00,20000,?,?,?)
20241016@181255.6655 i61marohjb2o01uvvovd7ur5l0 Query : use flama_phc
20241016@181255.6659 i61marohjb2o01uvvovd7ur5l0 Query : select st.usalote valor from st where st.ref = '324.2221.00.1'
20241016@181255.6681 i61marohjb2o01uvvovd7ur5l0 Query : select top 1 st.tabiva ,st.ivaincl ,st.stns ,st.uni2 ,st.familia ,isnull(tx.taxa, 0) txiva ,unidade ,usalote ,epcpond ,noserie ,conversao ,st.texteis from st left join taxasiva tx on st.tabiva = tx.codigo where st.ref = '324.2221.00.1'
20241016@181255.6695 i61marohjb2o01uvvovd7ur5l0 Query : select 1 valor from information_schema.tables where table_type='base table' and table_name='wstablefields'
20241016@181255.6713 i61marohjb2o01uvvovd7ur5l0 Query : select fieldkey,fieldname,fieldtype,mandatory from wstablefields where tablename = 'fi' and documentnumber = 39
20241016@181255.6770 i61marohjb2o01uvvovd7ur5l0 Query : select 1 valor from information_schema.tables where table_type='base table' and table_name='wstablefields'
20241016@181255.6793 i61marohjb2o01uvvovd7ur5l0 Query : select fieldkey,fieldname,fieldtype,mandatory from wstablefields where tablename = 'fi2' and documentnumber = 39
20241016@181255.6804 i61marohjb2o01uvvovd7ur5l0 Query : select top 1 convert(numeric(6,2),t.taxa) valor from taxasiva t where t.codigo='2'
20241016@181255.6823 i61marohjb2o01uvvovd7ur5l0 Query : select sestamp valor from se where ref ='324.2221.00.1' and lote = 'r2301280100a'
20241016@181255.6838 i61marohjb2o01uvvovd7ur5l0 Query : select 1 valor from information_schema.tables where table_type='base table' and table_name='wstablefields'
20241016@181255.6855 i61marohjb2o01uvvovd7ur5l0 Query : select fieldkey,fieldname,fieldtype,calcformula from wstablefields where tablename = 'fi2' and documentnumber = 39
20241016@181255.6871 i61marohjb2o01uvvovd7ur5l0 Query : insert into wsfi2data (fi2stamp,ftstamp ,ousrdata, ousrhora, usrdata,usrhora,ousrinis,usrinis) values ('aut670ff12513670ff417a6','aut670ff53201670ff41754' ,getdate(),convert(char(8),convert (time,getdate())),getdate(),convert(char(8),convert (time,getdate())),'wsv','wsv')
20241016@181255.6876 i61marohjb2o01uvvovd7ur5l0 Query : select 1 valor from information_schema.tables where table_type='base table' and table_name='wstablefields'
20241016@181255.6894 i61marohjb2o01uvvovd7ur5l0 Query : select fieldkey,fieldname,fieldtype,calcformula from wstablefields where tablename = 'fi' and documentnumber = 39
20241016@181255.6931 i61marohjb2o01uvvovd7ur5l0 Query : insert into wsfidata (fistamp,ousrdata, ousrhora, usrdata,usrhora,ousrinis,usrinis ,qtt ,ftstamp ,epv,pvmoeda ,tabiva,iva,lordem ,ref, design ,lote,armazem,bistamp ) values ('aut670ff12513670ff417a6',getdate(),convert(char(8),convert (time,getdate())),getdate(),convert(char(8),convert (time,getdate())),'wsv','wsv',12.000 ,'aut670ff53201670ff41754' ,0,0 ,2,23.00,40000,?,?,?,?,?)
20241016@181255.7211 i61marohjb2o01uvvovd7ur5l0 Query : use flama_phc
20241016@181255.7214 i61marohjb2o01uvvovd7ur5l0 Query : select st.usalote valor from st where st.ref = '324.2222.00.1'
20241016@181255.7299 i61marohjb2o01uvvovd7ur5l0 Query : select top 1 st.tabiva ,st.ivaincl ,st.stns ,st.uni2 ,st.familia ,isnull(tx.taxa, 0) txiva ,unidade ,usalote ,epcpond ,noserie ,conversao ,st.texteis from st left join taxasiva tx on st.tabiva = tx.codigo where st.ref = '324.2222.00.1'
20241016@181255.7430 i61marohjb2o01uvvovd7ur5l0 Query : select 1 valor from information_schema.tables where table_type='base table' and table_name='wstablefields'
20241016@181255.7446 i61marohjb2o01uvvovd7ur5l0 Query : select fieldkey,fieldname,fieldtype,mandatory from wstablefields where tablename = 'fi' and documentnumber = 39
20241016@181255.7527 i61marohjb2o01uvvovd7ur5l0 Query : select 1 valor from information_schema.tables where table_type='base table' and table_name='wstablefields'
20241016@181255.7583 i61marohjb2o01uvvovd7ur5l0 Query : select fieldkey,fieldname,fieldtype,mandatory from wstablefields where tablename = 'fi2' and documentnumber = 39
20241016@181255.7594 i61marohjb2o01uvvovd7ur5l0 Query : select top 1 convert(numeric(6,2),t.taxa) valor from taxasiva t where t.codigo='2'
20241016@181255.7621 i61marohjb2o01uvvovd7ur5l0 Query : select sestamp valor from se where ref ='324.2222.00.1' and lote = 'r2301280100a'
20241016@181255.7636 i61marohjb2o01uvvovd7ur5l0 Query : select 1 valor from information_schema.tables where table_type='base table' and table_name='wstablefields'
20241016@181255.7652 i61marohjb2o01uvvovd7ur5l0 Query : select fieldkey,fieldname,fieldtype,calcformula from wstablefields where tablename = 'fi2' and documentnumber = 39
20241016@181255.7665 i61marohjb2o01uvvovd7ur5l0 Query : insert into wsfi2data (fi2stamp,ftstamp ,ousrdata, ousrhora, usrdata,usrhora,ousrinis,usrinis) values ('aut670ff04834670ff417ba','aut670ff53201670ff41754' ,getdate(),convert(char(8),convert (time,getdate())),getdate(),convert(char(8),convert (time,getdate())),'wsv','wsv')
20241016@181255.7669 i61marohjb2o01uvvovd7ur5l0 Query : select 1 valor from information_schema.tables where table_type='base table' and table_name='wstablefields'
20241016@181255.7683 i61marohjb2o01uvvovd7ur5l0 Query : select fieldkey,fieldname,fieldtype,calcformula from wstablefields where tablename = 'fi' and documentnumber = 39
20241016@181255.7712 i61marohjb2o01uvvovd7ur5l0 Query : insert into wsfidata (fistamp,ousrdata, ousrhora, usrdata,usrhora,ousrinis,usrinis ,qtt ,ftstamp ,epv,pvmoeda ,tabiva,iva,lordem ,ref, design ,lote,armazem,bistamp ) values ('aut670ff04834670ff417ba',getdate(),convert(char(8),convert (time,getdate())),getdate(),convert(char(8),convert (time,getdate())),'wsv','wsv',12.000 ,'aut670ff53201670ff41754' ,0,0 ,2,23.00,50000,?,?,?,?,?)
20241016@181255.7927 i61marohjb2o01uvvovd7ur5l0 Query : use flama_phc
20241016@181255.7930 i61marohjb2o01uvvovd7ur5l0 Query : select st.usalote valor from st where st.ref = '324.2223.00.1'
20241016@181255.7953 i61marohjb2o01uvvovd7ur5l0 Query : select top 1 st.tabiva ,st.ivaincl ,st.stns ,st.uni2 ,st.familia ,isnull(tx.taxa, 0) txiva ,unidade ,usalote ,epcpond ,noserie ,conversao ,st.texteis from st left join taxasiva tx on st.tabiva = tx.codigo where st.ref = '324.2223.00.1'
20241016@181255.8072 i61marohjb2o01uvvovd7ur5l0 Query : select 1 valor from information_schema.tables where table_type='base table' and table_name='wstablefields'
20241016@181255.8089 i61marohjb2o01uvvovd7ur5l0 Query : select fieldkey,fieldname,fieldtype,mandatory from wstablefields where tablename = 'fi' and documentnumber = 39
20241016@181255.8118 i61marohjb2o01uvvovd7ur5l0 Query : select 1 valor from information_schema.tables where table_type='base table' and table_name='wstablefields'
20241016@181255.8132 i61marohjb2o01uvvovd7ur5l0 Query : select fieldkey,fieldname,fieldtype,mandatory from wstablefields where tablename = 'fi2' and documentnumber = 39
20241016@181255.8143 i61marohjb2o01uvvovd7ur5l0 Query : select top 1 convert(numeric(6,2),t.taxa) valor from taxasiva t where t.codigo='2'
20241016@181255.8155 i61marohjb2o01uvvovd7ur5l0 Query : select sestamp valor from se where ref ='324.2223.00.1' and lote = 'r2301281500a'
20241016@181255.8169 i61marohjb2o01uvvovd7ur5l0 Query : select 1 valor from information_schema.tables where table_type='base table' and table_name='wstablefields'
20241016@181255.8183 i61marohjb2o01uvvovd7ur5l0 Query : select fieldkey,fieldname,fieldtype,calcformula from wstablefields where tablename = 'fi2' and documentnumber = 39
20241016@181255.8195 i61marohjb2o01uvvovd7ur5l0 Query : insert into wsfi2data (fi2stamp,ftstamp ,ousrdata, ousrhora, usrdata,usrhora,ousrinis,usrinis) values ('aut670ff08400670ff417c7','aut670ff53201670ff41754' ,getdate(),convert(char(8),convert (time,getdate())),getdate(),convert(char(8),convert (time,getdate())),'wsv','wsv')
20241016@181255.8199 i61marohjb2o01uvvovd7ur5l0 Query : select 1 valor from information_schema.tables where table_type='base table' and table_name='wstablefields'
20241016@181255.8213 i61marohjb2o01uvvovd7ur5l0 Query : select fieldkey,fieldname,fieldtype,calcformula from wstablefields where tablename = 'fi' and documentnumber = 39
20241016@181255.8241 i61marohjb2o01uvvovd7ur5l0 Query : insert into wsfidata (fistamp,ousrdata, ousrhora, usrdata,usrhora,ousrinis,usrinis ,qtt ,ftstamp ,epv,pvmoeda ,tabiva,iva,lordem ,ref, design ,lote,armazem,bistamp ) values ('aut670ff08400670ff417c7',getdate(),convert(char(8),convert (time,getdate())),getdate(),convert(char(8),convert (time,getdate())),'wsv','wsv',4.000 ,'aut670ff53201670ff41754' ,0,0 ,2,23.00,60000,?,?,?,?,?)
20241016@181255.8466 i61marohjb2o01uvvovd7ur5l0 Query : use flama_phc
20241016@181255.8469 i61marohjb2o01uvvovd7ur5l0 Query : select st.usalote valor from st where st.ref = '324.2224.00.1'
20241016@181255.8489 i61marohjb2o01uvvovd7ur5l0 Query : select top 1 st.tabiva ,st.ivaincl ,st.stns ,st.uni2 ,st.familia ,isnull(tx.taxa, 0) txiva ,unidade ,usalote ,epcpond ,noserie ,conversao ,st.texteis from st left join taxasiva tx on st.tabiva = tx.codigo where st.ref = '324.2224.00.1'
20241016@181255.8602 i61marohjb2o01uvvovd7ur5l0 Query : select 1 valor from information_schema.tables where table_type='base table' and table_name='wstablefields'
20241016@181255.8618 i61marohjb2o01uvvovd7ur5l0 Query : select fieldkey,fieldname,fieldtype,mandatory from wstablefields where tablename = 'fi' and documentnumber = 39
20241016@181255.8643 i61marohjb2o01uvvovd7ur5l0 Query : select 1 valor from information_schema.tables where table_type='base table' and table_name='wstablefields'
20241016@181255.8657 i61marohjb2o01uvvovd7ur5l0 Query : select fieldkey,fieldname,fieldtype,mandatory from wstablefields where tablename = 'fi2' and documentnumber = 39
20241016@181255.8666 i61marohjb2o01uvvovd7ur5l0 Query : select top 1 convert(numeric(6,2),t.taxa) valor from taxasiva t where t.codigo='2'
20241016@181255.8677 i61marohjb2o01uvvovd7ur5l0 Query : select sestamp valor from se where ref ='324.2224.00.1' and lote = 'r2301280100a'
20241016@181255.8690 i61marohjb2o01uvvovd7ur5l0 Query : select 1 valor from information_schema.tables where table_type='base table' and table_name='wstablefields'
20241016@181255.8704 i61marohjb2o01uvvovd7ur5l0 Query : select fieldkey,fieldname,fieldtype,calcformula from wstablefields where tablename = 'fi2' and documentnumber = 39
20241016@181255.8716 i61marohjb2o01uvvovd7ur5l0 Query : insert into wsfi2data (fi2stamp,ftstamp ,ousrdata, ousrhora, usrdata,usrhora,ousrinis,usrinis) values ('aut670ff27924670ff417d4','aut670ff53201670ff41754' ,getdate(),convert(char(8),convert (time,getdate())),getdate(),convert(char(8),convert (time,getdate())),'wsv','wsv')
20241016@181255.8720 i61marohjb2o01uvvovd7ur5l0 Query : select 1 valor from information_schema.tables where table_type='base table' and table_name='wstablefields'
20241016@181255.8734 i61marohjb2o01uvvovd7ur5l0 Query : select fieldkey,fieldname,fieldtype,calcformula from wstablefields where tablename = 'fi' and documentnumber = 39
20241016@181255.8762 i61marohjb2o01uvvovd7ur5l0 Query : insert into wsfidata (fistamp,ousrdata, ousrhora, usrdata,usrhora,ousrinis,usrinis ,qtt ,ftstamp ,epv,pvmoeda ,tabiva,iva,lordem ,ref, design ,lote,armazem,bistamp ) values ('aut670ff27924670ff417d4',getdate(),convert(char(8),convert (time,getdate())),getdate(),convert(char(8),convert (time,getdate())),'wsv','wsv',12.000 ,'aut670ff53201670ff41754' ,0,0 ,2,23.00,70000,?,?,?,?,?)
20241016@181255.8979 i61marohjb2o01uvvovd7ur5l0 Query : use flama_phc
20241016@181255.8982 i61marohjb2o01uvvovd7ur5l0 Query : select st.usalote valor from st where st.ref = '324.2907.00.1'
20241016@181255.9001 i61marohjb2o01uvvovd7ur5l0 Query : select top 1 st.tabiva ,st.ivaincl ,st.stns ,st.uni2 ,st.familia ,isnull(tx.taxa, 0) txiva ,unidade ,usalote ,epcpond ,noserie ,conversao ,st.texteis from st left join taxasiva tx on st.tabiva = tx.codigo where st.ref = '324.2907.00.1'
20241016@181255.9015 i61marohjb2o01uvvovd7ur5l0 Query : select 1 valor from information_schema.tables where table_type='base table' and table_name='wstablefields'
20241016@181255.9030 i61marohjb2o01uvvovd7ur5l0 Query : select fieldkey,fieldname,fieldtype,mandatory from wstablefields where tablename = 'fi' and documentnumber = 39
20241016@181255.9056 i61marohjb2o01uvvovd7ur5l0 Query : select 1 valor from information_schema.tables where table_type='base table' and table_name='wstablefields'
20241016@181255.9070 i61marohjb2o01uvvovd7ur5l0 Query : select fieldkey,fieldname,fieldtype,mandatory from wstablefields where tablename = 'fi2' and documentnumber = 39
20241016@181255.9080 i61marohjb2o01uvvovd7ur5l0 Query : select top 1 convert(numeric(6,2),t.taxa) valor from taxasiva t where t.codigo='2'
20241016@181255.9093 i61marohjb2o01uvvovd7ur5l0 Query : select sestamp valor from se where ref ='324.2907.00.1' and lote = 'r2400091200a'
20241016@181255.9114 i61marohjb2o01uvvovd7ur5l0 Query : select 1 valor from information_schema.tables where table_type='base table' and table_name='wstablefields'
20241016@181255.9129 i61marohjb2o01uvvovd7ur5l0 Query : select fieldkey,fieldname,fieldtype,calcformula from wstablefields where tablename = 'fi2' and documentnumber = 39
20241016@181255.9140 i61marohjb2o01uvvovd7ur5l0 Query : insert into wsfi2data (fi2stamp,ftstamp ,ousrdata, ousrhora, usrdata,usrhora,ousrinis,usrinis) values ('aut670ff36359670ff417de','aut670ff53201670ff41754' ,getdate(),convert(char(8),convert (time,getdate())),getdate(),convert(char(8),convert (time,getdate())),'wsv','wsv')
20241016@181255.9145 i61marohjb2o01uvvovd7ur5l0 Query : select 1 valor from information_schema.tables where table_type='base table' and table_name='wstablefields'
20241016@181255.9163 i61marohjb2o01uvvovd7ur5l0 Query : select fieldkey,fieldname,fieldtype,calcformula from wstablefields where tablename = 'fi' and documentnumber = 39
20241016@181255.9192 i61marohjb2o01uvvovd7ur5l0 Query : insert into wsfidata (fistamp,ousrdata, ousrhora, usrdata,usrhora,ousrinis,usrinis ,qtt ,ftstamp ,epv,pvmoeda ,tabiva,iva,lordem ,ref, design ,lote,armazem,bistamp ) values ('aut670ff36359670ff417de',getdate(),convert(char(8),convert (time,getdate())),getdate(),convert(char(8),convert (time,getdate())),'wsv','wsv',8.000 ,'aut670ff53201670ff41754' ,0,0 ,2,23.00,80000,?,?,?,?,?)
20241016@181255.9406 i61marohjb2o01uvvovd7ur5l0 Query : use flama_phc
20241016@181255.9410 i61marohjb2o01uvvovd7ur5l0 Query : select st.usalote valor from st where st.ref = '324.2907.00.1'
20241016@181255.9429 i61marohjb2o01uvvovd7ur5l0 Query : select top 1 st.tabiva ,st.ivaincl ,st.stns ,st.uni2 ,st.familia ,isnull(tx.taxa, 0) txiva ,unidade ,usalote ,epcpond ,noserie ,conversao ,st.texteis from st left join taxasiva tx on st.tabiva = tx.codigo where st.ref = '324.2907.00.1'
20241016@181255.9442 i61marohjb2o01uvvovd7ur5l0 Query : select 1 valor from information_schema.tables where table_type='base table' and table_name='wstablefields'
20241016@181255.9459 i61marohjb2o01uvvovd7ur5l0 Query : select fieldkey,fieldname,fieldtype,mandatory from wstablefields where tablename = 'fi' and documentnumber = 39
20241016@181255.9485 i61marohjb2o01uvvovd7ur5l0 Query : select 1 valor from information_schema.tables where table_type='base table' and table_name='wstablefields'
20241016@181255.9500 i61marohjb2o01uvvovd7ur5l0 Query : select fieldkey,fieldname,fieldtype,mandatory from wstablefields where tablename = 'fi2' and documentnumber = 39
20241016@181255.9509 i61marohjb2o01uvvovd7ur5l0 Query : select top 1 convert(numeric(6,2),t.taxa) valor from taxasiva t where t.codigo='2'
20241016@181255.9521 i61marohjb2o01uvvovd7ur5l0 Query : select sestamp valor from se where ref ='324.2907.00.1' and lote = 'r2400091200a'
20241016@181255.9534 i61marohjb2o01uvvovd7ur5l0 Query : select 1 valor from information_schema.tables where table_type='base table' and table_name='wstablefields'
20241016@181255.9549 i61marohjb2o01uvvovd7ur5l0 Query : select fieldkey,fieldname,fieldtype,calcformula from wstablefields where tablename = 'fi2' and documentnumber = 39
20241016@181255.9560 i61marohjb2o01uvvovd7ur5l0 Query : insert into wsfi2data (fi2stamp,ftstamp ,ousrdata, ousrhora, usrdata,usrhora,ousrinis,usrinis) values ('aut670ff45956670ff417e8','aut670ff53201670ff41754' ,getdate(),convert(char(8),convert (time,getdate())),getdate(),convert(char(8),convert (time,getdate())),'wsv','wsv')
20241016@181255.9564 i61marohjb2o01uvvovd7ur5l0 Query : select 1 valor from information_schema.tables where table_type='base table' and table_name='wstablefields'
20241016@181255.9579 i61marohjb2o01uvvovd7ur5l0 Query : select fieldkey,fieldname,fieldtype,calcformula from wstablefields where tablename = 'fi' and documentnumber = 39
20241016@181255.9608 i61marohjb2o01uvvovd7ur5l0 Query : insert into wsfidata (fistamp,ousrdata, ousrhora, usrdata,usrhora,ousrinis,usrinis ,qtt ,ftstamp ,epv,pvmoeda ,tabiva,iva,lordem ,ref, design ,lote,armazem,bistamp ) values ('aut670ff45956670ff417e8',getdate(),convert(char(8),convert (time,getdate())),getdate(),convert(char(8),convert (time,getdate())),'wsv','wsv',4.000 ,'aut670ff53201670ff41754' ,0,0 ,2,23.00,90000,?,?,?,?,?)
20241016@181255.9824 i61marohjb2o01uvvovd7ur5l0 Query : use flama_phc
20241016@181255.9828 i61marohjb2o01uvvovd7ur5l0 Query : select st.usalote valor from st where st.ref = '324.645.00.01'
20241016@181255.9849 i61marohjb2o01uvvovd7ur5l0 Query : select top 1 st.tabiva ,st.ivaincl ,st.stns ,st.uni2 ,st.familia ,isnull(tx.taxa, 0) txiva ,unidade ,usalote ,epcpond ,noserie ,conversao ,st.texteis from st left join taxasiva tx on st.tabiva = tx.codigo where st.ref = '324.645.00.01'
20241016@181255.9967 i61marohjb2o01uvvovd7ur5l0 Query : select 1 valor from information_schema.tables where table_type='base table' and table_name='wstablefields'
20241016@181255.9983 i61marohjb2o01uvvovd7ur5l0 Query : select fieldkey,fieldname,fieldtype,mandatory from wstablefields where tablename = 'fi' and documentnumber = 39
20241016@181256.8000 i61marohjb2o01uvvovd7ur5l0 Query : select 1 valor from information_schema.tables where table_type='base table' and table_name='wstablefields'
20241016@181256.2300 i61marohjb2o01uvvovd7ur5l0 Query : select fieldkey,fieldname,fieldtype,mandatory from wstablefields where tablename = 'fi2' and documentnumber = 39
20241016@181256.3100 i61marohjb2o01uvvovd7ur5l0 Query : select top 1 convert(numeric(6,2),t.taxa) valor from taxasiva t where t.codigo='2'
20241016@181256.4300 i61marohjb2o01uvvovd7ur5l0 Query : select sestamp valor from se where ref ='324.645.00.01' and lote = 'r2301260200a'
20241016@181256.6500 i61marohjb2o01uvvovd7ur5l0 Query : select 1 valor from information_schema.tables where table_type='base table' and table_name='wstablefields'
20241016@181256.8000 i61marohjb2o01uvvovd7ur5l0 Query : select fieldkey,fieldname,fieldtype,calcformula from wstablefields where tablename = 'fi2' and documentnumber = 39
20241016@181256.9200 i61marohjb2o01uvvovd7ur5l0 Query : insert into wsfi2data (fi2stamp,ftstamp ,ousrdata, ousrhora, usrdata,usrhora,ousrinis,usrinis) values ('aut670ff06029670ff41801','aut670ff53201670ff41754' ,getdate(),convert(char(8),convert (time,getdate())),getdate(),convert(char(8),convert (time,getdate())),'wsv','wsv')
20241016@181256.9600 i61marohjb2o01uvvovd7ur5l0 Query : select 1 valor from information_schema.tables where table_type='base table' and table_name='wstablefields'
20241016@181256.1110 i61marohjb2o01uvvovd7ur5l0 Query : select fieldkey,fieldname,fieldtype,calcformula from wstablefields where tablename = 'fi' and documentnumber = 39
20241016@181256.1390 i61marohjb2o01uvvovd7ur5l0 Query : insert into wsfidata (fistamp,ousrdata, ousrhora, usrdata,usrhora,ousrinis,usrinis ,qtt ,ftstamp ,epv,pvmoeda ,tabiva,iva,lordem ,ref, design ,lote,armazem,bistamp ) values ('aut670ff06029670ff41801',getdate(),convert(char(8),convert (time,getdate())),getdate(),convert(char(8),convert (time,getdate())),'wsv','wsv',9.000 ,'aut670ff53201670ff41754' ,0,0 ,2,23.00,100000,?,?,?,?,?)
20241016@181256.3710 i61marohjb2o01uvvovd7ur5l0 Query : select 1 valor from information_schema.tables where table_type='base table' and table_name='wstablefields'
20241016@181256.3890 i61marohjb2o01uvvovd7ur5l0 Query : select fieldkey,fieldname,fieldtype,mandatory from wstablefields where tablename = 'fi' and documentnumber = 39
20241016@181256.4300 i61marohjb2o01uvvovd7ur5l0 Query : select 1 valor from information_schema.tables where table_type='base table' and table_name='wstablefields'
20241016@181256.4450 i61marohjb2o01uvvovd7ur5l0 Query : select fieldkey,fieldname,fieldtype,mandatory from wstablefields where tablename = 'fi2' and documentnumber = 39
20241016@181256.4560 i61marohjb2o01uvvovd7ur5l0 Query : select top 1 convert(numeric(6,2),t.taxa) valor from taxasiva t where t.codigo='2'
20241016@181256.4690 i61marohjb2o01uvvovd7ur5l0 Query : select 1 valor from information_schema.tables where table_type='base table' and table_name='wstablefields'
20241016@181256.4830 i61marohjb2o01uvvovd7ur5l0 Query : select fieldkey,fieldname,fieldtype,calcformula from wstablefields where tablename = 'fi2' and documentnumber = 39
20241016@181256.4950 i61marohjb2o01uvvovd7ur5l0 Query : insert into wsfi2data (fi2stamp,ftstamp ,ousrdata, ousrhora, usrdata,usrhora,ousrinis,usrinis) values ('aut670ff82028670ff4180b','aut670ff53201670ff41754' ,getdate(),convert(char(8),convert (time,getdate())),getdate(),convert(char(8),convert (time,getdate())),'wsv','wsv')
20241016@181256.5000 i61marohjb2o01uvvovd7ur5l0 Query : select 1 valor from information_schema.tables where table_type='base table' and table_name='wstablefields'
20241016@181256.5140 i61marohjb2o01uvvovd7ur5l0 Query : select fieldkey,fieldname,fieldtype,calcformula from wstablefields where tablename = 'fi' and documentnumber = 39
20241016@181256.5470 i61marohjb2o01uvvovd7ur5l0 Query : insert into wsfidata (fistamp,ousrdata, ousrhora, usrdata,usrhora,ousrinis,usrinis ,qtt ,ftstamp ,epv,pvmoeda ,tabiva,iva,lordem ,ref, design ,armazem) values ('aut670ff82028670ff4180b',getdate(),convert(char(8),convert (time,getdate())),getdate(),convert(char(8),convert (time,getdate())),'wsv','wsv',0 ,'aut670ff53201670ff41754' ,0,0 ,2,23.00,110000,?,?,?)
20241016@181256.7860 i61marohjb2o01uvvovd7ur5l0 Query : use flama_phc
20241016@181256.7890 i61marohjb2o01uvvovd7ur5l0 Query : select st.usalote valor from st where st.ref = '324.645.00.01'
20241016@181256.8090 i61marohjb2o01uvvovd7ur5l0 Query : select top 1 st.tabiva ,st.ivaincl ,st.stns ,st.uni2 ,st.familia ,isnull(tx.taxa, 0) txiva ,unidade ,usalote ,epcpond ,noserie ,conversao ,st.texteis from st left join taxasiva tx on st.tabiva = tx.codigo where st.ref = '324.645.00.01'
20241016@181256.8250 i61marohjb2o01uvvovd7ur5l0 Query : select 1 valor from information_schema.tables where table_type='base table' and table_name='wstablefields'
20241016@181256.8420 i61marohjb2o01uvvovd7ur5l0 Query : select fieldkey,fieldname,fieldtype,mandatory from wstablefields where tablename = 'fi' and documentnumber = 39
20241016@181256.8740 i61marohjb2o01uvvovd7ur5l0 Query : select 1 valor from information_schema.tables where table_type='base table' and table_name='wstablefields'
20241016@181256.8890 i61marohjb2o01uvvovd7ur5l0 Query : select fieldkey,fieldname,fieldtype,mandatory from wstablefields where tablename = 'fi2' and documentnumber = 39
20241016@181256.8990 i61marohjb2o01uvvovd7ur5l0 Query : select top 1 convert(numeric(6,2),t.taxa) valor from taxasiva t where t.codigo='2'
20241016@181256.9110 i61marohjb2o01uvvovd7ur5l0 Query : select sestamp valor from se where ref ='324.645.00.01' and lote = 'r2301260200a'
20241016@181256.9250 i61marohjb2o01uvvovd7ur5l0 Query : select 1 valor from information_schema.tables where table_type='base table' and table_name='wstablefields'
20241016@181256.9410 i61marohjb2o01uvvovd7ur5l0 Query : select fieldkey,fieldname,fieldtype,calcformula from wstablefields where tablename = 'fi2' and documentnumber = 39
20241016@181256.9530 i61marohjb2o01uvvovd7ur5l0 Query : insert into wsfi2data (fi2stamp,ftstamp ,ousrdata, ousrhora, usrdata,usrhora,ousrinis,usrinis) values ('aut670ff57523670ff41816','aut670ff53201670ff41754' ,getdate(),convert(char(8),convert (time,getdate())),getdate(),convert(char(8),convert (time,getdate())),'wsv','wsv')
20241016@181256.9570 i61marohjb2o01uvvovd7ur5l0 Query : select 1 valor from information_schema.tables where table_type='base table' and table_name='wstablefields'
20241016@181256.9720 i61marohjb2o01uvvovd7ur5l0 Query : select fieldkey,fieldname,fieldtype,calcformula from wstablefields where tablename = 'fi' and documentnumber = 39
20241016@181256.1000 i61marohjb2o01uvvovd7ur5l0 Query : insert into wsfidata (fistamp,ousrdata, ousrhora, usrdata,usrhora,ousrinis,usrinis ,qtt ,ftstamp ,epv,pvmoeda ,tabiva,iva,lordem ,ref, design ,lote,armazem,bistamp ) values ('aut670ff57523670ff41816',getdate(),convert(char(8),convert (time,getdate())),getdate(),convert(char(8),convert (time,getdate())),'wsv','wsv',11.000 ,'aut670ff53201670ff41754' ,0,0 ,2,23.00,130000,?,?,?,?,?)
20241016@181256.1231 i61marohjb2o01uvvovd7ur5l0 Query : select 1 valor from information_schema.tables where table_type='base table' and table_name='wstablefields'
20241016@181256.1248 i61marohjb2o01uvvovd7ur5l0 Query : select fieldkey,fieldname,fieldtype,mandatory from wstablefields where tablename = 'fi' and documentnumber = 39
20241016@181256.1275 i61marohjb2o01uvvovd7ur5l0 Query : select 1 valor from information_schema.tables where table_type='base table' and table_name='wstablefields'
20241016@181256.1290 i61marohjb2o01uvvovd7ur5l0 Query : select fieldkey,fieldname,fieldtype,mandatory from wstablefields where tablename = 'fi2' and documentnumber = 39
20241016@181256.1298 i61marohjb2o01uvvovd7ur5l0 Query : select top 1 convert(numeric(6,2),t.taxa) valor from taxasiva t where t.codigo='2'
20241016@181256.1311 i61marohjb2o01uvvovd7ur5l0 Query : select 1 valor from information_schema.tables where table_type='base table' and table_name='wstablefields'
20241016@181256.1325 i61marohjb2o01uvvovd7ur5l0 Query : select fieldkey,fieldname,fieldtype,calcformula from wstablefields where tablename = 'fi2' and documentnumber = 39
20241016@181256.1336 i61marohjb2o01uvvovd7ur5l0 Query : insert into wsfi2data (fi2stamp,ftstamp ,ousrdata, ousrhora, usrdata,usrhora,ousrinis,usrinis) values ('aut670ff96105670ff41820','aut670ff53201670ff41754' ,getdate(),convert(char(8),convert (time,getdate())),getdate(),convert(char(8),convert (time,getdate())),'wsv','wsv')
20241016@181256.1341 i61marohjb2o01uvvovd7ur5l0 Query : select 1 valor from information_schema.tables where table_type='base table' and table_name='wstablefields'
20241016@181256.1356 i61marohjb2o01uvvovd7ur5l0 Query : select fieldkey,fieldname,fieldtype,calcformula from wstablefields where tablename = 'fi' and documentnumber = 39
20241016@181256.1384 i61marohjb2o01uvvovd7ur5l0 Query : insert into wsfidata (fistamp,ousrdata, ousrhora, usrdata,usrhora,ousrinis,usrinis ,qtt ,ftstamp ,epv,pvmoeda ,tabiva,iva,lordem ,ref, design ,armazem) values ('aut670ff96105670ff41820',getdate(),convert(char(8),convert (time,getdate())),getdate(),convert(char(8),convert (time,getdate())),'wsv','wsv',0 ,'aut670ff53201670ff41754' ,0,0 ,2,23.00,140000,?,?,?)
20241016@181256.2718 i61marohjb2o01uvvovd7ur5l0 Query : use flama_phc
20241016@181256.2723 i61marohjb2o01uvvovd7ur5l0 Query : select st.usalote valor from st where st.ref = '324.691.00.01'
20241016@181256.2744 i61marohjb2o01uvvovd7ur5l0 Query : select top 1 st.tabiva ,st.ivaincl ,st.stns ,st.uni2 ,st.familia ,isnull(tx.taxa, 0) txiva ,unidade ,usalote ,epcpond ,noserie ,conversao ,st.texteis from st left join taxasiva tx on st.tabiva = tx.codigo where st.ref = '324.691.00.01'
20241016@181256.2865 i61marohjb2o01uvvovd7ur5l0 Query : select 1 valor from information_schema.tables where table_type='base table' and table_name='wstablefields'
20241016@181256.2881 i61marohjb2o01uvvovd7ur5l0 Query : select fieldkey,fieldname,fieldtype,mandatory from wstablefields where tablename = 'fi' and documentnumber = 39
20241016@181256.2906 i61marohjb2o01uvvovd7ur5l0 Query : select 1 valor from information_schema.tables where table_type='base table' and table_name='wstablefields'
20241016@181256.2920 i61marohjb2o01uvvovd7ur5l0 Query : select fieldkey,fieldname,fieldtype,mandatory from wstablefields where tablename = 'fi2' and documentnumber = 39
20241016@181256.2928 i61marohjb2o01uvvovd7ur5l0 Query : select top 1 convert(numeric(6,2),t.taxa) valor from taxasiva t where t.codigo='2'
20241016@181256.2940 i61marohjb2o01uvvovd7ur5l0 Query : select sestamp valor from se where ref ='324.691.00.01' and lote = 'r2400209200a'
20241016@181256.2953 i61marohjb2o01uvvovd7ur5l0 Query : select 1 valor from information_schema.tables where table_type='base table' and table_name='wstablefields'
20241016@181256.2967 i61marohjb2o01uvvovd7ur5l0 Query : select fieldkey,fieldname,fieldtype,calcformula from wstablefields where tablename = 'fi2' and documentnumber = 39
20241016@181256.2978 i61marohjb2o01uvvovd7ur5l0 Query : insert into wsfi2data (fi2stamp,ftstamp ,ousrdata, ousrhora, usrdata,usrhora,ousrinis,usrinis) values ('aut670ff50017670ff41848','aut670ff53201670ff41754' ,getdate(),convert(char(8),convert (time,getdate())),getdate(),convert(char(8),convert (time,getdate())),'wsv','wsv')
20241016@181256.2982 i61marohjb2o01uvvovd7ur5l0 Query : select 1 valor from information_schema.tables where table_type='base table' and table_name='wstablefields'
20241016@181256.2996 i61marohjb2o01uvvovd7ur5l0 Query : select fieldkey,fieldname,fieldtype,calcformula from wstablefields where tablename = 'fi' and documentnumber = 39
20241016@181256.3023 i61marohjb2o01uvvovd7ur5l0 Query : insert into wsfidata (fistamp,ousrdata, ousrhora, usrdata,usrhora,ousrinis,usrinis ,qtt ,ftstamp ,epv,pvmoeda ,tabiva,iva,lordem ,ref, design ,lote,armazem,bistamp ) values ('aut670ff50017670ff41848',getdate(),convert(char(8),convert (time,getdate())),getdate(),convert(char(8),convert (time,getdate())),'wsv','wsv',4.000 ,'aut670ff53201670ff41754' ,0,0 ,2,23.00,160000,?,?,?,?,?)
20241016@181256.3244 i61marohjb2o01uvvovd7ur5l0 Query : select 1 valor from information_schema.tables where table_type='base table' and table_name='wstablefields'
20241016@181256.3260 i61marohjb2o01uvvovd7ur5l0 Query : select fieldkey,fieldname,fieldtype,mandatory from wstablefields where tablename = 'fi' and documentnumber = 39
20241016@181256.3285 i61marohjb2o01uvvovd7ur5l0 Query : select 1 valor from information_schema.tables where table_type='base table' and table_name='wstablefields'
20241016@181256.3299 i61marohjb2o01uvvovd7ur5l0 Query : select fieldkey,fieldname,fieldtype,mandatory from wstablefields where tablename = 'fi2' and documentnumber = 39
20241016@181256.3308 i61marohjb2o01uvvovd7ur5l0 Query : select top 1 convert(numeric(6,2),t.taxa) valor from taxasiva t where t.codigo='2'
20241016@181256.3320 i61marohjb2o01uvvovd7ur5l0 Query : select 1 valor from information_schema.tables where table_type='base table' and table_name='wstablefields'
20241016@181256.3334 i61marohjb2o01uvvovd7ur5l0 Query : select fieldkey,fieldname,fieldtype,calcformula from wstablefields where tablename = 'fi2' and documentnumber = 39
20241016@181256.3346 i61marohjb2o01uvvovd7ur5l0 Query : insert into wsfi2data (fi2stamp,ftstamp ,ousrdata, ousrhora, usrdata,usrhora,ousrinis,usrinis) values ('aut670ff66757670ff41851','aut670ff53201670ff41754' ,getdate(),convert(char(8),convert (time,getdate())),getdate(),convert(char(8),convert (time,getdate())),'wsv','wsv')
20241016@181256.3349 i61marohjb2o01uvvovd7ur5l0 Query : select 1 valor from information_schema.tables where table_type='base table' and table_name='wstablefields'
20241016@181256.3364 i61marohjb2o01uvvovd7ur5l0 Query : select fieldkey,fieldname,fieldtype,calcformula from wstablefields where tablename = 'fi' and documentnumber = 39
20241016@181256.3391 i61marohjb2o01uvvovd7ur5l0 Query : insert into wsfidata (fistamp,ousrdata, ousrhora, usrdata,usrhora,ousrinis,usrinis ,qtt ,ftstamp ,epv,pvmoeda ,tabiva,iva,lordem ,ref, design ,armazem) values ('aut670ff66757670ff41851',getdate(),convert(char(8),convert (time,getdate())),getdate(),convert(char(8),convert (time,getdate())),'wsv','wsv',0 ,'aut670ff53201670ff41754' ,0,0 ,2,23.00,170000,?,?,?)
20241016@181256.3599 i61marohjb2o01uvvovd7ur5l0 Query : use flama_phc
20241016@181256.3602 i61marohjb2o01uvvovd7ur5l0 Query : select st.usalote valor from st where st.ref = '324.4521.00.1'
20241016@181256.3620 i61marohjb2o01uvvovd7ur5l0 Query : select top 1 st.tabiva ,st.ivaincl ,st.stns ,st.uni2 ,st.familia ,isnull(tx.taxa, 0) txiva ,unidade ,usalote ,epcpond ,noserie ,conversao ,st.texteis from st left join taxasiva tx on st.tabiva = tx.codigo where st.ref = '324.4521.00.1'
20241016@181256.3634 i61marohjb2o01uvvovd7ur5l0 Query : select 1 valor from information_schema.tables where table_type='base table' and table_name='wstablefields'
20241016@181256.3649 i61marohjb2o01uvvovd7ur5l0 Query : select fieldkey,fieldname,fieldtype,mandatory from wstablefields where tablename = 'fi' and documentnumber = 39
20241016@181256.3675 i61marohjb2o01uvvovd7ur5l0 Query : select 1 valor from information_schema.tables where table_type='base table' and table_name='wstablefields'
20241016@181256.3729 i61marohjb2o01uvvovd7ur5l0 Query : select fieldkey,fieldname,fieldtype,mandatory from wstablefields where tablename = 'fi2' and documentnumber = 39
20241016@181256.3894 i61marohjb2o01uvvovd7ur5l0 Query : select top 1 convert(numeric(6,2),t.taxa) valor from taxasiva t where t.codigo='2'
20241016@181256.3908 i61marohjb2o01uvvovd7ur5l0 Query : select sestamp valor from se where ref ='324.4521.00.1' and lote = 'r2400052200a'
20241016@181256.3921 i61marohjb2o01uvvovd7ur5l0 Query : select 1 valor from information_schema.tables where table_type='base table' and table_name='wstablefields'
20241016@181256.3938 i61marohjb2o01uvvovd7ur5l0 Query : select fieldkey,fieldname,fieldtype,calcformula from wstablefields where tablename = 'fi2' and documentnumber = 39
20241016@181256.3949 i61marohjb2o01uvvovd7ur5l0 Query : insert into wsfi2data (fi2stamp,ftstamp ,ousrdata, ousrhora, usrdata,usrhora,ousrinis,usrinis) values ('aut670ff98361670ff4185f','aut670ff53201670ff41754' ,getdate(),convert(char(8),convert (time,getdate())),getdate(),convert(char(8),convert (time,getdate())),'wsv','wsv')
20241016@181256.3954 i61marohjb2o01uvvovd7ur5l0 Query : select 1 valor from information_schema.tables where table_type='base table' and table_name='wstablefields'
20241016@181256.3969 i61marohjb2o01uvvovd7ur5l0 Query : select fieldkey,fieldname,fieldtype,calcformula from wstablefields where tablename = 'fi' and documentnumber = 39
20241016@181256.3996 i61marohjb2o01uvvovd7ur5l0 Query : insert into wsfidata (fistamp,ousrdata, ousrhora, usrdata,usrhora,ousrinis,usrinis ,qtt ,ftstamp ,epv,pvmoeda ,tabiva,iva,lordem ,ref, design ,lote,armazem,bistamp ) values ('aut670ff98361670ff4185f',getdate(),convert(char(8),convert (time,getdate())),getdate(),convert(char(8),convert (time,getdate())),'wsv','wsv',4.000 ,'aut670ff53201670ff41754' ,0,0 ,2,23.00,190000,?,?,?,?,?)
20241016@181256.4220 i61marohjb2o01uvvovd7ur5l0 Query : use flama_phc
20241016@181256.4223 i61marohjb2o01uvvovd7ur5l0 Query : select st.usalote valor from st where st.ref = '324.4521.00.1'
20241016@181256.4241 i61marohjb2o01uvvovd7ur5l0 Query : select top 1 st.tabiva ,st.ivaincl ,st.stns ,st.uni2 ,st.familia ,isnull(tx.taxa, 0) txiva ,unidade ,usalote ,epcpond ,noserie ,conversao ,st.texteis from st left join taxasiva tx on st.tabiva = tx.codigo where st.ref = '324.4521.00.1'
20241016@181256.4255 i61marohjb2o01uvvovd7ur5l0 Query : select 1 valor from information_schema.tables where table_type='base table' and table_name='wstablefields'
20241016@181256.4270 i61marohjb2o01uvvovd7ur5l0 Query : select fieldkey,fieldname,fieldtype,mandatory from wstablefields where tablename = 'fi' and documentnumber = 39
20241016@181256.4295 i61marohjb2o01uvvovd7ur5l0 Query : select 1 valor from information_schema.tables where table_type='base table' and table_name='wstablefields'
20241016@181256.4309 i61marohjb2o01uvvovd7ur5l0 Query : select fieldkey,fieldname,fieldtype,mandatory from wstablefields where tablename = 'fi2' and documentnumber = 39
20241016@181256.4318 i61marohjb2o01uvvovd7ur5l0 Query : select top 1 convert(numeric(6,2),t.taxa) valor from taxasiva t where t.codigo='2'
20241016@181256.4329 i61marohjb2o01uvvovd7ur5l0 Query : select sestamp valor from se where ref ='324.4521.00.1' and lote = 'r2400052200a'
20241016@181256.4341 i61marohjb2o01uvvovd7ur5l0 Query : select 1 valor from information_schema.tables where table_type='base table' and table_name='wstablefields'
20241016@181256.4356 i61marohjb2o01uvvovd7ur5l0 Query : select fieldkey,fieldname,fieldtype,calcformula from wstablefields where tablename = 'fi2' and documentnumber = 39
20241016@181256.4367 i61marohjb2o01uvvovd7ur5l0 Query : insert into wsfi2data (fi2stamp,ftstamp ,ousrdata, ousrhora, usrdata,usrhora,ousrinis,usrinis) values ('aut670ff97418670ff4186a','aut670ff53201670ff41754' ,getdate(),convert(char(8),convert (time,getdate())),getdate(),convert(char(8),convert (time,getdate())),'wsv','wsv')
20241016@181256.4371 i61marohjb2o01uvvovd7ur5l0 Query : select 1 valor from information_schema.tables where table_type='base table' and table_name='wstablefields'
20241016@181256.4385 i61marohjb2o01uvvovd7ur5l0 Query : select fieldkey,fieldname,fieldtype,calcformula from wstablefields where tablename = 'fi' and documentnumber = 39
20241016@181256.4416 i61marohjb2o01uvvovd7ur5l0 Query : insert into wsfidata (fistamp,ousrdata, ousrhora, usrdata,usrhora,ousrinis,usrinis ,qtt ,ftstamp ,epv,pvmoeda ,tabiva,iva,lordem ,ref, design ,lote,armazem,bistamp ) values ('aut670ff97418670ff4186a',getdate(),convert(char(8),convert (time,getdate())),getdate(),convert(char(8),convert (time,getdate())),'wsv','wsv',12.000 ,'aut670ff53201670ff41754' ,0,0 ,2,23.00,200000,?,?,?,?,?)
20241016@181256.4837 i61marohjb2o01uvvovd7ur5l0 Query : use flama_phc
20241016@181256.4841 i61marohjb2o01uvvovd7ur5l0 Query : select st.usalote valor from st where st.ref = '324.727.00.01'
20241016@181256.4863 i61marohjb2o01uvvovd7ur5l0 Query : select top 1 st.tabiva ,st.ivaincl ,st.stns ,st.uni2 ,st.familia ,isnull(tx.taxa, 0) txiva ,unidade ,usalote ,epcpond ,noserie ,conversao ,st.texteis from st left join taxasiva tx on st.tabiva = tx.codigo where st.ref = '324.727.00.01'
20241016@181256.4989 i61marohjb2o01uvvovd7ur5l0 Query : select 1 valor from information_schema.tables where table_type='base table' and table_name='wstablefields'
20241016@181256.5006 i61marohjb2o01uvvovd7ur5l0 Query : select fieldkey,fieldname,fieldtype,mandatory from wstablefields where tablename = 'fi' and documentnumber = 39
20241016@181256.5032 i61marohjb2o01uvvovd7ur5l0 Query : select 1 valor from information_schema.tables where table_type='base table' and table_name='wstablefields'
20241016@181256.5046 i61marohjb2o01uvvovd7ur5l0 Query : select fieldkey,fieldname,fieldtype,mandatory from wstablefields where tablename = 'fi2' and documentnumber = 39
20241016@181256.5055 i61marohjb2o01uvvovd7ur5l0 Query : select top 1 convert(numeric(6,2),t.taxa) valor from taxasiva t where t.codigo='2'
20241016@181256.5068 i61marohjb2o01uvvovd7ur5l0 Query : select sestamp valor from se where ref ='324.727.00.01' and lote = 'r2400239200a'
20241016@181256.5083 i61marohjb2o01uvvovd7ur5l0 Query : select 1 valor from information_schema.tables where table_type='base table' and table_name='wstablefields'
20241016@181256.5099 i61marohjb2o01uvvovd7ur5l0 Query : select fieldkey,fieldname,fieldtype,calcformula from wstablefields where tablename = 'fi2' and documentnumber = 39
20241016@181256.5111 i61marohjb2o01uvvovd7ur5l0 Query : insert into wsfi2data (fi2stamp,ftstamp ,ousrdata, ousrhora, usrdata,usrhora,ousrinis,usrinis) values ('aut670ff64836670ff4187c','aut670ff53201670ff41754' ,getdate(),convert(char(8),convert (time,getdate())),getdate(),convert(char(8),convert (time,getdate())),'wsv','wsv')
20241016@181256.5116 i61marohjb2o01uvvovd7ur5l0 Query : select 1 valor from information_schema.tables where table_type='base table' and table_name='wstablefields'
20241016@181256.5130 i61marohjb2o01uvvovd7ur5l0 Query : select fieldkey,fieldname,fieldtype,calcformula from wstablefields where tablename = 'fi' and documentnumber = 39
20241016@181256.5562 i61marohjb2o01uvvovd7ur5l0 Query : insert into wsfidata (fistamp,ousrdata, ousrhora, usrdata,usrhora,ousrinis,usrinis ,qtt ,ftstamp ,epv,pvmoeda ,tabiva,iva,lordem ,ref, design ,lote,armazem,bistamp ) values ('aut670ff64836670ff4187c',getdate(),convert(char(8),convert (time,getdate())),getdate(),convert(char(8),convert (time,getdate())),'wsv','wsv',16.000 ,'aut670ff53201670ff41754' ,0,0 ,2,23.00,210000,?,?,?,?,?)
20241016@181256.5894 i61marohjb2o01uvvovd7ur5l0 Query : select 1 valor from information_schema.tables where table_type='base table' and table_name='wstablefields'
20241016@181256.5912 i61marohjb2o01uvvovd7ur5l0 Query : select fieldkey,fieldname,fieldtype,mandatory from wstablefields where tablename = 'fi' and documentnumber = 39
20241016@181256.5970 i61marohjb2o01uvvovd7ur5l0 Query : select 1 valor from information_schema.tables where table_type='base table' and table_name='wstablefields'
20241016@181256.5989 i61marohjb2o01uvvovd7ur5l0 Query : select fieldkey,fieldname,fieldtype,mandatory from wstablefields where tablename = 'fi2' and documentnumber = 39
20241016@181256.5997 i61marohjb2o01uvvovd7ur5l0 Query : select top 1 convert(numeric(6,2),t.taxa) valor from taxasiva t where t.codigo='2'
20241016@181256.6024 i61marohjb2o01uvvovd7ur5l0 Query : select 1 valor from information_schema.tables where table_type='base table' and table_name='wstablefields'
20241016@181256.6039 i61marohjb2o01uvvovd7ur5l0 Query : select fieldkey,fieldname,fieldtype,calcformula from wstablefields where tablename = 'fi2' and documentnumber = 39
20241016@181256.6051 i61marohjb2o01uvvovd7ur5l0 Query : insert into wsfi2data (fi2stamp,ftstamp ,ousrdata, ousrhora, usrdata,usrhora,ousrinis,usrinis) values ('aut670ff06872670ff41893','aut670ff53201670ff41754' ,getdate(),convert(char(8),convert (time,getdate())),getdate(),convert(char(8),convert (time,getdate())),'wsv','wsv')
20241016@181256.6056 i61marohjb2o01uvvovd7ur5l0 Query : select 1 valor from information_schema.tables where table_type='base table' and table_name='wstablefields'
20241016@181256.6072 i61marohjb2o01uvvovd7ur5l0 Query : select fieldkey,fieldname,fieldtype,calcformula from wstablefields where tablename = 'fi' and documentnumber = 39
20241016@181256.6098 i61marohjb2o01uvvovd7ur5l0 Query : insert into wsfidata (fistamp,ousrdata, ousrhora, usrdata,usrhora,ousrinis,usrinis ,qtt ,ftstamp ,epv,pvmoeda ,tabiva,iva,lordem ,ref, design ,armazem) values ('aut670ff06872670ff41893',getdate(),convert(char(8),convert (time,getdate())),getdate(),convert(char(8),convert (time,getdate())),'wsv','wsv',0 ,'aut670ff53201670ff41754' ,0,0 ,2,23.00,220000,?,?,?)
20241016@181256.6339 i61marohjb2o01uvvovd7ur5l0 Query : use flama_phc
20241016@181256.6342 i61marohjb2o01uvvovd7ur5l0 Query : select st.usalote valor from st where st.ref = '324.736.00.01'
20241016@181256.6398 i61marohjb2o01uvvovd7ur5l0 Query : select top 1 st.tabiva ,st.ivaincl ,st.stns ,st.uni2 ,st.familia ,isnull(tx.taxa, 0) txiva ,unidade ,usalote ,epcpond ,noserie ,conversao ,st.texteis from st left join taxasiva tx on st.tabiva = tx.codigo where st.ref = '324.736.00.01'
20241016@181256.6530 i61marohjb2o01uvvovd7ur5l0 Query : select 1 valor from information_schema.tables where table_type='base table' and table_name='wstablefields'
20241016@181256.6545 i61marohjb2o01uvvovd7ur5l0 Query : select fieldkey,fieldname,fieldtype,mandatory from wstablefields where tablename = 'fi' and documentnumber = 39
20241016@181256.6589 i61marohjb2o01uvvovd7ur5l0 Query : select 1 valor from information_schema.tables where table_type='base table' and table_name='wstablefields'
20241016@181256.6605 i61marohjb2o01uvvovd7ur5l0 Query : select fieldkey,fieldname,fieldtype,mandatory from wstablefields where tablename = 'fi2' and documentnumber = 39
20241016@181256.6613 i61marohjb2o01uvvovd7ur5l0 Query : select top 1 convert(numeric(6,2),t.taxa) valor from taxasiva t where t.codigo='2'
20241016@181256.6659 i61marohjb2o01uvvovd7ur5l0 Query : select sestamp valor from se where ref ='324.736.00.01' and lote = 'r2400239300a'
20241016@181256.6675 i61marohjb2o01uvvovd7ur5l0 Query : select 1 valor from information_schema.tables where table_type='base table' and table_name='wstablefields'
20241016@181256.6730 i61marohjb2o01uvvovd7ur5l0 Query : select fieldkey,fieldname,fieldtype,calcformula from wstablefields where tablename = 'fi2' and documentnumber = 39
20241016@181256.6742 i61marohjb2o01uvvovd7ur5l0 Query : insert into wsfi2data (fi2stamp,ftstamp ,ousrdata, ousrhora, usrdata,usrhora,ousrinis,usrinis) values ('aut670ff63529670ff418a2','aut670ff53201670ff41754' ,getdate(),convert(char(8),convert (time,getdate())),getdate(),convert(char(8),convert (time,getdate())),'wsv','wsv')
20241016@181256.6747 i61marohjb2o01uvvovd7ur5l0 Query : select 1 valor from information_schema.tables where table_type='base table' and table_name='wstablefields'
20241016@181256.6784 i61marohjb2o01uvvovd7ur5l0 Query : select fieldkey,fieldname,fieldtype,calcformula from wstablefields where tablename = 'fi' and documentnumber = 39
20241016@181256.6813 i61marohjb2o01uvvovd7ur5l0 Query : insert into wsfidata (fistamp,ousrdata, ousrhora, usrdata,usrhora,ousrinis,usrinis ,qtt ,ftstamp ,epv,pvmoeda ,tabiva,iva,lordem ,ref, design ,lote,armazem,bistamp ) values ('aut670ff63529670ff418a2',getdate(),convert(char(8),convert (time,getdate())),getdate(),convert(char(8),convert (time,getdate())),'wsv','wsv',8.000 ,'aut670ff53201670ff41754' ,0,0 ,2,23.00,240000,?,?,?,?,?)
20241016@181256.7059 i61marohjb2o01uvvovd7ur5l0 Query : use flama_phc
20241016@181256.7063 i61marohjb2o01uvvovd7ur5l0 Query : select st.usalote valor from st where st.ref = '324.1578.00.1'
20241016@181256.7090 i61marohjb2o01uvvovd7ur5l0 Query : select top 1 st.tabiva ,st.ivaincl ,st.stns ,st.uni2 ,st.familia ,isnull(tx.taxa, 0) txiva ,unidade ,usalote ,epcpond ,noserie ,conversao ,st.texteis from st left join taxasiva tx on st.tabiva = tx.codigo where st.ref = '324.1578.00.1'
20241016@181256.7218 i61marohjb2o01uvvovd7ur5l0 Query : select 1 valor from information_schema.tables where table_type='base table' and table_name='wstablefields'
20241016@181256.7234 i61marohjb2o01uvvovd7ur5l0 Query : select fieldkey,fieldname,fieldtype,mandatory from wstablefields where tablename = 'fi' and documentnumber = 39
20241016@181256.7259 i61marohjb2o01uvvovd7ur5l0 Query : select 1 valor from information_schema.tables where table_type='base table' and table_name='wstablefields'
20241016@181256.7274 i61marohjb2o01uvvovd7ur5l0 Query : select fieldkey,fieldname,fieldtype,mandatory from wstablefields where tablename = 'fi2' and documentnumber = 39
20241016@181256.7283 i61marohjb2o01uvvovd7ur5l0 Query : select top 1 convert(numeric(6,2),t.taxa) valor from taxasiva t where t.codigo='2'
20241016@181256.7295 i61marohjb2o01uvvovd7ur5l0 Query : select sestamp valor from se where ref ='324.1578.00.1' and lote = 'r2101115200a'
20241016@181256.7309 i61marohjb2o01uvvovd7ur5l0 Query : select 1 valor from information_schema.tables where table_type='base table' and table_name='wstablefields'
20241016@181256.7324 i61marohjb2o01uvvovd7ur5l0 Query : select fieldkey,fieldname,fieldtype,calcformula from wstablefields where tablename = 'fi2' and documentnumber = 39
20241016@181256.7336 i61marohjb2o01uvvovd7ur5l0 Query : insert into wsfi2data (fi2stamp,ftstamp ,ousrdata, ousrhora, usrdata,usrhora,ousrinis,usrinis) values ('aut670ff19698670ff418b2','aut670ff53201670ff41754' ,getdate(),convert(char(8),convert (time,getdate())),getdate(),convert(char(8),convert (time,getdate())),'wsv','wsv')
20241016@181256.7340 i61marohjb2o01uvvovd7ur5l0 Query : select 1 valor from information_schema.tables where table_type='base table' and table_name='wstablefields'
20241016@181256.7354 i61marohjb2o01uvvovd7ur5l0 Query : select fieldkey,fieldname,fieldtype,calcformula from wstablefields where tablename = 'fi' and documentnumber = 39
20241016@181256.7383 i61marohjb2o01uvvovd7ur5l0 Query : insert into wsfidata (fistamp,ousrdata, ousrhora, usrdata,usrhora,ousrinis,usrinis ,qtt ,ftstamp ,epv,pvmoeda ,tabiva,iva,lordem ,ref, design ,lote,armazem,bistamp ) values ('aut670ff19698670ff418b2',getdate(),convert(char(8),convert (time,getdate())),getdate(),convert(char(8),convert (time,getdate())),'wsv','wsv',4.000 ,'aut670ff53201670ff41754' ,0,0 ,2,23.00,250000,?,?,?,?,?)
20241016@181256.7628 i61marohjb2o01uvvovd7ur5l0 Query : use flama_phc
20241016@181256.7632 i61marohjb2o01uvvovd7ur5l0 Query : select st.usalote valor from st where st.ref = '324.5342.00.1'
20241016@181256.7652 i61marohjb2o01uvvovd7ur5l0 Query : select top 1 st.tabiva ,st.ivaincl ,st.stns ,st.uni2 ,st.familia ,isnull(tx.taxa, 0) txiva ,unidade ,usalote ,epcpond ,noserie ,conversao ,st.texteis from st left join taxasiva tx on st.tabiva = tx.codigo where st.ref = '324.5342.00.1'
20241016@181256.7786 i61marohjb2o01uvvovd7ur5l0 Query : select 1 valor from information_schema.tables where table_type='base table' and table_name='wstablefields'
20241016@181256.7807 i61marohjb2o01uvvovd7ur5l0 Query : select fieldkey,fieldname,fieldtype,mandatory from wstablefields where tablename = 'fi' and documentnumber = 39
20241016@181256.7868 i61marohjb2o01uvvovd7ur5l0 Query : select 1 valor from information_schema.tables where table_type='base table' and table_name='wstablefields'
20241016@181256.7967 i61marohjb2o01uvvovd7ur5l0 Query : select fieldkey,fieldname,fieldtype,mandatory from wstablefields where tablename = 'fi2' and documentnumber = 39
20241016@181256.7977 i61marohjb2o01uvvovd7ur5l0 Query : select top 1 convert(numeric(6,2),t.taxa) valor from taxasiva t where t.codigo='2'
20241016@181256.7990 i61marohjb2o01uvvovd7ur5l0 Query : select sestamp valor from se where ref ='324.5342.00.1' and lote = 'r2301282200a'
20241016@181256.8024 i61marohjb2o01uvvovd7ur5l0 Query : select 1 valor from information_schema.tables where table_type='base table' and table_name='wstablefields'
20241016@181256.8042 i61marohjb2o01uvvovd7ur5l0 Query : select fieldkey,fieldname,fieldtype,calcformula from wstablefields where tablename = 'fi2' and documentnumber = 39
20241016@181256.8053 i61marohjb2o01uvvovd7ur5l0 Query : insert into wsfi2data (fi2stamp,ftstamp ,ousrdata, ousrhora, usrdata,usrhora,ousrinis,usrinis) values ('aut670ff31375670ff418c3','aut670ff53201670ff41754' ,getdate(),convert(char(8),convert (time,getdate())),getdate(),convert(char(8),convert (time,getdate())),'wsv','wsv')
20241016@181256.8058 i61marohjb2o01uvvovd7ur5l0 Query : select 1 valor from information_schema.tables where table_type='base table' and table_name='wstablefields'
20241016@181256.8076 i61marohjb2o01uvvovd7ur5l0 Query : select fieldkey,fieldname,fieldtype,calcformula from wstablefields where tablename = 'fi' and documentnumber = 39
20241016@181256.8104 i61marohjb2o01uvvovd7ur5l0 Query : insert into wsfidata (fistamp,ousrdata, ousrhora, usrdata,usrhora,ousrinis,usrinis ,qtt ,ftstamp ,epv,pvmoeda ,tabiva,iva,lordem ,ref, design ,lote,armazem,bistamp ) values ('aut670ff31375670ff418c3',getdate(),convert(char(8),convert (time,getdate())),getdate(),convert(char(8),convert (time,getdate())),'wsv','wsv',48.000 ,'aut670ff53201670ff41754' ,0,0 ,2,23.00,260000,?,?,?,?,?)
20241016@181256.8470 i61marohjb2o01uvvovd7ur5l0 Query : select 1 valor from information_schema.tables where table_type='base table' and table_name='wstablefields'
20241016@181256.8487 i61marohjb2o01uvvovd7ur5l0 Query : select fieldkey,fieldname,fieldtype,mandatory from wstablefields where tablename = 'fi' and documentnumber = 39
20241016@181256.8567 i61marohjb2o01uvvovd7ur5l0 Query : select 1 valor from information_schema.tables where table_type='base table' and table_name='wstablefields'
20241016@181256.8583 i61marohjb2o01uvvovd7ur5l0 Query : select fieldkey,fieldname,fieldtype,mandatory from wstablefields where tablename = 'fi2' and documentnumber = 39
20241016@181256.8592 i61marohjb2o01uvvovd7ur5l0 Query : select top 1 convert(numeric(6,2),t.taxa) valor from taxasiva t where t.codigo='2'
20241016@181256.8604 i61marohjb2o01uvvovd7ur5l0 Query : select 1 valor from information_schema.tables where table_type='base table' and table_name='wstablefields'
20241016@181256.8618 i61marohjb2o01uvvovd7ur5l0 Query : select fieldkey,fieldname,fieldtype,calcformula from wstablefields where tablename = 'fi2' and documentnumber = 39
20241016@181256.8630 i61marohjb2o01uvvovd7ur5l0 Query : insert into wsfi2data (fi2stamp,ftstamp ,ousrdata, ousrhora, usrdata,usrhora,ousrinis,usrinis) values ('aut670ff16211670ff418d2','aut670ff53201670ff41754' ,getdate(),convert(char(8),convert (time,getdate())),getdate(),convert(char(8),convert (time,getdate())),'wsv','wsv')
20241016@181256.8635 i61marohjb2o01uvvovd7ur5l0 Query : select 1 valor from information_schema.tables where table_type='base table' and table_name='wstablefields'
20241016@181256.8649 i61marohjb2o01uvvovd7ur5l0 Query : select fieldkey,fieldname,fieldtype,calcformula from wstablefields where tablename = 'fi' and documentnumber = 39
20241016@181256.8676 i61marohjb2o01uvvovd7ur5l0 Query : insert into wsfidata (fistamp,ousrdata, ousrhora, usrdata,usrhora,ousrinis,usrinis ,qtt ,ftstamp ,epv,pvmoeda ,tabiva,iva,lordem ,ref, design ,armazem) values ('aut670ff16211670ff418d2',getdate(),convert(char(8),convert (time,getdate())),getdate(),convert(char(8),convert (time,getdate())),'wsv','wsv',0 ,'aut670ff53201670ff41754' ,0,0 ,2,23.00,270000,?,?,?)
20241016@181256.8891 i61marohjb2o01uvvovd7ur5l0 Query : use flama_phc
20241016@181256.8894 i61marohjb2o01uvvovd7ur5l0 Query : select st.usalote valor from st where st.ref = '324.1461.00.1'
20241016@181256.8913 i61marohjb2o01uvvovd7ur5l0 Query : select top 1 st.tabiva ,st.ivaincl ,st.stns ,st.uni2 ,st.familia ,isnull(tx.taxa, 0) txiva ,unidade ,usalote ,epcpond ,noserie ,conversao ,st.texteis from st left join taxasiva tx on st.tabiva = tx.codigo where st.ref = '324.1461.00.1'
20241016@181256.8927 i61marohjb2o01uvvovd7ur5l0 Query : select 1 valor from information_schema.tables where table_type='base table' and table_name='wstablefields'
20241016@181256.8942 i61marohjb2o01uvvovd7ur5l0 Query : select fieldkey,fieldname,fieldtype,mandatory from wstablefields where tablename = 'fi' and documentnumber = 39
20241016@181256.8967 i61marohjb2o01uvvovd7ur5l0 Query : select 1 valor from information_schema.tables where table_type='base table' and table_name='wstablefields'
20241016@181256.8982 i61marohjb2o01uvvovd7ur5l0 Query : select fieldkey,fieldname,fieldtype,mandatory from wstablefields where tablename = 'fi2' and documentnumber = 39
20241016@181256.8990 i61marohjb2o01uvvovd7ur5l0 Query : select top 1 convert(numeric(6,2),t.taxa) valor from taxasiva t where t.codigo='2'
20241016@181256.9002 i61marohjb2o01uvvovd7ur5l0 Query : select sestamp valor from se where ref ='324.1461.00.1' and lote = 'r2100463200a'
20241016@181256.9015 i61marohjb2o01uvvovd7ur5l0 Query : select 1 valor from information_schema.tables where table_type='base table' and table_name='wstablefields'
20241016@181256.9030 i61marohjb2o01uvvovd7ur5l0 Query : select fieldkey,fieldname,fieldtype,calcformula from wstablefields where tablename = 'fi2' and documentnumber = 39
20241016@181256.9041 i61marohjb2o01uvvovd7ur5l0 Query : insert into wsfi2data (fi2stamp,ftstamp ,ousrdata, ousrhora, usrdata,usrhora,ousrinis,usrinis) values ('aut670ff00773670ff418dc','aut670ff53201670ff41754' ,getdate(),convert(char(8),convert (time,getdate())),getdate(),convert(char(8),convert (time,getdate())),'wsv','wsv')
20241016@181256.9045 i61marohjb2o01uvvovd7ur5l0 Query : select 1 valor from information_schema.tables where table_type='base table' and table_name='wstablefields'
20241016@181256.9060 i61marohjb2o01uvvovd7ur5l0 Query : select fieldkey,fieldname,fieldtype,calcformula from wstablefields where tablename = 'fi' and documentnumber = 39
20241016@181256.9087 i61marohjb2o01uvvovd7ur5l0 Query : insert into wsfidata (fistamp,ousrdata, ousrhora, usrdata,usrhora,ousrinis,usrinis ,qtt ,ftstamp ,epv,pvmoeda ,tabiva,iva,lordem ,ref, design ,lote,armazem,bistamp ) values ('aut670ff00773670ff418dc',getdate(),convert(char(8),convert (time,getdate())),getdate(),convert(char(8),convert (time,getdate())),'wsv','wsv',4.000 ,'aut670ff53201670ff41754' ,0,0 ,2,23.00,290000,?,?,?,?,?)
20241016@181256.9309 i61marohjb2o01uvvovd7ur5l0 Query : use flama_phc
20241016@181256.9312 i61marohjb2o01uvvovd7ur5l0 Query : select st.usalote valor from st where st.ref = '324.4930.00.1'
20241016@181256.9332 i61marohjb2o01uvvovd7ur5l0 Query : select top 1 st.tabiva ,st.ivaincl ,st.stns ,st.uni2 ,st.familia ,isnull(tx.taxa, 0) txiva ,unidade ,usalote ,epcpond ,noserie ,conversao ,st.texteis from st left join taxasiva tx on st.tabiva = tx.codigo where st.ref = '324.4930.00.1'
20241016@181256.9448 i61marohjb2o01uvvovd7ur5l0 Query : select 1 valor from information_schema.tables where table_type='base table' and table_name='wstablefields'
20241016@181256.9464 i61marohjb2o01uvvovd7ur5l0 Query : select fieldkey,fieldname,fieldtype,mandatory from wstablefields where tablename = 'fi' and documentnumber = 39
20241016@181256.9490 i61marohjb2o01uvvovd7ur5l0 Query : select 1 valor from information_schema.tables where table_type='base table' and table_name='wstablefields'
20241016@181256.9508 i61marohjb2o01uvvovd7ur5l0 Query : select fieldkey,fieldname,fieldtype,mandatory from wstablefields where tablename = 'fi2' and documentnumber = 39
20241016@181256.9516 i61marohjb2o01uvvovd7ur5l0 Query : select top 1 convert(numeric(6,2),t.taxa) valor from taxasiva t where t.codigo='2'
20241016@181256.9528 i61marohjb2o01uvvovd7ur5l0 Query : select sestamp valor from se where ref ='324.4930.00.1' and lote = 'r2400066200a'
20241016@181256.9541 i61marohjb2o01uvvovd7ur5l0 Query : select 1 valor from information_schema.tables where table_type='base table' and table_name='wstablefields'
20241016@181256.9555 i61marohjb2o01uvvovd7ur5l0 Query : select fieldkey,fieldname,fieldtype,calcformula from wstablefields where tablename = 'fi2' and documentnumber = 39
20241016@181256.9566 i61marohjb2o01uvvovd7ur5l0 Query : insert into wsfi2data (fi2stamp,ftstamp ,ousrdata, ousrhora, usrdata,usrhora,ousrinis,usrinis) values ('aut670ff83829670ff418e8','aut670ff53201670ff41754' ,getdate(),convert(char(8),convert (time,getdate())),getdate(),convert(char(8),convert (time,getdate())),'wsv','wsv')
20241016@181256.9570 i61marohjb2o01uvvovd7ur5l0 Query : select 1 valor from information_schema.tables where table_type='base table' and table_name='wstablefields'
20241016@181256.9584 i61marohjb2o01uvvovd7ur5l0 Query : select fieldkey,fieldname,fieldtype,calcformula from wstablefields where tablename = 'fi' and documentnumber = 39
20241016@181256.9612 i61marohjb2o01uvvovd7ur5l0 Query : insert into wsfidata (fistamp,ousrdata, ousrhora, usrdata,usrhora,ousrinis,usrinis ,qtt ,ftstamp ,epv,pvmoeda ,tabiva,iva,lordem ,ref, design ,lote,armazem,bistamp ) values ('aut670ff83829670ff418e8',getdate(),convert(char(8),convert (time,getdate())),getdate(),convert(char(8),convert (time,getdate())),'wsv','wsv',6.000 ,'aut670ff53201670ff41754' ,0,0 ,2,23.00,300000,?,?,?,?,?)
20241016@181256.9828 i61marohjb2o01uvvovd7ur5l0 Query : use flama_phc
20241016@181256.9831 i61marohjb2o01uvvovd7ur5l0 Query : select st.usalote valor from st where st.ref = '324.4930.00.1'
20241016@181256.9850 i61marohjb2o01uvvovd7ur5l0 Query : select top 1 st.tabiva ,st.ivaincl ,st.stns ,st.uni2 ,st.familia ,isnull(tx.taxa, 0) txiva ,unidade ,usalote ,epcpond ,noserie ,conversao ,st.texteis from st left join taxasiva tx on st.tabiva = tx.codigo where st.ref = '324.4930.00.1'
20241016@181256.9863 i61marohjb2o01uvvovd7ur5l0 Query : select 1 valor from information_schema.tables where table_type='base table' and table_name='wstablefields'
20241016@181256.9878 i61marohjb2o01uvvovd7ur5l0 Query : select fieldkey,fieldname,fieldtype,mandatory from wstablefields where tablename = 'fi' and documentnumber = 39
20241016@181256.9901 i61marohjb2o01uvvovd7ur5l0 Query : select 1 valor from information_schema.tables where table_type='base table' and table_name='wstablefields'
20241016@181256.9916 i61marohjb2o01uvvovd7ur5l0 Query : select fieldkey,fieldname,fieldtype,mandatory from wstablefields where tablename = 'fi2' and documentnumber = 39
20241016@181256.9924 i61marohjb2o01uvvovd7ur5l0 Query : select top 1 convert(numeric(6,2),t.taxa) valor from taxasiva t where t.codigo='2'
20241016@181256.9935 i61marohjb2o01uvvovd7ur5l0 Query : select sestamp valor from se where ref ='324.4930.00.1' and lote = 'r2400066200a'
20241016@181256.9947 i61marohjb2o01uvvovd7ur5l0 Query : select 1 valor from information_schema.tables where table_type='base table' and table_name='wstablefields'
20241016@181256.9962 i61marohjb2o01uvvovd7ur5l0 Query : select fieldkey,fieldname,fieldtype,calcformula from wstablefields where tablename = 'fi2' and documentnumber = 39
20241016@181256.9973 i61marohjb2o01uvvovd7ur5l0 Query : insert into wsfi2data (fi2stamp,ftstamp ,ousrdata, ousrhora, usrdata,usrhora,ousrinis,usrinis) values ('aut670ff77119670ff418f2','aut670ff53201670ff41754' ,getdate(),convert(char(8),convert (time,getdate())),getdate(),convert(char(8),convert (time,getdate())),'wsv','wsv')
20241016@181256.9977 i61marohjb2o01uvvovd7ur5l0 Query : select 1 valor from information_schema.tables where table_type='base table' and table_name='wstablefields'
20241016@181256.9991 i61marohjb2o01uvvovd7ur5l0 Query : select fieldkey,fieldname,fieldtype,calcformula from wstablefields where tablename = 'fi' and documentnumber = 39
20241016@181257.1800 i61marohjb2o01uvvovd7ur5l0 Query : insert into wsfidata (fistamp,ousrdata, ousrhora, usrdata,usrhora,ousrinis,usrinis ,qtt ,ftstamp ,epv,pvmoeda ,tabiva,iva,lordem ,ref, design ,lote,armazem,bistamp ) values ('aut670ff77119670ff418f2',getdate(),convert(char(8),convert (time,getdate())),getdate(),convert(char(8),convert (time,getdate())),'wsv','wsv',12.000 ,'aut670ff53201670ff41754' ,0,0 ,2,23.00,310000,?,?,?,?,?)
20241016@181257.2290 i61marohjb2o01uvvovd7ur5l0 Query : use flama_phc
20241016@181257.2320 i61marohjb2o01uvvovd7ur5l0 Query : select st.usalote valor from st where st.ref = '324.4963.00.1'
20241016@181257.2510 i61marohjb2o01uvvovd7ur5l0 Query : select top 1 st.tabiva ,st.ivaincl ,st.stns ,st.uni2 ,st.familia ,isnull(tx.taxa, 0) txiva ,unidade ,usalote ,epcpond ,noserie ,conversao ,st.texteis from st left join taxasiva tx on st.tabiva = tx.codigo where st.ref = '324.4963.00.1'
20241016@181257.3710 i61marohjb2o01uvvovd7ur5l0 Query : select 1 valor from information_schema.tables where table_type='base table' and table_name='wstablefields'
20241016@181257.3870 i61marohjb2o01uvvovd7ur5l0 Query : select fieldkey,fieldname,fieldtype,mandatory from wstablefields where tablename = 'fi' and documentnumber = 39
20241016@181257.4120 i61marohjb2o01uvvovd7ur5l0 Query : select 1 valor from information_schema.tables where table_type='base table' and table_name='wstablefields'
20241016@181257.4270 i61marohjb2o01uvvovd7ur5l0 Query : select fieldkey,fieldname,fieldtype,mandatory from wstablefields where tablename = 'fi2' and documentnumber = 39
20241016@181257.4360 i61marohjb2o01uvvovd7ur5l0 Query : select top 1 convert(numeric(6,2),t.taxa) valor from taxasiva t where t.codigo='2'
20241016@181257.4480 i61marohjb2o01uvvovd7ur5l0 Query : select sestamp valor from se where ref ='324.4963.00.1' and lote = 'r2300717200a'
20241016@181257.4620 i61marohjb2o01uvvovd7ur5l0 Query : select 1 valor from information_schema.tables where table_type='base table' and table_name='wstablefields'
20241016@181257.4770 i61marohjb2o01uvvovd7ur5l0 Query : select fieldkey,fieldname,fieldtype,calcformula from wstablefields where tablename = 'fi2' and documentnumber = 39
20241016@181257.4890 i61marohjb2o01uvvovd7ur5l0 Query : insert into wsfi2data (fi2stamp,ftstamp ,ousrdata, ousrhora, usrdata,usrhora,ousrinis,usrinis) values ('aut670ff37566670ff4190b','aut670ff53201670ff41754' ,getdate(),convert(char(8),convert (time,getdate())),getdate(),convert(char(8),convert (time,getdate())),'wsv','wsv')
20241016@181257.4930 i61marohjb2o01uvvovd7ur5l0 Query : select 1 valor from information_schema.tables where table_type='base table' and table_name='wstablefields'
20241016@181257.5080 i61marohjb2o01uvvovd7ur5l0 Query : select fieldkey,fieldname,fieldtype,calcformula from wstablefields where tablename = 'fi' and documentnumber = 39
20241016@181257.5360 i61marohjb2o01uvvovd7ur5l0 Query : insert into wsfidata (fistamp,ousrdata, ousrhora, usrdata,usrhora,ousrinis,usrinis ,qtt ,ftstamp ,epv,pvmoeda ,tabiva,iva,lordem ,ref, design ,lote,armazem,bistamp ) values ('aut670ff37566670ff4190b',getdate(),convert(char(8),convert (time,getdate())),getdate(),convert(char(8),convert (time,getdate())),'wsv','wsv',4.000 ,'aut670ff53201670ff41754' ,0,0 ,2,23.00,320000,?,?,?,?,?)
20241016@181257.7620 i61marohjb2o01uvvovd7ur5l0 Query : use flama_phc
20241016@181257.7660 i61marohjb2o01uvvovd7ur5l0 Query : select st.usalote valor from st where st.ref = '324.4964.00.1'
20241016@181257.7870 i61marohjb2o01uvvovd7ur5l0 Query : select top 1 st.tabiva ,st.ivaincl ,st.stns ,st.uni2 ,st.familia ,isnull(tx.taxa, 0) txiva ,unidade ,usalote ,epcpond ,noserie ,conversao ,st.texteis from st left join taxasiva tx on st.tabiva = tx.codigo where st.ref = '324.4964.00.1'
20241016@181257.9100 i61marohjb2o01uvvovd7ur5l0 Query : select 1 valor from information_schema.tables where table_type='base table' and table_name='wstablefields'
20241016@181257.9260 i61marohjb2o01uvvovd7ur5l0 Query : select fieldkey,fieldname,fieldtype,mandatory from wstablefields where tablename = 'fi' and documentnumber = 39
20241016@181257.9510 i61marohjb2o01uvvovd7ur5l0 Query : select 1 valor from information_schema.tables where table_type='base table' and table_name='wstablefields'
20241016@181257.9660 i61marohjb2o01uvvovd7ur5l0 Query : select fieldkey,fieldname,fieldtype,mandatory from wstablefields where tablename = 'fi2' and documentnumber = 39
20241016@181257.9760 i61marohjb2o01uvvovd7ur5l0 Query : select top 1 convert(numeric(6,2),t.taxa) valor from taxasiva t where t.codigo='2'
20241016@181257.9890 i61marohjb2o01uvvovd7ur5l0 Query : select sestamp valor from se where ref ='324.4964.00.1' and lote = 'r2300717100a'
20241016@181257.1004 i61marohjb2o01uvvovd7ur5l0 Query : select 1 valor from information_schema.tables where table_type='base table' and table_name='wstablefields'
20241016@181257.1020 i61marohjb2o01uvvovd7ur5l0 Query : select fieldkey,fieldname,fieldtype,calcformula from wstablefields where tablename = 'fi2' and documentnumber = 39
20241016@181257.1033 i61marohjb2o01uvvovd7ur5l0 Query : insert into wsfi2data (fi2stamp,ftstamp ,ousrdata, ousrhora, usrdata,usrhora,ousrinis,usrinis) values ('aut670ff78654670ff41918','aut670ff53201670ff41754' ,getdate(),convert(char(8),convert (time,getdate())),getdate(),convert(char(8),convert (time,getdate())),'wsv','wsv')
20241016@181257.1037 i61marohjb2o01uvvovd7ur5l0 Query : select 1 valor from information_schema.tables where table_type='base table' and table_name='wstablefields'
20241016@181257.1054 i61marohjb2o01uvvovd7ur5l0 Query : select fieldkey,fieldname,fieldtype,calcformula from wstablefields where tablename = 'fi' and documentnumber = 39
20241016@181257.1083 i61marohjb2o01uvvovd7ur5l0 Query : insert into wsfidata (fistamp,ousrdata, ousrhora, usrdata,usrhora,ousrinis,usrinis ,qtt ,ftstamp ,epv,pvmoeda ,tabiva,iva,lordem ,ref, design ,lote,armazem,bistamp ) values ('aut670ff78654670ff41918',getdate(),convert(char(8),convert (time,getdate())),getdate(),convert(char(8),convert (time,getdate())),'wsv','wsv',4.000 ,'aut670ff53201670ff41754' ,0,0 ,2,23.00,330000,?,?,?,?,?)
20241016@181257.1309 i61marohjb2o01uvvovd7ur5l0 Query : use flama_phc
20241016@181257.1312 i61marohjb2o01uvvovd7ur5l0 Query : select st.usalote valor from st where st.ref = '324.948.00.01'
20241016@181257.1342 i61marohjb2o01uvvovd7ur5l0 Query : select top 1 st.tabiva ,st.ivaincl ,st.stns ,st.uni2 ,st.familia ,isnull(tx.taxa, 0) txiva ,unidade ,usalote ,epcpond ,noserie ,conversao ,st.texteis from st left join taxasiva tx on st.tabiva = tx.codigo where st.ref = '324.948.00.01'
20241016@181257.1471 i61marohjb2o01uvvovd7ur5l0 Query : select 1 valor from information_schema.tables where table_type='base table' and table_name='wstablefields'
20241016@181257.1487 i61marohjb2o01uvvovd7ur5l0 Query : select fieldkey,fieldname,fieldtype,mandatory from wstablefields where tablename = 'fi' and documentnumber = 39
20241016@181257.1513 i61marohjb2o01uvvovd7ur5l0 Query : select 1 valor from information_schema.tables where table_type='base table' and table_name='wstablefields'
20241016@181257.1530 i61marohjb2o01uvvovd7ur5l0 Query : select fieldkey,fieldname,fieldtype,mandatory from wstablefields where tablename = 'fi2' and documentnumber = 39
20241016@181257.1538 i61marohjb2o01uvvovd7ur5l0 Query : select top 1 convert(numeric(6,2),t.taxa) valor from taxasiva t where t.codigo='2'
20241016@181257.1552 i61marohjb2o01uvvovd7ur5l0 Query : select sestamp valor from se where ref ='324.948.00.01' and lote = 'r2301091200a'
20241016@181257.1566 i61marohjb2o01uvvovd7ur5l0 Query : select 1 valor from information_schema.tables where table_type='base table' and table_name='wstablefields'
20241016@181257.1581 i61marohjb2o01uvvovd7ur5l0 Query : select fieldkey,fieldname,fieldtype,calcformula from wstablefields where tablename = 'fi2' and documentnumber = 39
20241016@181257.1592 i61marohjb2o01uvvovd7ur5l0 Query : insert into wsfi2data (fi2stamp,ftstamp ,ousrdata, ousrhora, usrdata,usrhora,ousrinis,usrinis) values ('aut670ff72936670ff41926','aut670ff53201670ff41754' ,getdate(),convert(char(8),convert (time,getdate())),getdate(),convert(char(8),convert (time,getdate())),'wsv','wsv')
20241016@181257.1597 i61marohjb2o01uvvovd7ur5l0 Query : select 1 valor from information_schema.tables where table_type='base table' and table_name='wstablefields'
20241016@181257.1612 i61marohjb2o01uvvovd7ur5l0 Query : select fieldkey,fieldname,fieldtype,calcformula from wstablefields where tablename = 'fi' and documentnumber = 39
20241016@181257.1642 i61marohjb2o01uvvovd7ur5l0 Query : insert into wsfidata (fistamp,ousrdata, ousrhora, usrdata,usrhora,ousrinis,usrinis ,qtt ,ftstamp ,epv,pvmoeda ,tabiva,iva,lordem ,ref, design ,lote,armazem,bistamp ) values ('aut670ff72936670ff41926',getdate(),convert(char(8),convert (time,getdate())),getdate(),convert(char(8),convert (time,getdate())),'wsv','wsv',16.000 ,'aut670ff53201670ff41754' ,0,0 ,2,23.00,340000,?,?,?,?,?)
20241016@181257.1874 i61marohjb2o01uvvovd7ur5l0 Query : use flama_phc
20241016@181257.1879 i61marohjb2o01uvvovd7ur5l0 Query : select st.usalote valor from st where st.ref = '324.966.00.01'
20241016@181257.1903 i61marohjb2o01uvvovd7ur5l0 Query : select top 1 st.tabiva ,st.ivaincl ,st.stns ,st.uni2 ,st.familia ,isnull(tx.taxa, 0) txiva ,unidade ,usalote ,epcpond ,noserie ,conversao ,st.texteis from st left join taxasiva tx on st.tabiva = tx.codigo where st.ref = '324.966.00.01'
20241016@181257.1920 i61marohjb2o01uvvovd7ur5l0 Query : select 1 valor from information_schema.tables where table_type='base table' and table_name='wstablefields'
20241016@181257.1938 i61marohjb2o01uvvovd7ur5l0 Query : select fieldkey,fieldname,fieldtype,mandatory from wstablefields where tablename = 'fi' and documentnumber = 39
20241016@181257.1965 i61marohjb2o01uvvovd7ur5l0 Query : select 1 valor from information_schema.tables where table_type='base table' and table_name='wstablefields'
20241016@181257.1980 i61marohjb2o01uvvovd7ur5l0 Query : select fieldkey,fieldname,fieldtype,mandatory from wstablefields where tablename = 'fi2' and documentnumber = 39
20241016@181257.1988 i61marohjb2o01uvvovd7ur5l0 Query : select top 1 convert(numeric(6,2),t.taxa) valor from taxasiva t where t.codigo='2'
20241016@181257.2000 i61marohjb2o01uvvovd7ur5l0 Query : select sestamp valor from se where ref ='324.966.00.01' and lote = 'r2400743200a'
20241016@181257.2013 i61marohjb2o01uvvovd7ur5l0 Query : select 1 valor from information_schema.tables where table_type='base table' and table_name='wstablefields'
20241016@181257.2028 i61marohjb2o01uvvovd7ur5l0 Query : select fieldkey,fieldname,fieldtype,calcformula from wstablefields where tablename = 'fi2' and documentnumber = 39
20241016@181257.2039 i61marohjb2o01uvvovd7ur5l0 Query : insert into wsfi2data (fi2stamp,ftstamp ,ousrdata, ousrhora, usrdata,usrhora,ousrinis,usrinis) values ('aut670ff09053670ff41931','aut670ff53201670ff41754' ,getdate(),convert(char(8),convert (time,getdate())),getdate(),convert(char(8),convert (time,getdate())),'wsv','wsv')
20241016@181257.2044 i61marohjb2o01uvvovd7ur5l0 Query : select 1 valor from information_schema.tables where table_type='base table' and table_name='wstablefields'
20241016@181257.2059 i61marohjb2o01uvvovd7ur5l0 Query : select fieldkey,fieldname,fieldtype,calcformula from wstablefields where tablename = 'fi' and documentnumber = 39
20241016@181257.2091 i61marohjb2o01uvvovd7ur5l0 Query : insert into wsfidata (fistamp,ousrdata, ousrhora, usrdata,usrhora,ousrinis,usrinis ,qtt ,ftstamp ,epv,pvmoeda ,tabiva,iva,lordem ,ref, design ,lote,armazem,bistamp ) values ('aut670ff09053670ff41931',getdate(),convert(char(8),convert (time,getdate())),getdate(),convert(char(8),convert (time,getdate())),'wsv','wsv',4.000 ,'aut670ff53201670ff41754' ,0,0 ,2,23.00,350000,?,?,?,?,?)
20241016@181257.2325 i61marohjb2o01uvvovd7ur5l0 Query : use flama_phc
20241016@181257.2329 i61marohjb2o01uvvovd7ur5l0 Query : select st.usalote valor from st where st.ref = '324.969.00.01'
20241016@181257.2349 i61marohjb2o01uvvovd7ur5l0 Query : select top 1 st.tabiva ,st.ivaincl ,st.stns ,st.uni2 ,st.familia ,isnull(tx.taxa, 0) txiva ,unidade ,usalote ,epcpond ,noserie ,conversao ,st.texteis from st left join taxasiva tx on st.tabiva = tx.codigo where st.ref = '324.969.00.01'
20241016@181257.2364 i61marohjb2o01uvvovd7ur5l0 Query : select 1 valor from information_schema.tables where table_type='base table' and table_name='wstablefields'
20241016@181257.2380 i61marohjb2o01uvvovd7ur5l0 Query : select fieldkey,fieldname,fieldtype,mandatory from wstablefields where tablename = 'fi' and documentnumber = 39
20241016@181257.2406 i61marohjb2o01uvvovd7ur5l0 Query : select 1 valor from information_schema.tables where table_type='base table' and table_name='wstablefields'
20241016@181257.2422 i61marohjb2o01uvvovd7ur5l0 Query : select fieldkey,fieldname,fieldtype,mandatory from wstablefields where tablename = 'fi2' and documentnumber = 39
20241016@181257.2432 i61marohjb2o01uvvovd7ur5l0 Query : select top 1 convert(numeric(6,2),t.taxa) valor from taxasiva t where t.codigo='2'
20241016@181257.2445 i61marohjb2o01uvvovd7ur5l0 Query : select sestamp valor from se where ref ='324.969.00.01' and lote = 'r2100601100a'
20241016@181257.2457 i61marohjb2o01uvvovd7ur5l0 Query : select 1 valor from information_schema.tables where table_type='base table' and table_name='wstablefields'
20241016@181257.2472 i61marohjb2o01uvvovd7ur5l0 Query : select fieldkey,fieldname,fieldtype,calcformula from wstablefields where tablename = 'fi2' and documentnumber = 39
20241016@181257.2484 i61marohjb2o01uvvovd7ur5l0 Query : insert into wsfi2data (fi2stamp,ftstamp ,ousrdata, ousrhora, usrdata,usrhora,ousrinis,usrinis) values ('aut670ff33445670ff4193c','aut670ff53201670ff41754' ,getdate(),convert(char(8),convert (time,getdate())),getdate(),convert(char(8),convert (time,getdate())),'wsv','wsv')
20241016@181257.2488 i61marohjb2o01uvvovd7ur5l0 Query : select 1 valor from information_schema.tables where table_type='base table' and table_name='wstablefields'
20241016@181257.2503 i61marohjb2o01uvvovd7ur5l0 Query : select fieldkey,fieldname,fieldtype,calcformula from wstablefields where tablename = 'fi' and documentnumber = 39
20241016@181257.2532 i61marohjb2o01uvvovd7ur5l0 Query : insert into wsfidata (fistamp,ousrdata, ousrhora, usrdata,usrhora,ousrinis,usrinis ,qtt ,ftstamp ,epv,pvmoeda ,tabiva,iva,lordem ,ref, design ,lote,armazem,bistamp ) values ('aut670ff33445670ff4193c',getdate(),convert(char(8),convert (time,getdate())),getdate(),convert(char(8),convert (time,getdate())),'wsv','wsv',12.000 ,'aut670ff53201670ff41754' ,0,0 ,2,23.00,360000,?,?,?,?,?)
20241016@181257.2847 i61marohjb2o01uvvovd7ur5l0 Query : use flama_phc
20241016@181257.2888 i61marohjb2o01uvvovd7ur5l0 Query : select st.usalote valor from st where st.ref = '324.988.00.01'
20241016@181257.2991 i61marohjb2o01uvvovd7ur5l0 Query : select top 1 st.tabiva ,st.ivaincl ,st.stns ,st.uni2 ,st.familia ,isnull(tx.taxa, 0) txiva ,unidade ,usalote ,epcpond ,noserie ,conversao ,st.texteis from st left join taxasiva tx on st.tabiva = tx.codigo where st.ref = '324.988.00.01'
20241016@181257.3113 i61marohjb2o01uvvovd7ur5l0 Query : select 1 valor from information_schema.tables where table_type='base table' and table_name='wstablefields'
20241016@181257.3130 i61marohjb2o01uvvovd7ur5l0 Query : select fieldkey,fieldname,fieldtype,mandatory from wstablefields where tablename = 'fi' and documentnumber = 39
20241016@181257.3158 i61marohjb2o01uvvovd7ur5l0 Query : select 1 valor from information_schema.tables where table_type='base table' and table_name='wstablefields'
20241016@181257.3174 i61marohjb2o01uvvovd7ur5l0 Query : select fieldkey,fieldname,fieldtype,mandatory from wstablefields where tablename = 'fi2' and documentnumber = 39
20241016@181257.3184 i61marohjb2o01uvvovd7ur5l0 Query : select top 1 convert(numeric(6,2),t.taxa) valor from taxasiva t where t.codigo='2'
20241016@181257.3196 i61marohjb2o01uvvovd7ur5l0 Query : select sestamp valor from se where ref ='324.988.00.01' and lote = 'r2400410200a'
20241016@181257.3210 i61marohjb2o01uvvovd7ur5l0 Query : select 1 valor from information_schema.tables where table_type='base table' and table_name='wstablefields'
20241016@181257.3226 i61marohjb2o01uvvovd7ur5l0 Query : select fieldkey,fieldname,fieldtype,calcformula from wstablefields where tablename = 'fi2' and documentnumber = 39
20241016@181257.3237 i61marohjb2o01uvvovd7ur5l0 Query : insert into wsfi2data (fi2stamp,ftstamp ,ousrdata, ousrhora, usrdata,usrhora,ousrinis,usrinis) values ('aut670ff56711670ff4194e','aut670ff53201670ff41754' ,getdate(),convert(char(8),convert (time,getdate())),getdate(),convert(char(8),convert (time,getdate())),'wsv','wsv')
20241016@181257.3241 i61marohjb2o01uvvovd7ur5l0 Query : select 1 valor from information_schema.tables where table_type='base table' and table_name='wstablefields'
20241016@181257.3256 i61marohjb2o01uvvovd7ur5l0 Query : select fieldkey,fieldname,fieldtype,calcformula from wstablefields where tablename = 'fi' and documentnumber = 39
20241016@181257.3285 i61marohjb2o01uvvovd7ur5l0 Query : insert into wsfidata (fistamp,ousrdata, ousrhora, usrdata,usrhora,ousrinis,usrinis ,qtt ,ftstamp ,epv,pvmoeda ,tabiva,iva,lordem ,ref, design ,lote,armazem,bistamp ) values ('aut670ff56711670ff4194e',getdate(),convert(char(8),convert (time,getdate())),getdate(),convert(char(8),convert (time,getdate())),'wsv','wsv',4.000 ,'aut670ff53201670ff41754' ,0,0 ,2,23.00,370000,?,?,?,?,?)
20241016@181257.3512 i61marohjb2o01uvvovd7ur5l0 Query : use flama_phc
20241016@181257.3516 i61marohjb2o01uvvovd7ur5l0 Query : select st.usalote valor from st where st.ref = '324.1317.00.1'
20241016@181257.3535 i61marohjb2o01uvvovd7ur5l0 Query : select top 1 st.tabiva ,st.ivaincl ,st.stns ,st.uni2 ,st.familia ,isnull(tx.taxa, 0) txiva ,unidade ,usalote ,epcpond ,noserie ,conversao ,st.texteis from st left join taxasiva tx on st.tabiva = tx.codigo where st.ref = '324.1317.00.1'
20241016@181257.3549 i61marohjb2o01uvvovd7ur5l0 Query : select 1 valor from information_schema.tables where table_type='base table' and table_name='wstablefields'
20241016@181257.3565 i61marohjb2o01uvvovd7ur5l0 Query : select fieldkey,fieldname,fieldtype,mandatory from wstablefields where tablename = 'fi' and documentnumber = 39
20241016@181257.3589 i61marohjb2o01uvvovd7ur5l0 Query : select 1 valor from information_schema.tables where table_type='base table' and table_name='wstablefields'
20241016@181257.3604 i61marohjb2o01uvvovd7ur5l0 Query : select fieldkey,fieldname,fieldtype,mandatory from wstablefields where tablename = 'fi2' and documentnumber = 39
20241016@181257.3612 i61marohjb2o01uvvovd7ur5l0 Query : select top 1 convert(numeric(6,2),t.taxa) valor from taxasiva t where t.codigo='2'
20241016@181257.3625 i61marohjb2o01uvvovd7ur5l0 Query : select sestamp valor from se where ref ='324.1317.00.1' and lote = 'r2400458200a'
20241016@181257.3638 i61marohjb2o01uvvovd7ur5l0 Query : select 1 valor from information_schema.tables where table_type='base table' and table_name='wstablefields'
20241016@181257.3652 i61marohjb2o01uvvovd7ur5l0 Query : select fieldkey,fieldname,fieldtype,calcformula from wstablefields where tablename = 'fi2' and documentnumber = 39
20241016@181257.3664 i61marohjb2o01uvvovd7ur5l0 Query : insert into wsfi2data (fi2stamp,ftstamp ,ousrdata, ousrhora, usrdata,usrhora,ousrinis,usrinis) values ('aut670ff43598670ff41958','aut670ff53201670ff41754' ,getdate(),convert(char(8),convert (time,getdate())),getdate(),convert(char(8),convert (time,getdate())),'wsv','wsv')
20241016@181257.3669 i61marohjb2o01uvvovd7ur5l0 Query : select 1 valor from information_schema.tables where table_type='base table' and table_name='wstablefields'
20241016@181257.3683 i61marohjb2o01uvvovd7ur5l0 Query : select fieldkey,fieldname,fieldtype,calcformula from wstablefields where tablename = 'fi' and documentnumber = 39
20241016@181257.3711 i61marohjb2o01uvvovd7ur5l0 Query : insert into wsfidata (fistamp,ousrdata, ousrhora, usrdata,usrhora,ousrinis,usrinis ,qtt ,ftstamp ,epv,pvmoeda ,tabiva,iva,lordem ,ref, design ,lote,armazem,bistamp ) values ('aut670ff43598670ff41958',getdate(),convert(char(8),convert (time,getdate())),getdate(),convert(char(8),convert (time,getdate())),'wsv','wsv',6.000 ,'aut670ff53201670ff41754' ,0,0 ,2,23.00,380000,?,?,?,?,?)
20241016@181257.3945 i61marohjb2o01uvvovd7ur5l0 Query : insert into wsftcreationlog (initialftstamp,externalid,creationstatus,documenttypeid,idustamp) values ('aut670ff53201670ff41754','2406810','wait',39,'adm09112754980.682000002')
20241016@181257.4028 i61marohjb2o01uvvovd7ur5l0 Query : use flama_phc
20241016@181257.4032 i61marohjb2o01uvvovd7ur5l0 Query : update u_wsusers set rqsttoken =? where userid ='userls001'
20241016@181257.4064 i61marohjb2o01uvvovd7ur5l0 Query : select concat(rtrim(relative_path),ltrim(name_new)) as valor from uploadfiles where uploadfile_id='2740';
20241016@181257.4098 i61marohjb2o01uvvovd7ur5l0 Query : update uploadfiles set whenupdated=current_timestamp where uploadfile_id='2740';
20241016@181257.4144 i61marohjb2o01uvvovd7ur5l0 Query : select concat(rtrim(relative_path),ltrim(name_new)) as valor from uploadfiles where uploadfile_id='2740';
20241016@181257.4171 i61marohjb2o01uvvovd7ur5l0 Query : update uploadfiles set whenupdated=current_timestamp where uploadfile_id='2740';
20241016@181912.5095 peobr8rspob8cg2dl19l1ee6lr Query : use flama_phc
20241016@181912.5099 peobr8rspob8cg2dl19l1ee6lr Query : select secretkey valor from u_wsusers u where u.userid = ? and u.username=? and u.password=? and u.inactivo=0
20241016@181912.6385 peobr8rspob8cg2dl19l1ee6lr Query : use flama_phc
20241016@181912.6390 peobr8rspob8cg2dl19l1ee6lr Query : update u_wsusers set rqsttoken =? where userid ='userls001'
20241016@183612.3269 nc7pfnqas2hh4q38b4inoqcr5u Query : use flama_phc
20241016@183612.3273 nc7pfnqas2hh4q38b4inoqcr5u Query : select secretkey valor from u_wsusers u where u.userid = ? and u.username=? and u.password=? and u.inactivo=0
20241016@183612.3524 nc7pfnqas2hh4q38b4inoqcr5u Query : use flama_phc
20241016@183612.3527 nc7pfnqas2hh4q38b4inoqcr5u Query : update u_wsusers set rqsttoken =? where userid ='userls001'
20241016@191914.2559 84edku2tem6p0umv0b30ktdv9f Query : use flama_phc
20241016@191914.2562 84edku2tem6p0umv0b30ktdv9f Query : select secretkey valor from u_wsusers u where u.userid = ? and u.username=? and u.password=? and u.inactivo=0
20241016@191914.2659 84edku2tem6p0umv0b30ktdv9f Query : use flama_phc
20241016@191914.2662 84edku2tem6p0umv0b30ktdv9f Query : update u_wsusers set rqsttoken =? where userid ='userls001'
20241016@193614.7786 1bm1jn4gn4cj86qfsf75njjeqf Query : use flama_phc
20241016@193614.7790 1bm1jn4gn4cj86qfsf75njjeqf Query : select secretkey valor from u_wsusers u where u.userid = ? and u.username=? and u.password=? and u.inactivo=0
20241016@193614.7877 1bm1jn4gn4cj86qfsf75njjeqf Query : use flama_phc
20241016@193614.7880 1bm1jn4gn4cj86qfsf75njjeqf Query : update u_wsusers set rqsttoken =? where userid ='userls001'
20241016@201914.5025 ukpqqodor2c35ipfgcdef452gb Query : use flama_phc
20241016@201914.5029 ukpqqodor2c35ipfgcdef452gb Query : select secretkey valor from u_wsusers u where u.userid = ? and u.username=? and u.password=? and u.inactivo=0
20241016@201914.5114 ukpqqodor2c35ipfgcdef452gb Query : use flama_phc
20241016@201914.5117 ukpqqodor2c35ipfgcdef452gb Query : update u_wsusers set rqsttoken =? where userid ='userls001'
20241016@203613.8267 tdfji9ju5e7imsovr91jhina78 Query : use flama_phc
20241016@203613.8273 tdfji9ju5e7imsovr91jhina78 Query : select secretkey valor from u_wsusers u where u.userid = ? and u.username=? and u.password=? and u.inactivo=0
20241016@203613.9429 tdfji9ju5e7imsovr91jhina78 Query : use flama_phc
20241016@203613.9432 tdfji9ju5e7imsovr91jhina78 Query : update u_wsusers set rqsttoken =? where userid ='userls001'
20241016@211910.8116 a18ld770mvaipdqcmtrdicachi Query : use flama_phc
20241016@211910.8120 a18ld770mvaipdqcmtrdicachi Query : select secretkey valor from u_wsusers u where u.userid = ? and u.username=? and u.password=? and u.inactivo=0
20241016@211910.8214 a18ld770mvaipdqcmtrdicachi Query : use flama_phc
20241016@211910.8217 a18ld770mvaipdqcmtrdicachi Query : update u_wsusers set rqsttoken =? where userid ='userls001'
20241016@213610.9890 thsuvopkqf9gp34gmisflhicqj Query : use flama_phc
20241016@213610.9894 thsuvopkqf9gp34gmisflhicqj Query : select secretkey valor from u_wsusers u where u.userid = ? and u.username=? and u.password=? and u.inactivo=0
20241016@213610.9999 thsuvopkqf9gp34gmisflhicqj Query : use flama_phc
20241016@213611.3000 thsuvopkqf9gp34gmisflhicqj Query : update u_wsusers set rqsttoken =? where userid ='userls001'
20241016@221916.7459 o4i86pcqc2igmg6ekofhf83d92 Query : use flama_phc
20241016@221916.7464 o4i86pcqc2igmg6ekofhf83d92 Query : select secretkey valor from u_wsusers u where u.userid = ? and u.username=? and u.password=? and u.inactivo=0
20241016@221916.7563 o4i86pcqc2igmg6ekofhf83d92 Query : use flama_phc
20241016@221916.7566 o4i86pcqc2igmg6ekofhf83d92 Query : update u_wsusers set rqsttoken =? where userid ='userls001'
20241016@223617.6680 l0vb6hissbp7am86r4uff02ge8 Query : use flama_phc
20241016@223617.6730 l0vb6hissbp7am86r4uff02ge8 Query : select secretkey valor from u_wsusers u where u.userid = ? and u.username=? and u.password=? and u.inactivo=0
20241016@223617.7760 l0vb6hissbp7am86r4uff02ge8 Query : use flama_phc
20241016@223617.7790 l0vb6hissbp7am86r4uff02ge8 Query : update u_wsusers set rqsttoken =? where userid ='userls001'
20241016@231918.1622 tt4ls5bmpj3c82pm87scve6jub Query : use flama_phc
20241016@231918.1630 tt4ls5bmpj3c82pm87scve6jub Query : select secretkey valor from u_wsusers u where u.userid = ? and u.username=? and u.password=? and u.inactivo=0
20241016@231918.1745 tt4ls5bmpj3c82pm87scve6jub Query : use flama_phc
20241016@231918.1749 tt4ls5bmpj3c82pm87scve6jub Query : update u_wsusers set rqsttoken =? where userid ='userls001'
20241016@233618.2520 m6i48qllnk2eml5v8hk19dhfl1 Query : use flama_phc
20241016@233618.2525 m6i48qllnk2eml5v8hk19dhfl1 Query : select secretkey valor from u_wsusers u where u.userid = ? and u.username=? and u.password=? and u.inactivo=0
20241016@233618.2617 m6i48qllnk2eml5v8hk19dhfl1 Query : use flama_phc
20241016@233618.2620 m6i48qllnk2eml5v8hk19dhfl1 Query : update u_wsusers set rqsttoken =? where userid ='userls001'
20241017@063340.5813 aafh1jl1fdio29tg9ve83u3jkr Query : insert into uploadfiles ( name_original, name_new, option_type, relative_path, whencreated ) values ( ?, ?, ?, ?, getdate() )
20241017@063340.5840 aafh1jl1fdio29tg9ve83u3jkr Query : select uploadfile_id valor from uploadfiles where name_new = ? and option_type = ? 
20241017@063340.6214 aafh1jl1fdio29tg9ve83u3jkr Query : select concat(rtrim(relative_path),ltrim(name_new)) as valor from uploadfiles where uploadfile_id='2741';
20241017@063340.6307 aafh1jl1fdio29tg9ve83u3jkr Query : update uploadfiles set whenupdated=current_timestamp where uploadfile_id='2741';
20241017@063340.6402 aafh1jl1fdio29tg9ve83u3jkr Query : select concat(rtrim(relative_path),ltrim(name_new)) as valor from uploadfiles where uploadfile_id='2741';
20241017@063340.6431 aafh1jl1fdio29tg9ve83u3jkr Query : update uploadfiles set whenupdated=current_timestamp where uploadfile_id='2741';
20241017@063340.7534 hftmjclqomhn6katbep3n7jc51 Query : insert into uploadfiles ( name_original, name_new, option_type, relative_path, whencreated ) values ( ?, ?, ?, ?, getdate() )
20241017@063340.7569 hftmjclqomhn6katbep3n7jc51 Query : select uploadfile_id valor from uploadfiles where name_new = ? and option_type = ? 
20241017@063340.7656 hftmjclqomhn6katbep3n7jc51 Query : select concat(rtrim(relative_path),ltrim(name_new)) as valor from uploadfiles where uploadfile_id='2742';
20241017@063340.9754 hftmjclqomhn6katbep3n7jc51 Query : update uploadfiles set whenupdated=current_timestamp where uploadfile_id='2742';
20241017@063340.9860 hftmjclqomhn6katbep3n7jc51 Query : select concat(rtrim(relative_path),ltrim(name_new)) as valor from uploadfiles where uploadfile_id='2742';
20241017@063340.9901 hftmjclqomhn6katbep3n7jc51 Query : update uploadfiles set whenupdated=current_timestamp where uploadfile_id='2742';
20241017@063410.1117 0tvq75k0vqc1mp8k48cslp5i75 Query : insert into uploadfiles ( name_original, name_new, option_type, relative_path, whencreated ) values ( ?, ?, ?, ?, getdate() )
20241017@063410.1200 0tvq75k0vqc1mp8k48cslp5i75 Query : select uploadfile_id valor from uploadfiles where name_new = ? and option_type = ? 
20241017@063410.1294 0tvq75k0vqc1mp8k48cslp5i75 Query : select concat(rtrim(relative_path),ltrim(name_new)) as valor from uploadfiles where uploadfile_id='2743';
20241017@063410.1371 0tvq75k0vqc1mp8k48cslp5i75 Query : update uploadfiles set whenupdated=current_timestamp where uploadfile_id='2743';
20241017@063410.1433 0tvq75k0vqc1mp8k48cslp5i75 Query : select concat(rtrim(relative_path),ltrim(name_new)) as valor from uploadfiles where uploadfile_id='2743';
20241017@063410.1500 0tvq75k0vqc1mp8k48cslp5i75 Query : update uploadfiles set whenupdated=current_timestamp where uploadfile_id='2743';
20241017@071913.8002 7a3nmrrgiern0rjam2pq59rvtb Query : use flama_phc
20241017@071913.8006 7a3nmrrgiern0rjam2pq59rvtb Query : select secretkey valor from u_wsusers u where u.userid = ? and u.username=? and u.password=? and u.inactivo=0
20241017@071913.8193 7a3nmrrgiern0rjam2pq59rvtb Query : use flama_phc
20241017@071913.8197 7a3nmrrgiern0rjam2pq59rvtb Query : update u_wsusers set rqsttoken =? where userid ='userls001'
20241017@073639.6404 dful77pismqjq8o23jbepbv3tp Query : use flama_phc
20241017@073639.6446 dful77pismqjq8o23jbepbv3tp Query : select secretkey valor from u_wsusers u where u.userid = ? and u.username=? and u.password=? and u.inactivo=0
20241017@073639.7027 dful77pismqjq8o23jbepbv3tp Query : use flama_phc
20241017@073639.7031 dful77pismqjq8o23jbepbv3tp Query : update u_wsusers set rqsttoken =? where userid ='userls001'
20241017@081912.3723 rsqfln9mbkle9o9rot2rbiu1nn Query : use flama_phc
20241017@081912.3727 rsqfln9mbkle9o9rot2rbiu1nn Query : select secretkey valor from u_wsusers u where u.userid = ? and u.username=? and u.password=? and u.inactivo=0
20241017@081912.3845 rsqfln9mbkle9o9rot2rbiu1nn Query : use flama_phc
20241017@081912.3848 rsqfln9mbkle9o9rot2rbiu1nn Query : update u_wsusers set rqsttoken =? where userid ='userls001'
20241017@083612.7451 d9fd4uc06ftbp2r9668blrhci3 Query : use flama_phc
20241017@083612.7456 d9fd4uc06ftbp2r9668blrhci3 Query : select secretkey valor from u_wsusers u where u.userid = ? and u.username=? and u.password=? and u.inactivo=0
20241017@083612.7539 d9fd4uc06ftbp2r9668blrhci3 Query : use flama_phc
20241017@083612.7542 d9fd4uc06ftbp2r9668blrhci3 Query : update u_wsusers set rqsttoken =? where userid ='userls001'
20241017@090626.1978 ua7kunn6q1a4mftbobev4rt8h6 Query : insert into uploadfiles ( name_original, name_new, option_type, relative_path, whencreated ) values ( ?, ?, ?, ?, getdate() )
20241017@090626.2002 ua7kunn6q1a4mftbobev4rt8h6 Query : select uploadfile_id valor from uploadfiles where name_new = ? and option_type = ? 
20241017@090626.2088 ua7kunn6q1a4mftbobev4rt8h6 Query : select concat(rtrim(relative_path),ltrim(name_new)) as valor from uploadfiles where uploadfile_id='2744';
20241017@090626.2152 ua7kunn6q1a4mftbobev4rt8h6 Query : update uploadfiles set whenupdated=current_timestamp where uploadfile_id='2744';
20241017@090626.2217 ua7kunn6q1a4mftbobev4rt8h6 Query : select concat(rtrim(relative_path),ltrim(name_new)) as valor from uploadfiles where uploadfile_id='2744';
20241017@090626.2248 ua7kunn6q1a4mftbobev4rt8h6 Query : update uploadfiles set whenupdated=current_timestamp where uploadfile_id='2744';
20241017@090626.2342 ua7kunn6q1a4mftbobev4rt8h6 Query : use flama_phc
20241017@090626.2345 ua7kunn6q1a4mftbobev4rt8h6 Query : select top 1 secretkey valor from u_wsusers u where u.userid = ? and u.inactivo=0
20241017@090626.2442 ua7kunn6q1a4mftbobev4rt8h6 Query : use flama_phc
20241017@090626.2445 ua7kunn6q1a4mftbobev4rt8h6 Query : select no, estab,szadrsdesc from szadrs where u_coddest=5187
20241017@090626.2519 ua7kunn6q1a4mftbobev4rt8h6 Query : select top 1 isnull(design,'') valor from st (nolock) left join stobs (nolock) on st.ref = stobs.ref where st.ref = '324.1417.00.1'
20241017@090626.2637 ua7kunn6q1a4mftbobev4rt8h6 Query : select top 1 bistamp valor from bi inner join bo on bo.bostamp=bi.bostamp where bo.ndos =240 and bo.boano =2067 and bo.obrano = 2406780 and bi.ref ='324.1417.00.1' and bi.lordem =1
20241017@090626.2989 ua7kunn6q1a4mftbobev4rt8h6 Query : select top 1 isnull(design,'') valor from st (nolock) left join stobs (nolock) on st.ref = stobs.ref where st.ref = '324.2222.00.1'
20241017@090626.3102 ua7kunn6q1a4mftbobev4rt8h6 Query : select top 1 bistamp valor from bi inner join bo on bo.bostamp=bi.bostamp where bo.ndos =240 and bo.boano =2067 and bo.obrano = 2406780 and bi.ref ='324.2222.00.1' and bi.lordem =2
20241017@090626.3394 ua7kunn6q1a4mftbobev4rt8h6 Query : select top 1 isnull(design,'') valor from st (nolock) left join stobs (nolock) on st.ref = stobs.ref where st.ref = '324.2223.00.1'
20241017@090626.3515 ua7kunn6q1a4mftbobev4rt8h6 Query : select top 1 bistamp valor from bi inner join bo on bo.bostamp=bi.bostamp where bo.ndos =240 and bo.boano =2067 and bo.obrano = 2406780 and bi.ref ='324.2223.00.1' and bi.lordem =3
20241017@090626.3807 ua7kunn6q1a4mftbobev4rt8h6 Query : select top 1 isnull(design,'') valor from st (nolock) left join stobs (nolock) on st.ref = stobs.ref where st.ref = '324.2224.00.1'
20241017@090626.3976 ua7kunn6q1a4mftbobev4rt8h6 Query : select top 1 bistamp valor from bi inner join bo on bo.bostamp=bi.bostamp where bo.ndos =240 and bo.boano =2067 and bo.obrano = 2406780 and bi.ref ='324.2224.00.1' and bi.lordem =4
20241017@090626.4276 ua7kunn6q1a4mftbobev4rt8h6 Query : select top 1 isnull(design,'') valor from st (nolock) left join stobs (nolock) on st.ref = stobs.ref where st.ref = '324.2224.00.1'
20241017@090626.4316 ua7kunn6q1a4mftbobev4rt8h6 Query : select top 1 bistamp valor from bi inner join bo on bo.bostamp=bi.bostamp where bo.ndos =240 and bo.boano =2067 and bo.obrano = 2406780 and bi.ref ='324.2224.00.1' and bi.lordem =4
20241017@090626.4332 ua7kunn6q1a4mftbobev4rt8h6 Query : select top 1 isnull(design,'') valor from st (nolock) left join stobs (nolock) on st.ref = stobs.ref where st.ref = '324.2907.00.1'
20241017@090626.5063 ua7kunn6q1a4mftbobev4rt8h6 Query : select top 1 bistamp valor from bi inner join bo on bo.bostamp=bi.bostamp where bo.ndos =240 and bo.boano =2067 and bo.obrano = 2406780 and bi.ref ='324.2907.00.1' and bi.lordem =5
20241017@090626.5847 ua7kunn6q1a4mftbobev4rt8h6 Query : select top 1 isnull(design,'') valor from st (nolock) left join stobs (nolock) on st.ref = stobs.ref where st.ref = '324.645.00.01'
20241017@090626.5967 ua7kunn6q1a4mftbobev4rt8h6 Query : select top 1 bistamp valor from bi inner join bo on bo.bostamp=bi.bostamp where bo.ndos =240 and bo.boano =2067 and bo.obrano = 2406780 and bi.ref ='324.645.00.01' and bi.lordem =6
20241017@090626.6422 ua7kunn6q1a4mftbobev4rt8h6 Query : select top 1 isnull(design,'') valor from st (nolock) left join stobs (nolock) on st.ref = stobs.ref where st.ref = '324.646.00.01'
20241017@090626.6542 ua7kunn6q1a4mftbobev4rt8h6 Query : select top 1 bistamp valor from bi inner join bo on bo.bostamp=bi.bostamp where bo.ndos =240 and bo.boano =2067 and bo.obrano = 2406780 and bi.ref ='324.646.00.01' and bi.lordem =7
20241017@090626.6842 ua7kunn6q1a4mftbobev4rt8h6 Query : select top 1 isnull(design,'') valor from st (nolock) left join stobs (nolock) on st.ref = stobs.ref where st.ref = '324.691.00.01'
20241017@090626.6957 ua7kunn6q1a4mftbobev4rt8h6 Query : select top 1 bistamp valor from bi inner join bo on bo.bostamp=bi.bostamp where bo.ndos =240 and bo.boano =2067 and bo.obrano = 2406780 and bi.ref ='324.691.00.01' and bi.lordem =8
20241017@090626.7274 ua7kunn6q1a4mftbobev4rt8h6 Query : select top 1 isnull(design,'') valor from st (nolock) left join stobs (nolock) on st.ref = stobs.ref where st.ref = '324.642.00.01'
20241017@090626.7390 ua7kunn6q1a4mftbobev4rt8h6 Query : select top 1 bistamp valor from bi inner join bo on bo.bostamp=bi.bostamp where bo.ndos =240 and bo.boano =2067 and bo.obrano = 2406780 and bi.ref ='324.642.00.01' and bi.lordem =9
20241017@090626.7938 ua7kunn6q1a4mftbobev4rt8h6 Query : select top 1 isnull(design,'') valor from st (nolock) left join stobs (nolock) on st.ref = stobs.ref where st.ref = '324.642.00.01'
20241017@090626.7960 ua7kunn6q1a4mftbobev4rt8h6 Query : select top 1 bistamp valor from bi inner join bo on bo.bostamp=bi.bostamp where bo.ndos =240 and bo.boano =2067 and bo.obrano = 2406780 and bi.ref ='324.642.00.01' and bi.lordem =9
20241017@090626.7977 ua7kunn6q1a4mftbobev4rt8h6 Query : select top 1 isnull(design,'') valor from st (nolock) left join stobs (nolock) on st.ref = stobs.ref where st.ref = '324.4521.00.1'
20241017@090626.8107 ua7kunn6q1a4mftbobev4rt8h6 Query : select top 1 bistamp valor from bi inner join bo on bo.bostamp=bi.bostamp where bo.ndos =240 and bo.boano =2067 and bo.obrano = 2406780 and bi.ref ='324.4521.00.1' and bi.lordem =10
20241017@090626.8607 ua7kunn6q1a4mftbobev4rt8h6 Query : select top 1 isnull(design,'') valor from st (nolock) left join stobs (nolock) on st.ref = stobs.ref where st.ref = '324.736.00.01'
20241017@090626.8730 ua7kunn6q1a4mftbobev4rt8h6 Query : select top 1 bistamp valor from bi inner join bo on bo.bostamp=bi.bostamp where bo.ndos =240 and bo.boano =2067 and bo.obrano = 2406780 and bi.ref ='324.736.00.01' and bi.lordem =11
20241017@090626.9067 ua7kunn6q1a4mftbobev4rt8h6 Query : select top 1 isnull(design,'') valor from st (nolock) left join stobs (nolock) on st.ref = stobs.ref where st.ref = '324.1705.00.1'
20241017@090626.9183 ua7kunn6q1a4mftbobev4rt8h6 Query : select top 1 bistamp valor from bi inner join bo on bo.bostamp=bi.bostamp where bo.ndos =240 and bo.boano =2067 and bo.obrano = 2406780 and bi.ref ='324.1705.00.1' and bi.lordem =12
20241017@090626.9480 ua7kunn6q1a4mftbobev4rt8h6 Query : select top 1 isnull(design,'') valor from st (nolock) left join stobs (nolock) on st.ref = stobs.ref where st.ref = '324.5342.00.1'
20241017@090626.9597 ua7kunn6q1a4mftbobev4rt8h6 Query : select top 1 bistamp valor from bi inner join bo on bo.bostamp=bi.bostamp where bo.ndos =240 and bo.boano =2067 and bo.obrano = 2406780 and bi.ref ='324.5342.00.1' and bi.lordem =13
20241017@090626.9948 ua7kunn6q1a4mftbobev4rt8h6 Query : select top 1 isnull(design,'') valor from st (nolock) left join stobs (nolock) on st.ref = stobs.ref where st.ref = '324.4930.00.1'
20241017@090627.6500 ua7kunn6q1a4mftbobev4rt8h6 Query : select top 1 bistamp valor from bi inner join bo on bo.bostamp=bi.bostamp where bo.ndos =240 and bo.boano =2067 and bo.obrano = 2406780 and bi.ref ='324.4930.00.1' and bi.lordem =14
20241017@090627.3610 ua7kunn6q1a4mftbobev4rt8h6 Query : select top 1 isnull(design,'') valor from st (nolock) left join stobs (nolock) on st.ref = stobs.ref where st.ref = '324.4964.00.1'
20241017@090627.4680 ua7kunn6q1a4mftbobev4rt8h6 Query : select top 1 bistamp valor from bi inner join bo on bo.bostamp=bi.bostamp where bo.ndos =240 and bo.boano =2067 and bo.obrano = 2406780 and bi.ref ='324.4964.00.1' and bi.lordem =15
20241017@090627.7440 ua7kunn6q1a4mftbobev4rt8h6 Query : select top 1 isnull(design,'') valor from st (nolock) left join stobs (nolock) on st.ref = stobs.ref where st.ref = '324.4902.00.1'
20241017@090627.8530 ua7kunn6q1a4mftbobev4rt8h6 Query : select top 1 bistamp valor from bi inner join bo on bo.bostamp=bi.bostamp where bo.ndos =240 and bo.boano =2067 and bo.obrano = 2406780 and bi.ref ='324.4902.00.1' and bi.lordem =16
20241017@090627.1210 ua7kunn6q1a4mftbobev4rt8h6 Query : select top 1 isnull(design,'') valor from st (nolock) left join stobs (nolock) on st.ref = stobs.ref where st.ref = '324.945.00.01'
20241017@090627.1315 ua7kunn6q1a4mftbobev4rt8h6 Query : select top 1 bistamp valor from bi inner join bo on bo.bostamp=bi.bostamp where bo.ndos =240 and bo.boano =2067 and bo.obrano = 2406780 and bi.ref ='324.945.00.01' and bi.lordem =17
20241017@090627.1606 ua7kunn6q1a4mftbobev4rt8h6 Query : select top 1 isnull(design,'') valor from st (nolock) left join stobs (nolock) on st.ref = stobs.ref where st.ref = '324.969.00.01'
20241017@090627.1766 ua7kunn6q1a4mftbobev4rt8h6 Query : select top 1 bistamp valor from bi inner join bo on bo.bostamp=bi.bostamp where bo.ndos =240 and bo.boano =2067 and bo.obrano = 2406780 and bi.ref ='324.969.00.01' and bi.lordem =18
20241017@090627.2058 ua7kunn6q1a4mftbobev4rt8h6 Query : select top 1 isnull(design,'') valor from st (nolock) left join stobs (nolock) on st.ref = stobs.ref where st.ref = '324.1317.00.1'
20241017@090627.2190 ua7kunn6q1a4mftbobev4rt8h6 Query : select top 1 bistamp valor from bi inner join bo on bo.bostamp=bi.bostamp where bo.ndos =240 and bo.boano =2067 and bo.obrano = 2406780 and bi.ref ='324.1317.00.1' and bi.lordem =19
20241017@090627.2522 ua7kunn6q1a4mftbobev4rt8h6 Query : select top 1 isnull(design,'') valor from st (nolock) left join stobs (nolock) on st.ref = stobs.ref where st.ref = '324.1317.00.1'
20241017@090627.2542 ua7kunn6q1a4mftbobev4rt8h6 Query : select top 1 bistamp valor from bi inner join bo on bo.bostamp=bi.bostamp where bo.ndos =240 and bo.boano =2067 and bo.obrano = 2406780 and bi.ref ='324.1317.00.1' and bi.lordem =19
20241017@090627.2558 ua7kunn6q1a4mftbobev4rt8h6 Query : select top 1 isnull(design,'') valor from st (nolock) left join stobs (nolock) on st.ref = stobs.ref where st.ref = '324.1317.00.1'
20241017@090627.2576 ua7kunn6q1a4mftbobev4rt8h6 Query : select top 1 bistamp valor from bi inner join bo on bo.bostamp=bi.bostamp where bo.ndos =240 and bo.boano =2067 and bo.obrano = 2406780 and bi.ref ='324.1317.00.1' and bi.lordem =19
20241017@090627.2591 ua7kunn6q1a4mftbobev4rt8h6 Query : select top 1 isnull(design,'') valor from st (nolock) left join stobs (nolock) on st.ref = stobs.ref where st.ref = '324.1321.00.1'
20241017@090627.2706 ua7kunn6q1a4mftbobev4rt8h6 Query : select top 1 bistamp valor from bi inner join bo on bo.bostamp=bi.bostamp where bo.ndos =240 and bo.boano =2067 and bo.obrano = 2406780 and bi.ref ='324.1321.00.1' and bi.lordem =20
20241017@090627.2999 ua7kunn6q1a4mftbobev4rt8h6 Query : select top 1 isnull(design,'') valor from st (nolock) left join stobs (nolock) on st.ref = stobs.ref where st.ref = '324.1321.00.1'
20241017@090627.3019 ua7kunn6q1a4mftbobev4rt8h6 Query : select top 1 bistamp valor from bi inner join bo on bo.bostamp=bi.bostamp where bo.ndos =240 and bo.boano =2067 and bo.obrano = 2406780 and bi.ref ='324.1321.00.1' and bi.lordem =20
20241017@090627.3035 ua7kunn6q1a4mftbobev4rt8h6 Query : select top 1 isnull(design,'') valor from st (nolock) left join stobs (nolock) on st.ref = stobs.ref where st.ref = '324.1321.00.1'
20241017@090627.3063 ua7kunn6q1a4mftbobev4rt8h6 Query : select top 1 bistamp valor from bi inner join bo on bo.bostamp=bi.bostamp where bo.ndos =240 and bo.boano =2067 and bo.obrano = 2406780 and bi.ref ='324.1321.00.1' and bi.lordem =20
20241017@090627.3081 ua7kunn6q1a4mftbobev4rt8h6 Query : use flama_phc
20241017@090627.3084 ua7kunn6q1a4mftbobev4rt8h6 Query : select top 1 convert(date,fdata) valor from ft where ndoc = 39 and anulado= 0 and fno>0 order by fdata desc
20241017@090627.3261 ua7kunn6q1a4mftbobev4rt8h6 Query : use flama_phc
20241017@090627.3264 ua7kunn6q1a4mftbobev4rt8h6 Query : select top 1 1 valor from td where td.ndoc = 39
20241017@090627.3330 ua7kunn6q1a4mftbobev4rt8h6 Query : use flama_phc
20241017@090627.3333 ua7kunn6q1a4mftbobev4rt8h6 Query : select lower(descricao) descricao ,case when valor='s' then 1 else 0 end valor from para1 where descricao in ('st_lote','st_usalogifunc', 'st_grelha')
20241017@090627.3404 ua7kunn6q1a4mftbobev4rt8h6 Query : select top 1 manternumero ,assinadoc issigned ,tiposaft ,assinaimp ,nmdos ,td.assinadoc ,'cl' origin ,lancasl stocks ,case when cmsl<50 and td.lancasl=1 then 1 else 0 end entrada ,case when cmsl>50 and td.lancasl=1 then 1 else 0 end saida ,temserie assets ,~semgre usegridfields from td inner join td2 on td.tdstamp=td2.td2stamp where td.ndoc = 1
20241017@090627.3518 ua7kunn6q1a4mftbobev4rt8h6 Query : use flama_phc
20241017@090627.3524 ua7kunn6q1a4mftbobev4rt8h6 Query : select top 1 ~inactivo valor from cl where no = '200500' and estab = 0 order by inactivo desc
20241017@090627.3618 ua7kunn6q1a4mftbobev4rt8h6 Query : use flama_phc
20241017@090627.3621 ua7kunn6q1a4mftbobev4rt8h6 Query : select top 1 tipodoc,regrd from td where ndoc = 39
20241017@090627.3692 ua7kunn6q1a4mftbobev4rt8h6 Query : use flama_phc
20241017@090627.3695 ua7kunn6q1a4mftbobev4rt8h6 Query : select szadrsstamp valor from szadrs where szadrsdesc='espaÇotrans,lda'
20241017@090627.3759 ua7kunn6q1a4mftbobev4rt8h6 Query : use flama_phc
20241017@090627.3763 ua7kunn6q1a4mftbobev4rt8h6 Query : select szadrsstamp valor from szadrs where szadrsdesc='eldisser, s.a. - grucoga'
20241017@090627.3811 ua7kunn6q1a4mftbobev4rt8h6 Query : use flama_phc
20241017@090627.3814 ua7kunn6q1a4mftbobev4rt8h6 Query : select 1 valor from td where ndoc = 39
20241017@090627.3866 ua7kunn6q1a4mftbobev4rt8h6 Query : select top 1 manternumero, tiposaft, nmdos,td.assinadoc from td where td.ndoc = 39
20241017@090627.3918 ua7kunn6q1a4mftbobev4rt8h6 Query : select 1 valor from information_schema.tables where table_type='base table' and table_name='wstablefields'
20241017@090627.4306 ua7kunn6q1a4mftbobev4rt8h6 Query : select fieldkey,fieldname,fieldtype,mandatory from wstablefields where tablename = 'ft' and documentnumber = 39
20241017@090627.4389 ua7kunn6q1a4mftbobev4rt8h6 Query : select 1 valor from information_schema.tables where table_type='base table' and table_name='wstablefields'
20241017@090627.4416 ua7kunn6q1a4mftbobev4rt8h6 Query : select fieldkey,fieldname,fieldtype,mandatory from wstablefields where tablename = 'ft2' and documentnumber = 39
20241017@090627.4449 ua7kunn6q1a4mftbobev4rt8h6 Query : select 1 valor from information_schema.tables where table_type='base table' and table_name='wstablefields'
20241017@090627.4465 ua7kunn6q1a4mftbobev4rt8h6 Query : select fieldkey,fieldname,fieldtype,mandatory from wstablefields where tablename = 'ft3' and documentnumber = 39
20241017@090627.4481 ua7kunn6q1a4mftbobev4rt8h6 Query : select top 1 ft.fno valor from ft ft where ft.ndoc = 39 and ftano=2024 order by fno desc
20241017@090627.4693 ua7kunn6q1a4mftbobev4rt8h6 Query : select top 1 ft.fno valor from wsftdata ft where ft.ndoc = 39 and ftano=2024 order by fno desc
20241017@090627.4801 ua7kunn6q1a4mftbobev4rt8h6 Query : select 1 valor from information_schema.tables where table_type='base table' and table_name='wstablefields'
20241017@090627.4821 ua7kunn6q1a4mftbobev4rt8h6 Query : select fieldkey,fieldname,fieldtype,calcformula from wstablefields where tablename = 'ft3' and documentnumber = 39
20241017@090627.4865 ua7kunn6q1a4mftbobev4rt8h6 Query : insert into wsft3data (ft3stamp, ousrdata, ousrhora, usrdata,usrhora,ousrinis,usrinis,taxpointdt ) values ('aut6710c667006710c5836d' ,getdate(),convert(char(8),convert (time,getdate())),getdate(),convert(char(8),convert (time,getdate())),'wsv','wsv',?)
20241017@090627.5538 ua7kunn6q1a4mftbobev4rt8h6 Query : select 1 valor from information_schema.tables where table_type='base table' and table_name='wstablefields'
20241017@090627.5564 ua7kunn6q1a4mftbobev4rt8h6 Query : select fieldkey,fieldname,fieldtype,calcformula from wstablefields where tablename = 'ft2' and documentnumber = 39
20241017@090627.5598 ua7kunn6q1a4mftbobev4rt8h6 Query : select top 1 bo.u_nomeenv valor from bo where bo.bostamp=''
20241017@090627.5669 ua7kunn6q1a4mftbobev4rt8h6 Query : select top 1 bo.u_moradaen valor from bo where bo.bostamp=''
20241017@090627.5730 ua7kunn6q1a4mftbobev4rt8h6 Query : select top 1 bo.u_codposen valor from bo where bo.bostamp=''
20241017@090627.5791 ua7kunn6q1a4mftbobev4rt8h6 Query : select top 1 bo.u_localenv valor from bo where bo.bostamp=''
20241017@090627.5855 ua7kunn6q1a4mftbobev4rt8h6 Query : select top 1 bo.trab5 valor from bo where bo.bostamp=''
20241017@090627.5970 ua7kunn6q1a4mftbobev4rt8h6 Query : select top 1 bo.serie valor from bo where bo.bostamp=''
20241017@090627.6039 ua7kunn6q1a4mftbobev4rt8h6 Query : insert into wsft2data (ft2stamp, ousrdata,ousrhora, usrdata,usrhora,ousrinis,usrinis,u_nomeenv ,u_moradaen ,u_codposen ,u_localenv ,u_coddest ,u_codby ) values ('aut6710c667006710c5836d',getdate(),convert(char(8),convert (time,getdate())),getdate(),convert(char(8),convert (time,getdate())),'wsv','wsv',?,?,?,?,?,?)
20241017@090627.7136 ua7kunn6q1a4mftbobev4rt8h6 Query : select top 1 fno valor from wsftdata order by fno desc
20241017@090627.7220 ua7kunn6q1a4mftbobev4rt8h6 Query : select 1 valor from information_schema.tables where table_type='base table' and table_name='wstablefields'
20241017@090627.7240 ua7kunn6q1a4mftbobev4rt8h6 Query : select fieldkey,fieldname,fieldtype,calcformula from wstablefields where tablename = 'ft' and documentnumber = 39
20241017@090627.7264 ua7kunn6q1a4mftbobev4rt8h6 Query : select 'normal' from dummy
20241017@090627.7314 ua7kunn6q1a4mftbobev4rt8h6 Query : insert into wsftdata (ftstamp, ousrdata,ousrhora, usrdata,usrhora,ousrinis,usrinis,fno,no,estab,fdata,ndoc,moeda,cambio,cambiofixo,ftano,site ,classe ) values ('aut6710c667006710c5836d',getdate(),convert(char(8),convert (time,getdate())),getdate(),convert(char(8),convert (time,getdate())),'wsv','wsv',1342,200500,0,'2024-10-17',39,'euro',0,0,2024 ,?,?)
20241017@090627.8687 ua7kunn6q1a4mftbobev4rt8h6 Query : use flama_phc
20241017@090627.8690 ua7kunn6q1a4mftbobev4rt8h6 Query : select st.usalote valor from st where st.ref = '324.1417.00.1'
20241017@090627.8785 ua7kunn6q1a4mftbobev4rt8h6 Query : select top 1 st.tabiva ,st.ivaincl ,st.stns ,st.uni2 ,st.familia ,isnull(tx.taxa, 0) txiva ,unidade ,usalote ,epcpond ,noserie ,conversao ,st.texteis from st left join taxasiva tx on st.tabiva = tx.codigo where st.ref = '324.1417.00.1'
20241017@090627.8902 ua7kunn6q1a4mftbobev4rt8h6 Query : select 1 valor from information_schema.tables where table_type='base table' and table_name='wstablefields'
20241017@090627.8918 ua7kunn6q1a4mftbobev4rt8h6 Query : select fieldkey,fieldname,fieldtype,mandatory from wstablefields where tablename = 'fi' and documentnumber = 39
20241017@090627.8947 ua7kunn6q1a4mftbobev4rt8h6 Query : select 1 valor from information_schema.tables where table_type='base table' and table_name='wstablefields'
20241017@090627.8963 ua7kunn6q1a4mftbobev4rt8h6 Query : select fieldkey,fieldname,fieldtype,mandatory from wstablefields where tablename = 'fi2' and documentnumber = 39
20241017@090627.8973 ua7kunn6q1a4mftbobev4rt8h6 Query : select top 1 convert(numeric(6,2),t.taxa) valor from taxasiva t where t.codigo='2'
20241017@090627.9019 ua7kunn6q1a4mftbobev4rt8h6 Query : select sestamp valor from se where ref ='324.1417.00.1' and lote = 'r2101088200a'
20241017@090627.9078 ua7kunn6q1a4mftbobev4rt8h6 Query : select 1 valor from information_schema.tables where table_type='base table' and table_name='wstablefields'
20241017@090627.9094 ua7kunn6q1a4mftbobev4rt8h6 Query : select fieldkey,fieldname,fieldtype,calcformula from wstablefields where tablename = 'fi2' and documentnumber = 39
20241017@090627.9109 ua7kunn6q1a4mftbobev4rt8h6 Query : insert into wsfi2data (fi2stamp,ftstamp ,ousrdata, ousrhora, usrdata,usrhora,ousrinis,usrinis) values ('aut6710c183276710c583dd','aut6710c667006710c5836d' ,getdate(),convert(char(8),convert (time,getdate())),getdate(),convert(char(8),convert (time,getdate())),'wsv','wsv')
20241017@090627.9203 ua7kunn6q1a4mftbobev4rt8h6 Query : select 1 valor from information_schema.tables where table_type='base table' and table_name='wstablefields'
20241017@090627.9221 ua7kunn6q1a4mftbobev4rt8h6 Query : select fieldkey,fieldname,fieldtype,calcformula from wstablefields where tablename = 'fi' and documentnumber = 39
20241017@090627.9251 ua7kunn6q1a4mftbobev4rt8h6 Query : insert into wsfidata (fistamp,ousrdata, ousrhora, usrdata,usrhora,ousrinis,usrinis ,qtt ,ftstamp ,epv,pvmoeda ,tabiva,iva,lordem ,ref, design ,lote,armazem,bistamp ) values ('aut6710c183276710c583dd',getdate(),convert(char(8),convert (time,getdate())),getdate(),convert(char(8),convert (time,getdate())),'wsv','wsv',4.000 ,'aut6710c667006710c5836d' ,0,0 ,2,23.00,10000,?,?,?,?,?)
20241017@090628.1690 ua7kunn6q1a4mftbobev4rt8h6 Query : select 1 valor from information_schema.tables where table_type='base table' and table_name='wstablefields'
20241017@090628.1880 ua7kunn6q1a4mftbobev4rt8h6 Query : select fieldkey,fieldname,fieldtype,mandatory from wstablefields where tablename = 'fi' and documentnumber = 39
20241017@090628.2160 ua7kunn6q1a4mftbobev4rt8h6 Query : select 1 valor from information_schema.tables where table_type='base table' and table_name='wstablefields'
20241017@090628.2310 ua7kunn6q1a4mftbobev4rt8h6 Query : select fieldkey,fieldname,fieldtype,mandatory from wstablefields where tablename = 'fi2' and documentnumber = 39
20241017@090628.2410 ua7kunn6q1a4mftbobev4rt8h6 Query : select top 1 convert(numeric(6,2),t.taxa) valor from taxasiva t where t.codigo='2'
20241017@090628.2540 ua7kunn6q1a4mftbobev4rt8h6 Query : select 1 valor from information_schema.tables where table_type='base table' and table_name='wstablefields'
20241017@090628.2700 ua7kunn6q1a4mftbobev4rt8h6 Query : select fieldkey,fieldname,fieldtype,calcformula from wstablefields where tablename = 'fi2' and documentnumber = 39
20241017@090628.2820 ua7kunn6q1a4mftbobev4rt8h6 Query : insert into wsfi2data (fi2stamp,ftstamp ,ousrdata, ousrhora, usrdata,usrhora,ousrinis,usrinis) values ('aut6710c786256710c58406','aut6710c667006710c5836d' ,getdate(),convert(char(8),convert (time,getdate())),getdate(),convert(char(8),convert (time,getdate())),'wsv','wsv')
20241017@090628.2870 ua7kunn6q1a4mftbobev4rt8h6 Query : select 1 valor from information_schema.tables where table_type='base table' and table_name='wstablefields'
20241017@090628.3260 ua7kunn6q1a4mftbobev4rt8h6 Query : select fieldkey,fieldname,fieldtype,calcformula from wstablefields where tablename = 'fi' and documentnumber = 39
20241017@090628.3610 ua7kunn6q1a4mftbobev4rt8h6 Query : insert into wsfidata (fistamp,ousrdata, ousrhora, usrdata,usrhora,ousrinis,usrinis ,qtt ,ftstamp ,epv,pvmoeda ,tabiva,iva,lordem ,ref, design ,armazem) values ('aut6710c786256710c58406',getdate(),convert(char(8),convert (time,getdate())),getdate(),convert(char(8),convert (time,getdate())),'wsv','wsv',0 ,'aut6710c667006710c5836d' ,0,0 ,2,23.00,20000,?,?,?)
20241017@090628.5760 ua7kunn6q1a4mftbobev4rt8h6 Query : use flama_phc
20241017@090628.5790 ua7kunn6q1a4mftbobev4rt8h6 Query : select st.usalote valor from st where st.ref = '324.2222.00.1'
20241017@090628.5980 ua7kunn6q1a4mftbobev4rt8h6 Query : select top 1 st.tabiva ,st.ivaincl ,st.stns ,st.uni2 ,st.familia ,isnull(tx.taxa, 0) txiva ,unidade ,usalote ,epcpond ,noserie ,conversao ,st.texteis from st left join taxasiva tx on st.tabiva = tx.codigo where st.ref = '324.2222.00.1'
20241017@090628.9260 ua7kunn6q1a4mftbobev4rt8h6 Query : select 1 valor from information_schema.tables where table_type='base table' and table_name='wstablefields'
20241017@090628.9430 ua7kunn6q1a4mftbobev4rt8h6 Query : select fieldkey,fieldname,fieldtype,mandatory from wstablefields where tablename = 'fi' and documentnumber = 39
20241017@090628.9710 ua7kunn6q1a4mftbobev4rt8h6 Query : select 1 valor from information_schema.tables where table_type='base table' and table_name='wstablefields'
20241017@090628.9860 ua7kunn6q1a4mftbobev4rt8h6 Query : select fieldkey,fieldname,fieldtype,mandatory from wstablefields where tablename = 'fi2' and documentnumber = 39
20241017@090628.9950 ua7kunn6q1a4mftbobev4rt8h6 Query : select top 1 convert(numeric(6,2),t.taxa) valor from taxasiva t where t.codigo='2'
20241017@090628.1008 ua7kunn6q1a4mftbobev4rt8h6 Query : select sestamp valor from se where ref ='324.2222.00.1' and lote = 'r2301280100a'
20241017@090628.1024 ua7kunn6q1a4mftbobev4rt8h6 Query : select 1 valor from information_schema.tables where table_type='base table' and table_name='wstablefields'
20241017@090628.1039 ua7kunn6q1a4mftbobev4rt8h6 Query : select fieldkey,fieldname,fieldtype,calcformula from wstablefields where tablename = 'fi2' and documentnumber = 39
20241017@090628.1051 ua7kunn6q1a4mftbobev4rt8h6 Query : insert into wsfi2data (fi2stamp,ftstamp ,ousrdata, ousrhora, usrdata,usrhora,ousrinis,usrinis) values ('aut6710c508876710c58419','aut6710c667006710c5836d' ,getdate(),convert(char(8),convert (time,getdate())),getdate(),convert(char(8),convert (time,getdate())),'wsv','wsv')
20241017@090628.1055 ua7kunn6q1a4mftbobev4rt8h6 Query : select 1 valor from information_schema.tables where table_type='base table' and table_name='wstablefields'
20241017@090628.1070 ua7kunn6q1a4mftbobev4rt8h6 Query : select fieldkey,fieldname,fieldtype,calcformula from wstablefields where tablename = 'fi' and documentnumber = 39
20241017@090628.1100 ua7kunn6q1a4mftbobev4rt8h6 Query : insert into wsfidata (fistamp,ousrdata, ousrhora, usrdata,usrhora,ousrinis,usrinis ,qtt ,ftstamp ,epv,pvmoeda ,tabiva,iva,lordem ,ref, design ,lote,armazem,bistamp ) values ('aut6710c508876710c58419',getdate(),convert(char(8),convert (time,getdate())),getdate(),convert(char(8),convert (time,getdate())),'wsv','wsv',8.000 ,'aut6710c667006710c5836d' ,0,0 ,2,23.00,40000,?,?,?,?,?)
20241017@090628.1319 ua7kunn6q1a4mftbobev4rt8h6 Query : use flama_phc
20241017@090628.1322 ua7kunn6q1a4mftbobev4rt8h6 Query : select st.usalote valor from st where st.ref = '324.2223.00.1'
20241017@090628.1345 ua7kunn6q1a4mftbobev4rt8h6 Query : select top 1 st.tabiva ,st.ivaincl ,st.stns ,st.uni2 ,st.familia ,isnull(tx.taxa, 0) txiva ,unidade ,usalote ,epcpond ,noserie ,conversao ,st.texteis from st left join taxasiva tx on st.tabiva = tx.codigo where st.ref = '324.2223.00.1'
20241017@090628.1465 ua7kunn6q1a4mftbobev4rt8h6 Query : select 1 valor from information_schema.tables where table_type='base table' and table_name='wstablefields'
20241017@090628.1481 ua7kunn6q1a4mftbobev4rt8h6 Query : select fieldkey,fieldname,fieldtype,mandatory from wstablefields where tablename = 'fi' and documentnumber = 39
20241017@090628.1507 ua7kunn6q1a4mftbobev4rt8h6 Query : select 1 valor from information_schema.tables where table_type='base table' and table_name='wstablefields'
20241017@090628.1521 ua7kunn6q1a4mftbobev4rt8h6 Query : select fieldkey,fieldname,fieldtype,mandatory from wstablefields where tablename = 'fi2' and documentnumber = 39
20241017@090628.1530 ua7kunn6q1a4mftbobev4rt8h6 Query : select top 1 convert(numeric(6,2),t.taxa) valor from taxasiva t where t.codigo='2'
20241017@090628.1542 ua7kunn6q1a4mftbobev4rt8h6 Query : select sestamp valor from se where ref ='324.2223.00.1' and lote = 'r2301281500a'
20241017@090628.1556 ua7kunn6q1a4mftbobev4rt8h6 Query : select 1 valor from information_schema.tables where table_type='base table' and table_name='wstablefields'
20241017@090628.1571 ua7kunn6q1a4mftbobev4rt8h6 Query : select fieldkey,fieldname,fieldtype,calcformula from wstablefields where tablename = 'fi2' and documentnumber = 39
20241017@090628.1582 ua7kunn6q1a4mftbobev4rt8h6 Query : insert into wsfi2data (fi2stamp,ftstamp ,ousrdata, ousrhora, usrdata,usrhora,ousrinis,usrinis) values ('aut6710c911466710c58426','aut6710c667006710c5836d' ,getdate(),convert(char(8),convert (time,getdate())),getdate(),convert(char(8),convert (time,getdate())),'wsv','wsv')
20241017@090628.1586 ua7kunn6q1a4mftbobev4rt8h6 Query : select 1 valor from information_schema.tables where table_type='base table' and table_name='wstablefields'
20241017@090628.1601 ua7kunn6q1a4mftbobev4rt8h6 Query : select fieldkey,fieldname,fieldtype,calcformula from wstablefields where tablename = 'fi' and documentnumber = 39
20241017@090628.1632 ua7kunn6q1a4mftbobev4rt8h6 Query : insert into wsfidata (fistamp,ousrdata, ousrhora, usrdata,usrhora,ousrinis,usrinis ,qtt ,ftstamp ,epv,pvmoeda ,tabiva,iva,lordem ,ref, design ,lote,armazem,bistamp ) values ('aut6710c911466710c58426',getdate(),convert(char(8),convert (time,getdate())),getdate(),convert(char(8),convert (time,getdate())),'wsv','wsv',4.000 ,'aut6710c667006710c5836d' ,0,0 ,2,23.00,50000,?,?,?,?,?)
20241017@090628.1998 ua7kunn6q1a4mftbobev4rt8h6 Query : use flama_phc
20241017@090628.2002 ua7kunn6q1a4mftbobev4rt8h6 Query : select st.usalote valor from st where st.ref = '324.2224.00.1'
20241017@090628.2023 ua7kunn6q1a4mftbobev4rt8h6 Query : select top 1 st.tabiva ,st.ivaincl ,st.stns ,st.uni2 ,st.familia ,isnull(tx.taxa, 0) txiva ,unidade ,usalote ,epcpond ,noserie ,conversao ,st.texteis from st left join taxasiva tx on st.tabiva = tx.codigo where st.ref = '324.2224.00.1'
20241017@090628.2190 ua7kunn6q1a4mftbobev4rt8h6 Query : select 1 valor from information_schema.tables where table_type='base table' and table_name='wstablefields'
20241017@090628.2207 ua7kunn6q1a4mftbobev4rt8h6 Query : select fieldkey,fieldname,fieldtype,mandatory from wstablefields where tablename = 'fi' and documentnumber = 39
20241017@090628.2233 ua7kunn6q1a4mftbobev4rt8h6 Query : select 1 valor from information_schema.tables where table_type='base table' and table_name='wstablefields'
20241017@090628.2248 ua7kunn6q1a4mftbobev4rt8h6 Query : select fieldkey,fieldname,fieldtype,mandatory from wstablefields where tablename = 'fi2' and documentnumber = 39
20241017@090628.2257 ua7kunn6q1a4mftbobev4rt8h6 Query : select top 1 convert(numeric(6,2),t.taxa) valor from taxasiva t where t.codigo='2'
20241017@090628.2269 ua7kunn6q1a4mftbobev4rt8h6 Query : select sestamp valor from se where ref ='324.2224.00.1' and lote = 'r2301280100a'
20241017@090628.2285 ua7kunn6q1a4mftbobev4rt8h6 Query : select 1 valor from information_schema.tables where table_type='base table' and table_name='wstablefields'
20241017@090628.2300 ua7kunn6q1a4mftbobev4rt8h6 Query : select fieldkey,fieldname,fieldtype,calcformula from wstablefields where tablename = 'fi2' and documentnumber = 39
20241017@090628.2312 ua7kunn6q1a4mftbobev4rt8h6 Query : insert into wsfi2data (fi2stamp,ftstamp ,ousrdata, ousrhora, usrdata,usrhora,ousrinis,usrinis) values ('aut6710c911946710c58437','aut6710c667006710c5836d' ,getdate(),convert(char(8),convert (time,getdate())),getdate(),convert(char(8),convert (time,getdate())),'wsv','wsv')
20241017@090628.2316 ua7kunn6q1a4mftbobev4rt8h6 Query : select 1 valor from information_schema.tables where table_type='base table' and table_name='wstablefields'
20241017@090628.2332 ua7kunn6q1a4mftbobev4rt8h6 Query : select fieldkey,fieldname,fieldtype,calcformula from wstablefields where tablename = 'fi' and documentnumber = 39
20241017@090628.2367 ua7kunn6q1a4mftbobev4rt8h6 Query : insert into wsfidata (fistamp,ousrdata, ousrhora, usrdata,usrhora,ousrinis,usrinis ,qtt ,ftstamp ,epv,pvmoeda ,tabiva,iva,lordem ,ref, design ,lote,armazem,bistamp ) values ('aut6710c911946710c58437',getdate(),convert(char(8),convert (time,getdate())),getdate(),convert(char(8),convert (time,getdate())),'wsv','wsv',4.000 ,'aut6710c667006710c5836d' ,0,0 ,2,23.00,60000,?,?,?,?,?)
20241017@090628.2586 ua7kunn6q1a4mftbobev4rt8h6 Query : use flama_phc
20241017@090628.2590 ua7kunn6q1a4mftbobev4rt8h6 Query : select st.usalote valor from st where st.ref = '324.2224.00.1'
20241017@090628.2609 ua7kunn6q1a4mftbobev4rt8h6 Query : select top 1 st.tabiva ,st.ivaincl ,st.stns ,st.uni2 ,st.familia ,isnull(tx.taxa, 0) txiva ,unidade ,usalote ,epcpond ,noserie ,conversao ,st.texteis from st left join taxasiva tx on st.tabiva = tx.codigo where st.ref = '324.2224.00.1'
20241017@090628.2623 ua7kunn6q1a4mftbobev4rt8h6 Query : select 1 valor from information_schema.tables where table_type='base table' and table_name='wstablefields'
20241017@090628.2639 ua7kunn6q1a4mftbobev4rt8h6 Query : select fieldkey,fieldname,fieldtype,mandatory from wstablefields where tablename = 'fi' and documentnumber = 39
20241017@090628.2669 ua7kunn6q1a4mftbobev4rt8h6 Query : select 1 valor from information_schema.tables where table_type='base table' and table_name='wstablefields'
20241017@090628.2684 ua7kunn6q1a4mftbobev4rt8h6 Query : select fieldkey,fieldname,fieldtype,mandatory from wstablefields where tablename = 'fi2' and documentnumber = 39
20241017@090628.2694 ua7kunn6q1a4mftbobev4rt8h6 Query : select top 1 convert(numeric(6,2),t.taxa) valor from taxasiva t where t.codigo='2'
20241017@090628.2707 ua7kunn6q1a4mftbobev4rt8h6 Query : select sestamp valor from se where ref ='324.2224.00.1' and lote = 'r2301280100a'
20241017@090628.2719 ua7kunn6q1a4mftbobev4rt8h6 Query : select 1 valor from information_schema.tables where table_type='base table' and table_name='wstablefields'
20241017@090628.2734 ua7kunn6q1a4mftbobev4rt8h6 Query : select fieldkey,fieldname,fieldtype,calcformula from wstablefields where tablename = 'fi2' and documentnumber = 39
20241017@090628.2746 ua7kunn6q1a4mftbobev4rt8h6 Query : insert into wsfi2data (fi2stamp,ftstamp ,ousrdata, ousrhora, usrdata,usrhora,ousrinis,usrinis) values ('aut6710c622306710c58442','aut6710c667006710c5836d' ,getdate(),convert(char(8),convert (time,getdate())),getdate(),convert(char(8),convert (time,getdate())),'wsv','wsv')
20241017@090628.2751 ua7kunn6q1a4mftbobev4rt8h6 Query : select 1 valor from information_schema.tables where table_type='base table' and table_name='wstablefields'
20241017@090628.2776 ua7kunn6q1a4mftbobev4rt8h6 Query : select fieldkey,fieldname,fieldtype,calcformula from wstablefields where tablename = 'fi' and documentnumber = 39
20241017@090628.2805 ua7kunn6q1a4mftbobev4rt8h6 Query : insert into wsfidata (fistamp,ousrdata, ousrhora, usrdata,usrhora,ousrinis,usrinis ,qtt ,ftstamp ,epv,pvmoeda ,tabiva,iva,lordem ,ref, design ,lote,armazem,bistamp ) values ('aut6710c622306710c58442',getdate(),convert(char(8),convert (time,getdate())),getdate(),convert(char(8),convert (time,getdate())),'wsv','wsv',4.000 ,'aut6710c667006710c5836d' ,0,0 ,2,23.00,70000,?,?,?,?,?)
20241017@090628.3088 ua7kunn6q1a4mftbobev4rt8h6 Query : use flama_phc
20241017@090628.3092 ua7kunn6q1a4mftbobev4rt8h6 Query : select st.usalote valor from st where st.ref = '324.2907.00.1'
20241017@090628.3113 ua7kunn6q1a4mftbobev4rt8h6 Query : select top 1 st.tabiva ,st.ivaincl ,st.stns ,st.uni2 ,st.familia ,isnull(tx.taxa, 0) txiva ,unidade ,usalote ,epcpond ,noserie ,conversao ,st.texteis from st left join taxasiva tx on st.tabiva = tx.codigo where st.ref = '324.2907.00.1'
20241017@090628.3254 ua7kunn6q1a4mftbobev4rt8h6 Query : select 1 valor from information_schema.tables where table_type='base table' and table_name='wstablefields'
20241017@090628.3561 ua7kunn6q1a4mftbobev4rt8h6 Query : select fieldkey,fieldname,fieldtype,mandatory from wstablefields where tablename = 'fi' and documentnumber = 39
20241017@090628.3589 ua7kunn6q1a4mftbobev4rt8h6 Query : select 1 valor from information_schema.tables where table_type='base table' and table_name='wstablefields'
20241017@090628.3605 ua7kunn6q1a4mftbobev4rt8h6 Query : select fieldkey,fieldname,fieldtype,mandatory from wstablefields where tablename = 'fi2' and documentnumber = 39
20241017@090628.3614 ua7kunn6q1a4mftbobev4rt8h6 Query : select top 1 convert(numeric(6,2),t.taxa) valor from taxasiva t where t.codigo='2'
20241017@090628.3627 ua7kunn6q1a4mftbobev4rt8h6 Query : select sestamp valor from se where ref ='324.2907.00.1' and lote = 'r2400091200a'
20241017@090628.3641 ua7kunn6q1a4mftbobev4rt8h6 Query : select 1 valor from information_schema.tables where table_type='base table' and table_name='wstablefields'
20241017@090628.3656 ua7kunn6q1a4mftbobev4rt8h6 Query : select fieldkey,fieldname,fieldtype,calcformula from wstablefields where tablename = 'fi2' and documentnumber = 39
20241017@090628.3667 ua7kunn6q1a4mftbobev4rt8h6 Query : insert into wsfi2data (fi2stamp,ftstamp ,ousrdata, ousrhora, usrdata,usrhora,ousrinis,usrinis) values ('aut6710c375806710c58458','aut6710c667006710c5836d' ,getdate(),convert(char(8),convert (time,getdate())),getdate(),convert(char(8),convert (time,getdate())),'wsv','wsv')
20241017@090628.3672 ua7kunn6q1a4mftbobev4rt8h6 Query : select 1 valor from information_schema.tables where table_type='base table' and table_name='wstablefields'
20241017@090628.3687 ua7kunn6q1a4mftbobev4rt8h6 Query : select fieldkey,fieldname,fieldtype,calcformula from wstablefields where tablename = 'fi' and documentnumber = 39
20241017@090628.3714 ua7kunn6q1a4mftbobev4rt8h6 Query : insert into wsfidata (fistamp,ousrdata, ousrhora, usrdata,usrhora,ousrinis,usrinis ,qtt ,ftstamp ,epv,pvmoeda ,tabiva,iva,lordem ,ref, design ,lote,armazem,bistamp ) values ('aut6710c375806710c58458',getdate(),convert(char(8),convert (time,getdate())),getdate(),convert(char(8),convert (time,getdate())),'wsv','wsv',12.000 ,'aut6710c667006710c5836d' ,0,0 ,2,23.00,80000,?,?,?,?,?)
20241017@090628.3934 ua7kunn6q1a4mftbobev4rt8h6 Query : use flama_phc
20241017@090628.3937 ua7kunn6q1a4mftbobev4rt8h6 Query : select st.usalote valor from st where st.ref = '324.645.00.01'
20241017@090628.3958 ua7kunn6q1a4mftbobev4rt8h6 Query : select top 1 st.tabiva ,st.ivaincl ,st.stns ,st.uni2 ,st.familia ,isnull(tx.taxa, 0) txiva ,unidade ,usalote ,epcpond ,noserie ,conversao ,st.texteis from st left join taxasiva tx on st.tabiva = tx.codigo where st.ref = '324.645.00.01'
20241017@090628.4071 ua7kunn6q1a4mftbobev4rt8h6 Query : select 1 valor from information_schema.tables where table_type='base table' and table_name='wstablefields'
20241017@090628.4086 ua7kunn6q1a4mftbobev4rt8h6 Query : select fieldkey,fieldname,fieldtype,mandatory from wstablefields where tablename = 'fi' and documentnumber = 39
20241017@090628.4112 ua7kunn6q1a4mftbobev4rt8h6 Query : select 1 valor from information_schema.tables where table_type='base table' and table_name='wstablefields'
20241017@090628.4127 ua7kunn6q1a4mftbobev4rt8h6 Query : select fieldkey,fieldname,fieldtype,mandatory from wstablefields where tablename = 'fi2' and documentnumber = 39
20241017@090628.4135 ua7kunn6q1a4mftbobev4rt8h6 Query : select top 1 convert(numeric(6,2),t.taxa) valor from taxasiva t where t.codigo='2'
20241017@090628.4148 ua7kunn6q1a4mftbobev4rt8h6 Query : select sestamp valor from se where ref ='324.645.00.01' and lote = 'r2301260200a'
20241017@090628.4161 ua7kunn6q1a4mftbobev4rt8h6 Query : select 1 valor from information_schema.tables where table_type='base table' and table_name='wstablefields'
20241017@090628.4176 ua7kunn6q1a4mftbobev4rt8h6 Query : select fieldkey,fieldname,fieldtype,calcformula from wstablefields where tablename = 'fi2' and documentnumber = 39
20241017@090628.4188 ua7kunn6q1a4mftbobev4rt8h6 Query : insert into wsfi2data (fi2stamp,ftstamp ,ousrdata, ousrhora, usrdata,usrhora,ousrinis,usrinis) values ('aut6710c112506710c58465','aut6710c667006710c5836d' ,getdate(),convert(char(8),convert (time,getdate())),getdate(),convert(char(8),convert (time,getdate())),'wsv','wsv')
20241017@090628.4192 ua7kunn6q1a4mftbobev4rt8h6 Query : select 1 valor from information_schema.tables where table_type='base table' and table_name='wstablefields'
20241017@090628.4208 ua7kunn6q1a4mftbobev4rt8h6 Query : select fieldkey,fieldname,fieldtype,calcformula from wstablefields where tablename = 'fi' and documentnumber = 39
20241017@090628.4235 ua7kunn6q1a4mftbobev4rt8h6 Query : insert into wsfidata (fistamp,ousrdata, ousrhora, usrdata,usrhora,ousrinis,usrinis ,qtt ,ftstamp ,epv,pvmoeda ,tabiva,iva,lordem ,ref, design ,lote,armazem,bistamp ) values ('aut6710c112506710c58465',getdate(),convert(char(8),convert (time,getdate())),getdate(),convert(char(8),convert (time,getdate())),'wsv','wsv',10.000 ,'aut6710c667006710c5836d' ,0,0 ,2,23.00,90000,?,?,?,?,?)
20241017@090628.4487 ua7kunn6q1a4mftbobev4rt8h6 Query : select 1 valor from information_schema.tables where table_type='base table' and table_name='wstablefields'
20241017@090628.5831 ua7kunn6q1a4mftbobev4rt8h6 Query : select fieldkey,fieldname,fieldtype,mandatory from wstablefields where tablename = 'fi' and documentnumber = 39
20241017@090628.5858 ua7kunn6q1a4mftbobev4rt8h6 Query : select 1 valor from information_schema.tables where table_type='base table' and table_name='wstablefields'
20241017@090628.5874 ua7kunn6q1a4mftbobev4rt8h6 Query : select fieldkey,fieldname,fieldtype,mandatory from wstablefields where tablename = 'fi2' and documentnumber = 39
20241017@090628.5883 ua7kunn6q1a4mftbobev4rt8h6 Query : select top 1 convert(numeric(6,2),t.taxa) valor from taxasiva t where t.codigo='2'
20241017@090628.5896 ua7kunn6q1a4mftbobev4rt8h6 Query : select 1 valor from information_schema.tables where table_type='base table' and table_name='wstablefields'
20241017@090628.5910 ua7kunn6q1a4mftbobev4rt8h6 Query : select fieldkey,fieldname,fieldtype,calcformula from wstablefields where tablename = 'fi2' and documentnumber = 39
20241017@090628.5922 ua7kunn6q1a4mftbobev4rt8h6 Query : insert into wsfi2data (fi2stamp,ftstamp ,ousrdata, ousrhora, usrdata,usrhora,ousrinis,usrinis) values ('aut6710c471546710c5848f','aut6710c667006710c5836d' ,getdate(),convert(char(8),convert (time,getdate())),getdate(),convert(char(8),convert (time,getdate())),'wsv','wsv')
20241017@090628.5926 ua7kunn6q1a4mftbobev4rt8h6 Query : select 1 valor from information_schema.tables where table_type='base table' and table_name='wstablefields'
20241017@090628.5941 ua7kunn6q1a4mftbobev4rt8h6 Query : select fieldkey,fieldname,fieldtype,calcformula from wstablefields where tablename = 'fi' and documentnumber = 39
20241017@090628.5969 ua7kunn6q1a4mftbobev4rt8h6 Query : insert into wsfidata (fistamp,ousrdata, ousrhora, usrdata,usrhora,ousrinis,usrinis ,qtt ,ftstamp ,epv,pvmoeda ,tabiva,iva,lordem ,ref, design ,armazem) values ('aut6710c471546710c5848f',getdate(),convert(char(8),convert (time,getdate())),getdate(),convert(char(8),convert (time,getdate())),'wsv','wsv',0 ,'aut6710c667006710c5836d' ,0,0 ,2,23.00,100000,?,?,?)
20241017@090628.6187 ua7kunn6q1a4mftbobev4rt8h6 Query : use flama_phc
20241017@090628.6191 ua7kunn6q1a4mftbobev4rt8h6 Query : select st.usalote valor from st where st.ref = '324.646.00.01'
20241017@090628.6211 ua7kunn6q1a4mftbobev4rt8h6 Query : select top 1 st.tabiva ,st.ivaincl ,st.stns ,st.uni2 ,st.familia ,isnull(tx.taxa, 0) txiva ,unidade ,usalote ,epcpond ,noserie ,conversao ,st.texteis from st left join taxasiva tx on st.tabiva = tx.codigo where st.ref = '324.646.00.01'
20241017@090628.6320 ua7kunn6q1a4mftbobev4rt8h6 Query : select 1 valor from information_schema.tables where table_type='base table' and table_name='wstablefields'
20241017@090628.6336 ua7kunn6q1a4mftbobev4rt8h6 Query : select fieldkey,fieldname,fieldtype,mandatory from wstablefields where tablename = 'fi' and documentnumber = 39
20241017@090628.6361 ua7kunn6q1a4mftbobev4rt8h6 Query : select 1 valor from information_schema.tables where table_type='base table' and table_name='wstablefields'
20241017@090628.6376 ua7kunn6q1a4mftbobev4rt8h6 Query : select fieldkey,fieldname,fieldtype,mandatory from wstablefields where tablename = 'fi2' and documentnumber = 39
20241017@090628.6384 ua7kunn6q1a4mftbobev4rt8h6 Query : select top 1 convert(numeric(6,2),t.taxa) valor from taxasiva t where t.codigo='2'
20241017@090628.6397 ua7kunn6q1a4mftbobev4rt8h6 Query : select sestamp valor from se where ref ='324.646.00.01' and lote = 'r2400224100a'
20241017@090628.6410 ua7kunn6q1a4mftbobev4rt8h6 Query : select 1 valor from information_schema.tables where table_type='base table' and table_name='wstablefields'
20241017@090628.6424 ua7kunn6q1a4mftbobev4rt8h6 Query : select fieldkey,fieldname,fieldtype,calcformula from wstablefields where tablename = 'fi2' and documentnumber = 39
20241017@090628.6436 ua7kunn6q1a4mftbobev4rt8h6 Query : insert into wsfi2data (fi2stamp,ftstamp ,ousrdata, ousrhora, usrdata,usrhora,ousrinis,usrinis) values ('aut6710c368326710c5849c','aut6710c667006710c5836d' ,getdate(),convert(char(8),convert (time,getdate())),getdate(),convert(char(8),convert (time,getdate())),'wsv','wsv')
20241017@090628.6440 ua7kunn6q1a4mftbobev4rt8h6 Query : select 1 valor from information_schema.tables where table_type='base table' and table_name='wstablefields'
20241017@090628.6457 ua7kunn6q1a4mftbobev4rt8h6 Query : select fieldkey,fieldname,fieldtype,calcformula from wstablefields where tablename = 'fi' and documentnumber = 39
20241017@090628.6485 ua7kunn6q1a4mftbobev4rt8h6 Query : insert into wsfidata (fistamp,ousrdata, ousrhora, usrdata,usrhora,ousrinis,usrinis ,qtt ,ftstamp ,epv,pvmoeda ,tabiva,iva,lordem ,ref, design ,lote,armazem,bistamp ) values ('aut6710c368326710c5849c',getdate(),convert(char(8),convert (time,getdate())),getdate(),convert(char(8),convert (time,getdate())),'wsv','wsv',3.000 ,'aut6710c667006710c5836d' ,0,0 ,2,23.00,120000,?,?,?,?,?)
20241017@090628.6868 ua7kunn6q1a4mftbobev4rt8h6 Query : select 1 valor from information_schema.tables where table_type='base table' and table_name='wstablefields'
20241017@090628.6884 ua7kunn6q1a4mftbobev4rt8h6 Query : select fieldkey,fieldname,fieldtype,mandatory from wstablefields where tablename = 'fi' and documentnumber = 39
20241017@090628.6909 ua7kunn6q1a4mftbobev4rt8h6 Query : select 1 valor from information_schema.tables where table_type='base table' and table_name='wstablefields'
20241017@090628.6923 ua7kunn6q1a4mftbobev4rt8h6 Query : select fieldkey,fieldname,fieldtype,mandatory from wstablefields where tablename = 'fi2' and documentnumber = 39
20241017@090628.6931 ua7kunn6q1a4mftbobev4rt8h6 Query : select top 1 convert(numeric(6,2),t.taxa) valor from taxasiva t where t.codigo='2'
20241017@090628.6943 ua7kunn6q1a4mftbobev4rt8h6 Query : select 1 valor from information_schema.tables where table_type='base table' and table_name='wstablefields'
20241017@090628.6958 ua7kunn6q1a4mftbobev4rt8h6 Query : select fieldkey,fieldname,fieldtype,calcformula from wstablefields where tablename = 'fi2' and documentnumber = 39
20241017@090628.6971 ua7kunn6q1a4mftbobev4rt8h6 Query : insert into wsfi2data (fi2stamp,ftstamp ,ousrdata, ousrhora, usrdata,usrhora,ousrinis,usrinis) values ('aut6710c606246710c584a9','aut6710c667006710c5836d' ,getdate(),convert(char(8),convert (time,getdate())),getdate(),convert(char(8),convert (time,getdate())),'wsv','wsv')
20241017@090628.6975 ua7kunn6q1a4mftbobev4rt8h6 Query : select 1 valor from information_schema.tables where table_type='base table' and table_name='wstablefields'
20241017@090628.6990 ua7kunn6q1a4mftbobev4rt8h6 Query : select fieldkey,fieldname,fieldtype,calcformula from wstablefields where tablename = 'fi' and documentnumber = 39
20241017@090628.7018 ua7kunn6q1a4mftbobev4rt8h6 Query : insert into wsfidata (fistamp,ousrdata, ousrhora, usrdata,usrhora,ousrinis,usrinis ,qtt ,ftstamp ,epv,pvmoeda ,tabiva,iva,lordem ,ref, design ,armazem) values ('aut6710c606246710c584a9',getdate(),convert(char(8),convert (time,getdate())),getdate(),convert(char(8),convert (time,getdate())),'wsv','wsv',0 ,'aut6710c667006710c5836d' ,0,0 ,2,23.00,130000,?,?,?)
20241017@090628.7242 ua7kunn6q1a4mftbobev4rt8h6 Query : use flama_phc
20241017@090628.7246 ua7kunn6q1a4mftbobev4rt8h6 Query : select st.usalote valor from st where st.ref = '324.691.00.01'
20241017@090628.7279 ua7kunn6q1a4mftbobev4rt8h6 Query : select top 1 st.tabiva ,st.ivaincl ,st.stns ,st.uni2 ,st.familia ,isnull(tx.taxa, 0) txiva ,unidade ,usalote ,epcpond ,noserie ,conversao ,st.texteis from st left join taxasiva tx on st.tabiva = tx.codigo where st.ref = '324.691.00.01'
20241017@090628.7391 ua7kunn6q1a4mftbobev4rt8h6 Query : select 1 valor from information_schema.tables where table_type='base table' and table_name='wstablefields'
20241017@090628.7407 ua7kunn6q1a4mftbobev4rt8h6 Query : select fieldkey,fieldname,fieldtype,mandatory from wstablefields where tablename = 'fi' and documentnumber = 39
20241017@090628.7431 ua7kunn6q1a4mftbobev4rt8h6 Query : select 1 valor from information_schema.tables where table_type='base table' and table_name='wstablefields'
20241017@090628.7446 ua7kunn6q1a4mftbobev4rt8h6 Query : select fieldkey,fieldname,fieldtype,mandatory from wstablefields where tablename = 'fi2' and documentnumber = 39
20241017@090628.7456 ua7kunn6q1a4mftbobev4rt8h6 Query : select top 1 convert(numeric(6,2),t.taxa) valor from taxasiva t where t.codigo='2'
20241017@090628.7468 ua7kunn6q1a4mftbobev4rt8h6 Query : select sestamp valor from se where ref ='324.691.00.01' and lote = 'r2400210200a'
20241017@090628.7484 ua7kunn6q1a4mftbobev4rt8h6 Query : select 1 valor from information_schema.tables where table_type='base table' and table_name='wstablefields'
20241017@090628.7499 ua7kunn6q1a4mftbobev4rt8h6 Query : select fieldkey,fieldname,fieldtype,calcformula from wstablefields where tablename = 'fi2' and documentnumber = 39
20241017@090628.7511 ua7kunn6q1a4mftbobev4rt8h6 Query : insert into wsfi2data (fi2stamp,ftstamp ,ousrdata, ousrhora, usrdata,usrhora,ousrinis,usrinis) values ('aut6710c338186710c584b6','aut6710c667006710c5836d' ,getdate(),convert(char(8),convert (time,getdate())),getdate(),convert(char(8),convert (time,getdate())),'wsv','wsv')
20241017@090628.7515 ua7kunn6q1a4mftbobev4rt8h6 Query : select 1 valor from information_schema.tables where table_type='base table' and table_name='wstablefields'
20241017@090628.7531 ua7kunn6q1a4mftbobev4rt8h6 Query : select fieldkey,fieldname,fieldtype,calcformula from wstablefields where tablename = 'fi' and documentnumber = 39
20241017@090628.7560 ua7kunn6q1a4mftbobev4rt8h6 Query : insert into wsfidata (fistamp,ousrdata, ousrhora, usrdata,usrhora,ousrinis,usrinis ,qtt ,ftstamp ,epv,pvmoeda ,tabiva,iva,lordem ,ref, design ,lote,armazem,bistamp ) values ('aut6710c338186710c584b6',getdate(),convert(char(8),convert (time,getdate())),getdate(),convert(char(8),convert (time,getdate())),'wsv','wsv',15.000 ,'aut6710c667006710c5836d' ,0,0 ,2,23.00,150000,?,?,?,?,?)
20241017@090628.7791 ua7kunn6q1a4mftbobev4rt8h6 Query : select 1 valor from information_schema.tables where table_type='base table' and table_name='wstablefields'
20241017@090628.7808 ua7kunn6q1a4mftbobev4rt8h6 Query : select fieldkey,fieldname,fieldtype,mandatory from wstablefields where tablename = 'fi' and documentnumber = 39
20241017@090628.7835 ua7kunn6q1a4mftbobev4rt8h6 Query : select 1 valor from information_schema.tables where table_type='base table' and table_name='wstablefields'
20241017@090628.7853 ua7kunn6q1a4mftbobev4rt8h6 Query : select fieldkey,fieldname,fieldtype,mandatory from wstablefields where tablename = 'fi2' and documentnumber = 39
20241017@090628.7863 ua7kunn6q1a4mftbobev4rt8h6 Query : select top 1 convert(numeric(6,2),t.taxa) valor from taxasiva t where t.codigo='2'
20241017@090628.7877 ua7kunn6q1a4mftbobev4rt8h6 Query : select 1 valor from information_schema.tables where table_type='base table' and table_name='wstablefields'
20241017@090628.7892 ua7kunn6q1a4mftbobev4rt8h6 Query : select fieldkey,fieldname,fieldtype,calcformula from wstablefields where tablename = 'fi2' and documentnumber = 39
20241017@090628.7906 ua7kunn6q1a4mftbobev4rt8h6 Query : insert into wsfi2data (fi2stamp,ftstamp ,ousrdata, ousrhora, usrdata,usrhora,ousrinis,usrinis) values ('aut6710c651356710c584c0','aut6710c667006710c5836d' ,getdate(),convert(char(8),convert (time,getdate())),getdate(),convert(char(8),convert (time,getdate())),'wsv','wsv')
20241017@090628.7911 ua7kunn6q1a4mftbobev4rt8h6 Query : select 1 valor from information_schema.tables where table_type='base table' and table_name='wstablefields'
20241017@090628.7929 ua7kunn6q1a4mftbobev4rt8h6 Query : select fieldkey,fieldname,fieldtype,calcformula from wstablefields where tablename = 'fi' and documentnumber = 39
20241017@090628.7962 ua7kunn6q1a4mftbobev4rt8h6 Query : insert into wsfidata (fistamp,ousrdata, ousrhora, usrdata,usrhora,ousrinis,usrinis ,qtt ,ftstamp ,epv,pvmoeda ,tabiva,iva,lordem ,ref, design ,armazem) values ('aut6710c651356710c584c0',getdate(),convert(char(8),convert (time,getdate())),getdate(),convert(char(8),convert (time,getdate())),'wsv','wsv',0 ,'aut6710c667006710c5836d' ,0,0 ,2,23.00,160000,?,?,?)
20241017@090628.8189 ua7kunn6q1a4mftbobev4rt8h6 Query : use flama_phc
20241017@090628.8192 ua7kunn6q1a4mftbobev4rt8h6 Query : select st.usalote valor from st where st.ref = '324.642.00.01'
20241017@090628.8213 ua7kunn6q1a4mftbobev4rt8h6 Query : select top 1 st.tabiva ,st.ivaincl ,st.stns ,st.uni2 ,st.familia ,isnull(tx.taxa, 0) txiva ,unidade ,usalote ,epcpond ,noserie ,conversao ,st.texteis from st left join taxasiva tx on st.tabiva = tx.codigo where st.ref = '324.642.00.01'
20241017@090628.8324 ua7kunn6q1a4mftbobev4rt8h6 Query : select 1 valor from information_schema.tables where table_type='base table' and table_name='wstablefields'
20241017@090628.8342 ua7kunn6q1a4mftbobev4rt8h6 Query : select fieldkey,fieldname,fieldtype,mandatory from wstablefields where tablename = 'fi' and documentnumber = 39
20241017@090628.8369 ua7kunn6q1a4mftbobev4rt8h6 Query : select 1 valor from information_schema.tables where table_type='base table' and table_name='wstablefields'
20241017@090628.8383 ua7kunn6q1a4mftbobev4rt8h6 Query : select fieldkey,fieldname,fieldtype,mandatory from wstablefields where tablename = 'fi2' and documentnumber = 39
20241017@090628.8392 ua7kunn6q1a4mftbobev4rt8h6 Query : select top 1 convert(numeric(6,2),t.taxa) valor from taxasiva t where t.codigo='2'
20241017@090628.8405 ua7kunn6q1a4mftbobev4rt8h6 Query : select sestamp valor from se where ref ='324.642.00.01' and lote = 'r2100892200a'
20241017@090628.8425 ua7kunn6q1a4mftbobev4rt8h6 Query : select 1 valor from information_schema.tables where table_type='base table' and table_name='wstablefields'
20241017@090628.8443 ua7kunn6q1a4mftbobev4rt8h6 Query : select fieldkey,fieldname,fieldtype,calcformula from wstablefields where tablename = 'fi2' and documentnumber = 39
20241017@090628.8457 ua7kunn6q1a4mftbobev4rt8h6 Query : insert into wsfi2data (fi2stamp,ftstamp ,ousrdata, ousrhora, usrdata,usrhora,ousrinis,usrinis) values ('aut6710c740856710c584cd','aut6710c667006710c5836d' ,getdate(),convert(char(8),convert (time,getdate())),getdate(),convert(char(8),convert (time,getdate())),'wsv','wsv')
20241017@090628.8462 ua7kunn6q1a4mftbobev4rt8h6 Query : select 1 valor from information_schema.tables where table_type='base table' and table_name='wstablefields'
20241017@090628.8477 ua7kunn6q1a4mftbobev4rt8h6 Query : select fieldkey,fieldname,fieldtype,calcformula from wstablefields where tablename = 'fi' and documentnumber = 39
20241017@090628.8508 ua7kunn6q1a4mftbobev4rt8h6 Query : insert into wsfidata (fistamp,ousrdata, ousrhora, usrdata,usrhora,ousrinis,usrinis ,qtt ,ftstamp ,epv,pvmoeda ,tabiva,iva,lordem ,ref, design ,lote,armazem,bistamp ) values ('aut6710c740856710c584cd',getdate(),convert(char(8),convert (time,getdate())),getdate(),convert(char(8),convert (time,getdate())),'wsv','wsv',4.000 ,'aut6710c667006710c5836d' ,0,0 ,2,23.00,180000,?,?,?,?,?)
20241017@090628.8735 ua7kunn6q1a4mftbobev4rt8h6 Query : use flama_phc
20241017@090628.8738 ua7kunn6q1a4mftbobev4rt8h6 Query : select st.usalote valor from st where st.ref = '324.642.00.01'
20241017@090628.8760 ua7kunn6q1a4mftbobev4rt8h6 Query : select top 1 st.tabiva ,st.ivaincl ,st.stns ,st.uni2 ,st.familia ,isnull(tx.taxa, 0) txiva ,unidade ,usalote ,epcpond ,noserie ,conversao ,st.texteis from st left join taxasiva tx on st.tabiva = tx.codigo where st.ref = '324.642.00.01'
20241017@090628.8776 ua7kunn6q1a4mftbobev4rt8h6 Query : select 1 valor from information_schema.tables where table_type='base table' and table_name='wstablefields'
20241017@090628.8794 ua7kunn6q1a4mftbobev4rt8h6 Query : select fieldkey,fieldname,fieldtype,mandatory from wstablefields where tablename = 'fi' and documentnumber = 39
20241017@090628.8822 ua7kunn6q1a4mftbobev4rt8h6 Query : select 1 valor from information_schema.tables where table_type='base table' and table_name='wstablefields'
20241017@090628.8839 ua7kunn6q1a4mftbobev4rt8h6 Query : select fieldkey,fieldname,fieldtype,mandatory from wstablefields where tablename = 'fi2' and documentnumber = 39
20241017@090628.8849 ua7kunn6q1a4mftbobev4rt8h6 Query : select top 1 convert(numeric(6,2),t.taxa) valor from taxasiva t where t.codigo='2'
20241017@090628.8864 ua7kunn6q1a4mftbobev4rt8h6 Query : select sestamp valor from se where ref ='324.642.00.01' and lote = 'r2100892200a'
20241017@090628.8876 ua7kunn6q1a4mftbobev4rt8h6 Query : select 1 valor from information_schema.tables where table_type='base table' and table_name='wstablefields'
20241017@090628.8891 ua7kunn6q1a4mftbobev4rt8h6 Query : select fieldkey,fieldname,fieldtype,calcformula from wstablefields where tablename = 'fi2' and documentnumber = 39
20241017@090628.8905 ua7kunn6q1a4mftbobev4rt8h6 Query : insert into wsfi2data (fi2stamp,ftstamp ,ousrdata, ousrhora, usrdata,usrhora,ousrinis,usrinis) values ('aut6710c392856710c584d8','aut6710c667006710c5836d' ,getdate(),convert(char(8),convert (time,getdate())),getdate(),convert(char(8),convert (time,getdate())),'wsv','wsv')
20241017@090628.8909 ua7kunn6q1a4mftbobev4rt8h6 Query : select 1 valor from information_schema.tables where table_type='base table' and table_name='wstablefields'
20241017@090628.8926 ua7kunn6q1a4mftbobev4rt8h6 Query : select fieldkey,fieldname,fieldtype,calcformula from wstablefields where tablename = 'fi' and documentnumber = 39
20241017@090628.8960 ua7kunn6q1a4mftbobev4rt8h6 Query : insert into wsfidata (fistamp,ousrdata, ousrhora, usrdata,usrhora,ousrinis,usrinis ,qtt ,ftstamp ,epv,pvmoeda ,tabiva,iva,lordem ,ref, design ,lote,armazem,bistamp ) values ('aut6710c392856710c584d8',getdate(),convert(char(8),convert (time,getdate())),getdate(),convert(char(8),convert (time,getdate())),'wsv','wsv',20.000 ,'aut6710c667006710c5836d' ,0,0 ,2,23.00,190000,?,?,?,?,?)
20241017@090628.9394 ua7kunn6q1a4mftbobev4rt8h6 Query : use flama_phc
20241017@090628.9398 ua7kunn6q1a4mftbobev4rt8h6 Query : select st.usalote valor from st where st.ref = '324.4521.00.1'
20241017@090628.9418 ua7kunn6q1a4mftbobev4rt8h6 Query : select top 1 st.tabiva ,st.ivaincl ,st.stns ,st.uni2 ,st.familia ,isnull(tx.taxa, 0) txiva ,unidade ,usalote ,epcpond ,noserie ,conversao ,st.texteis from st left join taxasiva tx on st.tabiva = tx.codigo where st.ref = '324.4521.00.1'
20241017@090628.9532 ua7kunn6q1a4mftbobev4rt8h6 Query : select 1 valor from information_schema.tables where table_type='base table' and table_name='wstablefields'
20241017@090628.9548 ua7kunn6q1a4mftbobev4rt8h6 Query : select fieldkey,fieldname,fieldtype,mandatory from wstablefields where tablename = 'fi' and documentnumber = 39
20241017@090628.9572 ua7kunn6q1a4mftbobev4rt8h6 Query : select 1 valor from information_schema.tables where table_type='base table' and table_name='wstablefields'
20241017@090628.9586 ua7kunn6q1a4mftbobev4rt8h6 Query : select fieldkey,fieldname,fieldtype,mandatory from wstablefields where tablename = 'fi2' and documentnumber = 39
20241017@090628.9595 ua7kunn6q1a4mftbobev4rt8h6 Query : select top 1 convert(numeric(6,2),t.taxa) valor from taxasiva t where t.codigo='2'
20241017@090628.9614 ua7kunn6q1a4mftbobev4rt8h6 Query : select sestamp valor from se where ref ='324.4521.00.1' and lote = 'r2400052200a'
20241017@090628.9626 ua7kunn6q1a4mftbobev4rt8h6 Query : select 1 valor from information_schema.tables where table_type='base table' and table_name='wstablefields'
20241017@090628.9641 ua7kunn6q1a4mftbobev4rt8h6 Query : select fieldkey,fieldname,fieldtype,calcformula from wstablefields where tablename = 'fi2' and documentnumber = 39
20241017@090628.9655 ua7kunn6q1a4mftbobev4rt8h6 Query : insert into wsfi2data (fi2stamp,ftstamp ,ousrdata, ousrhora, usrdata,usrhora,ousrinis,usrinis) values ('aut6710c543826710c584eb','aut6710c667006710c5836d' ,getdate(),convert(char(8),convert (time,getdate())),getdate(),convert(char(8),convert (time,getdate())),'wsv','wsv')
20241017@090628.9676 ua7kunn6q1a4mftbobev4rt8h6 Query : select 1 valor from information_schema.tables where table_type='base table' and table_name='wstablefields'
20241017@090628.9691 ua7kunn6q1a4mftbobev4rt8h6 Query : select fieldkey,fieldname,fieldtype,calcformula from wstablefields where tablename = 'fi' and documentnumber = 39
20241017@090628.9718 ua7kunn6q1a4mftbobev4rt8h6 Query : insert into wsfidata (fistamp,ousrdata, ousrhora, usrdata,usrhora,ousrinis,usrinis ,qtt ,ftstamp ,epv,pvmoeda ,tabiva,iva,lordem ,ref, design ,lote,armazem,bistamp ) values ('aut6710c543826710c584eb',getdate(),convert(char(8),convert (time,getdate())),getdate(),convert(char(8),convert (time,getdate())),'wsv','wsv',24.000 ,'aut6710c667006710c5836d' ,0,0 ,2,23.00,200000,?,?,?,?,?)
20241017@090628.9988 ua7kunn6q1a4mftbobev4rt8h6 Query : use flama_phc
20241017@090628.9991 ua7kunn6q1a4mftbobev4rt8h6 Query : select st.usalote valor from st where st.ref = '324.736.00.01'
20241017@090629.1200 ua7kunn6q1a4mftbobev4rt8h6 Query : select top 1 st.tabiva ,st.ivaincl ,st.stns ,st.uni2 ,st.familia ,isnull(tx.taxa, 0) txiva ,unidade ,usalote ,epcpond ,noserie ,conversao ,st.texteis from st left join taxasiva tx on st.tabiva = tx.codigo where st.ref = '324.736.00.01'
20241017@090629.1340 ua7kunn6q1a4mftbobev4rt8h6 Query : select 1 valor from information_schema.tables where table_type='base table' and table_name='wstablefields'
20241017@090629.1510 ua7kunn6q1a4mftbobev4rt8h6 Query : select fieldkey,fieldname,fieldtype,mandatory from wstablefields where tablename = 'fi' and documentnumber = 39
20241017@090629.1780 ua7kunn6q1a4mftbobev4rt8h6 Query : select 1 valor from information_schema.tables where table_type='base table' and table_name='wstablefields'
20241017@090629.1930 ua7kunn6q1a4mftbobev4rt8h6 Query : select fieldkey,fieldname,fieldtype,mandatory from wstablefields where tablename = 'fi2' and documentnumber = 39
20241017@090629.2030 ua7kunn6q1a4mftbobev4rt8h6 Query : select top 1 convert(numeric(6,2),t.taxa) valor from taxasiva t where t.codigo='2'
20241017@090629.2150 ua7kunn6q1a4mftbobev4rt8h6 Query : select sestamp valor from se where ref ='324.736.00.01' and lote = 'r2400239300a'
20241017@090629.2300 ua7kunn6q1a4mftbobev4rt8h6 Query : select 1 valor from information_schema.tables where table_type='base table' and table_name='wstablefields'
20241017@090629.2440 ua7kunn6q1a4mftbobev4rt8h6 Query : select fieldkey,fieldname,fieldtype,calcformula from wstablefields where tablename = 'fi2' and documentnumber = 39
20241017@090629.2590 ua7kunn6q1a4mftbobev4rt8h6 Query : insert into wsfi2data (fi2stamp,ftstamp ,ousrdata, ousrhora, usrdata,usrhora,ousrinis,usrinis) values ('aut6710c019886710c58505','aut6710c667006710c5836d' ,getdate(),convert(char(8),convert (time,getdate())),getdate(),convert(char(8),convert (time,getdate())),'wsv','wsv')
20241017@090629.2630 ua7kunn6q1a4mftbobev4rt8h6 Query : select 1 valor from information_schema.tables where table_type='base table' and table_name='wstablefields'
20241017@090629.2810 ua7kunn6q1a4mftbobev4rt8h6 Query : select fieldkey,fieldname,fieldtype,calcformula from wstablefields where tablename = 'fi' and documentnumber = 39
20241017@090629.3110 ua7kunn6q1a4mftbobev4rt8h6 Query : insert into wsfidata (fistamp,ousrdata, ousrhora, usrdata,usrhora,ousrinis,usrinis ,qtt ,ftstamp ,epv,pvmoeda ,tabiva,iva,lordem ,ref, design ,lote,armazem,bistamp ) values ('aut6710c019886710c58505',getdate(),convert(char(8),convert (time,getdate())),getdate(),convert(char(8),convert (time,getdate())),'wsv','wsv',8.000 ,'aut6710c667006710c5836d' ,0,0 ,2,23.00,210000,?,?,?,?,?)
20241017@090629.5510 ua7kunn6q1a4mftbobev4rt8h6 Query : use flama_phc
20241017@090629.5540 ua7kunn6q1a4mftbobev4rt8h6 Query : select st.usalote valor from st where st.ref = '324.1705.00.1'
20241017@090629.5750 ua7kunn6q1a4mftbobev4rt8h6 Query : select top 1 st.tabiva ,st.ivaincl ,st.stns ,st.uni2 ,st.familia ,isnull(tx.taxa, 0) txiva ,unidade ,usalote ,epcpond ,noserie ,conversao ,st.texteis from st left join taxasiva tx on st.tabiva = tx.codigo where st.ref = '324.1705.00.1'
20241017@090629.7110 ua7kunn6q1a4mftbobev4rt8h6 Query : select 1 valor from information_schema.tables where table_type='base table' and table_name='wstablefields'
20241017@090629.7290 ua7kunn6q1a4mftbobev4rt8h6 Query : select fieldkey,fieldname,fieldtype,mandatory from wstablefields where tablename = 'fi' and documentnumber = 39
20241017@090629.7560 ua7kunn6q1a4mftbobev4rt8h6 Query : select 1 valor from information_schema.tables where table_type='base table' and table_name='wstablefields'
20241017@090629.7710 ua7kunn6q1a4mftbobev4rt8h6 Query : select fieldkey,fieldname,fieldtype,mandatory from wstablefields where tablename = 'fi2' and documentnumber = 39
20241017@090629.7800 ua7kunn6q1a4mftbobev4rt8h6 Query : select top 1 convert(numeric(6,2),t.taxa) valor from taxasiva t where t.codigo='2'
20241017@090629.7930 ua7kunn6q1a4mftbobev4rt8h6 Query : select sestamp valor from se where ref ='324.1705.00.1' and lote = 'r2400050500a'
20241017@090629.8070 ua7kunn6q1a4mftbobev4rt8h6 Query : select 1 valor from information_schema.tables where table_type='base table' and table_name='wstablefields'
20241017@090629.8220 ua7kunn6q1a4mftbobev4rt8h6 Query : select fieldkey,fieldname,fieldtype,calcformula from wstablefields where tablename = 'fi2' and documentnumber = 39
20241017@090629.8340 ua7kunn6q1a4mftbobev4rt8h6 Query : insert into wsfi2data (fi2stamp,ftstamp ,ousrdata, ousrhora, usrdata,usrhora,ousrinis,usrinis) values ('aut6710c698716710c58513','aut6710c667006710c5836d' ,getdate(),convert(char(8),convert (time,getdate())),getdate(),convert(char(8),convert (time,getdate())),'wsv','wsv')
20241017@090629.8370 ua7kunn6q1a4mftbobev4rt8h6 Query : select 1 valor from information_schema.tables where table_type='base table' and table_name='wstablefields'
20241017@090629.8540 ua7kunn6q1a4mftbobev4rt8h6 Query : select fieldkey,fieldname,fieldtype,calcformula from wstablefields where tablename = 'fi' and documentnumber = 39
20241017@090629.9310 ua7kunn6q1a4mftbobev4rt8h6 Query : insert into wsfidata (fistamp,ousrdata, ousrhora, usrdata,usrhora,ousrinis,usrinis ,qtt ,ftstamp ,epv,pvmoeda ,tabiva,iva,lordem ,ref, design ,lote,armazem,bistamp ) values ('aut6710c698716710c58513',getdate(),convert(char(8),convert (time,getdate())),getdate(),convert(char(8),convert (time,getdate())),'wsv','wsv',12.000 ,'aut6710c667006710c5836d' ,0,0 ,2,23.00,220000,?,?,?,?,?)
20241017@090629.1159 ua7kunn6q1a4mftbobev4rt8h6 Query : use flama_phc
20241017@090629.1162 ua7kunn6q1a4mftbobev4rt8h6 Query : select st.usalote valor from st where st.ref = '324.5342.00.1'
20241017@090629.1183 ua7kunn6q1a4mftbobev4rt8h6 Query : select top 1 st.tabiva ,st.ivaincl ,st.stns ,st.uni2 ,st.familia ,isnull(tx.taxa, 0) txiva ,unidade ,usalote ,epcpond ,noserie ,conversao ,st.texteis from st left join taxasiva tx on st.tabiva = tx.codigo where st.ref = '324.5342.00.1'
20241017@090629.1298 ua7kunn6q1a4mftbobev4rt8h6 Query : select 1 valor from information_schema.tables where table_type='base table' and table_name='wstablefields'
20241017@090629.1314 ua7kunn6q1a4mftbobev4rt8h6 Query : select fieldkey,fieldname,fieldtype,mandatory from wstablefields where tablename = 'fi' and documentnumber = 39
20241017@090629.1342 ua7kunn6q1a4mftbobev4rt8h6 Query : select 1 valor from information_schema.tables where table_type='base table' and table_name='wstablefields'
20241017@090629.1357 ua7kunn6q1a4mftbobev4rt8h6 Query : select fieldkey,fieldname,fieldtype,mandatory from wstablefields where tablename = 'fi2' and documentnumber = 39
20241017@090629.1365 ua7kunn6q1a4mftbobev4rt8h6 Query : select top 1 convert(numeric(6,2),t.taxa) valor from taxasiva t where t.codigo='2'
20241017@090629.1378 ua7kunn6q1a4mftbobev4rt8h6 Query : select sestamp valor from se where ref ='324.5342.00.1' and lote = 'r2301282200a'
20241017@090629.1391 ua7kunn6q1a4mftbobev4rt8h6 Query : select 1 valor from information_schema.tables where table_type='base table' and table_name='wstablefields'
20241017@090629.1406 ua7kunn6q1a4mftbobev4rt8h6 Query : select fieldkey,fieldname,fieldtype,calcformula from wstablefields where tablename = 'fi2' and documentnumber = 39
20241017@090629.1418 ua7kunn6q1a4mftbobev4rt8h6 Query : insert into wsfi2data (fi2stamp,ftstamp ,ousrdata, ousrhora, usrdata,usrhora,ousrinis,usrinis) values ('aut6710c115796710c58521','aut6710c667006710c5836d' ,getdate(),convert(char(8),convert (time,getdate())),getdate(),convert(char(8),convert (time,getdate())),'wsv','wsv')
20241017@090629.1422 ua7kunn6q1a4mftbobev4rt8h6 Query : select 1 valor from information_schema.tables where table_type='base table' and table_name='wstablefields'
20241017@090629.1439 ua7kunn6q1a4mftbobev4rt8h6 Query : select fieldkey,fieldname,fieldtype,calcformula from wstablefields where tablename = 'fi' and documentnumber = 39
20241017@090629.1468 ua7kunn6q1a4mftbobev4rt8h6 Query : insert into wsfidata (fistamp,ousrdata, ousrhora, usrdata,usrhora,ousrinis,usrinis ,qtt ,ftstamp ,epv,pvmoeda ,tabiva,iva,lordem ,ref, design ,lote,armazem,bistamp ) values ('aut6710c115796710c58521',getdate(),convert(char(8),convert (time,getdate())),getdate(),convert(char(8),convert (time,getdate())),'wsv','wsv',12.000 ,'aut6710c667006710c5836d' ,0,0 ,2,23.00,230000,?,?,?,?,?)
20241017@090629.1704 ua7kunn6q1a4mftbobev4rt8h6 Query : select 1 valor from information_schema.tables where table_type='base table' and table_name='wstablefields'
20241017@090629.1724 ua7kunn6q1a4mftbobev4rt8h6 Query : select fieldkey,fieldname,fieldtype,mandatory from wstablefields where tablename = 'fi' and documentnumber = 39
20241017@090629.1750 ua7kunn6q1a4mftbobev4rt8h6 Query : select 1 valor from information_schema.tables where table_type='base table' and table_name='wstablefields'
20241017@090629.1767 ua7kunn6q1a4mftbobev4rt8h6 Query : select fieldkey,fieldname,fieldtype,mandatory from wstablefields where tablename = 'fi2' and documentnumber = 39
20241017@090629.1784 ua7kunn6q1a4mftbobev4rt8h6 Query : select top 1 convert(numeric(6,2),t.taxa) valor from taxasiva t where t.codigo='2'
20241017@090629.1796 ua7kunn6q1a4mftbobev4rt8h6 Query : select 1 valor from information_schema.tables where table_type='base table' and table_name='wstablefields'
20241017@090629.1810 ua7kunn6q1a4mftbobev4rt8h6 Query : select fieldkey,fieldname,fieldtype,calcformula from wstablefields where tablename = 'fi2' and documentnumber = 39
20241017@090629.1822 ua7kunn6q1a4mftbobev4rt8h6 Query : insert into wsfi2data (fi2stamp,ftstamp ,ousrdata, ousrhora, usrdata,usrhora,ousrinis,usrinis) values ('aut6710c085286710c5852b','aut6710c667006710c5836d' ,getdate(),convert(char(8),convert (time,getdate())),getdate(),convert(char(8),convert (time,getdate())),'wsv','wsv')
20241017@090629.1826 ua7kunn6q1a4mftbobev4rt8h6 Query : select 1 valor from information_schema.tables where table_type='base table' and table_name='wstablefields'
20241017@090629.1841 ua7kunn6q1a4mftbobev4rt8h6 Query : select fieldkey,fieldname,fieldtype,calcformula from wstablefields where tablename = 'fi' and documentnumber = 39
20241017@090629.1869 ua7kunn6q1a4mftbobev4rt8h6 Query : insert into wsfidata (fistamp,ousrdata, ousrhora, usrdata,usrhora,ousrinis,usrinis ,qtt ,ftstamp ,epv,pvmoeda ,tabiva,iva,lordem ,ref, design ,armazem) values ('aut6710c085286710c5852b',getdate(),convert(char(8),convert (time,getdate())),getdate(),convert(char(8),convert (time,getdate())),'wsv','wsv',0 ,'aut6710c667006710c5836d' ,0,0 ,2,23.00,240000,?,?,?)
20241017@090629.2101 ua7kunn6q1a4mftbobev4rt8h6 Query : use flama_phc
20241017@090629.2104 ua7kunn6q1a4mftbobev4rt8h6 Query : select st.usalote valor from st where st.ref = '324.4930.00.1'
20241017@090629.2125 ua7kunn6q1a4mftbobev4rt8h6 Query : select top 1 st.tabiva ,st.ivaincl ,st.stns ,st.uni2 ,st.familia ,isnull(tx.taxa, 0) txiva ,unidade ,usalote ,epcpond ,noserie ,conversao ,st.texteis from st left join taxasiva tx on st.tabiva = tx.codigo where st.ref = '324.4930.00.1'
20241017@090629.2265 ua7kunn6q1a4mftbobev4rt8h6 Query : select 1 valor from information_schema.tables where table_type='base table' and table_name='wstablefields'
20241017@090629.2285 ua7kunn6q1a4mftbobev4rt8h6 Query : select fieldkey,fieldname,fieldtype,mandatory from wstablefields where tablename = 'fi' and documentnumber = 39
20241017@090629.2313 ua7kunn6q1a4mftbobev4rt8h6 Query : select 1 valor from information_schema.tables where table_type='base table' and table_name='wstablefields'
20241017@090629.2334 ua7kunn6q1a4mftbobev4rt8h6 Query : select fieldkey,fieldname,fieldtype,mandatory from wstablefields where tablename = 'fi2' and documentnumber = 39
20241017@090629.2407 ua7kunn6q1a4mftbobev4rt8h6 Query : select top 1 convert(numeric(6,2),t.taxa) valor from taxasiva t where t.codigo='2'
20241017@090629.2419 ua7kunn6q1a4mftbobev4rt8h6 Query : select sestamp valor from se where ref ='324.4930.00.1' and lote = 'r2400066200a'
20241017@090629.2434 ua7kunn6q1a4mftbobev4rt8h6 Query : select 1 valor from information_schema.tables where table_type='base table' and table_name='wstablefields'
20241017@090629.2451 ua7kunn6q1a4mftbobev4rt8h6 Query : select fieldkey,fieldname,fieldtype,calcformula from wstablefields where tablename = 'fi2' and documentnumber = 39
20241017@090629.2463 ua7kunn6q1a4mftbobev4rt8h6 Query : insert into wsfi2data (fi2stamp,ftstamp ,ousrdata, ousrhora, usrdata,usrhora,ousrinis,usrinis) values ('aut6710c796716710c5853b','aut6710c667006710c5836d' ,getdate(),convert(char(8),convert (time,getdate())),getdate(),convert(char(8),convert (time,getdate())),'wsv','wsv')
20241017@090629.2467 ua7kunn6q1a4mftbobev4rt8h6 Query : select 1 valor from information_schema.tables where table_type='base table' and table_name='wstablefields'
20241017@090629.2483 ua7kunn6q1a4mftbobev4rt8h6 Query : select fieldkey,fieldname,fieldtype,calcformula from wstablefields where tablename = 'fi' and documentnumber = 39
20241017@090629.2512 ua7kunn6q1a4mftbobev4rt8h6 Query : insert into wsfidata (fistamp,ousrdata, ousrhora, usrdata,usrhora,ousrinis,usrinis ,qtt ,ftstamp ,epv,pvmoeda ,tabiva,iva,lordem ,ref, design ,lote,armazem,bistamp ) values ('aut6710c796716710c5853b',getdate(),convert(char(8),convert (time,getdate())),getdate(),convert(char(8),convert (time,getdate())),'wsv','wsv',12.000 ,'aut6710c667006710c5836d' ,0,0 ,2,23.00,260000,?,?,?,?,?)
20241017@090629.2731 ua7kunn6q1a4mftbobev4rt8h6 Query : use flama_phc
20241017@090629.2735 ua7kunn6q1a4mftbobev4rt8h6 Query : select st.usalote valor from st where st.ref = '324.4964.00.1'
20241017@090629.2756 ua7kunn6q1a4mftbobev4rt8h6 Query : select top 1 st.tabiva ,st.ivaincl ,st.stns ,st.uni2 ,st.familia ,isnull(tx.taxa, 0) txiva ,unidade ,usalote ,epcpond ,noserie ,conversao ,st.texteis from st left join taxasiva tx on st.tabiva = tx.codigo where st.ref = '324.4964.00.1'
20241017@090629.2882 ua7kunn6q1a4mftbobev4rt8h6 Query : select 1 valor from information_schema.tables where table_type='base table' and table_name='wstablefields'
20241017@090629.2898 ua7kunn6q1a4mftbobev4rt8h6 Query : select fieldkey,fieldname,fieldtype,mandatory from wstablefields where tablename = 'fi' and documentnumber = 39
20241017@090629.2922 ua7kunn6q1a4mftbobev4rt8h6 Query : select 1 valor from information_schema.tables where table_type='base table' and table_name='wstablefields'
20241017@090629.2937 ua7kunn6q1a4mftbobev4rt8h6 Query : select fieldkey,fieldname,fieldtype,mandatory from wstablefields where tablename = 'fi2' and documentnumber = 39
20241017@090629.2945 ua7kunn6q1a4mftbobev4rt8h6 Query : select top 1 convert(numeric(6,2),t.taxa) valor from taxasiva t where t.codigo='2'
20241017@090629.2958 ua7kunn6q1a4mftbobev4rt8h6 Query : select sestamp valor from se where ref ='324.4964.00.1' and lote = 'r2300717100a'
20241017@090629.2972 ua7kunn6q1a4mftbobev4rt8h6 Query : select 1 valor from information_schema.tables where table_type='base table' and table_name='wstablefields'
20241017@090629.2987 ua7kunn6q1a4mftbobev4rt8h6 Query : select fieldkey,fieldname,fieldtype,calcformula from wstablefields where tablename = 'fi2' and documentnumber = 39
20241017@090629.3000 ua7kunn6q1a4mftbobev4rt8h6 Query : insert into wsfi2data (fi2stamp,ftstamp ,ousrdata, ousrhora, usrdata,usrhora,ousrinis,usrinis) values ('aut6710c003946710c58548','aut6710c667006710c5836d' ,getdate(),convert(char(8),convert (time,getdate())),getdate(),convert(char(8),convert (time,getdate())),'wsv','wsv')
20241017@090629.3004 ua7kunn6q1a4mftbobev4rt8h6 Query : select 1 valor from information_schema.tables where table_type='base table' and table_name='wstablefields'
20241017@090629.3019 ua7kunn6q1a4mftbobev4rt8h6 Query : select fieldkey,fieldname,fieldtype,calcformula from wstablefields where tablename = 'fi' and documentnumber = 39
20241017@090629.3048 ua7kunn6q1a4mftbobev4rt8h6 Query : insert into wsfidata (fistamp,ousrdata, ousrhora, usrdata,usrhora,ousrinis,usrinis ,qtt ,ftstamp ,epv,pvmoeda ,tabiva,iva,lordem ,ref, design ,lote,armazem,bistamp ) values ('aut6710c003946710c58548',getdate(),convert(char(8),convert (time,getdate())),getdate(),convert(char(8),convert (time,getdate())),'wsv','wsv',4.000 ,'aut6710c667006710c5836d' ,0,0 ,2,23.00,270000,?,?,?,?,?)
20241017@090629.3258 ua7kunn6q1a4mftbobev4rt8h6 Query : use flama_phc
20241017@090629.3262 ua7kunn6q1a4mftbobev4rt8h6 Query : select st.usalote valor from st where st.ref = '324.4902.00.1'
20241017@090629.3282 ua7kunn6q1a4mftbobev4rt8h6 Query : select top 1 st.tabiva ,st.ivaincl ,st.stns ,st.uni2 ,st.familia ,isnull(tx.taxa, 0) txiva ,unidade ,usalote ,epcpond ,noserie ,conversao ,st.texteis from st left join taxasiva tx on st.tabiva = tx.codigo where st.ref = '324.4902.00.1'
20241017@090629.3403 ua7kunn6q1a4mftbobev4rt8h6 Query : select 1 valor from information_schema.tables where table_type='base table' and table_name='wstablefields'
20241017@090629.3419 ua7kunn6q1a4mftbobev4rt8h6 Query : select fieldkey,fieldname,fieldtype,mandatory from wstablefields where tablename = 'fi' and documentnumber = 39
20241017@090629.3443 ua7kunn6q1a4mftbobev4rt8h6 Query : select 1 valor from information_schema.tables where table_type='base table' and table_name='wstablefields'
20241017@090629.3459 ua7kunn6q1a4mftbobev4rt8h6 Query : select fieldkey,fieldname,fieldtype,mandatory from wstablefields where tablename = 'fi2' and documentnumber = 39
20241017@090629.3468 ua7kunn6q1a4mftbobev4rt8h6 Query : select top 1 convert(numeric(6,2),t.taxa) valor from taxasiva t where t.codigo='2'
20241017@090629.3480 ua7kunn6q1a4mftbobev4rt8h6 Query : select sestamp valor from se where ref ='324.4902.00.1' and lote = 'r2400145200a'
20241017@090629.3493 ua7kunn6q1a4mftbobev4rt8h6 Query : select 1 valor from information_schema.tables where table_type='base table' and table_name='wstablefields'
20241017@090629.3508 ua7kunn6q1a4mftbobev4rt8h6 Query : select fieldkey,fieldname,fieldtype,calcformula from wstablefields where tablename = 'fi2' and documentnumber = 39
20241017@090629.3518 ua7kunn6q1a4mftbobev4rt8h6 Query : insert into wsfi2data (fi2stamp,ftstamp ,ousrdata, ousrhora, usrdata,usrhora,ousrinis,usrinis) values ('aut6710c305376710c58555','aut6710c667006710c5836d' ,getdate(),convert(char(8),convert (time,getdate())),getdate(),convert(char(8),convert (time,getdate())),'wsv','wsv')
20241017@090629.3525 ua7kunn6q1a4mftbobev4rt8h6 Query : select 1 valor from information_schema.tables where table_type='base table' and table_name='wstablefields'
20241017@090629.3539 ua7kunn6q1a4mftbobev4rt8h6 Query : select fieldkey,fieldname,fieldtype,calcformula from wstablefields where tablename = 'fi' and documentnumber = 39
20241017@090629.3566 ua7kunn6q1a4mftbobev4rt8h6 Query : insert into wsfidata (fistamp,ousrdata, ousrhora, usrdata,usrhora,ousrinis,usrinis ,qtt ,ftstamp ,epv,pvmoeda ,tabiva,iva,lordem ,ref, design ,lote,armazem,bistamp ) values ('aut6710c305376710c58555',getdate(),convert(char(8),convert (time,getdate())),getdate(),convert(char(8),convert (time,getdate())),'wsv','wsv',4.000 ,'aut6710c667006710c5836d' ,0,0 ,2,23.00,280000,?,?,?,?,?)
20241017@090629.3820 ua7kunn6q1a4mftbobev4rt8h6 Query : select 1 valor from information_schema.tables where table_type='base table' and table_name='wstablefields'
20241017@090629.3837 ua7kunn6q1a4mftbobev4rt8h6 Query : select fieldkey,fieldname,fieldtype,mandatory from wstablefields where tablename = 'fi' and documentnumber = 39
20241017@090629.3861 ua7kunn6q1a4mftbobev4rt8h6 Query : select 1 valor from information_schema.tables where table_type='base table' and table_name='wstablefields'
20241017@090629.3876 ua7kunn6q1a4mftbobev4rt8h6 Query : select fieldkey,fieldname,fieldtype,mandatory from wstablefields where tablename = 'fi2' and documentnumber = 39
20241017@090629.3885 ua7kunn6q1a4mftbobev4rt8h6 Query : select top 1 convert(numeric(6,2),t.taxa) valor from taxasiva t where t.codigo='2'
20241017@090629.3896 ua7kunn6q1a4mftbobev4rt8h6 Query : select 1 valor from information_schema.tables where table_type='base table' and table_name='wstablefields'
20241017@090629.3910 ua7kunn6q1a4mftbobev4rt8h6 Query : select fieldkey,fieldname,fieldtype,calcformula from wstablefields where tablename = 'fi2' and documentnumber = 39
20241017@090629.3922 ua7kunn6q1a4mftbobev4rt8h6 Query : insert into wsfi2data (fi2stamp,ftstamp ,ousrdata, ousrhora, usrdata,usrhora,ousrinis,usrinis) values ('aut6710c261846710c5855f','aut6710c667006710c5836d' ,getdate(),convert(char(8),convert (time,getdate())),getdate(),convert(char(8),convert (time,getdate())),'wsv','wsv')
20241017@090629.3925 ua7kunn6q1a4mftbobev4rt8h6 Query : select 1 valor from information_schema.tables where table_type='base table' and table_name='wstablefields'
20241017@090629.3940 ua7kunn6q1a4mftbobev4rt8h6 Query : select fieldkey,fieldname,fieldtype,calcformula from wstablefields where tablename = 'fi' and documentnumber = 39
20241017@090629.3966 ua7kunn6q1a4mftbobev4rt8h6 Query : insert into wsfidata (fistamp,ousrdata, ousrhora, usrdata,usrhora,ousrinis,usrinis ,qtt ,ftstamp ,epv,pvmoeda ,tabiva,iva,lordem ,ref, design ,armazem) values ('aut6710c261846710c5855f',getdate(),convert(char(8),convert (time,getdate())),getdate(),convert(char(8),convert (time,getdate())),'wsv','wsv',0 ,'aut6710c667006710c5836d' ,0,0 ,2,23.00,290000,?,?,?)
20241017@090629.4186 ua7kunn6q1a4mftbobev4rt8h6 Query : use flama_phc
20241017@090629.4189 ua7kunn6q1a4mftbobev4rt8h6 Query : select st.usalote valor from st where st.ref = '324.945.00.01'
20241017@090629.4209 ua7kunn6q1a4mftbobev4rt8h6 Query : select top 1 st.tabiva ,st.ivaincl ,st.stns ,st.uni2 ,st.familia ,isnull(tx.taxa, 0) txiva ,unidade ,usalote ,epcpond ,noserie ,conversao ,st.texteis from st left join taxasiva tx on st.tabiva = tx.codigo where st.ref = '324.945.00.01'
20241017@090629.4340 ua7kunn6q1a4mftbobev4rt8h6 Query : select 1 valor from information_schema.tables where table_type='base table' and table_name='wstablefields'
20241017@090629.4359 ua7kunn6q1a4mftbobev4rt8h6 Query : select fieldkey,fieldname,fieldtype,mandatory from wstablefields where tablename = 'fi' and documentnumber = 39
20241017@090629.4393 ua7kunn6q1a4mftbobev4rt8h6 Query : select 1 valor from information_schema.tables where table_type='base table' and table_name='wstablefields'
20241017@090629.4407 ua7kunn6q1a4mftbobev4rt8h6 Query : select fieldkey,fieldname,fieldtype,mandatory from wstablefields where tablename = 'fi2' and documentnumber = 39
20241017@090629.4416 ua7kunn6q1a4mftbobev4rt8h6 Query : select top 1 convert(numeric(6,2),t.taxa) valor from taxasiva t where t.codigo='2'
20241017@090629.4428 ua7kunn6q1a4mftbobev4rt8h6 Query : select sestamp valor from se where ref ='324.945.00.01' and lote = 'r2200799100a'
20241017@090629.4440 ua7kunn6q1a4mftbobev4rt8h6 Query : select 1 valor from information_schema.tables where table_type='base table' and table_name='wstablefields'
20241017@090629.4456 ua7kunn6q1a4mftbobev4rt8h6 Query : select fieldkey,fieldname,fieldtype,calcformula from wstablefields where tablename = 'fi2' and documentnumber = 39
20241017@090629.4467 ua7kunn6q1a4mftbobev4rt8h6 Query : insert into wsfi2data (fi2stamp,ftstamp ,ousrdata, ousrhora, usrdata,usrhora,ousrinis,usrinis) values ('aut6710c831556710c5856c','aut6710c667006710c5836d' ,getdate(),convert(char(8),convert (time,getdate())),getdate(),convert(char(8),convert (time,getdate())),'wsv','wsv')
20241017@090629.4471 ua7kunn6q1a4mftbobev4rt8h6 Query : select 1 valor from information_schema.tables where table_type='base table' and table_name='wstablefields'
20241017@090629.4486 ua7kunn6q1a4mftbobev4rt8h6 Query : select fieldkey,fieldname,fieldtype,calcformula from wstablefields where tablename = 'fi' and documentnumber = 39
20241017@090629.4516 ua7kunn6q1a4mftbobev4rt8h6 Query : insert into wsfidata (fistamp,ousrdata, ousrhora, usrdata,usrhora,ousrinis,usrinis ,qtt ,ftstamp ,epv,pvmoeda ,tabiva,iva,lordem ,ref, design ,lote,armazem,bistamp ) values ('aut6710c831556710c5856c',getdate(),convert(char(8),convert (time,getdate())),getdate(),convert(char(8),convert (time,getdate())),'wsv','wsv',4.000 ,'aut6710c667006710c5836d' ,0,0 ,2,23.00,310000,?,?,?,?,?)
20241017@090629.4729 ua7kunn6q1a4mftbobev4rt8h6 Query : use flama_phc
20241017@090629.4732 ua7kunn6q1a4mftbobev4rt8h6 Query : select st.usalote valor from st where st.ref = '324.969.00.01'
20241017@090629.4751 ua7kunn6q1a4mftbobev4rt8h6 Query : select top 1 st.tabiva ,st.ivaincl ,st.stns ,st.uni2 ,st.familia ,isnull(tx.taxa, 0) txiva ,unidade ,usalote ,epcpond ,noserie ,conversao ,st.texteis from st left join taxasiva tx on st.tabiva = tx.codigo where st.ref = '324.969.00.01'
20241017@090629.4866 ua7kunn6q1a4mftbobev4rt8h6 Query : select 1 valor from information_schema.tables where table_type='base table' and table_name='wstablefields'
20241017@090629.4882 ua7kunn6q1a4mftbobev4rt8h6 Query : select fieldkey,fieldname,fieldtype,mandatory from wstablefields where tablename = 'fi' and documentnumber = 39
20241017@090629.4908 ua7kunn6q1a4mftbobev4rt8h6 Query : select 1 valor from information_schema.tables where table_type='base table' and table_name='wstablefields'
20241017@090629.4923 ua7kunn6q1a4mftbobev4rt8h6 Query : select fieldkey,fieldname,fieldtype,mandatory from wstablefields where tablename = 'fi2' and documentnumber = 39
20241017@090629.4931 ua7kunn6q1a4mftbobev4rt8h6 Query : select top 1 convert(numeric(6,2),t.taxa) valor from taxasiva t where t.codigo='2'
20241017@090629.4943 ua7kunn6q1a4mftbobev4rt8h6 Query : select sestamp valor from se where ref ='324.969.00.01' and lote = 'r2100601100a'
20241017@090629.4956 ua7kunn6q1a4mftbobev4rt8h6 Query : select 1 valor from information_schema.tables where table_type='base table' and table_name='wstablefields'
20241017@090629.4971 ua7kunn6q1a4mftbobev4rt8h6 Query : select fieldkey,fieldname,fieldtype,calcformula from wstablefields where tablename = 'fi2' and documentnumber = 39
20241017@090629.4983 ua7kunn6q1a4mftbobev4rt8h6 Query : insert into wsfi2data (fi2stamp,ftstamp ,ousrdata, ousrhora, usrdata,usrhora,ousrinis,usrinis) values ('aut6710c352746710c58578','aut6710c667006710c5836d' ,getdate(),convert(char(8),convert (time,getdate())),getdate(),convert(char(8),convert (time,getdate())),'wsv','wsv')
20241017@090629.4987 ua7kunn6q1a4mftbobev4rt8h6 Query : select 1 valor from information_schema.tables where table_type='base table' and table_name='wstablefields'
20241017@090629.5002 ua7kunn6q1a4mftbobev4rt8h6 Query : select fieldkey,fieldname,fieldtype,calcformula from wstablefields where tablename = 'fi' and documentnumber = 39
20241017@090629.5032 ua7kunn6q1a4mftbobev4rt8h6 Query : insert into wsfidata (fistamp,ousrdata, ousrhora, usrdata,usrhora,ousrinis,usrinis ,qtt ,ftstamp ,epv,pvmoeda ,tabiva,iva,lordem ,ref, design ,lote,armazem,bistamp ) values ('aut6710c352746710c58578',getdate(),convert(char(8),convert (time,getdate())),getdate(),convert(char(8),convert (time,getdate())),'wsv','wsv',4.000 ,'aut6710c667006710c5836d' ,0,0 ,2,23.00,320000,?,?,?,?,?)
20241017@090629.5266 ua7kunn6q1a4mftbobev4rt8h6 Query : use flama_phc
20241017@090629.5269 ua7kunn6q1a4mftbobev4rt8h6 Query : select st.usalote valor from st where st.ref = '324.1317.00.1'
20241017@090629.5289 ua7kunn6q1a4mftbobev4rt8h6 Query : select top 1 st.tabiva ,st.ivaincl ,st.stns ,st.uni2 ,st.familia ,isnull(tx.taxa, 0) txiva ,unidade ,usalote ,epcpond ,noserie ,conversao ,st.texteis from st left join taxasiva tx on st.tabiva = tx.codigo where st.ref = '324.1317.00.1'
20241017@090629.5408 ua7kunn6q1a4mftbobev4rt8h6 Query : select 1 valor from information_schema.tables where table_type='base table' and table_name='wstablefields'
20241017@090629.5424 ua7kunn6q1a4mftbobev4rt8h6 Query : select fieldkey,fieldname,fieldtype,mandatory from wstablefields where tablename = 'fi' and documentnumber = 39
20241017@090629.5448 ua7kunn6q1a4mftbobev4rt8h6 Query : select 1 valor from information_schema.tables where table_type='base table' and table_name='wstablefields'
20241017@090629.5464 ua7kunn6q1a4mftbobev4rt8h6 Query : select fieldkey,fieldname,fieldtype,mandatory from wstablefields where tablename = 'fi2' and documentnumber = 39
20241017@090629.5473 ua7kunn6q1a4mftbobev4rt8h6 Query : select top 1 convert(numeric(6,2),t.taxa) valor from taxasiva t where t.codigo='2'
20241017@090629.5485 ua7kunn6q1a4mftbobev4rt8h6 Query : select sestamp valor from se where ref ='324.1317.00.1' and lote = 'r2400458200a'
20241017@090629.5499 ua7kunn6q1a4mftbobev4rt8h6 Query : select 1 valor from information_schema.tables where table_type='base table' and table_name='wstablefields'
20241017@090629.5515 ua7kunn6q1a4mftbobev4rt8h6 Query : select fieldkey,fieldname,fieldtype,calcformula from wstablefields where tablename = 'fi2' and documentnumber = 39
20241017@090629.5536 ua7kunn6q1a4mftbobev4rt8h6 Query : insert into wsfi2data (fi2stamp,ftstamp ,ousrdata, ousrhora, usrdata,usrhora,ousrinis,usrinis) values ('aut6710c111816710c58586','aut6710c667006710c5836d' ,getdate(),convert(char(8),convert (time,getdate())),getdate(),convert(char(8),convert (time,getdate())),'wsv','wsv')
20241017@090629.5540 ua7kunn6q1a4mftbobev4rt8h6 Query : select 1 valor from information_schema.tables where table_type='base table' and table_name='wstablefields'
20241017@090629.5558 ua7kunn6q1a4mftbobev4rt8h6 Query : select fieldkey,fieldname,fieldtype,calcformula from wstablefields where tablename = 'fi' and documentnumber = 39
20241017@090629.5587 ua7kunn6q1a4mftbobev4rt8h6 Query : insert into wsfidata (fistamp,ousrdata, ousrhora, usrdata,usrhora,ousrinis,usrinis ,qtt ,ftstamp ,epv,pvmoeda ,tabiva,iva,lordem ,ref, design ,lote,armazem,bistamp ) values ('aut6710c111816710c58586',getdate(),convert(char(8),convert (time,getdate())),getdate(),convert(char(8),convert (time,getdate())),'wsv','wsv',14.000 ,'aut6710c667006710c5836d' ,0,0 ,2,23.00,330000,?,?,?,?,?)
20241017@090629.5805 ua7kunn6q1a4mftbobev4rt8h6 Query : use flama_phc
20241017@090629.5808 ua7kunn6q1a4mftbobev4rt8h6 Query : select st.usalote valor from st where st.ref = '324.1317.00.1'
20241017@090629.5830 ua7kunn6q1a4mftbobev4rt8h6 Query : select top 1 st.tabiva ,st.ivaincl ,st.stns ,st.uni2 ,st.familia ,isnull(tx.taxa, 0) txiva ,unidade ,usalote ,epcpond ,noserie ,conversao ,st.texteis from st left join taxasiva tx on st.tabiva = tx.codigo where st.ref = '324.1317.00.1'
20241017@090629.5844 ua7kunn6q1a4mftbobev4rt8h6 Query : select 1 valor from information_schema.tables where table_type='base table' and table_name='wstablefields'
20241017@090629.5859 ua7kunn6q1a4mftbobev4rt8h6 Query : select fieldkey,fieldname,fieldtype,mandatory from wstablefields where tablename = 'fi' and documentnumber = 39
20241017@090629.5905 ua7kunn6q1a4mftbobev4rt8h6 Query : select 1 valor from information_schema.tables where table_type='base table' and table_name='wstablefields'
20241017@090629.5920 ua7kunn6q1a4mftbobev4rt8h6 Query : select fieldkey,fieldname,fieldtype,mandatory from wstablefields where tablename = 'fi2' and documentnumber = 39
20241017@090629.5929 ua7kunn6q1a4mftbobev4rt8h6 Query : select top 1 convert(numeric(6,2),t.taxa) valor from taxasiva t where t.codigo='2'
20241017@090629.5941 ua7kunn6q1a4mftbobev4rt8h6 Query : select sestamp valor from se where ref ='324.1317.00.1' and lote = 'r2400458200a'
20241017@090629.5954 ua7kunn6q1a4mftbobev4rt8h6 Query : select 1 valor from information_schema.tables where table_type='base table' and table_name='wstablefields'
20241017@090629.5969 ua7kunn6q1a4mftbobev4rt8h6 Query : select fieldkey,fieldname,fieldtype,calcformula from wstablefields where tablename = 'fi2' and documentnumber = 39
20241017@090629.5981 ua7kunn6q1a4mftbobev4rt8h6 Query : insert into wsfi2data (fi2stamp,ftstamp ,ousrdata, ousrhora, usrdata,usrhora,ousrinis,usrinis) values ('aut6710c370616710c58591','aut6710c667006710c5836d' ,getdate(),convert(char(8),convert (time,getdate())),getdate(),convert(char(8),convert (time,getdate())),'wsv','wsv')
20241017@090629.5985 ua7kunn6q1a4mftbobev4rt8h6 Query : select 1 valor from information_schema.tables where table_type='base table' and table_name='wstablefields'
20241017@090629.5999 ua7kunn6q1a4mftbobev4rt8h6 Query : select fieldkey,fieldname,fieldtype,calcformula from wstablefields where tablename = 'fi' and documentnumber = 39
20241017@090629.6030 ua7kunn6q1a4mftbobev4rt8h6 Query : insert into wsfidata (fistamp,ousrdata, ousrhora, usrdata,usrhora,ousrinis,usrinis ,qtt ,ftstamp ,epv,pvmoeda ,tabiva,iva,lordem ,ref, design ,lote,armazem,bistamp ) values ('aut6710c370616710c58591',getdate(),convert(char(8),convert (time,getdate())),getdate(),convert(char(8),convert (time,getdate())),'wsv','wsv',33.000 ,'aut6710c667006710c5836d' ,0,0 ,2,23.00,340000,?,?,?,?,?)
20241017@090629.6268 ua7kunn6q1a4mftbobev4rt8h6 Query : use flama_phc
20241017@090629.6271 ua7kunn6q1a4mftbobev4rt8h6 Query : select st.usalote valor from st where st.ref = '324.1317.00.1'
20241017@090629.6291 ua7kunn6q1a4mftbobev4rt8h6 Query : select top 1 st.tabiva ,st.ivaincl ,st.stns ,st.uni2 ,st.familia ,isnull(tx.taxa, 0) txiva ,unidade ,usalote ,epcpond ,noserie ,conversao ,st.texteis from st left join taxasiva tx on st.tabiva = tx.codigo where st.ref = '324.1317.00.1'
20241017@090629.6305 ua7kunn6q1a4mftbobev4rt8h6 Query : select 1 valor from information_schema.tables where table_type='base table' and table_name='wstablefields'
20241017@090629.6320 ua7kunn6q1a4mftbobev4rt8h6 Query : select fieldkey,fieldname,fieldtype,mandatory from wstablefields where tablename = 'fi' and documentnumber = 39
20241017@090629.6347 ua7kunn6q1a4mftbobev4rt8h6 Query : select 1 valor from information_schema.tables where table_type='base table' and table_name='wstablefields'
20241017@090629.6361 ua7kunn6q1a4mftbobev4rt8h6 Query : select fieldkey,fieldname,fieldtype,mandatory from wstablefields where tablename = 'fi2' and documentnumber = 39
20241017@090629.6370 ua7kunn6q1a4mftbobev4rt8h6 Query : select top 1 convert(numeric(6,2),t.taxa) valor from taxasiva t where t.codigo='2'
20241017@090629.6382 ua7kunn6q1a4mftbobev4rt8h6 Query : select sestamp valor from se where ref ='324.1317.00.1' and lote = 'r2400458200a'
20241017@090629.6395 ua7kunn6q1a4mftbobev4rt8h6 Query : select 1 valor from information_schema.tables where table_type='base table' and table_name='wstablefields'
20241017@090629.6410 ua7kunn6q1a4mftbobev4rt8h6 Query : select fieldkey,fieldname,fieldtype,calcformula from wstablefields where tablename = 'fi2' and documentnumber = 39
20241017@090629.6421 ua7kunn6q1a4mftbobev4rt8h6 Query : insert into wsfi2data (fi2stamp,ftstamp ,ousrdata, ousrhora, usrdata,usrhora,ousrinis,usrinis) values ('aut6710c331996710c5859c','aut6710c667006710c5836d' ,getdate(),convert(char(8),convert (time,getdate())),getdate(),convert(char(8),convert (time,getdate())),'wsv','wsv')
20241017@090629.6425 ua7kunn6q1a4mftbobev4rt8h6 Query : select 1 valor from information_schema.tables where table_type='base table' and table_name='wstablefields'
20241017@090629.6440 ua7kunn6q1a4mftbobev4rt8h6 Query : select fieldkey,fieldname,fieldtype,calcformula from wstablefields where tablename = 'fi' and documentnumber = 39
20241017@090629.6469 ua7kunn6q1a4mftbobev4rt8h6 Query : insert into wsfidata (fistamp,ousrdata, ousrhora, usrdata,usrhora,ousrinis,usrinis ,qtt ,ftstamp ,epv,pvmoeda ,tabiva,iva,lordem ,ref, design ,lote,armazem,bistamp ) values ('aut6710c331996710c5859c',getdate(),convert(char(8),convert (time,getdate())),getdate(),convert(char(8),convert (time,getdate())),'wsv','wsv',33.000 ,'aut6710c667006710c5836d' ,0,0 ,2,23.00,350000,?,?,?,?,?)
20241017@090629.6682 ua7kunn6q1a4mftbobev4rt8h6 Query : use flama_phc
20241017@090629.6685 ua7kunn6q1a4mftbobev4rt8h6 Query : select st.usalote valor from st where st.ref = '324.1321.00.1'
20241017@090629.6706 ua7kunn6q1a4mftbobev4rt8h6 Query : select top 1 st.tabiva ,st.ivaincl ,st.stns ,st.uni2 ,st.familia ,isnull(tx.taxa, 0) txiva ,unidade ,usalote ,epcpond ,noserie ,conversao ,st.texteis from st left join taxasiva tx on st.tabiva = tx.codigo where st.ref = '324.1321.00.1'
20241017@090629.6818 ua7kunn6q1a4mftbobev4rt8h6 Query : select 1 valor from information_schema.tables where table_type='base table' and table_name='wstablefields'
20241017@090629.6914 ua7kunn6q1a4mftbobev4rt8h6 Query : select fieldkey,fieldname,fieldtype,mandatory from wstablefields where tablename = 'fi' and documentnumber = 39
20241017@090629.7003 ua7kunn6q1a4mftbobev4rt8h6 Query : select 1 valor from information_schema.tables where table_type='base table' and table_name='wstablefields'
20241017@090629.7019 ua7kunn6q1a4mftbobev4rt8h6 Query : select fieldkey,fieldname,fieldtype,mandatory from wstablefields where tablename = 'fi2' and documentnumber = 39
20241017@090629.7028 ua7kunn6q1a4mftbobev4rt8h6 Query : select top 1 convert(numeric(6,2),t.taxa) valor from taxasiva t where t.codigo='2'
20241017@090629.7040 ua7kunn6q1a4mftbobev4rt8h6 Query : select sestamp valor from se where ref ='324.1321.00.1' and lote = 'r2400495200a'
20241017@090629.7053 ua7kunn6q1a4mftbobev4rt8h6 Query : select 1 valor from information_schema.tables where table_type='base table' and table_name='wstablefields'
20241017@090629.7071 ua7kunn6q1a4mftbobev4rt8h6 Query : select fieldkey,fieldname,fieldtype,calcformula from wstablefields where tablename = 'fi2' and documentnumber = 39
20241017@090629.7082 ua7kunn6q1a4mftbobev4rt8h6 Query : insert into wsfi2data (fi2stamp,ftstamp ,ousrdata, ousrhora, usrdata,usrhora,ousrinis,usrinis) values ('aut6710c304096710c585ac','aut6710c667006710c5836d' ,getdate(),convert(char(8),convert (time,getdate())),getdate(),convert(char(8),convert (time,getdate())),'wsv','wsv')
20241017@090629.7086 ua7kunn6q1a4mftbobev4rt8h6 Query : select 1 valor from information_schema.tables where table_type='base table' and table_name='wstablefields'
20241017@090629.7102 ua7kunn6q1a4mftbobev4rt8h6 Query : select fieldkey,fieldname,fieldtype,calcformula from wstablefields where tablename = 'fi' and documentnumber = 39
20241017@090629.7130 ua7kunn6q1a4mftbobev4rt8h6 Query : insert into wsfidata (fistamp,ousrdata, ousrhora, usrdata,usrhora,ousrinis,usrinis ,qtt ,ftstamp ,epv,pvmoeda ,tabiva,iva,lordem ,ref, design ,lote,armazem,bistamp ) values ('aut6710c304096710c585ac',getdate(),convert(char(8),convert (time,getdate())),getdate(),convert(char(8),convert (time,getdate())),'wsv','wsv',6.000 ,'aut6710c667006710c5836d' ,0,0 ,2,23.00,360000,?,?,?,?,?)
20241017@090629.7360 ua7kunn6q1a4mftbobev4rt8h6 Query : use flama_phc
20241017@090629.7363 ua7kunn6q1a4mftbobev4rt8h6 Query : select st.usalote valor from st where st.ref = '324.1321.00.1'
20241017@090629.7383 ua7kunn6q1a4mftbobev4rt8h6 Query : select top 1 st.tabiva ,st.ivaincl ,st.stns ,st.uni2 ,st.familia ,isnull(tx.taxa, 0) txiva ,unidade ,usalote ,epcpond ,noserie ,conversao ,st.texteis from st left join taxasiva tx on st.tabiva = tx.codigo where st.ref = '324.1321.00.1'
20241017@090629.7396 ua7kunn6q1a4mftbobev4rt8h6 Query : select 1 valor from information_schema.tables where table_type='base table' and table_name='wstablefields'
20241017@090629.7412 ua7kunn6q1a4mftbobev4rt8h6 Query : select fieldkey,fieldname,fieldtype,mandatory from wstablefields where tablename = 'fi' and documentnumber = 39
20241017@090629.7437 ua7kunn6q1a4mftbobev4rt8h6 Query : select 1 valor from information_schema.tables where table_type='base table' and table_name='wstablefields'
20241017@090629.7452 ua7kunn6q1a4mftbobev4rt8h6 Query : select fieldkey,fieldname,fieldtype,mandatory from wstablefields where tablename = 'fi2' and documentnumber = 39
20241017@090629.7461 ua7kunn6q1a4mftbobev4rt8h6 Query : select top 1 convert(numeric(6,2),t.taxa) valor from taxasiva t where t.codigo='2'
20241017@090629.7473 ua7kunn6q1a4mftbobev4rt8h6 Query : select sestamp valor from se where ref ='324.1321.00.1' and lote = 'r2400495200a'
20241017@090629.7486 ua7kunn6q1a4mftbobev4rt8h6 Query : select 1 valor from information_schema.tables where table_type='base table' and table_name='wstablefields'
20241017@090629.7501 ua7kunn6q1a4mftbobev4rt8h6 Query : select fieldkey,fieldname,fieldtype,calcformula from wstablefields where tablename = 'fi2' and documentnumber = 39
20241017@090629.7513 ua7kunn6q1a4mftbobev4rt8h6 Query : insert into wsfi2data (fi2stamp,ftstamp ,ousrdata, ousrhora, usrdata,usrhora,ousrinis,usrinis) values ('aut6710c950996710c585b6','aut6710c667006710c5836d' ,getdate(),convert(char(8),convert (time,getdate())),getdate(),convert(char(8),convert (time,getdate())),'wsv','wsv')
20241017@090629.7517 ua7kunn6q1a4mftbobev4rt8h6 Query : select 1 valor from information_schema.tables where table_type='base table' and table_name='wstablefields'
20241017@090629.7532 ua7kunn6q1a4mftbobev4rt8h6 Query : select fieldkey,fieldname,fieldtype,calcformula from wstablefields where tablename = 'fi' and documentnumber = 39
20241017@090629.7561 ua7kunn6q1a4mftbobev4rt8h6 Query : insert into wsfidata (fistamp,ousrdata, ousrhora, usrdata,usrhora,ousrinis,usrinis ,qtt ,ftstamp ,epv,pvmoeda ,tabiva,iva,lordem ,ref, design ,lote,armazem,bistamp ) values ('aut6710c950996710c585b6',getdate(),convert(char(8),convert (time,getdate())),getdate(),convert(char(8),convert (time,getdate())),'wsv','wsv',27.000 ,'aut6710c667006710c5836d' ,0,0 ,2,23.00,370000,?,?,?,?,?)
20241017@090629.7777 ua7kunn6q1a4mftbobev4rt8h6 Query : use flama_phc
20241017@090629.7780 ua7kunn6q1a4mftbobev4rt8h6 Query : select st.usalote valor from st where st.ref = '324.1321.00.1'
20241017@090629.7800 ua7kunn6q1a4mftbobev4rt8h6 Query : select top 1 st.tabiva ,st.ivaincl ,st.stns ,st.uni2 ,st.familia ,isnull(tx.taxa, 0) txiva ,unidade ,usalote ,epcpond ,noserie ,conversao ,st.texteis from st left join taxasiva tx on st.tabiva = tx.codigo where st.ref = '324.1321.00.1'
20241017@090629.7813 ua7kunn6q1a4mftbobev4rt8h6 Query : select 1 valor from information_schema.tables where table_type='base table' and table_name='wstablefields'
20241017@090629.7829 ua7kunn6q1a4mftbobev4rt8h6 Query : select fieldkey,fieldname,fieldtype,mandatory from wstablefields where tablename = 'fi' and documentnumber = 39
20241017@090629.7854 ua7kunn6q1a4mftbobev4rt8h6 Query : select 1 valor from information_schema.tables where table_type='base table' and table_name='wstablefields'
20241017@090629.7869 ua7kunn6q1a4mftbobev4rt8h6 Query : select fieldkey,fieldname,fieldtype,mandatory from wstablefields where tablename = 'fi2' and documentnumber = 39
20241017@090629.7878 ua7kunn6q1a4mftbobev4rt8h6 Query : select top 1 convert(numeric(6,2),t.taxa) valor from taxasiva t where t.codigo='2'
20241017@090629.7898 ua7kunn6q1a4mftbobev4rt8h6 Query : select sestamp valor from se where ref ='324.1321.00.1' and lote = 'r2400495200a'
20241017@090629.7911 ua7kunn6q1a4mftbobev4rt8h6 Query : select 1 valor from information_schema.tables where table_type='base table' and table_name='wstablefields'
20241017@090629.7925 ua7kunn6q1a4mftbobev4rt8h6 Query : select fieldkey,fieldname,fieldtype,calcformula from wstablefields where tablename = 'fi2' and documentnumber = 39
20241017@090629.7937 ua7kunn6q1a4mftbobev4rt8h6 Query : insert into wsfi2data (fi2stamp,ftstamp ,ousrdata, ousrhora, usrdata,usrhora,ousrinis,usrinis) values ('aut6710c729676710c585c1','aut6710c667006710c5836d' ,getdate(),convert(char(8),convert (time,getdate())),getdate(),convert(char(8),convert (time,getdate())),'wsv','wsv')
20241017@090629.7940 ua7kunn6q1a4mftbobev4rt8h6 Query : select 1 valor from information_schema.tables where table_type='base table' and table_name='wstablefields'
20241017@090629.7956 ua7kunn6q1a4mftbobev4rt8h6 Query : select fieldkey,fieldname,fieldtype,calcformula from wstablefields where tablename = 'fi' and documentnumber = 39
20241017@090629.7988 ua7kunn6q1a4mftbobev4rt8h6 Query : insert into wsfidata (fistamp,ousrdata, ousrhora, usrdata,usrhora,ousrinis,usrinis ,qtt ,ftstamp ,epv,pvmoeda ,tabiva,iva,lordem ,ref, design ,lote,armazem,bistamp ) values ('aut6710c729676710c585c1',getdate(),convert(char(8),convert (time,getdate())),getdate(),convert(char(8),convert (time,getdate())),'wsv','wsv',27.000 ,'aut6710c667006710c5836d' ,0,0 ,2,23.00,380000,?,?,?,?,?)
20241017@090629.8208 ua7kunn6q1a4mftbobev4rt8h6 Query : insert into wsftcreationlog (initialftstamp,externalid,creationstatus,documenttypeid,idustamp) values ('aut6710c667006710c5836d','2406780','wait',39,'adm09112754980.682000002')
20241017@090629.8307 ua7kunn6q1a4mftbobev4rt8h6 Query : use flama_phc
20241017@090629.8310 ua7kunn6q1a4mftbobev4rt8h6 Query : update u_wsusers set rqsttoken =? where userid ='userls001'
20241017@090629.8360 ua7kunn6q1a4mftbobev4rt8h6 Query : select concat(rtrim(relative_path),ltrim(name_new)) as valor from uploadfiles where uploadfile_id='2744';
20241017@090629.8392 ua7kunn6q1a4mftbobev4rt8h6 Query : update uploadfiles set whenupdated=current_timestamp where uploadfile_id='2744';
20241017@090629.8433 ua7kunn6q1a4mftbobev4rt8h6 Query : select concat(rtrim(relative_path),ltrim(name_new)) as valor from uploadfiles where uploadfile_id='2744';
20241017@090629.8461 ua7kunn6q1a4mftbobev4rt8h6 Query : update uploadfiles set whenupdated=current_timestamp where uploadfile_id='2744';
20241017@091921.6187 salv2ain4nogbjftp0ui3iask6 Query : use flama_phc
20241017@091921.6191 salv2ain4nogbjftp0ui3iask6 Query : select secretkey valor from u_wsusers u where u.userid = ? and u.username=? and u.password=? and u.inactivo=0
20241017@091921.6412 salv2ain4nogbjftp0ui3iask6 Query : use flama_phc
20241017@091921.6416 salv2ain4nogbjftp0ui3iask6 Query : update u_wsusers set rqsttoken =? where userid ='userls001'
20241017@093621.4798 0fs5od624selsd1abt8uc9u1sp Query : use flama_phc
20241017@093621.4803 0fs5od624selsd1abt8uc9u1sp Query : select secretkey valor from u_wsusers u where u.userid = ? and u.username=? and u.password=? and u.inactivo=0
20241017@093621.4909 0fs5od624selsd1abt8uc9u1sp Query : use flama_phc
20241017@093621.4912 0fs5od624selsd1abt8uc9u1sp Query : update u_wsusers set rqsttoken =? where userid ='userls001'
20241017@101914.4397 odh3659eu75st6eolqklqe8ra5 Query : use flama_phc
20241017@101914.4401 odh3659eu75st6eolqklqe8ra5 Query : select secretkey valor from u_wsusers u where u.userid = ? and u.username=? and u.password=? and u.inactivo=0
20241017@101914.4552 odh3659eu75st6eolqklqe8ra5 Query : use flama_phc
20241017@101914.4558 odh3659eu75st6eolqklqe8ra5 Query : update u_wsusers set rqsttoken =? where userid ='userls001'
20241017@103614.2477 2ds0rso16q6sci3ptglvjqane4 Query : use flama_phc
20241017@103614.2481 2ds0rso16q6sci3ptglvjqane4 Query : select secretkey valor from u_wsusers u where u.userid = ? and u.username=? and u.password=? and u.inactivo=0
20241017@103614.2572 2ds0rso16q6sci3ptglvjqane4 Query : use flama_phc
20241017@103614.2575 2ds0rso16q6sci3ptglvjqane4 Query : update u_wsusers set rqsttoken =? where userid ='userls001'
20241017@111919.1941 hahfj6vi690ksab0k8gopoh0gl Query : use flama_phc
20241017@111919.1947 hahfj6vi690ksab0k8gopoh0gl Query : select secretkey valor from u_wsusers u where u.userid = ? and u.username=? and u.password=? and u.inactivo=0
20241017@111919.2078 hahfj6vi690ksab0k8gopoh0gl Query : use flama_phc
20241017@111919.2081 hahfj6vi690ksab0k8gopoh0gl Query : update u_wsusers set rqsttoken =? where userid ='userls001'
20241017@113619.3662 s72b58jto7mbcg9hhpkhe857o9 Query : use flama_phc
20241017@113619.3666 s72b58jto7mbcg9hhpkhe857o9 Query : select secretkey valor from u_wsusers u where u.userid = ? and u.username=? and u.password=? and u.inactivo=0
20241017@113619.3775 s72b58jto7mbcg9hhpkhe857o9 Query : use flama_phc
20241017@113619.3779 s72b58jto7mbcg9hhpkhe857o9 Query : update u_wsusers set rqsttoken =? where userid ='userls001'
20241017@121915.7048 fvgr38s4mp3aoibvltqck1bodn Query : use flama_phc
20241017@121915.7052 fvgr38s4mp3aoibvltqck1bodn Query : select secretkey valor from u_wsusers u where u.userid = ? and u.username=? and u.password=? and u.inactivo=0
20241017@121915.7139 fvgr38s4mp3aoibvltqck1bodn Query : use flama_phc
20241017@121915.7142 fvgr38s4mp3aoibvltqck1bodn Query : update u_wsusers set rqsttoken =? where userid ='userls001'
20241017@123615.4878 hv1ama0og3tqu8226h407tukkd Query : use flama_phc
20241017@123615.4883 hv1ama0og3tqu8226h407tukkd Query : select secretkey valor from u_wsusers u where u.userid = ? and u.username=? and u.password=? and u.inactivo=0
20241017@123615.4980 hv1ama0og3tqu8226h407tukkd Query : use flama_phc
20241017@123615.4983 hv1ama0og3tqu8226h407tukkd Query : update u_wsusers set rqsttoken =? where userid ='userls001'
20241017@131910.9080 94lqjn9alm0tgu0n91bak4favr Query : use flama_phc
20241017@131910.9084 94lqjn9alm0tgu0n91bak4favr Query : select secretkey valor from u_wsusers u where u.userid = ? and u.username=? and u.password=? and u.inactivo=0
20241017@131910.9170 94lqjn9alm0tgu0n91bak4favr Query : use flama_phc
20241017@131910.9173 94lqjn9alm0tgu0n91bak4favr Query : update u_wsusers set rqsttoken =? where userid ='userls001'
20241017@133611.2155 fcj4iik67vsihafedvtej7a5pc Query : use flama_phc
20241017@133611.2159 fcj4iik67vsihafedvtej7a5pc Query : select secretkey valor from u_wsusers u where u.userid = ? and u.username=? and u.password=? and u.inactivo=0
20241017@133611.2241 fcj4iik67vsihafedvtej7a5pc Query : use flama_phc
20241017@133611.2244 fcj4iik67vsihafedvtej7a5pc Query : update u_wsusers set rqsttoken =? where userid ='userls001'
20241017@141914.2804 f12aio1qm6enu6817lgmjelpnk Query : use flama_phc
20241017@141914.2808 f12aio1qm6enu6817lgmjelpnk Query : select secretkey valor from u_wsusers u where u.userid = ? and u.username=? and u.password=? and u.inactivo=0
20241017@141914.2906 f12aio1qm6enu6817lgmjelpnk Query : use flama_phc
20241017@141914.2910 f12aio1qm6enu6817lgmjelpnk Query : update u_wsusers set rqsttoken =? where userid ='userls001'
20241017@143614.2576 evvk0b4qapvf6it08lkdg8ldbj Query : use flama_phc
20241017@143614.2581 evvk0b4qapvf6it08lkdg8ldbj Query : select secretkey valor from u_wsusers u where u.userid = ? and u.username=? and u.password=? and u.inactivo=0
20241017@143614.2674 evvk0b4qapvf6it08lkdg8ldbj Query : use flama_phc
20241017@143614.2678 evvk0b4qapvf6it08lkdg8ldbj Query : update u_wsusers set rqsttoken =? where userid ='userls001'
20241017@151920.4556 5i3ifmtlgrugulvn002a0qaipi Query : use flama_phc
20241017@151920.4560 5i3ifmtlgrugulvn002a0qaipi Query : select secretkey valor from u_wsusers u where u.userid = ? and u.username=? and u.password=? and u.inactivo=0
20241017@151920.4656 5i3ifmtlgrugulvn002a0qaipi Query : use flama_phc
20241017@151920.4659 5i3ifmtlgrugulvn002a0qaipi Query : update u_wsusers set rqsttoken =? where userid ='userls001'
20241017@153620.5976 8h2mq4tvrdpegcm3tbcotne29i Query : use flama_phc
20241017@153620.5982 8h2mq4tvrdpegcm3tbcotne29i Query : select secretkey valor from u_wsusers u where u.userid = ? and u.username=? and u.password=? and u.inactivo=0
20241017@153620.6236 8h2mq4tvrdpegcm3tbcotne29i Query : use flama_phc
20241017@153620.6242 8h2mq4tvrdpegcm3tbcotne29i Query : update u_wsusers set rqsttoken =? where userid ='userls001'
20241017@155529.6880 aptguis9td8g8c52okk164oqpr Query : insert into uploadfiles ( name_original, name_new, option_type, relative_path, whencreated ) values ( ?, ?, ?, ?, getdate() )
20241017@155529.6926 aptguis9td8g8c52okk164oqpr Query : select uploadfile_id valor from uploadfiles where name_new = ? and option_type = ? 
20241017@155529.7199 aptguis9td8g8c52okk164oqpr Query : select concat(rtrim(relative_path),ltrim(name_new)) as valor from uploadfiles where uploadfile_id='2745';
20241017@155529.7275 aptguis9td8g8c52okk164oqpr Query : update uploadfiles set whenupdated=current_timestamp where uploadfile_id='2745';
20241017@155529.7362 aptguis9td8g8c52okk164oqpr Query : select concat(rtrim(relative_path),ltrim(name_new)) as valor from uploadfiles where uploadfile_id='2745';
20241017@155529.7399 aptguis9td8g8c52okk164oqpr Query : update uploadfiles set whenupdated=current_timestamp where uploadfile_id='2745';
20241017@155529.7462 aptguis9td8g8c52okk164oqpr Query : use flama_phc
20241017@155529.7467 aptguis9td8g8c52okk164oqpr Query : select top 1 secretkey valor from u_wsusers u where u.userid = ? and u.inactivo=0
20241017@155529.7599 aptguis9td8g8c52okk164oqpr Query : select top 1 isnull(design,'') valor from st (nolock) where st.ref = '304.4320.00.1'
20241017@155529.7736 aptguis9td8g8c52okk164oqpr Query : select top 1 bistamp valor from bi inner join bo on bo.bostamp=bi.bostamp where bo.ndos =gt2 and bo.boano =2002 and bo.obrano = 024/514 and bi.ref ='304.4320.00.1' and bi.lordem =1
20241017@155529.7871 aptguis9td8g8c52okk164oqpr Query : select top 1 isnull(design,'') valor from st (nolock) where st.ref = '324.1406.00.1'
20241017@155529.7980 aptguis9td8g8c52okk164oqpr Query : select top 1 bistamp valor from bi inner join bo on bo.bostamp=bi.bostamp where bo.ndos =gt2 and bo.boano =2002 and bo.obrano = 024/514 and bi.ref ='324.1406.00.1' and bi.lordem =3
20241017@155529.8080 aptguis9td8g8c52okk164oqpr Query : select top 1 isnull(design,'') valor from st (nolock) where st.ref = '304.421.00.04'
20241017@155529.8201 aptguis9td8g8c52okk164oqpr Query : select top 1 bistamp valor from bi inner join bo on bo.bostamp=bi.bostamp where bo.ndos =gt2 and bo.boano =2002 and bo.obrano = 024/514 and bi.ref ='304.421.00.04' and bi.lordem =2
20241017@155529.8318 aptguis9td8g8c52okk164oqpr Query : use flama_phc
20241017@155529.8321 aptguis9td8g8c52okk164oqpr Query : select top 1 1 valor from ts where ts.ndos = 61
20241017@155529.8406 aptguis9td8g8c52okk164oqpr Query : use flama_phc
20241017@155529.8410 aptguis9td8g8c52okk164oqpr Query : select lower(descricao) descricao ,case when valor='s' then 1 else 0 end valor from para1 where descricao in ('st_lote','st_usalogifunc', 'st_grelha')
20241017@155529.8489 aptguis9td8g8c52okk164oqpr Query : select top 1 assinadoc issigned ,ts.stocks ,ts.bdempresas origin ,case when (cmstocks between 1 and 50 or cm2stocks between 1 and 50 ) then 1 else 0 end entrada ,case when cmstocks>50 or (cm2stocks>50 and trfa =1) then 1 else 0 end saida ,stneg validatestock ,tiposaft ,veserie useserialnumber ,foserie assetin ,ftserie assetout ,veserie assets ,trfarm assetstransfer ,grelha usegridfields from ts inner join ts2 on ts.tsstamp=ts2.ts2stamp where ts.ndos =61
20241017@155529.8639 aptguis9td8g8c52okk164oqpr Query : use flama_phc
20241017@155529.8643 aptguis9td8g8c52okk164oqpr Query : select top 1 ~inactivo valor from fl where no = '1626' and estab = 26 order by inactivo desc
20241017@155529.8755 aptguis9td8g8c52okk164oqpr Query : use flama_phc
20241017@155529.8758 aptguis9td8g8c52okk164oqpr Query : select top 1 errorresult result ,errornumber errornumber ,descriptionpt description ,isnull(descriptionen,'') descriptionen ,isnull(descriptionfr,'') descriptionfr from wserrorcodes where errornumber = -230
20241017@155529.8917 aptguis9td8g8c52okk164oqpr Query : select concat(rtrim(relative_path),ltrim(name_new)) as valor from uploadfiles where uploadfile_id='2745';
20241017@155529.8957 aptguis9td8g8c52okk164oqpr Query : update uploadfiles set whenupdated=current_timestamp where uploadfile_id='2745';
20241017@155607.3893 t8uqgbasvhaars81n8j6f3taf4 Query : insert into uploadfiles ( name_original, name_new, option_type, relative_path, whencreated ) values ( ?, ?, ?, ?, getdate() )
20241017@155607.3905 t8uqgbasvhaars81n8j6f3taf4 Query : select uploadfile_id valor from uploadfiles where name_new = ? and option_type = ? 
20241017@155607.3977 t8uqgbasvhaars81n8j6f3taf4 Query : select concat(rtrim(relative_path),ltrim(name_new)) as valor from uploadfiles where uploadfile_id='2746';
20241017@155607.4040 t8uqgbasvhaars81n8j6f3taf4 Query : update uploadfiles set whenupdated=current_timestamp where uploadfile_id='2746';
20241017@155607.4098 t8uqgbasvhaars81n8j6f3taf4 Query : select concat(rtrim(relative_path),ltrim(name_new)) as valor from uploadfiles where uploadfile_id='2746';
20241017@155607.4132 t8uqgbasvhaars81n8j6f3taf4 Query : update uploadfiles set whenupdated=current_timestamp where uploadfile_id='2746';
20241017@155607.4189 t8uqgbasvhaars81n8j6f3taf4 Query : use flama_phc
20241017@155607.4193 t8uqgbasvhaars81n8j6f3taf4 Query : select top 1 secretkey valor from u_wsusers u where u.userid = ? and u.inactivo=0
20241017@155607.4257 t8uqgbasvhaars81n8j6f3taf4 Query : use flama_phc
20241017@155607.4260 t8uqgbasvhaars81n8j6f3taf4 Query : select no, estab,szadrsdesc from szadrs where u_coddest=6975
20241017@155607.4345 t8uqgbasvhaars81n8j6f3taf4 Query : select top 1 isnull(design,'') valor from st (nolock) left join stobs (nolock) on st.ref = stobs.ref where st.ref = '304.421.00.04'
20241017@155607.4468 t8uqgbasvhaars81n8j6f3taf4 Query : use flama_phc
20241017@155607.4472 t8uqgbasvhaars81n8j6f3taf4 Query : select top 1 convert(date,fdata) valor from ft where ndoc = 39 and anulado= 0 and fno>0 order by fdata desc
20241017@155607.4641 t8uqgbasvhaars81n8j6f3taf4 Query : use flama_phc
20241017@155607.4645 t8uqgbasvhaars81n8j6f3taf4 Query : select top 1 1 valor from td where td.ndoc = 39
20241017@155607.4742 t8uqgbasvhaars81n8j6f3taf4 Query : use flama_phc
20241017@155607.4746 t8uqgbasvhaars81n8j6f3taf4 Query : select lower(descricao) descricao ,case when valor='s' then 1 else 0 end valor from para1 where descricao in ('st_lote','st_usalogifunc', 'st_grelha')
20241017@155607.4782 t8uqgbasvhaars81n8j6f3taf4 Query : select top 1 manternumero ,assinadoc issigned ,tiposaft ,assinaimp ,nmdos ,td.assinadoc ,'cl' origin ,lancasl stocks ,case when cmsl<50 and td.lancasl=1 then 1 else 0 end entrada ,case when cmsl>50 and td.lancasl=1 then 1 else 0 end saida ,temserie assets ,~semgre usegridfields from td inner join td2 on td.tdstamp=td2.td2stamp where td.ndoc = 1
20241017@155607.4913 t8uqgbasvhaars81n8j6f3taf4 Query : use flama_phc
20241017@155607.4917 t8uqgbasvhaars81n8j6f3taf4 Query : select top 1 ~inactivo valor from cl where no = '200500' and estab = 0 order by inactivo desc
20241017@155607.5070 t8uqgbasvhaars81n8j6f3taf4 Query : use flama_phc
20241017@155607.5073 t8uqgbasvhaars81n8j6f3taf4 Query : select top 1 tipodoc,regrd from td where ndoc = 39
20241017@155607.5326 t8uqgbasvhaars81n8j6f3taf4 Query : use flama_phc
20241017@155607.5331 t8uqgbasvhaars81n8j6f3taf4 Query : select szadrsstamp valor from szadrs where szadrsdesc='espaÇotrans,lda'
20241017@155607.5439 t8uqgbasvhaars81n8j6f3taf4 Query : use flama_phc
20241017@155607.5444 t8uqgbasvhaars81n8j6f3taf4 Query : select szadrsstamp valor from szadrs where szadrsdesc='eldisser, s.a. - tarragona'
20241017@155607.5494 t8uqgbasvhaars81n8j6f3taf4 Query : use flama_phc
20241017@155607.5497 t8uqgbasvhaars81n8j6f3taf4 Query : select 1 valor from td where ndoc = 39
20241017@155607.5550 t8uqgbasvhaars81n8j6f3taf4 Query : select top 1 manternumero, tiposaft, nmdos,td.assinadoc from td where td.ndoc = 39
20241017@155607.5594 t8uqgbasvhaars81n8j6f3taf4 Query : select 1 valor from information_schema.tables where table_type='base table' and table_name='wstablefields'
20241017@155607.5882 t8uqgbasvhaars81n8j6f3taf4 Query : select fieldkey,fieldname,fieldtype,mandatory from wstablefields where tablename = 'ft' and documentnumber = 39
20241017@155607.5950 t8uqgbasvhaars81n8j6f3taf4 Query : select 1 valor from information_schema.tables where table_type='base table' and table_name='wstablefields'
20241017@155607.5965 t8uqgbasvhaars81n8j6f3taf4 Query : select fieldkey,fieldname,fieldtype,mandatory from wstablefields where tablename = 'ft2' and documentnumber = 39
20241017@155607.5992 t8uqgbasvhaars81n8j6f3taf4 Query : select 1 valor from information_schema.tables where table_type='base table' and table_name='wstablefields'
20241017@155607.6006 t8uqgbasvhaars81n8j6f3taf4 Query : select fieldkey,fieldname,fieldtype,mandatory from wstablefields where tablename = 'ft3' and documentnumber = 39
20241017@155607.6020 t8uqgbasvhaars81n8j6f3taf4 Query : select top 1 ft.fno valor from ft ft where ft.ndoc = 39 and ftano=2024 order by fno desc
20241017@155607.6187 t8uqgbasvhaars81n8j6f3taf4 Query : select top 1 ft.fno valor from wsftdata ft where ft.ndoc = 39 and ftano=2024 order by fno desc
20241017@155607.6292 t8uqgbasvhaars81n8j6f3taf4 Query : select 1 valor from information_schema.tables where table_type='base table' and table_name='wstablefields'
20241017@155607.6309 t8uqgbasvhaars81n8j6f3taf4 Query : select fieldkey,fieldname,fieldtype,calcformula from wstablefields where tablename = 'ft3' and documentnumber = 39
20241017@155607.6350 t8uqgbasvhaars81n8j6f3taf4 Query : insert into wsft3data (ft3stamp, ousrdata, ousrhora, usrdata,usrhora,ousrinis,usrinis,taxpointdt ) values ('aut67112979146711258792' ,getdate(),convert(char(8),convert (time,getdate())),getdate(),convert(char(8),convert (time,getdate())),'wsv','wsv',?)
20241017@155607.6696 t8uqgbasvhaars81n8j6f3taf4 Query : select 1 valor from information_schema.tables where table_type='base table' and table_name='wstablefields'
20241017@155607.6715 t8uqgbasvhaars81n8j6f3taf4 Query : select fieldkey,fieldname,fieldtype,calcformula from wstablefields where tablename = 'ft2' and documentnumber = 39
20241017@155607.6752 t8uqgbasvhaars81n8j6f3taf4 Query : select top 1 bo.u_nomeenv valor from bo where bo.bostamp=''
20241017@155607.6821 t8uqgbasvhaars81n8j6f3taf4 Query : select top 1 bo.u_moradaen valor from bo where bo.bostamp=''
20241017@155607.6878 t8uqgbasvhaars81n8j6f3taf4 Query : select top 1 bo.u_codposen valor from bo where bo.bostamp=''
20241017@155607.6937 t8uqgbasvhaars81n8j6f3taf4 Query : select top 1 bo.u_localenv valor from bo where bo.bostamp=''
20241017@155607.6996 t8uqgbasvhaars81n8j6f3taf4 Query : select top 1 bo.trab5 valor from bo where bo.bostamp=''
20241017@155607.7055 t8uqgbasvhaars81n8j6f3taf4 Query : select top 1 bo.serie valor from bo where bo.bostamp=''
20241017@155607.7117 t8uqgbasvhaars81n8j6f3taf4 Query : insert into wsft2data (ft2stamp, ousrdata,ousrhora, usrdata,usrhora,ousrinis,usrinis,u_nomeenv ,u_moradaen ,u_codposen ,u_localenv ,u_coddest ,u_codby ) values ('aut67112979146711258792',getdate(),convert(char(8),convert (time,getdate())),getdate(),convert(char(8),convert (time,getdate())),'wsv','wsv',?,?,?,?,?,?)
20241017@155607.7791 t8uqgbasvhaars81n8j6f3taf4 Query : select top 1 fno valor from wsftdata order by fno desc
20241017@155607.7862 t8uqgbasvhaars81n8j6f3taf4 Query : select 1 valor from information_schema.tables where table_type='base table' and table_name='wstablefields'
20241017@155607.7877 t8uqgbasvhaars81n8j6f3taf4 Query : select fieldkey,fieldname,fieldtype,calcformula from wstablefields where tablename = 'ft' and documentnumber = 39
20241017@155607.7900 t8uqgbasvhaars81n8j6f3taf4 Query : select 'normal' from dummy
20241017@155607.7944 t8uqgbasvhaars81n8j6f3taf4 Query : insert into wsftdata (ftstamp, ousrdata,ousrhora, usrdata,usrhora,ousrinis,usrinis,fno,no,estab,fdata,ndoc,moeda,cambio,cambiofixo,ftano,site ,classe ) values ('aut67112979146711258792',getdate(),convert(char(8),convert (time,getdate())),getdate(),convert(char(8),convert (time,getdate())),'wsv','wsv',1343,200500,0,'2024-10-17',39,'euro',0,0,2024 ,?,?)
20241017@155607.8328 t8uqgbasvhaars81n8j6f3taf4 Query : use flama_phc
20241017@155607.8331 t8uqgbasvhaars81n8j6f3taf4 Query : select st.usalote valor from st where st.ref = '304.421.00.04'
20241017@155607.8423 t8uqgbasvhaars81n8j6f3taf4 Query : select top 1 st.tabiva ,st.ivaincl ,st.stns ,st.uni2 ,st.familia ,isnull(tx.taxa, 0) txiva ,unidade ,usalote ,epcpond ,noserie ,conversao ,st.texteis from st left join taxasiva tx on st.tabiva = tx.codigo where st.ref = '304.421.00.04'
20241017@155607.8530 t8uqgbasvhaars81n8j6f3taf4 Query : select 1 valor from information_schema.tables where table_type='base table' and table_name='wstablefields'
20241017@155607.8547 t8uqgbasvhaars81n8j6f3taf4 Query : select fieldkey,fieldname,fieldtype,mandatory from wstablefields where tablename = 'fi' and documentnumber = 39
20241017@155607.8573 t8uqgbasvhaars81n8j6f3taf4 Query : select 1 valor from information_schema.tables where table_type='base table' and table_name='wstablefields'
20241017@155607.8595 t8uqgbasvhaars81n8j6f3taf4 Query : select fieldkey,fieldname,fieldtype,mandatory from wstablefields where tablename = 'fi2' and documentnumber = 39
20241017@155607.8605 t8uqgbasvhaars81n8j6f3taf4 Query : select top 1 convert(numeric(6,2),t.taxa) valor from taxasiva t where t.codigo='2'
20241017@155607.8641 t8uqgbasvhaars81n8j6f3taf4 Query : select sestamp valor from se where ref ='304.421.00.04' and lote = '241002'
20241017@155607.8692 t8uqgbasvhaars81n8j6f3taf4 Query : select 1 valor from information_schema.tables where table_type='base table' and table_name='wstablefields'
20241017@155607.8707 t8uqgbasvhaars81n8j6f3taf4 Query : select fieldkey,fieldname,fieldtype,calcformula from wstablefields where tablename = 'fi2' and documentnumber = 39
20241017@155607.8757 t8uqgbasvhaars81n8j6f3taf4 Query : insert into wsfi2data (fi2stamp,ftstamp ,ousrdata, ousrhora, usrdata,usrhora,ousrinis,usrinis) values ('aut671124434067112587d4','aut67112979146711258792' ,getdate(),convert(char(8),convert (time,getdate())),getdate(),convert(char(8),convert (time,getdate())),'wsv','wsv')
20241017@155607.8822 t8uqgbasvhaars81n8j6f3taf4 Query : select 1 valor from information_schema.tables where table_type='base table' and table_name='wstablefields'
20241017@155607.8838 t8uqgbasvhaars81n8j6f3taf4 Query : select fieldkey,fieldname,fieldtype,calcformula from wstablefields where tablename = 'fi' and documentnumber = 39
20241017@155607.8868 t8uqgbasvhaars81n8j6f3taf4 Query : insert into wsfidata (fistamp,ousrdata, ousrhora, usrdata,usrhora,ousrinis,usrinis ,qtt ,ftstamp ,epv,pvmoeda ,tabiva,iva,lordem ,ref, design ,lote,armazem) values ('aut671124434067112587d4',getdate(),convert(char(8),convert (time,getdate())),getdate(),convert(char(8),convert (time,getdate())),'wsv','wsv',16.000 ,'aut67112979146711258792' ,0,0 ,2,23.00,10000,?,?,?,?)
20241017@155607.9434 t8uqgbasvhaars81n8j6f3taf4 Query : select 1 valor from information_schema.tables where table_type='base table' and table_name='wstablefields'
20241017@155607.9451 t8uqgbasvhaars81n8j6f3taf4 Query : select fieldkey,fieldname,fieldtype,mandatory from wstablefields where tablename = 'fi' and documentnumber = 39
20241017@155607.9474 t8uqgbasvhaars81n8j6f3taf4 Query : select 1 valor from information_schema.tables where table_type='base table' and table_name='wstablefields'
20241017@155607.9488 t8uqgbasvhaars81n8j6f3taf4 Query : select fieldkey,fieldname,fieldtype,mandatory from wstablefields where tablename = 'fi2' and documentnumber = 39
20241017@155607.9496 t8uqgbasvhaars81n8j6f3taf4 Query : select top 1 convert(numeric(6,2),t.taxa) valor from taxasiva t where t.codigo='2'
20241017@155607.9508 t8uqgbasvhaars81n8j6f3taf4 Query : select 1 valor from information_schema.tables where table_type='base table' and table_name='wstablefields'
20241017@155607.9522 t8uqgbasvhaars81n8j6f3taf4 Query : select fieldkey,fieldname,fieldtype,calcformula from wstablefields where tablename = 'fi2' and documentnumber = 39
20241017@155607.9533 t8uqgbasvhaars81n8j6f3taf4 Query : insert into wsfi2data (fi2stamp,ftstamp ,ousrdata, ousrhora, usrdata,usrhora,ousrinis,usrinis) values ('aut671121924767112587e8','aut67112979146711258792' ,getdate(),convert(char(8),convert (time,getdate())),getdate(),convert(char(8),convert (time,getdate())),'wsv','wsv')
20241017@155607.9537 t8uqgbasvhaars81n8j6f3taf4 Query : select 1 valor from information_schema.tables where table_type='base table' and table_name='wstablefields'
20241017@155607.9551 t8uqgbasvhaars81n8j6f3taf4 Query : select fieldkey,fieldname,fieldtype,calcformula from wstablefields where tablename = 'fi' and documentnumber = 39
20241017@155607.9580 t8uqgbasvhaars81n8j6f3taf4 Query : insert into wsfidata (fistamp,ousrdata, ousrhora, usrdata,usrhora,ousrinis,usrinis ,qtt ,ftstamp ,epv,pvmoeda ,tabiva,iva,lordem ,ref, design ,armazem) values ('aut671121924767112587e8',getdate(),convert(char(8),convert (time,getdate())),getdate(),convert(char(8),convert (time,getdate())),'wsv','wsv',0 ,'aut67112979146711258792' ,0,0 ,2,23.00,20000,?,?,?)
20241017@155607.9793 t8uqgbasvhaars81n8j6f3taf4 Query : insert into wsftcreationlog (initialftstamp,externalid,creationstatus,documenttypeid,idustamp) values ('aut67112979146711258792','2406810.','wait',39,'adm09112754980.682000002')
20241017@155607.9907 t8uqgbasvhaars81n8j6f3taf4 Query : use flama_phc
20241017@155607.9910 t8uqgbasvhaars81n8j6f3taf4 Query : update u_wsusers set rqsttoken =? where userid ='userls001'
20241017@155607.9938 t8uqgbasvhaars81n8j6f3taf4 Query : select concat(rtrim(relative_path),ltrim(name_new)) as valor from uploadfiles where uploadfile_id='2746';
20241017@155607.9971 t8uqgbasvhaars81n8j6f3taf4 Query : update uploadfiles set whenupdated=current_timestamp where uploadfile_id='2746';
20241017@155608.1500 t8uqgbasvhaars81n8j6f3taf4 Query : select concat(rtrim(relative_path),ltrim(name_new)) as valor from uploadfiles where uploadfile_id='2746';
20241017@155608.4000 t8uqgbasvhaars81n8j6f3taf4 Query : update uploadfiles set whenupdated=current_timestamp where uploadfile_id='2746';
20241017@161914.3108 mtcicqui8uvk8q79pk4bfse0eh Query : use flama_phc
20241017@161914.3112 mtcicqui8uvk8q79pk4bfse0eh Query : select secretkey valor from u_wsusers u where u.userid = ? and u.username=? and u.password=? and u.inactivo=0
20241017@161914.3232 mtcicqui8uvk8q79pk4bfse0eh Query : use flama_phc
20241017@161914.3235 mtcicqui8uvk8q79pk4bfse0eh Query : update u_wsusers set rqsttoken =? where userid ='userls001'
20241017@163613.9101 82fvj45hvt3u4jvh43c3lrqold Query : use flama_phc
20241017@163613.9106 82fvj45hvt3u4jvh43c3lrqold Query : select secretkey valor from u_wsusers u where u.userid = ? and u.username=? and u.password=? and u.inactivo=0
20241017@163613.9188 82fvj45hvt3u4jvh43c3lrqold Query : use flama_phc
20241017@163613.9192 82fvj45hvt3u4jvh43c3lrqold Query : update u_wsusers set rqsttoken =? where userid ='userls001'
20241017@171913.3216 cav2uh45s6a8uvbpj7lokkr1kk Query : use flama_phc
20241017@171913.3221 cav2uh45s6a8uvbpj7lokkr1kk Query : select secretkey valor from u_wsusers u where u.userid = ? and u.username=? and u.password=? and u.inactivo=0
20241017@171913.3318 cav2uh45s6a8uvbpj7lokkr1kk Query : use flama_phc
20241017@171913.3321 cav2uh45s6a8uvbpj7lokkr1kk Query : update u_wsusers set rqsttoken =? where userid ='userls001'
20241017@173613.3084 fogkn1udm4fmkmn4ilt4uompap Query : use flama_phc
20241017@173613.3088 fogkn1udm4fmkmn4ilt4uompap Query : select secretkey valor from u_wsusers u where u.userid = ? and u.username=? and u.password=? and u.inactivo=0
20241017@173613.3171 fogkn1udm4fmkmn4ilt4uompap Query : use flama_phc
20241017@173613.3174 fogkn1udm4fmkmn4ilt4uompap Query : update u_wsusers set rqsttoken =? where userid ='userls001'
20241017@181914.8881 t7l8r2dqglb46nn36rtl4cifnr Query : use flama_phc
20241017@181914.8885 t7l8r2dqglb46nn36rtl4cifnr Query : select secretkey valor from u_wsusers u where u.userid = ? and u.username=? and u.password=? and u.inactivo=0
20241017@181914.8971 t7l8r2dqglb46nn36rtl4cifnr Query : use flama_phc
20241017@181914.8974 t7l8r2dqglb46nn36rtl4cifnr Query : update u_wsusers set rqsttoken =? where userid ='userls001'
20241017@182832.3430 9bavaqqul4mnn4acjbejntmla9 Query : insert into uploadfiles ( name_original, name_new, option_type, relative_path, whencreated ) values ( ?, ?, ?, ?, getdate() )
20241017@182832.3454 9bavaqqul4mnn4acjbejntmla9 Query : select uploadfile_id valor from uploadfiles where name_new = ? and option_type = ? 
20241017@182832.3619 9bavaqqul4mnn4acjbejntmla9 Query : select concat(rtrim(relative_path),ltrim(name_new)) as valor from uploadfiles where uploadfile_id='2747';
20241017@182832.3686 9bavaqqul4mnn4acjbejntmla9 Query : update uploadfiles set whenupdated=current_timestamp where uploadfile_id='2747';
20241017@182832.3740 9bavaqqul4mnn4acjbejntmla9 Query : select concat(rtrim(relative_path),ltrim(name_new)) as valor from uploadfiles where uploadfile_id='2747';
20241017@182832.3769 9bavaqqul4mnn4acjbejntmla9 Query : update uploadfiles set whenupdated=current_timestamp where uploadfile_id='2747';
20241017@182832.3820 9bavaqqul4mnn4acjbejntmla9 Query : use flama_phc
