20241105@174404.6628 5e0qrf0h1c00lmeb73827n529t INICIO DE FICHEIRO DE LOG :: /var/www/webservices/logs/website.sql.log
20241105@174404.6626 5e0qrf0h1c00lmeb73827n529t Query : select 1 valor from information_schema.tables where table_type='base table' and table_name='wstablefields'
20241105@174404.6646 5e0qrf0h1c00lmeb73827n529t Query : select fieldkey,fieldname,fieldtype,mandatory from wstablefields where tablename = 'fi' and documentnumber = 39
20241105@174404.6694 5e0qrf0h1c00lmeb73827n529t Query : select 1 valor from information_schema.tables where table_type='base table' and table_name='wstablefields'
20241105@174404.6708 5e0qrf0h1c00lmeb73827n529t Query : select fieldkey,fieldname,fieldtype,mandatory from wstablefields where tablename = 'fi2' and documentnumber = 39
20241105@174404.6717 5e0qrf0h1c00lmeb73827n529t Query : select top 1 convert(numeric(6,2),t.taxa) valor from taxasiva t where t.codigo='2'
20241105@174404.6729 5e0qrf0h1c00lmeb73827n529t Query : select sestamp valor from se where ref ='324.1824.00.1' and lote = 'r2400215200a'
20241105@174404.6743 5e0qrf0h1c00lmeb73827n529t Query : select 1 valor from information_schema.tables where table_type='base table' and table_name='wstablefields'
20241105@174404.6759 5e0qrf0h1c00lmeb73827n529t Query : select fieldkey,fieldname,fieldtype,calcformula from wstablefields where tablename = 'fi2' and documentnumber = 39
20241105@174404.6771 5e0qrf0h1c00lmeb73827n529t Query : insert into wsfi2data (fi2stamp,ftstamp ,ousrdata, ousrhora, usrdata,usrhora,ousrinis,usrinis) values ('aut672a537646672a5964a4','aut672a556076672a596311' ,getdate(),convert(char(8),convert (time,getdate())),getdate(),convert(char(8),convert (time,getdate())),'wsv','wsv')
20241105@174404.6776 5e0qrf0h1c00lmeb73827n529t Query : select 1 valor from information_schema.tables where table_type='base table' and table_name='wstablefields'
20241105@174404.6803 5e0qrf0h1c00lmeb73827n529t Query : select fieldkey,fieldname,fieldtype,calcformula from wstablefields where tablename = 'fi' and documentnumber = 39
20241105@174404.6864 5e0qrf0h1c00lmeb73827n529t Query : insert into wsfidata (fistamp,ousrdata, ousrhora, usrdata,usrhora,ousrinis,usrinis ,qtt ,ftstamp ,epv,pvmoeda ,tabiva,iva,lordem ,ref, design ,lote,armazem,bistamp ) values ('aut672a537646672a5964a4',getdate(),convert(char(8),convert (time,getdate())),getdate(),convert(char(8),convert (time,getdate())),'wsv','wsv',2.000 ,'aut672a556076672a596311' ,0,0 ,2,23.00,240000,?,?,?,?,?)
20241105@174404.7147 5e0qrf0h1c00lmeb73827n529t Query : select 1 valor from information_schema.tables where table_type='base table' and table_name='wstablefields'
20241105@174404.7169 5e0qrf0h1c00lmeb73827n529t Query : select fieldkey,fieldname,fieldtype,mandatory from wstablefields where tablename = 'fi' and documentnumber = 39
20241105@174404.7194 5e0qrf0h1c00lmeb73827n529t Query : select 1 valor from information_schema.tables where table_type='base table' and table_name='wstablefields'
20241105@174404.7211 5e0qrf0h1c00lmeb73827n529t Query : select fieldkey,fieldname,fieldtype,mandatory from wstablefields where tablename = 'fi2' and documentnumber = 39
20241105@174404.7220 5e0qrf0h1c00lmeb73827n529t Query : select top 1 convert(numeric(6,2),t.taxa) valor from taxasiva t where t.codigo='2'
20241105@174404.7231 5e0qrf0h1c00lmeb73827n529t Query : select 1 valor from information_schema.tables where table_type='base table' and table_name='wstablefields'
20241105@174404.7246 5e0qrf0h1c00lmeb73827n529t Query : select fieldkey,fieldname,fieldtype,calcformula from wstablefields where tablename = 'fi2' and documentnumber = 39
20241105@174404.7270 5e0qrf0h1c00lmeb73827n529t Query : insert into wsfi2data (fi2stamp,ftstamp ,ousrdata, ousrhora, usrdata,usrhora,ousrinis,usrinis) values ('aut672a542644672a5964b0','aut672a556076672a596311' ,getdate(),convert(char(8),convert (time,getdate())),getdate(),convert(char(8),convert (time,getdate())),'wsv','wsv')
20241105@174404.7274 5e0qrf0h1c00lmeb73827n529t Query : select 1 valor from information_schema.tables where table_type='base table' and table_name='wstablefields'
20241105@174404.7289 5e0qrf0h1c00lmeb73827n529t Query : select fieldkey,fieldname,fieldtype,calcformula from wstablefields where tablename = 'fi' and documentnumber = 39
20241105@174404.7342 5e0qrf0h1c00lmeb73827n529t Query : insert into wsfidata (fistamp,ousrdata, ousrhora, usrdata,usrhora,ousrinis,usrinis ,qtt ,ftstamp ,epv,pvmoeda ,tabiva,iva,lordem ,ref, design ,armazem) values ('aut672a542644672a5964b0',getdate(),convert(char(8),convert (time,getdate())),getdate(),convert(char(8),convert (time,getdate())),'wsv','wsv',0 ,'aut672a556076672a596311' ,0,0 ,2,23.00,250000,?,?,?)
20241105@174404.7648 5e0qrf0h1c00lmeb73827n529t Query : use flama_phc
20241105@174404.7651 5e0qrf0h1c00lmeb73827n529t Query : select st.usalote valor from st where st.ref = '324.1824.00.1'
20241105@174404.7669 5e0qrf0h1c00lmeb73827n529t Query : select top 1 st.tabiva ,st.ivaincl ,st.stns ,st.uni2 ,st.familia ,isnull(tx.taxa, 0) txiva ,unidade ,usalote ,epcpond ,noserie ,conversao ,st.texteis from st left join taxasiva tx on st.tabiva = tx.codigo where st.ref = '324.1824.00.1'
20241105@174404.7705 5e0qrf0h1c00lmeb73827n529t Query : select 1 valor from information_schema.tables where table_type='base table' and table_name='wstablefields'
20241105@174404.7740 5e0qrf0h1c00lmeb73827n529t Query : select fieldkey,fieldname,fieldtype,mandatory from wstablefields where tablename = 'fi' and documentnumber = 39
20241105@174404.7782 5e0qrf0h1c00lmeb73827n529t Query : select 1 valor from information_schema.tables where table_type='base table' and table_name='wstablefields'
20241105@174404.7796 5e0qrf0h1c00lmeb73827n529t Query : select fieldkey,fieldname,fieldtype,mandatory from wstablefields where tablename = 'fi2' and documentnumber = 39
20241105@174404.7804 5e0qrf0h1c00lmeb73827n529t Query : select top 1 convert(numeric(6,2),t.taxa) valor from taxasiva t where t.codigo='2'
20241105@174404.7816 5e0qrf0h1c00lmeb73827n529t Query : select sestamp valor from se where ref ='324.1824.00.1' and lote = 'r2400215200a'
20241105@174404.7830 5e0qrf0h1c00lmeb73827n529t Query : select 1 valor from information_schema.tables where table_type='base table' and table_name='wstablefields'
20241105@174404.7845 5e0qrf0h1c00lmeb73827n529t Query : select fieldkey,fieldname,fieldtype,calcformula from wstablefields where tablename = 'fi2' and documentnumber = 39
20241105@174404.7856 5e0qrf0h1c00lmeb73827n529t Query : insert into wsfi2data (fi2stamp,ftstamp ,ousrdata, ousrhora, usrdata,usrhora,ousrinis,usrinis) values ('aut672a537482672a5964bf','aut672a556076672a596311' ,getdate(),convert(char(8),convert (time,getdate())),getdate(),convert(char(8),convert (time,getdate())),'wsv','wsv')
20241105@174404.7861 5e0qrf0h1c00lmeb73827n529t Query : select 1 valor from information_schema.tables where table_type='base table' and table_name='wstablefields'
20241105@174404.7877 5e0qrf0h1c00lmeb73827n529t Query : select fieldkey,fieldname,fieldtype,calcformula from wstablefields where tablename = 'fi' and documentnumber = 39
20241105@174404.7946 5e0qrf0h1c00lmeb73827n529t Query : insert into wsfidata (fistamp,ousrdata, ousrhora, usrdata,usrhora,ousrinis,usrinis ,qtt ,ftstamp ,epv,pvmoeda ,tabiva,iva,lordem ,ref, design ,lote,armazem,bistamp ) values ('aut672a537482672a5964bf',getdate(),convert(char(8),convert (time,getdate())),getdate(),convert(char(8),convert (time,getdate())),'wsv','wsv',8.000 ,'aut672a556076672a596311' ,0,0 ,2,23.00,270000,?,?,?,?,?)
20241105@174404.8219 5e0qrf0h1c00lmeb73827n529t Query : select 1 valor from information_schema.tables where table_type='base table' and table_name='wstablefields'
20241105@174404.8235 5e0qrf0h1c00lmeb73827n529t Query : select fieldkey,fieldname,fieldtype,mandatory from wstablefields where tablename = 'fi' and documentnumber = 39
20241105@174404.8282 5e0qrf0h1c00lmeb73827n529t Query : select 1 valor from information_schema.tables where table_type='base table' and table_name='wstablefields'
20241105@174404.8297 5e0qrf0h1c00lmeb73827n529t Query : select fieldkey,fieldname,fieldtype,mandatory from wstablefields where tablename = 'fi2' and documentnumber = 39
20241105@174404.8307 5e0qrf0h1c00lmeb73827n529t Query : select top 1 convert(numeric(6,2),t.taxa) valor from taxasiva t where t.codigo='2'
20241105@174404.8324 5e0qrf0h1c00lmeb73827n529t Query : select 1 valor from information_schema.tables where table_type='base table' and table_name='wstablefields'
20241105@174404.8339 5e0qrf0h1c00lmeb73827n529t Query : select fieldkey,fieldname,fieldtype,calcformula from wstablefields where tablename = 'fi2' and documentnumber = 39
20241105@174404.8351 5e0qrf0h1c00lmeb73827n529t Query : insert into wsfi2data (fi2stamp,ftstamp ,ousrdata, ousrhora, usrdata,usrhora,ousrinis,usrinis) values ('aut672a579048672a5964cb','aut672a556076672a596311' ,getdate(),convert(char(8),convert (time,getdate())),getdate(),convert(char(8),convert (time,getdate())),'wsv','wsv')
20241105@174404.8356 5e0qrf0h1c00lmeb73827n529t Query : select 1 valor from information_schema.tables where table_type='base table' and table_name='wstablefields'
20241105@174404.8379 5e0qrf0h1c00lmeb73827n529t Query : select fieldkey,fieldname,fieldtype,calcformula from wstablefields where tablename = 'fi' and documentnumber = 39
20241105@174404.8413 5e0qrf0h1c00lmeb73827n529t Query : insert into wsfidata (fistamp,ousrdata, ousrhora, usrdata,usrhora,ousrinis,usrinis ,qtt ,ftstamp ,epv,pvmoeda ,tabiva,iva,lordem ,ref, design ,armazem) values ('aut672a579048672a5964cb',getdate(),convert(char(8),convert (time,getdate())),getdate(),convert(char(8),convert (time,getdate())),'wsv','wsv',0 ,'aut672a556076672a596311' ,0,0 ,2,23.00,280000,?,?,?)
20241105@174404.8677 5e0qrf0h1c00lmeb73827n529t Query : insert into wsftcreationlog (initialftstamp,externalid,creationstatus,documenttypeid,idustamp) values ('aut672a556076672a596311','2407275','wait',39,'adm09112754980.682000002')
20241105@174404.8759 5e0qrf0h1c00lmeb73827n529t Query : use flama_phc
20241105@174404.8762 5e0qrf0h1c00lmeb73827n529t Query : update u_wsusers set rqsttoken =? where userid ='userls001'
20241105@174404.8797 5e0qrf0h1c00lmeb73827n529t Query : select concat(rtrim(relative_path),ltrim(name_new)) as valor from uploadfiles where uploadfile_id='3115';
20241105@174404.8839 5e0qrf0h1c00lmeb73827n529t Query : update uploadfiles set whenupdated=current_timestamp where uploadfile_id='3115';
20241105@174404.8889 5e0qrf0h1c00lmeb73827n529t Query : select concat(rtrim(relative_path),ltrim(name_new)) as valor from uploadfiles where uploadfile_id='3115';
20241105@174404.8931 5e0qrf0h1c00lmeb73827n529t Query : update uploadfiles set whenupdated=current_timestamp where uploadfile_id='3115';
20241105@174404.9583 5vtg2mkr9ru3hsv0tnanf5j5bf Query : insert into uploadfiles ( name_original, name_new, option_type, relative_path, whencreated ) values ( ?, ?, ?, ?, getdate() )
20241105@174404.9594 5vtg2mkr9ru3hsv0tnanf5j5bf Query : select uploadfile_id valor from uploadfiles where name_new = ? and option_type = ? 
20241105@174404.9661 5vtg2mkr9ru3hsv0tnanf5j5bf Query : select concat(rtrim(relative_path),ltrim(name_new)) as valor from uploadfiles where uploadfile_id='3116';
20241105@174404.9752 5vtg2mkr9ru3hsv0tnanf5j5bf Query : update uploadfiles set whenupdated=current_timestamp where uploadfile_id='3116';
20241105@174404.9826 5vtg2mkr9ru3hsv0tnanf5j5bf Query : select concat(rtrim(relative_path),ltrim(name_new)) as valor from uploadfiles where uploadfile_id='3116';
20241105@174404.9889 5vtg2mkr9ru3hsv0tnanf5j5bf Query : update uploadfiles set whenupdated=current_timestamp where uploadfile_id='3116';
20241105@174404.9950 5vtg2mkr9ru3hsv0tnanf5j5bf Query : use flama_phc
20241105@174404.9954 5vtg2mkr9ru3hsv0tnanf5j5bf Query : select top 1 secretkey valor from u_wsusers u where u.userid = ? and u.inactivo=0
20241105@174405.3460 5vtg2mkr9ru3hsv0tnanf5j5bf Query : use flama_phc
20241105@174405.3500 5vtg2mkr9ru3hsv0tnanf5j5bf Query : select no, estab,szadrsdesc from szadrs where u_coddest=1763
20241105@174405.4500 5vtg2mkr9ru3hsv0tnanf5j5bf Query : select top 1 isnull(design,'') valor from st (nolock) left join stobs (nolock) on st.ref = stobs.ref where st.ref = '324.1889.00.1'
20241105@174405.6510 5vtg2mkr9ru3hsv0tnanf5j5bf Query : select top 1 bistamp valor from bi inner join bo on bo.bostamp=bi.bostamp where bo.ndos =240 and bo.boano =2072 and bo.obrano = 2407276 and bi.ref ='324.1889.00.1' and bi.lordem =1
20241105@174405.1077 5vtg2mkr9ru3hsv0tnanf5j5bf Query : select top 1 isnull(design,'') valor from st (nolock) left join stobs (nolock) on st.ref = stobs.ref where st.ref = '324.1824.00.1'
20241105@174405.2147 5vtg2mkr9ru3hsv0tnanf5j5bf Query : select top 1 bistamp valor from bi inner join bo on bo.bostamp=bi.bostamp where bo.ndos =240 and bo.boano =2072 and bo.obrano = 2407276 and bi.ref ='324.1824.00.1' and bi.lordem =2
20241105@174405.2476 5vtg2mkr9ru3hsv0tnanf5j5bf Query : select top 1 isnull(design,'') valor from st (nolock) left join stobs (nolock) on st.ref = stobs.ref where st.ref = '324.1824.00.1'
20241105@174405.2516 5vtg2mkr9ru3hsv0tnanf5j5bf Query : select top 1 bistamp valor from bi inner join bo on bo.bostamp=bi.bostamp where bo.ndos =240 and bo.boano =2072 and bo.obrano = 2407276 and bi.ref ='324.1824.00.1' and bi.lordem =3
20241105@174405.2837 5vtg2mkr9ru3hsv0tnanf5j5bf Query : select top 1 isnull(design,'') valor from st (nolock) left join stobs (nolock) on st.ref = stobs.ref where st.ref = '324.698.00.01'
20241105@174405.2988 5vtg2mkr9ru3hsv0tnanf5j5bf Query : select top 1 bistamp valor from bi inner join bo on bo.bostamp=bi.bostamp where bo.ndos =240 and bo.boano =2072 and bo.obrano = 2407276 and bi.ref ='324.698.00.01' and bi.lordem =4
20241105@174405.3291 5vtg2mkr9ru3hsv0tnanf5j5bf Query : select top 1 isnull(design,'') valor from st (nolock) left join stobs (nolock) on st.ref = stobs.ref where st.ref = '324.5540.00.1'
20241105@174405.3441 5vtg2mkr9ru3hsv0tnanf5j5bf Query : select top 1 bistamp valor from bi inner join bo on bo.bostamp=bi.bostamp where bo.ndos =240 and bo.boano =2072 and bo.obrano = 2407276 and bi.ref ='324.5540.00.1' and bi.lordem =5
20241105@174405.3794 5vtg2mkr9ru3hsv0tnanf5j5bf Query : select top 1 isnull(design,'') valor from st (nolock) left join stobs (nolock) on st.ref = stobs.ref where st.ref = '324.734.00.02'
20241105@174405.3815 5vtg2mkr9ru3hsv0tnanf5j5bf Query : select top 1 bistamp valor from bi inner join bo on bo.bostamp=bi.bostamp where bo.ndos =240 and bo.boano =2072 and bo.obrano = 2407276 and bi.ref ='324.734.00.02' and bi.lordem =6
20241105@174405.4128 5vtg2mkr9ru3hsv0tnanf5j5bf Query : select top 1 isnull(design,'') valor from st (nolock) left join stobs (nolock) on st.ref = stobs.ref where st.ref = '324.1716.00.1'
20241105@174405.4278 5vtg2mkr9ru3hsv0tnanf5j5bf Query : select top 1 bistamp valor from bi inner join bo on bo.bostamp=bi.bostamp where bo.ndos =240 and bo.boano =2072 and bo.obrano = 2407276 and bi.ref ='324.1716.00.1' and bi.lordem =7
20241105@174405.4588 5vtg2mkr9ru3hsv0tnanf5j5bf Query : select top 1 isnull(design,'') valor from st (nolock) left join stobs (nolock) on st.ref = stobs.ref where st.ref = '324.1705.00.1'
20241105@174405.4610 5vtg2mkr9ru3hsv0tnanf5j5bf Query : select top 1 bistamp valor from bi inner join bo on bo.bostamp=bi.bostamp where bo.ndos =240 and bo.boano =2072 and bo.obrano = 2407276 and bi.ref ='324.1705.00.1' and bi.lordem =8
20241105@174405.4933 5vtg2mkr9ru3hsv0tnanf5j5bf Query : select top 1 isnull(design,'') valor from st (nolock) left join stobs (nolock) on st.ref = stobs.ref where st.ref = '324.1321.00.1'
20241105@174405.4958 5vtg2mkr9ru3hsv0tnanf5j5bf Query : select top 1 bistamp valor from bi inner join bo on bo.bostamp=bi.bostamp where bo.ndos =240 and bo.boano =2072 and bo.obrano = 2407276 and bi.ref ='324.1321.00.1' and bi.lordem =9
20241105@174405.5252 5vtg2mkr9ru3hsv0tnanf5j5bf Query : select top 1 isnull(design,'') valor from st (nolock) left join stobs (nolock) on st.ref = stobs.ref where st.ref = '324.2300.00.1'
20241105@174405.5412 5vtg2mkr9ru3hsv0tnanf5j5bf Query : select top 1 bistamp valor from bi inner join bo on bo.bostamp=bi.bostamp where bo.ndos =240 and bo.boano =2072 and bo.obrano = 2407276 and bi.ref ='324.2300.00.1' and bi.lordem =10
20241105@174405.5712 5vtg2mkr9ru3hsv0tnanf5j5bf Query : select top 1 isnull(design,'') valor from st (nolock) left join stobs (nolock) on st.ref = stobs.ref where st.ref = '324.2335.00.1'
20241105@174405.5736 5vtg2mkr9ru3hsv0tnanf5j5bf Query : select top 1 bistamp valor from bi inner join bo on bo.bostamp=bi.bostamp where bo.ndos =240 and bo.boano =2072 and bo.obrano = 2407276 and bi.ref ='324.2335.00.1' and bi.lordem =11
20241105@174405.6040 5vtg2mkr9ru3hsv0tnanf5j5bf Query : select top 1 isnull(design,'') valor from st (nolock) left join stobs (nolock) on st.ref = stobs.ref where st.ref = '324.2340.00.1'
20241105@174405.6073 5vtg2mkr9ru3hsv0tnanf5j5bf Query : select top 1 bistamp valor from bi inner join bo on bo.bostamp=bi.bostamp where bo.ndos =240 and bo.boano =2072 and bo.obrano = 2407276 and bi.ref ='324.2340.00.1' and bi.lordem =12
20241105@174405.6403 5vtg2mkr9ru3hsv0tnanf5j5bf Query : use flama_phc
20241105@174405.6406 5vtg2mkr9ru3hsv0tnanf5j5bf Query : select top 1 convert(date,fdata) valor from ft where ndoc = 39 and anulado= 0 and fno>0 order by fdata desc
20241105@174405.6466 5vtg2mkr9ru3hsv0tnanf5j5bf Query : use flama_phc
20241105@174405.6470 5vtg2mkr9ru3hsv0tnanf5j5bf Query : select top 1 1 valor from td where td.ndoc = 39
20241105@174405.6539 5vtg2mkr9ru3hsv0tnanf5j5bf Query : use flama_phc
20241105@174405.6543 5vtg2mkr9ru3hsv0tnanf5j5bf Query : select lower(descricao) descricao ,case when valor='s' then 1 else 0 end valor from para1 where descricao in ('st_lote','st_usalogifunc', 'st_grelha')
20241105@174405.6629 5vtg2mkr9ru3hsv0tnanf5j5bf Query : select top 1 manternumero ,assinadoc issigned ,tiposaft ,assinaimp ,nmdos ,td.assinadoc ,'cl' origin ,lancasl stocks ,case when cmsl<50 and td.lancasl=1 then 1 else 0 end entrada ,case when cmsl>50 and td.lancasl=1 then 1 else 0 end saida ,temserie assets ,~semgre usegridfields from td inner join td2 on td.tdstamp=td2.td2stamp where td.ndoc = 1
20241105@174405.6745 5vtg2mkr9ru3hsv0tnanf5j5bf Query : use flama_phc
20241105@174405.6748 5vtg2mkr9ru3hsv0tnanf5j5bf Query : select top 1 ~inactivo valor from cl where no = '101913' and estab = 0 order by inactivo desc
20241105@174405.6886 5vtg2mkr9ru3hsv0tnanf5j5bf Query : use flama_phc
20241105@174405.6893 5vtg2mkr9ru3hsv0tnanf5j5bf Query : select top 1 tipodoc,regrd from td where ndoc = 39
20241105@174405.6922 5vtg2mkr9ru3hsv0tnanf5j5bf Query : use flama_phc
20241105@174405.6925 5vtg2mkr9ru3hsv0tnanf5j5bf Query : select szadrsstamp valor from szadrs where szadrsdesc='espaÇotrans,lda'
20241105@174405.6963 5vtg2mkr9ru3hsv0tnanf5j5bf Query : use flama_phc
20241105@174405.6968 5vtg2mkr9ru3hsv0tnanf5j5bf Query : select szadrsstamp valor from szadrs where szadrsdesc='valdomÉsticos-com. electrodomÉsticos,lda'
20241105@174405.7039 5vtg2mkr9ru3hsv0tnanf5j5bf Query : use flama_phc
20241105@174405.7042 5vtg2mkr9ru3hsv0tnanf5j5bf Query : select 1 valor from td where ndoc = 39
20241105@174405.7054 5vtg2mkr9ru3hsv0tnanf5j5bf Query : select top 1 manternumero, tiposaft, nmdos,td.assinadoc from td where td.ndoc = 39
20241105@174405.7158 5vtg2mkr9ru3hsv0tnanf5j5bf Query : select 1 valor from information_schema.tables where table_type='base table' and table_name='wstablefields'
20241105@174405.7207 5vtg2mkr9ru3hsv0tnanf5j5bf Query : select fieldkey,fieldname,fieldtype,mandatory from wstablefields where tablename = 'ft' and documentnumber = 39
20241105@174405.7243 5vtg2mkr9ru3hsv0tnanf5j5bf Query : select 1 valor from information_schema.tables where table_type='base table' and table_name='wstablefields'
20241105@174405.7261 5vtg2mkr9ru3hsv0tnanf5j5bf Query : select fieldkey,fieldname,fieldtype,mandatory from wstablefields where tablename = 'ft2' and documentnumber = 39
20241105@174405.7288 5vtg2mkr9ru3hsv0tnanf5j5bf Query : select 1 valor from information_schema.tables where table_type='base table' and table_name='wstablefields'
20241105@174405.7321 5vtg2mkr9ru3hsv0tnanf5j5bf Query : select fieldkey,fieldname,fieldtype,mandatory from wstablefields where tablename = 'ft3' and documentnumber = 39
20241105@174405.7333 5vtg2mkr9ru3hsv0tnanf5j5bf Query : select top 1 ft.fno valor from ft ft where ft.ndoc = 39 and ftano=2024 order by fno desc
20241105@174405.7401 5vtg2mkr9ru3hsv0tnanf5j5bf Query : select top 1 ft.fno valor from wsftdata ft where ft.ndoc = 39 and ftano=2024 order by fno desc
20241105@174405.7414 5vtg2mkr9ru3hsv0tnanf5j5bf Query : select 1 valor from information_schema.tables where table_type='base table' and table_name='wstablefields'
20241105@174405.7435 5vtg2mkr9ru3hsv0tnanf5j5bf Query : select fieldkey,fieldname,fieldtype,calcformula from wstablefields where tablename = 'ft3' and documentnumber = 39
20241105@174405.7452 5vtg2mkr9ru3hsv0tnanf5j5bf Query : insert into wsft3data (ft3stamp, ousrdata, ousrhora, usrdata,usrhora,ousrinis,usrinis,taxpointdt ) values ('aut672a563260672a5965b3' ,getdate(),convert(char(8),convert (time,getdate())),getdate(),convert(char(8),convert (time,getdate())),'wsv','wsv',?)
20241105@174405.7636 5vtg2mkr9ru3hsv0tnanf5j5bf Query : select 1 valor from information_schema.tables where table_type='base table' and table_name='wstablefields'
20241105@174405.7677 5vtg2mkr9ru3hsv0tnanf5j5bf Query : select fieldkey,fieldname,fieldtype,calcformula from wstablefields where tablename = 'ft2' and documentnumber = 39
20241105@174405.7724 5vtg2mkr9ru3hsv0tnanf5j5bf Query : select top 1 bo.u_nomeenv valor from bo where bo.bostamp=''
20241105@174405.7782 5vtg2mkr9ru3hsv0tnanf5j5bf Query : select top 1 bo.u_moradaen valor from bo where bo.bostamp=''
20241105@174405.7794 5vtg2mkr9ru3hsv0tnanf5j5bf Query : select top 1 bo.u_codposen valor from bo where bo.bostamp=''
20241105@174405.7808 5vtg2mkr9ru3hsv0tnanf5j5bf Query : select top 1 bo.u_localenv valor from bo where bo.bostamp=''
20241105@174405.7826 5vtg2mkr9ru3hsv0tnanf5j5bf Query : select top 1 bo.trab5 valor from bo where bo.bostamp=''
20241105@174405.7838 5vtg2mkr9ru3hsv0tnanf5j5bf Query : select top 1 bo.serie valor from bo where bo.bostamp=''
20241105@174405.7874 5vtg2mkr9ru3hsv0tnanf5j5bf Query : insert into wsft2data (ft2stamp, ousrdata,ousrhora, usrdata,usrhora,ousrinis,usrinis,u_nomeenv ,u_moradaen ,u_codposen ,u_localenv ,u_coddest ,u_codby ) values ('aut672a563260672a5965b3',getdate(),convert(char(8),convert (time,getdate())),getdate(),convert(char(8),convert (time,getdate())),'wsv','wsv',?,?,?,?,?,?)
20241105@174405.8373 5vtg2mkr9ru3hsv0tnanf5j5bf Query : select top 1 fno valor from wsftdata order by fno desc
20241105@174405.8526 5vtg2mkr9ru3hsv0tnanf5j5bf Query : select 1 valor from information_schema.tables where table_type='base table' and table_name='wstablefields'
20241105@174405.8553 5vtg2mkr9ru3hsv0tnanf5j5bf Query : select fieldkey,fieldname,fieldtype,calcformula from wstablefields where tablename = 'ft' and documentnumber = 39
20241105@174405.8577 5vtg2mkr9ru3hsv0tnanf5j5bf Query : select 'normal' from dummy
20241105@174405.8593 5vtg2mkr9ru3hsv0tnanf5j5bf Query : insert into wsftdata (ftstamp, ousrdata,ousrhora, usrdata,usrhora,ousrinis,usrinis,fno,no,estab,fdata,ndoc,moeda,cambio,cambiofixo,ftano,site ,classe ) values ('aut672a563260672a5965b3',getdate(),convert(char(8),convert (time,getdate())),getdate(),convert(char(8),convert (time,getdate())),'wsv','wsv',1687,101913,0,'2024-11-05',39,'euro',0,0,2024 ,?,?)
20241105@174405.8913 5vtg2mkr9ru3hsv0tnanf5j5bf Query : use flama_phc
20241105@174405.8916 5vtg2mkr9ru3hsv0tnanf5j5bf Query : select st.usalote valor from st where st.ref = '324.1889.00.1'
20241105@174405.8959 5vtg2mkr9ru3hsv0tnanf5j5bf Query : select top 1 st.tabiva ,st.ivaincl ,st.stns ,st.uni2 ,st.familia ,isnull(tx.taxa, 0) txiva ,unidade ,usalote ,epcpond ,noserie ,conversao ,st.texteis from st left join taxasiva tx on st.tabiva = tx.codigo where st.ref = '324.1889.00.1'
20241105@174405.9099 5vtg2mkr9ru3hsv0tnanf5j5bf Query : select 1 valor from information_schema.tables where table_type='base table' and table_name='wstablefields'
20241105@174405.9123 5vtg2mkr9ru3hsv0tnanf5j5bf Query : select fieldkey,fieldname,fieldtype,mandatory from wstablefields where tablename = 'fi' and documentnumber = 39
20241105@174405.9155 5vtg2mkr9ru3hsv0tnanf5j5bf Query : select 1 valor from information_schema.tables where table_type='base table' and table_name='wstablefields'
20241105@174405.9177 5vtg2mkr9ru3hsv0tnanf5j5bf Query : select fieldkey,fieldname,fieldtype,mandatory from wstablefields where tablename = 'fi2' and documentnumber = 39
20241105@174405.9185 5vtg2mkr9ru3hsv0tnanf5j5bf Query : select top 1 convert(numeric(6,2),t.taxa) valor from taxasiva t where t.codigo='2'
20241105@174405.9199 5vtg2mkr9ru3hsv0tnanf5j5bf Query : select sestamp valor from se where ref ='324.1889.00.1' and lote = 'r2400289200a'
20241105@174405.9239 5vtg2mkr9ru3hsv0tnanf5j5bf Query : select 1 valor from information_schema.tables where table_type='base table' and table_name='wstablefields'
20241105@174405.9257 5vtg2mkr9ru3hsv0tnanf5j5bf Query : select fieldkey,fieldname,fieldtype,calcformula from wstablefields where tablename = 'fi2' and documentnumber = 39
20241105@174405.9270 5vtg2mkr9ru3hsv0tnanf5j5bf Query : insert into wsfi2data (fi2stamp,ftstamp ,ousrdata, ousrhora, usrdata,usrhora,ousrinis,usrinis) values ('aut672a528075672a5965e1','aut672a563260672a5965b3' ,getdate(),convert(char(8),convert (time,getdate())),getdate(),convert(char(8),convert (time,getdate())),'wsv','wsv')
20241105@174405.9274 5vtg2mkr9ru3hsv0tnanf5j5bf Query : select 1 valor from information_schema.tables where table_type='base table' and table_name='wstablefields'
20241105@174405.9301 5vtg2mkr9ru3hsv0tnanf5j5bf Query : select fieldkey,fieldname,fieldtype,calcformula from wstablefields where tablename = 'fi' and documentnumber = 39
20241105@174405.9332 5vtg2mkr9ru3hsv0tnanf5j5bf Query : insert into wsfidata (fistamp,ousrdata, ousrhora, usrdata,usrhora,ousrinis,usrinis ,qtt ,ftstamp ,epv,pvmoeda ,tabiva,iva,lordem ,ref, design ,lote,armazem,bistamp ) values ('aut672a528075672a5965e1',getdate(),convert(char(8),convert (time,getdate())),getdate(),convert(char(8),convert (time,getdate())),'wsv','wsv',3.000 ,'aut672a563260672a5965b3' ,0,0 ,2,23.00,10000,?,?,?,?,?)
20241105@174405.9616 5vtg2mkr9ru3hsv0tnanf5j5bf Query : select 1 valor from information_schema.tables where table_type='base table' and table_name='wstablefields'
20241105@174405.9637 5vtg2mkr9ru3hsv0tnanf5j5bf Query : select fieldkey,fieldname,fieldtype,mandatory from wstablefields where tablename = 'fi' and documentnumber = 39
20241105@174405.9663 5vtg2mkr9ru3hsv0tnanf5j5bf Query : select 1 valor from information_schema.tables where table_type='base table' and table_name='wstablefields'
20241105@174405.9678 5vtg2mkr9ru3hsv0tnanf5j5bf Query : select fieldkey,fieldname,fieldtype,mandatory from wstablefields where tablename = 'fi2' and documentnumber = 39
20241105@174405.9687 5vtg2mkr9ru3hsv0tnanf5j5bf Query : select top 1 convert(numeric(6,2),t.taxa) valor from taxasiva t where t.codigo='2'
20241105@174405.9734 5vtg2mkr9ru3hsv0tnanf5j5bf Query : select 1 valor from information_schema.tables where table_type='base table' and table_name='wstablefields'
20241105@174405.9750 5vtg2mkr9ru3hsv0tnanf5j5bf Query : select fieldkey,fieldname,fieldtype,calcformula from wstablefields where tablename = 'fi2' and documentnumber = 39
20241105@174405.9761 5vtg2mkr9ru3hsv0tnanf5j5bf Query : insert into wsfi2data (fi2stamp,ftstamp ,ousrdata, ousrhora, usrdata,usrhora,ousrinis,usrinis) values ('aut672a579721672a5965ed','aut672a563260672a5965b3' ,getdate(),convert(char(8),convert (time,getdate())),getdate(),convert(char(8),convert (time,getdate())),'wsv','wsv')
20241105@174405.9765 5vtg2mkr9ru3hsv0tnanf5j5bf Query : select 1 valor from information_schema.tables where table_type='base table' and table_name='wstablefields'
20241105@174405.9782 5vtg2mkr9ru3hsv0tnanf5j5bf Query : select fieldkey,fieldname,fieldtype,calcformula from wstablefields where tablename = 'fi' and documentnumber = 39
20241105@174405.9810 5vtg2mkr9ru3hsv0tnanf5j5bf Query : insert into wsfidata (fistamp,ousrdata, ousrhora, usrdata,usrhora,ousrinis,usrinis ,qtt ,ftstamp ,epv,pvmoeda ,tabiva,iva,lordem ,ref, design ,armazem) values ('aut672a579721672a5965ed',getdate(),convert(char(8),convert (time,getdate())),getdate(),convert(char(8),convert (time,getdate())),'wsv','wsv',0 ,'aut672a563260672a5965b3' ,0,0 ,2,23.00,20000,?,?,?)
20241105@174406.1030 5vtg2mkr9ru3hsv0tnanf5j5bf Query : use flama_phc
20241105@174406.1060 5vtg2mkr9ru3hsv0tnanf5j5bf Query : select st.usalote valor from st where st.ref = '324.1824.00.1'
20241105@174406.1310 5vtg2mkr9ru3hsv0tnanf5j5bf Query : select top 1 st.tabiva ,st.ivaincl ,st.stns ,st.uni2 ,st.familia ,isnull(tx.taxa, 0) txiva ,unidade ,usalote ,epcpond ,noserie ,conversao ,st.texteis from st left join taxasiva tx on st.tabiva = tx.codigo where st.ref = '324.1824.00.1'
20241105@174406.1580 5vtg2mkr9ru3hsv0tnanf5j5bf Query : select 1 valor from information_schema.tables where table_type='base table' and table_name='wstablefields'
20241105@174406.1740 5vtg2mkr9ru3hsv0tnanf5j5bf Query : select fieldkey,fieldname,fieldtype,mandatory from wstablefields where tablename = 'fi' and documentnumber = 39
20241105@174406.2010 5vtg2mkr9ru3hsv0tnanf5j5bf Query : select 1 valor from information_schema.tables where table_type='base table' and table_name='wstablefields'
20241105@174406.2160 5vtg2mkr9ru3hsv0tnanf5j5bf Query : select fieldkey,fieldname,fieldtype,mandatory from wstablefields where tablename = 'fi2' and documentnumber = 39
20241105@174406.2240 5vtg2mkr9ru3hsv0tnanf5j5bf Query : select top 1 convert(numeric(6,2),t.taxa) valor from taxasiva t where t.codigo='2'
20241105@174406.2380 5vtg2mkr9ru3hsv0tnanf5j5bf Query : select sestamp valor from se where ref ='324.1824.00.1' and lote = 'r2400215200a'
20241105@174406.2500 5vtg2mkr9ru3hsv0tnanf5j5bf Query : select 1 valor from information_schema.tables where table_type='base table' and table_name='wstablefields'
20241105@174406.3070 5vtg2mkr9ru3hsv0tnanf5j5bf Query : select fieldkey,fieldname,fieldtype,calcformula from wstablefields where tablename = 'fi2' and documentnumber = 39
20241105@174406.3190 5vtg2mkr9ru3hsv0tnanf5j5bf Query : insert into wsfi2data (fi2stamp,ftstamp ,ousrdata, ousrhora, usrdata,usrhora,ousrinis,usrinis) values ('aut672a537882672a596606','aut672a563260672a5965b3' ,getdate(),convert(char(8),convert (time,getdate())),getdate(),convert(char(8),convert (time,getdate())),'wsv','wsv')
20241105@174406.3240 5vtg2mkr9ru3hsv0tnanf5j5bf Query : select 1 valor from information_schema.tables where table_type='base table' and table_name='wstablefields'
20241105@174406.3380 5vtg2mkr9ru3hsv0tnanf5j5bf Query : select fieldkey,fieldname,fieldtype,calcformula from wstablefields where tablename = 'fi' and documentnumber = 39
20241105@174406.3660 5vtg2mkr9ru3hsv0tnanf5j5bf Query : insert into wsfidata (fistamp,ousrdata, ousrhora, usrdata,usrhora,ousrinis,usrinis ,qtt ,ftstamp ,epv,pvmoeda ,tabiva,iva,lordem ,ref, design ,lote,armazem,bistamp ) values ('aut672a537882672a596606',getdate(),convert(char(8),convert (time,getdate())),getdate(),convert(char(8),convert (time,getdate())),'wsv','wsv',7.000 ,'aut672a563260672a5965b3' ,0,0 ,2,23.00,40000,?,?,?,?,?)
20241105@174406.6840 5vtg2mkr9ru3hsv0tnanf5j5bf Query : select 1 valor from information_schema.tables where table_type='base table' and table_name='wstablefields'
20241105@174406.7060 5vtg2mkr9ru3hsv0tnanf5j5bf Query : select fieldkey,fieldname,fieldtype,mandatory from wstablefields where tablename = 'fi' and documentnumber = 39
20241105@174406.7370 5vtg2mkr9ru3hsv0tnanf5j5bf Query : select 1 valor from information_schema.tables where table_type='base table' and table_name='wstablefields'
20241105@174406.7560 5vtg2mkr9ru3hsv0tnanf5j5bf Query : select fieldkey,fieldname,fieldtype,mandatory from wstablefields where tablename = 'fi2' and documentnumber = 39
20241105@174406.7690 5vtg2mkr9ru3hsv0tnanf5j5bf Query : select top 1 convert(numeric(6,2),t.taxa) valor from taxasiva t where t.codigo='2'
20241105@174406.7800 5vtg2mkr9ru3hsv0tnanf5j5bf Query : select 1 valor from information_schema.tables where table_type='base table' and table_name='wstablefields'
20241105@174406.7940 5vtg2mkr9ru3hsv0tnanf5j5bf Query : select fieldkey,fieldname,fieldtype,calcformula from wstablefields where tablename = 'fi2' and documentnumber = 39
20241105@174406.8070 5vtg2mkr9ru3hsv0tnanf5j5bf Query : insert into wsfi2data (fi2stamp,ftstamp ,ousrdata, ousrhora, usrdata,usrhora,ousrinis,usrinis) values ('aut672a592124672a596613','aut672a563260672a5965b3' ,getdate(),convert(char(8),convert (time,getdate())),getdate(),convert(char(8),convert (time,getdate())),'wsv','wsv')
20241105@174406.8110 5vtg2mkr9ru3hsv0tnanf5j5bf Query : select 1 valor from information_schema.tables where table_type='base table' and table_name='wstablefields'
20241105@174406.8440 5vtg2mkr9ru3hsv0tnanf5j5bf Query : select fieldkey,fieldname,fieldtype,calcformula from wstablefields where tablename = 'fi' and documentnumber = 39
20241105@174406.8760 5vtg2mkr9ru3hsv0tnanf5j5bf Query : insert into wsfidata (fistamp,ousrdata, ousrhora, usrdata,usrhora,ousrinis,usrinis ,qtt ,ftstamp ,epv,pvmoeda ,tabiva,iva,lordem ,ref, design ,armazem) values ('aut672a592124672a596613',getdate(),convert(char(8),convert (time,getdate())),getdate(),convert(char(8),convert (time,getdate())),'wsv','wsv',0 ,'aut672a563260672a5965b3' ,0,0 ,2,23.00,50000,?,?,?)
20241105@174406.1131 5vtg2mkr9ru3hsv0tnanf5j5bf Query : use flama_phc
20241105@174406.1135 5vtg2mkr9ru3hsv0tnanf5j5bf Query : select st.usalote valor from st where st.ref = '324.1824.00.1'
20241105@174406.1154 5vtg2mkr9ru3hsv0tnanf5j5bf Query : select top 1 st.tabiva ,st.ivaincl ,st.stns ,st.uni2 ,st.familia ,isnull(tx.taxa, 0) txiva ,unidade ,usalote ,epcpond ,noserie ,conversao ,st.texteis from st left join taxasiva tx on st.tabiva = tx.codigo where st.ref = '324.1824.00.1'
20241105@174406.1180 5vtg2mkr9ru3hsv0tnanf5j5bf Query : select 1 valor from information_schema.tables where table_type='base table' and table_name='wstablefields'
20241105@174406.1234 5vtg2mkr9ru3hsv0tnanf5j5bf Query : select fieldkey,fieldname,fieldtype,mandatory from wstablefields where tablename = 'fi' and documentnumber = 39
20241105@174406.1284 5vtg2mkr9ru3hsv0tnanf5j5bf Query : select 1 valor from information_schema.tables where table_type='base table' and table_name='wstablefields'
20241105@174406.1316 5vtg2mkr9ru3hsv0tnanf5j5bf Query : select fieldkey,fieldname,fieldtype,mandatory from wstablefields where tablename = 'fi2' and documentnumber = 39
20241105@174406.1354 5vtg2mkr9ru3hsv0tnanf5j5bf Query : select top 1 convert(numeric(6,2),t.taxa) valor from taxasiva t where t.codigo='2'
20241105@174406.1416 5vtg2mkr9ru3hsv0tnanf5j5bf Query : select sestamp valor from se where ref ='324.1824.00.1' and lote = 'r2400215200a'
20241105@174406.1429 5vtg2mkr9ru3hsv0tnanf5j5bf Query : select 1 valor from information_schema.tables where table_type='base table' and table_name='wstablefields'
20241105@174406.1467 5vtg2mkr9ru3hsv0tnanf5j5bf Query : select fieldkey,fieldname,fieldtype,calcformula from wstablefields where tablename = 'fi2' and documentnumber = 39
20241105@174406.1480 5vtg2mkr9ru3hsv0tnanf5j5bf Query : insert into wsfi2data (fi2stamp,ftstamp ,ousrdata, ousrhora, usrdata,usrhora,ousrinis,usrinis) values ('aut672a529860672a596622','aut672a563260672a5965b3' ,getdate(),convert(char(8),convert (time,getdate())),getdate(),convert(char(8),convert (time,getdate())),'wsv','wsv')
20241105@174406.1484 5vtg2mkr9ru3hsv0tnanf5j5bf Query : select 1 valor from information_schema.tables where table_type='base table' and table_name='wstablefields'
20241105@174406.1515 5vtg2mkr9ru3hsv0tnanf5j5bf Query : select fieldkey,fieldname,fieldtype,calcformula from wstablefields where tablename = 'fi' and documentnumber = 39
20241105@174406.1553 5vtg2mkr9ru3hsv0tnanf5j5bf Query : insert into wsfidata (fistamp,ousrdata, ousrhora, usrdata,usrhora,ousrinis,usrinis ,qtt ,ftstamp ,epv,pvmoeda ,tabiva,iva,lordem ,ref, design ,lote,armazem,bistamp ) values ('aut672a529860672a596622',getdate(),convert(char(8),convert (time,getdate())),getdate(),convert(char(8),convert (time,getdate())),'wsv','wsv',1.000 ,'aut672a563260672a5965b3' ,0,0 ,2,23.00,70000,?,?,?,?,?)
20241105@174406.1829 5vtg2mkr9ru3hsv0tnanf5j5bf Query : select 1 valor from information_schema.tables where table_type='base table' and table_name='wstablefields'
20241105@174406.1852 5vtg2mkr9ru3hsv0tnanf5j5bf Query : select fieldkey,fieldname,fieldtype,mandatory from wstablefields where tablename = 'fi' and documentnumber = 39
20241105@174406.1884 5vtg2mkr9ru3hsv0tnanf5j5bf Query : select 1 valor from information_schema.tables where table_type='base table' and table_name='wstablefields'
20241105@174406.1952 5vtg2mkr9ru3hsv0tnanf5j5bf Query : select fieldkey,fieldname,fieldtype,mandatory from wstablefields where tablename = 'fi2' and documentnumber = 39
20241105@174406.1965 5vtg2mkr9ru3hsv0tnanf5j5bf Query : select top 1 convert(numeric(6,2),t.taxa) valor from taxasiva t where t.codigo='2'
20241105@174406.1978 5vtg2mkr9ru3hsv0tnanf5j5bf Query : select 1 valor from information_schema.tables where table_type='base table' and table_name='wstablefields'
20241105@174406.1993 5vtg2mkr9ru3hsv0tnanf5j5bf Query : select fieldkey,fieldname,fieldtype,calcformula from wstablefields where tablename = 'fi2' and documentnumber = 39
20241105@174406.2017 5vtg2mkr9ru3hsv0tnanf5j5bf Query : insert into wsfi2data (fi2stamp,ftstamp ,ousrdata, ousrhora, usrdata,usrhora,ousrinis,usrinis) values ('aut672a571263672a596630','aut672a563260672a5965b3' ,getdate(),convert(char(8),convert (time,getdate())),getdate(),convert(char(8),convert (time,getdate())),'wsv','wsv')
20241105@174406.2021 5vtg2mkr9ru3hsv0tnanf5j5bf Query : select 1 valor from information_schema.tables where table_type='base table' and table_name='wstablefields'
20241105@174406.2050 5vtg2mkr9ru3hsv0tnanf5j5bf Query : select fieldkey,fieldname,fieldtype,calcformula from wstablefields where tablename = 'fi' and documentnumber = 39
20241105@174406.2088 5vtg2mkr9ru3hsv0tnanf5j5bf Query : insert into wsfidata (fistamp,ousrdata, ousrhora, usrdata,usrhora,ousrinis,usrinis ,qtt ,ftstamp ,epv,pvmoeda ,tabiva,iva,lordem ,ref, design ,armazem) values ('aut672a571263672a596630',getdate(),convert(char(8),convert (time,getdate())),getdate(),convert(char(8),convert (time,getdate())),'wsv','wsv',0 ,'aut672a563260672a5965b3' ,0,0 ,2,23.00,80000,?,?,?)
20241105@174406.2413 5vtg2mkr9ru3hsv0tnanf5j5bf Query : use flama_phc
20241105@174406.2416 5vtg2mkr9ru3hsv0tnanf5j5bf Query : select st.usalote valor from st where st.ref = '324.698.00.01'
20241105@174406.2439 5vtg2mkr9ru3hsv0tnanf5j5bf Query : select top 1 st.tabiva ,st.ivaincl ,st.stns ,st.uni2 ,st.familia ,isnull(tx.taxa, 0) txiva ,unidade ,usalote ,epcpond ,noserie ,conversao ,st.texteis from st left join taxasiva tx on st.tabiva = tx.codigo where st.ref = '324.698.00.01'
20241105@174406.2588 5vtg2mkr9ru3hsv0tnanf5j5bf Query : select 1 valor from information_schema.tables where table_type='base table' and table_name='wstablefields'
20241105@174406.2606 5vtg2mkr9ru3hsv0tnanf5j5bf Query : select fieldkey,fieldname,fieldtype,mandatory from wstablefields where tablename = 'fi' and documentnumber = 39
20241105@174406.2643 5vtg2mkr9ru3hsv0tnanf5j5bf Query : select 1 valor from information_schema.tables where table_type='base table' and table_name='wstablefields'
20241105@174406.2662 5vtg2mkr9ru3hsv0tnanf5j5bf Query : select fieldkey,fieldname,fieldtype,mandatory from wstablefields where tablename = 'fi2' and documentnumber = 39
20241105@174406.2673 5vtg2mkr9ru3hsv0tnanf5j5bf Query : select top 1 convert(numeric(6,2),t.taxa) valor from taxasiva t where t.codigo='2'
20241105@174406.2684 5vtg2mkr9ru3hsv0tnanf5j5bf Query : select sestamp valor from se where ref ='324.698.00.01' and lote = 'r2400061200a'
20241105@174406.2707 5vtg2mkr9ru3hsv0tnanf5j5bf Query : select 1 valor from information_schema.tables where table_type='base table' and table_name='wstablefields'
20241105@174406.2722 5vtg2mkr9ru3hsv0tnanf5j5bf Query : select fieldkey,fieldname,fieldtype,calcformula from wstablefields where tablename = 'fi2' and documentnumber = 39
20241105@174406.2747 5vtg2mkr9ru3hsv0tnanf5j5bf Query : insert into wsfi2data (fi2stamp,ftstamp ,ousrdata, ousrhora, usrdata,usrhora,ousrinis,usrinis) values ('aut672a577223672a596642','aut672a563260672a5965b3' ,getdate(),convert(char(8),convert (time,getdate())),getdate(),convert(char(8),convert (time,getdate())),'wsv','wsv')
20241105@174406.2751 5vtg2mkr9ru3hsv0tnanf5j5bf Query : select 1 valor from information_schema.tables where table_type='base table' and table_name='wstablefields'
20241105@174406.2813 5vtg2mkr9ru3hsv0tnanf5j5bf Query : select fieldkey,fieldname,fieldtype,calcformula from wstablefields where tablename = 'fi' and documentnumber = 39
20241105@174406.2860 5vtg2mkr9ru3hsv0tnanf5j5bf Query : insert into wsfidata (fistamp,ousrdata, ousrhora, usrdata,usrhora,ousrinis,usrinis ,qtt ,ftstamp ,epv,pvmoeda ,tabiva,iva,lordem ,ref, design ,lote,armazem,bistamp ) values ('aut672a577223672a596642',getdate(),convert(char(8),convert (time,getdate())),getdate(),convert(char(8),convert (time,getdate())),'wsv','wsv',1.000 ,'aut672a563260672a5965b3' ,0,0 ,2,23.00,100000,?,?,?,?,?)
20241105@174406.3262 5vtg2mkr9ru3hsv0tnanf5j5bf Query : select 1 valor from information_schema.tables where table_type='base table' and table_name='wstablefields'
20241105@174406.3482 5vtg2mkr9ru3hsv0tnanf5j5bf Query : select fieldkey,fieldname,fieldtype,mandatory from wstablefields where tablename = 'fi' and documentnumber = 39
20241105@174406.3509 5vtg2mkr9ru3hsv0tnanf5j5bf Query : select 1 valor from information_schema.tables where table_type='base table' and table_name='wstablefields'
20241105@174406.3524 5vtg2mkr9ru3hsv0tnanf5j5bf Query : select fieldkey,fieldname,fieldtype,mandatory from wstablefields where tablename = 'fi2' and documentnumber = 39
20241105@174406.3533 5vtg2mkr9ru3hsv0tnanf5j5bf Query : select top 1 convert(numeric(6,2),t.taxa) valor from taxasiva t where t.codigo='2'
20241105@174406.3545 5vtg2mkr9ru3hsv0tnanf5j5bf Query : select 1 valor from information_schema.tables where table_type='base table' and table_name='wstablefields'
20241105@174406.3591 5vtg2mkr9ru3hsv0tnanf5j5bf Query : select fieldkey,fieldname,fieldtype,calcformula from wstablefields where tablename = 'fi2' and documentnumber = 39
20241105@174406.3602 5vtg2mkr9ru3hsv0tnanf5j5bf Query : insert into wsfi2data (fi2stamp,ftstamp ,ousrdata, ousrhora, usrdata,usrhora,ousrinis,usrinis) values ('aut672a516125672a596656','aut672a563260672a5965b3' ,getdate(),convert(char(8),convert (time,getdate())),getdate(),convert(char(8),convert (time,getdate())),'wsv','wsv')
20241105@174406.3607 5vtg2mkr9ru3hsv0tnanf5j5bf Query : select 1 valor from information_schema.tables where table_type='base table' and table_name='wstablefields'
20241105@174406.3621 5vtg2mkr9ru3hsv0tnanf5j5bf Query : select fieldkey,fieldname,fieldtype,calcformula from wstablefields where tablename = 'fi' and documentnumber = 39
20241105@174406.3653 5vtg2mkr9ru3hsv0tnanf5j5bf Query : insert into wsfidata (fistamp,ousrdata, ousrhora, usrdata,usrhora,ousrinis,usrinis ,qtt ,ftstamp ,epv,pvmoeda ,tabiva,iva,lordem ,ref, design ,armazem) values ('aut672a516125672a596656',getdate(),convert(char(8),convert (time,getdate())),getdate(),convert(char(8),convert (time,getdate())),'wsv','wsv',0 ,'aut672a563260672a5965b3' ,0,0 ,2,23.00,110000,?,?,?)
20241105@174406.3911 5vtg2mkr9ru3hsv0tnanf5j5bf Query : use flama_phc
20241105@174406.3917 5vtg2mkr9ru3hsv0tnanf5j5bf Query : select st.usalote valor from st where st.ref = '324.5540.00.1'
20241105@174406.3937 5vtg2mkr9ru3hsv0tnanf5j5bf Query : select top 1 st.tabiva ,st.ivaincl ,st.stns ,st.uni2 ,st.familia ,isnull(tx.taxa, 0) txiva ,unidade ,usalote ,epcpond ,noserie ,conversao ,st.texteis from st left join taxasiva tx on st.tabiva = tx.codigo where st.ref = '324.5540.00.1'
20241105@174406.4074 5vtg2mkr9ru3hsv0tnanf5j5bf Query : select 1 valor from information_schema.tables where table_type='base table' and table_name='wstablefields'
20241105@174406.4090 5vtg2mkr9ru3hsv0tnanf5j5bf Query : select fieldkey,fieldname,fieldtype,mandatory from wstablefields where tablename = 'fi' and documentnumber = 39
20241105@174406.4131 5vtg2mkr9ru3hsv0tnanf5j5bf Query : select 1 valor from information_schema.tables where table_type='base table' and table_name='wstablefields'
20241105@174406.4156 5vtg2mkr9ru3hsv0tnanf5j5bf Query : select fieldkey,fieldname,fieldtype,mandatory from wstablefields where tablename = 'fi2' and documentnumber = 39
20241105@174406.4165 5vtg2mkr9ru3hsv0tnanf5j5bf Query : select top 1 convert(numeric(6,2),t.taxa) valor from taxasiva t where t.codigo='2'
20241105@174406.4177 5vtg2mkr9ru3hsv0tnanf5j5bf Query : select sestamp valor from se where ref ='324.5540.00.1' and lote = 'r2300830100a'
20241105@174406.4193 5vtg2mkr9ru3hsv0tnanf5j5bf Query : select 1 valor from information_schema.tables where table_type='base table' and table_name='wstablefields'
20241105@174406.4211 5vtg2mkr9ru3hsv0tnanf5j5bf Query : select fieldkey,fieldname,fieldtype,calcformula from wstablefields where tablename = 'fi2' and documentnumber = 39
20241105@174406.4237 5vtg2mkr9ru3hsv0tnanf5j5bf Query : insert into wsfi2data (fi2stamp,ftstamp ,ousrdata, ousrhora, usrdata,usrhora,ousrinis,usrinis) values ('aut672a587951672a596666','aut672a563260672a5965b3' ,getdate(),convert(char(8),convert (time,getdate())),getdate(),convert(char(8),convert (time,getdate())),'wsv','wsv')
20241105@174406.4247 5vtg2mkr9ru3hsv0tnanf5j5bf Query : select 1 valor from information_schema.tables where table_type='base table' and table_name='wstablefields'
20241105@174406.4279 5vtg2mkr9ru3hsv0tnanf5j5bf Query : select fieldkey,fieldname,fieldtype,calcformula from wstablefields where tablename = 'fi' and documentnumber = 39
20241105@174406.4330 5vtg2mkr9ru3hsv0tnanf5j5bf Query : insert into wsfidata (fistamp,ousrdata, ousrhora, usrdata,usrhora,ousrinis,usrinis ,qtt ,ftstamp ,epv,pvmoeda ,tabiva,iva,lordem ,ref, design ,lote,armazem,bistamp ) values ('aut672a587951672a596666',getdate(),convert(char(8),convert (time,getdate())),getdate(),convert(char(8),convert (time,getdate())),'wsv','wsv',2.000 ,'aut672a563260672a5965b3' ,0,0 ,2,23.00,130000,?,?,?,?,?)
20241105@174406.4612 5vtg2mkr9ru3hsv0tnanf5j5bf Query : use flama_phc
20241105@174406.4615 5vtg2mkr9ru3hsv0tnanf5j5bf Query : select st.usalote valor from st where st.ref = '324.734.00.02'
20241105@174406.4645 5vtg2mkr9ru3hsv0tnanf5j5bf Query : select top 1 st.tabiva ,st.ivaincl ,st.stns ,st.uni2 ,st.familia ,isnull(tx.taxa, 0) txiva ,unidade ,usalote ,epcpond ,noserie ,conversao ,st.texteis from st left join taxasiva tx on st.tabiva = tx.codigo where st.ref = '324.734.00.02'
20241105@174406.4665 5vtg2mkr9ru3hsv0tnanf5j5bf Query : select 1 valor from information_schema.tables where table_type='base table' and table_name='wstablefields'
20241105@174406.4688 5vtg2mkr9ru3hsv0tnanf5j5bf Query : select fieldkey,fieldname,fieldtype,mandatory from wstablefields where tablename = 'fi' and documentnumber = 39
20241105@174406.4717 5vtg2mkr9ru3hsv0tnanf5j5bf Query : select 1 valor from information_schema.tables where table_type='base table' and table_name='wstablefields'
20241105@174406.4731 5vtg2mkr9ru3hsv0tnanf5j5bf Query : select fieldkey,fieldname,fieldtype,mandatory from wstablefields where tablename = 'fi2' and documentnumber = 39
20241105@174406.4741 5vtg2mkr9ru3hsv0tnanf5j5bf Query : select top 1 convert(numeric(6,2),t.taxa) valor from taxasiva t where t.codigo='2'
20241105@174406.4755 5vtg2mkr9ru3hsv0tnanf5j5bf Query : select sestamp valor from se where ref ='324.734.00.02' and lote = 'r2400471100a'
20241105@174406.4767 5vtg2mkr9ru3hsv0tnanf5j5bf Query : select 1 valor from information_schema.tables where table_type='base table' and table_name='wstablefields'
20241105@174406.4782 5vtg2mkr9ru3hsv0tnanf5j5bf Query : select fieldkey,fieldname,fieldtype,calcformula from wstablefields where tablename = 'fi2' and documentnumber = 39
20241105@174406.4794 5vtg2mkr9ru3hsv0tnanf5j5bf Query : insert into wsfi2data (fi2stamp,ftstamp ,ousrdata, ousrhora, usrdata,usrhora,ousrinis,usrinis) values ('aut672a550953672a596674','aut672a563260672a5965b3' ,getdate(),convert(char(8),convert (time,getdate())),getdate(),convert(char(8),convert (time,getdate())),'wsv','wsv')
20241105@174406.4799 5vtg2mkr9ru3hsv0tnanf5j5bf Query : select 1 valor from information_schema.tables where table_type='base table' and table_name='wstablefields'
20241105@174406.4813 5vtg2mkr9ru3hsv0tnanf5j5bf Query : select fieldkey,fieldname,fieldtype,calcformula from wstablefields where tablename = 'fi' and documentnumber = 39
20241105@174406.4844 5vtg2mkr9ru3hsv0tnanf5j5bf Query : insert into wsfidata (fistamp,ousrdata, ousrhora, usrdata,usrhora,ousrinis,usrinis ,qtt ,ftstamp ,epv,pvmoeda ,tabiva,iva,lordem ,ref, design ,lote,armazem,bistamp ) values ('aut672a550953672a596674',getdate(),convert(char(8),convert (time,getdate())),getdate(),convert(char(8),convert (time,getdate())),'wsv','wsv',4.000 ,'aut672a563260672a5965b3' ,0,0 ,2,23.00,140000,?,?,?,?,?)
20241105@174406.5119 5vtg2mkr9ru3hsv0tnanf5j5bf Query : use flama_phc
20241105@174406.5123 5vtg2mkr9ru3hsv0tnanf5j5bf Query : select st.usalote valor from st where st.ref = '324.1716.00.1'
20241105@174406.5153 5vtg2mkr9ru3hsv0tnanf5j5bf Query : select top 1 st.tabiva ,st.ivaincl ,st.stns ,st.uni2 ,st.familia ,isnull(tx.taxa, 0) txiva ,unidade ,usalote ,epcpond ,noserie ,conversao ,st.texteis from st left join taxasiva tx on st.tabiva = tx.codigo where st.ref = '324.1716.00.1'
20241105@174406.5298 5vtg2mkr9ru3hsv0tnanf5j5bf Query : select 1 valor from information_schema.tables where table_type='base table' and table_name='wstablefields'
20241105@174406.5314 5vtg2mkr9ru3hsv0tnanf5j5bf Query : select fieldkey,fieldname,fieldtype,mandatory from wstablefields where tablename = 'fi' and documentnumber = 39
20241105@174406.5344 5vtg2mkr9ru3hsv0tnanf5j5bf Query : select 1 valor from information_schema.tables where table_type='base table' and table_name='wstablefields'
20241105@174406.5358 5vtg2mkr9ru3hsv0tnanf5j5bf Query : select fieldkey,fieldname,fieldtype,mandatory from wstablefields where tablename = 'fi2' and documentnumber = 39
20241105@174406.5366 5vtg2mkr9ru3hsv0tnanf5j5bf Query : select top 1 convert(numeric(6,2),t.taxa) valor from taxasiva t where t.codigo='2'
20241105@174406.5390 5vtg2mkr9ru3hsv0tnanf5j5bf Query : select sestamp valor from se where ref ='324.1716.00.1' and lote = 'r2100312300a'
20241105@174406.5405 5vtg2mkr9ru3hsv0tnanf5j5bf Query : select 1 valor from information_schema.tables where table_type='base table' and table_name='wstablefields'
20241105@174406.5425 5vtg2mkr9ru3hsv0tnanf5j5bf Query : select fieldkey,fieldname,fieldtype,calcformula from wstablefields where tablename = 'fi2' and documentnumber = 39
20241105@174406.5437 5vtg2mkr9ru3hsv0tnanf5j5bf Query : insert into wsfi2data (fi2stamp,ftstamp ,ousrdata, ousrhora, usrdata,usrhora,ousrinis,usrinis) values ('aut672a507278672a596683','aut672a563260672a5965b3' ,getdate(),convert(char(8),convert (time,getdate())),getdate(),convert(char(8),convert (time,getdate())),'wsv','wsv')
20241105@174406.5441 5vtg2mkr9ru3hsv0tnanf5j5bf Query : select 1 valor from information_schema.tables where table_type='base table' and table_name='wstablefields'
20241105@174406.5458 5vtg2mkr9ru3hsv0tnanf5j5bf Query : select fieldkey,fieldname,fieldtype,calcformula from wstablefields where tablename = 'fi' and documentnumber = 39
20241105@174406.5486 5vtg2mkr9ru3hsv0tnanf5j5bf Query : insert into wsfidata (fistamp,ousrdata, ousrhora, usrdata,usrhora,ousrinis,usrinis ,qtt ,ftstamp ,epv,pvmoeda ,tabiva,iva,lordem ,ref, design ,lote,armazem,bistamp ) values ('aut672a507278672a596683',getdate(),convert(char(8),convert (time,getdate())),getdate(),convert(char(8),convert (time,getdate())),'wsv','wsv',4.000 ,'aut672a563260672a5965b3' ,0,0 ,2,23.00,150000,?,?,?,?,?)
20241105@174406.5744 5vtg2mkr9ru3hsv0tnanf5j5bf Query : use flama_phc
20241105@174406.5747 5vtg2mkr9ru3hsv0tnanf5j5bf Query : select st.usalote valor from st where st.ref = '324.1705.00.1'
20241105@174406.5772 5vtg2mkr9ru3hsv0tnanf5j5bf Query : select top 1 st.tabiva ,st.ivaincl ,st.stns ,st.uni2 ,st.familia ,isnull(tx.taxa, 0) txiva ,unidade ,usalote ,epcpond ,noserie ,conversao ,st.texteis from st left join taxasiva tx on st.tabiva = tx.codigo where st.ref = '324.1705.00.1'
20241105@174406.5807 5vtg2mkr9ru3hsv0tnanf5j5bf Query : select 1 valor from information_schema.tables where table_type='base table' and table_name='wstablefields'
20241105@174406.5829 5vtg2mkr9ru3hsv0tnanf5j5bf Query : select fieldkey,fieldname,fieldtype,mandatory from wstablefields where tablename = 'fi' and documentnumber = 39
20241105@174406.5861 5vtg2mkr9ru3hsv0tnanf5j5bf Query : select 1 valor from information_schema.tables where table_type='base table' and table_name='wstablefields'
20241105@174406.5881 5vtg2mkr9ru3hsv0tnanf5j5bf Query : select fieldkey,fieldname,fieldtype,mandatory from wstablefields where tablename = 'fi2' and documentnumber = 39
20241105@174406.5889 5vtg2mkr9ru3hsv0tnanf5j5bf Query : select top 1 convert(numeric(6,2),t.taxa) valor from taxasiva t where t.codigo='2'
20241105@174406.5902 5vtg2mkr9ru3hsv0tnanf5j5bf Query : select sestamp valor from se where ref ='324.1705.00.1' and lote = 'r2400050500a'
20241105@174406.5915 5vtg2mkr9ru3hsv0tnanf5j5bf Query : select 1 valor from information_schema.tables where table_type='base table' and table_name='wstablefields'
20241105@174406.5930 5vtg2mkr9ru3hsv0tnanf5j5bf Query : select fieldkey,fieldname,fieldtype,calcformula from wstablefields where tablename = 'fi2' and documentnumber = 39
20241105@174406.5944 5vtg2mkr9ru3hsv0tnanf5j5bf Query : insert into wsfi2data (fi2stamp,ftstamp ,ousrdata, ousrhora, usrdata,usrhora,ousrinis,usrinis) values ('aut672a534105672a596690','aut672a563260672a5965b3' ,getdate(),convert(char(8),convert (time,getdate())),getdate(),convert(char(8),convert (time,getdate())),'wsv','wsv')
20241105@174406.5948 5vtg2mkr9ru3hsv0tnanf5j5bf Query : select 1 valor from information_schema.tables where table_type='base table' and table_name='wstablefields'
20241105@174406.5962 5vtg2mkr9ru3hsv0tnanf5j5bf Query : select fieldkey,fieldname,fieldtype,calcformula from wstablefields where tablename = 'fi' and documentnumber = 39
20241105@174406.6016 5vtg2mkr9ru3hsv0tnanf5j5bf Query : insert into wsfidata (fistamp,ousrdata, ousrhora, usrdata,usrhora,ousrinis,usrinis ,qtt ,ftstamp ,epv,pvmoeda ,tabiva,iva,lordem ,ref, design ,lote,armazem,bistamp ) values ('aut672a534105672a596690',getdate(),convert(char(8),convert (time,getdate())),getdate(),convert(char(8),convert (time,getdate())),'wsv','wsv',4.000 ,'aut672a563260672a5965b3' ,0,0 ,2,23.00,160000,?,?,?,?,?)
20241105@174406.6272 5vtg2mkr9ru3hsv0tnanf5j5bf Query : use flama_phc
20241105@174406.6275 5vtg2mkr9ru3hsv0tnanf5j5bf Query : select st.usalote valor from st where st.ref = '324.1321.00.1'
20241105@174406.6314 5vtg2mkr9ru3hsv0tnanf5j5bf Query : select top 1 st.tabiva ,st.ivaincl ,st.stns ,st.uni2 ,st.familia ,isnull(tx.taxa, 0) txiva ,unidade ,usalote ,epcpond ,noserie ,conversao ,st.texteis from st left join taxasiva tx on st.tabiva = tx.codigo where st.ref = '324.1321.00.1'
20241105@174406.6344 5vtg2mkr9ru3hsv0tnanf5j5bf Query : select 1 valor from information_schema.tables where table_type='base table' and table_name='wstablefields'
20241105@174406.6373 5vtg2mkr9ru3hsv0tnanf5j5bf Query : select fieldkey,fieldname,fieldtype,mandatory from wstablefields where tablename = 'fi' and documentnumber = 39
20241105@174406.6401 5vtg2mkr9ru3hsv0tnanf5j5bf Query : select 1 valor from information_schema.tables where table_type='base table' and table_name='wstablefields'
20241105@174406.6434 5vtg2mkr9ru3hsv0tnanf5j5bf Query : select fieldkey,fieldname,fieldtype,mandatory from wstablefields where tablename = 'fi2' and documentnumber = 39
20241105@174406.6466 5vtg2mkr9ru3hsv0tnanf5j5bf Query : select top 1 convert(numeric(6,2),t.taxa) valor from taxasiva t where t.codigo='2'
20241105@174406.6486 5vtg2mkr9ru3hsv0tnanf5j5bf Query : select sestamp valor from se where ref ='324.1321.00.1' and lote = 'r2400495200a'
20241105@174406.6503 5vtg2mkr9ru3hsv0tnanf5j5bf Query : select 1 valor from information_schema.tables where table_type='base table' and table_name='wstablefields'
20241105@174406.6516 5vtg2mkr9ru3hsv0tnanf5j5bf Query : select fieldkey,fieldname,fieldtype,calcformula from wstablefields where tablename = 'fi2' and documentnumber = 39
20241105@174406.6541 5vtg2mkr9ru3hsv0tnanf5j5bf Query : insert into wsfi2data (fi2stamp,ftstamp ,ousrdata, ousrhora, usrdata,usrhora,ousrinis,usrinis) values ('aut672a562060672a59669e','aut672a563260672a5965b3' ,getdate(),convert(char(8),convert (time,getdate())),getdate(),convert(char(8),convert (time,getdate())),'wsv','wsv')
20241105@174406.6549 5vtg2mkr9ru3hsv0tnanf5j5bf Query : select 1 valor from information_schema.tables where table_type='base table' and table_name='wstablefields'
20241105@174406.6564 5vtg2mkr9ru3hsv0tnanf5j5bf Query : select fieldkey,fieldname,fieldtype,calcformula from wstablefields where tablename = 'fi' and documentnumber = 39
20241105@174406.6593 5vtg2mkr9ru3hsv0tnanf5j5bf Query : insert into wsfidata (fistamp,ousrdata, ousrhora, usrdata,usrhora,ousrinis,usrinis ,qtt ,ftstamp ,epv,pvmoeda ,tabiva,iva,lordem ,ref, design ,lote,armazem,bistamp ) values ('aut672a562060672a59669e',getdate(),convert(char(8),convert (time,getdate())),getdate(),convert(char(8),convert (time,getdate())),'wsv','wsv',3.000 ,'aut672a563260672a5965b3' ,0,0 ,2,23.00,170000,?,?,?,?,?)
20241105@174406.6847 5vtg2mkr9ru3hsv0tnanf5j5bf Query : use flama_phc
20241105@174406.6861 5vtg2mkr9ru3hsv0tnanf5j5bf Query : select st.usalote valor from st where st.ref = '324.2300.00.1'
20241105@174406.6884 5vtg2mkr9ru3hsv0tnanf5j5bf Query : select top 1 st.tabiva ,st.ivaincl ,st.stns ,st.uni2 ,st.familia ,isnull(tx.taxa, 0) txiva ,unidade ,usalote ,epcpond ,noserie ,conversao ,st.texteis from st left join taxasiva tx on st.tabiva = tx.codigo where st.ref = '324.2300.00.1'
20241105@174406.7024 5vtg2mkr9ru3hsv0tnanf5j5bf Query : select 1 valor from information_schema.tables where table_type='base table' and table_name='wstablefields'
20241105@174406.7048 5vtg2mkr9ru3hsv0tnanf5j5bf Query : select fieldkey,fieldname,fieldtype,mandatory from wstablefields where tablename = 'fi' and documentnumber = 39
20241105@174406.7073 5vtg2mkr9ru3hsv0tnanf5j5bf Query : select 1 valor from information_schema.tables where table_type='base table' and table_name='wstablefields'
20241105@174406.7110 5vtg2mkr9ru3hsv0tnanf5j5bf Query : select fieldkey,fieldname,fieldtype,mandatory from wstablefields where tablename = 'fi2' and documentnumber = 39
20241105@174406.7122 5vtg2mkr9ru3hsv0tnanf5j5bf Query : select top 1 convert(numeric(6,2),t.taxa) valor from taxasiva t where t.codigo='2'
20241105@174406.7154 5vtg2mkr9ru3hsv0tnanf5j5bf Query : select sestamp valor from se where ref ='324.2300.00.1' and lote = 'r2400497200a'
20241105@174406.7170 5vtg2mkr9ru3hsv0tnanf5j5bf Query : select 1 valor from information_schema.tables where table_type='base table' and table_name='wstablefields'
20241105@174406.7198 5vtg2mkr9ru3hsv0tnanf5j5bf Query : select fieldkey,fieldname,fieldtype,calcformula from wstablefields where tablename = 'fi2' and documentnumber = 39
20241105@174406.7239 5vtg2mkr9ru3hsv0tnanf5j5bf Query : insert into wsfi2data (fi2stamp,ftstamp ,ousrdata, ousrhora, usrdata,usrhora,ousrinis,usrinis) values ('aut672a575403672a5966af','aut672a563260672a5965b3' ,getdate(),convert(char(8),convert (time,getdate())),getdate(),convert(char(8),convert (time,getdate())),'wsv','wsv')
20241105@174406.7243 5vtg2mkr9ru3hsv0tnanf5j5bf Query : select 1 valor from information_schema.tables where table_type='base table' and table_name='wstablefields'
20241105@174406.7258 5vtg2mkr9ru3hsv0tnanf5j5bf Query : select fieldkey,fieldname,fieldtype,calcformula from wstablefields where tablename = 'fi' and documentnumber = 39
20241105@174406.7311 5vtg2mkr9ru3hsv0tnanf5j5bf Query : insert into wsfidata (fistamp,ousrdata, ousrhora, usrdata,usrhora,ousrinis,usrinis ,qtt ,ftstamp ,epv,pvmoeda ,tabiva,iva,lordem ,ref, design ,lote,armazem,bistamp ) values ('aut672a575403672a5966af',getdate(),convert(char(8),convert (time,getdate())),getdate(),convert(char(8),convert (time,getdate())),'wsv','wsv',6.000 ,'aut672a563260672a5965b3' ,0,0 ,2,23.00,180000,?,?,?,?,?)
20241105@174406.7626 5vtg2mkr9ru3hsv0tnanf5j5bf Query : use flama_phc
20241105@174406.7629 5vtg2mkr9ru3hsv0tnanf5j5bf Query : select st.usalote valor from st where st.ref = '324.2335.00.1'
20241105@174406.7653 5vtg2mkr9ru3hsv0tnanf5j5bf Query : select top 1 st.tabiva ,st.ivaincl ,st.stns ,st.uni2 ,st.familia ,isnull(tx.taxa, 0) txiva ,unidade ,usalote ,epcpond ,noserie ,conversao ,st.texteis from st left join taxasiva tx on st.tabiva = tx.codigo where st.ref = '324.2335.00.1'
20241105@174406.7667 5vtg2mkr9ru3hsv0tnanf5j5bf Query : select 1 valor from information_schema.tables where table_type='base table' and table_name='wstablefields'
20241105@174406.7686 5vtg2mkr9ru3hsv0tnanf5j5bf Query : select fieldkey,fieldname,fieldtype,mandatory from wstablefields where tablename = 'fi' and documentnumber = 39
20241105@174406.7715 5vtg2mkr9ru3hsv0tnanf5j5bf Query : select 1 valor from information_schema.tables where table_type='base table' and table_name='wstablefields'
20241105@174406.7729 5vtg2mkr9ru3hsv0tnanf5j5bf Query : select fieldkey,fieldname,fieldtype,mandatory from wstablefields where tablename = 'fi2' and documentnumber = 39
20241105@174406.7778 5vtg2mkr9ru3hsv0tnanf5j5bf Query : select top 1 convert(numeric(6,2),t.taxa) valor from taxasiva t where t.codigo='2'
20241105@174406.7817 5vtg2mkr9ru3hsv0tnanf5j5bf Query : select sestamp valor from se where ref ='324.2335.00.1' and lote = 'r2400467150a'
20241105@174406.7878 5vtg2mkr9ru3hsv0tnanf5j5bf Query : select 1 valor from information_schema.tables where table_type='base table' and table_name='wstablefields'
20241105@174406.7893 5vtg2mkr9ru3hsv0tnanf5j5bf Query : select fieldkey,fieldname,fieldtype,calcformula from wstablefields where tablename = 'fi2' and documentnumber = 39
20241105@174406.7909 5vtg2mkr9ru3hsv0tnanf5j5bf Query : insert into wsfi2data (fi2stamp,ftstamp ,ousrdata, ousrhora, usrdata,usrhora,ousrinis,usrinis) values ('aut672a502844672a5966c0','aut672a563260672a5965b3' ,getdate(),convert(char(8),convert (time,getdate())),getdate(),convert(char(8),convert (time,getdate())),'wsv','wsv')
20241105@174406.7913 5vtg2mkr9ru3hsv0tnanf5j5bf Query : select 1 valor from information_schema.tables where table_type='base table' and table_name='wstablefields'
20241105@174406.7942 5vtg2mkr9ru3hsv0tnanf5j5bf Query : select fieldkey,fieldname,fieldtype,calcformula from wstablefields where tablename = 'fi' and documentnumber = 39
20241105@174406.8053 5vtg2mkr9ru3hsv0tnanf5j5bf Query : insert into wsfidata (fistamp,ousrdata, ousrhora, usrdata,usrhora,ousrinis,usrinis ,qtt ,ftstamp ,epv,pvmoeda ,tabiva,iva,lordem ,ref, design ,lote,armazem,bistamp ) values ('aut672a502844672a5966c0',getdate(),convert(char(8),convert (time,getdate())),getdate(),convert(char(8),convert (time,getdate())),'wsv','wsv',6.000 ,'aut672a563260672a5965b3' ,0,0 ,2,23.00,190000,?,?,?,?,?)
20241105@174406.8347 5vtg2mkr9ru3hsv0tnanf5j5bf Query : use flama_phc
20241105@174406.8350 5vtg2mkr9ru3hsv0tnanf5j5bf Query : select st.usalote valor from st where st.ref = '324.2340.00.1'
20241105@174406.8416 5vtg2mkr9ru3hsv0tnanf5j5bf Query : select top 1 st.tabiva ,st.ivaincl ,st.stns ,st.uni2 ,st.familia ,isnull(tx.taxa, 0) txiva ,unidade ,usalote ,epcpond ,noserie ,conversao ,st.texteis from st left join taxasiva tx on st.tabiva = tx.codigo where st.ref = '324.2340.00.1'
20241105@174406.8458 5vtg2mkr9ru3hsv0tnanf5j5bf Query : select 1 valor from information_schema.tables where table_type='base table' and table_name='wstablefields'
20241105@174406.8475 5vtg2mkr9ru3hsv0tnanf5j5bf Query : select fieldkey,fieldname,fieldtype,mandatory from wstablefields where tablename = 'fi' and documentnumber = 39
20241105@174406.8509 5vtg2mkr9ru3hsv0tnanf5j5bf Query : select 1 valor from information_schema.tables where table_type='base table' and table_name='wstablefields'
20241105@174406.8545 5vtg2mkr9ru3hsv0tnanf5j5bf Query : select fieldkey,fieldname,fieldtype,mandatory from wstablefields where tablename = 'fi2' and documentnumber = 39
20241105@174406.8554 5vtg2mkr9ru3hsv0tnanf5j5bf Query : select top 1 convert(numeric(6,2),t.taxa) valor from taxasiva t where t.codigo='2'
20241105@174406.8565 5vtg2mkr9ru3hsv0tnanf5j5bf Query : select sestamp valor from se where ref ='324.2340.00.1' and lote = 'r2100584120a'
20241105@174406.8578 5vtg2mkr9ru3hsv0tnanf5j5bf Query : select 1 valor from information_schema.tables where table_type='base table' and table_name='wstablefields'
20241105@174406.8593 5vtg2mkr9ru3hsv0tnanf5j5bf Query : select fieldkey,fieldname,fieldtype,calcformula from wstablefields where tablename = 'fi2' and documentnumber = 39
20241105@174406.8610 5vtg2mkr9ru3hsv0tnanf5j5bf Query : insert into wsfi2data (fi2stamp,ftstamp ,ousrdata, ousrhora, usrdata,usrhora,ousrinis,usrinis) values ('aut672a506885672a5966d1','aut672a563260672a5965b3' ,getdate(),convert(char(8),convert (time,getdate())),getdate(),convert(char(8),convert (time,getdate())),'wsv','wsv')
20241105@174406.8615 5vtg2mkr9ru3hsv0tnanf5j5bf Query : select 1 valor from information_schema.tables where table_type='base table' and table_name='wstablefields'
20241105@174406.8632 5vtg2mkr9ru3hsv0tnanf5j5bf Query : select fieldkey,fieldname,fieldtype,calcformula from wstablefields where tablename = 'fi' and documentnumber = 39
20241105@174406.8674 5vtg2mkr9ru3hsv0tnanf5j5bf Query : insert into wsfidata (fistamp,ousrdata, ousrhora, usrdata,usrhora,ousrinis,usrinis ,qtt ,ftstamp ,epv,pvmoeda ,tabiva,iva,lordem ,ref, design ,lote,armazem,bistamp ) values ('aut672a506885672a5966d1',getdate(),convert(char(8),convert (time,getdate())),getdate(),convert(char(8),convert (time,getdate())),'wsv','wsv',2.000 ,'aut672a563260672a5965b3' ,0,0 ,2,23.00,200000,?,?,?,?,?)
20241105@174406.9158 5vtg2mkr9ru3hsv0tnanf5j5bf Query : insert into wsftcreationlog (initialftstamp,externalid,creationstatus,documenttypeid,idustamp) values ('aut672a563260672a5965b3','2407276','wait',39,'adm09112754980.682000002')
20241105@174407.2070 5vtg2mkr9ru3hsv0tnanf5j5bf Query : use flama_phc
20241105@174407.2110 5vtg2mkr9ru3hsv0tnanf5j5bf Query : update u_wsusers set rqsttoken =? where userid ='userls001'
20241105@174407.2390 5vtg2mkr9ru3hsv0tnanf5j5bf Query : select concat(rtrim(relative_path),ltrim(name_new)) as valor from uploadfiles where uploadfile_id='3116';
20241105@174407.2730 5vtg2mkr9ru3hsv0tnanf5j5bf Query : update uploadfiles set whenupdated=current_timestamp where uploadfile_id='3116';
20241105@174407.3170 5vtg2mkr9ru3hsv0tnanf5j5bf Query : select concat(rtrim(relative_path),ltrim(name_new)) as valor from uploadfiles where uploadfile_id='3116';
20241105@174407.3650 5vtg2mkr9ru3hsv0tnanf5j5bf Query : update uploadfiles set whenupdated=current_timestamp where uploadfile_id='3116';
20241105@174407.8610 o1ab3u9bllvonokk2q1t92ktuj Query : insert into uploadfiles ( name_original, name_new, option_type, relative_path, whencreated ) values ( ?, ?, ?, ?, getdate() )
20241105@174407.8720 o1ab3u9bllvonokk2q1t92ktuj Query : select uploadfile_id valor from uploadfiles where name_new = ? and option_type = ? 
20241105@174407.9520 o1ab3u9bllvonokk2q1t92ktuj Query : select concat(rtrim(relative_path),ltrim(name_new)) as valor from uploadfiles where uploadfile_id='3117';
20241105@174407.1012 o1ab3u9bllvonokk2q1t92ktuj Query : update uploadfiles set whenupdated=current_timestamp where uploadfile_id='3117';
20241105@174407.1085 o1ab3u9bllvonokk2q1t92ktuj Query : select concat(rtrim(relative_path),ltrim(name_new)) as valor from uploadfiles where uploadfile_id='3117';
20241105@174407.1117 o1ab3u9bllvonokk2q1t92ktuj Query : update uploadfiles set whenupdated=current_timestamp where uploadfile_id='3117';
20241105@174407.1175 o1ab3u9bllvonokk2q1t92ktuj Query : use flama_phc
20241105@174407.1178 o1ab3u9bllvonokk2q1t92ktuj Query : select top 1 secretkey valor from u_wsusers u where u.userid = ? and u.inactivo=0
20241105@174407.1246 o1ab3u9bllvonokk2q1t92ktuj Query : use flama_phc
20241105@174407.1249 o1ab3u9bllvonokk2q1t92ktuj Query : select no, estab,szadrsdesc from szadrs where u_coddest=227
20241105@174407.1357 o1ab3u9bllvonokk2q1t92ktuj Query : select top 1 isnull(design,'') valor from st (nolock) left join stobs (nolock) on st.ref = stobs.ref where st.ref = '324.4990.00.1'
20241105@174407.1510 o1ab3u9bllvonokk2q1t92ktuj Query : select top 1 bistamp valor from bi inner join bo on bo.bostamp=bi.bostamp where bo.ndos =240 and bo.boano =2072 and bo.obrano = 2407278 and bi.ref ='324.4990.00.1' and bi.lordem =1
20241105@174407.1820 o1ab3u9bllvonokk2q1t92ktuj Query : select top 1 isnull(design,'') valor from st (nolock) left join stobs (nolock) on st.ref = stobs.ref where st.ref = '324.497.00.01'
20241105@174407.1963 o1ab3u9bllvonokk2q1t92ktuj Query : select top 1 bistamp valor from bi inner join bo on bo.bostamp=bi.bostamp where bo.ndos =240 and bo.boano =2072 and bo.obrano = 2407278 and bi.ref ='324.497.00.01' and bi.lordem =3
20241105@174407.2247 o1ab3u9bllvonokk2q1t92ktuj Query : select top 1 isnull(design,'') valor from st (nolock) left join stobs (nolock) on st.ref = stobs.ref where st.ref = '324.644.00.01'
20241105@174407.2272 o1ab3u9bllvonokk2q1t92ktuj Query : select top 1 bistamp valor from bi inner join bo on bo.bostamp=bi.bostamp where bo.ndos =240 and bo.boano =2072 and bo.obrano = 2407278 and bi.ref ='324.644.00.01' and bi.lordem =5
20241105@174407.2615 o1ab3u9bllvonokk2q1t92ktuj Query : select top 1 isnull(design,'') valor from st (nolock) left join stobs (nolock) on st.ref = stobs.ref where st.ref = '324.644.00.01'
20241105@174407.2678 o1ab3u9bllvonokk2q1t92ktuj Query : select top 1 bistamp valor from bi inner join bo on bo.bostamp=bi.bostamp where bo.ndos =240 and bo.boano =2072 and bo.obrano = 2407278 and bi.ref ='324.644.00.01' and bi.lordem =5
20241105@174407.2694 o1ab3u9bllvonokk2q1t92ktuj Query : select top 1 isnull(design,'') valor from st (nolock) left join stobs (nolock) on st.ref = stobs.ref where st.ref = '324.678.00.01'
20241105@174407.2857 o1ab3u9bllvonokk2q1t92ktuj Query : select top 1 bistamp valor from bi inner join bo on bo.bostamp=bi.bostamp where bo.ndos =240 and bo.boano =2072 and bo.obrano = 2407278 and bi.ref ='324.678.00.01' and bi.lordem =6
20241105@174407.3190 o1ab3u9bllvonokk2q1t92ktuj Query : select top 1 isnull(design,'') valor from st (nolock) left join stobs (nolock) on st.ref = stobs.ref where st.ref = '324.681.00.01'
20241105@174407.3212 o1ab3u9bllvonokk2q1t92ktuj Query : select top 1 bistamp valor from bi inner join bo on bo.bostamp=bi.bostamp where bo.ndos =240 and bo.boano =2072 and bo.obrano = 2407278 and bi.ref ='324.681.00.01' and bi.lordem =7
20241105@174407.3519 o1ab3u9bllvonokk2q1t92ktuj Query : select top 1 isnull(design,'') valor from st (nolock) left join stobs (nolock) on st.ref = stobs.ref where st.ref = '324.1417.00.1'
20241105@174407.3691 o1ab3u9bllvonokk2q1t92ktuj Query : select top 1 bistamp valor from bi inner join bo on bo.bostamp=bi.bostamp where bo.ndos =240 and bo.boano =2072 and bo.obrano = 2407278 and bi.ref ='324.1417.00.1' and bi.lordem =8
20241105@174407.4019 o1ab3u9bllvonokk2q1t92ktuj Query : select top 1 isnull(design,'') valor from st (nolock) left join stobs (nolock) on st.ref = stobs.ref where st.ref = '324.1417.00.1'
20241105@174407.4039 o1ab3u9bllvonokk2q1t92ktuj Query : select top 1 bistamp valor from bi inner join bo on bo.bostamp=bi.bostamp where bo.ndos =240 and bo.boano =2072 and bo.obrano = 2407278 and bi.ref ='324.1417.00.1' and bi.lordem =8
20241105@174407.4071 o1ab3u9bllvonokk2q1t92ktuj Query : use flama_phc
20241105@174407.4078 o1ab3u9bllvonokk2q1t92ktuj Query : select top 1 convert(date,fdata) valor from ft where ndoc = 39 and anulado= 0 and fno>0 order by fdata desc
20241105@174407.4109 o1ab3u9bllvonokk2q1t92ktuj Query : use flama_phc
20241105@174407.4112 o1ab3u9bllvonokk2q1t92ktuj Query : select top 1 1 valor from td where td.ndoc = 39
20241105@174407.4154 o1ab3u9bllvonokk2q1t92ktuj Query : use flama_phc
20241105@174407.4161 o1ab3u9bllvonokk2q1t92ktuj Query : select lower(descricao) descricao ,case when valor='s' then 1 else 0 end valor from para1 where descricao in ('st_lote','st_usalogifunc', 'st_grelha')
20241105@174407.4193 o1ab3u9bllvonokk2q1t92ktuj Query : select top 1 manternumero ,assinadoc issigned ,tiposaft ,assinaimp ,nmdos ,td.assinadoc ,'cl' origin ,lancasl stocks ,case when cmsl<50 and td.lancasl=1 then 1 else 0 end entrada ,case when cmsl>50 and td.lancasl=1 then 1 else 0 end saida ,temserie assets ,~semgre usegridfields from td inner join td2 on td.tdstamp=td2.td2stamp where td.ndoc = 1
20241105@174407.4285 o1ab3u9bllvonokk2q1t92ktuj Query : use flama_phc
20241105@174407.4288 o1ab3u9bllvonokk2q1t92ktuj Query : select top 1 ~inactivo valor from cl where no = '100041' and estab = 0 order by inactivo desc
20241105@174407.4445 o1ab3u9bllvonokk2q1t92ktuj Query : use flama_phc
20241105@174407.4448 o1ab3u9bllvonokk2q1t92ktuj Query : select top 1 tipodoc,regrd from td where ndoc = 39
20241105@174407.4486 o1ab3u9bllvonokk2q1t92ktuj Query : use flama_phc
20241105@174407.4493 o1ab3u9bllvonokk2q1t92ktuj Query : select szadrsstamp valor from szadrs where szadrsdesc='espaÇotrans,lda'
20241105@174407.4534 o1ab3u9bllvonokk2q1t92ktuj Query : use flama_phc
20241105@174407.4537 o1ab3u9bllvonokk2q1t92ktuj Query : select szadrsstamp valor from szadrs where szadrsdesc='radiobela som, lda'
20241105@174407.4595 o1ab3u9bllvonokk2q1t92ktuj Query : use flama_phc
20241105@174407.4597 o1ab3u9bllvonokk2q1t92ktuj Query : select 1 valor from td where ndoc = 39
20241105@174407.4629 o1ab3u9bllvonokk2q1t92ktuj Query : select top 1 manternumero, tiposaft, nmdos,td.assinadoc from td where td.ndoc = 39
20241105@174407.4681 o1ab3u9bllvonokk2q1t92ktuj Query : select 1 valor from information_schema.tables where table_type='base table' and table_name='wstablefields'
20241105@174407.4863 o1ab3u9bllvonokk2q1t92ktuj Query : select fieldkey,fieldname,fieldtype,mandatory from wstablefields where tablename = 'ft' and documentnumber = 39
20241105@174407.4935 o1ab3u9bllvonokk2q1t92ktuj Query : select 1 valor from information_schema.tables where table_type='base table' and table_name='wstablefields'
20241105@174407.4953 o1ab3u9bllvonokk2q1t92ktuj Query : select fieldkey,fieldname,fieldtype,mandatory from wstablefields where tablename = 'ft2' and documentnumber = 39
20241105@174407.4985 o1ab3u9bllvonokk2q1t92ktuj Query : select 1 valor from information_schema.tables where table_type='base table' and table_name='wstablefields'
20241105@174407.5001 o1ab3u9bllvonokk2q1t92ktuj Query : select fieldkey,fieldname,fieldtype,mandatory from wstablefields where tablename = 'ft3' and documentnumber = 39
20241105@174407.5016 o1ab3u9bllvonokk2q1t92ktuj Query : select top 1 ft.fno valor from ft ft where ft.ndoc = 39 and ftano=2024 order by fno desc
20241105@174407.5082 o1ab3u9bllvonokk2q1t92ktuj Query : select top 1 ft.fno valor from wsftdata ft where ft.ndoc = 39 and ftano=2024 order by fno desc
20241105@174407.5098 o1ab3u9bllvonokk2q1t92ktuj Query : select 1 valor from information_schema.tables where table_type='base table' and table_name='wstablefields'
20241105@174407.5114 o1ab3u9bllvonokk2q1t92ktuj Query : select fieldkey,fieldname,fieldtype,calcformula from wstablefields where tablename = 'ft3' and documentnumber = 39
20241105@174407.5139 o1ab3u9bllvonokk2q1t92ktuj Query : insert into wsft3data (ft3stamp, ousrdata, ousrhora, usrdata,usrhora,ousrinis,usrinis,taxpointdt ) values ('aut672a572521672a59677a' ,getdate(),convert(char(8),convert (time,getdate())),getdate(),convert(char(8),convert (time,getdate())),'wsv','wsv',?)
20241105@174407.5321 o1ab3u9bllvonokk2q1t92ktuj Query : select 1 valor from information_schema.tables where table_type='base table' and table_name='wstablefields'
20241105@174407.5364 o1ab3u9bllvonokk2q1t92ktuj Query : select fieldkey,fieldname,fieldtype,calcformula from wstablefields where tablename = 'ft2' and documentnumber = 39
20241105@174407.5406 o1ab3u9bllvonokk2q1t92ktuj Query : select top 1 bo.u_nomeenv valor from bo where bo.bostamp=''
20241105@174407.5438 o1ab3u9bllvonokk2q1t92ktuj Query : select top 1 bo.u_moradaen valor from bo where bo.bostamp=''
20241105@174407.5451 o1ab3u9bllvonokk2q1t92ktuj Query : select top 1 bo.u_codposen valor from bo where bo.bostamp=''
20241105@174407.5473 o1ab3u9bllvonokk2q1t92ktuj Query : select top 1 bo.u_localenv valor from bo where bo.bostamp=''
20241105@174407.5485 o1ab3u9bllvonokk2q1t92ktuj Query : select top 1 bo.trab5 valor from bo where bo.bostamp=''
20241105@174407.5504 o1ab3u9bllvonokk2q1t92ktuj Query : select top 1 bo.serie valor from bo where bo.bostamp=''
20241105@174407.5515 o1ab3u9bllvonokk2q1t92ktuj Query : insert into wsft2data (ft2stamp, ousrdata,ousrhora, usrdata,usrhora,ousrinis,usrinis,u_nomeenv ,u_moradaen ,u_codposen ,u_localenv ,u_coddest ,u_codby ) values ('aut672a572521672a59677a',getdate(),convert(char(8),convert (time,getdate())),getdate(),convert(char(8),convert (time,getdate())),'wsv','wsv',?,?,?,?,?,?)
20241105@174407.5766 o1ab3u9bllvonokk2q1t92ktuj Query : select top 1 fno valor from wsftdata order by fno desc
20241105@174407.5803 o1ab3u9bllvonokk2q1t92ktuj Query : select 1 valor from information_schema.tables where table_type='base table' and table_name='wstablefields'
20241105@174407.5820 o1ab3u9bllvonokk2q1t92ktuj Query : select fieldkey,fieldname,fieldtype,calcformula from wstablefields where tablename = 'ft' and documentnumber = 39
20241105@174407.5844 o1ab3u9bllvonokk2q1t92ktuj Query : select 'normal' from dummy
20241105@174407.5914 o1ab3u9bllvonokk2q1t92ktuj Query : insert into wsftdata (ftstamp, ousrdata,ousrhora, usrdata,usrhora,ousrinis,usrinis,fno,no,estab,fdata,ndoc,moeda,cambio,cambiofixo,ftano,site ,classe ) values ('aut672a572521672a59677a',getdate(),convert(char(8),convert (time,getdate())),getdate(),convert(char(8),convert (time,getdate())),'wsv','wsv',1688,100041,0,'2024-11-05',39,'euro',0,0,2024 ,?,?)
20241105@174407.6250 o1ab3u9bllvonokk2q1t92ktuj Query : use flama_phc
20241105@174407.6253 o1ab3u9bllvonokk2q1t92ktuj Query : select st.usalote valor from st where st.ref = '324.4990.00.1'
20241105@174407.6307 o1ab3u9bllvonokk2q1t92ktuj Query : select top 1 st.tabiva ,st.ivaincl ,st.stns ,st.uni2 ,st.familia ,isnull(tx.taxa, 0) txiva ,unidade ,usalote ,epcpond ,noserie ,conversao ,st.texteis from st left join taxasiva tx on st.tabiva = tx.codigo where st.ref = '324.4990.00.1'
20241105@174407.6473 o1ab3u9bllvonokk2q1t92ktuj Query : select 1 valor from information_schema.tables where table_type='base table' and table_name='wstablefields'
20241105@174407.6489 o1ab3u9bllvonokk2q1t92ktuj Query : select fieldkey,fieldname,fieldtype,mandatory from wstablefields where tablename = 'fi' and documentnumber = 39
20241105@174407.6521 o1ab3u9bllvonokk2q1t92ktuj Query : select 1 valor from information_schema.tables where table_type='base table' and table_name='wstablefields'
20241105@174407.6536 o1ab3u9bllvonokk2q1t92ktuj Query : select fieldkey,fieldname,fieldtype,mandatory from wstablefields where tablename = 'fi2' and documentnumber = 39
20241105@174407.6546 o1ab3u9bllvonokk2q1t92ktuj Query : select top 1 convert(numeric(6,2),t.taxa) valor from taxasiva t where t.codigo='2'
20241105@174407.6628 o1ab3u9bllvonokk2q1t92ktuj Query : select sestamp valor from se where ref ='324.4990.00.1' and lote = 'r2100189200a'
20241105@174407.6643 o1ab3u9bllvonokk2q1t92ktuj Query : select 1 valor from information_schema.tables where table_type='base table' and table_name='wstablefields'
20241105@174407.6661 o1ab3u9bllvonokk2q1t92ktuj Query : select fieldkey,fieldname,fieldtype,calcformula from wstablefields where tablename = 'fi2' and documentnumber = 39
20241105@174407.6672 o1ab3u9bllvonokk2q1t92ktuj Query : insert into wsfi2data (fi2stamp,ftstamp ,ousrdata, ousrhora, usrdata,usrhora,ousrinis,usrinis) values ('aut672a563906672a5967a2','aut672a572521672a59677a' ,getdate(),convert(char(8),convert (time,getdate())),getdate(),convert(char(8),convert (time,getdate())),'wsv','wsv')
20241105@174407.6676 o1ab3u9bllvonokk2q1t92ktuj Query : select 1 valor from information_schema.tables where table_type='base table' and table_name='wstablefields'
20241105@174407.6742 o1ab3u9bllvonokk2q1t92ktuj Query : select fieldkey,fieldname,fieldtype,calcformula from wstablefields where tablename = 'fi' and documentnumber = 39
20241105@174407.6782 o1ab3u9bllvonokk2q1t92ktuj Query : insert into wsfidata (fistamp,ousrdata, ousrhora, usrdata,usrhora,ousrinis,usrinis ,qtt ,ftstamp ,epv,pvmoeda ,tabiva,iva,lordem ,ref, design ,lote,armazem,bistamp ) values ('aut672a563906672a5967a2',getdate(),convert(char(8),convert (time,getdate())),getdate(),convert(char(8),convert (time,getdate())),'wsv','wsv',12.000 ,'aut672a572521672a59677a' ,0,0 ,2,23.00,10000,?,?,?,?,?)
20241105@174407.7075 o1ab3u9bllvonokk2q1t92ktuj Query : use flama_phc
20241105@174407.7078 o1ab3u9bllvonokk2q1t92ktuj Query : select st.usalote valor from st where st.ref = '324.497.00.01'
20241105@174407.7103 o1ab3u9bllvonokk2q1t92ktuj Query : select top 1 st.tabiva ,st.ivaincl ,st.stns ,st.uni2 ,st.familia ,isnull(tx.taxa, 0) txiva ,unidade ,usalote ,epcpond ,noserie ,conversao ,st.texteis from st left join taxasiva tx on st.tabiva = tx.codigo where st.ref = '324.497.00.01'
20241105@174407.7279 o1ab3u9bllvonokk2q1t92ktuj Query : select 1 valor from information_schema.tables where table_type='base table' and table_name='wstablefields'
20241105@174407.7304 o1ab3u9bllvonokk2q1t92ktuj Query : select fieldkey,fieldname,fieldtype,mandatory from wstablefields where tablename = 'fi' and documentnumber = 39
20241105@174407.7344 o1ab3u9bllvonokk2q1t92ktuj Query : select 1 valor from information_schema.tables where table_type='base table' and table_name='wstablefields'
20241105@174407.7360 o1ab3u9bllvonokk2q1t92ktuj Query : select fieldkey,fieldname,fieldtype,mandatory from wstablefields where tablename = 'fi2' and documentnumber = 39
20241105@174407.7370 o1ab3u9bllvonokk2q1t92ktuj Query : select top 1 convert(numeric(6,2),t.taxa) valor from taxasiva t where t.codigo='2'
20241105@174407.7383 o1ab3u9bllvonokk2q1t92ktuj Query : select sestamp valor from se where ref ='324.497.00.01' and lote = 'r2300022100a'
20241105@174407.7399 o1ab3u9bllvonokk2q1t92ktuj Query : select 1 valor from information_schema.tables where table_type='base table' and table_name='wstablefields'
20241105@174407.7439 o1ab3u9bllvonokk2q1t92ktuj Query : select fieldkey,fieldname,fieldtype,calcformula from wstablefields where tablename = 'fi2' and documentnumber = 39
20241105@174407.7451 o1ab3u9bllvonokk2q1t92ktuj Query : insert into wsfi2data (fi2stamp,ftstamp ,ousrdata, ousrhora, usrdata,usrhora,ousrinis,usrinis) values ('aut672a523906672a5967b4','aut672a572521672a59677a' ,getdate(),convert(char(8),convert (time,getdate())),getdate(),convert(char(8),convert (time,getdate())),'wsv','wsv')
20241105@174407.7455 o1ab3u9bllvonokk2q1t92ktuj Query : select 1 valor from information_schema.tables where table_type='base table' and table_name='wstablefields'
20241105@174407.7471 o1ab3u9bllvonokk2q1t92ktuj Query : select fieldkey,fieldname,fieldtype,calcformula from wstablefields where tablename = 'fi' and documentnumber = 39
20241105@174407.7499 o1ab3u9bllvonokk2q1t92ktuj Query : insert into wsfidata (fistamp,ousrdata, ousrhora, usrdata,usrhora,ousrinis,usrinis ,qtt ,ftstamp ,epv,pvmoeda ,tabiva,iva,lordem ,ref, design ,lote,armazem,bistamp ) values ('aut672a523906672a5967b4',getdate(),convert(char(8),convert (time,getdate())),getdate(),convert(char(8),convert (time,getdate())),'wsv','wsv',24.000 ,'aut672a572521672a59677a' ,0,0 ,2,23.00,20000,?,?,?,?,?)
20241105@174407.7764 o1ab3u9bllvonokk2q1t92ktuj Query : use flama_phc
20241105@174407.7767 o1ab3u9bllvonokk2q1t92ktuj Query : select st.usalote valor from st where st.ref = '324.644.00.01'
20241105@174407.7794 o1ab3u9bllvonokk2q1t92ktuj Query : select top 1 st.tabiva ,st.ivaincl ,st.stns ,st.uni2 ,st.familia ,isnull(tx.taxa, 0) txiva ,unidade ,usalote ,epcpond ,noserie ,conversao ,st.texteis from st left join taxasiva tx on st.tabiva = tx.codigo where st.ref = '324.644.00.01'
20241105@174407.7839 o1ab3u9bllvonokk2q1t92ktuj Query : select 1 valor from information_schema.tables where table_type='base table' and table_name='wstablefields'
20241105@174407.7871 o1ab3u9bllvonokk2q1t92ktuj Query : select fieldkey,fieldname,fieldtype,mandatory from wstablefields where tablename = 'fi' and documentnumber = 39
20241105@174407.7939 o1ab3u9bllvonokk2q1t92ktuj Query : select 1 valor from information_schema.tables where table_type='base table' and table_name='wstablefields'
20241105@174407.7958 o1ab3u9bllvonokk2q1t92ktuj Query : select fieldkey,fieldname,fieldtype,mandatory from wstablefields where tablename = 'fi2' and documentnumber = 39
20241105@174407.7966 o1ab3u9bllvonokk2q1t92ktuj Query : select top 1 convert(numeric(6,2),t.taxa) valor from taxasiva t where t.codigo='2'
20241105@174407.7983 o1ab3u9bllvonokk2q1t92ktuj Query : select sestamp valor from se where ref ='324.644.00.01' and lote = 'r2400749200a'
20241105@174407.7996 o1ab3u9bllvonokk2q1t92ktuj Query : select 1 valor from information_schema.tables where table_type='base table' and table_name='wstablefields'
20241105@174407.8032 o1ab3u9bllvonokk2q1t92ktuj Query : select fieldkey,fieldname,fieldtype,calcformula from wstablefields where tablename = 'fi2' and documentnumber = 39
20241105@174407.8051 o1ab3u9bllvonokk2q1t92ktuj Query : insert into wsfi2data (fi2stamp,ftstamp ,ousrdata, ousrhora, usrdata,usrhora,ousrinis,usrinis) values ('aut672a516286672a5967c3','aut672a572521672a59677a' ,getdate(),convert(char(8),convert (time,getdate())),getdate(),convert(char(8),convert (time,getdate())),'wsv','wsv')
20241105@174407.8056 o1ab3u9bllvonokk2q1t92ktuj Query : select 1 valor from information_schema.tables where table_type='base table' and table_name='wstablefields'
20241105@174407.8072 o1ab3u9bllvonokk2q1t92ktuj Query : select fieldkey,fieldname,fieldtype,calcformula from wstablefields where tablename = 'fi' and documentnumber = 39
20241105@174407.8129 o1ab3u9bllvonokk2q1t92ktuj Query : insert into wsfidata (fistamp,ousrdata, ousrhora, usrdata,usrhora,ousrinis,usrinis ,qtt ,ftstamp ,epv,pvmoeda ,tabiva,iva,lordem ,ref, design ,lote,armazem,bistamp ) values ('aut672a516286672a5967c3',getdate(),convert(char(8),convert (time,getdate())),getdate(),convert(char(8),convert (time,getdate())),'wsv','wsv',9.000 ,'aut672a572521672a59677a' ,0,0 ,2,23.00,30000,?,?,?,?,?)
20241105@174407.8426 o1ab3u9bllvonokk2q1t92ktuj Query : use flama_phc
20241105@174407.8429 o1ab3u9bllvonokk2q1t92ktuj Query : select st.usalote valor from st where st.ref = '324.644.00.01'
20241105@174407.8453 o1ab3u9bllvonokk2q1t92ktuj Query : select top 1 st.tabiva ,st.ivaincl ,st.stns ,st.uni2 ,st.familia ,isnull(tx.taxa, 0) txiva ,unidade ,usalote ,epcpond ,noserie ,conversao ,st.texteis from st left join taxasiva tx on st.tabiva = tx.codigo where st.ref = '324.644.00.01'
20241105@174407.8466 o1ab3u9bllvonokk2q1t92ktuj Query : select 1 valor from information_schema.tables where table_type='base table' and table_name='wstablefields'
20241105@174407.8483 o1ab3u9bllvonokk2q1t92ktuj Query : select fieldkey,fieldname,fieldtype,mandatory from wstablefields where tablename = 'fi' and documentnumber = 39
20241105@174407.8509 o1ab3u9bllvonokk2q1t92ktuj Query : select 1 valor from information_schema.tables where table_type='base table' and table_name='wstablefields'
20241105@174407.8549 o1ab3u9bllvonokk2q1t92ktuj Query : select fieldkey,fieldname,fieldtype,mandatory from wstablefields where tablename = 'fi2' and documentnumber = 39
20241105@174407.8567 o1ab3u9bllvonokk2q1t92ktuj Query : select top 1 convert(numeric(6,2),t.taxa) valor from taxasiva t where t.codigo='2'
20241105@174407.8594 o1ab3u9bllvonokk2q1t92ktuj Query : select sestamp valor from se where ref ='324.644.00.01' and lote = 'r2400749200a'
20241105@174407.8619 o1ab3u9bllvonokk2q1t92ktuj Query : select 1 valor from information_schema.tables where table_type='base table' and table_name='wstablefields'
20241105@174407.8637 o1ab3u9bllvonokk2q1t92ktuj Query : select fieldkey,fieldname,fieldtype,calcformula from wstablefields where tablename = 'fi2' and documentnumber = 39
20241105@174407.8668 o1ab3u9bllvonokk2q1t92ktuj Query : insert into wsfi2data (fi2stamp,ftstamp ,ousrdata, ousrhora, usrdata,usrhora,ousrinis,usrinis) values ('aut672a567339672a5967d2','aut672a572521672a59677a' ,getdate(),convert(char(8),convert (time,getdate())),getdate(),convert(char(8),convert (time,getdate())),'wsv','wsv')
20241105@174407.8673 o1ab3u9bllvonokk2q1t92ktuj Query : select 1 valor from information_schema.tables where table_type='base table' and table_name='wstablefields'
20241105@174407.8687 o1ab3u9bllvonokk2q1t92ktuj Query : select fieldkey,fieldname,fieldtype,calcformula from wstablefields where tablename = 'fi' and documentnumber = 39
20241105@174407.8725 o1ab3u9bllvonokk2q1t92ktuj Query : insert into wsfidata (fistamp,ousrdata, ousrhora, usrdata,usrhora,ousrinis,usrinis ,qtt ,ftstamp ,epv,pvmoeda ,tabiva,iva,lordem ,ref, design ,lote,armazem,bistamp ) values ('aut672a567339672a5967d2',getdate(),convert(char(8),convert (time,getdate())),getdate(),convert(char(8),convert (time,getdate())),'wsv','wsv',3.000 ,'aut672a572521672a59677a' ,0,0 ,2,23.00,40000,?,?,?,?,?)
20241105@174407.9220 o1ab3u9bllvonokk2q1t92ktuj Query : use flama_phc
20241105@174407.9225 o1ab3u9bllvonokk2q1t92ktuj Query : select st.usalote valor from st where st.ref = '324.678.00.01'
20241105@174407.9613 o1ab3u9bllvonokk2q1t92ktuj Query : select top 1 st.tabiva ,st.ivaincl ,st.stns ,st.uni2 ,st.familia ,isnull(tx.taxa, 0) txiva ,unidade ,usalote ,epcpond ,noserie ,conversao ,st.texteis from st left join taxasiva tx on st.tabiva = tx.codigo where st.ref = '324.678.00.01'
20241105@174407.9760 o1ab3u9bllvonokk2q1t92ktuj Query : select 1 valor from information_schema.tables where table_type='base table' and table_name='wstablefields'
20241105@174407.9781 o1ab3u9bllvonokk2q1t92ktuj Query : select fieldkey,fieldname,fieldtype,mandatory from wstablefields where tablename = 'fi' and documentnumber = 39
20241105@174407.9809 o1ab3u9bllvonokk2q1t92ktuj Query : select 1 valor from information_schema.tables where table_type='base table' and table_name='wstablefields'
20241105@174407.9869 o1ab3u9bllvonokk2q1t92ktuj Query : select fieldkey,fieldname,fieldtype,mandatory from wstablefields where tablename = 'fi2' and documentnumber = 39
20241105@174407.9881 o1ab3u9bllvonokk2q1t92ktuj Query : select top 1 convert(numeric(6,2),t.taxa) valor from taxasiva t where t.codigo='2'
20241105@174407.9893 o1ab3u9bllvonokk2q1t92ktuj Query : select sestamp valor from se where ref ='324.678.00.01' and lote = 'r2400745200a'
20241105@174407.9907 o1ab3u9bllvonokk2q1t92ktuj Query : select 1 valor from information_schema.tables where table_type='base table' and table_name='wstablefields'
20241105@174407.9941 o1ab3u9bllvonokk2q1t92ktuj Query : select fieldkey,fieldname,fieldtype,calcformula from wstablefields where tablename = 'fi2' and documentnumber = 39
20241105@174407.9954 o1ab3u9bllvonokk2q1t92ktuj Query : insert into wsfi2data (fi2stamp,ftstamp ,ousrdata, ousrhora, usrdata,usrhora,ousrinis,usrinis) values ('aut672a597401672a5967f1','aut672a572521672a59677a' ,getdate(),convert(char(8),convert (time,getdate())),getdate(),convert(char(8),convert (time,getdate())),'wsv','wsv')
20241105@174407.9958 o1ab3u9bllvonokk2q1t92ktuj Query : select 1 valor from information_schema.tables where table_type='base table' and table_name='wstablefields'
20241105@174407.9975 o1ab3u9bllvonokk2q1t92ktuj Query : select fieldkey,fieldname,fieldtype,calcformula from wstablefields where tablename = 'fi' and documentnumber = 39
20241105@174408.5000 o1ab3u9bllvonokk2q1t92ktuj Query : insert into wsfidata (fistamp,ousrdata, ousrhora, usrdata,usrhora,ousrinis,usrinis ,qtt ,ftstamp ,epv,pvmoeda ,tabiva,iva,lordem ,ref, design ,lote,armazem,bistamp ) values ('aut672a597401672a5967f1',getdate(),convert(char(8),convert (time,getdate())),getdate(),convert(char(8),convert (time,getdate())),'wsv','wsv',12.000 ,'aut672a572521672a59677a' ,0,0 ,2,23.00,50000,?,?,?,?,?)
20241105@174408.3360 o1ab3u9bllvonokk2q1t92ktuj Query : select 1 valor from information_schema.tables where table_type='base table' and table_name='wstablefields'
20241105@174408.4190 o1ab3u9bllvonokk2q1t92ktuj Query : select fieldkey,fieldname,fieldtype,mandatory from wstablefields where tablename = 'fi' and documentnumber = 39
20241105@174408.4550 o1ab3u9bllvonokk2q1t92ktuj Query : select 1 valor from information_schema.tables where table_type='base table' and table_name='wstablefields'
20241105@174408.4840 o1ab3u9bllvonokk2q1t92ktuj Query : select fieldkey,fieldname,fieldtype,mandatory from wstablefields where tablename = 'fi2' and documentnumber = 39
20241105@174408.4950 o1ab3u9bllvonokk2q1t92ktuj Query : select top 1 convert(numeric(6,2),t.taxa) valor from taxasiva t where t.codigo='2'
20241105@174408.5090 o1ab3u9bllvonokk2q1t92ktuj Query : select 1 valor from information_schema.tables where table_type='base table' and table_name='wstablefields'
20241105@174408.5270 o1ab3u9bllvonokk2q1t92ktuj Query : select fieldkey,fieldname,fieldtype,calcformula from wstablefields where tablename = 'fi2' and documentnumber = 39
20241105@174408.5420 o1ab3u9bllvonokk2q1t92ktuj Query : insert into wsfi2data (fi2stamp,ftstamp ,ousrdata, ousrhora, usrdata,usrhora,ousrinis,usrinis) values ('aut672a549393672a59680c','aut672a572521672a59677a' ,getdate(),convert(char(8),convert (time,getdate())),getdate(),convert(char(8),convert (time,getdate())),'wsv','wsv')
20241105@174408.5490 o1ab3u9bllvonokk2q1t92ktuj Query : select 1 valor from information_schema.tables where table_type='base table' and table_name='wstablefields'
20241105@174408.6150 o1ab3u9bllvonokk2q1t92ktuj Query : select fieldkey,fieldname,fieldtype,calcformula from wstablefields where tablename = 'fi' and documentnumber = 39
20241105@174408.7550 o1ab3u9bllvonokk2q1t92ktuj Query : insert into wsfidata (fistamp,ousrdata, ousrhora, usrdata,usrhora,ousrinis,usrinis ,qtt ,ftstamp ,epv,pvmoeda ,tabiva,iva,lordem ,ref, design ,armazem) values ('aut672a549393672a59680c',getdate(),convert(char(8),convert (time,getdate())),getdate(),convert(char(8),convert (time,getdate())),'wsv','wsv',0 ,'aut672a572521672a59677a' ,0,0 ,2,23.00,60000,?,?,?)
20241105@174408.1071 o1ab3u9bllvonokk2q1t92ktuj Query : use flama_phc
20241105@174408.1075 o1ab3u9bllvonokk2q1t92ktuj Query : select st.usalote valor from st where st.ref = '324.681.00.01'
20241105@174408.1101 o1ab3u9bllvonokk2q1t92ktuj Query : select top 1 st.tabiva ,st.ivaincl ,st.stns ,st.uni2 ,st.familia ,isnull(tx.taxa, 0) txiva ,unidade ,usalote ,epcpond ,noserie ,conversao ,st.texteis from st left join taxasiva tx on st.tabiva = tx.codigo where st.ref = '324.681.00.01'
20241105@174408.1165 o1ab3u9bllvonokk2q1t92ktuj Query : select 1 valor from information_schema.tables where table_type='base table' and table_name='wstablefields'
20241105@174408.1183 o1ab3u9bllvonokk2q1t92ktuj Query : select fieldkey,fieldname,fieldtype,mandatory from wstablefields where tablename = 'fi' and documentnumber = 39
20241105@174408.1246 o1ab3u9bllvonokk2q1t92ktuj Query : select 1 valor from information_schema.tables where table_type='base table' and table_name='wstablefields'
20241105@174408.1265 o1ab3u9bllvonokk2q1t92ktuj Query : select fieldkey,fieldname,fieldtype,mandatory from wstablefields where tablename = 'fi2' and documentnumber = 39
20241105@174408.1276 o1ab3u9bllvonokk2q1t92ktuj Query : select top 1 convert(numeric(6,2),t.taxa) valor from taxasiva t where t.codigo='2'
20241105@174408.1294 o1ab3u9bllvonokk2q1t92ktuj Query : select sestamp valor from se where ref ='324.681.00.01' and lote = 'r2400057200a'
20241105@174408.1308 o1ab3u9bllvonokk2q1t92ktuj Query : select 1 valor from information_schema.tables where table_type='base table' and table_name='wstablefields'
20241105@174408.1353 o1ab3u9bllvonokk2q1t92ktuj Query : select fieldkey,fieldname,fieldtype,calcformula from wstablefields where tablename = 'fi2' and documentnumber = 39
20241105@174408.1369 o1ab3u9bllvonokk2q1t92ktuj Query : insert into wsfi2data (fi2stamp,ftstamp ,ousrdata, ousrhora, usrdata,usrhora,ousrinis,usrinis) values ('aut672a522350672a59681f','aut672a572521672a59677a' ,getdate(),convert(char(8),convert (time,getdate())),getdate(),convert(char(8),convert (time,getdate())),'wsv','wsv')
20241105@174408.1375 o1ab3u9bllvonokk2q1t92ktuj Query : select 1 valor from information_schema.tables where table_type='base table' and table_name='wstablefields'
20241105@174408.1408 o1ab3u9bllvonokk2q1t92ktuj Query : select fieldkey,fieldname,fieldtype,calcformula from wstablefields where tablename = 'fi' and documentnumber = 39
20241105@174408.1483 o1ab3u9bllvonokk2q1t92ktuj Query : insert into wsfidata (fistamp,ousrdata, ousrhora, usrdata,usrhora,ousrinis,usrinis ,qtt ,ftstamp ,epv,pvmoeda ,tabiva,iva,lordem ,ref, design ,lote,armazem,bistamp ) values ('aut672a522350672a59681f',getdate(),convert(char(8),convert (time,getdate())),getdate(),convert(char(8),convert (time,getdate())),'wsv','wsv',12.000 ,'aut672a572521672a59677a' ,0,0 ,2,23.00,80000,?,?,?,?,?)
20241105@174408.1764 o1ab3u9bllvonokk2q1t92ktuj Query : select 1 valor from information_schema.tables where table_type='base table' and table_name='wstablefields'
20241105@174408.1812 o1ab3u9bllvonokk2q1t92ktuj Query : select fieldkey,fieldname,fieldtype,mandatory from wstablefields where tablename = 'fi' and documentnumber = 39
20241105@174408.1850 o1ab3u9bllvonokk2q1t92ktuj Query : select 1 valor from information_schema.tables where table_type='base table' and table_name='wstablefields'
20241105@174408.1866 o1ab3u9bllvonokk2q1t92ktuj Query : select fieldkey,fieldname,fieldtype,mandatory from wstablefields where tablename = 'fi2' and documentnumber = 39
20241105@174408.1878 o1ab3u9bllvonokk2q1t92ktuj Query : select top 1 convert(numeric(6,2),t.taxa) valor from taxasiva t where t.codigo='2'
20241105@174408.1917 o1ab3u9bllvonokk2q1t92ktuj Query : select 1 valor from information_schema.tables where table_type='base table' and table_name='wstablefields'
20241105@174408.1937 o1ab3u9bllvonokk2q1t92ktuj Query : select fieldkey,fieldname,fieldtype,calcformula from wstablefields where tablename = 'fi2' and documentnumber = 39
20241105@174408.1955 o1ab3u9bllvonokk2q1t92ktuj Query : insert into wsfi2data (fi2stamp,ftstamp ,ousrdata, ousrhora, usrdata,usrhora,ousrinis,usrinis) values ('aut672a513575672a59682e','aut672a572521672a59677a' ,getdate(),convert(char(8),convert (time,getdate())),getdate(),convert(char(8),convert (time,getdate())),'wsv','wsv')
20241105@174408.1960 o1ab3u9bllvonokk2q1t92ktuj Query : select 1 valor from information_schema.tables where table_type='base table' and table_name='wstablefields'
20241105@174408.1985 o1ab3u9bllvonokk2q1t92ktuj Query : select fieldkey,fieldname,fieldtype,calcformula from wstablefields where tablename = 'fi' and documentnumber = 39
20241105@174408.2058 o1ab3u9bllvonokk2q1t92ktuj Query : insert into wsfidata (fistamp,ousrdata, ousrhora, usrdata,usrhora,ousrinis,usrinis ,qtt ,ftstamp ,epv,pvmoeda ,tabiva,iva,lordem ,ref, design ,armazem) values ('aut672a513575672a59682e',getdate(),convert(char(8),convert (time,getdate())),getdate(),convert(char(8),convert (time,getdate())),'wsv','wsv',0 ,'aut672a572521672a59677a' ,0,0 ,2,23.00,90000,?,?,?)
20241105@174408.2352 o1ab3u9bllvonokk2q1t92ktuj Query : use flama_phc
20241105@174408.2362 o1ab3u9bllvonokk2q1t92ktuj Query : select st.usalote valor from st where st.ref = '324.1417.00.1'
20241105@174408.2404 o1ab3u9bllvonokk2q1t92ktuj Query : select top 1 st.tabiva ,st.ivaincl ,st.stns ,st.uni2 ,st.familia ,isnull(tx.taxa, 0) txiva ,unidade ,usalote ,epcpond ,noserie ,conversao ,st.texteis from st left join taxasiva tx on st.tabiva = tx.codigo where st.ref = '324.1417.00.1'
20241105@174408.2555 o1ab3u9bllvonokk2q1t92ktuj Query : select 1 valor from information_schema.tables where table_type='base table' and table_name='wstablefields'
20241105@174408.2583 o1ab3u9bllvonokk2q1t92ktuj Query : select fieldkey,fieldname,fieldtype,mandatory from wstablefields where tablename = 'fi' and documentnumber = 39
20241105@174408.2652 o1ab3u9bllvonokk2q1t92ktuj Query : select 1 valor from information_schema.tables where table_type='base table' and table_name='wstablefields'
20241105@174408.2674 o1ab3u9bllvonokk2q1t92ktuj Query : select fieldkey,fieldname,fieldtype,mandatory from wstablefields where tablename = 'fi2' and documentnumber = 39
20241105@174408.2685 o1ab3u9bllvonokk2q1t92ktuj Query : select top 1 convert(numeric(6,2),t.taxa) valor from taxasiva t where t.codigo='2'
20241105@174408.2700 o1ab3u9bllvonokk2q1t92ktuj Query : select sestamp valor from se where ref ='324.1417.00.1' and lote = 'r2101088200a'
20241105@174408.2733 o1ab3u9bllvonokk2q1t92ktuj Query : select 1 valor from information_schema.tables where table_type='base table' and table_name='wstablefields'
20241105@174408.2751 o1ab3u9bllvonokk2q1t92ktuj Query : select fieldkey,fieldname,fieldtype,calcformula from wstablefields where tablename = 'fi2' and documentnumber = 39
20241105@174408.2771 o1ab3u9bllvonokk2q1t92ktuj Query : insert into wsfi2data (fi2stamp,ftstamp ,ousrdata, ousrhora, usrdata,usrhora,ousrinis,usrinis) values ('aut672a522790672a596842','aut672a572521672a59677a' ,getdate(),convert(char(8),convert (time,getdate())),getdate(),convert(char(8),convert (time,getdate())),'wsv','wsv')
20241105@174408.2776 o1ab3u9bllvonokk2q1t92ktuj Query : select 1 valor from information_schema.tables where table_type='base table' and table_name='wstablefields'
20241105@174408.2798 o1ab3u9bllvonokk2q1t92ktuj Query : select fieldkey,fieldname,fieldtype,calcformula from wstablefields where tablename = 'fi' and documentnumber = 39
20241105@174408.2830 o1ab3u9bllvonokk2q1t92ktuj Query : insert into wsfidata (fistamp,ousrdata, ousrhora, usrdata,usrhora,ousrinis,usrinis ,qtt ,ftstamp ,epv,pvmoeda ,tabiva,iva,lordem ,ref, design ,lote,armazem,bistamp ) values ('aut672a522790672a596842',getdate(),convert(char(8),convert (time,getdate())),getdate(),convert(char(8),convert (time,getdate())),'wsv','wsv',4.000 ,'aut672a572521672a59677a' ,0,0 ,2,23.00,110000,?,?,?,?,?)
20241105@174408.3121 o1ab3u9bllvonokk2q1t92ktuj Query : select 1 valor from information_schema.tables where table_type='base table' and table_name='wstablefields'
20241105@174408.3144 o1ab3u9bllvonokk2q1t92ktuj Query : select fieldkey,fieldname,fieldtype,mandatory from wstablefields where tablename = 'fi' and documentnumber = 39
20241105@174408.3177 o1ab3u9bllvonokk2q1t92ktuj Query : select 1 valor from information_schema.tables where table_type='base table' and table_name='wstablefields'
20241105@174408.3210 o1ab3u9bllvonokk2q1t92ktuj Query : select fieldkey,fieldname,fieldtype,mandatory from wstablefields where tablename = 'fi2' and documentnumber = 39
20241105@174408.3222 o1ab3u9bllvonokk2q1t92ktuj Query : select top 1 convert(numeric(6,2),t.taxa) valor from taxasiva t where t.codigo='2'
20241105@174408.3239 o1ab3u9bllvonokk2q1t92ktuj Query : select 1 valor from information_schema.tables where table_type='base table' and table_name='wstablefields'
20241105@174408.3256 o1ab3u9bllvonokk2q1t92ktuj Query : select fieldkey,fieldname,fieldtype,calcformula from wstablefields where tablename = 'fi2' and documentnumber = 39
20241105@174408.3271 o1ab3u9bllvonokk2q1t92ktuj Query : insert into wsfi2data (fi2stamp,ftstamp ,ousrdata, ousrhora, usrdata,usrhora,ousrinis,usrinis) values ('aut672a572669672a59684f','aut672a572521672a59677a' ,getdate(),convert(char(8),convert (time,getdate())),getdate(),convert(char(8),convert (time,getdate())),'wsv','wsv')
20241105@174408.3276 o1ab3u9bllvonokk2q1t92ktuj Query : select 1 valor from information_schema.tables where table_type='base table' and table_name='wstablefields'
20241105@174408.3297 o1ab3u9bllvonokk2q1t92ktuj Query : select fieldkey,fieldname,fieldtype,calcformula from wstablefields where tablename = 'fi' and documentnumber = 39
20241105@174408.3352 o1ab3u9bllvonokk2q1t92ktuj Query : insert into wsfidata (fistamp,ousrdata, ousrhora, usrdata,usrhora,ousrinis,usrinis ,qtt ,ftstamp ,epv,pvmoeda ,tabiva,iva,lordem ,ref, design ,armazem) values ('aut672a572669672a59684f',getdate(),convert(char(8),convert (time,getdate())),getdate(),convert(char(8),convert (time,getdate())),'wsv','wsv',0 ,'aut672a572521672a59677a' ,0,0 ,2,23.00,120000,?,?,?)
20241105@174408.3640 o1ab3u9bllvonokk2q1t92ktuj Query : use flama_phc
20241105@174408.3643 o1ab3u9bllvonokk2q1t92ktuj Query : select st.usalote valor from st where st.ref = '324.1417.00.1'
20241105@174408.3689 o1ab3u9bllvonokk2q1t92ktuj Query : select top 1 st.tabiva ,st.ivaincl ,st.stns ,st.uni2 ,st.familia ,isnull(tx.taxa, 0) txiva ,unidade ,usalote ,epcpond ,noserie ,conversao ,st.texteis from st left join taxasiva tx on st.tabiva = tx.codigo where st.ref = '324.1417.00.1'
20241105@174408.3737 o1ab3u9bllvonokk2q1t92ktuj Query : select 1 valor from information_schema.tables where table_type='base table' and table_name='wstablefields'
20241105@174408.3799 o1ab3u9bllvonokk2q1t92ktuj Query : select fieldkey,fieldname,fieldtype,mandatory from wstablefields where tablename = 'fi' and documentnumber = 39
20241105@174408.3843 o1ab3u9bllvonokk2q1t92ktuj Query : select 1 valor from information_schema.tables where table_type='base table' and table_name='wstablefields'
20241105@174408.3864 o1ab3u9bllvonokk2q1t92ktuj Query : select fieldkey,fieldname,fieldtype,mandatory from wstablefields where tablename = 'fi2' and documentnumber = 39
20241105@174408.3877 o1ab3u9bllvonokk2q1t92ktuj Query : select top 1 convert(numeric(6,2),t.taxa) valor from taxasiva t where t.codigo='2'
20241105@174408.3915 o1ab3u9bllvonokk2q1t92ktuj Query : select sestamp valor from se where ref ='324.1417.00.1' and lote = 'r2101088200a'
20241105@174408.3941 o1ab3u9bllvonokk2q1t92ktuj Query : select 1 valor from information_schema.tables where table_type='base table' and table_name='wstablefields'
20241105@174408.3980 o1ab3u9bllvonokk2q1t92ktuj Query : select fieldkey,fieldname,fieldtype,calcformula from wstablefields where tablename = 'fi2' and documentnumber = 39
20241105@174408.4012 o1ab3u9bllvonokk2q1t92ktuj Query : insert into wsfi2data (fi2stamp,ftstamp ,ousrdata, ousrhora, usrdata,usrhora,ousrinis,usrinis) values ('aut672a529405672a596860','aut672a572521672a59677a' ,getdate(),convert(char(8),convert (time,getdate())),getdate(),convert(char(8),convert (time,getdate())),'wsv','wsv')
20241105@174408.4017 o1ab3u9bllvonokk2q1t92ktuj Query : select 1 valor from information_schema.tables where table_type='base table' and table_name='wstablefields'
20241105@174408.4041 o1ab3u9bllvonokk2q1t92ktuj Query : select fieldkey,fieldname,fieldtype,calcformula from wstablefields where tablename = 'fi' and documentnumber = 39
20241105@174408.4093 o1ab3u9bllvonokk2q1t92ktuj Query : insert into wsfidata (fistamp,ousrdata, ousrhora, usrdata,usrhora,ousrinis,usrinis ,qtt ,ftstamp ,epv,pvmoeda ,tabiva,iva,lordem ,ref, design ,lote,armazem,bistamp ) values ('aut672a529405672a596860',getdate(),convert(char(8),convert (time,getdate())),getdate(),convert(char(8),convert (time,getdate())),'wsv','wsv',20.000 ,'aut672a572521672a59677a' ,0,0 ,2,23.00,140000,?,?,?,?,?)
20241105@174408.4372 o1ab3u9bllvonokk2q1t92ktuj Query : select 1 valor from information_schema.tables where table_type='base table' and table_name='wstablefields'
20241105@174408.4392 o1ab3u9bllvonokk2q1t92ktuj Query : select fieldkey,fieldname,fieldtype,mandatory from wstablefields where tablename = 'fi' and documentnumber = 39
20241105@174408.4458 o1ab3u9bllvonokk2q1t92ktuj Query : select 1 valor from information_schema.tables where table_type='base table' and table_name='wstablefields'
20241105@174408.4475 o1ab3u9bllvonokk2q1t92ktuj Query : select fieldkey,fieldname,fieldtype,mandatory from wstablefields where tablename = 'fi2' and documentnumber = 39
20241105@174408.4485 o1ab3u9bllvonokk2q1t92ktuj Query : select top 1 convert(numeric(6,2),t.taxa) valor from taxasiva t where t.codigo='2'
20241105@174408.4517 o1ab3u9bllvonokk2q1t92ktuj Query : select 1 valor from information_schema.tables where table_type='base table' and table_name='wstablefields'
20241105@174408.4548 o1ab3u9bllvonokk2q1t92ktuj Query : select fieldkey,fieldname,fieldtype,calcformula from wstablefields where tablename = 'fi2' and documentnumber = 39
20241105@174408.4561 o1ab3u9bllvonokk2q1t92ktuj Query : insert into wsfi2data (fi2stamp,ftstamp ,ousrdata, ousrhora, usrdata,usrhora,ousrinis,usrinis) values ('aut672a546745672a59686e','aut672a572521672a59677a' ,getdate(),convert(char(8),convert (time,getdate())),getdate(),convert(char(8),convert (time,getdate())),'wsv','wsv')
20241105@174408.4566 o1ab3u9bllvonokk2q1t92ktuj Query : select 1 valor from information_schema.tables where table_type='base table' and table_name='wstablefields'
20241105@174408.4590 o1ab3u9bllvonokk2q1t92ktuj Query : select fieldkey,fieldname,fieldtype,calcformula from wstablefields where tablename = 'fi' and documentnumber = 39
20241105@174408.4623 o1ab3u9bllvonokk2q1t92ktuj Query : insert into wsfidata (fistamp,ousrdata, ousrhora, usrdata,usrhora,ousrinis,usrinis ,qtt ,ftstamp ,epv,pvmoeda ,tabiva,iva,lordem ,ref, design ,armazem) values ('aut672a546745672a59686e',getdate(),convert(char(8),convert (time,getdate())),getdate(),convert(char(8),convert (time,getdate())),'wsv','wsv',0 ,'aut672a572521672a59677a' ,0,0 ,2,23.00,150000,?,?,?)
20241105@174408.5087 o1ab3u9bllvonokk2q1t92ktuj Query : insert into wsftcreationlog (initialftstamp,externalid,creationstatus,documenttypeid,idustamp) values ('aut672a572521672a59677a','2407278','wait',39,'adm09112754980.682000002')
20241105@174408.5177 o1ab3u9bllvonokk2q1t92ktuj Query : use flama_phc
20241105@174408.5181 o1ab3u9bllvonokk2q1t92ktuj Query : update u_wsusers set rqsttoken =? where userid ='userls001'
20241105@174408.5226 o1ab3u9bllvonokk2q1t92ktuj Query : select concat(rtrim(relative_path),ltrim(name_new)) as valor from uploadfiles where uploadfile_id='3117';
20241105@174408.5271 o1ab3u9bllvonokk2q1t92ktuj Query : update uploadfiles set whenupdated=current_timestamp where uploadfile_id='3117';
20241105@174408.5318 o1ab3u9bllvonokk2q1t92ktuj Query : select concat(rtrim(relative_path),ltrim(name_new)) as valor from uploadfiles where uploadfile_id='3117';
20241105@174408.6676 o1ab3u9bllvonokk2q1t92ktuj Query : update uploadfiles set whenupdated=current_timestamp where uploadfile_id='3117';
20241105@174408.7234 d9ghlpas3k34jf5s229h2ko63j Query : insert into uploadfiles ( name_original, name_new, option_type, relative_path, whencreated ) values ( ?, ?, ?, ?, getdate() )
20241105@174408.7245 d9ghlpas3k34jf5s229h2ko63j Query : select uploadfile_id valor from uploadfiles where name_new = ? and option_type = ? 
20241105@174408.7321 d9ghlpas3k34jf5s229h2ko63j Query : select concat(rtrim(relative_path),ltrim(name_new)) as valor from uploadfiles where uploadfile_id='3118';
20241105@174408.7412 d9ghlpas3k34jf5s229h2ko63j Query : update uploadfiles set whenupdated=current_timestamp where uploadfile_id='3118';
20241105@174408.7503 d9ghlpas3k34jf5s229h2ko63j Query : select concat(rtrim(relative_path),ltrim(name_new)) as valor from uploadfiles where uploadfile_id='3118';
20241105@174408.7545 d9ghlpas3k34jf5s229h2ko63j Query : update uploadfiles set whenupdated=current_timestamp where uploadfile_id='3118';
20241105@174408.7630 d9ghlpas3k34jf5s229h2ko63j Query : use flama_phc
20241105@174408.7637 d9ghlpas3k34jf5s229h2ko63j Query : select top 1 secretkey valor from u_wsusers u where u.userid = ? and u.inactivo=0
20241105@174408.7703 d9ghlpas3k34jf5s229h2ko63j Query : use flama_phc
20241105@174408.7706 d9ghlpas3k34jf5s229h2ko63j Query : select no, estab,szadrsdesc from szadrs where u_coddest=2138
20241105@174408.7804 d9ghlpas3k34jf5s229h2ko63j Query : select top 1 isnull(design,'') valor from st (nolock) left join stobs (nolock) on st.ref = stobs.ref where st.ref = '327.8152.00.1'
20241105@174408.7961 d9ghlpas3k34jf5s229h2ko63j Query : select top 1 bistamp valor from bi inner join bo on bo.bostamp=bi.bostamp where bo.ndos =240 and bo.boano =2072 and bo.obrano = 2407279 and bi.ref ='327.8152.00.1' and bi.lordem =1
20241105@174408.8294 d9ghlpas3k34jf5s229h2ko63j Query : select top 1 isnull(design,'') valor from st (nolock) left join stobs (nolock) on st.ref = stobs.ref where st.ref = '324.692.00.01'
20241105@174408.8453 d9ghlpas3k34jf5s229h2ko63j Query : select top 1 bistamp valor from bi inner join bo on bo.bostamp=bi.bostamp where bo.ndos =240 and bo.boano =2072 and bo.obrano = 2407279 and bi.ref ='324.692.00.01' and bi.lordem =2
20241105@174408.8784 d9ghlpas3k34jf5s229h2ko63j Query : select top 1 isnull(design,'') valor from st (nolock) left join stobs (nolock) on st.ref = stobs.ref where st.ref = '324.692.00.01'
20241105@174408.8811 d9ghlpas3k34jf5s229h2ko63j Query : select top 1 bistamp valor from bi inner join bo on bo.bostamp=bi.bostamp where bo.ndos =240 and bo.boano =2072 and bo.obrano = 2407279 and bi.ref ='324.692.00.01' and bi.lordem =2
20241105@174408.8843 d9ghlpas3k34jf5s229h2ko63j Query : select top 1 isnull(design,'') valor from st (nolock) left join stobs (nolock) on st.ref = stobs.ref where st.ref = '324.966.00.01'
20241105@174408.8908 d9ghlpas3k34jf5s229h2ko63j Query : select top 1 bistamp valor from bi inner join bo on bo.bostamp=bi.bostamp where bo.ndos =240 and bo.boano =2072 and bo.obrano = 2407279 and bi.ref ='324.966.00.01' and bi.lordem =3
20241105@174408.9227 d9ghlpas3k34jf5s229h2ko63j Query : select top 1 isnull(design,'') valor from st (nolock) left join stobs (nolock) on st.ref = stobs.ref where st.ref = '324.682.00.01'
20241105@174409.1808 d9ghlpas3k34jf5s229h2ko63j Query : select top 1 bistamp valor from bi inner join bo on bo.bostamp=bi.bostamp where bo.ndos =240 and bo.boano =2072 and bo.obrano = 2407279 and bi.ref ='324.682.00.01' and bi.lordem =4
20241105@174409.2149 d9ghlpas3k34jf5s229h2ko63j Query : select top 1 isnull(design,'') valor from st (nolock) left join stobs (nolock) on st.ref = stobs.ref where st.ref = '324.736.00.01'
20241105@174409.2331 d9ghlpas3k34jf5s229h2ko63j Query : select top 1 bistamp valor from bi inner join bo on bo.bostamp=bi.bostamp where bo.ndos =240 and bo.boano =2072 and bo.obrano = 2407279 and bi.ref ='324.736.00.01' and bi.lordem =5
20241105@174409.2652 d9ghlpas3k34jf5s229h2ko63j Query : select top 1 isnull(design,'') valor from st (nolock) left join stobs (nolock) on st.ref = stobs.ref where st.ref = '324.4988.00.1'
20241105@174409.2821 d9ghlpas3k34jf5s229h2ko63j Query : select top 1 bistamp valor from bi inner join bo on bo.bostamp=bi.bostamp where bo.ndos =240 and bo.boano =2072 and bo.obrano = 2407279 and bi.ref ='324.4988.00.1' and bi.lordem =6
20241105@174409.3115 d9ghlpas3k34jf5s229h2ko63j Query : select top 1 isnull(design,'') valor from st (nolock) left join stobs (nolock) on st.ref = stobs.ref where st.ref = '324.657.00.01'
20241105@174409.3263 d9ghlpas3k34jf5s229h2ko63j Query : select top 1 bistamp valor from bi inner join bo on bo.bostamp=bi.bostamp where bo.ndos =240 and bo.boano =2072 and bo.obrano = 2407279 and bi.ref ='324.657.00.01' and bi.lordem =7
20241105@174409.3581 d9ghlpas3k34jf5s229h2ko63j Query : select top 1 isnull(design,'') valor from st (nolock) left join stobs (nolock) on st.ref = stobs.ref where st.ref = '324.649.00.01'
20241105@174409.3738 d9ghlpas3k34jf5s229h2ko63j Query : select top 1 bistamp valor from bi inner join bo on bo.bostamp=bi.bostamp where bo.ndos =240 and bo.boano =2072 and bo.obrano = 2407279 and bi.ref ='324.649.00.01' and bi.lordem =8
20241105@174409.4065 d9ghlpas3k34jf5s229h2ko63j Query : use flama_phc
20241105@174409.4079 d9ghlpas3k34jf5s229h2ko63j Query : select top 1 convert(date,fdata) valor from ft where ndoc = 39 and anulado= 0 and fno>0 order by fdata desc
20241105@174409.4135 d9ghlpas3k34jf5s229h2ko63j Query : use flama_phc
20241105@174409.4156 d9ghlpas3k34jf5s229h2ko63j Query : select top 1 1 valor from td where td.ndoc = 39
20241105@174409.4184 d9ghlpas3k34jf5s229h2ko63j Query : use flama_phc
20241105@174409.4190 d9ghlpas3k34jf5s229h2ko63j Query : select lower(descricao) descricao ,case when valor='s' then 1 else 0 end valor from para1 where descricao in ('st_lote','st_usalogifunc', 'st_grelha')
20241105@174409.4270 d9ghlpas3k34jf5s229h2ko63j Query : select top 1 manternumero ,assinadoc issigned ,tiposaft ,assinaimp ,nmdos ,td.assinadoc ,'cl' origin ,lancasl stocks ,case when cmsl<50 and td.lancasl=1 then 1 else 0 end entrada ,case when cmsl>50 and td.lancasl=1 then 1 else 0 end saida ,temserie assets ,~semgre usegridfields from td inner join td2 on td.tdstamp=td2.td2stamp where td.ndoc = 1
20241105@174409.4328 d9ghlpas3k34jf5s229h2ko63j Query : use flama_phc
20241105@174409.4335 d9ghlpas3k34jf5s229h2ko63j Query : select top 1 ~inactivo valor from cl where no = '100404' and estab = 0 order by inactivo desc
20241105@174409.4470 d9ghlpas3k34jf5s229h2ko63j Query : use flama_phc
20241105@174409.4473 d9ghlpas3k34jf5s229h2ko63j Query : select top 1 tipodoc,regrd from td where ndoc = 39
20241105@174409.4544 d9ghlpas3k34jf5s229h2ko63j Query : use flama_phc
20241105@174409.4547 d9ghlpas3k34jf5s229h2ko63j Query : select szadrsstamp valor from szadrs where szadrsdesc='espaÇotrans,lda'
20241105@174409.4591 d9ghlpas3k34jf5s229h2ko63j Query : use flama_phc
20241105@174409.4605 d9ghlpas3k34jf5s229h2ko63j Query : select szadrsstamp valor from szadrs where szadrsdesc='bitranlis, agentes transitára'
20241105@174409.4666 d9ghlpas3k34jf5s229h2ko63j Query : use flama_phc
20241105@174409.4668 d9ghlpas3k34jf5s229h2ko63j Query : select 1 valor from td where ndoc = 39
20241105@174409.4685 d9ghlpas3k34jf5s229h2ko63j Query : select top 1 manternumero, tiposaft, nmdos,td.assinadoc from td where td.ndoc = 39
20241105@174409.4700 d9ghlpas3k34jf5s229h2ko63j Query : select 1 valor from information_schema.tables where table_type='base table' and table_name='wstablefields'
20241105@174409.4716 d9ghlpas3k34jf5s229h2ko63j Query : select fieldkey,fieldname,fieldtype,mandatory from wstablefields where tablename = 'ft' and documentnumber = 39
20241105@174409.4748 d9ghlpas3k34jf5s229h2ko63j Query : select 1 valor from information_schema.tables where table_type='base table' and table_name='wstablefields'
20241105@174409.4767 d9ghlpas3k34jf5s229h2ko63j Query : select fieldkey,fieldname,fieldtype,mandatory from wstablefields where tablename = 'ft2' and documentnumber = 39
20241105@174409.4798 d9ghlpas3k34jf5s229h2ko63j Query : select 1 valor from information_schema.tables where table_type='base table' and table_name='wstablefields'
20241105@174409.4826 d9ghlpas3k34jf5s229h2ko63j Query : select fieldkey,fieldname,fieldtype,mandatory from wstablefields where tablename = 'ft3' and documentnumber = 39
20241105@174409.4845 d9ghlpas3k34jf5s229h2ko63j Query : select top 1 ft.fno valor from ft ft where ft.ndoc = 39 and ftano=2024 order by fno desc
20241105@174409.4906 d9ghlpas3k34jf5s229h2ko63j Query : select top 1 ft.fno valor from wsftdata ft where ft.ndoc = 39 and ftano=2024 order by fno desc
20241105@174409.4918 d9ghlpas3k34jf5s229h2ko63j Query : select 1 valor from information_schema.tables where table_type='base table' and table_name='wstablefields'
20241105@174409.5000 d9ghlpas3k34jf5s229h2ko63j Query : select fieldkey,fieldname,fieldtype,calcformula from wstablefields where tablename = 'ft3' and documentnumber = 39
20241105@174409.5016 d9ghlpas3k34jf5s229h2ko63j Query : insert into wsft3data (ft3stamp, ousrdata, ousrhora, usrdata,usrhora,ousrinis,usrinis,taxpointdt ) values ('aut672a544879672a596976' ,getdate(),convert(char(8),convert (time,getdate())),getdate(),convert(char(8),convert (time,getdate())),'wsv','wsv',?)
20241105@174409.5200 d9ghlpas3k34jf5s229h2ko63j Query : select 1 valor from information_schema.tables where table_type='base table' and table_name='wstablefields'
20241105@174409.5239 d9ghlpas3k34jf5s229h2ko63j Query : select fieldkey,fieldname,fieldtype,calcformula from wstablefields where tablename = 'ft2' and documentnumber = 39
20241105@174409.5282 d9ghlpas3k34jf5s229h2ko63j Query : select top 1 bo.u_nomeenv valor from bo where bo.bostamp=''
20241105@174409.5295 d9ghlpas3k34jf5s229h2ko63j Query : select top 1 bo.u_moradaen valor from bo where bo.bostamp=''
20241105@174409.5307 d9ghlpas3k34jf5s229h2ko63j Query : select top 1 bo.u_codposen valor from bo where bo.bostamp=''
20241105@174409.5339 d9ghlpas3k34jf5s229h2ko63j Query : select top 1 bo.u_localenv valor from bo where bo.bostamp=''
20241105@174409.5355 d9ghlpas3k34jf5s229h2ko63j Query : select top 1 bo.trab5 valor from bo where bo.bostamp=''
20241105@174409.5367 d9ghlpas3k34jf5s229h2ko63j Query : select top 1 bo.serie valor from bo where bo.bostamp=''
20241105@174409.5397 d9ghlpas3k34jf5s229h2ko63j Query : insert into wsft2data (ft2stamp, ousrdata,ousrhora, usrdata,usrhora,ousrinis,usrinis,u_nomeenv ,u_moradaen ,u_codposen ,u_localenv ,u_coddest ,u_codby ) values ('aut672a544879672a596976',getdate(),convert(char(8),convert (time,getdate())),getdate(),convert(char(8),convert (time,getdate())),'wsv','wsv',?,?,?,?,?,?)
20241105@174409.5653 d9ghlpas3k34jf5s229h2ko63j Query : select top 1 fno valor from wsftdata order by fno desc
20241105@174409.5681 d9ghlpas3k34jf5s229h2ko63j Query : select 1 valor from information_schema.tables where table_type='base table' and table_name='wstablefields'
20241105@174409.5697 d9ghlpas3k34jf5s229h2ko63j Query : select fieldkey,fieldname,fieldtype,calcformula from wstablefields where tablename = 'ft' and documentnumber = 39
20241105@174409.5722 d9ghlpas3k34jf5s229h2ko63j Query : select 'normal' from dummy
20241105@174409.5738 d9ghlpas3k34jf5s229h2ko63j Query : insert into wsftdata (ftstamp, ousrdata,ousrhora, usrdata,usrhora,ousrinis,usrinis,fno,no,estab,fdata,ndoc,moeda,cambio,cambiofixo,ftano,site ,classe ) values ('aut672a544879672a596976',getdate(),convert(char(8),convert (time,getdate())),getdate(),convert(char(8),convert (time,getdate())),'wsv','wsv',1689,100404,0,'2024-11-05',39,'euro',0,0,2024 ,?,?)
20241105@174409.6068 d9ghlpas3k34jf5s229h2ko63j Query : use flama_phc
20241105@174409.6071 d9ghlpas3k34jf5s229h2ko63j Query : select st.usalote valor from st where st.ref = '327.8152.00.1'
20241105@174409.6094 d9ghlpas3k34jf5s229h2ko63j Query : select top 1 st.tabiva ,st.ivaincl ,st.stns ,st.uni2 ,st.familia ,isnull(tx.taxa, 0) txiva ,unidade ,usalote ,epcpond ,noserie ,conversao ,st.texteis from st left join taxasiva tx on st.tabiva = tx.codigo where st.ref = '327.8152.00.1'
20241105@174409.6239 d9ghlpas3k34jf5s229h2ko63j Query : select 1 valor from information_schema.tables where table_type='base table' and table_name='wstablefields'
20241105@174409.6254 d9ghlpas3k34jf5s229h2ko63j Query : select fieldkey,fieldname,fieldtype,mandatory from wstablefields where tablename = 'fi' and documentnumber = 39
20241105@174409.6288 d9ghlpas3k34jf5s229h2ko63j Query : select 1 valor from information_schema.tables where table_type='base table' and table_name='wstablefields'
20241105@174409.6303 d9ghlpas3k34jf5s229h2ko63j Query : select fieldkey,fieldname,fieldtype,mandatory from wstablefields where tablename = 'fi2' and documentnumber = 39
20241105@174409.6311 d9ghlpas3k34jf5s229h2ko63j Query : select top 1 convert(numeric(6,2),t.taxa) valor from taxasiva t where t.codigo='2'
20241105@174409.6322 d9ghlpas3k34jf5s229h2ko63j Query : select sestamp valor from se where ref ='327.8152.00.1' and lote = 'r2400077200a'
20241105@174409.6335 d9ghlpas3k34jf5s229h2ko63j Query : select 1 valor from information_schema.tables where table_type='base table' and table_name='wstablefields'
20241105@174409.6351 d9ghlpas3k34jf5s229h2ko63j Query : select fieldkey,fieldname,fieldtype,calcformula from wstablefields where tablename = 'fi2' and documentnumber = 39
20241105@174409.6362 d9ghlpas3k34jf5s229h2ko63j Query : insert into wsfi2data (fi2stamp,ftstamp ,ousrdata, ousrhora, usrdata,usrhora,ousrinis,usrinis) values ('aut672a509173672a59699a','aut672a544879672a596976' ,getdate(),convert(char(8),convert (time,getdate())),getdate(),convert(char(8),convert (time,getdate())),'wsv','wsv')
20241105@174409.6366 d9ghlpas3k34jf5s229h2ko63j Query : select 1 valor from information_schema.tables where table_type='base table' and table_name='wstablefields'
20241105@174409.6381 d9ghlpas3k34jf5s229h2ko63j Query : select fieldkey,fieldname,fieldtype,calcformula from wstablefields where tablename = 'fi' and documentnumber = 39
20241105@174409.6409 d9ghlpas3k34jf5s229h2ko63j Query : insert into wsfidata (fistamp,ousrdata, ousrhora, usrdata,usrhora,ousrinis,usrinis ,qtt ,ftstamp ,epv,pvmoeda ,tabiva,iva,lordem ,ref, design ,lote,armazem,bistamp ) values ('aut672a509173672a59699a',getdate(),convert(char(8),convert (time,getdate())),getdate(),convert(char(8),convert (time,getdate())),'wsv','wsv',3.000 ,'aut672a544879672a596976' ,0,0 ,2,23.00,10000,?,?,?,?,?)
20241105@174409.6680 d9ghlpas3k34jf5s229h2ko63j Query : select 1 valor from information_schema.tables where table_type='base table' and table_name='wstablefields'
20241105@174409.6698 d9ghlpas3k34jf5s229h2ko63j Query : select fieldkey,fieldname,fieldtype,mandatory from wstablefields where tablename = 'fi' and documentnumber = 39
20241105@174409.6721 d9ghlpas3k34jf5s229h2ko63j Query : select 1 valor from information_schema.tables where table_type='base table' and table_name='wstablefields'
20241105@174409.6735 d9ghlpas3k34jf5s229h2ko63j Query : select fieldkey,fieldname,fieldtype,mandatory from wstablefields where tablename = 'fi2' and documentnumber = 39
20241105@174409.6744 d9ghlpas3k34jf5s229h2ko63j Query : select top 1 convert(numeric(6,2),t.taxa) valor from taxasiva t where t.codigo='2'
20241105@174409.6756 d9ghlpas3k34jf5s229h2ko63j Query : select 1 valor from information_schema.tables where table_type='base table' and table_name='wstablefields'
20241105@174409.6771 d9ghlpas3k34jf5s229h2ko63j Query : select fieldkey,fieldname,fieldtype,calcformula from wstablefields where tablename = 'fi2' and documentnumber = 39
20241105@174409.6782 d9ghlpas3k34jf5s229h2ko63j Query : insert into wsfi2data (fi2stamp,ftstamp ,ousrdata, ousrhora, usrdata,usrhora,ousrinis,usrinis) values ('aut672a511109672a5969a4','aut672a544879672a596976' ,getdate(),convert(char(8),convert (time,getdate())),getdate(),convert(char(8),convert (time,getdate())),'wsv','wsv')
20241105@174409.6787 d9ghlpas3k34jf5s229h2ko63j Query : select 1 valor from information_schema.tables where table_type='base table' and table_name='wstablefields'
20241105@174409.6801 d9ghlpas3k34jf5s229h2ko63j Query : select fieldkey,fieldname,fieldtype,calcformula from wstablefields where tablename = 'fi' and documentnumber = 39
20241105@174409.6829 d9ghlpas3k34jf5s229h2ko63j Query : insert into wsfidata (fistamp,ousrdata, ousrhora, usrdata,usrhora,ousrinis,usrinis ,qtt ,ftstamp ,epv,pvmoeda ,tabiva,iva,lordem ,ref, design ,armazem) values ('aut672a511109672a5969a4',getdate(),convert(char(8),convert (time,getdate())),getdate(),convert(char(8),convert (time,getdate())),'wsv','wsv',0 ,'aut672a544879672a596976' ,0,0 ,2,23.00,20000,?,?,?)
20241105@174409.7090 d9ghlpas3k34jf5s229h2ko63j Query : use flama_phc
20241105@174409.7093 d9ghlpas3k34jf5s229h2ko63j Query : select st.usalote valor from st where st.ref = '324.692.00.01'
20241105@174409.7113 d9ghlpas3k34jf5s229h2ko63j Query : select top 1 st.tabiva ,st.ivaincl ,st.stns ,st.uni2 ,st.familia ,isnull(tx.taxa, 0) txiva ,unidade ,usalote ,epcpond ,noserie ,conversao ,st.texteis from st left join taxasiva tx on st.tabiva = tx.codigo where st.ref = '324.692.00.01'
20241105@174409.7255 d9ghlpas3k34jf5s229h2ko63j Query : select 1 valor from information_schema.tables where table_type='base table' and table_name='wstablefields'
20241105@174409.7271 d9ghlpas3k34jf5s229h2ko63j Query : select fieldkey,fieldname,fieldtype,mandatory from wstablefields where tablename = 'fi' and documentnumber = 39
20241105@174409.7308 d9ghlpas3k34jf5s229h2ko63j Query : select 1 valor from information_schema.tables where table_type='base table' and table_name='wstablefields'
20241105@174409.7321 d9ghlpas3k34jf5s229h2ko63j Query : select fieldkey,fieldname,fieldtype,mandatory from wstablefields where tablename = 'fi2' and documentnumber = 39
20241105@174409.7330 d9ghlpas3k34jf5s229h2ko63j Query : select top 1 convert(numeric(6,2),t.taxa) valor from taxasiva t where t.codigo='2'
20241105@174409.7342 d9ghlpas3k34jf5s229h2ko63j Query : select sestamp valor from se where ref ='324.692.00.01' and lote = 'r2400210100a'
20241105@174409.7355 d9ghlpas3k34jf5s229h2ko63j Query : select 1 valor from information_schema.tables where table_type='base table' and table_name='wstablefields'
20241105@174409.7369 d9ghlpas3k34jf5s229h2ko63j Query : select fieldkey,fieldname,fieldtype,calcformula from wstablefields where tablename = 'fi2' and documentnumber = 39
20241105@174409.7381 d9ghlpas3k34jf5s229h2ko63j Query : insert into wsfi2data (fi2stamp,ftstamp ,ousrdata, ousrhora, usrdata,usrhora,ousrinis,usrinis) values ('aut672a564566672a5969b3','aut672a544879672a596976' ,getdate(),convert(char(8),convert (time,getdate())),getdate(),convert(char(8),convert (time,getdate())),'wsv','wsv')
20241105@174409.7385 d9ghlpas3k34jf5s229h2ko63j Query : select 1 valor from information_schema.tables where table_type='base table' and table_name='wstablefields'
20241105@174409.7399 d9ghlpas3k34jf5s229h2ko63j Query : select fieldkey,fieldname,fieldtype,calcformula from wstablefields where tablename = 'fi' and documentnumber = 39
20241105@174409.7426 d9ghlpas3k34jf5s229h2ko63j Query : insert into wsfidata (fistamp,ousrdata, ousrhora, usrdata,usrhora,ousrinis,usrinis ,qtt ,ftstamp ,epv,pvmoeda ,tabiva,iva,lordem ,ref, design ,lote,armazem,bistamp ) values ('aut672a564566672a5969b3',getdate(),convert(char(8),convert (time,getdate())),getdate(),convert(char(8),convert (time,getdate())),'wsv','wsv',6.000 ,'aut672a544879672a596976' ,0,0 ,2,23.00,40000,?,?,?,?,?)
20241105@174409.7844 d9ghlpas3k34jf5s229h2ko63j Query : select 1 valor from information_schema.tables where table_type='base table' and table_name='wstablefields'
20241105@174409.7861 d9ghlpas3k34jf5s229h2ko63j Query : select fieldkey,fieldname,fieldtype,mandatory from wstablefields where tablename = 'fi' and documentnumber = 39
20241105@174409.7919 d9ghlpas3k34jf5s229h2ko63j Query : select 1 valor from information_schema.tables where table_type='base table' and table_name='wstablefields'
20241105@174409.7938 d9ghlpas3k34jf5s229h2ko63j Query : select fieldkey,fieldname,fieldtype,mandatory from wstablefields where tablename = 'fi2' and documentnumber = 39
20241105@174409.7957 d9ghlpas3k34jf5s229h2ko63j Query : select top 1 convert(numeric(6,2),t.taxa) valor from taxasiva t where t.codigo='2'
20241105@174409.7973 d9ghlpas3k34jf5s229h2ko63j Query : select 1 valor from information_schema.tables where table_type='base table' and table_name='wstablefields'
20241105@174409.7989 d9ghlpas3k34jf5s229h2ko63j Query : select fieldkey,fieldname,fieldtype,calcformula from wstablefields where tablename = 'fi2' and documentnumber = 39
20241105@174409.8001 d9ghlpas3k34jf5s229h2ko63j Query : insert into wsfi2data (fi2stamp,ftstamp ,ousrdata, ousrhora, usrdata,usrhora,ousrinis,usrinis) values ('aut672a561744672a5969c2','aut672a544879672a596976' ,getdate(),convert(char(8),convert (time,getdate())),getdate(),convert(char(8),convert (time,getdate())),'wsv','wsv')
20241105@174409.8006 d9ghlpas3k34jf5s229h2ko63j Query : select 1 valor from information_schema.tables where table_type='base table' and table_name='wstablefields'
20241105@174409.8021 d9ghlpas3k34jf5s229h2ko63j Query : select fieldkey,fieldname,fieldtype,calcformula from wstablefields where tablename = 'fi' and documentnumber = 39
20241105@174409.8054 d9ghlpas3k34jf5s229h2ko63j Query : insert into wsfidata (fistamp,ousrdata, ousrhora, usrdata,usrhora,ousrinis,usrinis ,qtt ,ftstamp ,epv,pvmoeda ,tabiva,iva,lordem ,ref, design ,armazem) values ('aut672a561744672a5969c2',getdate(),convert(char(8),convert (time,getdate())),getdate(),convert(char(8),convert (time,getdate())),'wsv','wsv',0 ,'aut672a544879672a596976' ,0,0 ,2,23.00,50000,?,?,?)
20241105@174409.8338 d9ghlpas3k34jf5s229h2ko63j Query : use flama_phc
20241105@174409.8342 d9ghlpas3k34jf5s229h2ko63j Query : select st.usalote valor from st where st.ref = '324.692.00.01'
20241105@174409.8361 d9ghlpas3k34jf5s229h2ko63j Query : select top 1 st.tabiva ,st.ivaincl ,st.stns ,st.uni2 ,st.familia ,isnull(tx.taxa, 0) txiva ,unidade ,usalote ,epcpond ,noserie ,conversao ,st.texteis from st left join taxasiva tx on st.tabiva = tx.codigo where st.ref = '324.692.00.01'
20241105@174409.8441 d9ghlpas3k34jf5s229h2ko63j Query : select 1 valor from information_schema.tables where table_type='base table' and table_name='wstablefields'
20241105@174409.8457 d9ghlpas3k34jf5s229h2ko63j Query : select fieldkey,fieldname,fieldtype,mandatory from wstablefields where tablename = 'fi' and documentnumber = 39
20241105@174409.8482 d9ghlpas3k34jf5s229h2ko63j Query : select 1 valor from information_schema.tables where table_type='base table' and table_name='wstablefields'
20241105@174409.8497 d9ghlpas3k34jf5s229h2ko63j Query : select fieldkey,fieldname,fieldtype,mandatory from wstablefields where tablename = 'fi2' and documentnumber = 39
20241105@174409.8505 d9ghlpas3k34jf5s229h2ko63j Query : select top 1 convert(numeric(6,2),t.taxa) valor from taxasiva t where t.codigo='2'
20241105@174409.8517 d9ghlpas3k34jf5s229h2ko63j Query : select sestamp valor from se where ref ='324.692.00.01' and lote = 'r2400210100a'
20241105@174409.8529 d9ghlpas3k34jf5s229h2ko63j Query : select 1 valor from information_schema.tables where table_type='base table' and table_name='wstablefields'
20241105@174409.8544 d9ghlpas3k34jf5s229h2ko63j Query : select fieldkey,fieldname,fieldtype,calcformula from wstablefields where tablename = 'fi2' and documentnumber = 39
20241105@174409.8556 d9ghlpas3k34jf5s229h2ko63j Query : insert into wsfi2data (fi2stamp,ftstamp ,ousrdata, ousrhora, usrdata,usrhora,ousrinis,usrinis) values ('aut672a573469672a5969d0','aut672a544879672a596976' ,getdate(),convert(char(8),convert (time,getdate())),getdate(),convert(char(8),convert (time,getdate())),'wsv','wsv')
20241105@174409.8560 d9ghlpas3k34jf5s229h2ko63j Query : select 1 valor from information_schema.tables where table_type='base table' and table_name='wstablefields'
20241105@174409.8576 d9ghlpas3k34jf5s229h2ko63j Query : select fieldkey,fieldname,fieldtype,calcformula from wstablefields where tablename = 'fi' and documentnumber = 39
20241105@174409.8603 d9ghlpas3k34jf5s229h2ko63j Query : insert into wsfidata (fistamp,ousrdata, ousrhora, usrdata,usrhora,ousrinis,usrinis ,qtt ,ftstamp ,epv,pvmoeda ,tabiva,iva,lordem ,ref, design ,lote,armazem,bistamp ) values ('aut672a573469672a5969d0',getdate(),convert(char(8),convert (time,getdate())),getdate(),convert(char(8),convert (time,getdate())),'wsv','wsv',2.000 ,'aut672a544879672a596976' ,0,0 ,2,23.00,70000,?,?,?,?,?)
20241105@174409.9051 d9ghlpas3k34jf5s229h2ko63j Query : select 1 valor from information_schema.tables where table_type='base table' and table_name='wstablefields'
20241105@174409.9067 d9ghlpas3k34jf5s229h2ko63j Query : select fieldkey,fieldname,fieldtype,mandatory from wstablefields where tablename = 'fi' and documentnumber = 39
20241105@174409.9116 d9ghlpas3k34jf5s229h2ko63j Query : select 1 valor from information_schema.tables where table_type='base table' and table_name='wstablefields'
20241105@174409.9133 d9ghlpas3k34jf5s229h2ko63j Query : select fieldkey,fieldname,fieldtype,mandatory from wstablefields where tablename = 'fi2' and documentnumber = 39
20241105@174409.9142 d9ghlpas3k34jf5s229h2ko63j Query : select top 1 convert(numeric(6,2),t.taxa) valor from taxasiva t where t.codigo='2'
20241105@174409.9163 d9ghlpas3k34jf5s229h2ko63j Query : select 1 valor from information_schema.tables where table_type='base table' and table_name='wstablefields'
20241105@174409.9178 d9ghlpas3k34jf5s229h2ko63j Query : select fieldkey,fieldname,fieldtype,calcformula from wstablefields where tablename = 'fi2' and documentnumber = 39
20241105@174409.9190 d9ghlpas3k34jf5s229h2ko63j Query : insert into wsfi2data (fi2stamp,ftstamp ,ousrdata, ousrhora, usrdata,usrhora,ousrinis,usrinis) values ('aut672a581859672a5969df','aut672a544879672a596976' ,getdate(),convert(char(8),convert (time,getdate())),getdate(),convert(char(8),convert (time,getdate())),'wsv','wsv')
20241105@174409.9203 d9ghlpas3k34jf5s229h2ko63j Query : select 1 valor from information_schema.tables where table_type='base table' and table_name='wstablefields'
20241105@174409.9218 d9ghlpas3k34jf5s229h2ko63j Query : select fieldkey,fieldname,fieldtype,calcformula from wstablefields where tablename = 'fi' and documentnumber = 39
20241105@174409.9277 d9ghlpas3k34jf5s229h2ko63j Query : insert into wsfidata (fistamp,ousrdata, ousrhora, usrdata,usrhora,ousrinis,usrinis ,qtt ,ftstamp ,epv,pvmoeda ,tabiva,iva,lordem ,ref, design ,armazem) values ('aut672a581859672a5969df',getdate(),convert(char(8),convert (time,getdate())),getdate(),convert(char(8),convert (time,getdate())),'wsv','wsv',0 ,'aut672a544879672a596976' ,0,0 ,2,23.00,80000,?,?,?)
20241105@174409.9561 d9ghlpas3k34jf5s229h2ko63j Query : use flama_phc
20241105@174409.9564 d9ghlpas3k34jf5s229h2ko63j Query : select st.usalote valor from st where st.ref = '324.966.00.01'
20241105@174409.9601 d9ghlpas3k34jf5s229h2ko63j Query : select top 1 st.tabiva ,st.ivaincl ,st.stns ,st.uni2 ,st.familia ,isnull(tx.taxa, 0) txiva ,unidade ,usalote ,epcpond ,noserie ,conversao ,st.texteis from st left join taxasiva tx on st.tabiva = tx.codigo where st.ref = '324.966.00.01'
20241105@174409.9615 d9ghlpas3k34jf5s229h2ko63j Query : select 1 valor from information_schema.tables where table_type='base table' and table_name='wstablefields'
20241105@174409.9631 d9ghlpas3k34jf5s229h2ko63j Query : select fieldkey,fieldname,fieldtype,mandatory from wstablefields where tablename = 'fi' and documentnumber = 39
20241105@174409.9657 d9ghlpas3k34jf5s229h2ko63j Query : select 1 valor from information_schema.tables where table_type='base table' and table_name='wstablefields'
20241105@174409.9670 d9ghlpas3k34jf5s229h2ko63j Query : select fieldkey,fieldname,fieldtype,mandatory from wstablefields where tablename = 'fi2' and documentnumber = 39
20241105@174409.9679 d9ghlpas3k34jf5s229h2ko63j Query : select top 1 convert(numeric(6,2),t.taxa) valor from taxasiva t where t.codigo='2'
20241105@174409.9690 d9ghlpas3k34jf5s229h2ko63j Query : select sestamp valor from se where ref ='324.966.00.01' and lote = 'r2400743200a'
20241105@174409.9703 d9ghlpas3k34jf5s229h2ko63j Query : select 1 valor from information_schema.tables where table_type='base table' and table_name='wstablefields'
20241105@174409.9716 d9ghlpas3k34jf5s229h2ko63j Query : select fieldkey,fieldname,fieldtype,calcformula from wstablefields where tablename = 'fi2' and documentnumber = 39
20241105@174409.9727 d9ghlpas3k34jf5s229h2ko63j Query : insert into wsfi2data (fi2stamp,ftstamp ,ousrdata, ousrhora, usrdata,usrhora,ousrinis,usrinis) values ('aut672a561585672a5969ec','aut672a544879672a596976' ,getdate(),convert(char(8),convert (time,getdate())),getdate(),convert(char(8),convert (time,getdate())),'wsv','wsv')
20241105@174409.9731 d9ghlpas3k34jf5s229h2ko63j Query : select 1 valor from information_schema.tables where table_type='base table' and table_name='wstablefields'
20241105@174409.9745 d9ghlpas3k34jf5s229h2ko63j Query : select fieldkey,fieldname,fieldtype,calcformula from wstablefields where tablename = 'fi' and documentnumber = 39
20241105@174409.9793 d9ghlpas3k34jf5s229h2ko63j Query : insert into wsfidata (fistamp,ousrdata, ousrhora, usrdata,usrhora,ousrinis,usrinis ,qtt ,ftstamp ,epv,pvmoeda ,tabiva,iva,lordem ,ref, design ,lote,armazem,bistamp ) values ('aut672a561585672a5969ec',getdate(),convert(char(8),convert (time,getdate())),getdate(),convert(char(8),convert (time,getdate())),'wsv','wsv',4.000 ,'aut672a544879672a596976' ,0,0 ,2,23.00,100000,?,?,?,?,?)
20241105@174410.6100 d9ghlpas3k34jf5s229h2ko63j Query : use flama_phc
20241105@174410.6300 d9ghlpas3k34jf5s229h2ko63j Query : select st.usalote valor from st where st.ref = '324.682.00.01'
20241105@174410.8300 d9ghlpas3k34jf5s229h2ko63j Query : select top 1 st.tabiva ,st.ivaincl ,st.stns ,st.uni2 ,st.familia ,isnull(tx.taxa, 0) txiva ,unidade ,usalote ,epcpond ,noserie ,conversao ,st.texteis from st left join taxasiva tx on st.tabiva = tx.codigo where st.ref = '324.682.00.01'
20241105@174410.2360 d9ghlpas3k34jf5s229h2ko63j Query : select 1 valor from information_schema.tables where table_type='base table' and table_name='wstablefields'
20241105@174410.2510 d9ghlpas3k34jf5s229h2ko63j Query : select fieldkey,fieldname,fieldtype,mandatory from wstablefields where tablename = 'fi' and documentnumber = 39
20241105@174410.2750 d9ghlpas3k34jf5s229h2ko63j Query : select 1 valor from information_schema.tables where table_type='base table' and table_name='wstablefields'
20241105@174410.2890 d9ghlpas3k34jf5s229h2ko63j Query : select fieldkey,fieldname,fieldtype,mandatory from wstablefields where tablename = 'fi2' and documentnumber = 39
20241105@174410.2970 d9ghlpas3k34jf5s229h2ko63j Query : select top 1 convert(numeric(6,2),t.taxa) valor from taxasiva t where t.codigo='2'
20241105@174410.5870 d9ghlpas3k34jf5s229h2ko63j Query : select sestamp valor from se where ref ='324.682.00.01' and lote = 'r2400221200a'
20241105@174410.6020 d9ghlpas3k34jf5s229h2ko63j Query : select 1 valor from information_schema.tables where table_type='base table' and table_name='wstablefields'
20241105@174410.6170 d9ghlpas3k34jf5s229h2ko63j Query : select fieldkey,fieldname,fieldtype,calcformula from wstablefields where tablename = 'fi2' and documentnumber = 39
20241105@174410.6280 d9ghlpas3k34jf5s229h2ko63j Query : insert into wsfi2data (fi2stamp,ftstamp ,ousrdata, ousrhora, usrdata,usrhora,ousrinis,usrinis) values ('aut672a548229672a596a0e','aut672a544879672a596976' ,getdate(),convert(char(8),convert (time,getdate())),getdate(),convert(char(8),convert (time,getdate())),'wsv','wsv')
20241105@174410.6340 d9ghlpas3k34jf5s229h2ko63j Query : select 1 valor from information_schema.tables where table_type='base table' and table_name='wstablefields'
20241105@174410.6480 d9ghlpas3k34jf5s229h2ko63j Query : select fieldkey,fieldname,fieldtype,calcformula from wstablefields where tablename = 'fi' and documentnumber = 39
20241105@174410.6780 d9ghlpas3k34jf5s229h2ko63j Query : insert into wsfidata (fistamp,ousrdata, ousrhora, usrdata,usrhora,ousrinis,usrinis ,qtt ,ftstamp ,epv,pvmoeda ,tabiva,iva,lordem ,ref, design ,lote,armazem,bistamp ) values ('aut672a548229672a596a0e',getdate(),convert(char(8),convert (time,getdate())),getdate(),convert(char(8),convert (time,getdate())),'wsv','wsv',2.000 ,'aut672a544879672a596976' ,0,0 ,2,23.00,110000,?,?,?,?,?)
20241105@174410.9430 d9ghlpas3k34jf5s229h2ko63j Query : select 1 valor from information_schema.tables where table_type='base table' and table_name='wstablefields'
20241105@174410.9590 d9ghlpas3k34jf5s229h2ko63j Query : select fieldkey,fieldname,fieldtype,mandatory from wstablefields where tablename = 'fi' and documentnumber = 39
20241105@174410.9830 d9ghlpas3k34jf5s229h2ko63j Query : select 1 valor from information_schema.tables where table_type='base table' and table_name='wstablefields'
20241105@174410.9970 d9ghlpas3k34jf5s229h2ko63j Query : select fieldkey,fieldname,fieldtype,mandatory from wstablefields where tablename = 'fi2' and documentnumber = 39
20241105@174410.1005 d9ghlpas3k34jf5s229h2ko63j Query : select top 1 convert(numeric(6,2),t.taxa) valor from taxasiva t where t.codigo='2'
20241105@174410.1017 d9ghlpas3k34jf5s229h2ko63j Query : select 1 valor from information_schema.tables where table_type='base table' and table_name='wstablefields'
20241105@174410.1031 d9ghlpas3k34jf5s229h2ko63j Query : select fieldkey,fieldname,fieldtype,calcformula from wstablefields where tablename = 'fi2' and documentnumber = 39
20241105@174410.1042 d9ghlpas3k34jf5s229h2ko63j Query : insert into wsfi2data (fi2stamp,ftstamp ,ousrdata, ousrhora, usrdata,usrhora,ousrinis,usrinis) values ('aut672a518329672a596a18','aut672a544879672a596976' ,getdate(),convert(char(8),convert (time,getdate())),getdate(),convert(char(8),convert (time,getdate())),'wsv','wsv')
20241105@174410.1046 d9ghlpas3k34jf5s229h2ko63j Query : select 1 valor from information_schema.tables where table_type='base table' and table_name='wstablefields'
20241105@174410.1060 d9ghlpas3k34jf5s229h2ko63j Query : select fieldkey,fieldname,fieldtype,calcformula from wstablefields where tablename = 'fi' and documentnumber = 39
20241105@174410.1086 d9ghlpas3k34jf5s229h2ko63j Query : insert into wsfidata (fistamp,ousrdata, ousrhora, usrdata,usrhora,ousrinis,usrinis ,qtt ,ftstamp ,epv,pvmoeda ,tabiva,iva,lordem ,ref, design ,armazem) values ('aut672a518329672a596a18',getdate(),convert(char(8),convert (time,getdate())),getdate(),convert(char(8),convert (time,getdate())),'wsv','wsv',0 ,'aut672a544879672a596976' ,0,0 ,2,23.00,120000,?,?,?)
20241105@174410.1350 d9ghlpas3k34jf5s229h2ko63j Query : use flama_phc
20241105@174410.1353 d9ghlpas3k34jf5s229h2ko63j Query : select st.usalote valor from st where st.ref = '324.736.00.01'
20241105@174410.1372 d9ghlpas3k34jf5s229h2ko63j Query : select top 1 st.tabiva ,st.ivaincl ,st.stns ,st.uni2 ,st.familia ,isnull(tx.taxa, 0) txiva ,unidade ,usalote ,epcpond ,noserie ,conversao ,st.texteis from st left join taxasiva tx on st.tabiva = tx.codigo where st.ref = '324.736.00.01'
20241105@174410.1510 d9ghlpas3k34jf5s229h2ko63j Query : select 1 valor from information_schema.tables where table_type='base table' and table_name='wstablefields'
20241105@174410.1526 d9ghlpas3k34jf5s229h2ko63j Query : select fieldkey,fieldname,fieldtype,mandatory from wstablefields where tablename = 'fi' and documentnumber = 39
20241105@174410.1551 d9ghlpas3k34jf5s229h2ko63j Query : select 1 valor from information_schema.tables where table_type='base table' and table_name='wstablefields'
20241105@174410.1564 d9ghlpas3k34jf5s229h2ko63j Query : select fieldkey,fieldname,fieldtype,mandatory from wstablefields where tablename = 'fi2' and documentnumber = 39
20241105@174410.1572 d9ghlpas3k34jf5s229h2ko63j Query : select top 1 convert(numeric(6,2),t.taxa) valor from taxasiva t where t.codigo='2'
20241105@174410.1584 d9ghlpas3k34jf5s229h2ko63j Query : select sestamp valor from se where ref ='324.736.00.01' and lote = 'r2400239300a'
20241105@174410.1597 d9ghlpas3k34jf5s229h2ko63j Query : select 1 valor from information_schema.tables where table_type='base table' and table_name='wstablefields'
20241105@174410.1611 d9ghlpas3k34jf5s229h2ko63j Query : select fieldkey,fieldname,fieldtype,calcformula from wstablefields where tablename = 'fi2' and documentnumber = 39
20241105@174410.1623 d9ghlpas3k34jf5s229h2ko63j Query : insert into wsfi2data (fi2stamp,ftstamp ,ousrdata, ousrhora, usrdata,usrhora,ousrinis,usrinis) values ('aut672a541450672a596a27','aut672a544879672a596976' ,getdate(),convert(char(8),convert (time,getdate())),getdate(),convert(char(8),convert (time,getdate())),'wsv','wsv')
20241105@174410.1627 d9ghlpas3k34jf5s229h2ko63j Query : select 1 valor from information_schema.tables where table_type='base table' and table_name='wstablefields'
20241105@174410.1642 d9ghlpas3k34jf5s229h2ko63j Query : select fieldkey,fieldname,fieldtype,calcformula from wstablefields where tablename = 'fi' and documentnumber = 39
20241105@174410.1681 d9ghlpas3k34jf5s229h2ko63j Query : insert into wsfidata (fistamp,ousrdata, ousrhora, usrdata,usrhora,ousrinis,usrinis ,qtt ,ftstamp ,epv,pvmoeda ,tabiva,iva,lordem ,ref, design ,lote,armazem,bistamp ) values ('aut672a541450672a596a27',getdate(),convert(char(8),convert (time,getdate())),getdate(),convert(char(8),convert (time,getdate())),'wsv','wsv',4.000 ,'aut672a544879672a596976' ,0,0 ,2,23.00,140000,?,?,?,?,?)
20241105@174410.1946 d9ghlpas3k34jf5s229h2ko63j Query : use flama_phc
20241105@174410.1949 d9ghlpas3k34jf5s229h2ko63j Query : select st.usalote valor from st where st.ref = '324.4988.00.1'
20241105@174410.1968 d9ghlpas3k34jf5s229h2ko63j Query : select top 1 st.tabiva ,st.ivaincl ,st.stns ,st.uni2 ,st.familia ,isnull(tx.taxa, 0) txiva ,unidade ,usalote ,epcpond ,noserie ,conversao ,st.texteis from st left join taxasiva tx on st.tabiva = tx.codigo where st.ref = '324.4988.00.1'
20241105@174410.2115 d9ghlpas3k34jf5s229h2ko63j Query : select 1 valor from information_schema.tables where table_type='base table' and table_name='wstablefields'
20241105@174410.2133 d9ghlpas3k34jf5s229h2ko63j Query : select fieldkey,fieldname,fieldtype,mandatory from wstablefields where tablename = 'fi' and documentnumber = 39
20241105@174410.2165 d9ghlpas3k34jf5s229h2ko63j Query : select 1 valor from information_schema.tables where table_type='base table' and table_name='wstablefields'
20241105@174410.2187 d9ghlpas3k34jf5s229h2ko63j Query : select fieldkey,fieldname,fieldtype,mandatory from wstablefields where tablename = 'fi2' and documentnumber = 39
20241105@174410.2197 d9ghlpas3k34jf5s229h2ko63j Query : select top 1 convert(numeric(6,2),t.taxa) valor from taxasiva t where t.codigo='2'
20241105@174410.2209 d9ghlpas3k34jf5s229h2ko63j Query : select sestamp valor from se where ref ='324.4988.00.1' and lote = 'r2100754100a'
20241105@174410.2223 d9ghlpas3k34jf5s229h2ko63j Query : select 1 valor from information_schema.tables where table_type='base table' and table_name='wstablefields'
20241105@174410.2238 d9ghlpas3k34jf5s229h2ko63j Query : select fieldkey,fieldname,fieldtype,calcformula from wstablefields where tablename = 'fi2' and documentnumber = 39
20241105@174410.2251 d9ghlpas3k34jf5s229h2ko63j Query : insert into wsfi2data (fi2stamp,ftstamp ,ousrdata, ousrhora, usrdata,usrhora,ousrinis,usrinis) values ('aut672a523356672a596a36','aut672a544879672a596976' ,getdate(),convert(char(8),convert (time,getdate())),getdate(),convert(char(8),convert (time,getdate())),'wsv','wsv')
20241105@174410.2255 d9ghlpas3k34jf5s229h2ko63j Query : select 1 valor from information_schema.tables where table_type='base table' and table_name='wstablefields'
20241105@174410.2269 d9ghlpas3k34jf5s229h2ko63j Query : select fieldkey,fieldname,fieldtype,calcformula from wstablefields where tablename = 'fi' and documentnumber = 39
20241105@174410.2333 d9ghlpas3k34jf5s229h2ko63j Query : insert into wsfidata (fistamp,ousrdata, ousrhora, usrdata,usrhora,ousrinis,usrinis ,qtt ,ftstamp ,epv,pvmoeda ,tabiva,iva,lordem ,ref, design ,lote,armazem,bistamp ) values ('aut672a523356672a596a36',getdate(),convert(char(8),convert (time,getdate())),getdate(),convert(char(8),convert (time,getdate())),'wsv','wsv',4.000 ,'aut672a544879672a596976' ,0,0 ,2,23.00,150000,?,?,?,?,?)
20241105@174410.2602 d9ghlpas3k34jf5s229h2ko63j Query : use flama_phc
20241105@174410.2605 d9ghlpas3k34jf5s229h2ko63j Query : select st.usalote valor from st where st.ref = '324.657.00.01'
20241105@174410.2630 d9ghlpas3k34jf5s229h2ko63j Query : select top 1 st.tabiva ,st.ivaincl ,st.stns ,st.uni2 ,st.familia ,isnull(tx.taxa, 0) txiva ,unidade ,usalote ,epcpond ,noserie ,conversao ,st.texteis from st left join taxasiva tx on st.tabiva = tx.codigo where st.ref = '324.657.00.01'
20241105@174410.2781 d9ghlpas3k34jf5s229h2ko63j Query : select 1 valor from information_schema.tables where table_type='base table' and table_name='wstablefields'
20241105@174410.2798 d9ghlpas3k34jf5s229h2ko63j Query : select fieldkey,fieldname,fieldtype,mandatory from wstablefields where tablename = 'fi' and documentnumber = 39
20241105@174410.2824 d9ghlpas3k34jf5s229h2ko63j Query : select 1 valor from information_schema.tables where table_type='base table' and table_name='wstablefields'
20241105@174410.2838 d9ghlpas3k34jf5s229h2ko63j Query : select fieldkey,fieldname,fieldtype,mandatory from wstablefields where tablename = 'fi2' and documentnumber = 39
20241105@174410.2847 d9ghlpas3k34jf5s229h2ko63j Query : select top 1 convert(numeric(6,2),t.taxa) valor from taxasiva t where t.codigo='2'
20241105@174410.2859 d9ghlpas3k34jf5s229h2ko63j Query : select sestamp valor from se where ref ='324.657.00.01' and lote = 'r2400220100a'
20241105@174410.2872 d9ghlpas3k34jf5s229h2ko63j Query : select 1 valor from information_schema.tables where table_type='base table' and table_name='wstablefields'
20241105@174410.2886 d9ghlpas3k34jf5s229h2ko63j Query : select fieldkey,fieldname,fieldtype,calcformula from wstablefields where tablename = 'fi2' and documentnumber = 39
20241105@174410.2898 d9ghlpas3k34jf5s229h2ko63j Query : insert into wsfi2data (fi2stamp,ftstamp ,ousrdata, ousrhora, usrdata,usrhora,ousrinis,usrinis) values ('aut672a567923672a596a46','aut672a544879672a596976' ,getdate(),convert(char(8),convert (time,getdate())),getdate(),convert(char(8),convert (time,getdate())),'wsv','wsv')
20241105@174410.2902 d9ghlpas3k34jf5s229h2ko63j Query : select 1 valor from information_schema.tables where table_type='base table' and table_name='wstablefields'
20241105@174410.2915 d9ghlpas3k34jf5s229h2ko63j Query : select fieldkey,fieldname,fieldtype,calcformula from wstablefields where tablename = 'fi' and documentnumber = 39
20241105@174410.2944 d9ghlpas3k34jf5s229h2ko63j Query : insert into wsfidata (fistamp,ousrdata, ousrhora, usrdata,usrhora,ousrinis,usrinis ,qtt ,ftstamp ,epv,pvmoeda ,tabiva,iva,lordem ,ref, design ,lote,armazem,bistamp ) values ('aut672a567923672a596a46',getdate(),convert(char(8),convert (time,getdate())),getdate(),convert(char(8),convert (time,getdate())),'wsv','wsv',1.000 ,'aut672a544879672a596976' ,0,0 ,2,23.00,160000,?,?,?,?,?)
20241105@174410.3205 d9ghlpas3k34jf5s229h2ko63j Query : select 1 valor from information_schema.tables where table_type='base table' and table_name='wstablefields'
20241105@174410.3221 d9ghlpas3k34jf5s229h2ko63j Query : select fieldkey,fieldname,fieldtype,mandatory from wstablefields where tablename = 'fi' and documentnumber = 39
20241105@174410.3246 d9ghlpas3k34jf5s229h2ko63j Query : select 1 valor from information_schema.tables where table_type='base table' and table_name='wstablefields'
20241105@174410.3262 d9ghlpas3k34jf5s229h2ko63j Query : select fieldkey,fieldname,fieldtype,mandatory from wstablefields where tablename = 'fi2' and documentnumber = 39
20241105@174410.3271 d9ghlpas3k34jf5s229h2ko63j Query : select top 1 convert(numeric(6,2),t.taxa) valor from taxasiva t where t.codigo='2'
20241105@174410.3284 d9ghlpas3k34jf5s229h2ko63j Query : select 1 valor from information_schema.tables where table_type='base table' and table_name='wstablefields'
20241105@174410.3300 d9ghlpas3k34jf5s229h2ko63j Query : select fieldkey,fieldname,fieldtype,calcformula from wstablefields where tablename = 'fi2' and documentnumber = 39
20241105@174410.3311 d9ghlpas3k34jf5s229h2ko63j Query : insert into wsfi2data (fi2stamp,ftstamp ,ousrdata, ousrhora, usrdata,usrhora,ousrinis,usrinis) values ('aut672a597094672a596a50','aut672a544879672a596976' ,getdate(),convert(char(8),convert (time,getdate())),getdate(),convert(char(8),convert (time,getdate())),'wsv','wsv')
20241105@174410.3315 d9ghlpas3k34jf5s229h2ko63j Query : select 1 valor from information_schema.tables where table_type='base table' and table_name='wstablefields'
20241105@174410.3329 d9ghlpas3k34jf5s229h2ko63j Query : select fieldkey,fieldname,fieldtype,calcformula from wstablefields where tablename = 'fi' and documentnumber = 39
20241105@174410.3358 d9ghlpas3k34jf5s229h2ko63j Query : insert into wsfidata (fistamp,ousrdata, ousrhora, usrdata,usrhora,ousrinis,usrinis ,qtt ,ftstamp ,epv,pvmoeda ,tabiva,iva,lordem ,ref, design ,armazem) values ('aut672a597094672a596a50',getdate(),convert(char(8),convert (time,getdate())),getdate(),convert(char(8),convert (time,getdate())),'wsv','wsv',0 ,'aut672a544879672a596976' ,0,0 ,2,23.00,170000,?,?,?)
20241105@174410.3645 d9ghlpas3k34jf5s229h2ko63j Query : use flama_phc
20241105@174410.3648 d9ghlpas3k34jf5s229h2ko63j Query : select st.usalote valor from st where st.ref = '324.649.00.01'
20241105@174410.3668 d9ghlpas3k34jf5s229h2ko63j Query : select top 1 st.tabiva ,st.ivaincl ,st.stns ,st.uni2 ,st.familia ,isnull(tx.taxa, 0) txiva ,unidade ,usalote ,epcpond ,noserie ,conversao ,st.texteis from st left join taxasiva tx on st.tabiva = tx.codigo where st.ref = '324.649.00.01'
20241105@174410.3817 d9ghlpas3k34jf5s229h2ko63j Query : select 1 valor from information_schema.tables where table_type='base table' and table_name='wstablefields'
20241105@174410.3834 d9ghlpas3k34jf5s229h2ko63j Query : select fieldkey,fieldname,fieldtype,mandatory from wstablefields where tablename = 'fi' and documentnumber = 39
20241105@174410.3863 d9ghlpas3k34jf5s229h2ko63j Query : select 1 valor from information_schema.tables where table_type='base table' and table_name='wstablefields'
20241105@174410.3879 d9ghlpas3k34jf5s229h2ko63j Query : select fieldkey,fieldname,fieldtype,mandatory from wstablefields where tablename = 'fi2' and documentnumber = 39
20241105@174410.3887 d9ghlpas3k34jf5s229h2ko63j Query : select top 1 convert(numeric(6,2),t.taxa) valor from taxasiva t where t.codigo='2'
20241105@174410.3899 d9ghlpas3k34jf5s229h2ko63j Query : select sestamp valor from se where ref ='324.649.00.01' and lote = 'r2400682200a'
20241105@174410.3918 d9ghlpas3k34jf5s229h2ko63j Query : select 1 valor from information_schema.tables where table_type='base table' and table_name='wstablefields'
20241105@174410.3933 d9ghlpas3k34jf5s229h2ko63j Query : select fieldkey,fieldname,fieldtype,calcformula from wstablefields where tablename = 'fi2' and documentnumber = 39
20241105@174410.3945 d9ghlpas3k34jf5s229h2ko63j Query : insert into wsfi2data (fi2stamp,ftstamp ,ousrdata, ousrhora, usrdata,usrhora,ousrinis,usrinis) values ('aut672a547619672a596a5f','aut672a544879672a596976' ,getdate(),convert(char(8),convert (time,getdate())),getdate(),convert(char(8),convert (time,getdate())),'wsv','wsv')
20241105@174410.3950 d9ghlpas3k34jf5s229h2ko63j Query : select 1 valor from information_schema.tables where table_type='base table' and table_name='wstablefields'
20241105@174410.3964 d9ghlpas3k34jf5s229h2ko63j Query : select fieldkey,fieldname,fieldtype,calcformula from wstablefields where tablename = 'fi' and documentnumber = 39
20241105@174410.3990 d9ghlpas3k34jf5s229h2ko63j Query : insert into wsfidata (fistamp,ousrdata, ousrhora, usrdata,usrhora,ousrinis,usrinis ,qtt ,ftstamp ,epv,pvmoeda ,tabiva,iva,lordem ,ref, design ,lote,armazem,bistamp ) values ('aut672a547619672a596a5f',getdate(),convert(char(8),convert (time,getdate())),getdate(),convert(char(8),convert (time,getdate())),'wsv','wsv',1.000 ,'aut672a544879672a596976' ,0,0 ,2,23.00,190000,?,?,?,?,?)
20241105@174410.4268 d9ghlpas3k34jf5s229h2ko63j Query : select 1 valor from information_schema.tables where table_type='base table' and table_name='wstablefields'
20241105@174410.4286 d9ghlpas3k34jf5s229h2ko63j Query : select fieldkey,fieldname,fieldtype,mandatory from wstablefields where tablename = 'fi' and documentnumber = 39
20241105@174410.4319 d9ghlpas3k34jf5s229h2ko63j Query : select 1 valor from information_schema.tables where table_type='base table' and table_name='wstablefields'
20241105@174410.4336 d9ghlpas3k34jf5s229h2ko63j Query : select fieldkey,fieldname,fieldtype,mandatory from wstablefields where tablename = 'fi2' and documentnumber = 39
20241105@174410.4346 d9ghlpas3k34jf5s229h2ko63j Query : select top 1 convert(numeric(6,2),t.taxa) valor from taxasiva t where t.codigo='2'
20241105@174410.4359 d9ghlpas3k34jf5s229h2ko63j Query : select 1 valor from information_schema.tables where table_type='base table' and table_name='wstablefields'
20241105@174410.4374 d9ghlpas3k34jf5s229h2ko63j Query : select fieldkey,fieldname,fieldtype,calcformula from wstablefields where tablename = 'fi2' and documentnumber = 39
20241105@174410.4386 d9ghlpas3k34jf5s229h2ko63j Query : insert into wsfi2data (fi2stamp,ftstamp ,ousrdata, ousrhora, usrdata,usrhora,ousrinis,usrinis) values ('aut672a527282672a596a6a','aut672a544879672a596976' ,getdate(),convert(char(8),convert (time,getdate())),getdate(),convert(char(8),convert (time,getdate())),'wsv','wsv')
20241105@174410.4390 d9ghlpas3k34jf5s229h2ko63j Query : select 1 valor from information_schema.tables where table_type='base table' and table_name='wstablefields'
20241105@174410.4407 d9ghlpas3k34jf5s229h2ko63j Query : select fieldkey,fieldname,fieldtype,calcformula from wstablefields where tablename = 'fi' and documentnumber = 39
20241105@174410.4435 d9ghlpas3k34jf5s229h2ko63j Query : insert into wsfidata (fistamp,ousrdata, ousrhora, usrdata,usrhora,ousrinis,usrinis ,qtt ,ftstamp ,epv,pvmoeda ,tabiva,iva,lordem ,ref, design ,armazem) values ('aut672a527282672a596a6a',getdate(),convert(char(8),convert (time,getdate())),getdate(),convert(char(8),convert (time,getdate())),'wsv','wsv',0 ,'aut672a544879672a596976' ,0,0 ,2,23.00,200000,?,?,?)
20241105@174410.4698 d9ghlpas3k34jf5s229h2ko63j Query : insert into wsftcreationlog (initialftstamp,externalid,creationstatus,documenttypeid,idustamp) values ('aut672a544879672a596976','2407279','wait',39,'adm09112754980.682000002')
20241105@174410.4769 d9ghlpas3k34jf5s229h2ko63j Query : use flama_phc
20241105@174410.4773 d9ghlpas3k34jf5s229h2ko63j Query : update u_wsusers set rqsttoken =? where userid ='userls001'
20241105@174410.4802 d9ghlpas3k34jf5s229h2ko63j Query : select concat(rtrim(relative_path),ltrim(name_new)) as valor from uploadfiles where uploadfile_id='3118';
20241105@174410.4843 d9ghlpas3k34jf5s229h2ko63j Query : update uploadfiles set whenupdated=current_timestamp where uploadfile_id='3118';
20241105@174410.4979 d9ghlpas3k34jf5s229h2ko63j Query : select concat(rtrim(relative_path),ltrim(name_new)) as valor from uploadfiles where uploadfile_id='3118';
20241105@174410.5016 d9ghlpas3k34jf5s229h2ko63j Query : update uploadfiles set whenupdated=current_timestamp where uploadfile_id='3118';

20241106@085037.4011 s7vp8kl77sk5bil6k6ihagq1u0 Query : update uploadfiles set whenupdated=current_timestamp where uploadfile_id='3119';
20241106@085037.4081 s7vp8kl77sk5bil6k6ihagq1u0 Query : select concat(rtrim(relative_path),ltrim(name_new)) as valor from uploadfiles where uploadfile_id='3119';
20241106@085037.4120 s7vp8kl77sk5bil6k6ihagq1u0 Query : update uploadfiles set whenupdated=current_timestamp where uploadfile_id='3119';
20241106@085037.4178 s7vp8kl77sk5bil6k6ihagq1u0 Query : use flama_phc
20241106@085037.4182 s7vp8kl77sk5bil6k6ihagq1u0 Query : select top 1 secretkey valor from u_wsusers u where u.userid = ? and u.inactivo=0
20241106@085037.4286 s7vp8kl77sk5bil6k6ihagq1u0 Query : use flama_phc
20241106@085037.4290 s7vp8kl77sk5bil6k6ihagq1u0 Query : select no, estab,szadrsdesc from szadrs where u_coddest=9128
20241106@085037.4592 s7vp8kl77sk5bil6k6ihagq1u0 Query : select top 1 isnull(design,'') valor from st (nolock) left join stobs (nolock) on st.ref = stobs.ref where st.ref = '328.9902.00.1'
20241106@085037.4748 s7vp8kl77sk5bil6k6ihagq1u0 Query : use flama_phc
20241106@085037.4751 s7vp8kl77sk5bil6k6ihagq1u0 Query : select top 1 convert(date,fdata) valor from ft where ndoc = 39 and anulado= 0 and fno>0 order by fdata desc
20241106@085037.4983 s7vp8kl77sk5bil6k6ihagq1u0 Query : use flama_phc
20241106@085037.4986 s7vp8kl77sk5bil6k6ihagq1u0 Query : select top 1 1 valor from td where td.ndoc = 39
20241106@085037.5092 s7vp8kl77sk5bil6k6ihagq1u0 Query : use flama_phc
20241106@085037.5095 s7vp8kl77sk5bil6k6ihagq1u0 Query : select lower(descricao) descricao ,case when valor='s' then 1 else 0 end valor from para1 where descricao in ('st_lote','st_usalogifunc', 'st_grelha')
20241106@085037.5168 s7vp8kl77sk5bil6k6ihagq1u0 Query : select top 1 manternumero ,assinadoc issigned ,tiposaft ,assinaimp ,nmdos ,td.assinadoc ,'cl' origin ,lancasl stocks ,case when cmsl<50 and td.lancasl=1 then 1 else 0 end entrada ,case when cmsl>50 and td.lancasl=1 then 1 else 0 end saida ,temserie assets ,~semgre usegridfields from td inner join td2 on td.tdstamp=td2.td2stamp where td.ndoc = 1
20241106@085037.5311 s7vp8kl77sk5bil6k6ihagq1u0 Query : use flama_phc
20241106@085037.5315 s7vp8kl77sk5bil6k6ihagq1u0 Query : select top 1 ~inactivo valor from cl where no = '101621' and estab = 0 order by inactivo desc
20241106@085037.5434 s7vp8kl77sk5bil6k6ihagq1u0 Query : use flama_phc
20241106@085037.5437 s7vp8kl77sk5bil6k6ihagq1u0 Query : select top 1 tipodoc,regrd from td where ndoc = 39
20241106@085037.5529 s7vp8kl77sk5bil6k6ihagq1u0 Query : use flama_phc
20241106@085037.5531 s7vp8kl77sk5bil6k6ihagq1u0 Query : select szadrsstamp valor from szadrs where szadrsdesc='espaÇotrans,lda'
20241106@085037.5604 s7vp8kl77sk5bil6k6ihagq1u0 Query : use flama_phc
20241106@085037.5607 s7vp8kl77sk5bil6k6ihagq1u0 Query : select szadrsstamp valor from szadrs where szadrsdesc='j.o.m.,lda - v. castelo (nova)'
20241106@085037.5654 s7vp8kl77sk5bil6k6ihagq1u0 Query : use flama_phc
20241106@085037.5657 s7vp8kl77sk5bil6k6ihagq1u0 Query : select 1 valor from td where ndoc = 39
20241106@085037.5737 s7vp8kl77sk5bil6k6ihagq1u0 Query : select top 1 manternumero, tiposaft, nmdos,td.assinadoc from td where td.ndoc = 39
20241106@085037.5806 s7vp8kl77sk5bil6k6ihagq1u0 Query : select 1 valor from information_schema.tables where table_type='base table' and table_name='wstablefields'
20241106@085037.6150 s7vp8kl77sk5bil6k6ihagq1u0 Query : select fieldkey,fieldname,fieldtype,mandatory from wstablefields where tablename = 'ft' and documentnumber = 39
20241106@085037.6251 s7vp8kl77sk5bil6k6ihagq1u0 Query : select 1 valor from information_schema.tables where table_type='base table' and table_name='wstablefields'
20241106@085037.6265 s7vp8kl77sk5bil6k6ihagq1u0 Query : select fieldkey,fieldname,fieldtype,mandatory from wstablefields where tablename = 'ft2' and documentnumber = 39
20241106@085037.6303 s7vp8kl77sk5bil6k6ihagq1u0 Query : select 1 valor from information_schema.tables where table_type='base table' and table_name='wstablefields'
20241106@085037.6318 s7vp8kl77sk5bil6k6ihagq1u0 Query : select fieldkey,fieldname,fieldtype,mandatory from wstablefields where tablename = 'ft3' and documentnumber = 39
20241106@085037.6331 s7vp8kl77sk5bil6k6ihagq1u0 Query : select top 1 ft.fno valor from ft ft where ft.ndoc = 39 and ftano=2024 order by fno desc
20241106@085037.6659 s7vp8kl77sk5bil6k6ihagq1u0 Query : select top 1 ft.fno valor from wsftdata ft where ft.ndoc = 39 and ftano=2024 order by fno desc
20241106@085037.6764 s7vp8kl77sk5bil6k6ihagq1u0 Query : select 1 valor from information_schema.tables where table_type='base table' and table_name='wstablefields'
20241106@085037.6780 s7vp8kl77sk5bil6k6ihagq1u0 Query : select fieldkey,fieldname,fieldtype,calcformula from wstablefields where tablename = 'ft3' and documentnumber = 39
20241106@085037.6822 s7vp8kl77sk5bil6k6ihagq1u0 Query : insert into wsft3data (ft3stamp, ousrdata, ousrhora, usrdata,usrhora,ousrinis,usrinis,taxpointdt ) values ('aut672b265774672b2ddd9a' ,getdate(),convert(char(8),convert (time,getdate())),getdate(),convert(char(8),convert (time,getdate())),'wsv','wsv',?)
20241106@085037.7180 s7vp8kl77sk5bil6k6ihagq1u0 Query : select 1 valor from information_schema.tables where table_type='base table' and table_name='wstablefields'
20241106@085037.7197 s7vp8kl77sk5bil6k6ihagq1u0 Query : select fieldkey,fieldname,fieldtype,calcformula from wstablefields where tablename = 'ft2' and documentnumber = 39
20241106@085037.7234 s7vp8kl77sk5bil6k6ihagq1u0 Query : select top 1 bo.u_nomeenv valor from bo where bo.bostamp=''
20241106@085037.7327 s7vp8kl77sk5bil6k6ihagq1u0 Query : select top 1 bo.u_moradaen valor from bo where bo.bostamp=''
20241106@085037.7411 s7vp8kl77sk5bil6k6ihagq1u0 Query : select top 1 bo.u_codposen valor from bo where bo.bostamp=''
20241106@085037.7493 s7vp8kl77sk5bil6k6ihagq1u0 Query : select top 1 bo.u_localenv valor from bo where bo.bostamp=''
20241106@085037.7577 s7vp8kl77sk5bil6k6ihagq1u0 Query : select top 1 bo.trab5 valor from bo where bo.bostamp=''
20241106@085037.7659 s7vp8kl77sk5bil6k6ihagq1u0 Query : select top 1 bo.serie valor from bo where bo.bostamp=''
20241106@085037.7743 s7vp8kl77sk5bil6k6ihagq1u0 Query : insert into wsft2data (ft2stamp, ousrdata,ousrhora, usrdata,usrhora,ousrinis,usrinis,u_nomeenv ,u_moradaen ,u_codposen ,u_localenv ,u_coddest ,u_codby ) values ('aut672b265774672b2ddd9a',getdate(),convert(char(8),convert (time,getdate())),getdate(),convert(char(8),convert (time,getdate())),'wsv','wsv',?,?,?,?,?,?)
20241106@085037.8521 s7vp8kl77sk5bil6k6ihagq1u0 Query : select top 1 fno valor from wsftdata order by fno desc
20241106@085037.8618 s7vp8kl77sk5bil6k6ihagq1u0 Query : select 1 valor from information_schema.tables where table_type='base table' and table_name='wstablefields'
20241106@085037.8633 s7vp8kl77sk5bil6k6ihagq1u0 Query : select fieldkey,fieldname,fieldtype,calcformula from wstablefields where tablename = 'ft' and documentnumber = 39
20241106@085037.8657 s7vp8kl77sk5bil6k6ihagq1u0 Query : select 'normal' from dummy
20241106@085037.8713 s7vp8kl77sk5bil6k6ihagq1u0 Query : insert into wsftdata (ftstamp, ousrdata,ousrhora, usrdata,usrhora,ousrinis,usrinis,fno,no,estab,fdata,ndoc,moeda,cambio,cambiofixo,ftano,site ,classe ) values ('aut672b265774672b2ddd9a',getdate(),convert(char(8),convert (time,getdate())),getdate(),convert(char(8),convert (time,getdate())),'wsv','wsv',1690,101621,0,'2024-11-06',39,'euro',0,0,2024 ,?,?)
20241106@085037.9432 s7vp8kl77sk5bil6k6ihagq1u0 Query : use flama_phc
20241106@085037.9436 s7vp8kl77sk5bil6k6ihagq1u0 Query : select st.usalote valor from st where st.ref = '328.9902.00.1'
20241106@085037.9554 s7vp8kl77sk5bil6k6ihagq1u0 Query : select top 1 st.tabiva ,st.ivaincl ,st.stns ,st.uni2 ,st.familia ,isnull(tx.taxa, 0) txiva ,unidade ,usalote ,epcpond ,noserie ,conversao ,st.texteis from st left join taxasiva tx on st.tabiva = tx.codigo where st.ref = '328.9902.00.1'
20241106@085037.9709 s7vp8kl77sk5bil6k6ihagq1u0 Query : select 1 valor from information_schema.tables where table_type='base table' and table_name='wstablefields'
20241106@085037.9725 s7vp8kl77sk5bil6k6ihagq1u0 Query : select fieldkey,fieldname,fieldtype,mandatory from wstablefields where tablename = 'fi' and documentnumber = 39
20241106@085037.9750 s7vp8kl77sk5bil6k6ihagq1u0 Query : select 1 valor from information_schema.tables where table_type='base table' and table_name='wstablefields'
20241106@085037.9764 s7vp8kl77sk5bil6k6ihagq1u0 Query : select fieldkey,fieldname,fieldtype,mandatory from wstablefields where tablename = 'fi2' and documentnumber = 39
20241106@085037.9773 s7vp8kl77sk5bil6k6ihagq1u0 Query : select top 1 convert(numeric(6,2),t.taxa) valor from taxasiva t where t.codigo='2'
20241106@085037.9812 s7vp8kl77sk5bil6k6ihagq1u0 Query : select sestamp valor from se where ref ='328.9902.00.1' and lote = 'r2301241100a'
20241106@085037.9883 s7vp8kl77sk5bil6k6ihagq1u0 Query : select 1 valor from information_schema.tables where table_type='base table' and table_name='wstablefields'
20241106@085037.9897 s7vp8kl77sk5bil6k6ihagq1u0 Query : select fieldkey,fieldname,fieldtype,calcformula from wstablefields where tablename = 'fi2' and documentnumber = 39
20241106@085037.9909 s7vp8kl77sk5bil6k6ihagq1u0 Query : insert into wsfi2data (fi2stamp,ftstamp ,ousrdata, ousrhora, usrdata,usrhora,ousrinis,usrinis) values ('aut672b237628672b2dddf1','aut672b265774672b2ddd9a' ,getdate(),convert(char(8),convert (time,getdate())),getdate(),convert(char(8),convert (time,getdate())),'wsv','wsv')
20241106@085037.9960 s7vp8kl77sk5bil6k6ihagq1u0 Query : select 1 valor from information_schema.tables where table_type='base table' and table_name='wstablefields'
20241106@085037.9982 s7vp8kl77sk5bil6k6ihagq1u0 Query : select fieldkey,fieldname,fieldtype,calcformula from wstablefields where tablename = 'fi' and documentnumber = 39
20241106@085038.8000 s7vp8kl77sk5bil6k6ihagq1u0 Query : insert into wsfidata (fistamp,ousrdata, ousrhora, usrdata,usrhora,ousrinis,usrinis ,qtt ,ftstamp ,epv,pvmoeda ,tabiva,iva,lordem ,ref, design ,lote,armazem) values ('aut672b237628672b2dddf1',getdate(),convert(char(8),convert (time,getdate())),getdate(),convert(char(8),convert (time,getdate())),'wsv','wsv',1.000 ,'aut672b265774672b2ddd9a' ,0,0 ,2,23.00,10000,?,?,?,?)
20241106@085038.8360 s7vp8kl77sk5bil6k6ihagq1u0 Query : select 1 valor from information_schema.tables where table_type='base table' and table_name='wstablefields'
20241106@085038.8520 s7vp8kl77sk5bil6k6ihagq1u0 Query : select fieldkey,fieldname,fieldtype,mandatory from wstablefields where tablename = 'fi' and documentnumber = 39
20241106@085038.8780 s7vp8kl77sk5bil6k6ihagq1u0 Query : select 1 valor from information_schema.tables where table_type='base table' and table_name='wstablefields'
20241106@085038.8930 s7vp8kl77sk5bil6k6ihagq1u0 Query : select fieldkey,fieldname,fieldtype,mandatory from wstablefields where tablename = 'fi2' and documentnumber = 39
20241106@085038.9010 s7vp8kl77sk5bil6k6ihagq1u0 Query : select top 1 convert(numeric(6,2),t.taxa) valor from taxasiva t where t.codigo='2'
20241106@085038.9130 s7vp8kl77sk5bil6k6ihagq1u0 Query : select 1 valor from information_schema.tables where table_type='base table' and table_name='wstablefields'
20241106@085038.9270 s7vp8kl77sk5bil6k6ihagq1u0 Query : select fieldkey,fieldname,fieldtype,calcformula from wstablefields where tablename = 'fi2' and documentnumber = 39
20241106@085038.9380 s7vp8kl77sk5bil6k6ihagq1u0 Query : insert into wsfi2data (fi2stamp,ftstamp ,ousrdata, ousrhora, usrdata,usrhora,ousrinis,usrinis) values ('aut672b200228672b2dde16','aut672b265774672b2ddd9a' ,getdate(),convert(char(8),convert (time,getdate())),getdate(),convert(char(8),convert (time,getdate())),'wsv','wsv')
20241106@085038.9430 s7vp8kl77sk5bil6k6ihagq1u0 Query : select 1 valor from information_schema.tables where table_type='base table' and table_name='wstablefields'
20241106@085038.9570 s7vp8kl77sk5bil6k6ihagq1u0 Query : select fieldkey,fieldname,fieldtype,calcformula from wstablefields where tablename = 'fi' and documentnumber = 39
20241106@085038.9960 s7vp8kl77sk5bil6k6ihagq1u0 Query : insert into wsfidata (fistamp,ousrdata, ousrhora, usrdata,usrhora,ousrinis,usrinis ,qtt ,ftstamp ,epv,pvmoeda ,tabiva,iva,lordem ,ref, design ,armazem) values ('aut672b200228672b2dde16',getdate(),convert(char(8),convert (time,getdate())),getdate(),convert(char(8),convert (time,getdate())),'wsv','wsv',0 ,'aut672b265774672b2ddd9a' ,0,0 ,2,23.00,20000,?,?,?)
20241106@085038.1264 s7vp8kl77sk5bil6k6ihagq1u0 Query : insert into wsftcreationlog (initialftstamp,externalid,creationstatus,documenttypeid,idustamp) values ('aut672b265774672b2ddd9a','2407249','wait',39,'adm09112754980.682000002')
20241106@085038.1354 s7vp8kl77sk5bil6k6ihagq1u0 Query : use flama_phc
20241106@085038.1357 s7vp8kl77sk5bil6k6ihagq1u0 Query : update u_wsusers set rqsttoken =? where userid ='userls001'
20241106@085038.1387 s7vp8kl77sk5bil6k6ihagq1u0 Query : select concat(rtrim(relative_path),ltrim(name_new)) as valor from uploadfiles where uploadfile_id='3119';
20241106@085038.1421 s7vp8kl77sk5bil6k6ihagq1u0 Query : update uploadfiles set whenupdated=current_timestamp where uploadfile_id='3119';
20241106@085038.1465 s7vp8kl77sk5bil6k6ihagq1u0 Query : select concat(rtrim(relative_path),ltrim(name_new)) as valor from uploadfiles where uploadfile_id='3119';
20241106@085038.1495 s7vp8kl77sk5bil6k6ihagq1u0 Query : update uploadfiles set whenupdated=current_timestamp where uploadfile_id='3119';
20241106@085038.2873 0tguufg55ispt9b9877m6pbdm7 Query : insert into uploadfiles ( name_original, name_new, option_type, relative_path, whencreated ) values ( ?, ?, ?, ?, getdate() )
20241106@085038.2955 0tguufg55ispt9b9877m6pbdm7 Query : select uploadfile_id valor from uploadfiles where name_new = ? and option_type = ? 
20241106@085038.3466 0tguufg55ispt9b9877m6pbdm7 Query : select concat(rtrim(relative_path),ltrim(name_new)) as valor from uploadfiles where uploadfile_id='3120';
20241106@085038.3840 0tguufg55ispt9b9877m6pbdm7 Query : update uploadfiles set whenupdated=current_timestamp where uploadfile_id='3120';
20241106@085038.4188 0tguufg55ispt9b9877m6pbdm7 Query : select concat(rtrim(relative_path),ltrim(name_new)) as valor from uploadfiles where uploadfile_id='3120';
20241106@085038.4493 0tguufg55ispt9b9877m6pbdm7 Query : update uploadfiles set whenupdated=current_timestamp where uploadfile_id='3120';
20241106@085038.4905 0tguufg55ispt9b9877m6pbdm7 Query : use flama_phc
20241106@085038.5005 0tguufg55ispt9b9877m6pbdm7 Query : select top 1 secretkey valor from u_wsusers u where u.userid = ? and u.inactivo=0
20241106@085038.5684 0tguufg55ispt9b9877m6pbdm7 Query : use flama_phc
20241106@085038.5725 0tguufg55ispt9b9877m6pbdm7 Query : select no, estab,szadrsdesc from szadrs where u_coddest=8923
20241106@085038.6159 0tguufg55ispt9b9877m6pbdm7 Query : select top 1 isnull(design,'') valor from st (nolock) left join stobs (nolock) on st.ref = stobs.ref where st.ref = '328.9902.00.1'
20241106@085038.6448 0tguufg55ispt9b9877m6pbdm7 Query : use flama_phc
20241106@085038.6489 0tguufg55ispt9b9877m6pbdm7 Query : select top 1 convert(date,fdata) valor from ft where ndoc = 39 and anulado= 0 and fno>0 order by fdata desc
20241106@085038.6864 0tguufg55ispt9b9877m6pbdm7 Query : use flama_phc
20241106@085038.6906 0tguufg55ispt9b9877m6pbdm7 Query : select top 1 1 valor from td where td.ndoc = 39
20241106@085038.7279 0tguufg55ispt9b9877m6pbdm7 Query : use flama_phc
20241106@085038.7321 0tguufg55ispt9b9877m6pbdm7 Query : select lower(descricao) descricao ,case when valor='s' then 1 else 0 end valor from para1 where descricao in ('st_lote','st_usalogifunc', 'st_grelha')
20241106@085038.7777 0tguufg55ispt9b9877m6pbdm7 Query : select top 1 manternumero ,assinadoc issigned ,tiposaft ,assinaimp ,nmdos ,td.assinadoc ,'cl' origin ,lancasl stocks ,case when cmsl<50 and td.lancasl=1 then 1 else 0 end entrada ,case when cmsl>50 and td.lancasl=1 then 1 else 0 end saida ,temserie assets ,~semgre usegridfields from td inner join td2 on td.tdstamp=td2.td2stamp where td.ndoc = 1
20241106@085038.8276 0tguufg55ispt9b9877m6pbdm7 Query : use flama_phc
20241106@085038.8532 0tguufg55ispt9b9877m6pbdm7 Query : select top 1 ~inactivo valor from cl where no = '101621' and estab = 0 order by inactivo desc
20241106@085038.8992 0tguufg55ispt9b9877m6pbdm7 Query : use flama_phc
20241106@085038.9034 0tguufg55ispt9b9877m6pbdm7 Query : select top 1 tipodoc,regrd from td where ndoc = 39
20241106@085038.9382 0tguufg55ispt9b9877m6pbdm7 Query : use flama_phc
20241106@085038.9435 0tguufg55ispt9b9877m6pbdm7 Query : select szadrsstamp valor from szadrs where szadrsdesc='espaÇotrans,lda'
20241106@085038.9910 0tguufg55ispt9b9877m6pbdm7 Query : use flama_phc
20241106@085038.9953 0tguufg55ispt9b9877m6pbdm7 Query : select szadrsstamp valor from szadrs where szadrsdesc='jom- gondomar'
20241106@085039.5080 0tguufg55ispt9b9877m6pbdm7 Query : use flama_phc
20241106@085039.5520 0tguufg55ispt9b9877m6pbdm7 Query : select 1 valor from td where ndoc = 39
20241106@085039.8060 0tguufg55ispt9b9877m6pbdm7 Query : select top 1 manternumero, tiposaft, nmdos,td.assinadoc from td where td.ndoc = 39
20241106@085039.1108 0tguufg55ispt9b9877m6pbdm7 Query : select 1 valor from information_schema.tables where table_type='base table' and table_name='wstablefields'
20241106@085039.1426 0tguufg55ispt9b9877m6pbdm7 Query : select fieldkey,fieldname,fieldtype,mandatory from wstablefields where tablename = 'ft' and documentnumber = 39
20241106@085039.1860 0tguufg55ispt9b9877m6pbdm7 Query : select 1 valor from information_schema.tables where table_type='base table' and table_name='wstablefields'
20241106@085039.2124 0tguufg55ispt9b9877m6pbdm7 Query : select fieldkey,fieldname,fieldtype,mandatory from wstablefields where tablename = 'ft2' and documentnumber = 39
20241106@085039.2816 0tguufg55ispt9b9877m6pbdm7 Query : select 1 valor from information_schema.tables where table_type='base table' and table_name='wstablefields'
20241106@085039.3078 0tguufg55ispt9b9877m6pbdm7 Query : select fieldkey,fieldname,fieldtype,mandatory from wstablefields where tablename = 'ft3' and documentnumber = 39
20241106@085039.3391 0tguufg55ispt9b9877m6pbdm7 Query : select top 1 ft.fno valor from ft ft where ft.ndoc = 39 and ftano=2024 order by fno desc
20241106@085039.3767 0tguufg55ispt9b9877m6pbdm7 Query : select top 1 ft.fno valor from wsftdata ft where ft.ndoc = 39 and ftano=2024 order by fno desc
20241106@085039.4037 0tguufg55ispt9b9877m6pbdm7 Query : select 1 valor from information_schema.tables where table_type='base table' and table_name='wstablefields'
20241106@085039.4310 0tguufg55ispt9b9877m6pbdm7 Query : select fieldkey,fieldname,fieldtype,calcformula from wstablefields where tablename = 'ft3' and documentnumber = 39
20241106@085039.4657 0tguufg55ispt9b9877m6pbdm7 Query : insert into wsft3data (ft3stamp, ousrdata, ousrhora, usrdata,usrhora,ousrinis,usrinis,taxpointdt ) values ('aut672b228578672b2ddf52' ,getdate(),convert(char(8),convert (time,getdate())),getdate(),convert(char(8),convert (time,getdate())),'wsv','wsv',?)
20241106@085039.5226 0tguufg55ispt9b9877m6pbdm7 Query : select 1 valor from information_schema.tables where table_type='base table' and table_name='wstablefields'
20241106@085039.5928 0tguufg55ispt9b9877m6pbdm7 Query : select fieldkey,fieldname,fieldtype,calcformula from wstablefields where tablename = 'ft2' and documentnumber = 39
20241106@085039.6802 0tguufg55ispt9b9877m6pbdm7 Query : select top 1 bo.u_nomeenv valor from bo where bo.bostamp=''
20241106@085039.7035 0tguufg55ispt9b9877m6pbdm7 Query : select top 1 bo.u_moradaen valor from bo where bo.bostamp=''
20241106@085039.7257 0tguufg55ispt9b9877m6pbdm7 Query : select top 1 bo.u_codposen valor from bo where bo.bostamp=''
20241106@085039.7472 0tguufg55ispt9b9877m6pbdm7 Query : select top 1 bo.u_localenv valor from bo where bo.bostamp=''
20241106@085039.7691 0tguufg55ispt9b9877m6pbdm7 Query : select top 1 bo.trab5 valor from bo where bo.bostamp=''
20241106@085039.7910 0tguufg55ispt9b9877m6pbdm7 Query : select top 1 bo.serie valor from bo where bo.bostamp=''
20241106@085039.8123 0tguufg55ispt9b9877m6pbdm7 Query : insert into wsft2data (ft2stamp, ousrdata,ousrhora, usrdata,usrhora,ousrinis,usrinis,u_nomeenv ,u_moradaen ,u_codposen ,u_localenv ,u_coddest ,u_codby ) values ('aut672b228578672b2ddf52',getdate(),convert(char(8),convert (time,getdate())),getdate(),convert(char(8),convert (time,getdate())),'wsv','wsv',?,?,?,?,?,?)
20241106@085039.8688 0tguufg55ispt9b9877m6pbdm7 Query : select top 1 fno valor from wsftdata order by fno desc
20241106@085039.8955 0tguufg55ispt9b9877m6pbdm7 Query : select 1 valor from information_schema.tables where table_type='base table' and table_name='wstablefields'
20241106@085039.9217 0tguufg55ispt9b9877m6pbdm7 Query : select fieldkey,fieldname,fieldtype,calcformula from wstablefields where tablename = 'ft' and documentnumber = 39
20241106@085039.9689 0tguufg55ispt9b9877m6pbdm7 Query : select 'normal' from dummy
20241106@085039.9992 0tguufg55ispt9b9877m6pbdm7 Query : insert into wsftdata (ftstamp, ousrdata,ousrhora, usrdata,usrhora,ousrinis,usrinis,fno,no,estab,fdata,ndoc,moeda,cambio,cambiofixo,ftano,site ,classe ) values ('aut672b228578672b2ddf52',getdate(),convert(char(8),convert (time,getdate())),getdate(),convert(char(8),convert (time,getdate())),'wsv','wsv',1691,101621,0,'2024-11-06',39,'euro',0,0,2024 ,?,?)
20241106@085040.7450 0tguufg55ispt9b9877m6pbdm7 Query : use flama_phc
20241106@085040.7870 0tguufg55ispt9b9877m6pbdm7 Query : select st.usalote valor from st where st.ref = '328.9902.00.1'
20241106@085040.1129 0tguufg55ispt9b9877m6pbdm7 Query : select top 1 st.tabiva ,st.ivaincl ,st.stns ,st.uni2 ,st.familia ,isnull(tx.taxa, 0) txiva ,unidade ,usalote ,epcpond ,noserie ,conversao ,st.texteis from st left join taxasiva tx on st.tabiva = tx.codigo where st.ref = '328.9902.00.1'
20241106@085040.1386 0tguufg55ispt9b9877m6pbdm7 Query : select 1 valor from information_schema.tables where table_type='base table' and table_name='wstablefields'
20241106@085040.1648 0tguufg55ispt9b9877m6pbdm7 Query : select fieldkey,fieldname,fieldtype,mandatory from wstablefields where tablename = 'fi' and documentnumber = 39
20241106@085040.2313 0tguufg55ispt9b9877m6pbdm7 Query : select 1 valor from information_schema.tables where table_type='base table' and table_name='wstablefields'
20241106@085040.2574 0tguufg55ispt9b9877m6pbdm7 Query : select fieldkey,fieldname,fieldtype,mandatory from wstablefields where tablename = 'fi2' and documentnumber = 39
20241106@085040.2779 0tguufg55ispt9b9877m6pbdm7 Query : select top 1 convert(numeric(6,2),t.taxa) valor from taxasiva t where t.codigo='2'
20241106@085040.3038 0tguufg55ispt9b9877m6pbdm7 Query : select sestamp valor from se where ref ='328.9902.00.1' and lote = 'r2301241100a'
20241106@085040.3295 0tguufg55ispt9b9877m6pbdm7 Query : select 1 valor from information_schema.tables where table_type='base table' and table_name='wstablefields'
20241106@085040.3554 0tguufg55ispt9b9877m6pbdm7 Query : select fieldkey,fieldname,fieldtype,calcformula from wstablefields where tablename = 'fi2' and documentnumber = 39
20241106@085040.3769 0tguufg55ispt9b9877m6pbdm7 Query : insert into wsfi2data (fi2stamp,ftstamp ,ousrdata, ousrhora, usrdata,usrhora,ousrinis,usrinis) values ('aut672b269321672b2de050','aut672b228578672b2ddf52' ,getdate(),convert(char(8),convert (time,getdate())),getdate(),convert(char(8),convert (time,getdate())),'wsv','wsv')
20241106@085040.3814 0tguufg55ispt9b9877m6pbdm7 Query : select 1 valor from information_schema.tables where table_type='base table' and table_name='wstablefields'
20241106@085040.4683 0tguufg55ispt9b9877m6pbdm7 Query : select fieldkey,fieldname,fieldtype,calcformula from wstablefields where tablename = 'fi' and documentnumber = 39
20241106@085040.5363 0tguufg55ispt9b9877m6pbdm7 Query : insert into wsfidata (fistamp,ousrdata, ousrhora, usrdata,usrhora,ousrinis,usrinis ,qtt ,ftstamp ,epv,pvmoeda ,tabiva,iva,lordem ,ref, design ,lote,armazem) values ('aut672b269321672b2de050',getdate(),convert(char(8),convert (time,getdate())),getdate(),convert(char(8),convert (time,getdate())),'wsv','wsv',1.000 ,'aut672b228578672b2ddf52' ,0,0 ,2,23.00,10000,?,?,?,?)
20241106@085040.6289 0tguufg55ispt9b9877m6pbdm7 Query : select 1 valor from information_schema.tables where table_type='base table' and table_name='wstablefields'
20241106@085040.6552 0tguufg55ispt9b9877m6pbdm7 Query : select fieldkey,fieldname,fieldtype,mandatory from wstablefields where tablename = 'fi' and documentnumber = 39
20241106@085040.7160 0tguufg55ispt9b9877m6pbdm7 Query : select 1 valor from information_schema.tables where table_type='base table' and table_name='wstablefields'
20241106@085040.7413 0tguufg55ispt9b9877m6pbdm7 Query : select fieldkey,fieldname,fieldtype,mandatory from wstablefields where tablename = 'fi2' and documentnumber = 39
20241106@085040.7579 0tguufg55ispt9b9877m6pbdm7 Query : select top 1 convert(numeric(6,2),t.taxa) valor from taxasiva t where t.codigo='2'
20241106@085040.7828 0tguufg55ispt9b9877m6pbdm7 Query : select 1 valor from information_schema.tables where table_type='base table' and table_name='wstablefields'
20241106@085040.8127 0tguufg55ispt9b9877m6pbdm7 Query : select fieldkey,fieldname,fieldtype,calcformula from wstablefields where tablename = 'fi2' and documentnumber = 39
20241106@085040.8337 0tguufg55ispt9b9877m6pbdm7 Query : insert into wsfi2data (fi2stamp,ftstamp ,ousrdata, ousrhora, usrdata,usrhora,ousrinis,usrinis) values ('aut672b236446672b2de0bf','aut672b228578672b2ddf52' ,getdate(),convert(char(8),convert (time,getdate())),getdate(),convert(char(8),convert (time,getdate())),'wsv','wsv')
20241106@085040.8383 0tguufg55ispt9b9877m6pbdm7 Query : select 1 valor from information_schema.tables where table_type='base table' and table_name='wstablefields'
20241106@085040.8681 0tguufg55ispt9b9877m6pbdm7 Query : select fieldkey,fieldname,fieldtype,calcformula from wstablefields where tablename = 'fi' and documentnumber = 39
20241106@085040.9299 0tguufg55ispt9b9877m6pbdm7 Query : insert into wsfidata (fistamp,ousrdata, ousrhora, usrdata,usrhora,ousrinis,usrinis ,qtt ,ftstamp ,epv,pvmoeda ,tabiva,iva,lordem ,ref, design ,armazem) values ('aut672b236446672b2de0bf',getdate(),convert(char(8),convert (time,getdate())),getdate(),convert(char(8),convert (time,getdate())),'wsv','wsv',0 ,'aut672b228578672b2ddf52' ,0,0 ,2,23.00,20000,?,?,?)
20241106@085040.9933 0tguufg55ispt9b9877m6pbdm7 Query : insert into wsftcreationlog (initialftstamp,externalid,creationstatus,documenttypeid,idustamp) values ('aut672b228578672b2ddf52','2407246','wait',39,'adm09112754980.682000002')
20241106@085041.5690 0tguufg55ispt9b9877m6pbdm7 Query : use flama_phc
20241106@085041.6110 0tguufg55ispt9b9877m6pbdm7 Query : update u_wsusers set rqsttoken =? where userid ='userls001'
20241106@085041.8890 0tguufg55ispt9b9877m6pbdm7 Query : select concat(rtrim(relative_path),ltrim(name_new)) as valor from uploadfiles where uploadfile_id='3120';
20241106@085041.1191 0tguufg55ispt9b9877m6pbdm7 Query : update uploadfiles set whenupdated=current_timestamp where uploadfile_id='3120';
20241106@085041.1455 0tguufg55ispt9b9877m6pbdm7 Query : select concat(rtrim(relative_path),ltrim(name_new)) as valor from uploadfiles where uploadfile_id='3120';
20241106@085041.1772 0tguufg55ispt9b9877m6pbdm7 Query : update uploadfiles set whenupdated=current_timestamp where uploadfile_id='3120';
20241106@085041.2643 7fsnkindv30fv4focuq5q4chlq Query : insert into uploadfiles ( name_original, name_new, option_type, relative_path, whencreated ) values ( ?, ?, ?, ?, getdate() )
20241106@085041.2654 7fsnkindv30fv4focuq5q4chlq Query : select uploadfile_id valor from uploadfiles where name_new = ? and option_type = ? 
20241106@085041.2718 7fsnkindv30fv4focuq5q4chlq Query : select concat(rtrim(relative_path),ltrim(name_new)) as valor from uploadfiles where uploadfile_id='3121';
20241106@085041.2781 7fsnkindv30fv4focuq5q4chlq Query : update uploadfiles set whenupdated=current_timestamp where uploadfile_id='3121';
20241106@085041.2836 7fsnkindv30fv4focuq5q4chlq Query : select concat(rtrim(relative_path),ltrim(name_new)) as valor from uploadfiles where uploadfile_id='3121';
20241106@085041.2865 7fsnkindv30fv4focuq5q4chlq Query : update uploadfiles set whenupdated=current_timestamp where uploadfile_id='3121';
20241106@085041.2991 7fsnkindv30fv4focuq5q4chlq Query : use flama_phc
20241106@085041.2995 7fsnkindv30fv4focuq5q4chlq Query : select top 1 secretkey valor from u_wsusers u where u.userid = ? and u.inactivo=0
20241106@085041.3060 7fsnkindv30fv4focuq5q4chlq Query : use flama_phc
20241106@085041.3065 7fsnkindv30fv4focuq5q4chlq Query : select no, estab,szadrsdesc from szadrs where u_coddest=227
20241106@085041.3170 7fsnkindv30fv4focuq5q4chlq Query : select top 1 isnull(design,'') valor from st (nolock) left join stobs (nolock) on st.ref = stobs.ref where st.ref = '324.727.00.01'
20241106@085041.3506 7fsnkindv30fv4focuq5q4chlq Query : use flama_phc
20241106@085041.3509 7fsnkindv30fv4focuq5q4chlq Query : select top 1 convert(date,fdata) valor from ft where ndoc = 39 and anulado= 0 and fno>0 order by fdata desc
20241106@085041.3539 7fsnkindv30fv4focuq5q4chlq Query : use flama_phc
20241106@085041.3542 7fsnkindv30fv4focuq5q4chlq Query : select top 1 1 valor from td where td.ndoc = 39
20241106@085041.3570 7fsnkindv30fv4focuq5q4chlq Query : use flama_phc
20241106@085041.3573 7fsnkindv30fv4focuq5q4chlq Query : select lower(descricao) descricao ,case when valor='s' then 1 else 0 end valor from para1 where descricao in ('st_lote','st_usalogifunc', 'st_grelha')
20241106@085041.3602 7fsnkindv30fv4focuq5q4chlq Query : select top 1 manternumero ,assinadoc issigned ,tiposaft ,assinaimp ,nmdos ,td.assinadoc ,'cl' origin ,lancasl stocks ,case when cmsl<50 and td.lancasl=1 then 1 else 0 end entrada ,case when cmsl>50 and td.lancasl=1 then 1 else 0 end saida ,temserie assets ,~semgre usegridfields from td inner join td2 on td.tdstamp=td2.td2stamp where td.ndoc = 1
20241106@085041.3642 7fsnkindv30fv4focuq5q4chlq Query : use flama_phc
20241106@085041.3645 7fsnkindv30fv4focuq5q4chlq Query : select top 1 ~inactivo valor from cl where no = '100041' and estab = 0 order by inactivo desc
20241106@085041.3771 7fsnkindv30fv4focuq5q4chlq Query : use flama_phc
20241106@085041.3776 7fsnkindv30fv4focuq5q4chlq Query : select top 1 tipodoc,regrd from td where ndoc = 39
20241106@085041.3816 7fsnkindv30fv4focuq5q4chlq Query : use flama_phc
20241106@085041.3819 7fsnkindv30fv4focuq5q4chlq Query : select szadrsstamp valor from szadrs where szadrsdesc='espaÇotrans,lda'
20241106@085041.3859 7fsnkindv30fv4focuq5q4chlq Query : use flama_phc
20241106@085041.3862 7fsnkindv30fv4focuq5q4chlq Query : select szadrsstamp valor from szadrs where szadrsdesc='radiobela som, lda'
20241106@085041.3906 7fsnkindv30fv4focuq5q4chlq Query : use flama_phc
20241106@085041.3909 7fsnkindv30fv4focuq5q4chlq Query : select 1 valor from td where ndoc = 39
20241106@085041.3922 7fsnkindv30fv4focuq5q4chlq Query : select top 1 manternumero, tiposaft, nmdos,td.assinadoc from td where td.ndoc = 39
20241106@085041.3935 7fsnkindv30fv4focuq5q4chlq Query : select 1 valor from information_schema.tables where table_type='base table' and table_name='wstablefields'
20241106@085041.3950 7fsnkindv30fv4focuq5q4chlq Query : select fieldkey,fieldname,fieldtype,mandatory from wstablefields where tablename = 'ft' and documentnumber = 39
20241106@085041.3976 7fsnkindv30fv4focuq5q4chlq Query : select 1 valor from information_schema.tables where table_type='base table' and table_name='wstablefields'
20241106@085041.3991 7fsnkindv30fv4focuq5q4chlq Query : select fieldkey,fieldname,fieldtype,mandatory from wstablefields where tablename = 'ft2' and documentnumber = 39
20241106@085041.4020 7fsnkindv30fv4focuq5q4chlq Query : select 1 valor from information_schema.tables where table_type='base table' and table_name='wstablefields'
20241106@085041.4035 7fsnkindv30fv4focuq5q4chlq Query : select fieldkey,fieldname,fieldtype,mandatory from wstablefields where tablename = 'ft3' and documentnumber = 39
20241106@085041.4047 7fsnkindv30fv4focuq5q4chlq Query : select top 1 ft.fno valor from ft ft where ft.ndoc = 39 and ftano=2024 order by fno desc
20241106@085041.4108 7fsnkindv30fv4focuq5q4chlq Query : select top 1 ft.fno valor from wsftdata ft where ft.ndoc = 39 and ftano=2024 order by fno desc
20241106@085041.4120 7fsnkindv30fv4focuq5q4chlq Query : select 1 valor from information_schema.tables where table_type='base table' and table_name='wstablefields'
20241106@085041.4135 7fsnkindv30fv4focuq5q4chlq Query : select fieldkey,fieldname,fieldtype,calcformula from wstablefields where tablename = 'ft3' and documentnumber = 39
20241106@085041.4149 7fsnkindv30fv4focuq5q4chlq Query : insert into wsft3data (ft3stamp, ousrdata, ousrhora, usrdata,usrhora,ousrinis,usrinis,taxpointdt ) values ('aut672b230924672b2de162' ,getdate(),convert(char(8),convert (time,getdate())),getdate(),convert(char(8),convert (time,getdate())),'wsv','wsv',?)
20241106@085041.4325 7fsnkindv30fv4focuq5q4chlq Query : select 1 valor from information_schema.tables where table_type='base table' and table_name='wstablefields'
20241106@085041.4341 7fsnkindv30fv4focuq5q4chlq Query : select fieldkey,fieldname,fieldtype,calcformula from wstablefields where tablename = 'ft2' and documentnumber = 39
20241106@085041.4376 7fsnkindv30fv4focuq5q4chlq Query : select top 1 bo.u_nomeenv valor from bo where bo.bostamp=''
20241106@085041.4389 7fsnkindv30fv4focuq5q4chlq Query : select top 1 bo.u_moradaen valor from bo where bo.bostamp=''
20241106@085041.4402 7fsnkindv30fv4focuq5q4chlq Query : select top 1 bo.u_codposen valor from bo where bo.bostamp=''
20241106@085041.4415 7fsnkindv30fv4focuq5q4chlq Query : select top 1 bo.u_localenv valor from bo where bo.bostamp=''
20241106@085041.4427 7fsnkindv30fv4focuq5q4chlq Query : select top 1 bo.trab5 valor from bo where bo.bostamp=''
20241106@085041.4437 7fsnkindv30fv4focuq5q4chlq Query : select top 1 bo.serie valor from bo where bo.bostamp=''
20241106@085041.4451 7fsnkindv30fv4focuq5q4chlq Query : insert into wsft2data (ft2stamp, ousrdata,ousrhora, usrdata,usrhora,ousrinis,usrinis,u_nomeenv ,u_moradaen ,u_codposen ,u_localenv ,u_coddest ,u_codby ) values ('aut672b230924672b2de162',getdate(),convert(char(8),convert (time,getdate())),getdate(),convert(char(8),convert (time,getdate())),'wsv','wsv',?,?,?,?,?,?)
20241106@085041.4705 7fsnkindv30fv4focuq5q4chlq Query : select top 1 fno valor from wsftdata order by fno desc
20241106@085041.4729 7fsnkindv30fv4focuq5q4chlq Query : select 1 valor from information_schema.tables where table_type='base table' and table_name='wstablefields'
20241106@085041.4743 7fsnkindv30fv4focuq5q4chlq Query : select fieldkey,fieldname,fieldtype,calcformula from wstablefields where tablename = 'ft' and documentnumber = 39
20241106@085041.4765 7fsnkindv30fv4focuq5q4chlq Query : select 'normal' from dummy
20241106@085041.4779 7fsnkindv30fv4focuq5q4chlq Query : insert into wsftdata (ftstamp, ousrdata,ousrhora, usrdata,usrhora,ousrinis,usrinis,fno,no,estab,fdata,ndoc,moeda,cambio,cambiofixo,ftano,site ,classe ) values ('aut672b230924672b2de162',getdate(),convert(char(8),convert (time,getdate())),getdate(),convert(char(8),convert (time,getdate())),'wsv','wsv',1692,100041,0,'2024-11-06',39,'euro',0,0,2024 ,?,?)
20241106@085041.5191 7fsnkindv30fv4focuq5q4chlq Query : use flama_phc
20241106@085041.5194 7fsnkindv30fv4focuq5q4chlq Query : select st.usalote valor from st where st.ref = '324.727.00.01'
20241106@085041.5221 7fsnkindv30fv4focuq5q4chlq Query : select top 1 st.tabiva ,st.ivaincl ,st.stns ,st.uni2 ,st.familia ,isnull(tx.taxa, 0) txiva ,unidade ,usalote ,epcpond ,noserie ,conversao ,st.texteis from st left join taxasiva tx on st.tabiva = tx.codigo where st.ref = '324.727.00.01'
20241106@085041.5791 7fsnkindv30fv4focuq5q4chlq Query : select 1 valor from information_schema.tables where table_type='base table' and table_name='wstablefields'
20241106@085041.5807 7fsnkindv30fv4focuq5q4chlq Query : select fieldkey,fieldname,fieldtype,mandatory from wstablefields where tablename = 'fi' and documentnumber = 39
20241106@085041.6484 7fsnkindv30fv4focuq5q4chlq Query : select 1 valor from information_schema.tables where table_type='base table' and table_name='wstablefields'
20241106@085041.6854 7fsnkindv30fv4focuq5q4chlq Query : select fieldkey,fieldname,fieldtype,mandatory from wstablefields where tablename = 'fi2' and documentnumber = 39
20241106@085041.6864 7fsnkindv30fv4focuq5q4chlq Query : select top 1 convert(numeric(6,2),t.taxa) valor from taxasiva t where t.codigo='2'
20241106@085041.6892 7fsnkindv30fv4focuq5q4chlq Query : select sestamp valor from se where ref ='324.727.00.01' and lote = 'r2400239200a'
20241106@085041.6917 7fsnkindv30fv4focuq5q4chlq Query : select 1 valor from information_schema.tables where table_type='base table' and table_name='wstablefields'
20241106@085041.7110 7fsnkindv30fv4focuq5q4chlq Query : select fieldkey,fieldname,fieldtype,calcformula from wstablefields where tablename = 'fi2' and documentnumber = 39
20241106@085041.7122 7fsnkindv30fv4focuq5q4chlq Query : insert into wsfi2data (fi2stamp,ftstamp ,ousrdata, ousrhora, usrdata,usrhora,ousrinis,usrinis) values ('aut672b233206672b2de1a8','aut672b230924672b2de162' ,getdate(),convert(char(8),convert (time,getdate())),getdate(),convert(char(8),convert (time,getdate())),'wsv','wsv')
20241106@085041.7127 7fsnkindv30fv4focuq5q4chlq Query : select 1 valor from information_schema.tables where table_type='base table' and table_name='wstablefields'
20241106@085041.7142 7fsnkindv30fv4focuq5q4chlq Query : select fieldkey,fieldname,fieldtype,calcformula from wstablefields where tablename = 'fi' and documentnumber = 39
20241106@085041.7169 7fsnkindv30fv4focuq5q4chlq Query : insert into wsfidata (fistamp,ousrdata, ousrhora, usrdata,usrhora,ousrinis,usrinis ,qtt ,ftstamp ,epv,pvmoeda ,tabiva,iva,lordem ,ref, design ,lote,armazem) values ('aut672b233206672b2de1a8',getdate(),convert(char(8),convert (time,getdate())),getdate(),convert(char(8),convert (time,getdate())),'wsv','wsv',36.000 ,'aut672b230924672b2de162' ,0,0 ,2,23.00,10000,?,?,?,?)
20241106@085041.7467 7fsnkindv30fv4focuq5q4chlq Query : select 1 valor from information_schema.tables where table_type='base table' and table_name='wstablefields'
20241106@085041.7484 7fsnkindv30fv4focuq5q4chlq Query : select fieldkey,fieldname,fieldtype,mandatory from wstablefields where tablename = 'fi' and documentnumber = 39
20241106@085041.7509 7fsnkindv30fv4focuq5q4chlq Query : select 1 valor from information_schema.tables where table_type='base table' and table_name='wstablefields'
20241106@085041.7526 7fsnkindv30fv4focuq5q4chlq Query : select fieldkey,fieldname,fieldtype,mandatory from wstablefields where tablename = 'fi2' and documentnumber = 39
20241106@085041.7533 7fsnkindv30fv4focuq5q4chlq Query : select top 1 convert(numeric(6,2),t.taxa) valor from taxasiva t where t.codigo='2'
20241106@085041.7545 7fsnkindv30fv4focuq5q4chlq Query : select 1 valor from information_schema.tables where table_type='base table' and table_name='wstablefields'
20241106@085041.7560 7fsnkindv30fv4focuq5q4chlq Query : select fieldkey,fieldname,fieldtype,calcformula from wstablefields where tablename = 'fi2' and documentnumber = 39
20241106@085041.7572 7fsnkindv30fv4focuq5q4chlq Query : insert into wsfi2data (fi2stamp,ftstamp ,ousrdata, ousrhora, usrdata,usrhora,ousrinis,usrinis) values ('aut672b229208672b2de1b8','aut672b230924672b2de162' ,getdate(),convert(char(8),convert (time,getdate())),getdate(),convert(char(8),convert (time,getdate())),'wsv','wsv')
20241106@085041.7576 7fsnkindv30fv4focuq5q4chlq Query : select 1 valor from information_schema.tables where table_type='base table' and table_name='wstablefields'
20241106@085041.7591 7fsnkindv30fv4focuq5q4chlq Query : select fieldkey,fieldname,fieldtype,calcformula from wstablefields where tablename = 'fi' and documentnumber = 39
20241106@085041.7619 7fsnkindv30fv4focuq5q4chlq Query : insert into wsfidata (fistamp,ousrdata, ousrhora, usrdata,usrhora,ousrinis,usrinis ,qtt ,ftstamp ,epv,pvmoeda ,tabiva,iva,lordem ,ref, design ,armazem) values ('aut672b229208672b2de1b8',getdate(),convert(char(8),convert (time,getdate())),getdate(),convert(char(8),convert (time,getdate())),'wsv','wsv',0 ,'aut672b230924672b2de162' ,0,0 ,2,23.00,20000,?,?,?)
20241106@085041.7917 7fsnkindv30fv4focuq5q4chlq Query : insert into wsftcreationlog (initialftstamp,externalid,creationstatus,documenttypeid,idustamp) values ('aut672b230924672b2de162','24o7263','wait',39,'adm09112754980.682000002')
20241106@085041.7985 7fsnkindv30fv4focuq5q4chlq Query : use flama_phc
20241106@085041.7989 7fsnkindv30fv4focuq5q4chlq Query : update u_wsusers set rqsttoken =? where userid ='userls001'
20241106@085041.8022 7fsnkindv30fv4focuq5q4chlq Query : select concat(rtrim(relative_path),ltrim(name_new)) as valor from uploadfiles where uploadfile_id='3121';
20241106@085041.8057 7fsnkindv30fv4focuq5q4chlq Query : update uploadfiles set whenupdated=current_timestamp where uploadfile_id='3121';
20241106@085041.8136 7fsnkindv30fv4focuq5q4chlq Query : select concat(rtrim(relative_path),ltrim(name_new)) as valor from uploadfiles where uploadfile_id='3121';
20241106@085041.8177 7fsnkindv30fv4focuq5q4chlq Query : update uploadfiles set whenupdated=current_timestamp where uploadfile_id='3121';

20241106@161341.3429 38skvu630hc4evpfq802r5qtqi Query : update uploadfiles set whenupdated=current_timestamp where uploadfile_id='3122';
20241106@161341.3501 38skvu630hc4evpfq802r5qtqi Query : select concat(rtrim(relative_path),ltrim(name_new)) as valor from uploadfiles where uploadfile_id='3122';
20241106@161341.3532 38skvu630hc4evpfq802r5qtqi Query : update uploadfiles set whenupdated=current_timestamp where uploadfile_id='3122';
20241106@161341.3582 38skvu630hc4evpfq802r5qtqi Query : use flama_phc
20241106@161341.3586 38skvu630hc4evpfq802r5qtqi Query : select top 1 secretkey valor from u_wsusers u where u.userid = ? and u.inactivo=0
20241106@161341.3693 38skvu630hc4evpfq802r5qtqi Query : use flama_phc
20241106@161341.3696 38skvu630hc4evpfq802r5qtqi Query : select no, estab,szadrsdesc from szadrs where u_coddest=9159
20241106@161341.3779 38skvu630hc4evpfq802r5qtqi Query : select top 1 isnull(design,'') valor from st (nolock) left join stobs (nolock) on st.ref = stobs.ref where st.ref = '324.2334.00.1'
20241106@161341.3964 38skvu630hc4evpfq802r5qtqi Query : select top 1 bistamp valor from bi inner join bo on bo.bostamp=bi.bostamp where bo.ndos =240 and bo.boano =2072 and bo.obrano = 2407226 and bi.ref ='324.2334.00.1' and bi.lordem =1
20241106@161341.4735 38skvu630hc4evpfq802r5qtqi Query : use flama_phc
20241106@161341.4818 38skvu630hc4evpfq802r5qtqi Query : select top 1 convert(date,fdata) valor from ft where ndoc = 39 and anulado= 0 and fno>0 order by fdata desc
20241106@161341.6196 38skvu630hc4evpfq802r5qtqi Query : use flama_phc
20241106@161341.6240 38skvu630hc4evpfq802r5qtqi Query : select top 1 1 valor from td where td.ndoc = 39
20241106@161341.6413 38skvu630hc4evpfq802r5qtqi Query : use flama_phc
20241106@161341.6419 38skvu630hc4evpfq802r5qtqi Query : select lower(descricao) descricao ,case when valor='s' then 1 else 0 end valor from para1 where descricao in ('st_lote','st_usalogifunc', 'st_grelha')
20241106@161341.6514 38skvu630hc4evpfq802r5qtqi Query : select top 1 manternumero ,assinadoc issigned ,tiposaft ,assinaimp ,nmdos ,td.assinadoc ,'cl' origin ,lancasl stocks ,case when cmsl<50 and td.lancasl=1 then 1 else 0 end entrada ,case when cmsl>50 and td.lancasl=1 then 1 else 0 end saida ,temserie assets ,~semgre usegridfields from td inner join td2 on td.tdstamp=td2.td2stamp where td.ndoc = 1
20241106@161341.6698 38skvu630hc4evpfq802r5qtqi Query : use flama_phc
20241106@161341.6701 38skvu630hc4evpfq802r5qtqi Query : select top 1 ~inactivo valor from cl where no = '102943' and estab = 0 order by inactivo desc
20241106@161341.6898 38skvu630hc4evpfq802r5qtqi Query : use flama_phc
20241106@161341.6901 38skvu630hc4evpfq802r5qtqi Query : select top 1 tipodoc,regrd from td where ndoc = 39
20241106@161341.7654 38skvu630hc4evpfq802r5qtqi Query : use flama_phc
20241106@161341.7664 38skvu630hc4evpfq802r5qtqi Query : select szadrsstamp valor from szadrs where szadrsdesc='espaÇotrans,lda'
20241106@161341.7736 38skvu630hc4evpfq802r5qtqi Query : use flama_phc
20241106@161341.7739 38skvu630hc4evpfq802r5qtqi Query : select szadrsstamp valor from szadrs where szadrsdesc='pll-plataformalogistica lisboa norte'
20241106@161341.7783 38skvu630hc4evpfq802r5qtqi Query : use flama_phc
20241106@161341.7786 38skvu630hc4evpfq802r5qtqi Query : select 1 valor from td where ndoc = 39
20241106@161341.7863 38skvu630hc4evpfq802r5qtqi Query : select top 1 manternumero, tiposaft, nmdos,td.assinadoc from td where td.ndoc = 39
20241106@161341.7935 38skvu630hc4evpfq802r5qtqi Query : select 1 valor from information_schema.tables where table_type='base table' and table_name='wstablefields'
20241106@161341.8263 38skvu630hc4evpfq802r5qtqi Query : select fieldkey,fieldname,fieldtype,mandatory from wstablefields where tablename = 'ft' and documentnumber = 39
20241106@161341.9127 38skvu630hc4evpfq802r5qtqi Query : select 1 valor from information_schema.tables where table_type='base table' and table_name='wstablefields'
20241106@161341.9807 38skvu630hc4evpfq802r5qtqi Query : select fieldkey,fieldname,fieldtype,mandatory from wstablefields where tablename = 'ft2' and documentnumber = 39
20241106@161341.9841 38skvu630hc4evpfq802r5qtqi Query : select 1 valor from information_schema.tables where table_type='base table' and table_name='wstablefields'
20241106@161341.9857 38skvu630hc4evpfq802r5qtqi Query : select fieldkey,fieldname,fieldtype,mandatory from wstablefields where tablename = 'ft3' and documentnumber = 39
20241106@161341.9870 38skvu630hc4evpfq802r5qtqi Query : select top 1 ft.fno valor from ft ft where ft.ndoc = 39 and ftano=2024 order by fno desc
20241106@161342.6100 38skvu630hc4evpfq802r5qtqi Query : select top 1 ft.fno valor from wsftdata ft where ft.ndoc = 39 and ftano=2024 order by fno desc
20241106@161342.6330 38skvu630hc4evpfq802r5qtqi Query : select 1 valor from information_schema.tables where table_type='base table' and table_name='wstablefields'
20241106@161342.6490 38skvu630hc4evpfq802r5qtqi Query : select fieldkey,fieldname,fieldtype,calcformula from wstablefields where tablename = 'ft3' and documentnumber = 39
20241106@161342.6990 38skvu630hc4evpfq802r5qtqi Query : insert into wsft3data (ft3stamp, ousrdata, ousrhora, usrdata,usrhora,ousrinis,usrinis,taxpointdt ) values ('aut672b948666672b95b5f0' ,getdate(),convert(char(8),convert (time,getdate())),getdate(),convert(char(8),convert (time,getdate())),'wsv','wsv',?)
20241106@161342.1018 38skvu630hc4evpfq802r5qtqi Query : select 1 valor from information_schema.tables where table_type='base table' and table_name='wstablefields'
20241106@161342.1036 38skvu630hc4evpfq802r5qtqi Query : select fieldkey,fieldname,fieldtype,calcformula from wstablefields where tablename = 'ft2' and documentnumber = 39
20241106@161342.1120 38skvu630hc4evpfq802r5qtqi Query : select top 1 bo.u_nomeenv valor from bo where bo.bostamp=''
20241106@161342.1253 38skvu630hc4evpfq802r5qtqi Query : select top 1 bo.u_moradaen valor from bo where bo.bostamp=''
20241106@161342.1607 38skvu630hc4evpfq802r5qtqi Query : select top 1 bo.u_codposen valor from bo where bo.bostamp=''
20241106@161342.1950 38skvu630hc4evpfq802r5qtqi Query : select top 1 bo.u_localenv valor from bo where bo.bostamp=''
20241106@161342.2073 38skvu630hc4evpfq802r5qtqi Query : select top 1 bo.trab5 valor from bo where bo.bostamp=''
20241106@161342.2194 38skvu630hc4evpfq802r5qtqi Query : select top 1 bo.serie valor from bo where bo.bostamp=''
20241106@161342.2307 38skvu630hc4evpfq802r5qtqi Query : insert into wsft2data (ft2stamp, ousrdata,ousrhora, usrdata,usrhora,ousrinis,usrinis,u_nomeenv ,u_moradaen ,u_codposen ,u_localenv ,u_coddest ,u_codby ) values ('aut672b948666672b95b5f0',getdate(),convert(char(8),convert (time,getdate())),getdate(),convert(char(8),convert (time,getdate())),'wsv','wsv',?,?,?,?,?,?)
20241106@161342.3354 38skvu630hc4evpfq802r5qtqi Query : select top 1 fno valor from wsftdata order by fno desc
20241106@161342.3673 38skvu630hc4evpfq802r5qtqi Query : select 1 valor from information_schema.tables where table_type='base table' and table_name='wstablefields'
20241106@161342.3704 38skvu630hc4evpfq802r5qtqi Query : select fieldkey,fieldname,fieldtype,calcformula from wstablefields where tablename = 'ft' and documentnumber = 39
20241106@161342.3727 38skvu630hc4evpfq802r5qtqi Query : select 'normal' from dummy
20241106@161342.3902 38skvu630hc4evpfq802r5qtqi Query : insert into wsftdata (ftstamp, ousrdata,ousrhora, usrdata,usrhora,ousrinis,usrinis,fno,no,estab,fdata,ndoc,moeda,cambio,cambiofixo,ftano,site ,classe ) values ('aut672b948666672b95b5f0',getdate(),convert(char(8),convert (time,getdate())),getdate(),convert(char(8),convert (time,getdate())),'wsv','wsv',1693,102943,0,'2024-11-06',39,'euro',0,0,2024 ,?,?)
20241106@161342.4751 38skvu630hc4evpfq802r5qtqi Query : use flama_phc
20241106@161342.4955 38skvu630hc4evpfq802r5qtqi Query : select st.usalote valor from st where st.ref = '324.2334.00.1'
20241106@161342.5220 38skvu630hc4evpfq802r5qtqi Query : select top 1 st.tabiva ,st.ivaincl ,st.stns ,st.uni2 ,st.familia ,isnull(tx.taxa, 0) txiva ,unidade ,usalote ,epcpond ,noserie ,conversao ,st.texteis from st left join taxasiva tx on st.tabiva = tx.codigo where st.ref = '324.2334.00.1'
20241106@161342.5381 38skvu630hc4evpfq802r5qtqi Query : select 1 valor from information_schema.tables where table_type='base table' and table_name='wstablefields'
20241106@161342.5400 38skvu630hc4evpfq802r5qtqi Query : select fieldkey,fieldname,fieldtype,mandatory from wstablefields where tablename = 'fi' and documentnumber = 39
20241106@161342.5428 38skvu630hc4evpfq802r5qtqi Query : select 1 valor from information_schema.tables where table_type='base table' and table_name='wstablefields'
20241106@161342.5443 38skvu630hc4evpfq802r5qtqi Query : select fieldkey,fieldname,fieldtype,mandatory from wstablefields where tablename = 'fi2' and documentnumber = 39
20241106@161342.5452 38skvu630hc4evpfq802r5qtqi Query : select top 1 convert(numeric(6,2),t.taxa) valor from taxasiva t where t.codigo='2'
20241106@161342.5533 38skvu630hc4evpfq802r5qtqi Query : select sestamp valor from se where ref ='324.2334.00.1' and lote = '1'
20241106@161342.5602 38skvu630hc4evpfq802r5qtqi Query : select 1 valor from information_schema.tables where table_type='base table' and table_name='wstablefields'
20241106@161342.5616 38skvu630hc4evpfq802r5qtqi Query : select fieldkey,fieldname,fieldtype,calcformula from wstablefields where tablename = 'fi2' and documentnumber = 39
20241106@161342.5646 38skvu630hc4evpfq802r5qtqi Query : insert into wsfi2data (fi2stamp,ftstamp ,ousrdata, ousrhora, usrdata,usrhora,ousrinis,usrinis) values ('aut672b986225672b95b688','aut672b948666672b95b5f0' ,getdate(),convert(char(8),convert (time,getdate())),getdate(),convert(char(8),convert (time,getdate())),'wsv','wsv')
20241106@161342.5829 38skvu630hc4evpfq802r5qtqi Query : select 1 valor from information_schema.tables where table_type='base table' and table_name='wstablefields'
20241106@161342.6206 38skvu630hc4evpfq802r5qtqi Query : select fieldkey,fieldname,fieldtype,calcformula from wstablefields where tablename = 'fi' and documentnumber = 39
20241106@161342.6243 38skvu630hc4evpfq802r5qtqi Query : insert into wsfidata (fistamp,ousrdata, ousrhora, usrdata,usrhora,ousrinis,usrinis ,qtt ,ftstamp ,epv,pvmoeda ,tabiva,iva,lordem ,ref, design ,lote,armazem,bistamp ) values ('aut672b986225672b95b688',getdate(),convert(char(8),convert (time,getdate())),getdate(),convert(char(8),convert (time,getdate())),'wsv','wsv',1.000 ,'aut672b948666672b95b5f0' ,0,0 ,2,23.00,10000,?,?,?,?,?)
20241106@161342.6610 38skvu630hc4evpfq802r5qtqi Query : insert into wsftcreationlog (initialftstamp,externalid,creationstatus,documenttypeid,idustamp) values ('aut672b948666672b95b5f0','2407226','wait',39,'adm09112754980.682000002')
20241106@161342.6735 38skvu630hc4evpfq802r5qtqi Query : use flama_phc
20241106@161342.6739 38skvu630hc4evpfq802r5qtqi Query : update u_wsusers set rqsttoken =? where userid ='userls001'
20241106@161342.6787 38skvu630hc4evpfq802r5qtqi Query : select concat(rtrim(relative_path),ltrim(name_new)) as valor from uploadfiles where uploadfile_id='3122';
20241106@161342.6842 38skvu630hc4evpfq802r5qtqi Query : update uploadfiles set whenupdated=current_timestamp where uploadfile_id='3122';
20241106@161342.6887 38skvu630hc4evpfq802r5qtqi Query : select concat(rtrim(relative_path),ltrim(name_new)) as valor from uploadfiles where uploadfile_id='3122';
20241106@161342.6945 38skvu630hc4evpfq802r5qtqi Query : update uploadfiles set whenupdated=current_timestamp where uploadfile_id='3122';
20241106@161342.7847 o9dm9e1a9pos4clara3t3d2n8p Query : insert into uploadfiles ( name_original, name_new, option_type, relative_path, whencreated ) values ( ?, ?, ?, ?, getdate() )
20241106@161342.7858 o9dm9e1a9pos4clara3t3d2n8p Query : select uploadfile_id valor from uploadfiles where name_new = ? and option_type = ? 
20241106@161342.7925 o9dm9e1a9pos4clara3t3d2n8p Query : select concat(rtrim(relative_path),ltrim(name_new)) as valor from uploadfiles where uploadfile_id='3123';
20241106@161342.7997 o9dm9e1a9pos4clara3t3d2n8p Query : update uploadfiles set whenupdated=current_timestamp where uploadfile_id='3123';
20241106@161342.8069 o9dm9e1a9pos4clara3t3d2n8p Query : select concat(rtrim(relative_path),ltrim(name_new)) as valor from uploadfiles where uploadfile_id='3123';
20241106@161342.8112 o9dm9e1a9pos4clara3t3d2n8p Query : update uploadfiles set whenupdated=current_timestamp where uploadfile_id='3123';
20241106@161342.8168 o9dm9e1a9pos4clara3t3d2n8p Query : use flama_phc
20241106@161342.8177 o9dm9e1a9pos4clara3t3d2n8p Query : select top 1 secretkey valor from u_wsusers u where u.userid = ? and u.inactivo=0
20241106@161342.8246 o9dm9e1a9pos4clara3t3d2n8p Query : use flama_phc
20241106@161342.8249 o9dm9e1a9pos4clara3t3d2n8p Query : select no, estab,szadrsdesc from szadrs where u_coddest=6737
20241106@161342.8346 o9dm9e1a9pos4clara3t3d2n8p Query : select top 1 isnull(design,'') valor from st (nolock) left join stobs (nolock) on st.ref = stobs.ref where st.ref = '328.9902.00.1'
20241106@161342.8539 o9dm9e1a9pos4clara3t3d2n8p Query : select top 1 bistamp valor from bi inner join bo on bo.bostamp=bi.bostamp where bo.ndos =240 and bo.boano =2072 and bo.obrano = 2407292 and bi.ref ='328.9902.00.1' and bi.lordem =1
20241106@161342.8885 o9dm9e1a9pos4clara3t3d2n8p Query : select top 1 isnull(design,'') valor from st (nolock) left join stobs (nolock) on st.ref = stobs.ref where st.ref = '328.9902.00.1'
20241106@161342.8907 o9dm9e1a9pos4clara3t3d2n8p Query : select top 1 bistamp valor from bi inner join bo on bo.bostamp=bi.bostamp where bo.ndos =240 and bo.boano =2072 and bo.obrano = 2407292 and bi.ref ='328.9902.00.1' and bi.lordem =1
20241106@161342.8940 o9dm9e1a9pos4clara3t3d2n8p Query : use flama_phc
20241106@161342.8950 o9dm9e1a9pos4clara3t3d2n8p Query : select top 1 convert(date,fdata) valor from ft where ndoc = 39 and anulado= 0 and fno>0 order by fdata desc
20241106@161342.8983 o9dm9e1a9pos4clara3t3d2n8p Query : use flama_phc
20241106@161342.8987 o9dm9e1a9pos4clara3t3d2n8p Query : select top 1 1 valor from td where td.ndoc = 39
20241106@161342.9067 o9dm9e1a9pos4clara3t3d2n8p Query : use flama_phc
20241106@161342.9111 o9dm9e1a9pos4clara3t3d2n8p Query : select lower(descricao) descricao ,case when valor='s' then 1 else 0 end valor from para1 where descricao in ('st_lote','st_usalogifunc', 'st_grelha')
20241106@161342.9612 o9dm9e1a9pos4clara3t3d2n8p Query : select top 1 manternumero ,assinadoc issigned ,tiposaft ,assinaimp ,nmdos ,td.assinadoc ,'cl' origin ,lancasl stocks ,case when cmsl<50 and td.lancasl=1 then 1 else 0 end entrada ,case when cmsl>50 and td.lancasl=1 then 1 else 0 end saida ,temserie assets ,~semgre usegridfields from td inner join td2 on td.tdstamp=td2.td2stamp where td.ndoc = 1
20241106@161342.9678 o9dm9e1a9pos4clara3t3d2n8p Query : use flama_phc
20241106@161342.9681 o9dm9e1a9pos4clara3t3d2n8p Query : select top 1 ~inactivo valor from cl where no = '100810' and estab = 0 order by inactivo desc
20241106@161342.9816 o9dm9e1a9pos4clara3t3d2n8p Query : use flama_phc
20241106@161342.9849 o9dm9e1a9pos4clara3t3d2n8p Query : select top 1 tipodoc,regrd from td where ndoc = 39
20241106@161342.9937 o9dm9e1a9pos4clara3t3d2n8p Query : use flama_phc
20241106@161342.9940 o9dm9e1a9pos4clara3t3d2n8p Query : select szadrsstamp valor from szadrs where szadrsdesc='espaÇotrans,lda'
20241106@161342.9979 o9dm9e1a9pos4clara3t3d2n8p Query : use flama_phc
20241106@161342.9982 o9dm9e1a9pos4clara3t3d2n8p Query : select szadrsstamp valor from szadrs where szadrsdesc='100810 - worten-plaza large formats rainha'
20241106@161343.2800 o9dm9e1a9pos4clara3t3d2n8p Query : use flama_phc
20241106@161343.3000 o9dm9e1a9pos4clara3t3d2n8p Query : select 1 valor from td where ndoc = 39
20241106@161343.4400 o9dm9e1a9pos4clara3t3d2n8p Query : select top 1 manternumero, tiposaft, nmdos,td.assinadoc from td where td.ndoc = 39
20241106@161343.5700 o9dm9e1a9pos4clara3t3d2n8p Query : select 1 valor from information_schema.tables where table_type='base table' and table_name='wstablefields'
20241106@161343.7100 o9dm9e1a9pos4clara3t3d2n8p Query : select fieldkey,fieldname,fieldtype,mandatory from wstablefields where tablename = 'ft' and documentnumber = 39
20241106@161343.9100 o9dm9e1a9pos4clara3t3d2n8p Query : select 1 valor from information_schema.tables where table_type='base table' and table_name='wstablefields'
20241106@161343.1330 o9dm9e1a9pos4clara3t3d2n8p Query : select fieldkey,fieldname,fieldtype,mandatory from wstablefields where tablename = 'ft2' and documentnumber = 39
20241106@161343.1600 o9dm9e1a9pos4clara3t3d2n8p Query : select 1 valor from information_schema.tables where table_type='base table' and table_name='wstablefields'
20241106@161343.1740 o9dm9e1a9pos4clara3t3d2n8p Query : select fieldkey,fieldname,fieldtype,mandatory from wstablefields where tablename = 'ft3' and documentnumber = 39
20241106@161343.1890 o9dm9e1a9pos4clara3t3d2n8p Query : select top 1 ft.fno valor from ft ft where ft.ndoc = 39 and ftano=2024 order by fno desc
20241106@161343.2480 o9dm9e1a9pos4clara3t3d2n8p Query : select top 1 ft.fno valor from wsftdata ft where ft.ndoc = 39 and ftano=2024 order by fno desc
20241106@161343.2620 o9dm9e1a9pos4clara3t3d2n8p Query : select 1 valor from information_schema.tables where table_type='base table' and table_name='wstablefields'
20241106@161343.2760 o9dm9e1a9pos4clara3t3d2n8p Query : select fieldkey,fieldname,fieldtype,calcformula from wstablefields where tablename = 'ft3' and documentnumber = 39
20241106@161343.2910 o9dm9e1a9pos4clara3t3d2n8p Query : insert into wsft3data (ft3stamp, ousrdata, ousrhora, usrdata,usrhora,ousrinis,usrinis,taxpointdt ) values ('aut672b958124672b95b704' ,getdate(),convert(char(8),convert (time,getdate())),getdate(),convert(char(8),convert (time,getdate())),'wsv','wsv',?)
20241106@161343.4800 o9dm9e1a9pos4clara3t3d2n8p Query : select 1 valor from information_schema.tables where table_type='base table' and table_name='wstablefields'
20241106@161343.4970 o9dm9e1a9pos4clara3t3d2n8p Query : select fieldkey,fieldname,fieldtype,calcformula from wstablefields where tablename = 'ft2' and documentnumber = 39
20241106@161343.5270 o9dm9e1a9pos4clara3t3d2n8p Query : select top 1 bo.u_nomeenv valor from bo where bo.bostamp=''
20241106@161343.5380 o9dm9e1a9pos4clara3t3d2n8p Query : select top 1 bo.u_moradaen valor from bo where bo.bostamp=''
20241106@161343.5490 o9dm9e1a9pos4clara3t3d2n8p Query : select top 1 bo.u_codposen valor from bo where bo.bostamp=''
20241106@161343.5600 o9dm9e1a9pos4clara3t3d2n8p Query : select top 1 bo.u_localenv valor from bo where bo.bostamp=''
20241106@161343.5710 o9dm9e1a9pos4clara3t3d2n8p Query : select top 1 bo.trab5 valor from bo where bo.bostamp=''
20241106@161343.6100 o9dm9e1a9pos4clara3t3d2n8p Query : select top 1 bo.serie valor from bo where bo.bostamp=''
20241106@161343.6200 o9dm9e1a9pos4clara3t3d2n8p Query : insert into wsft2data (ft2stamp, ousrdata,ousrhora, usrdata,usrhora,ousrinis,usrinis,u_nomeenv ,u_moradaen ,u_codposen ,u_localenv ,u_coddest ,u_codby ) values ('aut672b958124672b95b704',getdate(),convert(char(8),convert (time,getdate())),getdate(),convert(char(8),convert (time,getdate())),'wsv','wsv',?,?,?,?,?,?)
20241106@161343.8920 o9dm9e1a9pos4clara3t3d2n8p Query : select top 1 fno valor from wsftdata order by fno desc
20241106@161343.9350 o9dm9e1a9pos4clara3t3d2n8p Query : select 1 valor from information_schema.tables where table_type='base table' and table_name='wstablefields'
20241106@161343.9510 o9dm9e1a9pos4clara3t3d2n8p Query : select fieldkey,fieldname,fieldtype,calcformula from wstablefields where tablename = 'ft' and documentnumber = 39
20241106@161343.9750 o9dm9e1a9pos4clara3t3d2n8p Query : select 'normal' from dummy
20241106@161343.9910 o9dm9e1a9pos4clara3t3d2n8p Query : insert into wsftdata (ftstamp, ousrdata,ousrhora, usrdata,usrhora,ousrinis,usrinis,fno,no,estab,fdata,ndoc,moeda,cambio,cambiofixo,ftano,site ,classe ) values ('aut672b958124672b95b704',getdate(),convert(char(8),convert (time,getdate())),getdate(),convert(char(8),convert (time,getdate())),'wsv','wsv',1694,100810,0,'2024-11-06',39,'euro',0,0,2024 ,?,?)
20241106@161343.1597 o9dm9e1a9pos4clara3t3d2n8p Query : use flama_phc
20241106@161343.1638 o9dm9e1a9pos4clara3t3d2n8p Query : select st.usalote valor from st where st.ref = '328.9902.00.1'
20241106@161343.1992 o9dm9e1a9pos4clara3t3d2n8p Query : select top 1 st.tabiva ,st.ivaincl ,st.stns ,st.uni2 ,st.familia ,isnull(tx.taxa, 0) txiva ,unidade ,usalote ,epcpond ,noserie ,conversao ,st.texteis from st left join taxasiva tx on st.tabiva = tx.codigo where st.ref = '328.9902.00.1'
20241106@161343.2238 o9dm9e1a9pos4clara3t3d2n8p Query : select 1 valor from information_schema.tables where table_type='base table' and table_name='wstablefields'
20241106@161343.2254 o9dm9e1a9pos4clara3t3d2n8p Query : select fieldkey,fieldname,fieldtype,mandatory from wstablefields where tablename = 'fi' and documentnumber = 39
20241106@161343.2303 o9dm9e1a9pos4clara3t3d2n8p Query : select 1 valor from information_schema.tables where table_type='base table' and table_name='wstablefields'
20241106@161343.2317 o9dm9e1a9pos4clara3t3d2n8p Query : select fieldkey,fieldname,fieldtype,mandatory from wstablefields where tablename = 'fi2' and documentnumber = 39
20241106@161343.2325 o9dm9e1a9pos4clara3t3d2n8p Query : select top 1 convert(numeric(6,2),t.taxa) valor from taxasiva t where t.codigo='2'
20241106@161343.2356 o9dm9e1a9pos4clara3t3d2n8p Query : select sestamp valor from se where ref ='328.9902.00.1' and lote = 'r2301241100a'
20241106@161343.2369 o9dm9e1a9pos4clara3t3d2n8p Query : select 1 valor from information_schema.tables where table_type='base table' and table_name='wstablefields'
20241106@161343.2383 o9dm9e1a9pos4clara3t3d2n8p Query : select fieldkey,fieldname,fieldtype,calcformula from wstablefields where tablename = 'fi2' and documentnumber = 39
20241106@161343.2394 o9dm9e1a9pos4clara3t3d2n8p Query : insert into wsfi2data (fi2stamp,ftstamp ,ousrdata, ousrhora, usrdata,usrhora,ousrinis,usrinis) values ('aut672b958603672b95b739','aut672b958124672b95b704' ,getdate(),convert(char(8),convert (time,getdate())),getdate(),convert(char(8),convert (time,getdate())),'wsv','wsv')
20241106@161343.2398 o9dm9e1a9pos4clara3t3d2n8p Query : select 1 valor from information_schema.tables where table_type='base table' and table_name='wstablefields'
20241106@161343.2412 o9dm9e1a9pos4clara3t3d2n8p Query : select fieldkey,fieldname,fieldtype,calcformula from wstablefields where tablename = 'fi' and documentnumber = 39
20241106@161343.2493 o9dm9e1a9pos4clara3t3d2n8p Query : insert into wsfidata (fistamp,ousrdata, ousrhora, usrdata,usrhora,ousrinis,usrinis ,qtt ,ftstamp ,epv,pvmoeda ,tabiva,iva,lordem ,ref, design ,lote,armazem,bistamp ) values ('aut672b958603672b95b739',getdate(),convert(char(8),convert (time,getdate())),getdate(),convert(char(8),convert (time,getdate())),'wsv','wsv',4.000 ,'aut672b958124672b95b704' ,0,0 ,2,23.00,10000,?,?,?,?,?)
20241106@161343.2783 o9dm9e1a9pos4clara3t3d2n8p Query : select 1 valor from information_schema.tables where table_type='base table' and table_name='wstablefields'
20241106@161343.2802 o9dm9e1a9pos4clara3t3d2n8p Query : select fieldkey,fieldname,fieldtype,mandatory from wstablefields where tablename = 'fi' and documentnumber = 39
20241106@161343.2826 o9dm9e1a9pos4clara3t3d2n8p Query : select 1 valor from information_schema.tables where table_type='base table' and table_name='wstablefields'
20241106@161343.2931 o9dm9e1a9pos4clara3t3d2n8p Query : select fieldkey,fieldname,fieldtype,mandatory from wstablefields where tablename = 'fi2' and documentnumber = 39
20241106@161343.3301 o9dm9e1a9pos4clara3t3d2n8p Query : select top 1 convert(numeric(6,2),t.taxa) valor from taxasiva t where t.codigo='2'
20241106@161343.3313 o9dm9e1a9pos4clara3t3d2n8p Query : select 1 valor from information_schema.tables where table_type='base table' and table_name='wstablefields'
20241106@161343.3327 o9dm9e1a9pos4clara3t3d2n8p Query : select fieldkey,fieldname,fieldtype,calcformula from wstablefields where tablename = 'fi2' and documentnumber = 39
20241106@161343.3358 o9dm9e1a9pos4clara3t3d2n8p Query : insert into wsfi2data (fi2stamp,ftstamp ,ousrdata, ousrhora, usrdata,usrhora,ousrinis,usrinis) values ('aut672b903918672b95b750','aut672b958124672b95b704' ,getdate(),convert(char(8),convert (time,getdate())),getdate(),convert(char(8),convert (time,getdate())),'wsv','wsv')
20241106@161343.3363 o9dm9e1a9pos4clara3t3d2n8p Query : select 1 valor from information_schema.tables where table_type='base table' and table_name='wstablefields'
20241106@161343.3378 o9dm9e1a9pos4clara3t3d2n8p Query : select fieldkey,fieldname,fieldtype,calcformula from wstablefields where tablename = 'fi' and documentnumber = 39
20241106@161343.3407 o9dm9e1a9pos4clara3t3d2n8p Query : insert into wsfidata (fistamp,ousrdata, ousrhora, usrdata,usrhora,ousrinis,usrinis ,qtt ,ftstamp ,epv,pvmoeda ,tabiva,iva,lordem ,ref, design ,armazem) values ('aut672b903918672b95b750',getdate(),convert(char(8),convert (time,getdate())),getdate(),convert(char(8),convert (time,getdate())),'wsv','wsv',0 ,'aut672b958124672b95b704' ,0,0 ,2,23.00,20000,?,?,?)
20241106@161343.3748 o9dm9e1a9pos4clara3t3d2n8p Query : use flama_phc
20241106@161343.3764 o9dm9e1a9pos4clara3t3d2n8p Query : select st.usalote valor from st where st.ref = '328.9902.00.1'
20241106@161343.3826 o9dm9e1a9pos4clara3t3d2n8p Query : select top 1 st.tabiva ,st.ivaincl ,st.stns ,st.uni2 ,st.familia ,isnull(tx.taxa, 0) txiva ,unidade ,usalote ,epcpond ,noserie ,conversao ,st.texteis from st left join taxasiva tx on st.tabiva = tx.codigo where st.ref = '328.9902.00.1'
20241106@161343.3842 o9dm9e1a9pos4clara3t3d2n8p Query : select 1 valor from information_schema.tables where table_type='base table' and table_name='wstablefields'
20241106@161343.3870 o9dm9e1a9pos4clara3t3d2n8p Query : select fieldkey,fieldname,fieldtype,mandatory from wstablefields where tablename = 'fi' and documentnumber = 39
20241106@161343.3904 o9dm9e1a9pos4clara3t3d2n8p Query : select 1 valor from information_schema.tables where table_type='base table' and table_name='wstablefields'
20241106@161343.3924 o9dm9e1a9pos4clara3t3d2n8p Query : select fieldkey,fieldname,fieldtype,mandatory from wstablefields where tablename = 'fi2' and documentnumber = 39
20241106@161343.3932 o9dm9e1a9pos4clara3t3d2n8p Query : select top 1 convert(numeric(6,2),t.taxa) valor from taxasiva t where t.codigo='2'
20241106@161343.3946 o9dm9e1a9pos4clara3t3d2n8p Query : select sestamp valor from se where ref ='328.9902.00.1' and lote = 'r2301241100a'
20241106@161343.3959 o9dm9e1a9pos4clara3t3d2n8p Query : select 1 valor from information_schema.tables where table_type='base table' and table_name='wstablefields'
20241106@161343.3975 o9dm9e1a9pos4clara3t3d2n8p Query : select fieldkey,fieldname,fieldtype,calcformula from wstablefields where tablename = 'fi2' and documentnumber = 39
20241106@161343.4031 o9dm9e1a9pos4clara3t3d2n8p Query : insert into wsfi2data (fi2stamp,ftstamp ,ousrdata, ousrhora, usrdata,usrhora,ousrinis,usrinis) values ('aut672b960791672b95b760','aut672b958124672b95b704' ,getdate(),convert(char(8),convert (time,getdate())),getdate(),convert(char(8),convert (time,getdate())),'wsv','wsv')
20241106@161343.4036 o9dm9e1a9pos4clara3t3d2n8p Query : select 1 valor from information_schema.tables where table_type='base table' and table_name='wstablefields'
20241106@161343.4062 o9dm9e1a9pos4clara3t3d2n8p Query : select fieldkey,fieldname,fieldtype,calcformula from wstablefields where tablename = 'fi' and documentnumber = 39
20241106@161343.4089 o9dm9e1a9pos4clara3t3d2n8p Query : insert into wsfidata (fistamp,ousrdata, ousrhora, usrdata,usrhora,ousrinis,usrinis ,qtt ,ftstamp ,epv,pvmoeda ,tabiva,iva,lordem ,ref, design ,lote,armazem,bistamp ) values ('aut672b960791672b95b760',getdate(),convert(char(8),convert (time,getdate())),getdate(),convert(char(8),convert (time,getdate())),'wsv','wsv',1.000 ,'aut672b958124672b95b704' ,0,0 ,2,23.00,40000,?,?,?,?,?)
20241106@161343.4509 o9dm9e1a9pos4clara3t3d2n8p Query : select 1 valor from information_schema.tables where table_type='base table' and table_name='wstablefields'
20241106@161343.4758 o9dm9e1a9pos4clara3t3d2n8p Query : select fieldkey,fieldname,fieldtype,mandatory from wstablefields where tablename = 'fi' and documentnumber = 39
20241106@161343.4834 o9dm9e1a9pos4clara3t3d2n8p Query : select 1 valor from information_schema.tables where table_type='base table' and table_name='wstablefields'
20241106@161343.4849 o9dm9e1a9pos4clara3t3d2n8p Query : select fieldkey,fieldname,fieldtype,mandatory from wstablefields where tablename = 'fi2' and documentnumber = 39
20241106@161343.4857 o9dm9e1a9pos4clara3t3d2n8p Query : select top 1 convert(numeric(6,2),t.taxa) valor from taxasiva t where t.codigo='2'
20241106@161343.4868 o9dm9e1a9pos4clara3t3d2n8p Query : select 1 valor from information_schema.tables where table_type='base table' and table_name='wstablefields'
20241106@161343.4881 o9dm9e1a9pos4clara3t3d2n8p Query : select fieldkey,fieldname,fieldtype,calcformula from wstablefields where tablename = 'fi2' and documentnumber = 39
20241106@161343.4925 o9dm9e1a9pos4clara3t3d2n8p Query : insert into wsfi2data (fi2stamp,ftstamp ,ousrdata, ousrhora, usrdata,usrhora,ousrinis,usrinis) values ('aut672b941613672b95b776','aut672b958124672b95b704' ,getdate(),convert(char(8),convert (time,getdate())),getdate(),convert(char(8),convert (time,getdate())),'wsv','wsv')
20241106@161343.4942 o9dm9e1a9pos4clara3t3d2n8p Query : select 1 valor from information_schema.tables where table_type='base table' and table_name='wstablefields'
20241106@161343.5012 o9dm9e1a9pos4clara3t3d2n8p Query : select fieldkey,fieldname,fieldtype,calcformula from wstablefields where tablename = 'fi' and documentnumber = 39
20241106@161343.5061 o9dm9e1a9pos4clara3t3d2n8p Query : insert into wsfidata (fistamp,ousrdata, ousrhora, usrdata,usrhora,ousrinis,usrinis ,qtt ,ftstamp ,epv,pvmoeda ,tabiva,iva,lordem ,ref, design ,armazem) values ('aut672b941613672b95b776',getdate(),convert(char(8),convert (time,getdate())),getdate(),convert(char(8),convert (time,getdate())),'wsv','wsv',0 ,'aut672b958124672b95b704' ,0,0 ,2,23.00,50000,?,?,?)
20241106@161343.5356 o9dm9e1a9pos4clara3t3d2n8p Query : insert into wsftcreationlog (initialftstamp,externalid,creationstatus,documenttypeid,idustamp) values ('aut672b958124672b95b704','2407292','wait',39,'adm09112754980.682000002')
20241106@161343.5467 o9dm9e1a9pos4clara3t3d2n8p Query : use flama_phc
20241106@161343.5470 o9dm9e1a9pos4clara3t3d2n8p Query : update u_wsusers set rqsttoken =? where userid ='userls001'
20241106@161343.5498 o9dm9e1a9pos4clara3t3d2n8p Query : select concat(rtrim(relative_path),ltrim(name_new)) as valor from uploadfiles where uploadfile_id='3123';
20241106@161343.5531 o9dm9e1a9pos4clara3t3d2n8p Query : update uploadfiles set whenupdated=current_timestamp where uploadfile_id='3123';
20241106@161343.5589 o9dm9e1a9pos4clara3t3d2n8p Query : select concat(rtrim(relative_path),ltrim(name_new)) as valor from uploadfiles where uploadfile_id='3123';
20241106@161343.5628 o9dm9e1a9pos4clara3t3d2n8p Query : update uploadfiles set whenupdated=current_timestamp where uploadfile_id='3123';
20241106@161343.9504 svrlt1676sa8rok5h65rkpb2oq Query : insert into uploadfiles ( name_original, name_new, option_type, relative_path, whencreated ) values ( ?, ?, ?, ?, getdate() )
20241106@161343.9668 svrlt1676sa8rok5h65rkpb2oq Query : select uploadfile_id valor from uploadfiles where name_new = ? and option_type = ? 
20241106@161344.7830 svrlt1676sa8rok5h65rkpb2oq Query : select concat(rtrim(relative_path),ltrim(name_new)) as valor from uploadfiles where uploadfile_id='3124';
20241106@161344.2085 svrlt1676sa8rok5h65rkpb2oq Query : update uploadfiles set whenupdated=current_timestamp where uploadfile_id='3124';
20241106@161344.3173 svrlt1676sa8rok5h65rkpb2oq Query : select concat(rtrim(relative_path),ltrim(name_new)) as valor from uploadfiles where uploadfile_id='3124';
20241106@161344.4052 svrlt1676sa8rok5h65rkpb2oq Query : update uploadfiles set whenupdated=current_timestamp where uploadfile_id='3124';
20241106@161344.5643 svrlt1676sa8rok5h65rkpb2oq Query : use flama_phc
20241106@161344.5766 svrlt1676sa8rok5h65rkpb2oq Query : select top 1 secretkey valor from u_wsusers u where u.userid = ? and u.inactivo=0
20241106@161344.7466 svrlt1676sa8rok5h65rkpb2oq Query : use flama_phc
20241106@161344.7615 svrlt1676sa8rok5h65rkpb2oq Query : select no, estab,szadrsdesc from szadrs where u_coddest=4740
20241106@161344.9206 svrlt1676sa8rok5h65rkpb2oq Query : select top 1 isnull(design,'') valor from st (nolock) left join stobs (nolock) on st.ref = stobs.ref where st.ref = '324.1685.00.1'
20241106@161345.1016 svrlt1676sa8rok5h65rkpb2oq Query : select top 1 bistamp valor from bi inner join bo on bo.bostamp=bi.bostamp where bo.ndos =240 and bo.boano =2072 and bo.obrano = 2407293 and bi.ref ='324.1685.00.1' and bi.lordem =1
20241106@161345.3606 svrlt1676sa8rok5h65rkpb2oq Query : use flama_phc
20241106@161345.3777 svrlt1676sa8rok5h65rkpb2oq Query : select top 1 convert(date,fdata) valor from ft where ndoc = 39 and anulado= 0 and fno>0 order by fdata desc
20241106@161345.4890 svrlt1676sa8rok5h65rkpb2oq Query : use flama_phc
20241106@161345.5013 svrlt1676sa8rok5h65rkpb2oq Query : select top 1 1 valor from td where td.ndoc = 39
20241106@161345.6242 svrlt1676sa8rok5h65rkpb2oq Query : use flama_phc
20241106@161345.6364 svrlt1676sa8rok5h65rkpb2oq Query : select lower(descricao) descricao ,case when valor='s' then 1 else 0 end valor from para1 where descricao in ('st_lote','st_usalogifunc', 'st_grelha')
20241106@161345.8099 svrlt1676sa8rok5h65rkpb2oq Query : select top 1 manternumero ,assinadoc issigned ,tiposaft ,assinaimp ,nmdos ,td.assinadoc ,'cl' origin ,lancasl stocks ,case when cmsl<50 and td.lancasl=1 then 1 else 0 end entrada ,case when cmsl>50 and td.lancasl=1 then 1 else 0 end saida ,temserie assets ,~semgre usegridfields from td inner join td2 on td.tdstamp=td2.td2stamp where td.ndoc = 1
20241106@161345.9594 svrlt1676sa8rok5h65rkpb2oq Query : use flama_phc
20241106@161345.9725 svrlt1676sa8rok5h65rkpb2oq Query : select top 1 ~inactivo valor from cl where no = '100810' and estab = 0 order by inactivo desc
20241106@161346.7570 svrlt1676sa8rok5h65rkpb2oq Query : use flama_phc
20241106@161346.8860 svrlt1676sa8rok5h65rkpb2oq Query : select top 1 tipodoc,regrd from td where ndoc = 39
20241106@161346.3262 svrlt1676sa8rok5h65rkpb2oq Query : use flama_phc
20241106@161346.3386 svrlt1676sa8rok5h65rkpb2oq Query : select szadrsstamp valor from szadrs where szadrsdesc='espaÇotrans,lda'
20241106@161346.4665 svrlt1676sa8rok5h65rkpb2oq Query : use flama_phc
20241106@161346.4787 svrlt1676sa8rok5h65rkpb2oq Query : select szadrsstamp valor from szadrs where szadrsdesc='100810 - worten-equipamentos para o lar,sa.'
20241106@161346.6259 svrlt1676sa8rok5h65rkpb2oq Query : use flama_phc
20241106@161346.6383 svrlt1676sa8rok5h65rkpb2oq Query : select 1 valor from td where ndoc = 39
20241106@161346.7267 svrlt1676sa8rok5h65rkpb2oq Query : select top 1 manternumero, tiposaft, nmdos,td.assinadoc from td where td.ndoc = 39
20241106@161346.8986 svrlt1676sa8rok5h65rkpb2oq Query : select 1 valor from information_schema.tables where table_type='base table' and table_name='wstablefields'
20241106@161347.2110 svrlt1676sa8rok5h65rkpb2oq Query : select fieldkey,fieldname,fieldtype,mandatory from wstablefields where tablename = 'ft' and documentnumber = 39
20241106@161347.1602 svrlt1676sa8rok5h65rkpb2oq Query : select 1 valor from information_schema.tables where table_type='base table' and table_name='wstablefields'
20241106@161347.2460 svrlt1676sa8rok5h65rkpb2oq Query : select fieldkey,fieldname,fieldtype,mandatory from wstablefields where tablename = 'ft2' and documentnumber = 39
20241106@161347.5588 svrlt1676sa8rok5h65rkpb2oq Query : select 1 valor from information_schema.tables where table_type='base table' and table_name='wstablefields'
20241106@161347.6351 svrlt1676sa8rok5h65rkpb2oq Query : select fieldkey,fieldname,fieldtype,mandatory from wstablefields where tablename = 'ft3' and documentnumber = 39
20241106@161347.7526 svrlt1676sa8rok5h65rkpb2oq Query : select top 1 ft.fno valor from ft ft where ft.ndoc = 39 and ftano=2024 order by fno desc
20241106@161347.8461 svrlt1676sa8rok5h65rkpb2oq Query : select top 1 ft.fno valor from wsftdata ft where ft.ndoc = 39 and ftano=2024 order by fno desc
20241106@161347.9459 svrlt1676sa8rok5h65rkpb2oq Query : select 1 valor from information_schema.tables where table_type='base table' and table_name='wstablefields'
20241106@161348.6500 svrlt1676sa8rok5h65rkpb2oq Query : select fieldkey,fieldname,fieldtype,calcformula from wstablefields where tablename = 'ft3' and documentnumber = 39
20241106@161348.1512 svrlt1676sa8rok5h65rkpb2oq Query : insert into wsft3data (ft3stamp, ousrdata, ousrhora, usrdata,usrhora,ousrinis,usrinis,taxpointdt ) values ('aut672b967652672b95bbb7' ,getdate(),convert(char(8),convert (time,getdate())),getdate(),convert(char(8),convert (time,getdate())),'wsv','wsv',?)
20241106@161348.2448 svrlt1676sa8rok5h65rkpb2oq Query : select 1 valor from information_schema.tables where table_type='base table' and table_name='wstablefields'
20241106@161348.3224 svrlt1676sa8rok5h65rkpb2oq Query : select fieldkey,fieldname,fieldtype,calcformula from wstablefields where tablename = 'ft2' and documentnumber = 39
20241106@161348.5470 svrlt1676sa8rok5h65rkpb2oq Query : select top 1 bo.u_nomeenv valor from bo where bo.bostamp=''
20241106@161348.6092 svrlt1676sa8rok5h65rkpb2oq Query : select top 1 bo.u_moradaen valor from bo where bo.bostamp=''
20241106@161348.6911 svrlt1676sa8rok5h65rkpb2oq Query : select top 1 bo.u_codposen valor from bo where bo.bostamp=''
20241106@161348.7524 svrlt1676sa8rok5h65rkpb2oq Query : select top 1 bo.u_localenv valor from bo where bo.bostamp=''
20241106@161348.8256 svrlt1676sa8rok5h65rkpb2oq Query : select top 1 bo.trab5 valor from bo where bo.bostamp=''
20241106@161348.9252 svrlt1676sa8rok5h65rkpb2oq Query : select top 1 bo.serie valor from bo where bo.bostamp=''
20241106@161349.6490 svrlt1676sa8rok5h65rkpb2oq Query : insert into wsft2data (ft2stamp, ousrdata,ousrhora, usrdata,usrhora,ousrinis,usrinis,u_nomeenv ,u_moradaen ,u_codposen ,u_localenv ,u_coddest ,u_codby ) values ('aut672b967652672b95bbb7',getdate(),convert(char(8),convert (time,getdate())),getdate(),convert(char(8),convert (time,getdate())),'wsv','wsv',?,?,?,?,?,?)
20241106@161349.1949 svrlt1676sa8rok5h65rkpb2oq Query : select top 1 fno valor from wsftdata order by fno desc
20241106@161349.3272 svrlt1676sa8rok5h65rkpb2oq Query : select 1 valor from information_schema.tables where table_type='base table' and table_name='wstablefields'
20241106@161349.4555 svrlt1676sa8rok5h65rkpb2oq Query : select fieldkey,fieldname,fieldtype,calcformula from wstablefields where tablename = 'ft' and documentnumber = 39
20241106@161349.6596 svrlt1676sa8rok5h65rkpb2oq Query : select 'normal' from dummy
20241106@161349.8046 svrlt1676sa8rok5h65rkpb2oq Query : insert into wsftdata (ftstamp, ousrdata,ousrhora, usrdata,usrhora,ousrinis,usrinis,fno,no,estab,fdata,ndoc,moeda,cambio,cambiofixo,ftano,site ,classe ) values ('aut672b967652672b95bbb7',getdate(),convert(char(8),convert (time,getdate())),getdate(),convert(char(8),convert (time,getdate())),'wsv','wsv',1695,100810,0,'2024-11-06',39,'euro',0,0,2024 ,?,?)
20241106@161350.3640 svrlt1676sa8rok5h65rkpb2oq Query : use flama_phc
20241106@161350.5860 svrlt1676sa8rok5h65rkpb2oq Query : select st.usalote valor from st where st.ref = '324.1685.00.1'
20241106@161350.1743 svrlt1676sa8rok5h65rkpb2oq Query : select top 1 st.tabiva ,st.ivaincl ,st.stns ,st.uni2 ,st.familia ,isnull(tx.taxa, 0) txiva ,unidade ,usalote ,epcpond ,noserie ,conversao ,st.texteis from st left join taxasiva tx on st.tabiva = tx.codigo where st.ref = '324.1685.00.1'
20241106@161350.3013 svrlt1676sa8rok5h65rkpb2oq Query : select 1 valor from information_schema.tables where table_type='base table' and table_name='wstablefields'
20241106@161350.3749 svrlt1676sa8rok5h65rkpb2oq Query : select fieldkey,fieldname,fieldtype,mandatory from wstablefields where tablename = 'fi' and documentnumber = 39
20241106@161350.6237 svrlt1676sa8rok5h65rkpb2oq Query : select 1 valor from information_schema.tables where table_type='base table' and table_name='wstablefields'
20241106@161350.7265 svrlt1676sa8rok5h65rkpb2oq Query : select fieldkey,fieldname,fieldtype,mandatory from wstablefields where tablename = 'fi2' and documentnumber = 39
20241106@161350.7783 svrlt1676sa8rok5h65rkpb2oq Query : select top 1 convert(numeric(6,2),t.taxa) valor from taxasiva t where t.codigo='2'
20241106@161350.8543 svrlt1676sa8rok5h65rkpb2oq Query : select sestamp valor from se where ref ='324.1685.00.1' and lote = 'r2400173100a'
20241106@161350.9312 svrlt1676sa8rok5h65rkpb2oq Query : select 1 valor from information_schema.tables where table_type='base table' and table_name='wstablefields'
20241106@161351.1070 svrlt1676sa8rok5h65rkpb2oq Query : select fieldkey,fieldname,fieldtype,calcformula from wstablefields where tablename = 'fi2' and documentnumber = 39
20241106@161351.1618 svrlt1676sa8rok5h65rkpb2oq Query : insert into wsfi2data (fi2stamp,ftstamp ,ousrdata, ousrhora, usrdata,usrhora,ousrinis,usrinis) values ('aut672b971940672b95bee3','aut672b967652672b95bbb7' ,getdate(),convert(char(8),convert (time,getdate())),getdate(),convert(char(8),convert (time,getdate())),'wsv','wsv')
20241106@161351.1752 svrlt1676sa8rok5h65rkpb2oq Query : select 1 valor from information_schema.tables where table_type='base table' and table_name='wstablefields'
20241106@161351.2513 svrlt1676sa8rok5h65rkpb2oq Query : select fieldkey,fieldname,fieldtype,calcformula from wstablefields where tablename = 'fi' and documentnumber = 39
20241106@161351.5265 svrlt1676sa8rok5h65rkpb2oq Query : insert into wsfidata (fistamp,ousrdata, ousrhora, usrdata,usrhora,ousrinis,usrinis ,qtt ,ftstamp ,epv,pvmoeda ,tabiva,iva,lordem ,ref, design ,lote,armazem,bistamp ) values ('aut672b971940672b95bee3',getdate(),convert(char(8),convert (time,getdate())),getdate(),convert(char(8),convert (time,getdate())),'wsv','wsv',1.000 ,'aut672b967652672b95bbb7' ,0,0 ,2,23.00,10000,?,?,?,?,?)
20241106@161351.6792 svrlt1676sa8rok5h65rkpb2oq Query : insert into wsftcreationlog (initialftstamp,externalid,creationstatus,documenttypeid,idustamp) values ('aut672b967652672b95bbb7','2407293','wait',39,'adm09112754980.682000002')
20241106@161351.8541 svrlt1676sa8rok5h65rkpb2oq Query : use flama_phc
20241106@161351.8672 svrlt1676sa8rok5h65rkpb2oq Query : update u_wsusers set rqsttoken =? where userid ='userls001'
20241106@161351.9253 svrlt1676sa8rok5h65rkpb2oq Query : select concat(rtrim(relative_path),ltrim(name_new)) as valor from uploadfiles where uploadfile_id='3124';
20241106@161352.8800 svrlt1676sa8rok5h65rkpb2oq Query : update uploadfiles set whenupdated=current_timestamp where uploadfile_id='3124';
20241106@161352.1330 svrlt1676sa8rok5h65rkpb2oq Query : select concat(rtrim(relative_path),ltrim(name_new)) as valor from uploadfiles where uploadfile_id='3124';
20241106@161352.2550 svrlt1676sa8rok5h65rkpb2oq Query : update uploadfiles set whenupdated=current_timestamp where uploadfile_id='3124';
20241106@161352.6167 o9q85ub2j0keb465vncpis2g8q Query : insert into uploadfiles ( name_original, name_new, option_type, relative_path, whencreated ) values ( ?, ?, ?, ?, getdate() )
20241106@161352.6341 o9q85ub2j0keb465vncpis2g8q Query : select uploadfile_id valor from uploadfiles where name_new = ? and option_type = ? 
20241106@161352.7663 o9q85ub2j0keb465vncpis2g8q Query : select concat(rtrim(relative_path),ltrim(name_new)) as valor from uploadfiles where uploadfile_id='3125';
20241106@161352.8678 o9q85ub2j0keb465vncpis2g8q Query : update uploadfiles set whenupdated=current_timestamp where uploadfile_id='3125';
20241106@161352.9396 o9q85ub2j0keb465vncpis2g8q Query : select concat(rtrim(relative_path),ltrim(name_new)) as valor from uploadfiles where uploadfile_id='3125';
20241106@161353.2350 o9q85ub2j0keb465vncpis2g8q Query : update uploadfiles set whenupdated=current_timestamp where uploadfile_id='3125';
20241106@161353.9400 o9q85ub2j0keb465vncpis2g8q Query : use flama_phc
20241106@161353.1068 o9q85ub2j0keb465vncpis2g8q Query : select top 1 secretkey valor from u_wsusers u where u.userid = ? and u.inactivo=0
20241106@161353.3142 o9q85ub2j0keb465vncpis2g8q Query : use flama_phc
20241106@161353.3316 o9q85ub2j0keb465vncpis2g8q Query : select no, estab,szadrsdesc from szadrs where u_coddest=4740
20241106@161353.4337 o9q85ub2j0keb465vncpis2g8q Query : select top 1 isnull(design,'') valor from st (nolock) left join stobs (nolock) on st.ref = stobs.ref where st.ref = '324.682.00.01'
20241106@161353.5887 o9q85ub2j0keb465vncpis2g8q Query : select top 1 bistamp valor from bi inner join bo on bo.bostamp=bi.bostamp where bo.ndos =240 and bo.boano =2072 and bo.obrano = 2407294 and bi.ref ='324.682.00.01' and bi.lordem =1
20241106@161353.7786 o9q85ub2j0keb465vncpis2g8q Query : select top 1 isnull(design,'') valor from st (nolock) left join stobs (nolock) on st.ref = stobs.ref where st.ref = '324.682.00.01'
20241106@161353.8561 o9q85ub2j0keb465vncpis2g8q Query : select top 1 bistamp valor from bi inner join bo on bo.bostamp=bi.bostamp where bo.ndos =240 and bo.boano =2072 and bo.obrano = 2407294 and bi.ref ='324.682.00.01' and bi.lordem =1
20241106@161353.9459 o9q85ub2j0keb465vncpis2g8q Query : select top 1 isnull(design,'') valor from st (nolock) left join stobs (nolock) on st.ref = stobs.ref where st.ref = '324.682.00.01'
20241106@161354.3260 o9q85ub2j0keb465vncpis2g8q Query : select top 1 bistamp valor from bi inner join bo on bo.bostamp=bi.bostamp where bo.ndos =240 and bo.boano =2072 and bo.obrano = 2407294 and bi.ref ='324.682.00.01' and bi.lordem =1
20241106@161354.1137 o9q85ub2j0keb465vncpis2g8q Query : select top 1 isnull(design,'') valor from st (nolock) left join stobs (nolock) on st.ref = stobs.ref where st.ref = '324.682.00.01'
20241106@161354.2245 o9q85ub2j0keb465vncpis2g8q Query : select top 1 bistamp valor from bi inner join bo on bo.bostamp=bi.bostamp where bo.ndos =240 and bo.boano =2072 and bo.obrano = 2407294 and bi.ref ='324.682.00.01' and bi.lordem =1
20241106@161354.2953 o9q85ub2j0keb465vncpis2g8q Query : select top 1 isnull(design,'') valor from st (nolock) left join stobs (nolock) on st.ref = stobs.ref where st.ref = '324.682.00.01'
20241106@161354.5121 o9q85ub2j0keb465vncpis2g8q Query : select top 1 bistamp valor from bi inner join bo on bo.bostamp=bi.bostamp where bo.ndos =240 and bo.boano =2072 and bo.obrano = 2407294 and bi.ref ='324.682.00.01' and bi.lordem =1
20241106@161354.6403 o9q85ub2j0keb465vncpis2g8q Query : select top 1 isnull(design,'') valor from st (nolock) left join stobs (nolock) on st.ref = stobs.ref where st.ref = '324.682.00.01'
20241106@161354.7732 o9q85ub2j0keb465vncpis2g8q Query : select top 1 bistamp valor from bi inner join bo on bo.bostamp=bi.bostamp where bo.ndos =240 and bo.boano =2072 and bo.obrano = 2407294 and bi.ref ='324.682.00.01' and bi.lordem =1
20241106@161354.8423 o9q85ub2j0keb465vncpis2g8q Query : select top 1 isnull(design,'') valor from st (nolock) left join stobs (nolock) on st.ref = stobs.ref where st.ref = '324.682.00.01'
20241106@161354.9483 o9q85ub2j0keb465vncpis2g8q Query : select top 1 bistamp valor from bi inner join bo on bo.bostamp=bi.bostamp where bo.ndos =240 and bo.boano =2072 and bo.obrano = 2407294 and bi.ref ='324.682.00.01' and bi.lordem =1
20241106@161355.1760 o9q85ub2j0keb465vncpis2g8q Query : select top 1 isnull(design,'') valor from st (nolock) left join stobs (nolock) on st.ref = stobs.ref where st.ref = '324.682.00.01'
20241106@161355.1311 o9q85ub2j0keb465vncpis2g8q Query : select top 1 bistamp valor from bi inner join bo on bo.bostamp=bi.bostamp where bo.ndos =240 and bo.boano =2072 and bo.obrano = 2407294 and bi.ref ='324.682.00.01' and bi.lordem =1
20241106@161355.2002 o9q85ub2j0keb465vncpis2g8q Query : select top 1 isnull(design,'') valor from st (nolock) left join stobs (nolock) on st.ref = stobs.ref where st.ref = '324.682.00.01'
20241106@161355.3528 o9q85ub2j0keb465vncpis2g8q Query : select top 1 bistamp valor from bi inner join bo on bo.bostamp=bi.bostamp where bo.ndos =240 and bo.boano =2072 and bo.obrano = 2407294 and bi.ref ='324.682.00.01' and bi.lordem =1
20241106@161355.4267 o9q85ub2j0keb465vncpis2g8q Query : use flama_phc
20241106@161355.4469 o9q85ub2j0keb465vncpis2g8q Query : select top 1 convert(date,fdata) valor from ft where ndoc = 39 and anulado= 0 and fno>0 order by fdata desc
20241106@161355.5904 o9q85ub2j0keb465vncpis2g8q Query : use flama_phc
20241106@161355.6066 o9q85ub2j0keb465vncpis2g8q Query : select top 1 1 valor from td where td.ndoc = 39
20241106@161355.7567 o9q85ub2j0keb465vncpis2g8q Query : use flama_phc
20241106@161355.7729 o9q85ub2j0keb465vncpis2g8q Query : select lower(descricao) descricao ,case when valor='s' then 1 else 0 end valor from para1 where descricao in ('st_lote','st_usalogifunc', 'st_grelha')
20241106@161355.9398 o9q85ub2j0keb465vncpis2g8q Query : select top 1 manternumero ,assinadoc issigned ,tiposaft ,assinaimp ,nmdos ,td.assinadoc ,'cl' origin ,lancasl stocks ,case when cmsl<50 and td.lancasl=1 then 1 else 0 end entrada ,case when cmsl>50 and td.lancasl=1 then 1 else 0 end saida ,temserie assets ,~semgre usegridfields from td inner join td2 on td.tdstamp=td2.td2stamp where td.ndoc = 1
20241106@161356.9550 o9q85ub2j0keb465vncpis2g8q Query : use flama_phc
20241106@161356.1078 o9q85ub2j0keb465vncpis2g8q Query : select top 1 ~inactivo valor from cl where no = '100810' and estab = 0 order by inactivo desc
20241106@161356.2182 o9q85ub2j0keb465vncpis2g8q Query : use flama_phc
20241106@161356.2352 o9q85ub2j0keb465vncpis2g8q Query : select top 1 tipodoc,regrd from td where ndoc = 39
20241106@161356.3334 o9q85ub2j0keb465vncpis2g8q Query : use flama_phc
20241106@161356.3456 o9q85ub2j0keb465vncpis2g8q Query : select szadrsstamp valor from szadrs where szadrsdesc='espaÇotrans,lda'
20241106@161356.5042 o9q85ub2j0keb465vncpis2g8q Query : use flama_phc
20241106@161356.5204 o9q85ub2j0keb465vncpis2g8q Query : select szadrsstamp valor from szadrs where szadrsdesc='100810 - worten-equipamentos para o lar,sa.'
20241106@161356.7198 o9q85ub2j0keb465vncpis2g8q Query : use flama_phc
20241106@161356.7405 o9q85ub2j0keb465vncpis2g8q Query : select 1 valor from td where ndoc = 39
20241106@161356.8707 o9q85ub2j0keb465vncpis2g8q Query : select top 1 manternumero, tiposaft, nmdos,td.assinadoc from td where td.ndoc = 39
20241106@161356.9695 o9q85ub2j0keb465vncpis2g8q Query : select 1 valor from information_schema.tables where table_type='base table' and table_name='wstablefields'
20241106@161357.8740 o9q85ub2j0keb465vncpis2g8q Query : select fieldkey,fieldname,fieldtype,mandatory from wstablefields where tablename = 'ft' and documentnumber = 39
20241106@161357.2103 o9q85ub2j0keb465vncpis2g8q Query : select 1 valor from information_schema.tables where table_type='base table' and table_name='wstablefields'
20241106@161357.3197 o9q85ub2j0keb465vncpis2g8q Query : select fieldkey,fieldname,fieldtype,mandatory from wstablefields where tablename = 'ft2' and documentnumber = 39
20241106@161357.5708 o9q85ub2j0keb465vncpis2g8q Query : select 1 valor from information_schema.tables where table_type='base table' and table_name='wstablefields'
20241106@161357.6535 o9q85ub2j0keb465vncpis2g8q Query : select fieldkey,fieldname,fieldtype,mandatory from wstablefields where tablename = 'ft3' and documentnumber = 39
20241106@161357.7272 o9q85ub2j0keb465vncpis2g8q Query : select top 1 ft.fno valor from ft ft where ft.ndoc = 39 and ftano=2024 order by fno desc
20241106@161357.8173 o9q85ub2j0keb465vncpis2g8q Query : select top 1 ft.fno valor from wsftdata ft where ft.ndoc = 39 and ftano=2024 order by fno desc
20241106@161357.9028 o9q85ub2j0keb465vncpis2g8q Query : select 1 valor from information_schema.tables where table_type='base table' and table_name='wstablefields'
20241106@161358.1630 o9q85ub2j0keb465vncpis2g8q Query : select fieldkey,fieldname,fieldtype,calcformula from wstablefields where tablename = 'ft3' and documentnumber = 39
20241106@161358.1597 o9q85ub2j0keb465vncpis2g8q Query : insert into wsft3data (ft3stamp, ousrdata, ousrhora, usrdata,usrhora,ousrinis,usrinis,taxpointdt ) values ('aut672b934343672b95c5b1' ,getdate(),convert(char(8),convert (time,getdate())),getdate(),convert(char(8),convert (time,getdate())),'wsv','wsv',?)
20241106@161358.2562 o9q85ub2j0keb465vncpis2g8q Query : select 1 valor from information_schema.tables where table_type='base table' and table_name='wstablefields'
20241106@161358.3301 o9q85ub2j0keb465vncpis2g8q Query : select fieldkey,fieldname,fieldtype,calcformula from wstablefields where tablename = 'ft2' and documentnumber = 39
20241106@161358.5547 o9q85ub2j0keb465vncpis2g8q Query : select top 1 bo.u_nomeenv valor from bo where bo.bostamp=''
20241106@161358.6466 o9q85ub2j0keb465vncpis2g8q Query : select top 1 bo.u_moradaen valor from bo where bo.bostamp=''
20241106@161358.7167 o9q85ub2j0keb465vncpis2g8q Query : select top 1 bo.u_codposen valor from bo where bo.bostamp=''
20241106@161358.7854 o9q85ub2j0keb465vncpis2g8q Query : select top 1 bo.u_localenv valor from bo where bo.bostamp=''
20241106@161358.8464 o9q85ub2j0keb465vncpis2g8q Query : select top 1 bo.trab5 valor from bo where bo.bostamp=''
20241106@161358.9080 o9q85ub2j0keb465vncpis2g8q Query : select top 1 bo.serie valor from bo where bo.bostamp=''
20241106@161358.9963 o9q85ub2j0keb465vncpis2g8q Query : insert into wsft2data (ft2stamp, ousrdata,ousrhora, usrdata,usrhora,ousrinis,usrinis,u_nomeenv ,u_moradaen ,u_codposen ,u_localenv ,u_coddest ,u_codby ) values ('aut672b934343672b95c5b1',getdate(),convert(char(8),convert (time,getdate())),getdate(),convert(char(8),convert (time,getdate())),'wsv','wsv',?,?,?,?,?,?)
20241106@161359.1453 o9q85ub2j0keb465vncpis2g8q Query : select top 1 fno valor from wsftdata order by fno desc
20241106@161359.2652 o9q85ub2j0keb465vncpis2g8q Query : select 1 valor from information_schema.tables where table_type='base table' and table_name='wstablefields'
20241106@161359.3873 o9q85ub2j0keb465vncpis2g8q Query : select fieldkey,fieldname,fieldtype,calcformula from wstablefields where tablename = 'ft' and documentnumber = 39
20241106@161359.6044 o9q85ub2j0keb465vncpis2g8q Query : select 'normal' from dummy
20241106@161359.7070 o9q85ub2j0keb465vncpis2g8q Query : insert into wsftdata (ftstamp, ousrdata,ousrhora, usrdata,usrhora,ousrinis,usrinis,fno,no,estab,fdata,ndoc,moeda,cambio,cambiofixo,ftano,site ,classe ) values ('aut672b934343672b95c5b1',getdate(),convert(char(8),convert (time,getdate())),getdate(),convert(char(8),convert (time,getdate())),'wsv','wsv',1696,100810,0,'2024-11-06',39,'euro',0,0,2024 ,?,?)
20241106@161359.8811 o9q85ub2j0keb465vncpis2g8q Query : use flama_phc
20241106@161359.8934 o9q85ub2j0keb465vncpis2g8q Query : select st.usalote valor from st where st.ref = '324.682.00.01'
20241106@161359.9912 o9q85ub2j0keb465vncpis2g8q Query : select top 1 st.tabiva ,st.ivaincl ,st.stns ,st.uni2 ,st.familia ,isnull(tx.taxa, 0) txiva ,unidade ,usalote ,epcpond ,noserie ,conversao ,st.texteis from st left join taxasiva tx on st.tabiva = tx.codigo where st.ref = '324.682.00.01'
20241106@161400.1247 o9q85ub2j0keb465vncpis2g8q Query : select 1 valor from information_schema.tables where table_type='base table' and table_name='wstablefields'
20241106@161400.1958 o9q85ub2j0keb465vncpis2g8q Query : select fieldkey,fieldname,fieldtype,mandatory from wstablefields where tablename = 'fi' and documentnumber = 39
20241106@161400.3940 o9q85ub2j0keb465vncpis2g8q Query : select 1 valor from information_schema.tables where table_type='base table' and table_name='wstablefields'
20241106@161400.4804 o9q85ub2j0keb465vncpis2g8q Query : select fieldkey,fieldname,fieldtype,mandatory from wstablefields where tablename = 'fi2' and documentnumber = 39
20241106@161400.5485 o9q85ub2j0keb465vncpis2g8q Query : select top 1 convert(numeric(6,2),t.taxa) valor from taxasiva t where t.codigo='2'
20241106@161400.6219 o9q85ub2j0keb465vncpis2g8q Query : select sestamp valor from se where ref ='324.682.00.01' and lote = 'r2400221200a'
20241106@161400.6951 o9q85ub2j0keb465vncpis2g8q Query : select 1 valor from information_schema.tables where table_type='base table' and table_name='wstablefields'
20241106@161400.7568 o9q85ub2j0keb465vncpis2g8q Query : select fieldkey,fieldname,fieldtype,calcformula from wstablefields where tablename = 'fi2' and documentnumber = 39
20241106@161400.8847 o9q85ub2j0keb465vncpis2g8q Query : insert into wsfi2data (fi2stamp,ftstamp ,ousrdata, ousrhora, usrdata,usrhora,ousrinis,usrinis) values ('aut672b924112672b95c8a9','aut672b934343672b95c5b1' ,getdate(),convert(char(8),convert (time,getdate())),getdate(),convert(char(8),convert (time,getdate())),'wsv','wsv')
20241106@161400.9015 o9q85ub2j0keb465vncpis2g8q Query : select 1 valor from information_schema.tables where table_type='base table' and table_name='wstablefields'
20241106@161401.2000 o9q85ub2j0keb465vncpis2g8q Query : select fieldkey,fieldname,fieldtype,calcformula from wstablefields where tablename = 'fi' and documentnumber = 39
20241106@161401.1942 o9q85ub2j0keb465vncpis2g8q Query : insert into wsfidata (fistamp,ousrdata, ousrhora, usrdata,usrhora,ousrinis,usrinis ,qtt ,ftstamp ,epv,pvmoeda ,tabiva,iva,lordem ,ref, design ,lote,armazem,bistamp ) values ('aut672b924112672b95c8a9',getdate(),convert(char(8),convert (time,getdate())),getdate(),convert(char(8),convert (time,getdate())),'wsv','wsv',8.000 ,'aut672b934343672b95c5b1' ,0,0 ,2,23.00,10000,?,?,?,?,?)
20241106@161401.3158 o9q85ub2j0keb465vncpis2g8q Query : select 1 valor from information_schema.tables where table_type='base table' and table_name='wstablefields'
20241106@161401.3794 o9q85ub2j0keb465vncpis2g8q Query : select fieldkey,fieldname,fieldtype,mandatory from wstablefields where tablename = 'fi' and documentnumber = 39
20241106@161401.5044 o9q85ub2j0keb465vncpis2g8q Query : select 1 valor from information_schema.tables where table_type='base table' and table_name='wstablefields'
20241106@161401.5543 o9q85ub2j0keb465vncpis2g8q Query : select fieldkey,fieldname,fieldtype,mandatory from wstablefields where tablename = 'fi2' and documentnumber = 39
20241106@161401.5962 o9q85ub2j0keb465vncpis2g8q Query : select top 1 convert(numeric(6,2),t.taxa) valor from taxasiva t where t.codigo='2'
20241106@161401.6693 o9q85ub2j0keb465vncpis2g8q Query : select 1 valor from information_schema.tables where table_type='base table' and table_name='wstablefields'
20241106@161401.7192 o9q85ub2j0keb465vncpis2g8q Query : select fieldkey,fieldname,fieldtype,calcformula from wstablefields where tablename = 'fi2' and documentnumber = 39
20241106@161401.8102 o9q85ub2j0keb465vncpis2g8q Query : insert into wsfi2data (fi2stamp,ftstamp ,ousrdata, ousrhora, usrdata,usrhora,ousrinis,usrinis) values ('aut672b900274672b95c9a3','aut672b934343672b95c5b1' ,getdate(),convert(char(8),convert (time,getdate())),getdate(),convert(char(8),convert (time,getdate())),'wsv','wsv')
20241106@161401.8186 o9q85ub2j0keb465vncpis2g8q Query : select 1 valor from information_schema.tables where table_type='base table' and table_name='wstablefields'
20241106@161401.9195 o9q85ub2j0keb465vncpis2g8q Query : select fieldkey,fieldname,fieldtype,calcformula from wstablefields where tablename = 'fi' and documentnumber = 39
20241106@161402.6280 o9q85ub2j0keb465vncpis2g8q Query : insert into wsfidata (fistamp,ousrdata, ousrhora, usrdata,usrhora,ousrinis,usrinis ,qtt ,ftstamp ,epv,pvmoeda ,tabiva,iva,lordem ,ref, design ,armazem) values ('aut672b900274672b95c9a3',getdate(),convert(char(8),convert (time,getdate())),getdate(),convert(char(8),convert (time,getdate())),'wsv','wsv',0 ,'aut672b934343672b95c5b1' ,0,0 ,2,23.00,20000,?,?,?)
20241106@161402.1879 o9q85ub2j0keb465vncpis2g8q Query : use flama_phc
20241106@161402.2003 o9q85ub2j0keb465vncpis2g8q Query : select st.usalote valor from st where st.ref = '324.682.00.01'
20241106@161402.3263 o9q85ub2j0keb465vncpis2g8q Query : select top 1 st.tabiva ,st.ivaincl ,st.stns ,st.uni2 ,st.familia ,isnull(tx.taxa, 0) txiva ,unidade ,usalote ,epcpond ,noserie ,conversao ,st.texteis from st left join taxasiva tx on st.tabiva = tx.codigo where st.ref = '324.682.00.01'
20241106@161402.4119 o9q85ub2j0keb465vncpis2g8q Query : select 1 valor from information_schema.tables where table_type='base table' and table_name='wstablefields'
20241106@161402.4815 o9q85ub2j0keb465vncpis2g8q Query : select fieldkey,fieldname,fieldtype,mandatory from wstablefields where tablename = 'fi' and documentnumber = 39
20241106@161402.9345 o9q85ub2j0keb465vncpis2g8q Query : select 1 valor from information_schema.tables where table_type='base table' and table_name='wstablefields'
20241106@161403.3220 o9q85ub2j0keb465vncpis2g8q Query : select fieldkey,fieldname,fieldtype,mandatory from wstablefields where tablename = 'fi2' and documentnumber = 39
20241106@161403.1044 o9q85ub2j0keb465vncpis2g8q Query : select top 1 convert(numeric(6,2),t.taxa) valor from taxasiva t where t.codigo='2'
20241106@161403.2029 o9q85ub2j0keb465vncpis2g8q Query : select sestamp valor from se where ref ='324.682.00.01' and lote = 'r2400221200a'
20241106@161403.3698 o9q85ub2j0keb465vncpis2g8q Query : select 1 valor from information_schema.tables where table_type='base table' and table_name='wstablefields'
20241106@161403.4473 o9q85ub2j0keb465vncpis2g8q Query : select fieldkey,fieldname,fieldtype,calcformula from wstablefields where tablename = 'fi2' and documentnumber = 39
20241106@161403.4883 o9q85ub2j0keb465vncpis2g8q Query : insert into wsfi2data (fi2stamp,ftstamp ,ousrdata, ousrhora, usrdata,usrhora,ousrinis,usrinis) values ('aut672b906427672b95cb5a','aut672b934343672b95c5b1' ,getdate(),convert(char(8),convert (time,getdate())),getdate(),convert(char(8),convert (time,getdate())),'wsv','wsv')
20241106@161403.4968 o9q85ub2j0keb465vncpis2g8q Query : select 1 valor from information_schema.tables where table_type='base table' and table_name='wstablefields'
20241106@161403.5473 o9q85ub2j0keb465vncpis2g8q Query : select fieldkey,fieldname,fieldtype,calcformula from wstablefields where tablename = 'fi' and documentnumber = 39
20241106@161403.8363 o9q85ub2j0keb465vncpis2g8q Query : insert into wsfidata (fistamp,ousrdata, ousrhora, usrdata,usrhora,ousrinis,usrinis ,qtt ,ftstamp ,epv,pvmoeda ,tabiva,iva,lordem ,ref, design ,lote,armazem,bistamp ) values ('aut672b906427672b95cb5a',getdate(),convert(char(8),convert (time,getdate())),getdate(),convert(char(8),convert (time,getdate())),'wsv','wsv',24.000 ,'aut672b934343672b95c5b1' ,0,0 ,2,23.00,40000,?,?,?,?,?)
20241106@161403.9841 o9q85ub2j0keb465vncpis2g8q Query : select 1 valor from information_schema.tables where table_type='base table' and table_name='wstablefields'
20241106@161404.5940 o9q85ub2j0keb465vncpis2g8q Query : select fieldkey,fieldname,fieldtype,mandatory from wstablefields where tablename = 'fi' and documentnumber = 39
20241106@161404.1812 o9q85ub2j0keb465vncpis2g8q Query : select 1 valor from information_schema.tables where table_type='base table' and table_name='wstablefields'
20241106@161404.2798 o9q85ub2j0keb465vncpis2g8q Query : select fieldkey,fieldname,fieldtype,mandatory from wstablefields where tablename = 'fi2' and documentnumber = 39
20241106@161404.5490 o9q85ub2j0keb465vncpis2g8q Query : select top 1 convert(numeric(6,2),t.taxa) valor from taxasiva t where t.codigo='2'
20241106@161404.6047 o9q85ub2j0keb465vncpis2g8q Query : select 1 valor from information_schema.tables where table_type='base table' and table_name='wstablefields'
20241106@161404.8020 o9q85ub2j0keb465vncpis2g8q Query : select fieldkey,fieldname,fieldtype,calcformula from wstablefields where tablename = 'fi2' and documentnumber = 39
20241106@161404.8435 o9q85ub2j0keb465vncpis2g8q Query : insert into wsfi2data (fi2stamp,ftstamp ,ousrdata, ousrhora, usrdata,usrhora,ousrinis,usrinis) values ('aut672b918766672b95cc93','aut672b934343672b95c5b1' ,getdate(),convert(char(8),convert (time,getdate())),getdate(),convert(char(8),convert (time,getdate())),'wsv','wsv')
20241106@161404.8519 o9q85ub2j0keb465vncpis2g8q Query : select 1 valor from information_schema.tables where table_type='base table' and table_name='wstablefields'
20241106@161404.9049 o9q85ub2j0keb465vncpis2g8q Query : select fieldkey,fieldname,fieldtype,calcformula from wstablefields where tablename = 'fi' and documentnumber = 39
20241106@161405.5760 o9q85ub2j0keb465vncpis2g8q Query : insert into wsfidata (fistamp,ousrdata, ousrhora, usrdata,usrhora,ousrinis,usrinis ,qtt ,ftstamp ,epv,pvmoeda ,tabiva,iva,lordem ,ref, design ,armazem) values ('aut672b918766672b95cc93',getdate(),convert(char(8),convert (time,getdate())),getdate(),convert(char(8),convert (time,getdate())),'wsv','wsv',0 ,'aut672b934343672b95c5b1' ,0,0 ,2,23.00,50000,?,?,?)
20241106@161405.1510 o9q85ub2j0keb465vncpis2g8q Query : use flama_phc
20241106@161405.1593 o9q85ub2j0keb465vncpis2g8q Query : select st.usalote valor from st where st.ref = '324.682.00.01'
20241106@161405.2303 o9q85ub2j0keb465vncpis2g8q Query : select top 1 st.tabiva ,st.ivaincl ,st.stns ,st.uni2 ,st.familia ,isnull(tx.taxa, 0) txiva ,unidade ,usalote ,epcpond ,noserie ,conversao ,st.texteis from st left join taxasiva tx on st.tabiva = tx.codigo where st.ref = '324.682.00.01'
20241106@161405.2857 o9q85ub2j0keb465vncpis2g8q Query : select 1 valor from information_schema.tables where table_type='base table' and table_name='wstablefields'
20241106@161405.3586 o9q85ub2j0keb465vncpis2g8q Query : select fieldkey,fieldname,fieldtype,mandatory from wstablefields where tablename = 'fi' and documentnumber = 39
20241106@161405.5429 o9q85ub2j0keb465vncpis2g8q Query : select 1 valor from information_schema.tables where table_type='base table' and table_name='wstablefields'
20241106@161405.6287 o9q85ub2j0keb465vncpis2g8q Query : select fieldkey,fieldname,fieldtype,mandatory from wstablefields where tablename = 'fi2' and documentnumber = 39
20241106@161405.6942 o9q85ub2j0keb465vncpis2g8q Query : select top 1 convert(numeric(6,2),t.taxa) valor from taxasiva t where t.codigo='2'
20241106@161405.7997 o9q85ub2j0keb465vncpis2g8q Query : select sestamp valor from se where ref ='324.682.00.01' and lote = 'r2400221200a'
20241106@161405.8912 o9q85ub2j0keb465vncpis2g8q Query : select 1 valor from information_schema.tables where table_type='base table' and table_name='wstablefields'
20241106@161405.9834 o9q85ub2j0keb465vncpis2g8q Query : select fieldkey,fieldname,fieldtype,calcformula from wstablefields where tablename = 'fi2' and documentnumber = 39
20241106@161406.6150 o9q85ub2j0keb465vncpis2g8q Query : insert into wsfi2data (fi2stamp,ftstamp ,ousrdata, ousrhora, usrdata,usrhora,ousrinis,usrinis) values ('aut672b904224672b95cdd9','aut672b934343672b95c5b1' ,getdate(),convert(char(8),convert (time,getdate())),getdate(),convert(char(8),convert (time,getdate())),'wsv','wsv')
20241106@161406.8260 o9q85ub2j0keb465vncpis2g8q Query : select 1 valor from information_schema.tables where table_type='base table' and table_name='wstablefields'
20241106@161406.1795 o9q85ub2j0keb465vncpis2g8q Query : select fieldkey,fieldname,fieldtype,calcformula from wstablefields where tablename = 'fi' and documentnumber = 39
20241106@161406.4214 o9q85ub2j0keb465vncpis2g8q Query : insert into wsfidata (fistamp,ousrdata, ousrhora, usrdata,usrhora,ousrinis,usrinis ,qtt ,ftstamp ,epv,pvmoeda ,tabiva,iva,lordem ,ref, design ,lote,armazem,bistamp ) values ('aut672b904224672b95cdd9',getdate(),convert(char(8),convert (time,getdate())),getdate(),convert(char(8),convert (time,getdate())),'wsv','wsv',24.000 ,'aut672b934343672b95c5b1' ,0,0 ,2,23.00,70000,?,?,?,?,?)
20241106@161406.6304 o9q85ub2j0keb465vncpis2g8q Query : select 1 valor from information_schema.tables where table_type='base table' and table_name='wstablefields'
20241106@161406.7059 o9q85ub2j0keb465vncpis2g8q Query : select fieldkey,fieldname,fieldtype,mandatory from wstablefields where tablename = 'fi' and documentnumber = 39
20241106@161406.9245 o9q85ub2j0keb465vncpis2g8q Query : select 1 valor from information_schema.tables where table_type='base table' and table_name='wstablefields'
20241106@161406.9985 o9q85ub2j0keb465vncpis2g8q Query : select fieldkey,fieldname,fieldtype,mandatory from wstablefields where tablename = 'fi2' and documentnumber = 39
20241106@161407.4760 o9q85ub2j0keb465vncpis2g8q Query : select top 1 convert(numeric(6,2),t.taxa) valor from taxasiva t where t.codigo='2'
20241106@161407.1218 o9q85ub2j0keb465vncpis2g8q Query : select 1 valor from information_schema.tables where table_type='base table' and table_name='wstablefields'
20241106@161407.2804 o9q85ub2j0keb465vncpis2g8q Query : select fieldkey,fieldname,fieldtype,calcformula from wstablefields where tablename = 'fi2' and documentnumber = 39
20241106@161407.3424 o9q85ub2j0keb465vncpis2g8q Query : insert into wsfi2data (fi2stamp,ftstamp ,ousrdata, ousrhora, usrdata,usrhora,ousrinis,usrinis) values ('aut672b932103672b95cf1d','aut672b934343672b95c5b1' ,getdate(),convert(char(8),convert (time,getdate())),getdate(),convert(char(8),convert (time,getdate())),'wsv','wsv')
20241106@161407.3631 o9q85ub2j0keb465vncpis2g8q Query : select 1 valor from information_schema.tables where table_type='base table' and table_name='wstablefields'
20241106@161407.4382 o9q85ub2j0keb465vncpis2g8q Query : select fieldkey,fieldname,fieldtype,calcformula from wstablefields where tablename = 'fi' and documentnumber = 39
20241106@161407.6378 o9q85ub2j0keb465vncpis2g8q Query : insert into wsfidata (fistamp,ousrdata, ousrhora, usrdata,usrhora,ousrinis,usrinis ,qtt ,ftstamp ,epv,pvmoeda ,tabiva,iva,lordem ,ref, design ,armazem) values ('aut672b932103672b95cf1d',getdate(),convert(char(8),convert (time,getdate())),getdate(),convert(char(8),convert (time,getdate())),'wsv','wsv',0 ,'aut672b934343672b95c5b1' ,0,0 ,2,23.00,80000,?,?,?)
20241106@161407.8007 o9q85ub2j0keb465vncpis2g8q Query : use flama_phc
20241106@161407.8130 o9q85ub2j0keb465vncpis2g8q Query : select st.usalote valor from st where st.ref = '324.682.00.01'
20241106@161407.9120 o9q85ub2j0keb465vncpis2g8q Query : select top 1 st.tabiva ,st.ivaincl ,st.stns ,st.uni2 ,st.familia ,isnull(tx.taxa, 0) txiva ,unidade ,usalote ,epcpond ,noserie ,conversao ,st.texteis from st left join taxasiva tx on st.tabiva = tx.codigo where st.ref = '324.682.00.01'
20241106@161408.6200 o9q85ub2j0keb465vncpis2g8q Query : select 1 valor from information_schema.tables where table_type='base table' and table_name='wstablefields'
20241106@161408.1047 o9q85ub2j0keb465vncpis2g8q Query : select fieldkey,fieldname,fieldtype,mandatory from wstablefields where tablename = 'fi' and documentnumber = 39
20241106@161408.3180 o9q85ub2j0keb465vncpis2g8q Query : select 1 valor from information_schema.tables where table_type='base table' and table_name='wstablefields'
20241106@161408.4222 o9q85ub2j0keb465vncpis2g8q Query : select fieldkey,fieldname,fieldtype,mandatory from wstablefields where tablename = 'fi2' and documentnumber = 39
20241106@161408.4736 o9q85ub2j0keb465vncpis2g8q Query : select top 1 convert(numeric(6,2),t.taxa) valor from taxasiva t where t.codigo='2'
20241106@161408.5476 o9q85ub2j0keb465vncpis2g8q Query : select sestamp valor from se where ref ='324.682.00.01' and lote = 'r2400221200a'
20241106@161408.6214 o9q85ub2j0keb465vncpis2g8q Query : select 1 valor from information_schema.tables where table_type='base table' and table_name='wstablefields'
20241106@161408.6959 o9q85ub2j0keb465vncpis2g8q Query : select fieldkey,fieldname,fieldtype,calcformula from wstablefields where tablename = 'fi2' and documentnumber = 39
20241106@161408.7576 o9q85ub2j0keb465vncpis2g8q Query : insert into wsfi2data (fi2stamp,ftstamp ,ousrdata, ousrhora, usrdata,usrhora,ousrinis,usrinis) values ('aut672b952746672b95d097','aut672b934343672b95c5b1' ,getdate(),convert(char(8),convert (time,getdate())),getdate(),convert(char(8),convert (time,getdate())),'wsv','wsv')
20241106@161408.7780 o9q85ub2j0keb465vncpis2g8q Query : select 1 valor from information_schema.tables where table_type='base table' and table_name='wstablefields'
20241106@161408.8719 o9q85ub2j0keb465vncpis2g8q Query : select fieldkey,fieldname,fieldtype,calcformula from wstablefields where tablename = 'fi' and documentnumber = 39
20241106@161409.5650 o9q85ub2j0keb465vncpis2g8q Query : insert into wsfidata (fistamp,ousrdata, ousrhora, usrdata,usrhora,ousrinis,usrinis ,qtt ,ftstamp ,epv,pvmoeda ,tabiva,iva,lordem ,ref, design ,lote,armazem,bistamp ) values ('aut672b952746672b95d097',getdate(),convert(char(8),convert (time,getdate())),getdate(),convert(char(8),convert (time,getdate())),'wsv','wsv',24.000 ,'aut672b934343672b95c5b1' ,0,0 ,2,23.00,100000,?,?,?,?,?)
20241106@161409.2285 o9q85ub2j0keb465vncpis2g8q Query : select 1 valor from information_schema.tables where table_type='base table' and table_name='wstablefields'
20241106@161409.3318 o9q85ub2j0keb465vncpis2g8q Query : select fieldkey,fieldname,fieldtype,mandatory from wstablefields where tablename = 'fi' and documentnumber = 39
20241106@161409.5229 o9q85ub2j0keb465vncpis2g8q Query : select 1 valor from information_schema.tables where table_type='base table' and table_name='wstablefields'
20241106@161409.6691 o9q85ub2j0keb465vncpis2g8q Query : select fieldkey,fieldname,fieldtype,mandatory from wstablefields where tablename = 'fi2' and documentnumber = 39
20241106@161409.7244 o9q85ub2j0keb465vncpis2g8q Query : select top 1 convert(numeric(6,2),t.taxa) valor from taxasiva t where t.codigo='2'
20241106@161409.7861 o9q85ub2j0keb465vncpis2g8q Query : select 1 valor from information_schema.tables where table_type='base table' and table_name='wstablefields'
20241106@161409.8383 o9q85ub2j0keb465vncpis2g8q Query : select fieldkey,fieldname,fieldtype,calcformula from wstablefields where tablename = 'fi2' and documentnumber = 39
20241106@161409.8807 o9q85ub2j0keb465vncpis2g8q Query : insert into wsfi2data (fi2stamp,ftstamp ,ousrdata, ousrhora, usrdata,usrhora,ousrinis,usrinis) values ('aut672b940068672b95d1bf','aut672b934343672b95c5b1' ,getdate(),convert(char(8),convert (time,getdate())),getdate(),convert(char(8),convert (time,getdate())),'wsv','wsv')
20241106@161409.8890 o9q85ub2j0keb465vncpis2g8q Query : select 1 valor from information_schema.tables where table_type='base table' and table_name='wstablefields'
20241106@161409.9459 o9q85ub2j0keb465vncpis2g8q Query : select fieldkey,fieldname,fieldtype,calcformula from wstablefields where tablename = 'fi' and documentnumber = 39
20241106@161410.9270 o9q85ub2j0keb465vncpis2g8q Query : insert into wsfidata (fistamp,ousrdata, ousrhora, usrdata,usrhora,ousrinis,usrinis ,qtt ,ftstamp ,epv,pvmoeda ,tabiva,iva,lordem ,ref, design ,armazem) values ('aut672b940068672b95d1bf',getdate(),convert(char(8),convert (time,getdate())),getdate(),convert(char(8),convert (time,getdate())),'wsv','wsv',0 ,'aut672b934343672b95c5b1' ,0,0 ,2,23.00,110000,?,?,?)
20241106@161410.1992 o9q85ub2j0keb465vncpis2g8q Query : use flama_phc
20241106@161410.2081 o9q85ub2j0keb465vncpis2g8q Query : select st.usalote valor from st where st.ref = '324.682.00.01'
20241106@161410.2772 o9q85ub2j0keb465vncpis2g8q Query : select top 1 st.tabiva ,st.ivaincl ,st.stns ,st.uni2 ,st.familia ,isnull(tx.taxa, 0) txiva ,unidade ,usalote ,epcpond ,noserie ,conversao ,st.texteis from st left join taxasiva tx on st.tabiva = tx.codigo where st.ref = '324.682.00.01'
20241106@161410.3380 o9q85ub2j0keb465vncpis2g8q Query : select 1 valor from information_schema.tables where table_type='base table' and table_name='wstablefields'
20241106@161410.4099 o9q85ub2j0keb465vncpis2g8q Query : select fieldkey,fieldname,fieldtype,mandatory from wstablefields where tablename = 'fi' and documentnumber = 39
20241106@161410.5256 o9q85ub2j0keb465vncpis2g8q Query : select 1 valor from information_schema.tables where table_type='base table' and table_name='wstablefields'
20241106@161410.6172 o9q85ub2j0keb465vncpis2g8q Query : select fieldkey,fieldname,fieldtype,mandatory from wstablefields where tablename = 'fi2' and documentnumber = 39
20241106@161410.6510 o9q85ub2j0keb465vncpis2g8q Query : select top 1 convert(numeric(6,2),t.taxa) valor from taxasiva t where t.codigo='2'
20241106@161410.7550 o9q85ub2j0keb465vncpis2g8q Query : select sestamp valor from se where ref ='324.682.00.01' and lote = 'r2400221200a'
20241106@161410.8363 o9q85ub2j0keb465vncpis2g8q Query : select 1 valor from information_schema.tables where table_type='base table' and table_name='wstablefields'
20241106@161410.9167 o9q85ub2j0keb465vncpis2g8q Query : select fieldkey,fieldname,fieldtype,calcformula from wstablefields where tablename = 'fi2' and documentnumber = 39
20241106@161410.9693 o9q85ub2j0keb465vncpis2g8q Query : insert into wsfi2data (fi2stamp,ftstamp ,ousrdata, ousrhora, usrdata,usrhora,ousrinis,usrinis) values ('aut672b978832672b95d2cc','aut672b934343672b95c5b1' ,getdate(),convert(char(8),convert (time,getdate())),getdate(),convert(char(8),convert (time,getdate())),'wsv','wsv')
20241106@161410.9797 o9q85ub2j0keb465vncpis2g8q Query : select 1 valor from information_schema.tables where table_type='base table' and table_name='wstablefields'
20241106@161411.2990 o9q85ub2j0keb465vncpis2g8q Query : select fieldkey,fieldname,fieldtype,calcformula from wstablefields where tablename = 'fi' and documentnumber = 39
20241106@161411.1857 o9q85ub2j0keb465vncpis2g8q Query : insert into wsfidata (fistamp,ousrdata, ousrhora, usrdata,usrhora,ousrinis,usrinis ,qtt ,ftstamp ,epv,pvmoeda ,tabiva,iva,lordem ,ref, design ,lote,armazem,bistamp ) values ('aut672b978832672b95d2cc',getdate(),convert(char(8),convert (time,getdate())),getdate(),convert(char(8),convert (time,getdate())),'wsv','wsv',24.000 ,'aut672b934343672b95c5b1' ,0,0 ,2,23.00,130000,?,?,?,?,?)
20241106@161411.3557 o9q85ub2j0keb465vncpis2g8q Query : select 1 valor from information_schema.tables where table_type='base table' and table_name='wstablefields'
20241106@161411.4191 o9q85ub2j0keb465vncpis2g8q Query : select fieldkey,fieldname,fieldtype,mandatory from wstablefields where tablename = 'fi' and documentnumber = 39
20241106@161411.5872 o9q85ub2j0keb465vncpis2g8q Query : select 1 valor from information_schema.tables where table_type='base table' and table_name='wstablefields'
20241106@161411.7077 o9q85ub2j0keb465vncpis2g8q Query : select fieldkey,fieldname,fieldtype,mandatory from wstablefields where tablename = 'fi2' and documentnumber = 39
20241106@161411.7408 o9q85ub2j0keb465vncpis2g8q Query : select top 1 convert(numeric(6,2),t.taxa) valor from taxasiva t where t.codigo='2'
20241106@161411.8393 o9q85ub2j0keb465vncpis2g8q Query : select 1 valor from information_schema.tables where table_type='base table' and table_name='wstablefields'
20241106@161411.9252 o9q85ub2j0keb465vncpis2g8q Query : select fieldkey,fieldname,fieldtype,calcformula from wstablefields where tablename = 'fi2' and documentnumber = 39
20241106@161412.3490 o9q85ub2j0keb465vncpis2g8q Query : insert into wsfi2data (fi2stamp,ftstamp ,ousrdata, ousrhora, usrdata,usrhora,ousrinis,usrinis) values ('aut672b943056672b95d3cc','aut672b934343672b95c5b1' ,getdate(),convert(char(8),convert (time,getdate())),getdate(),convert(char(8),convert (time,getdate())),'wsv','wsv')
20241106@161412.4730 o9q85ub2j0keb465vncpis2g8q Query : select 1 valor from information_schema.tables where table_type='base table' and table_name='wstablefields'
20241106@161412.1209 o9q85ub2j0keb465vncpis2g8q Query : select fieldkey,fieldname,fieldtype,calcformula from wstablefields where tablename = 'fi' and documentnumber = 39
20241106@161412.3477 o9q85ub2j0keb465vncpis2g8q Query : insert into wsfidata (fistamp,ousrdata, ousrhora, usrdata,usrhora,ousrinis,usrinis ,qtt ,ftstamp ,epv,pvmoeda ,tabiva,iva,lordem ,ref, design ,armazem) values ('aut672b943056672b95d3cc',getdate(),convert(char(8),convert (time,getdate())),getdate(),convert(char(8),convert (time,getdate())),'wsv','wsv',0 ,'aut672b934343672b95c5b1' ,0,0 ,2,23.00,140000,?,?,?)
20241106@161412.5222 o9q85ub2j0keb465vncpis2g8q Query : use flama_phc
20241106@161412.5353 o9q85ub2j0keb465vncpis2g8q Query : select st.usalote valor from st where st.ref = '324.682.00.01'
20241106@161412.6391 o9q85ub2j0keb465vncpis2g8q Query : select top 1 st.tabiva ,st.ivaincl ,st.stns ,st.uni2 ,st.familia ,isnull(tx.taxa, 0) txiva ,unidade ,usalote ,epcpond ,noserie ,conversao ,st.texteis from st left join taxasiva tx on st.tabiva = tx.codigo where st.ref = '324.682.00.01'
20241106@161412.7222 o9q85ub2j0keb465vncpis2g8q Query : select 1 valor from information_schema.tables where table_type='base table' and table_name='wstablefields'
20241106@161412.8005 o9q85ub2j0keb465vncpis2g8q Query : select fieldkey,fieldname,fieldtype,mandatory from wstablefields where tablename = 'fi' and documentnumber = 39
20241106@161412.9920 o9q85ub2j0keb465vncpis2g8q Query : select 1 valor from information_schema.tables where table_type='base table' and table_name='wstablefields'
20241106@161413.7940 o9q85ub2j0keb465vncpis2g8q Query : select fieldkey,fieldname,fieldtype,mandatory from wstablefields where tablename = 'fi2' and documentnumber = 39
20241106@161413.2235 o9q85ub2j0keb465vncpis2g8q Query : select top 1 convert(numeric(6,2),t.taxa) valor from taxasiva t where t.codigo='2'
20241106@161413.3182 o9q85ub2j0keb465vncpis2g8q Query : select sestamp valor from se where ref ='324.682.00.01' and lote = 'r2400221200a'
20241106@161413.3958 o9q85ub2j0keb465vncpis2g8q Query : select 1 valor from information_schema.tables where table_type='base table' and table_name='wstablefields'
20241106@161413.5228 o9q85ub2j0keb465vncpis2g8q Query : select fieldkey,fieldname,fieldtype,calcformula from wstablefields where tablename = 'fi2' and documentnumber = 39
20241106@161413.6148 o9q85ub2j0keb465vncpis2g8q Query : insert into wsfi2data (fi2stamp,ftstamp ,ousrdata, ousrhora, usrdata,usrhora,ousrinis,usrinis) values ('aut672b913979672b95d560','aut672b934343672b95c5b1' ,getdate(),convert(char(8),convert (time,getdate())),getdate(),convert(char(8),convert (time,getdate())),'wsv','wsv')
20241106@161413.6312 o9q85ub2j0keb465vncpis2g8q Query : select 1 valor from information_schema.tables where table_type='base table' and table_name='wstablefields'
20241106@161413.7373 o9q85ub2j0keb465vncpis2g8q Query : select fieldkey,fieldname,fieldtype,calcformula from wstablefields where tablename = 'fi' and documentnumber = 39
20241106@161413.9414 o9q85ub2j0keb465vncpis2g8q Query : insert into wsfidata (fistamp,ousrdata, ousrhora, usrdata,usrhora,ousrinis,usrinis ,qtt ,ftstamp ,epv,pvmoeda ,tabiva,iva,lordem ,ref, design ,lote,armazem,bistamp ) values ('aut672b913979672b95d560',getdate(),convert(char(8),convert (time,getdate())),getdate(),convert(char(8),convert (time,getdate())),'wsv','wsv',24.000 ,'aut672b934343672b95c5b1' ,0,0 ,2,23.00,160000,?,?,?,?,?)
20241106@161414.1445 o9q85ub2j0keb465vncpis2g8q Query : select 1 valor from information_schema.tables where table_type='base table' and table_name='wstablefields'
20241106@161414.2336 o9q85ub2j0keb465vncpis2g8q Query : select fieldkey,fieldname,fieldtype,mandatory from wstablefields where tablename = 'fi' and documentnumber = 39
20241106@161414.4861 o9q85ub2j0keb465vncpis2g8q Query : select 1 valor from information_schema.tables where table_type='base table' and table_name='wstablefields'
20241106@161414.5837 o9q85ub2j0keb465vncpis2g8q Query : select fieldkey,fieldname,fieldtype,mandatory from wstablefields where tablename = 'fi2' and documentnumber = 39
20241106@161414.6520 o9q85ub2j0keb465vncpis2g8q Query : select top 1 convert(numeric(6,2),t.taxa) valor from taxasiva t where t.codigo='2'
20241106@161414.7647 o9q85ub2j0keb465vncpis2g8q Query : select 1 valor from information_schema.tables where table_type='base table' and table_name='wstablefields'
20241106@161414.8476 o9q85ub2j0keb465vncpis2g8q Query : select fieldkey,fieldname,fieldtype,calcformula from wstablefields where tablename = 'fi2' and documentnumber = 39
20241106@161414.9116 o9q85ub2j0keb465vncpis2g8q Query : insert into wsfi2data (fi2stamp,ftstamp ,ousrdata, ousrhora, usrdata,usrhora,ousrinis,usrinis) values ('aut672b912219672b95d6ba','aut672b934343672b95c5b1' ,getdate(),convert(char(8),convert (time,getdate())),getdate(),convert(char(8),convert (time,getdate())),'wsv','wsv')
20241106@161414.9247 o9q85ub2j0keb465vncpis2g8q Query : select 1 valor from information_schema.tables where table_type='base table' and table_name='wstablefields'
20241106@161415.9100 o9q85ub2j0keb465vncpis2g8q Query : select fieldkey,fieldname,fieldtype,calcformula from wstablefields where tablename = 'fi' and documentnumber = 39
20241106@161415.2130 o9q85ub2j0keb465vncpis2g8q Query : insert into wsfidata (fistamp,ousrdata, ousrhora, usrdata,usrhora,ousrinis,usrinis ,qtt ,ftstamp ,epv,pvmoeda ,tabiva,iva,lordem ,ref, design ,armazem) values ('aut672b912219672b95d6ba',getdate(),convert(char(8),convert (time,getdate())),getdate(),convert(char(8),convert (time,getdate())),'wsv','wsv',0 ,'aut672b934343672b95c5b1' ,0,0 ,2,23.00,170000,?,?,?)
20241106@161415.3583 o9q85ub2j0keb465vncpis2g8q Query : use flama_phc
20241106@161415.3705 o9q85ub2j0keb465vncpis2g8q Query : select st.usalote valor from st where st.ref = '324.682.00.01'
20241106@161415.4688 o9q85ub2j0keb465vncpis2g8q Query : select top 1 st.tabiva ,st.ivaincl ,st.stns ,st.uni2 ,st.familia ,isnull(tx.taxa, 0) txiva ,unidade ,usalote ,epcpond ,noserie ,conversao ,st.texteis from st left join taxasiva tx on st.tabiva = tx.codigo where st.ref = '324.682.00.01'
20241106@161415.5818 o9q85ub2j0keb465vncpis2g8q Query : select 1 valor from information_schema.tables where table_type='base table' and table_name='wstablefields'
20241106@161415.7238 o9q85ub2j0keb465vncpis2g8q Query : select fieldkey,fieldname,fieldtype,mandatory from wstablefields where tablename = 'fi' and documentnumber = 39
20241106@161416.5000 o9q85ub2j0keb465vncpis2g8q Query : select 1 valor from information_schema.tables where table_type='base table' and table_name='wstablefields'
20241106@161416.1478 o9q85ub2j0keb465vncpis2g8q Query : select fieldkey,fieldname,fieldtype,mandatory from wstablefields where tablename = 'fi2' and documentnumber = 39
20241106@161416.2128 o9q85ub2j0keb465vncpis2g8q Query : select top 1 convert(numeric(6,2),t.taxa) valor from taxasiva t where t.codigo='2'
20241106@161416.3251 o9q85ub2j0keb465vncpis2g8q Query : select sestamp valor from se where ref ='324.682.00.01' and lote = 'r2400221200a'
20241106@161416.4315 o9q85ub2j0keb465vncpis2g8q Query : select 1 valor from information_schema.tables where table_type='base table' and table_name='wstablefields'
20241106@161416.5336 o9q85ub2j0keb465vncpis2g8q Query : select fieldkey,fieldname,fieldtype,calcformula from wstablefields where tablename = 'fi2' and documentnumber = 39
20241106@161416.6168 o9q85ub2j0keb465vncpis2g8q Query : insert into wsfi2data (fi2stamp,ftstamp ,ousrdata, ousrhora, usrdata,usrhora,ousrinis,usrinis) values ('aut672b907650672b95d869','aut672b934343672b95c5b1' ,getdate(),convert(char(8),convert (time,getdate())),getdate(),convert(char(8),convert (time,getdate())),'wsv','wsv')
20241106@161416.6351 o9q85ub2j0keb465vncpis2g8q Query : select 1 valor from information_schema.tables where table_type='base table' and table_name='wstablefields'
20241106@161416.7657 o9q85ub2j0keb465vncpis2g8q Query : select fieldkey,fieldname,fieldtype,calcformula from wstablefields where tablename = 'fi' and documentnumber = 39
20241106@161417.2120 o9q85ub2j0keb465vncpis2g8q Query : insert into wsfidata (fistamp,ousrdata, ousrhora, usrdata,usrhora,ousrinis,usrinis ,qtt ,ftstamp ,epv,pvmoeda ,tabiva,iva,lordem ,ref, design ,lote,armazem,bistamp ) values ('aut672b907650672b95d869',getdate(),convert(char(8),convert (time,getdate())),getdate(),convert(char(8),convert (time,getdate())),'wsv','wsv',24.000 ,'aut672b934343672b95c5b1' ,0,0 ,2,23.00,190000,?,?,?,?,?)
20241106@161417.2369 o9q85ub2j0keb465vncpis2g8q Query : select 1 valor from information_schema.tables where table_type='base table' and table_name='wstablefields'
20241106@161417.3348 o9q85ub2j0keb465vncpis2g8q Query : select fieldkey,fieldname,fieldtype,mandatory from wstablefields where tablename = 'fi' and documentnumber = 39
20241106@161417.6064 o9q85ub2j0keb465vncpis2g8q Query : select 1 valor from information_schema.tables where table_type='base table' and table_name='wstablefields'
20241106@161417.7042 o9q85ub2j0keb465vncpis2g8q Query : select fieldkey,fieldname,fieldtype,mandatory from wstablefields where tablename = 'fi2' and documentnumber = 39
20241106@161417.7692 o9q85ub2j0keb465vncpis2g8q Query : select top 1 convert(numeric(6,2),t.taxa) valor from taxasiva t where t.codigo='2'
20241106@161417.9411 o9q85ub2j0keb465vncpis2g8q Query : select 1 valor from information_schema.tables where table_type='base table' and table_name='wstablefields'
20241106@161418.4270 o9q85ub2j0keb465vncpis2g8q Query : select fieldkey,fieldname,fieldtype,calcformula from wstablefields where tablename = 'fi2' and documentnumber = 39
20241106@161418.1239 o9q85ub2j0keb465vncpis2g8q Query : insert into wsfi2data (fi2stamp,ftstamp ,ousrdata, ousrhora, usrdata,usrhora,ousrinis,usrinis) values ('aut672b988284672b95d9e5','aut672b934343672b95c5b1' ,getdate(),convert(char(8),convert (time,getdate())),getdate(),convert(char(8),convert (time,getdate())),'wsv','wsv')
20241106@161418.1445 o9q85ub2j0keb465vncpis2g8q Query : select 1 valor from information_schema.tables where table_type='base table' and table_name='wstablefields'
20241106@161418.2555 o9q85ub2j0keb465vncpis2g8q Query : select fieldkey,fieldname,fieldtype,calcformula from wstablefields where tablename = 'fi' and documentnumber = 39
20241106@161418.5497 o9q85ub2j0keb465vncpis2g8q Query : insert into wsfidata (fistamp,ousrdata, ousrhora, usrdata,usrhora,ousrinis,usrinis ,qtt ,ftstamp ,epv,pvmoeda ,tabiva,iva,lordem ,ref, design ,armazem) values ('aut672b988284672b95d9e5',getdate(),convert(char(8),convert (time,getdate())),getdate(),convert(char(8),convert (time,getdate())),'wsv','wsv',0 ,'aut672b934343672b95c5b1' ,0,0 ,2,23.00,200000,?,?,?)
20241106@161418.7641 o9q85ub2j0keb465vncpis2g8q Query : use flama_phc
20241106@161418.7815 o9q85ub2j0keb465vncpis2g8q Query : select st.usalote valor from st where st.ref = '324.682.00.01'
20241106@161418.9524 o9q85ub2j0keb465vncpis2g8q Query : select top 1 st.tabiva ,st.ivaincl ,st.stns ,st.uni2 ,st.familia ,isnull(tx.taxa, 0) txiva ,unidade ,usalote ,epcpond ,noserie ,conversao ,st.texteis from st left join taxasiva tx on st.tabiva = tx.codigo where st.ref = '324.682.00.01'
20241106@161419.5470 o9q85ub2j0keb465vncpis2g8q Query : select 1 valor from information_schema.tables where table_type='base table' and table_name='wstablefields'
20241106@161419.2080 o9q85ub2j0keb465vncpis2g8q Query : select fieldkey,fieldname,fieldtype,mandatory from wstablefields where tablename = 'fi' and documentnumber = 39
20241106@161419.4526 o9q85ub2j0keb465vncpis2g8q Query : select 1 valor from information_schema.tables where table_type='base table' and table_name='wstablefields'
20241106@161419.5752 o9q85ub2j0keb465vncpis2g8q Query : select fieldkey,fieldname,fieldtype,mandatory from wstablefields where tablename = 'fi2' and documentnumber = 39
20241106@161419.6400 o9q85ub2j0keb465vncpis2g8q Query : select top 1 convert(numeric(6,2),t.taxa) valor from taxasiva t where t.codigo='2'
20241106@161419.7374 o9q85ub2j0keb465vncpis2g8q Query : select sestamp valor from se where ref ='324.682.00.01' and lote = 'r2400221200a'
20241106@161419.8348 o9q85ub2j0keb465vncpis2g8q Query : select 1 valor from information_schema.tables where table_type='base table' and table_name='wstablefields'
20241106@161419.9325 o9q85ub2j0keb465vncpis2g8q Query : select fieldkey,fieldname,fieldtype,calcformula from wstablefields where tablename = 'fi2' and documentnumber = 39
20241106@161420.2200 o9q85ub2j0keb465vncpis2g8q Query : insert into wsfi2data (fi2stamp,ftstamp ,ousrdata, ousrhora, usrdata,usrhora,ousrinis,usrinis) values ('aut672b976592672b95dbcb','aut672b934343672b95c5b1' ,getdate(),convert(char(8),convert (time,getdate())),getdate(),convert(char(8),convert (time,getdate())),'wsv','wsv')
20241106@161420.4240 o9q85ub2j0keb465vncpis2g8q Query : select 1 valor from information_schema.tables where table_type='base table' and table_name='wstablefields'
20241106@161420.1412 o9q85ub2j0keb465vncpis2g8q Query : select fieldkey,fieldname,fieldtype,calcformula from wstablefields where tablename = 'fi' and documentnumber = 39
20241106@161420.4888 o9q85ub2j0keb465vncpis2g8q Query : insert into wsfidata (fistamp,ousrdata, ousrhora, usrdata,usrhora,ousrinis,usrinis ,qtt ,ftstamp ,epv,pvmoeda ,tabiva,iva,lordem ,ref, design ,lote,armazem,bistamp ) values ('aut672b976592672b95dbcb',getdate(),convert(char(8),convert (time,getdate())),getdate(),convert(char(8),convert (time,getdate())),'wsv','wsv',24.000 ,'aut672b934343672b95c5b1' ,0,0 ,2,23.00,220000,?,?,?,?,?)
20241106@161420.7375 o9q85ub2j0keb465vncpis2g8q Query : select 1 valor from information_schema.tables where table_type='base table' and table_name='wstablefields'
20241106@161420.8764 o9q85ub2j0keb465vncpis2g8q Query : select fieldkey,fieldname,fieldtype,mandatory from wstablefields where tablename = 'fi' and documentnumber = 39
20241106@161421.1402 o9q85ub2j0keb465vncpis2g8q Query : select 1 valor from information_schema.tables where table_type='base table' and table_name='wstablefields'
20241106@161421.2379 o9q85ub2j0keb465vncpis2g8q Query : select fieldkey,fieldname,fieldtype,mandatory from wstablefields where tablename = 'fi2' and documentnumber = 39
20241106@161421.3053 o9q85ub2j0keb465vncpis2g8q Query : select top 1 convert(numeric(6,2),t.taxa) valor from taxasiva t where t.codigo='2'
20241106@161421.4064 o9q85ub2j0keb465vncpis2g8q Query : select 1 valor from information_schema.tables where table_type='base table' and table_name='wstablefields'
20241106@161421.5110 o9q85ub2j0keb465vncpis2g8q Query : select fieldkey,fieldname,fieldtype,calcformula from wstablefields where tablename = 'fi2' and documentnumber = 39
20241106@161421.6326 o9q85ub2j0keb465vncpis2g8q Query : insert into wsfi2data (fi2stamp,ftstamp ,ousrdata, ousrhora, usrdata,usrhora,ousrinis,usrinis) values ('aut672b946732672b95dd63','aut672b934343672b95c5b1' ,getdate(),convert(char(8),convert (time,getdate())),getdate(),convert(char(8),convert (time,getdate())),'wsv','wsv')
20241106@161421.6490 o9q85ub2j0keb465vncpis2g8q Query : select 1 valor from information_schema.tables where table_type='base table' and table_name='wstablefields'
20241106@161421.7467 o9q85ub2j0keb465vncpis2g8q Query : select fieldkey,fieldname,fieldtype,calcformula from wstablefields where tablename = 'fi' and documentnumber = 39
20241106@161421.9898 o9q85ub2j0keb465vncpis2g8q Query : insert into wsfidata (fistamp,ousrdata, ousrhora, usrdata,usrhora,ousrinis,usrinis ,qtt ,ftstamp ,epv,pvmoeda ,tabiva,iva,lordem ,ref, design ,armazem) values ('aut672b946732672b95dd63',getdate(),convert(char(8),convert (time,getdate())),getdate(),convert(char(8),convert (time,getdate())),'wsv','wsv',0 ,'aut672b934343672b95c5b1' ,0,0 ,2,23.00,230000,?,?,?)
20241106@161422.1463 o9q85ub2j0keb465vncpis2g8q Query : use flama_phc
20241106@161422.1665 o9q85ub2j0keb465vncpis2g8q Query : select st.usalote valor from st where st.ref = '324.682.00.01'
20241106@161422.3464 o9q85ub2j0keb465vncpis2g8q Query : select top 1 st.tabiva ,st.ivaincl ,st.stns ,st.uni2 ,st.familia ,isnull(tx.taxa, 0) txiva ,unidade ,usalote ,epcpond ,noserie ,conversao ,st.texteis from st left join taxasiva tx on st.tabiva = tx.codigo where st.ref = '324.682.00.01'
20241106@161422.4444 o9q85ub2j0keb465vncpis2g8q Query : select 1 valor from information_schema.tables where table_type='base table' and table_name='wstablefields'
20241106@161422.5421 o9q85ub2j0keb465vncpis2g8q Query : select fieldkey,fieldname,fieldtype,mandatory from wstablefields where tablename = 'fi' and documentnumber = 39
20241106@161422.8098 o9q85ub2j0keb465vncpis2g8q Query : select 1 valor from information_schema.tables where table_type='base table' and table_name='wstablefields'
20241106@161422.9077 o9q85ub2j0keb465vncpis2g8q Query : select fieldkey,fieldname,fieldtype,mandatory from wstablefields where tablename = 'fi2' and documentnumber = 39
20241106@161422.9725 o9q85ub2j0keb465vncpis2g8q Query : select top 1 convert(numeric(6,2),t.taxa) valor from taxasiva t where t.codigo='2'
20241106@161423.7240 o9q85ub2j0keb465vncpis2g8q Query : select sestamp valor from se where ref ='324.682.00.01' and lote = 'r2400221200a'
20241106@161423.1696 o9q85ub2j0keb465vncpis2g8q Query : select 1 valor from information_schema.tables where table_type='base table' and table_name='wstablefields'
20241106@161423.2753 o9q85ub2j0keb465vncpis2g8q Query : select fieldkey,fieldname,fieldtype,calcformula from wstablefields where tablename = 'fi2' and documentnumber = 39
20241106@161423.3610 o9q85ub2j0keb465vncpis2g8q Query : insert into wsfi2data (fi2stamp,ftstamp ,ousrdata, ousrhora, usrdata,usrhora,ousrinis,usrinis) values ('aut672b986573672b95df29','aut672b934343672b95c5b1' ,getdate(),convert(char(8),convert (time,getdate())),getdate(),convert(char(8),convert (time,getdate())),'wsv','wsv')
20241106@161423.3776 o9q85ub2j0keb465vncpis2g8q Query : select 1 valor from information_schema.tables where table_type='base table' and table_name='wstablefields'
20241106@161423.4752 o9q85ub2j0keb465vncpis2g8q Query : select fieldkey,fieldname,fieldtype,calcformula from wstablefields where tablename = 'fi' and documentnumber = 39
20241106@161423.8720 o9q85ub2j0keb465vncpis2g8q Query : insert into wsfidata (fistamp,ousrdata, ousrhora, usrdata,usrhora,ousrinis,usrinis ,qtt ,ftstamp ,epv,pvmoeda ,tabiva,iva,lordem ,ref, design ,lote,armazem,bistamp ) values ('aut672b986573672b95df29',getdate(),convert(char(8),convert (time,getdate())),getdate(),convert(char(8),convert (time,getdate())),'wsv','wsv',24.000 ,'aut672b934343672b95c5b1' ,0,0 ,2,23.00,250000,?,?,?,?,?)
20241106@161424.9470 o9q85ub2j0keb465vncpis2g8q Query : select 1 valor from information_schema.tables where table_type='base table' and table_name='wstablefields'
20241106@161424.1930 o9q85ub2j0keb465vncpis2g8q Query : select fieldkey,fieldname,fieldtype,mandatory from wstablefields where tablename = 'fi' and documentnumber = 39
20241106@161424.4616 o9q85ub2j0keb465vncpis2g8q Query : select 1 valor from information_schema.tables where table_type='base table' and table_name='wstablefields'
20241106@161424.5620 o9q85ub2j0keb465vncpis2g8q Query : select fieldkey,fieldname,fieldtype,mandatory from wstablefields where tablename = 'fi2' and documentnumber = 39
20241106@161424.6371 o9q85ub2j0keb465vncpis2g8q Query : select top 1 convert(numeric(6,2),t.taxa) valor from taxasiva t where t.codigo='2'
20241106@161424.7343 o9q85ub2j0keb465vncpis2g8q Query : select 1 valor from information_schema.tables where table_type='base table' and table_name='wstablefields'
20241106@161424.8322 o9q85ub2j0keb465vncpis2g8q Query : select fieldkey,fieldname,fieldtype,calcformula from wstablefields where tablename = 'fi2' and documentnumber = 39
20241106@161424.9175 o9q85ub2j0keb465vncpis2g8q Query : insert into wsfi2data (fi2stamp,ftstamp ,ousrdata, ousrhora, usrdata,usrhora,ousrinis,usrinis) values ('aut672b957854672b95e0b3','aut672b934343672b95c5b1' ,getdate(),convert(char(8),convert (time,getdate())),getdate(),convert(char(8),convert (time,getdate())),'wsv','wsv')
20241106@161424.9339 o9q85ub2j0keb465vncpis2g8q Query : select 1 valor from information_schema.tables where table_type='base table' and table_name='wstablefields'
20241106@161425.3970 o9q85ub2j0keb465vncpis2g8q Query : select fieldkey,fieldname,fieldtype,calcformula from wstablefields where tablename = 'fi' and documentnumber = 39
20241106@161425.4460 o9q85ub2j0keb465vncpis2g8q Query : insert into wsfidata (fistamp,ousrdata, ousrhora, usrdata,usrhora,ousrinis,usrinis ,qtt ,ftstamp ,epv,pvmoeda ,tabiva,iva,lordem ,ref, design ,armazem) values ('aut672b957854672b95e0b3',getdate(),convert(char(8),convert (time,getdate())),getdate(),convert(char(8),convert (time,getdate())),'wsv','wsv',0 ,'aut672b934343672b95c5b1' ,0,0 ,2,23.00,260000,?,?,?)
20241106@161425.6025 o9q85ub2j0keb465vncpis2g8q Query : insert into wsftcreationlog (initialftstamp,externalid,creationstatus,documenttypeid,idustamp) values ('aut672b934343672b95c5b1','2407294','wait',39,'adm09112754980.682000002')
20241106@161425.7735 o9q85ub2j0keb465vncpis2g8q Query : use flama_phc
20241106@161425.7898 o9q85ub2j0keb465vncpis2g8q Query : update u_wsusers set rqsttoken =? where userid ='userls001'
20241106@161425.8508 o9q85ub2j0keb465vncpis2g8q Query : select concat(rtrim(relative_path),ltrim(name_new)) as valor from uploadfiles where uploadfile_id='3125';
20241106@161425.9563 o9q85ub2j0keb465vncpis2g8q Query : update uploadfiles set whenupdated=current_timestamp where uploadfile_id='3125';
20241106@161426.1910 o9q85ub2j0keb465vncpis2g8q Query : select concat(rtrim(relative_path),ltrim(name_new)) as valor from uploadfiles where uploadfile_id='3125';
20241106@161426.1760 o9q85ub2j0keb465vncpis2g8q Query : update uploadfiles set whenupdated=current_timestamp where uploadfile_id='3125';
20241106@161426.2868 otgukqshrb596t5k3nfaioehsk Query : insert into uploadfiles ( name_original, name_new, option_type, relative_path, whencreated ) values ( ?, ?, ?, ?, getdate() )
20241106@161426.2878 otgukqshrb596t5k3nfaioehsk Query : select uploadfile_id valor from uploadfiles where name_new = ? and option_type = ? 
20241106@161426.2937 otgukqshrb596t5k3nfaioehsk Query : select concat(rtrim(relative_path),ltrim(name_new)) as valor from uploadfiles where uploadfile_id='3126';
20241106@161426.3019 otgukqshrb596t5k3nfaioehsk Query : update uploadfiles set whenupdated=current_timestamp where uploadfile_id='3126';
20241106@161426.3090 otgukqshrb596t5k3nfaioehsk Query : select concat(rtrim(relative_path),ltrim(name_new)) as valor from uploadfiles where uploadfile_id='3126';
20241106@161426.3121 otgukqshrb596t5k3nfaioehsk Query : update uploadfiles set whenupdated=current_timestamp where uploadfile_id='3126';
20241106@161426.3173 otgukqshrb596t5k3nfaioehsk Query : use flama_phc
20241106@161426.3176 otgukqshrb596t5k3nfaioehsk Query : select top 1 secretkey valor from u_wsusers u where u.userid = ? and u.inactivo=0
20241106@161426.3265 otgukqshrb596t5k3nfaioehsk Query : use flama_phc
20241106@161426.3268 otgukqshrb596t5k3nfaioehsk Query : select no, estab,szadrsdesc from szadrs where u_coddest=4740
20241106@161426.3310 otgukqshrb596t5k3nfaioehsk Query : select top 1 isnull(design,'') valor from st (nolock) left join stobs (nolock) on st.ref = stobs.ref where st.ref = '324.1416.00.1'
20241106@161426.3502 otgukqshrb596t5k3nfaioehsk Query : select top 1 bistamp valor from bi inner join bo on bo.bostamp=bi.bostamp where bo.ndos =240 and bo.boano =2072 and bo.obrano = 2407295 and bi.ref ='324.1416.00.1' and bi.lordem =1
20241106@161426.3826 otgukqshrb596t5k3nfaioehsk Query : select top 1 isnull(design,'') valor from st (nolock) left join stobs (nolock) on st.ref = stobs.ref where st.ref = '324.1416.00.1'
20241106@161426.3845 otgukqshrb596t5k3nfaioehsk Query : select top 1 bistamp valor from bi inner join bo on bo.bostamp=bi.bostamp where bo.ndos =240 and bo.boano =2072 and bo.obrano = 2407295 and bi.ref ='324.1416.00.1' and bi.lordem =1
20241106@161426.3902 otgukqshrb596t5k3nfaioehsk Query : select top 1 isnull(design,'') valor from st (nolock) left join stobs (nolock) on st.ref = stobs.ref where st.ref = '324.1416.00.1'
20241106@161426.3920 otgukqshrb596t5k3nfaioehsk Query : select top 1 bistamp valor from bi inner join bo on bo.bostamp=bi.bostamp where bo.ndos =240 and bo.boano =2072 and bo.obrano = 2407295 and bi.ref ='324.1416.00.1' and bi.lordem =1
20241106@161426.3936 otgukqshrb596t5k3nfaioehsk Query : use flama_phc
20241106@161426.3949 otgukqshrb596t5k3nfaioehsk Query : select top 1 convert(date,fdata) valor from ft where ndoc = 39 and anulado= 0 and fno>0 order by fdata desc
20241106@161426.4005 otgukqshrb596t5k3nfaioehsk Query : use flama_phc
20241106@161426.4019 otgukqshrb596t5k3nfaioehsk Query : select top 1 1 valor from td where td.ndoc = 39
20241106@161426.4047 otgukqshrb596t5k3nfaioehsk Query : use flama_phc
20241106@161426.4050 otgukqshrb596t5k3nfaioehsk Query : select lower(descricao) descricao ,case when valor='s' then 1 else 0 end valor from para1 where descricao in ('st_lote','st_usalogifunc', 'st_grelha')
20241106@161426.4076 otgukqshrb596t5k3nfaioehsk Query : select top 1 manternumero ,assinadoc issigned ,tiposaft ,assinaimp ,nmdos ,td.assinadoc ,'cl' origin ,lancasl stocks ,case when cmsl<50 and td.lancasl=1 then 1 else 0 end entrada ,case when cmsl>50 and td.lancasl=1 then 1 else 0 end saida ,temserie assets ,~semgre usegridfields from td inner join td2 on td.tdstamp=td2.td2stamp where td.ndoc = 1
20241106@161426.4931 otgukqshrb596t5k3nfaioehsk Query : use flama_phc
20241106@161426.4968 otgukqshrb596t5k3nfaioehsk Query : select top 1 ~inactivo valor from cl where no = '100810' and estab = 0 order by inactivo desc
20241106@161426.5052 otgukqshrb596t5k3nfaioehsk Query : use flama_phc
20241106@161426.5056 otgukqshrb596t5k3nfaioehsk Query : select top 1 tipodoc,regrd from td where ndoc = 39
20241106@161426.5095 otgukqshrb596t5k3nfaioehsk Query : use flama_phc
20241106@161426.5098 otgukqshrb596t5k3nfaioehsk Query : select szadrsstamp valor from szadrs where szadrsdesc='espaÇotrans,lda'
20241106@161426.5143 otgukqshrb596t5k3nfaioehsk Query : use flama_phc
20241106@161426.5146 otgukqshrb596t5k3nfaioehsk Query : select szadrsstamp valor from szadrs where szadrsdesc='100810 - worten-equipamentos para o lar,sa.'
20241106@161426.5274 otgukqshrb596t5k3nfaioehsk Query : use flama_phc
20241106@161426.5288 otgukqshrb596t5k3nfaioehsk Query : select 1 valor from td where ndoc = 39
20241106@161426.5300 otgukqshrb596t5k3nfaioehsk Query : select top 1 manternumero, tiposaft, nmdos,td.assinadoc from td where td.ndoc = 39
20241106@161426.5314 otgukqshrb596t5k3nfaioehsk Query : select 1 valor from information_schema.tables where table_type='base table' and table_name='wstablefields'
20241106@161426.5330 otgukqshrb596t5k3nfaioehsk Query : select fieldkey,fieldname,fieldtype,mandatory from wstablefields where tablename = 'ft' and documentnumber = 39
20241106@161426.5350 otgukqshrb596t5k3nfaioehsk Query : select 1 valor from information_schema.tables where table_type='base table' and table_name='wstablefields'
20241106@161426.5366 otgukqshrb596t5k3nfaioehsk Query : select fieldkey,fieldname,fieldtype,mandatory from wstablefields where tablename = 'ft2' and documentnumber = 39
20241106@161426.5395 otgukqshrb596t5k3nfaioehsk Query : select 1 valor from information_schema.tables where table_type='base table' and table_name='wstablefields'
20241106@161426.5409 otgukqshrb596t5k3nfaioehsk Query : select fieldkey,fieldname,fieldtype,mandatory from wstablefields where tablename = 'ft3' and documentnumber = 39
20241106@161426.5456 otgukqshrb596t5k3nfaioehsk Query : select top 1 ft.fno valor from ft ft where ft.ndoc = 39 and ftano=2024 order by fno desc
20241106@161426.5515 otgukqshrb596t5k3nfaioehsk Query : select top 1 ft.fno valor from wsftdata ft where ft.ndoc = 39 and ftano=2024 order by fno desc
20241106@161426.5528 otgukqshrb596t5k3nfaioehsk Query : select 1 valor from information_schema.tables where table_type='base table' and table_name='wstablefields'
20241106@161426.5542 otgukqshrb596t5k3nfaioehsk Query : select fieldkey,fieldname,fieldtype,calcformula from wstablefields where tablename = 'ft3' and documentnumber = 39
20241106@161426.5557 otgukqshrb596t5k3nfaioehsk Query : insert into wsft3data (ft3stamp, ousrdata, ousrhora, usrdata,usrhora,ousrinis,usrinis,taxpointdt ) values ('aut672b953363672b95e285' ,getdate(),convert(char(8),convert (time,getdate())),getdate(),convert(char(8),convert (time,getdate())),'wsv','wsv',?)
20241106@161426.5778 otgukqshrb596t5k3nfaioehsk Query : select 1 valor from information_schema.tables where table_type='base table' and table_name='wstablefields'
20241106@161426.5794 otgukqshrb596t5k3nfaioehsk Query : select fieldkey,fieldname,fieldtype,calcformula from wstablefields where tablename = 'ft2' and documentnumber = 39
20241106@161426.5826 otgukqshrb596t5k3nfaioehsk Query : select top 1 bo.u_nomeenv valor from bo where bo.bostamp=''
20241106@161426.5837 otgukqshrb596t5k3nfaioehsk Query : select top 1 bo.u_moradaen valor from bo where bo.bostamp=''
20241106@161426.5856 otgukqshrb596t5k3nfaioehsk Query : select top 1 bo.u_codposen valor from bo where bo.bostamp=''
20241106@161426.5868 otgukqshrb596t5k3nfaioehsk Query : select top 1 bo.u_localenv valor from bo where bo.bostamp=''
20241106@161426.5879 otgukqshrb596t5k3nfaioehsk Query : select top 1 bo.trab5 valor from bo where bo.bostamp=''
20241106@161426.5890 otgukqshrb596t5k3nfaioehsk Query : select top 1 bo.serie valor from bo where bo.bostamp=''
20241106@161426.5901 otgukqshrb596t5k3nfaioehsk Query : insert into wsft2data (ft2stamp, ousrdata,ousrhora, usrdata,usrhora,ousrinis,usrinis,u_nomeenv ,u_moradaen ,u_codposen ,u_localenv ,u_coddest ,u_codby ) values ('aut672b953363672b95e285',getdate(),convert(char(8),convert (time,getdate())),getdate(),convert(char(8),convert (time,getdate())),'wsv','wsv',?,?,?,?,?,?)
20241106@161426.6164 otgukqshrb596t5k3nfaioehsk Query : select top 1 fno valor from wsftdata order by fno desc
20241106@161426.6198 otgukqshrb596t5k3nfaioehsk Query : select 1 valor from information_schema.tables where table_type='base table' and table_name='wstablefields'
20241106@161426.6213 otgukqshrb596t5k3nfaioehsk Query : select fieldkey,fieldname,fieldtype,calcformula from wstablefields where tablename = 'ft' and documentnumber = 39
20241106@161426.6276 otgukqshrb596t5k3nfaioehsk Query : select 'normal' from dummy
20241106@161426.6290 otgukqshrb596t5k3nfaioehsk Query : insert into wsftdata (ftstamp, ousrdata,ousrhora, usrdata,usrhora,ousrinis,usrinis,fno,no,estab,fdata,ndoc,moeda,cambio,cambiofixo,ftano,site ,classe ) values ('aut672b953363672b95e285',getdate(),convert(char(8),convert (time,getdate())),getdate(),convert(char(8),convert (time,getdate())),'wsv','wsv',1697,100810,0,'2024-11-06',39,'euro',0,0,2024 ,?,?)
20241106@161426.6633 otgukqshrb596t5k3nfaioehsk Query : use flama_phc
20241106@161426.6638 otgukqshrb596t5k3nfaioehsk Query : select st.usalote valor from st where st.ref = '324.1416.00.1'
20241106@161426.6676 otgukqshrb596t5k3nfaioehsk Query : select top 1 st.tabiva ,st.ivaincl ,st.stns ,st.uni2 ,st.familia ,isnull(tx.taxa, 0) txiva ,unidade ,usalote ,epcpond ,noserie ,conversao ,st.texteis from st left join taxasiva tx on st.tabiva = tx.codigo where st.ref = '324.1416.00.1'
20241106@161426.6863 otgukqshrb596t5k3nfaioehsk Query : select 1 valor from information_schema.tables where table_type='base table' and table_name='wstablefields'
20241106@161426.6879 otgukqshrb596t5k3nfaioehsk Query : select fieldkey,fieldname,fieldtype,mandatory from wstablefields where tablename = 'fi' and documentnumber = 39
20241106@161426.6903 otgukqshrb596t5k3nfaioehsk Query : select 1 valor from information_schema.tables where table_type='base table' and table_name='wstablefields'
20241106@161426.6918 otgukqshrb596t5k3nfaioehsk Query : select fieldkey,fieldname,fieldtype,mandatory from wstablefields where tablename = 'fi2' and documentnumber = 39
20241106@161426.6926 otgukqshrb596t5k3nfaioehsk Query : select top 1 convert(numeric(6,2),t.taxa) valor from taxasiva t where t.codigo='2'
20241106@161426.6957 otgukqshrb596t5k3nfaioehsk Query : select sestamp valor from se where ref ='324.1416.00.1' and lote = 'r2400079200a'
20241106@161426.6969 otgukqshrb596t5k3nfaioehsk Query : select 1 valor from information_schema.tables where table_type='base table' and table_name='wstablefields'
20241106@161426.6984 otgukqshrb596t5k3nfaioehsk Query : select fieldkey,fieldname,fieldtype,calcformula from wstablefields where tablename = 'fi2' and documentnumber = 39
20241106@161426.6996 otgukqshrb596t5k3nfaioehsk Query : insert into wsfi2data (fi2stamp,ftstamp ,ousrdata, ousrhora, usrdata,usrhora,ousrinis,usrinis) values ('aut672b980278672b95e2aa','aut672b953363672b95e285' ,getdate(),convert(char(8),convert (time,getdate())),getdate(),convert(char(8),convert (time,getdate())),'wsv','wsv')
20241106@161426.7000 otgukqshrb596t5k3nfaioehsk Query : select 1 valor from information_schema.tables where table_type='base table' and table_name='wstablefields'
20241106@161426.7014 otgukqshrb596t5k3nfaioehsk Query : select fieldkey,fieldname,fieldtype,calcformula from wstablefields where tablename = 'fi' and documentnumber = 39
20241106@161426.7057 otgukqshrb596t5k3nfaioehsk Query : insert into wsfidata (fistamp,ousrdata, ousrhora, usrdata,usrhora,ousrinis,usrinis ,qtt ,ftstamp ,epv,pvmoeda ,tabiva,iva,lordem ,ref, design ,lote,armazem,bistamp ) values ('aut672b980278672b95e2aa',getdate(),convert(char(8),convert (time,getdate())),getdate(),convert(char(8),convert (time,getdate())),'wsv','wsv',20.000 ,'aut672b953363672b95e285' ,0,0 ,2,23.00,10000,?,?,?,?,?)
20241106@161426.7354 otgukqshrb596t5k3nfaioehsk Query : select 1 valor from information_schema.tables where table_type='base table' and table_name='wstablefields'
20241106@161426.7370 otgukqshrb596t5k3nfaioehsk Query : select fieldkey,fieldname,fieldtype,mandatory from wstablefields where tablename = 'fi' and documentnumber = 39
20241106@161426.7395 otgukqshrb596t5k3nfaioehsk Query : select 1 valor from information_schema.tables where table_type='base table' and table_name='wstablefields'
20241106@161426.7409 otgukqshrb596t5k3nfaioehsk Query : select fieldkey,fieldname,fieldtype,mandatory from wstablefields where tablename = 'fi2' and documentnumber = 39
20241106@161426.7417 otgukqshrb596t5k3nfaioehsk Query : select top 1 convert(numeric(6,2),t.taxa) valor from taxasiva t where t.codigo='2'
20241106@161426.7428 otgukqshrb596t5k3nfaioehsk Query : select 1 valor from information_schema.tables where table_type='base table' and table_name='wstablefields'
20241106@161426.7442 otgukqshrb596t5k3nfaioehsk Query : select fieldkey,fieldname,fieldtype,calcformula from wstablefields where tablename = 'fi2' and documentnumber = 39
20241106@161426.7454 otgukqshrb596t5k3nfaioehsk Query : insert into wsfi2data (fi2stamp,ftstamp ,ousrdata, ousrhora, usrdata,usrhora,ousrinis,usrinis) values ('aut672b955537672b95e2b5','aut672b953363672b95e285' ,getdate(),convert(char(8),convert (time,getdate())),getdate(),convert(char(8),convert (time,getdate())),'wsv','wsv')
20241106@161426.7459 otgukqshrb596t5k3nfaioehsk Query : select 1 valor from information_schema.tables where table_type='base table' and table_name='wstablefields'
20241106@161426.7473 otgukqshrb596t5k3nfaioehsk Query : select fieldkey,fieldname,fieldtype,calcformula from wstablefields where tablename = 'fi' and documentnumber = 39
20241106@161426.7504 otgukqshrb596t5k3nfaioehsk Query : insert into wsfidata (fistamp,ousrdata, ousrhora, usrdata,usrhora,ousrinis,usrinis ,qtt ,ftstamp ,epv,pvmoeda ,tabiva,iva,lordem ,ref, design ,armazem) values ('aut672b955537672b95e2b5',getdate(),convert(char(8),convert (time,getdate())),getdate(),convert(char(8),convert (time,getdate())),'wsv','wsv',0 ,'aut672b953363672b95e285' ,0,0 ,2,23.00,20000,?,?,?)
20241106@161426.7843 otgukqshrb596t5k3nfaioehsk Query : use flama_phc
20241106@161426.7846 otgukqshrb596t5k3nfaioehsk Query : select st.usalote valor from st where st.ref = '324.1416.00.1'
20241106@161426.7864 otgukqshrb596t5k3nfaioehsk Query : select top 1 st.tabiva ,st.ivaincl ,st.stns ,st.uni2 ,st.familia ,isnull(tx.taxa, 0) txiva ,unidade ,usalote ,epcpond ,noserie ,conversao ,st.texteis from st left join taxasiva tx on st.tabiva = tx.codigo where st.ref = '324.1416.00.1'
20241106@161426.7893 otgukqshrb596t5k3nfaioehsk Query : select 1 valor from information_schema.tables where table_type='base table' and table_name='wstablefields'
20241106@161426.7909 otgukqshrb596t5k3nfaioehsk Query : select fieldkey,fieldname,fieldtype,mandatory from wstablefields where tablename = 'fi' and documentnumber = 39
20241106@161426.7933 otgukqshrb596t5k3nfaioehsk Query : select 1 valor from information_schema.tables where table_type='base table' and table_name='wstablefields'
20241106@161426.7985 otgukqshrb596t5k3nfaioehsk Query : select fieldkey,fieldname,fieldtype,mandatory from wstablefields where tablename = 'fi2' and documentnumber = 39
20241106@161426.7993 otgukqshrb596t5k3nfaioehsk Query : select top 1 convert(numeric(6,2),t.taxa) valor from taxasiva t where t.codigo='2'
20241106@161426.8005 otgukqshrb596t5k3nfaioehsk Query : select sestamp valor from se where ref ='324.1416.00.1' and lote = 'r2400079200a'
20241106@161426.8270 otgukqshrb596t5k3nfaioehsk Query : select 1 valor from information_schema.tables where table_type='base table' and table_name='wstablefields'
20241106@161426.8845 otgukqshrb596t5k3nfaioehsk Query : select fieldkey,fieldname,fieldtype,calcformula from wstablefields where tablename = 'fi2' and documentnumber = 39
20241106@161426.8905 otgukqshrb596t5k3nfaioehsk Query : insert into wsfi2data (fi2stamp,ftstamp ,ousrdata, ousrhora, usrdata,usrhora,ousrinis,usrinis) values ('aut672b965160672b95e2c9','aut672b953363672b95e285' ,getdate(),convert(char(8),convert (time,getdate())),getdate(),convert(char(8),convert (time,getdate())),'wsv','wsv')
20241106@161426.8909 otgukqshrb596t5k3nfaioehsk Query : select 1 valor from information_schema.tables where table_type='base table' and table_name='wstablefields'
20241106@161426.8925 otgukqshrb596t5k3nfaioehsk Query : select fieldkey,fieldname,fieldtype,calcformula from wstablefields where tablename = 'fi' and documentnumber = 39
20241106@161426.8953 otgukqshrb596t5k3nfaioehsk Query : insert into wsfidata (fistamp,ousrdata, ousrhora, usrdata,usrhora,ousrinis,usrinis ,qtt ,ftstamp ,epv,pvmoeda ,tabiva,iva,lordem ,ref, design ,lote,armazem,bistamp ) values ('aut672b965160672b95e2c9',getdate(),convert(char(8),convert (time,getdate())),getdate(),convert(char(8),convert (time,getdate())),'wsv','wsv',24.000 ,'aut672b953363672b95e285' ,0,0 ,2,23.00,40000,?,?,?,?,?)
20241106@161426.9295 otgukqshrb596t5k3nfaioehsk Query : select 1 valor from information_schema.tables where table_type='base table' and table_name='wstablefields'
20241106@161426.9310 otgukqshrb596t5k3nfaioehsk Query : select fieldkey,fieldname,fieldtype,mandatory from wstablefields where tablename = 'fi' and documentnumber = 39
20241106@161426.9336 otgukqshrb596t5k3nfaioehsk Query : select 1 valor from information_schema.tables where table_type='base table' and table_name='wstablefields'
20241106@161426.9350 otgukqshrb596t5k3nfaioehsk Query : select fieldkey,fieldname,fieldtype,mandatory from wstablefields where tablename = 'fi2' and documentnumber = 39
20241106@161426.9358 otgukqshrb596t5k3nfaioehsk Query : select top 1 convert(numeric(6,2),t.taxa) valor from taxasiva t where t.codigo='2'
20241106@161426.9370 otgukqshrb596t5k3nfaioehsk Query : select 1 valor from information_schema.tables where table_type='base table' and table_name='wstablefields'
20241106@161426.9384 otgukqshrb596t5k3nfaioehsk Query : select fieldkey,fieldname,fieldtype,calcformula from wstablefields where tablename = 'fi2' and documentnumber = 39
20241106@161426.9395 otgukqshrb596t5k3nfaioehsk Query : insert into wsfi2data (fi2stamp,ftstamp ,ousrdata, ousrhora, usrdata,usrhora,ousrinis,usrinis) values ('aut672b995053672b95e2e4','aut672b953363672b95e285' ,getdate(),convert(char(8),convert (time,getdate())),getdate(),convert(char(8),convert (time,getdate())),'wsv','wsv')
20241106@161426.9399 otgukqshrb596t5k3nfaioehsk Query : select 1 valor from information_schema.tables where table_type='base table' and table_name='wstablefields'
20241106@161426.9414 otgukqshrb596t5k3nfaioehsk Query : select fieldkey,fieldname,fieldtype,calcformula from wstablefields where tablename = 'fi' and documentnumber = 39
20241106@161426.9470 otgukqshrb596t5k3nfaioehsk Query : insert into wsfidata (fistamp,ousrdata, ousrhora, usrdata,usrhora,ousrinis,usrinis ,qtt ,ftstamp ,epv,pvmoeda ,tabiva,iva,lordem ,ref, design ,armazem) values ('aut672b995053672b95e2e4',getdate(),convert(char(8),convert (time,getdate())),getdate(),convert(char(8),convert (time,getdate())),'wsv','wsv',0 ,'aut672b953363672b95e285' ,0,0 ,2,23.00,50000,?,?,?)
20241106@161426.9751 otgukqshrb596t5k3nfaioehsk Query : use flama_phc
20241106@161426.9754 otgukqshrb596t5k3nfaioehsk Query : select st.usalote valor from st where st.ref = '324.1416.00.1'
20241106@161426.9772 otgukqshrb596t5k3nfaioehsk Query : select top 1 st.tabiva ,st.ivaincl ,st.stns ,st.uni2 ,st.familia ,isnull(tx.taxa, 0) txiva ,unidade ,usalote ,epcpond ,noserie ,conversao ,st.texteis from st left join taxasiva tx on st.tabiva = tx.codigo where st.ref = '324.1416.00.1'
20241106@161426.9793 otgukqshrb596t5k3nfaioehsk Query : select 1 valor from information_schema.tables where table_type='base table' and table_name='wstablefields'
20241106@161426.9810 otgukqshrb596t5k3nfaioehsk Query : select fieldkey,fieldname,fieldtype,mandatory from wstablefields where tablename = 'fi' and documentnumber = 39
20241106@161426.9835 otgukqshrb596t5k3nfaioehsk Query : select 1 valor from information_schema.tables where table_type='base table' and table_name='wstablefields'
20241106@161426.9849 otgukqshrb596t5k3nfaioehsk Query : select fieldkey,fieldname,fieldtype,mandatory from wstablefields where tablename = 'fi2' and documentnumber = 39
20241106@161426.9857 otgukqshrb596t5k3nfaioehsk Query : select top 1 convert(numeric(6,2),t.taxa) valor from taxasiva t where t.codigo='2'
20241106@161426.9868 otgukqshrb596t5k3nfaioehsk Query : select sestamp valor from se where ref ='324.1416.00.1' and lote = 'r2400079200a'
20241106@161426.9880 otgukqshrb596t5k3nfaioehsk Query : select 1 valor from information_schema.tables where table_type='base table' and table_name='wstablefields'
20241106@161426.9894 otgukqshrb596t5k3nfaioehsk Query : select fieldkey,fieldname,fieldtype,calcformula from wstablefields where tablename = 'fi2' and documentnumber = 39
20241106@161426.9906 otgukqshrb596t5k3nfaioehsk Query : insert into wsfi2data (fi2stamp,ftstamp ,ousrdata, ousrhora, usrdata,usrhora,ousrinis,usrinis) values ('aut672b916574672b95e2f1','aut672b953363672b95e285' ,getdate(),convert(char(8),convert (time,getdate())),getdate(),convert(char(8),convert (time,getdate())),'wsv','wsv')
20241106@161426.9910 otgukqshrb596t5k3nfaioehsk Query : select 1 valor from information_schema.tables where table_type='base table' and table_name='wstablefields'
20241106@161426.9925 otgukqshrb596t5k3nfaioehsk Query : select fieldkey,fieldname,fieldtype,calcformula from wstablefields where tablename = 'fi' and documentnumber = 39
20241106@161427.1200 otgukqshrb596t5k3nfaioehsk Query : insert into wsfidata (fistamp,ousrdata, ousrhora, usrdata,usrhora,ousrinis,usrinis ,qtt ,ftstamp ,epv,pvmoeda ,tabiva,iva,lordem ,ref, design ,lote,armazem,bistamp ) values ('aut672b916574672b95e2f1',getdate(),convert(char(8),convert (time,getdate())),getdate(),convert(char(8),convert (time,getdate())),'wsv','wsv',48.000 ,'aut672b953363672b95e285' ,0,0 ,2,23.00,70000,?,?,?,?,?)
20241106@161427.2850 otgukqshrb596t5k3nfaioehsk Query : select 1 valor from information_schema.tables where table_type='base table' and table_name='wstablefields'
20241106@161427.3300 otgukqshrb596t5k3nfaioehsk Query : select fieldkey,fieldname,fieldtype,mandatory from wstablefields where tablename = 'fi' and documentnumber = 39
20241106@161427.3580 otgukqshrb596t5k3nfaioehsk Query : select 1 valor from information_schema.tables where table_type='base table' and table_name='wstablefields'
20241106@161427.3730 otgukqshrb596t5k3nfaioehsk Query : select fieldkey,fieldname,fieldtype,mandatory from wstablefields where tablename = 'fi2' and documentnumber = 39
20241106@161427.3920 otgukqshrb596t5k3nfaioehsk Query : select top 1 convert(numeric(6,2),t.taxa) valor from taxasiva t where t.codigo='2'
20241106@161427.4030 otgukqshrb596t5k3nfaioehsk Query : select 1 valor from information_schema.tables where table_type='base table' and table_name='wstablefields'
20241106@161427.4230 otgukqshrb596t5k3nfaioehsk Query : select fieldkey,fieldname,fieldtype,calcformula from wstablefields where tablename = 'fi2' and documentnumber = 39
20241106@161427.4340 otgukqshrb596t5k3nfaioehsk Query : insert into wsfi2data (fi2stamp,ftstamp ,ousrdata, ousrhora, usrdata,usrhora,ousrinis,usrinis) values ('aut672b991249672b95e309','aut672b953363672b95e285' ,getdate(),convert(char(8),convert (time,getdate())),getdate(),convert(char(8),convert (time,getdate())),'wsv','wsv')
20241106@161427.4390 otgukqshrb596t5k3nfaioehsk Query : select 1 valor from information_schema.tables where table_type='base table' and table_name='wstablefields'
20241106@161427.4560 otgukqshrb596t5k3nfaioehsk Query : select fieldkey,fieldname,fieldtype,calcformula from wstablefields where tablename = 'fi' and documentnumber = 39
20241106@161427.4910 otgukqshrb596t5k3nfaioehsk Query : insert into wsfidata (fistamp,ousrdata, ousrhora, usrdata,usrhora,ousrinis,usrinis ,qtt ,ftstamp ,epv,pvmoeda ,tabiva,iva,lordem ,ref, design ,armazem) values ('aut672b991249672b95e309',getdate(),convert(char(8),convert (time,getdate())),getdate(),convert(char(8),convert (time,getdate())),'wsv','wsv',0 ,'aut672b953363672b95e285' ,0,0 ,2,23.00,80000,?,?,?)
20241106@161427.7850 otgukqshrb596t5k3nfaioehsk Query : insert into wsftcreationlog (initialftstamp,externalid,creationstatus,documenttypeid,idustamp) values ('aut672b953363672b95e285','2407295','wait',39,'adm09112754980.682000002')
20241106@161427.8690 otgukqshrb596t5k3nfaioehsk Query : use flama_phc
20241106@161427.8720 otgukqshrb596t5k3nfaioehsk Query : update u_wsusers set rqsttoken =? where userid ='userls001'
20241106@161427.9000 otgukqshrb596t5k3nfaioehsk Query : select concat(rtrim(relative_path),ltrim(name_new)) as valor from uploadfiles where uploadfile_id='3126';
20241106@161427.9550 otgukqshrb596t5k3nfaioehsk Query : update uploadfiles set whenupdated=current_timestamp where uploadfile_id='3126';
20241106@161427.1046 otgukqshrb596t5k3nfaioehsk Query : select concat(rtrim(relative_path),ltrim(name_new)) as valor from uploadfiles where uploadfile_id='3126';
20241106@161427.1082 otgukqshrb596t5k3nfaioehsk Query : update uploadfiles set whenupdated=current_timestamp where uploadfile_id='3126';
20241106@161427.2584 m3sk3bst1jqnjt7bm2gf7ngj1u Query : insert into uploadfiles ( name_original, name_new, option_type, relative_path, whencreated ) values ( ?, ?, ?, ?, getdate() )
20241106@161427.2595 m3sk3bst1jqnjt7bm2gf7ngj1u Query : select uploadfile_id valor from uploadfiles where name_new = ? and option_type = ? 
20241106@161427.2997 m3sk3bst1jqnjt7bm2gf7ngj1u Query : select concat(rtrim(relative_path),ltrim(name_new)) as valor from uploadfiles where uploadfile_id='3127';
20241106@161427.3112 m3sk3bst1jqnjt7bm2gf7ngj1u Query : update uploadfiles set whenupdated=current_timestamp where uploadfile_id='3127';
20241106@161427.3219 m3sk3bst1jqnjt7bm2gf7ngj1u Query : select concat(rtrim(relative_path),ltrim(name_new)) as valor from uploadfiles where uploadfile_id='3127';
20241106@161427.3305 m3sk3bst1jqnjt7bm2gf7ngj1u Query : update uploadfiles set whenupdated=current_timestamp where uploadfile_id='3127';
20241106@161427.3434 m3sk3bst1jqnjt7bm2gf7ngj1u Query : use flama_phc
20241106@161427.3442 m3sk3bst1jqnjt7bm2gf7ngj1u Query : select top 1 secretkey valor from u_wsusers u where u.userid = ? and u.inactivo=0
20241106@161427.3755 m3sk3bst1jqnjt7bm2gf7ngj1u Query : use flama_phc
20241106@161427.3795 m3sk3bst1jqnjt7bm2gf7ngj1u Query : select no, estab,szadrsdesc from szadrs where u_coddest=4740
20241106@161427.4107 m3sk3bst1jqnjt7bm2gf7ngj1u Query : select top 1 isnull(design,'') valor from st (nolock) left join stobs (nolock) on st.ref = stobs.ref where st.ref = '324.1406.00.1'
20241106@161427.4613 m3sk3bst1jqnjt7bm2gf7ngj1u Query : select top 1 bistamp valor from bi inner join bo on bo.bostamp=bi.bostamp where bo.ndos =240 and bo.boano =2072 and bo.obrano = 2407296 and bi.ref ='324.1406.00.1' and bi.lordem =1
20241106@161427.5427 m3sk3bst1jqnjt7bm2gf7ngj1u Query : use flama_phc
20241106@161427.5469 m3sk3bst1jqnjt7bm2gf7ngj1u Query : select top 1 convert(date,fdata) valor from ft where ndoc = 39 and anulado= 0 and fno>0 order by fdata desc
20241106@161427.6007 m3sk3bst1jqnjt7bm2gf7ngj1u Query : use flama_phc
20241106@161427.6089 m3sk3bst1jqnjt7bm2gf7ngj1u Query : select top 1 1 valor from td where td.ndoc = 39
20241106@161427.6640 m3sk3bst1jqnjt7bm2gf7ngj1u Query : use flama_phc
20241106@161427.6682 m3sk3bst1jqnjt7bm2gf7ngj1u Query : select lower(descricao) descricao ,case when valor='s' then 1 else 0 end valor from para1 where descricao in ('st_lote','st_usalogifunc', 'st_grelha')
20241106@161427.7137 m3sk3bst1jqnjt7bm2gf7ngj1u Query : select top 1 manternumero ,assinadoc issigned ,tiposaft ,assinaimp ,nmdos ,td.assinadoc ,'cl' origin ,lancasl stocks ,case when cmsl<50 and td.lancasl=1 then 1 else 0 end entrada ,case when cmsl>50 and td.lancasl=1 then 1 else 0 end saida ,temserie assets ,~semgre usegridfields from td inner join td2 on td.tdstamp=td2.td2stamp where td.ndoc = 1
20241106@161427.7591 m3sk3bst1jqnjt7bm2gf7ngj1u Query : use flama_phc
20241106@161427.7634 m3sk3bst1jqnjt7bm2gf7ngj1u Query : select top 1 ~inactivo valor from cl where no = '100810' and estab = 0 order by inactivo desc
20241106@161427.8005 m3sk3bst1jqnjt7bm2gf7ngj1u Query : use flama_phc
20241106@161427.8048 m3sk3bst1jqnjt7bm2gf7ngj1u Query : select top 1 tipodoc,regrd from td where ndoc = 39
20241106@161427.8420 m3sk3bst1jqnjt7bm2gf7ngj1u Query : use flama_phc
20241106@161427.8462 m3sk3bst1jqnjt7bm2gf7ngj1u Query : select szadrsstamp valor from szadrs where szadrsdesc='espaÇotrans,lda'
20241106@161427.8916 m3sk3bst1jqnjt7bm2gf7ngj1u Query : use flama_phc
20241106@161427.8961 m3sk3bst1jqnjt7bm2gf7ngj1u Query : select szadrsstamp valor from szadrs where szadrsdesc='100810 - worten-equipamentos para o lar,sa.'
20241106@161427.9500 m3sk3bst1jqnjt7bm2gf7ngj1u Query : use flama_phc
20241106@161427.9542 m3sk3bst1jqnjt7bm2gf7ngj1u Query : select 1 valor from td where ndoc = 39
20241106@161428.1160 m3sk3bst1jqnjt7bm2gf7ngj1u Query : select top 1 manternumero, tiposaft, nmdos,td.assinadoc from td where td.ndoc = 39
20241106@161428.9370 m3sk3bst1jqnjt7bm2gf7ngj1u Query : select 1 valor from information_schema.tables where table_type='base table' and table_name='wstablefields'
20241106@161428.1370 m3sk3bst1jqnjt7bm2gf7ngj1u Query : select fieldkey,fieldname,fieldtype,mandatory from wstablefields where tablename = 'ft' and documentnumber = 39
20241106@161428.1783 m3sk3bst1jqnjt7bm2gf7ngj1u Query : select 1 valor from information_schema.tables where table_type='base table' and table_name='wstablefields'
20241106@161428.2035 m3sk3bst1jqnjt7bm2gf7ngj1u Query : select fieldkey,fieldname,fieldtype,mandatory from wstablefields where tablename = 'ft2' and documentnumber = 39
20241106@161428.4130 m3sk3bst1jqnjt7bm2gf7ngj1u Query : select 1 valor from information_schema.tables where table_type='base table' and table_name='wstablefields'
20241106@161428.4718 m3sk3bst1jqnjt7bm2gf7ngj1u Query : select fieldkey,fieldname,fieldtype,mandatory from wstablefields where tablename = 'ft3' and documentnumber = 39
20241106@161428.5210 m3sk3bst1jqnjt7bm2gf7ngj1u Query : select top 1 ft.fno valor from ft ft where ft.ndoc = 39 and ftano=2024 order by fno desc
20241106@161428.5825 m3sk3bst1jqnjt7bm2gf7ngj1u Query : select top 1 ft.fno valor from wsftdata ft where ft.ndoc = 39 and ftano=2024 order by fno desc
20241106@161428.6074 m3sk3bst1jqnjt7bm2gf7ngj1u Query : select 1 valor from information_schema.tables where table_type='base table' and table_name='wstablefields'
20241106@161428.6325 m3sk3bst1jqnjt7bm2gf7ngj1u Query : select fieldkey,fieldname,fieldtype,calcformula from wstablefields where tablename = 'ft3' and documentnumber = 39
20241106@161428.6615 m3sk3bst1jqnjt7bm2gf7ngj1u Query : insert into wsft3data (ft3stamp, ousrdata, ousrhora, usrdata,usrhora,ousrinis,usrinis,taxpointdt ) values ('aut672b921914672b95e47f' ,getdate(),convert(char(8),convert (time,getdate())),getdate(),convert(char(8),convert (time,getdate())),'wsv','wsv',?)
20241106@161428.7005 m3sk3bst1jqnjt7bm2gf7ngj1u Query : select 1 valor from information_schema.tables where table_type='base table' and table_name='wstablefields'
20241106@161428.7258 m3sk3bst1jqnjt7bm2gf7ngj1u Query : select fieldkey,fieldname,fieldtype,calcformula from wstablefields where tablename = 'ft2' and documentnumber = 39
20241106@161428.8407 m3sk3bst1jqnjt7bm2gf7ngj1u Query : select top 1 bo.u_nomeenv valor from bo where bo.bostamp=''
20241106@161428.8816 m3sk3bst1jqnjt7bm2gf7ngj1u Query : select top 1 bo.u_moradaen valor from bo where bo.bostamp=''
20241106@161428.9225 m3sk3bst1jqnjt7bm2gf7ngj1u Query : select top 1 bo.u_codposen valor from bo where bo.bostamp=''
20241106@161428.9589 m3sk3bst1jqnjt7bm2gf7ngj1u Query : select top 1 bo.u_localenv valor from bo where bo.bostamp=''
20241106@161428.9796 m3sk3bst1jqnjt7bm2gf7ngj1u Query : select top 1 bo.trab5 valor from bo where bo.bostamp=''
20241106@161429.1680 m3sk3bst1jqnjt7bm2gf7ngj1u Query : select top 1 bo.serie valor from bo where bo.bostamp=''
20241106@161429.6710 m3sk3bst1jqnjt7bm2gf7ngj1u Query : insert into wsft2data (ft2stamp, ousrdata,ousrhora, usrdata,usrhora,ousrinis,usrinis,u_nomeenv ,u_moradaen ,u_codposen ,u_localenv ,u_coddest ,u_codby ) values ('aut672b921914672b95e47f',getdate(),convert(char(8),convert (time,getdate())),getdate(),convert(char(8),convert (time,getdate())),'wsv','wsv',?,?,?,?,?,?)
20241106@161429.1511 m3sk3bst1jqnjt7bm2gf7ngj1u Query : select top 1 fno valor from wsftdata order by fno desc
20241106@161429.2021 m3sk3bst1jqnjt7bm2gf7ngj1u Query : select 1 valor from information_schema.tables where table_type='base table' and table_name='wstablefields'
20241106@161429.2539 m3sk3bst1jqnjt7bm2gf7ngj1u Query : select fieldkey,fieldname,fieldtype,calcformula from wstablefields where tablename = 'ft' and documentnumber = 39
20241106@161429.3087 m3sk3bst1jqnjt7bm2gf7ngj1u Query : select 'normal' from dummy
20241106@161429.3401 m3sk3bst1jqnjt7bm2gf7ngj1u Query : insert into wsftdata (ftstamp, ousrdata,ousrhora, usrdata,usrhora,ousrinis,usrinis,fno,no,estab,fdata,ndoc,moeda,cambio,cambiofixo,ftano,site ,classe ) values ('aut672b921914672b95e47f',getdate(),convert(char(8),convert (time,getdate())),getdate(),convert(char(8),convert (time,getdate())),'wsv','wsv',1698,100810,0,'2024-11-06',39,'euro',0,0,2024 ,?,?)
20241106@161429.4160 m3sk3bst1jqnjt7bm2gf7ngj1u Query : use flama_phc
20241106@161429.4203 m3sk3bst1jqnjt7bm2gf7ngj1u Query : select st.usalote valor from st where st.ref = '324.1406.00.1'
20241106@161429.4558 m3sk3bst1jqnjt7bm2gf7ngj1u Query : select top 1 st.tabiva ,st.ivaincl ,st.stns ,st.uni2 ,st.familia ,isnull(tx.taxa, 0) txiva ,unidade ,usalote ,epcpond ,noserie ,conversao ,st.texteis from st left join taxasiva tx on st.tabiva = tx.codigo where st.ref = '324.1406.00.1'
20241106@161429.5096 m3sk3bst1jqnjt7bm2gf7ngj1u Query : select 1 valor from information_schema.tables where table_type='base table' and table_name='wstablefields'
20241106@161429.5364 m3sk3bst1jqnjt7bm2gf7ngj1u Query : select fieldkey,fieldname,fieldtype,mandatory from wstablefields where tablename = 'fi' and documentnumber = 39
20241106@161429.5981 m3sk3bst1jqnjt7bm2gf7ngj1u Query : select 1 valor from information_schema.tables where table_type='base table' and table_name='wstablefields'
20241106@161429.6249 m3sk3bst1jqnjt7bm2gf7ngj1u Query : select fieldkey,fieldname,fieldtype,mandatory from wstablefields where tablename = 'fi2' and documentnumber = 39
20241106@161429.6425 m3sk3bst1jqnjt7bm2gf7ngj1u Query : select top 1 convert(numeric(6,2),t.taxa) valor from taxasiva t where t.codigo='2'
20241106@161429.6684 m3sk3bst1jqnjt7bm2gf7ngj1u Query : select sestamp valor from se where ref ='324.1406.00.1' and lote = 'r2400744200a'
20241106@161429.6981 m3sk3bst1jqnjt7bm2gf7ngj1u Query : select 1 valor from information_schema.tables where table_type='base table' and table_name='wstablefields'
20241106@161429.7246 m3sk3bst1jqnjt7bm2gf7ngj1u Query : select fieldkey,fieldname,fieldtype,calcformula from wstablefields where tablename = 'fi2' and documentnumber = 39
20241106@161429.7466 m3sk3bst1jqnjt7bm2gf7ngj1u Query : insert into wsfi2data (fi2stamp,ftstamp ,ousrdata, ousrhora, usrdata,usrhora,ousrinis,usrinis) values ('aut672b998764672b95e5aa','aut672b921914672b95e47f' ,getdate(),convert(char(8),convert (time,getdate())),getdate(),convert(char(8),convert (time,getdate())),'wsv','wsv')
20241106@161429.7509 m3sk3bst1jqnjt7bm2gf7ngj1u Query : select 1 valor from information_schema.tables where table_type='base table' and table_name='wstablefields'
20241106@161429.7774 m3sk3bst1jqnjt7bm2gf7ngj1u Query : select fieldkey,fieldname,fieldtype,calcformula from wstablefields where tablename = 'fi' and documentnumber = 39
20241106@161429.8731 m3sk3bst1jqnjt7bm2gf7ngj1u Query : insert into wsfidata (fistamp,ousrdata, ousrhora, usrdata,usrhora,ousrinis,usrinis ,qtt ,ftstamp ,epv,pvmoeda ,tabiva,iva,lordem ,ref, design ,lote,armazem,bistamp ) values ('aut672b998764672b95e5aa',getdate(),convert(char(8),convert (time,getdate())),getdate(),convert(char(8),convert (time,getdate())),'wsv','wsv',120.000 ,'aut672b921914672b95e47f' ,0,0 ,2,23.00,10000,?,?,?,?,?)
20241106@161429.9416 m3sk3bst1jqnjt7bm2gf7ngj1u Query : insert into wsftcreationlog (initialftstamp,externalid,creationstatus,documenttypeid,idustamp) values ('aut672b921914672b95e47f','2407296','wait',39,'adm09112754980.682000002')
20241106@161430.7200 m3sk3bst1jqnjt7bm2gf7ngj1u Query : use flama_phc
20241106@161430.1190 m3sk3bst1jqnjt7bm2gf7ngj1u Query : update u_wsusers set rqsttoken =? where userid ='userls001'
20241106@161430.3490 m3sk3bst1jqnjt7bm2gf7ngj1u Query : select concat(rtrim(relative_path),ltrim(name_new)) as valor from uploadfiles where uploadfile_id='3127';
20241106@161430.6710 m3sk3bst1jqnjt7bm2gf7ngj1u Query : update uploadfiles set whenupdated=current_timestamp where uploadfile_id='3127';
20241106@161430.9520 m3sk3bst1jqnjt7bm2gf7ngj1u Query : select concat(rtrim(relative_path),ltrim(name_new)) as valor from uploadfiles where uploadfile_id='3127';
20241106@161430.1273 m3sk3bst1jqnjt7bm2gf7ngj1u Query : update uploadfiles set whenupdated=current_timestamp where uploadfile_id='3127';
20241106@161430.2296 h2n7c1smeslhsrf2ed7rtre1h2 Query : insert into uploadfiles ( name_original, name_new, option_type, relative_path, whencreated ) values ( ?, ?, ?, ?, getdate() )
20241106@161430.2307 h2n7c1smeslhsrf2ed7rtre1h2 Query : select uploadfile_id valor from uploadfiles where name_new = ? and option_type = ? 
20241106@161430.2367 h2n7c1smeslhsrf2ed7rtre1h2 Query : select concat(rtrim(relative_path),ltrim(name_new)) as valor from uploadfiles where uploadfile_id='3128';
20241106@161430.2432 h2n7c1smeslhsrf2ed7rtre1h2 Query : update uploadfiles set whenupdated=current_timestamp where uploadfile_id='3128';
20241106@161430.2493 h2n7c1smeslhsrf2ed7rtre1h2 Query : select concat(rtrim(relative_path),ltrim(name_new)) as valor from uploadfiles where uploadfile_id='3128';
20241106@161430.2527 h2n7c1smeslhsrf2ed7rtre1h2 Query : update uploadfiles set whenupdated=current_timestamp where uploadfile_id='3128';
20241106@161430.2585 h2n7c1smeslhsrf2ed7rtre1h2 Query : use flama_phc
20241106@161430.2588 h2n7c1smeslhsrf2ed7rtre1h2 Query : select top 1 secretkey valor from u_wsusers u where u.userid = ? and u.inactivo=0
20241106@161430.2653 h2n7c1smeslhsrf2ed7rtre1h2 Query : use flama_phc
20241106@161430.2656 h2n7c1smeslhsrf2ed7rtre1h2 Query : select no, estab,szadrsdesc from szadrs where u_coddest=4740
20241106@161430.2702 h2n7c1smeslhsrf2ed7rtre1h2 Query : select top 1 isnull(design,'') valor from st (nolock) left join stobs (nolock) on st.ref = stobs.ref where st.ref = '324.2041.00.1'
20241106@161430.2872 h2n7c1smeslhsrf2ed7rtre1h2 Query : select top 1 bistamp valor from bi inner join bo on bo.bostamp=bi.bostamp where bo.ndos =240 and bo.boano =2072 and bo.obrano = 2407297 and bi.ref ='324.2041.00.1' and bi.lordem =1
20241106@161430.4735 h2n7c1smeslhsrf2ed7rtre1h2 Query : use flama_phc
20241106@161430.4861 h2n7c1smeslhsrf2ed7rtre1h2 Query : select top 1 convert(date,fdata) valor from ft where ndoc = 39 and anulado= 0 and fno>0 order by fdata desc
20241106@161430.4894 h2n7c1smeslhsrf2ed7rtre1h2 Query : use flama_phc
20241106@161430.4898 h2n7c1smeslhsrf2ed7rtre1h2 Query : select top 1 1 valor from td where td.ndoc = 39
20241106@161430.4928 h2n7c1smeslhsrf2ed7rtre1h2 Query : use flama_phc
20241106@161430.4931 h2n7c1smeslhsrf2ed7rtre1h2 Query : select lower(descricao) descricao ,case when valor='s' then 1 else 0 end valor from para1 where descricao in ('st_lote','st_usalogifunc', 'st_grelha')
20241106@161430.4963 h2n7c1smeslhsrf2ed7rtre1h2 Query : select top 1 manternumero ,assinadoc issigned ,tiposaft ,assinaimp ,nmdos ,td.assinadoc ,'cl' origin ,lancasl stocks ,case when cmsl<50 and td.lancasl=1 then 1 else 0 end entrada ,case when cmsl>50 and td.lancasl=1 then 1 else 0 end saida ,temserie assets ,~semgre usegridfields from td inner join td2 on td.tdstamp=td2.td2stamp where td.ndoc = 1
20241106@161430.4999 h2n7c1smeslhsrf2ed7rtre1h2 Query : use flama_phc
20241106@161430.5003 h2n7c1smeslhsrf2ed7rtre1h2 Query : select top 1 ~inactivo valor from cl where no = '100810' and estab = 0 order by inactivo desc
20241106@161430.5036 h2n7c1smeslhsrf2ed7rtre1h2 Query : use flama_phc
20241106@161430.5039 h2n7c1smeslhsrf2ed7rtre1h2 Query : select top 1 tipodoc,regrd from td where ndoc = 39
20241106@161430.5069 h2n7c1smeslhsrf2ed7rtre1h2 Query : use flama_phc
20241106@161430.5072 h2n7c1smeslhsrf2ed7rtre1h2 Query : select szadrsstamp valor from szadrs where szadrsdesc='espaÇotrans,lda'
20241106@161430.5114 h2n7c1smeslhsrf2ed7rtre1h2 Query : use flama_phc
20241106@161430.5117 h2n7c1smeslhsrf2ed7rtre1h2 Query : select szadrsstamp valor from szadrs where szadrsdesc='100810 - worten-equipamentos para o lar,sa.'
20241106@161430.5172 h2n7c1smeslhsrf2ed7rtre1h2 Query : use flama_phc
20241106@161430.5175 h2n7c1smeslhsrf2ed7rtre1h2 Query : select 1 valor from td where ndoc = 39
20241106@161430.5189 h2n7c1smeslhsrf2ed7rtre1h2 Query : select top 1 manternumero, tiposaft, nmdos,td.assinadoc from td where td.ndoc = 39
20241106@161430.5203 h2n7c1smeslhsrf2ed7rtre1h2 Query : select 1 valor from information_schema.tables where table_type='base table' and table_name='wstablefields'
20241106@161430.5223 h2n7c1smeslhsrf2ed7rtre1h2 Query : select fieldkey,fieldname,fieldtype,mandatory from wstablefields where tablename = 'ft' and documentnumber = 39
20241106@161430.5242 h2n7c1smeslhsrf2ed7rtre1h2 Query : select 1 valor from information_schema.tables where table_type='base table' and table_name='wstablefields'
20241106@161430.5259 h2n7c1smeslhsrf2ed7rtre1h2 Query : select fieldkey,fieldname,fieldtype,mandatory from wstablefields where tablename = 'ft2' and documentnumber = 39
20241106@161430.5291 h2n7c1smeslhsrf2ed7rtre1h2 Query : select 1 valor from information_schema.tables where table_type='base table' and table_name='wstablefields'
20241106@161430.5307 h2n7c1smeslhsrf2ed7rtre1h2 Query : select fieldkey,fieldname,fieldtype,mandatory from wstablefields where tablename = 'ft3' and documentnumber = 39
20241106@161430.5319 h2n7c1smeslhsrf2ed7rtre1h2 Query : select top 1 ft.fno valor from ft ft where ft.ndoc = 39 and ftano=2024 order by fno desc
20241106@161430.5383 h2n7c1smeslhsrf2ed7rtre1h2 Query : select top 1 ft.fno valor from wsftdata ft where ft.ndoc = 39 and ftano=2024 order by fno desc
20241106@161430.5395 h2n7c1smeslhsrf2ed7rtre1h2 Query : select 1 valor from information_schema.tables where table_type='base table' and table_name='wstablefields'
20241106@161430.5411 h2n7c1smeslhsrf2ed7rtre1h2 Query : select fieldkey,fieldname,fieldtype,calcformula from wstablefields where tablename = 'ft3' and documentnumber = 39
20241106@161430.5428 h2n7c1smeslhsrf2ed7rtre1h2 Query : insert into wsft3data (ft3stamp, ousrdata, ousrhora, usrdata,usrhora,ousrinis,usrinis,taxpointdt ) values ('aut672b921239672b95e681' ,getdate(),convert(char(8),convert (time,getdate())),getdate(),convert(char(8),convert (time,getdate())),'wsv','wsv',?)
20241106@161430.5633 h2n7c1smeslhsrf2ed7rtre1h2 Query : select 1 valor from information_schema.tables where table_type='base table' and table_name='wstablefields'
20241106@161430.5650 h2n7c1smeslhsrf2ed7rtre1h2 Query : select fieldkey,fieldname,fieldtype,calcformula from wstablefields where tablename = 'ft2' and documentnumber = 39
20241106@161430.5680 h2n7c1smeslhsrf2ed7rtre1h2 Query : select top 1 bo.u_nomeenv valor from bo where bo.bostamp=''
20241106@161430.5692 h2n7c1smeslhsrf2ed7rtre1h2 Query : select top 1 bo.u_moradaen valor from bo where bo.bostamp=''
20241106@161430.5703 h2n7c1smeslhsrf2ed7rtre1h2 Query : select top 1 bo.u_codposen valor from bo where bo.bostamp=''
20241106@161430.5717 h2n7c1smeslhsrf2ed7rtre1h2 Query : select top 1 bo.u_localenv valor from bo where bo.bostamp=''
20241106@161430.5728 h2n7c1smeslhsrf2ed7rtre1h2 Query : select top 1 bo.trab5 valor from bo where bo.bostamp=''
20241106@161430.5741 h2n7c1smeslhsrf2ed7rtre1h2 Query : select top 1 bo.serie valor from bo where bo.bostamp=''
20241106@161430.5751 h2n7c1smeslhsrf2ed7rtre1h2 Query : insert into wsft2data (ft2stamp, ousrdata,ousrhora, usrdata,usrhora,ousrinis,usrinis,u_nomeenv ,u_moradaen ,u_codposen ,u_localenv ,u_coddest ,u_codby ) values ('aut672b921239672b95e681',getdate(),convert(char(8),convert (time,getdate())),getdate(),convert(char(8),convert (time,getdate())),'wsv','wsv',?,?,?,?,?,?)
20241106@161430.6038 h2n7c1smeslhsrf2ed7rtre1h2 Query : select top 1 fno valor from wsftdata order by fno desc
20241106@161430.6064 h2n7c1smeslhsrf2ed7rtre1h2 Query : select 1 valor from information_schema.tables where table_type='base table' and table_name='wstablefields'
20241106@161430.6081 h2n7c1smeslhsrf2ed7rtre1h2 Query : select fieldkey,fieldname,fieldtype,calcformula from wstablefields where tablename = 'ft' and documentnumber = 39
20241106@161430.6104 h2n7c1smeslhsrf2ed7rtre1h2 Query : select 'normal' from dummy
20241106@161430.6118 h2n7c1smeslhsrf2ed7rtre1h2 Query : insert into wsftdata (ftstamp, ousrdata,ousrhora, usrdata,usrhora,ousrinis,usrinis,fno,no,estab,fdata,ndoc,moeda,cambio,cambiofixo,ftano,site ,classe ) values ('aut672b921239672b95e681',getdate(),convert(char(8),convert (time,getdate())),getdate(),convert(char(8),convert (time,getdate())),'wsv','wsv',1699,100810,0,'2024-11-06',39,'euro',0,0,2024 ,?,?)
20241106@161430.6467 h2n7c1smeslhsrf2ed7rtre1h2 Query : use flama_phc
20241106@161430.6470 h2n7c1smeslhsrf2ed7rtre1h2 Query : select st.usalote valor from st where st.ref = '324.2041.00.1'
20241106@161430.6492 h2n7c1smeslhsrf2ed7rtre1h2 Query : select top 1 st.tabiva ,st.ivaincl ,st.stns ,st.uni2 ,st.familia ,isnull(tx.taxa, 0) txiva ,unidade ,usalote ,epcpond ,noserie ,conversao ,st.texteis from st left join taxasiva tx on st.tabiva = tx.codigo where st.ref = '324.2041.00.1'
20241106@161430.6666 h2n7c1smeslhsrf2ed7rtre1h2 Query : select 1 valor from information_schema.tables where table_type='base table' and table_name='wstablefields'
20241106@161430.6683 h2n7c1smeslhsrf2ed7rtre1h2 Query : select fieldkey,fieldname,fieldtype,mandatory from wstablefields where tablename = 'fi' and documentnumber = 39
20241106@161430.6726 h2n7c1smeslhsrf2ed7rtre1h2 Query : select 1 valor from information_schema.tables where table_type='base table' and table_name='wstablefields'
20241106@161430.6742 h2n7c1smeslhsrf2ed7rtre1h2 Query : select fieldkey,fieldname,fieldtype,mandatory from wstablefields where tablename = 'fi2' and documentnumber = 39
20241106@161430.6752 h2n7c1smeslhsrf2ed7rtre1h2 Query : select top 1 convert(numeric(6,2),t.taxa) valor from taxasiva t where t.codigo='2'
20241106@161430.6764 h2n7c1smeslhsrf2ed7rtre1h2 Query : select sestamp valor from se where ref ='324.2041.00.1' and lote = 'r2100232100a'
20241106@161430.6778 h2n7c1smeslhsrf2ed7rtre1h2 Query : select 1 valor from information_schema.tables where table_type='base table' and table_name='wstablefields'
20241106@161430.6796 h2n7c1smeslhsrf2ed7rtre1h2 Query : select fieldkey,fieldname,fieldtype,calcformula from wstablefields where tablename = 'fi2' and documentnumber = 39
20241106@161430.6807 h2n7c1smeslhsrf2ed7rtre1h2 Query : insert into wsfi2data (fi2stamp,ftstamp ,ousrdata, ousrhora, usrdata,usrhora,ousrinis,usrinis) values ('aut672b939763672b95e6a5','aut672b921239672b95e681' ,getdate(),convert(char(8),convert (time,getdate())),getdate(),convert(char(8),convert (time,getdate())),'wsv','wsv')
20241106@161430.6812 h2n7c1smeslhsrf2ed7rtre1h2 Query : select 1 valor from information_schema.tables where table_type='base table' and table_name='wstablefields'
20241106@161430.6826 h2n7c1smeslhsrf2ed7rtre1h2 Query : select fieldkey,fieldname,fieldtype,calcformula from wstablefields where tablename = 'fi' and documentnumber = 39
20241106@161430.6856 h2n7c1smeslhsrf2ed7rtre1h2 Query : insert into wsfidata (fistamp,ousrdata, ousrhora, usrdata,usrhora,ousrinis,usrinis ,qtt ,ftstamp ,epv,pvmoeda ,tabiva,iva,lordem ,ref, design ,lote,armazem,bistamp ) values ('aut672b939763672b95e6a5',getdate(),convert(char(8),convert (time,getdate())),getdate(),convert(char(8),convert (time,getdate())),'wsv','wsv',54.000 ,'aut672b921239672b95e681' ,0,0 ,2,23.00,10000,?,?,?,?,?)
20241106@161430.7159 h2n7c1smeslhsrf2ed7rtre1h2 Query : select 1 valor from information_schema.tables where table_type='base table' and table_name='wstablefields'
20241106@161430.7175 h2n7c1smeslhsrf2ed7rtre1h2 Query : select fieldkey,fieldname,fieldtype,mandatory from wstablefields where tablename = 'fi' and documentnumber = 39
20241106@161430.7200 h2n7c1smeslhsrf2ed7rtre1h2 Query : select 1 valor from information_schema.tables where table_type='base table' and table_name='wstablefields'
20241106@161430.7219 h2n7c1smeslhsrf2ed7rtre1h2 Query : select fieldkey,fieldname,fieldtype,mandatory from wstablefields where tablename = 'fi2' and documentnumber = 39
20241106@161430.7227 h2n7c1smeslhsrf2ed7rtre1h2 Query : select top 1 convert(numeric(6,2),t.taxa) valor from taxasiva t where t.codigo='2'
20241106@161430.7239 h2n7c1smeslhsrf2ed7rtre1h2 Query : select 1 valor from information_schema.tables where table_type='base table' and table_name='wstablefields'
20241106@161430.7258 h2n7c1smeslhsrf2ed7rtre1h2 Query : select fieldkey,fieldname,fieldtype,calcformula from wstablefields where tablename = 'fi2' and documentnumber = 39
20241106@161430.7269 h2n7c1smeslhsrf2ed7rtre1h2 Query : insert into wsfi2data (fi2stamp,ftstamp ,ousrdata, ousrhora, usrdata,usrhora,ousrinis,usrinis) values ('aut672b929430672b95e6b0','aut672b921239672b95e681' ,getdate(),convert(char(8),convert (time,getdate())),getdate(),convert(char(8),convert (time,getdate())),'wsv','wsv')
20241106@161430.7274 h2n7c1smeslhsrf2ed7rtre1h2 Query : select 1 valor from information_schema.tables where table_type='base table' and table_name='wstablefields'
20241106@161430.7298 h2n7c1smeslhsrf2ed7rtre1h2 Query : select fieldkey,fieldname,fieldtype,calcformula from wstablefields where tablename = 'fi' and documentnumber = 39
20241106@161430.7326 h2n7c1smeslhsrf2ed7rtre1h2 Query : insert into wsfidata (fistamp,ousrdata, ousrhora, usrdata,usrhora,ousrinis,usrinis ,qtt ,ftstamp ,epv,pvmoeda ,tabiva,iva,lordem ,ref, design ,armazem) values ('aut672b929430672b95e6b0',getdate(),convert(char(8),convert (time,getdate())),getdate(),convert(char(8),convert (time,getdate())),'wsv','wsv',0 ,'aut672b921239672b95e681' ,0,0 ,2,23.00,20000,?,?,?)
20241106@161430.7613 h2n7c1smeslhsrf2ed7rtre1h2 Query : insert into wsftcreationlog (initialftstamp,externalid,creationstatus,documenttypeid,idustamp) values ('aut672b921239672b95e681','2407297','wait',39,'adm09112754980.682000002')
20241106@161430.7690 h2n7c1smeslhsrf2ed7rtre1h2 Query : use flama_phc
20241106@161430.7693 h2n7c1smeslhsrf2ed7rtre1h2 Query : update u_wsusers set rqsttoken =? where userid ='userls001'
20241106@161430.7724 h2n7c1smeslhsrf2ed7rtre1h2 Query : select concat(rtrim(relative_path),ltrim(name_new)) as valor from uploadfiles where uploadfile_id='3128';
20241106@161430.7763 h2n7c1smeslhsrf2ed7rtre1h2 Query : update uploadfiles set whenupdated=current_timestamp where uploadfile_id='3128';
20241106@161430.7810 h2n7c1smeslhsrf2ed7rtre1h2 Query : select concat(rtrim(relative_path),ltrim(name_new)) as valor from uploadfiles where uploadfile_id='3128';
20241106@161430.7842 h2n7c1smeslhsrf2ed7rtre1h2 Query : update uploadfiles set whenupdated=current_timestamp where uploadfile_id='3128';
20241106@161430.8467 gvahd6h3sdkfju5tlsae2dcbm8 Query : insert into uploadfiles ( name_original, name_new, option_type, relative_path, whencreated ) values ( ?, ?, ?, ?, getdate() )
20241106@161430.8478 gvahd6h3sdkfju5tlsae2dcbm8 Query : select uploadfile_id valor from uploadfiles where name_new = ? and option_type = ? 
20241106@161430.8543 gvahd6h3sdkfju5tlsae2dcbm8 Query : select concat(rtrim(relative_path),ltrim(name_new)) as valor from uploadfiles where uploadfile_id='3129';
20241106@161430.8615 gvahd6h3sdkfju5tlsae2dcbm8 Query : update uploadfiles set whenupdated=current_timestamp where uploadfile_id='3129';
20241106@161430.8679 gvahd6h3sdkfju5tlsae2dcbm8 Query : select concat(rtrim(relative_path),ltrim(name_new)) as valor from uploadfiles where uploadfile_id='3129';
20241106@161430.8714 gvahd6h3sdkfju5tlsae2dcbm8 Query : update uploadfiles set whenupdated=current_timestamp where uploadfile_id='3129';
20241106@161430.8785 gvahd6h3sdkfju5tlsae2dcbm8 Query : use flama_phc
20241106@161430.8788 gvahd6h3sdkfju5tlsae2dcbm8 Query : select top 1 secretkey valor from u_wsusers u where u.userid = ? and u.inactivo=0
20241106@161430.8851 gvahd6h3sdkfju5tlsae2dcbm8 Query : use flama_phc
20241106@161430.8854 gvahd6h3sdkfju5tlsae2dcbm8 Query : select no, estab,szadrsdesc from szadrs where u_coddest=4740
20241106@161430.8900 gvahd6h3sdkfju5tlsae2dcbm8 Query : select top 1 isnull(design,'') valor from st (nolock) left join stobs (nolock) on st.ref = stobs.ref where st.ref = '324.649.00.01'
20241106@161430.9071 gvahd6h3sdkfju5tlsae2dcbm8 Query : select top 1 bistamp valor from bi inner join bo on bo.bostamp=bi.bostamp where bo.ndos =240 and bo.boano =2072 and bo.obrano = 2407298 and bi.ref ='324.649.00.01' and bi.lordem =1
20241106@161430.9403 gvahd6h3sdkfju5tlsae2dcbm8 Query : select top 1 isnull(design,'') valor from st (nolock) left join stobs (nolock) on st.ref = stobs.ref where st.ref = '324.649.00.01'
20241106@161430.9423 gvahd6h3sdkfju5tlsae2dcbm8 Query : select top 1 bistamp valor from bi inner join bo on bo.bostamp=bi.bostamp where bo.ndos =240 and bo.boano =2072 and bo.obrano = 2407298 and bi.ref ='324.649.00.01' and bi.lordem =1
20241106@161430.9451 gvahd6h3sdkfju5tlsae2dcbm8 Query : select top 1 isnull(design,'') valor from st (nolock) left join stobs (nolock) on st.ref = stobs.ref where st.ref = '324.649.00.01'
20241106@161430.9469 gvahd6h3sdkfju5tlsae2dcbm8 Query : select top 1 bistamp valor from bi inner join bo on bo.bostamp=bi.bostamp where bo.ndos =240 and bo.boano =2072 and bo.obrano = 2407298 and bi.ref ='324.649.00.01' and bi.lordem =1
20241106@161430.9485 gvahd6h3sdkfju5tlsae2dcbm8 Query : select top 1 isnull(design,'') valor from st (nolock) left join stobs (nolock) on st.ref = stobs.ref where st.ref = '324.649.00.01'
20241106@161430.9504 gvahd6h3sdkfju5tlsae2dcbm8 Query : select top 1 bistamp valor from bi inner join bo on bo.bostamp=bi.bostamp where bo.ndos =240 and bo.boano =2072 and bo.obrano = 2407298 and bi.ref ='324.649.00.01' and bi.lordem =1
20241106@161430.9522 gvahd6h3sdkfju5tlsae2dcbm8 Query : select top 1 isnull(design,'') valor from st (nolock) left join stobs (nolock) on st.ref = stobs.ref where st.ref = '324.649.00.01'
20241106@161430.9540 gvahd6h3sdkfju5tlsae2dcbm8 Query : select top 1 bistamp valor from bi inner join bo on bo.bostamp=bi.bostamp where bo.ndos =240 and bo.boano =2072 and bo.obrano = 2407298 and bi.ref ='324.649.00.01' and bi.lordem =1
20241106@161430.9556 gvahd6h3sdkfju5tlsae2dcbm8 Query : select top 1 isnull(design,'') valor from st (nolock) left join stobs (nolock) on st.ref = stobs.ref where st.ref = '324.649.00.01'
20241106@161430.9574 gvahd6h3sdkfju5tlsae2dcbm8 Query : select top 1 bistamp valor from bi inner join bo on bo.bostamp=bi.bostamp where bo.ndos =240 and bo.boano =2072 and bo.obrano = 2407298 and bi.ref ='324.649.00.01' and bi.lordem =1
20241106@161430.9590 gvahd6h3sdkfju5tlsae2dcbm8 Query : select top 1 isnull(design,'') valor from st (nolock) left join stobs (nolock) on st.ref = stobs.ref where st.ref = '324.649.00.01'
20241106@161430.9611 gvahd6h3sdkfju5tlsae2dcbm8 Query : select top 1 bistamp valor from bi inner join bo on bo.bostamp=bi.bostamp where bo.ndos =240 and bo.boano =2072 and bo.obrano = 2407298 and bi.ref ='324.649.00.01' and bi.lordem =1
20241106@161430.9626 gvahd6h3sdkfju5tlsae2dcbm8 Query : select top 1 isnull(design,'') valor from st (nolock) left join stobs (nolock) on st.ref = stobs.ref where st.ref = '324.649.00.01'
20241106@161430.9644 gvahd6h3sdkfju5tlsae2dcbm8 Query : select top 1 bistamp valor from bi inner join bo on bo.bostamp=bi.bostamp where bo.ndos =240 and bo.boano =2072 and bo.obrano = 2407298 and bi.ref ='324.649.00.01' and bi.lordem =1
20241106@161430.9659 gvahd6h3sdkfju5tlsae2dcbm8 Query : select top 1 isnull(design,'') valor from st (nolock) left join stobs (nolock) on st.ref = stobs.ref where st.ref = '324.649.00.01'
20241106@161430.9677 gvahd6h3sdkfju5tlsae2dcbm8 Query : select top 1 bistamp valor from bi inner join bo on bo.bostamp=bi.bostamp where bo.ndos =240 and bo.boano =2072 and bo.obrano = 2407298 and bi.ref ='324.649.00.01' and bi.lordem =1
20241106@161430.9694 gvahd6h3sdkfju5tlsae2dcbm8 Query : select top 1 isnull(design,'') valor from st (nolock) left join stobs (nolock) on st.ref = stobs.ref where st.ref = '324.649.00.01'
20241106@161430.9716 gvahd6h3sdkfju5tlsae2dcbm8 Query : select top 1 bistamp valor from bi inner join bo on bo.bostamp=bi.bostamp where bo.ndos =240 and bo.boano =2072 and bo.obrano = 2407298 and bi.ref ='324.649.00.01' and bi.lordem =1
20241106@161430.9732 gvahd6h3sdkfju5tlsae2dcbm8 Query : select top 1 isnull(design,'') valor from st (nolock) left join stobs (nolock) on st.ref = stobs.ref where st.ref = '324.649.00.01'
20241106@161430.9754 gvahd6h3sdkfju5tlsae2dcbm8 Query : select top 1 bistamp valor from bi inner join bo on bo.bostamp=bi.bostamp where bo.ndos =240 and bo.boano =2072 and bo.obrano = 2407298 and bi.ref ='324.649.00.01' and bi.lordem =1
20241106@161430.9771 gvahd6h3sdkfju5tlsae2dcbm8 Query : select top 1 isnull(design,'') valor from st (nolock) left join stobs (nolock) on st.ref = stobs.ref where st.ref = '324.649.00.01'
20241106@161430.9790 gvahd6h3sdkfju5tlsae2dcbm8 Query : select top 1 bistamp valor from bi inner join bo on bo.bostamp=bi.bostamp where bo.ndos =240 and bo.boano =2072 and bo.obrano = 2407298 and bi.ref ='324.649.00.01' and bi.lordem =1
20241106@161430.9806 gvahd6h3sdkfju5tlsae2dcbm8 Query : select top 1 isnull(design,'') valor from st (nolock) left join stobs (nolock) on st.ref = stobs.ref where st.ref = '324.649.00.01'
20241106@161430.9826 gvahd6h3sdkfju5tlsae2dcbm8 Query : select top 1 bistamp valor from bi inner join bo on bo.bostamp=bi.bostamp where bo.ndos =240 and bo.boano =2072 and bo.obrano = 2407298 and bi.ref ='324.649.00.01' and bi.lordem =1
20241106@161430.9843 gvahd6h3sdkfju5tlsae2dcbm8 Query : select top 1 isnull(design,'') valor from st (nolock) left join stobs (nolock) on st.ref = stobs.ref where st.ref = '324.649.00.01'
20241106@161430.9862 gvahd6h3sdkfju5tlsae2dcbm8 Query : select top 1 bistamp valor from bi inner join bo on bo.bostamp=bi.bostamp where bo.ndos =240 and bo.boano =2072 and bo.obrano = 2407298 and bi.ref ='324.649.00.01' and bi.lordem =1
20241106@161430.9879 gvahd6h3sdkfju5tlsae2dcbm8 Query : select top 1 isnull(design,'') valor from st (nolock) left join stobs (nolock) on st.ref = stobs.ref where st.ref = '324.649.00.01'
20241106@161430.9897 gvahd6h3sdkfju5tlsae2dcbm8 Query : select top 1 bistamp valor from bi inner join bo on bo.bostamp=bi.bostamp where bo.ndos =240 and bo.boano =2072 and bo.obrano = 2407298 and bi.ref ='324.649.00.01' and bi.lordem =1
20241106@161430.9914 gvahd6h3sdkfju5tlsae2dcbm8 Query : select top 1 isnull(design,'') valor from st (nolock) left join stobs (nolock) on st.ref = stobs.ref where st.ref = '324.649.00.01'
20241106@161430.9932 gvahd6h3sdkfju5tlsae2dcbm8 Query : select top 1 bistamp valor from bi inner join bo on bo.bostamp=bi.bostamp where bo.ndos =240 and bo.boano =2072 and bo.obrano = 2407298 and bi.ref ='324.649.00.01' and bi.lordem =1
20241106@161430.9951 gvahd6h3sdkfju5tlsae2dcbm8 Query : select top 1 isnull(design,'') valor from st (nolock) left join stobs (nolock) on st.ref = stobs.ref where st.ref = '324.649.00.01'
20241106@161430.9973 gvahd6h3sdkfju5tlsae2dcbm8 Query : select top 1 bistamp valor from bi inner join bo on bo.bostamp=bi.bostamp where bo.ndos =240 and bo.boano =2072 and bo.obrano = 2407298 and bi.ref ='324.649.00.01' and bi.lordem =1
20241106@161430.9991 gvahd6h3sdkfju5tlsae2dcbm8 Query : select top 1 isnull(design,'') valor from st (nolock) left join stobs (nolock) on st.ref = stobs.ref where st.ref = '324.649.00.01'
20241106@161431.9000 gvahd6h3sdkfju5tlsae2dcbm8 Query : select top 1 bistamp valor from bi inner join bo on bo.bostamp=bi.bostamp where bo.ndos =240 and bo.boano =2072 and bo.obrano = 2407298 and bi.ref ='324.649.00.01' and bi.lordem =1
20241106@161431.2500 gvahd6h3sdkfju5tlsae2dcbm8 Query : select top 1 isnull(design,'') valor from st (nolock) left join stobs (nolock) on st.ref = stobs.ref where st.ref = '324.649.00.01'
20241106@161431.4400 gvahd6h3sdkfju5tlsae2dcbm8 Query : select top 1 bistamp valor from bi inner join bo on bo.bostamp=bi.bostamp where bo.ndos =240 and bo.boano =2072 and bo.obrano = 2407298 and bi.ref ='324.649.00.01' and bi.lordem =1
20241106@161431.5900 gvahd6h3sdkfju5tlsae2dcbm8 Query : select top 1 isnull(design,'') valor from st (nolock) left join stobs (nolock) on st.ref = stobs.ref where st.ref = '324.649.00.01'
20241106@161431.7900 gvahd6h3sdkfju5tlsae2dcbm8 Query : select top 1 bistamp valor from bi inner join bo on bo.bostamp=bi.bostamp where bo.ndos =240 and bo.boano =2072 and bo.obrano = 2407298 and bi.ref ='324.649.00.01' and bi.lordem =1
20241106@161431.9500 gvahd6h3sdkfju5tlsae2dcbm8 Query : select top 1 isnull(design,'') valor from st (nolock) left join stobs (nolock) on st.ref = stobs.ref where st.ref = '324.649.00.01'
20241106@161431.1150 gvahd6h3sdkfju5tlsae2dcbm8 Query : select top 1 bistamp valor from bi inner join bo on bo.bostamp=bi.bostamp where bo.ndos =240 and bo.boano =2072 and bo.obrano = 2407298 and bi.ref ='324.649.00.01' and bi.lordem =1
20241106@161431.1300 gvahd6h3sdkfju5tlsae2dcbm8 Query : select top 1 isnull(design,'') valor from st (nolock) left join stobs (nolock) on st.ref = stobs.ref where st.ref = '324.649.00.01'
20241106@161431.1480 gvahd6h3sdkfju5tlsae2dcbm8 Query : select top 1 bistamp valor from bi inner join bo on bo.bostamp=bi.bostamp where bo.ndos =240 and bo.boano =2072 and bo.obrano = 2407298 and bi.ref ='324.649.00.01' and bi.lordem =1
20241106@161431.1630 gvahd6h3sdkfju5tlsae2dcbm8 Query : select top 1 isnull(design,'') valor from st (nolock) left join stobs (nolock) on st.ref = stobs.ref where st.ref = '324.649.00.01'
20241106@161431.1810 gvahd6h3sdkfju5tlsae2dcbm8 Query : select top 1 bistamp valor from bi inner join bo on bo.bostamp=bi.bostamp where bo.ndos =240 and bo.boano =2072 and bo.obrano = 2407298 and bi.ref ='324.649.00.01' and bi.lordem =1
20241106@161431.1990 gvahd6h3sdkfju5tlsae2dcbm8 Query : select top 1 isnull(design,'') valor from st (nolock) left join stobs (nolock) on st.ref = stobs.ref where st.ref = '324.649.00.01'
20241106@161431.2180 gvahd6h3sdkfju5tlsae2dcbm8 Query : select top 1 bistamp valor from bi inner join bo on bo.bostamp=bi.bostamp where bo.ndos =240 and bo.boano =2072 and bo.obrano = 2407298 and bi.ref ='324.649.00.01' and bi.lordem =1
20241106@161431.2340 gvahd6h3sdkfju5tlsae2dcbm8 Query : select top 1 isnull(design,'') valor from st (nolock) left join stobs (nolock) on st.ref = stobs.ref where st.ref = '324.649.00.01'
20241106@161431.2510 gvahd6h3sdkfju5tlsae2dcbm8 Query : select top 1 bistamp valor from bi inner join bo on bo.bostamp=bi.bostamp where bo.ndos =240 and bo.boano =2072 and bo.obrano = 2407298 and bi.ref ='324.649.00.01' and bi.lordem =1
20241106@161431.2680 gvahd6h3sdkfju5tlsae2dcbm8 Query : use flama_phc
20241106@161431.2710 gvahd6h3sdkfju5tlsae2dcbm8 Query : select top 1 convert(date,fdata) valor from ft where ndoc = 39 and anulado= 0 and fno>0 order by fdata desc
20241106@161431.3010 gvahd6h3sdkfju5tlsae2dcbm8 Query : use flama_phc
20241106@161431.3040 gvahd6h3sdkfju5tlsae2dcbm8 Query : select top 1 1 valor from td where td.ndoc = 39
20241106@161431.3410 gvahd6h3sdkfju5tlsae2dcbm8 Query : use flama_phc
20241106@161431.3440 gvahd6h3sdkfju5tlsae2dcbm8 Query : select lower(descricao) descricao ,case when valor='s' then 1 else 0 end valor from para1 where descricao in ('st_lote','st_usalogifunc', 'st_grelha')
20241106@161431.3730 gvahd6h3sdkfju5tlsae2dcbm8 Query : select top 1 manternumero ,assinadoc issigned ,tiposaft ,assinaimp ,nmdos ,td.assinadoc ,'cl' origin ,lancasl stocks ,case when cmsl<50 and td.lancasl=1 then 1 else 0 end entrada ,case when cmsl>50 and td.lancasl=1 then 1 else 0 end saida ,temserie assets ,~semgre usegridfields from td inner join td2 on td.tdstamp=td2.td2stamp where td.ndoc = 1
20241106@161431.4060 gvahd6h3sdkfju5tlsae2dcbm8 Query : use flama_phc
20241106@161431.4090 gvahd6h3sdkfju5tlsae2dcbm8 Query : select top 1 ~inactivo valor from cl where no = '100810' and estab = 0 order by inactivo desc
20241106@161431.4390 gvahd6h3sdkfju5tlsae2dcbm8 Query : use flama_phc
20241106@161431.4420 gvahd6h3sdkfju5tlsae2dcbm8 Query : select top 1 tipodoc,regrd from td where ndoc = 39
20241106@161431.4700 gvahd6h3sdkfju5tlsae2dcbm8 Query : use flama_phc
20241106@161431.4730 gvahd6h3sdkfju5tlsae2dcbm8 Query : select szadrsstamp valor from szadrs where szadrsdesc='espaÇotrans,lda'
20241106@161431.5110 gvahd6h3sdkfju5tlsae2dcbm8 Query : use flama_phc
20241106@161431.5140 gvahd6h3sdkfju5tlsae2dcbm8 Query : select szadrsstamp valor from szadrs where szadrsdesc='100810 - worten-equipamentos para o lar,sa.'
20241106@161431.5580 gvahd6h3sdkfju5tlsae2dcbm8 Query : use flama_phc
20241106@161431.5600 gvahd6h3sdkfju5tlsae2dcbm8 Query : select 1 valor from td where ndoc = 39
20241106@161431.5730 gvahd6h3sdkfju5tlsae2dcbm8 Query : select top 1 manternumero, tiposaft, nmdos,td.assinadoc from td where td.ndoc = 39
20241106@161431.5950 gvahd6h3sdkfju5tlsae2dcbm8 Query : select 1 valor from information_schema.tables where table_type='base table' and table_name='wstablefields'
20241106@161431.6100 gvahd6h3sdkfju5tlsae2dcbm8 Query : select fieldkey,fieldname,fieldtype,mandatory from wstablefields where tablename = 'ft' and documentnumber = 39
20241106@161431.6350 gvahd6h3sdkfju5tlsae2dcbm8 Query : select 1 valor from information_schema.tables where table_type='base table' and table_name='wstablefields'
20241106@161431.6500 gvahd6h3sdkfju5tlsae2dcbm8 Query : select fieldkey,fieldname,fieldtype,mandatory from wstablefields where tablename = 'ft2' and documentnumber = 39
20241106@161431.6790 gvahd6h3sdkfju5tlsae2dcbm8 Query : select 1 valor from information_schema.tables where table_type='base table' and table_name='wstablefields'
20241106@161431.6940 gvahd6h3sdkfju5tlsae2dcbm8 Query : select fieldkey,fieldname,fieldtype,mandatory from wstablefields where tablename = 'ft3' and documentnumber = 39
20241106@161431.7060 gvahd6h3sdkfju5tlsae2dcbm8 Query : select top 1 ft.fno valor from ft ft where ft.ndoc = 39 and ftano=2024 order by fno desc
20241106@161431.7680 gvahd6h3sdkfju5tlsae2dcbm8 Query : select top 1 ft.fno valor from wsftdata ft where ft.ndoc = 39 and ftano=2024 order by fno desc
20241106@161431.7800 gvahd6h3sdkfju5tlsae2dcbm8 Query : select 1 valor from information_schema.tables where table_type='base table' and table_name='wstablefields'
20241106@161431.7960 gvahd6h3sdkfju5tlsae2dcbm8 Query : select fieldkey,fieldname,fieldtype,calcformula from wstablefields where tablename = 'ft3' and documentnumber = 39
20241106@161431.8120 gvahd6h3sdkfju5tlsae2dcbm8 Query : insert into wsft3data (ft3stamp, ousrdata, ousrhora, usrdata,usrhora,ousrinis,usrinis,taxpointdt ) values ('aut672b974329672b95e711' ,getdate(),convert(char(8),convert (time,getdate())),getdate(),convert(char(8),convert (time,getdate())),'wsv','wsv',?)
20241106@161431.1016 gvahd6h3sdkfju5tlsae2dcbm8 Query : select 1 valor from information_schema.tables where table_type='base table' and table_name='wstablefields'
20241106@161431.1033 gvahd6h3sdkfju5tlsae2dcbm8 Query : select fieldkey,fieldname,fieldtype,calcformula from wstablefields where tablename = 'ft2' and documentnumber = 39
20241106@161431.1063 gvahd6h3sdkfju5tlsae2dcbm8 Query : select top 1 bo.u_nomeenv valor from bo where bo.bostamp=''
20241106@161431.1074 gvahd6h3sdkfju5tlsae2dcbm8 Query : select top 1 bo.u_moradaen valor from bo where bo.bostamp=''
20241106@161431.1086 gvahd6h3sdkfju5tlsae2dcbm8 Query : select top 1 bo.u_codposen valor from bo where bo.bostamp=''
20241106@161431.1098 gvahd6h3sdkfju5tlsae2dcbm8 Query : select top 1 bo.u_localenv valor from bo where bo.bostamp=''
20241106@161431.1110 gvahd6h3sdkfju5tlsae2dcbm8 Query : select top 1 bo.trab5 valor from bo where bo.bostamp=''
20241106@161431.1120 gvahd6h3sdkfju5tlsae2dcbm8 Query : select top 1 bo.serie valor from bo where bo.bostamp=''
20241106@161431.1131 gvahd6h3sdkfju5tlsae2dcbm8 Query : insert into wsft2data (ft2stamp, ousrdata,ousrhora, usrdata,usrhora,ousrinis,usrinis,u_nomeenv ,u_moradaen ,u_codposen ,u_localenv ,u_coddest ,u_codby ) values ('aut672b974329672b95e711',getdate(),convert(char(8),convert (time,getdate())),getdate(),convert(char(8),convert (time,getdate())),'wsv','wsv',?,?,?,?,?,?)
20241106@161431.1438 gvahd6h3sdkfju5tlsae2dcbm8 Query : select top 1 fno valor from wsftdata order by fno desc
20241106@161431.1464 gvahd6h3sdkfju5tlsae2dcbm8 Query : select 1 valor from information_schema.tables where table_type='base table' and table_name='wstablefields'
20241106@161431.1480 gvahd6h3sdkfju5tlsae2dcbm8 Query : select fieldkey,fieldname,fieldtype,calcformula from wstablefields where tablename = 'ft' and documentnumber = 39
20241106@161431.1504 gvahd6h3sdkfju5tlsae2dcbm8 Query : select 'normal' from dummy
20241106@161431.1519 gvahd6h3sdkfju5tlsae2dcbm8 Query : insert into wsftdata (ftstamp, ousrdata,ousrhora, usrdata,usrhora,ousrinis,usrinis,fno,no,estab,fdata,ndoc,moeda,cambio,cambiofixo,ftano,site ,classe ) values ('aut672b974329672b95e711',getdate(),convert(char(8),convert (time,getdate())),getdate(),convert(char(8),convert (time,getdate())),'wsv','wsv',1700,100810,0,'2024-11-06',39,'euro',0,0,2024 ,?,?)
20241106@161431.2266 gvahd6h3sdkfju5tlsae2dcbm8 Query : use flama_phc
20241106@161431.2269 gvahd6h3sdkfju5tlsae2dcbm8 Query : select st.usalote valor from st where st.ref = '324.649.00.01'
20241106@161431.2292 gvahd6h3sdkfju5tlsae2dcbm8 Query : select top 1 st.tabiva ,st.ivaincl ,st.stns ,st.uni2 ,st.familia ,isnull(tx.taxa, 0) txiva ,unidade ,usalote ,epcpond ,noserie ,conversao ,st.texteis from st left join taxasiva tx on st.tabiva = tx.codigo where st.ref = '324.649.00.01'
20241106@161431.2450 gvahd6h3sdkfju5tlsae2dcbm8 Query : select 1 valor from information_schema.tables where table_type='base table' and table_name='wstablefields'
20241106@161431.2466 gvahd6h3sdkfju5tlsae2dcbm8 Query : select fieldkey,fieldname,fieldtype,mandatory from wstablefields where tablename = 'fi' and documentnumber = 39
20241106@161431.2490 gvahd6h3sdkfju5tlsae2dcbm8 Query : select 1 valor from information_schema.tables where table_type='base table' and table_name='wstablefields'
20241106@161431.2504 gvahd6h3sdkfju5tlsae2dcbm8 Query : select fieldkey,fieldname,fieldtype,mandatory from wstablefields where tablename = 'fi2' and documentnumber = 39
20241106@161431.2512 gvahd6h3sdkfju5tlsae2dcbm8 Query : select top 1 convert(numeric(6,2),t.taxa) valor from taxasiva t where t.codigo='2'
20241106@161431.2523 gvahd6h3sdkfju5tlsae2dcbm8 Query : select sestamp valor from se where ref ='324.649.00.01' and lote = 'r2400682200a'
20241106@161431.2536 gvahd6h3sdkfju5tlsae2dcbm8 Query : select 1 valor from information_schema.tables where table_type='base table' and table_name='wstablefields'
20241106@161431.2551 gvahd6h3sdkfju5tlsae2dcbm8 Query : select fieldkey,fieldname,fieldtype,calcformula from wstablefields where tablename = 'fi2' and documentnumber = 39
20241106@161431.2562 gvahd6h3sdkfju5tlsae2dcbm8 Query : insert into wsfi2data (fi2stamp,ftstamp ,ousrdata, ousrhora, usrdata,usrhora,ousrinis,usrinis) values ('aut672b977211672b95e73d','aut672b974329672b95e711' ,getdate(),convert(char(8),convert (time,getdate())),getdate(),convert(char(8),convert (time,getdate())),'wsv','wsv')
20241106@161431.2566 gvahd6h3sdkfju5tlsae2dcbm8 Query : select 1 valor from information_schema.tables where table_type='base table' and table_name='wstablefields'
20241106@161431.2580 gvahd6h3sdkfju5tlsae2dcbm8 Query : select fieldkey,fieldname,fieldtype,calcformula from wstablefields where tablename = 'fi' and documentnumber = 39
20241106@161431.2609 gvahd6h3sdkfju5tlsae2dcbm8 Query : insert into wsfidata (fistamp,ousrdata, ousrhora, usrdata,usrhora,ousrinis,usrinis ,qtt ,ftstamp ,epv,pvmoeda ,tabiva,iva,lordem ,ref, design ,lote,armazem,bistamp ) values ('aut672b977211672b95e73d',getdate(),convert(char(8),convert (time,getdate())),getdate(),convert(char(8),convert (time,getdate())),'wsv','wsv',16.000 ,'aut672b974329672b95e711' ,0,0 ,2,23.00,10000,?,?,?,?,?)
20241106@161431.2924 gvahd6h3sdkfju5tlsae2dcbm8 Query : select 1 valor from information_schema.tables where table_type='base table' and table_name='wstablefields'
20241106@161431.2941 gvahd6h3sdkfju5tlsae2dcbm8 Query : select fieldkey,fieldname,fieldtype,mandatory from wstablefields where tablename = 'fi' and documentnumber = 39
20241106@161431.2976 gvahd6h3sdkfju5tlsae2dcbm8 Query : select 1 valor from information_schema.tables where table_type='base table' and table_name='wstablefields'
20241106@161431.2999 gvahd6h3sdkfju5tlsae2dcbm8 Query : select fieldkey,fieldname,fieldtype,mandatory from wstablefields where tablename = 'fi2' and documentnumber = 39
20241106@161431.3007 gvahd6h3sdkfju5tlsae2dcbm8 Query : select top 1 convert(numeric(6,2),t.taxa) valor from taxasiva t where t.codigo='2'
20241106@161431.3020 gvahd6h3sdkfju5tlsae2dcbm8 Query : select 1 valor from information_schema.tables where table_type='base table' and table_name='wstablefields'
20241106@161431.3035 gvahd6h3sdkfju5tlsae2dcbm8 Query : select fieldkey,fieldname,fieldtype,calcformula from wstablefields where tablename = 'fi2' and documentnumber = 39
20241106@161431.3048 gvahd6h3sdkfju5tlsae2dcbm8 Query : insert into wsfi2data (fi2stamp,ftstamp ,ousrdata, ousrhora, usrdata,usrhora,ousrinis,usrinis) values ('aut672b985428672b95e749','aut672b974329672b95e711' ,getdate(),convert(char(8),convert (time,getdate())),getdate(),convert(char(8),convert (time,getdate())),'wsv','wsv')
20241106@161431.3053 gvahd6h3sdkfju5tlsae2dcbm8 Query : select 1 valor from information_schema.tables where table_type='base table' and table_name='wstablefields'
20241106@161431.3067 gvahd6h3sdkfju5tlsae2dcbm8 Query : select fieldkey,fieldname,fieldtype,calcformula from wstablefields where tablename = 'fi' and documentnumber = 39
20241106@161431.3096 gvahd6h3sdkfju5tlsae2dcbm8 Query : insert into wsfidata (fistamp,ousrdata, ousrhora, usrdata,usrhora,ousrinis,usrinis ,qtt ,ftstamp ,epv,pvmoeda ,tabiva,iva,lordem ,ref, design ,armazem) values ('aut672b985428672b95e749',getdate(),convert(char(8),convert (time,getdate())),getdate(),convert(char(8),convert (time,getdate())),'wsv','wsv',0 ,'aut672b974329672b95e711' ,0,0 ,2,23.00,20000,?,?,?)
20241106@161431.3654 gvahd6h3sdkfju5tlsae2dcbm8 Query : use flama_phc
20241106@161431.3739 gvahd6h3sdkfju5tlsae2dcbm8 Query : select st.usalote valor from st where st.ref = '324.649.00.01'
20241106@161431.4668 gvahd6h3sdkfju5tlsae2dcbm8 Query : select top 1 st.tabiva ,st.ivaincl ,st.stns ,st.uni2 ,st.familia ,isnull(tx.taxa, 0) txiva ,unidade ,usalote ,epcpond ,noserie ,conversao ,st.texteis from st left join taxasiva tx on st.tabiva = tx.codigo where st.ref = '324.649.00.01'
20241106@161431.5032 gvahd6h3sdkfju5tlsae2dcbm8 Query : select 1 valor from information_schema.tables where table_type='base table' and table_name='wstablefields'
20241106@161431.5095 gvahd6h3sdkfju5tlsae2dcbm8 Query : select fieldkey,fieldname,fieldtype,mandatory from wstablefields where tablename = 'fi' and documentnumber = 39
20241106@161431.5119 gvahd6h3sdkfju5tlsae2dcbm8 Query : select 1 valor from information_schema.tables where table_type='base table' and table_name='wstablefields'
20241106@161431.5134 gvahd6h3sdkfju5tlsae2dcbm8 Query : select fieldkey,fieldname,fieldtype,mandatory from wstablefields where tablename = 'fi2' and documentnumber = 39
20241106@161431.5142 gvahd6h3sdkfju5tlsae2dcbm8 Query : select top 1 convert(numeric(6,2),t.taxa) valor from taxasiva t where t.codigo='2'
20241106@161431.5154 gvahd6h3sdkfju5tlsae2dcbm8 Query : select sestamp valor from se where ref ='324.649.00.01' and lote = 'r2400682200a'
20241106@161431.5166 gvahd6h3sdkfju5tlsae2dcbm8 Query : select 1 valor from information_schema.tables where table_type='base table' and table_name='wstablefields'
20241106@161431.5180 gvahd6h3sdkfju5tlsae2dcbm8 Query : select fieldkey,fieldname,fieldtype,calcformula from wstablefields where tablename = 'fi2' and documentnumber = 39
20241106@161431.5192 gvahd6h3sdkfju5tlsae2dcbm8 Query : insert into wsfi2data (fi2stamp,ftstamp ,ousrdata, ousrhora, usrdata,usrhora,ousrinis,usrinis) values ('aut672b947205672b95e77e','aut672b974329672b95e711' ,getdate(),convert(char(8),convert (time,getdate())),getdate(),convert(char(8),convert (time,getdate())),'wsv','wsv')
20241106@161431.5196 gvahd6h3sdkfju5tlsae2dcbm8 Query : select 1 valor from information_schema.tables where table_type='base table' and table_name='wstablefields'
20241106@161431.5212 gvahd6h3sdkfju5tlsae2dcbm8 Query : select fieldkey,fieldname,fieldtype,calcformula from wstablefields where tablename = 'fi' and documentnumber = 39
20241106@161431.5238 gvahd6h3sdkfju5tlsae2dcbm8 Query : insert into wsfidata (fistamp,ousrdata, ousrhora, usrdata,usrhora,ousrinis,usrinis ,qtt ,ftstamp ,epv,pvmoeda ,tabiva,iva,lordem ,ref, design ,lote,armazem,bistamp ) values ('aut672b947205672b95e77e',getdate(),convert(char(8),convert (time,getdate())),getdate(),convert(char(8),convert (time,getdate())),'wsv','wsv',16.000 ,'aut672b974329672b95e711' ,0,0 ,2,23.00,40000,?,?,?,?,?)
20241106@161431.5523 gvahd6h3sdkfju5tlsae2dcbm8 Query : select 1 valor from information_schema.tables where table_type='base table' and table_name='wstablefields'
20241106@161431.5539 gvahd6h3sdkfju5tlsae2dcbm8 Query : select fieldkey,fieldname,fieldtype,mandatory from wstablefields where tablename = 'fi' and documentnumber = 39
20241106@161431.5564 gvahd6h3sdkfju5tlsae2dcbm8 Query : select 1 valor from information_schema.tables where table_type='base table' and table_name='wstablefields'
20241106@161431.5579 gvahd6h3sdkfju5tlsae2dcbm8 Query : select fieldkey,fieldname,fieldtype,mandatory from wstablefields where tablename = 'fi2' and documentnumber = 39
20241106@161431.5593 gvahd6h3sdkfju5tlsae2dcbm8 Query : select top 1 convert(numeric(6,2),t.taxa) valor from taxasiva t where t.codigo='2'
20241106@161431.5604 gvahd6h3sdkfju5tlsae2dcbm8 Query : select 1 valor from information_schema.tables where table_type='base table' and table_name='wstablefields'
20241106@161431.5618 gvahd6h3sdkfju5tlsae2dcbm8 Query : select fieldkey,fieldname,fieldtype,calcformula from wstablefields where tablename = 'fi2' and documentnumber = 39
20241106@161431.5629 gvahd6h3sdkfju5tlsae2dcbm8 Query : insert into wsfi2data (fi2stamp,ftstamp ,ousrdata, ousrhora, usrdata,usrhora,ousrinis,usrinis) values ('aut672b965156672b95e788','aut672b974329672b95e711' ,getdate(),convert(char(8),convert (time,getdate())),getdate(),convert(char(8),convert (time,getdate())),'wsv','wsv')
20241106@161431.5638 gvahd6h3sdkfju5tlsae2dcbm8 Query : select 1 valor from information_schema.tables where table_type='base table' and table_name='wstablefields'
20241106@161431.5653 gvahd6h3sdkfju5tlsae2dcbm8 Query : select fieldkey,fieldname,fieldtype,calcformula from wstablefields where tablename = 'fi' and documentnumber = 39
20241106@161431.5679 gvahd6h3sdkfju5tlsae2dcbm8 Query : insert into wsfidata (fistamp,ousrdata, ousrhora, usrdata,usrhora,ousrinis,usrinis ,qtt ,ftstamp ,epv,pvmoeda ,tabiva,iva,lordem ,ref, design ,armazem) values ('aut672b965156672b95e788',getdate(),convert(char(8),convert (time,getdate())),getdate(),convert(char(8),convert (time,getdate())),'wsv','wsv',0 ,'aut672b974329672b95e711' ,0,0 ,2,23.00,50000,?,?,?)
20241106@161431.5961 gvahd6h3sdkfju5tlsae2dcbm8 Query : use flama_phc
20241106@161431.5969 gvahd6h3sdkfju5tlsae2dcbm8 Query : select st.usalote valor from st where st.ref = '324.649.00.01'
20241106@161431.5988 gvahd6h3sdkfju5tlsae2dcbm8 Query : select top 1 st.tabiva ,st.ivaincl ,st.stns ,st.uni2 ,st.familia ,isnull(tx.taxa, 0) txiva ,unidade ,usalote ,epcpond ,noserie ,conversao ,st.texteis from st left join taxasiva tx on st.tabiva = tx.codigo where st.ref = '324.649.00.01'
20241106@161431.6002 gvahd6h3sdkfju5tlsae2dcbm8 Query : select 1 valor from information_schema.tables where table_type='base table' and table_name='wstablefields'
20241106@161431.6020 gvahd6h3sdkfju5tlsae2dcbm8 Query : select fieldkey,fieldname,fieldtype,mandatory from wstablefields where tablename = 'fi' and documentnumber = 39
20241106@161431.6046 gvahd6h3sdkfju5tlsae2dcbm8 Query : select 1 valor from information_schema.tables where table_type='base table' and table_name='wstablefields'
20241106@161431.6063 gvahd6h3sdkfju5tlsae2dcbm8 Query : select fieldkey,fieldname,fieldtype,mandatory from wstablefields where tablename = 'fi2' and documentnumber = 39
20241106@161431.6072 gvahd6h3sdkfju5tlsae2dcbm8 Query : select top 1 convert(numeric(6,2),t.taxa) valor from taxasiva t where t.codigo='2'
20241106@161431.6084 gvahd6h3sdkfju5tlsae2dcbm8 Query : select sestamp valor from se where ref ='324.649.00.01' and lote = 'r2400682200a'
20241106@161431.6099 gvahd6h3sdkfju5tlsae2dcbm8 Query : select 1 valor from information_schema.tables where table_type='base table' and table_name='wstablefields'
20241106@161431.6113 gvahd6h3sdkfju5tlsae2dcbm8 Query : select fieldkey,fieldname,fieldtype,calcformula from wstablefields where tablename = 'fi2' and documentnumber = 39
20241106@161431.6124 gvahd6h3sdkfju5tlsae2dcbm8 Query : insert into wsfi2data (fi2stamp,ftstamp ,ousrdata, ousrhora, usrdata,usrhora,ousrinis,usrinis) values ('aut672b942345672b95e794','aut672b974329672b95e711' ,getdate(),convert(char(8),convert (time,getdate())),getdate(),convert(char(8),convert (time,getdate())),'wsv','wsv')
20241106@161431.6129 gvahd6h3sdkfju5tlsae2dcbm8 Query : select 1 valor from information_schema.tables where table_type='base table' and table_name='wstablefields'
20241106@161431.6159 gvahd6h3sdkfju5tlsae2dcbm8 Query : select fieldkey,fieldname,fieldtype,calcformula from wstablefields where tablename = 'fi' and documentnumber = 39
20241106@161431.6191 gvahd6h3sdkfju5tlsae2dcbm8 Query : insert into wsfidata (fistamp,ousrdata, ousrhora, usrdata,usrhora,ousrinis,usrinis ,qtt ,ftstamp ,epv,pvmoeda ,tabiva,iva,lordem ,ref, design ,lote,armazem,bistamp ) values ('aut672b942345672b95e794',getdate(),convert(char(8),convert (time,getdate())),getdate(),convert(char(8),convert (time,getdate())),'wsv','wsv',16.000 ,'aut672b974329672b95e711' ,0,0 ,2,23.00,70000,?,?,?,?,?)
20241106@161431.6503 gvahd6h3sdkfju5tlsae2dcbm8 Query : select 1 valor from information_schema.tables where table_type='base table' and table_name='wstablefields'
20241106@161431.6519 gvahd6h3sdkfju5tlsae2dcbm8 Query : select fieldkey,fieldname,fieldtype,mandatory from wstablefields where tablename = 'fi' and documentnumber = 39
20241106@161431.6546 gvahd6h3sdkfju5tlsae2dcbm8 Query : select 1 valor from information_schema.tables where table_type='base table' and table_name='wstablefields'
20241106@161431.6562 gvahd6h3sdkfju5tlsae2dcbm8 Query : select fieldkey,fieldname,fieldtype,mandatory from wstablefields where tablename = 'fi2' and documentnumber = 39
20241106@161431.6571 gvahd6h3sdkfju5tlsae2dcbm8 Query : select top 1 convert(numeric(6,2),t.taxa) valor from taxasiva t where t.codigo='2'
20241106@161431.6584 gvahd6h3sdkfju5tlsae2dcbm8 Query : select 1 valor from information_schema.tables where table_type='base table' and table_name='wstablefields'
20241106@161431.6600 gvahd6h3sdkfju5tlsae2dcbm8 Query : select fieldkey,fieldname,fieldtype,calcformula from wstablefields where tablename = 'fi2' and documentnumber = 39
20241106@161431.6611 gvahd6h3sdkfju5tlsae2dcbm8 Query : insert into wsfi2data (fi2stamp,ftstamp ,ousrdata, ousrhora, usrdata,usrhora,ousrinis,usrinis) values ('aut672b966216672b95e7a0','aut672b974329672b95e711' ,getdate(),convert(char(8),convert (time,getdate())),getdate(),convert(char(8),convert (time,getdate())),'wsv','wsv')
20241106@161431.6617 gvahd6h3sdkfju5tlsae2dcbm8 Query : select 1 valor from information_schema.tables where table_type='base table' and table_name='wstablefields'
20241106@161431.6653 gvahd6h3sdkfju5tlsae2dcbm8 Query : select fieldkey,fieldname,fieldtype,calcformula from wstablefields where tablename = 'fi' and documentnumber = 39
20241106@161431.6694 gvahd6h3sdkfju5tlsae2dcbm8 Query : insert into wsfidata (fistamp,ousrdata, ousrhora, usrdata,usrhora,ousrinis,usrinis ,qtt ,ftstamp ,epv,pvmoeda ,tabiva,iva,lordem ,ref, design ,armazem) values ('aut672b966216672b95e7a0',getdate(),convert(char(8),convert (time,getdate())),getdate(),convert(char(8),convert (time,getdate())),'wsv','wsv',0 ,'aut672b974329672b95e711' ,0,0 ,2,23.00,80000,?,?,?)
20241106@161431.6983 gvahd6h3sdkfju5tlsae2dcbm8 Query : use flama_phc
20241106@161431.6988 gvahd6h3sdkfju5tlsae2dcbm8 Query : select st.usalote valor from st where st.ref = '324.649.00.01'
20241106@161431.7011 gvahd6h3sdkfju5tlsae2dcbm8 Query : select top 1 st.tabiva ,st.ivaincl ,st.stns ,st.uni2 ,st.familia ,isnull(tx.taxa, 0) txiva ,unidade ,usalote ,epcpond ,noserie ,conversao ,st.texteis from st left join taxasiva tx on st.tabiva = tx.codigo where st.ref = '324.649.00.01'
20241106@161431.7025 gvahd6h3sdkfju5tlsae2dcbm8 Query : select 1 valor from information_schema.tables where table_type='base table' and table_name='wstablefields'
20241106@161431.7042 gvahd6h3sdkfju5tlsae2dcbm8 Query : select fieldkey,fieldname,fieldtype,mandatory from wstablefields where tablename = 'fi' and documentnumber = 39
20241106@161431.7069 gvahd6h3sdkfju5tlsae2dcbm8 Query : select 1 valor from information_schema.tables where table_type='base table' and table_name='wstablefields'
20241106@161431.7084 gvahd6h3sdkfju5tlsae2dcbm8 Query : select fieldkey,fieldname,fieldtype,mandatory from wstablefields where tablename = 'fi2' and documentnumber = 39
20241106@161431.7094 gvahd6h3sdkfju5tlsae2dcbm8 Query : select top 1 convert(numeric(6,2),t.taxa) valor from taxasiva t where t.codigo='2'
20241106@161431.7105 gvahd6h3sdkfju5tlsae2dcbm8 Query : select sestamp valor from se where ref ='324.649.00.01' and lote = 'r2400682200a'
20241106@161431.7118 gvahd6h3sdkfju5tlsae2dcbm8 Query : select 1 valor from information_schema.tables where table_type='base table' and table_name='wstablefields'
20241106@161431.7134 gvahd6h3sdkfju5tlsae2dcbm8 Query : select fieldkey,fieldname,fieldtype,calcformula from wstablefields where tablename = 'fi2' and documentnumber = 39
20241106@161431.7146 gvahd6h3sdkfju5tlsae2dcbm8 Query : insert into wsfi2data (fi2stamp,ftstamp ,ousrdata, ousrhora, usrdata,usrhora,ousrinis,usrinis) values ('aut672b913933672b95e7ad','aut672b974329672b95e711' ,getdate(),convert(char(8),convert (time,getdate())),getdate(),convert(char(8),convert (time,getdate())),'wsv','wsv')
20241106@161431.7150 gvahd6h3sdkfju5tlsae2dcbm8 Query : select 1 valor from information_schema.tables where table_type='base table' and table_name='wstablefields'
20241106@161431.7165 gvahd6h3sdkfju5tlsae2dcbm8 Query : select fieldkey,fieldname,fieldtype,calcformula from wstablefields where tablename = 'fi' and documentnumber = 39
20241106@161431.7198 gvahd6h3sdkfju5tlsae2dcbm8 Query : insert into wsfidata (fistamp,ousrdata, ousrhora, usrdata,usrhora,ousrinis,usrinis ,qtt ,ftstamp ,epv,pvmoeda ,tabiva,iva,lordem ,ref, design ,lote,armazem,bistamp ) values ('aut672b913933672b95e7ad',getdate(),convert(char(8),convert (time,getdate())),getdate(),convert(char(8),convert (time,getdate())),'wsv','wsv',16.000 ,'aut672b974329672b95e711' ,0,0 ,2,23.00,100000,?,?,?,?,?)
20241106@161431.7492 gvahd6h3sdkfju5tlsae2dcbm8 Query : select 1 valor from information_schema.tables where table_type='base table' and table_name='wstablefields'
20241106@161431.7508 gvahd6h3sdkfju5tlsae2dcbm8 Query : select fieldkey,fieldname,fieldtype,mandatory from wstablefields where tablename = 'fi' and documentnumber = 39
20241106@161431.7535 gvahd6h3sdkfju5tlsae2dcbm8 Query : select 1 valor from information_schema.tables where table_type='base table' and table_name='wstablefields'
20241106@161431.7553 gvahd6h3sdkfju5tlsae2dcbm8 Query : select fieldkey,fieldname,fieldtype,mandatory from wstablefields where tablename = 'fi2' and documentnumber = 39
20241106@161431.7563 gvahd6h3sdkfju5tlsae2dcbm8 Query : select top 1 convert(numeric(6,2),t.taxa) valor from taxasiva t where t.codigo='2'
20241106@161431.7577 gvahd6h3sdkfju5tlsae2dcbm8 Query : select 1 valor from information_schema.tables where table_type='base table' and table_name='wstablefields'
20241106@161431.7597 gvahd6h3sdkfju5tlsae2dcbm8 Query : select fieldkey,fieldname,fieldtype,calcformula from wstablefields where tablename = 'fi2' and documentnumber = 39
20241106@161431.7610 gvahd6h3sdkfju5tlsae2dcbm8 Query : insert into wsfi2data (fi2stamp,ftstamp ,ousrdata, ousrhora, usrdata,usrhora,ousrinis,usrinis) values ('aut672b953482672b95e7b8','aut672b974329672b95e711' ,getdate(),convert(char(8),convert (time,getdate())),getdate(),convert(char(8),convert (time,getdate())),'wsv','wsv')
20241106@161431.7615 gvahd6h3sdkfju5tlsae2dcbm8 Query : select 1 valor from information_schema.tables where table_type='base table' and table_name='wstablefields'
20241106@161431.7631 gvahd6h3sdkfju5tlsae2dcbm8 Query : select fieldkey,fieldname,fieldtype,calcformula from wstablefields where tablename = 'fi' and documentnumber = 39
20241106@161431.7659 gvahd6h3sdkfju5tlsae2dcbm8 Query : insert into wsfidata (fistamp,ousrdata, ousrhora, usrdata,usrhora,ousrinis,usrinis ,qtt ,ftstamp ,epv,pvmoeda ,tabiva,iva,lordem ,ref, design ,armazem) values ('aut672b953482672b95e7b8',getdate(),convert(char(8),convert (time,getdate())),getdate(),convert(char(8),convert (time,getdate())),'wsv','wsv',0 ,'aut672b974329672b95e711' ,0,0 ,2,23.00,110000,?,?,?)
20241106@161431.7952 gvahd6h3sdkfju5tlsae2dcbm8 Query : use flama_phc
20241106@161431.7955 gvahd6h3sdkfju5tlsae2dcbm8 Query : select st.usalote valor from st where st.ref = '324.649.00.01'
20241106@161431.7973 gvahd6h3sdkfju5tlsae2dcbm8 Query : select top 1 st.tabiva ,st.ivaincl ,st.stns ,st.uni2 ,st.familia ,isnull(tx.taxa, 0) txiva ,unidade ,usalote ,epcpond ,noserie ,conversao ,st.texteis from st left join taxasiva tx on st.tabiva = tx.codigo where st.ref = '324.649.00.01'
20241106@161431.7986 gvahd6h3sdkfju5tlsae2dcbm8 Query : select 1 valor from information_schema.tables where table_type='base table' and table_name='wstablefields'
20241106@161431.8000 gvahd6h3sdkfju5tlsae2dcbm8 Query : select fieldkey,fieldname,fieldtype,mandatory from wstablefields where tablename = 'fi' and documentnumber = 39
20241106@161431.8027 gvahd6h3sdkfju5tlsae2dcbm8 Query : select 1 valor from information_schema.tables where table_type='base table' and table_name='wstablefields'
20241106@161431.8044 gvahd6h3sdkfju5tlsae2dcbm8 Query : select fieldkey,fieldname,fieldtype,mandatory from wstablefields where tablename = 'fi2' and documentnumber = 39
20241106@161431.8054 gvahd6h3sdkfju5tlsae2dcbm8 Query : select top 1 convert(numeric(6,2),t.taxa) valor from taxasiva t where t.codigo='2'
20241106@161431.8066 gvahd6h3sdkfju5tlsae2dcbm8 Query : select sestamp valor from se where ref ='324.649.00.01' and lote = 'r2400682200a'
20241106@161431.8078 gvahd6h3sdkfju5tlsae2dcbm8 Query : select 1 valor from information_schema.tables where table_type='base table' and table_name='wstablefields'
20241106@161431.8095 gvahd6h3sdkfju5tlsae2dcbm8 Query : select fieldkey,fieldname,fieldtype,calcformula from wstablefields where tablename = 'fi2' and documentnumber = 39
20241106@161431.8105 gvahd6h3sdkfju5tlsae2dcbm8 Query : insert into wsfi2data (fi2stamp,ftstamp ,ousrdata, ousrhora, usrdata,usrhora,ousrinis,usrinis) values ('aut672b926597672b95e7c5','aut672b974329672b95e711' ,getdate(),convert(char(8),convert (time,getdate())),getdate(),convert(char(8),convert (time,getdate())),'wsv','wsv')
20241106@161431.8109 gvahd6h3sdkfju5tlsae2dcbm8 Query : select 1 valor from information_schema.tables where table_type='base table' and table_name='wstablefields'
20241106@161431.8123 gvahd6h3sdkfju5tlsae2dcbm8 Query : select fieldkey,fieldname,fieldtype,calcformula from wstablefields where tablename = 'fi' and documentnumber = 39
20241106@161431.8151 gvahd6h3sdkfju5tlsae2dcbm8 Query : insert into wsfidata (fistamp,ousrdata, ousrhora, usrdata,usrhora,ousrinis,usrinis ,qtt ,ftstamp ,epv,pvmoeda ,tabiva,iva,lordem ,ref, design ,lote,armazem,bistamp ) values ('aut672b926597672b95e7c5',getdate(),convert(char(8),convert (time,getdate())),getdate(),convert(char(8),convert (time,getdate())),'wsv','wsv',16.000 ,'aut672b974329672b95e711' ,0,0 ,2,23.00,130000,?,?,?,?,?)
20241106@161431.8503 gvahd6h3sdkfju5tlsae2dcbm8 Query : select 1 valor from information_schema.tables where table_type='base table' and table_name='wstablefields'
20241106@161431.8576 gvahd6h3sdkfju5tlsae2dcbm8 Query : select fieldkey,fieldname,fieldtype,mandatory from wstablefields where tablename = 'fi' and documentnumber = 39
20241106@161431.8756 gvahd6h3sdkfju5tlsae2dcbm8 Query : select 1 valor from information_schema.tables where table_type='base table' and table_name='wstablefields'
20241106@161431.8783 gvahd6h3sdkfju5tlsae2dcbm8 Query : select fieldkey,fieldname,fieldtype,mandatory from wstablefields where tablename = 'fi2' and documentnumber = 39
20241106@161431.8792 gvahd6h3sdkfju5tlsae2dcbm8 Query : select top 1 convert(numeric(6,2),t.taxa) valor from taxasiva t where t.codigo='2'
20241106@161431.8807 gvahd6h3sdkfju5tlsae2dcbm8 Query : select 1 valor from information_schema.tables where table_type='base table' and table_name='wstablefields'
20241106@161431.8821 gvahd6h3sdkfju5tlsae2dcbm8 Query : select fieldkey,fieldname,fieldtype,calcformula from wstablefields where tablename = 'fi2' and documentnumber = 39
20241106@161431.8831 gvahd6h3sdkfju5tlsae2dcbm8 Query : insert into wsfi2data (fi2stamp,ftstamp ,ousrdata, ousrhora, usrdata,usrhora,ousrinis,usrinis) values ('aut672b902519672b95e7d7','aut672b974329672b95e711' ,getdate(),convert(char(8),convert (time,getdate())),getdate(),convert(char(8),convert (time,getdate())),'wsv','wsv')
20241106@161431.8840 gvahd6h3sdkfju5tlsae2dcbm8 Query : select 1 valor from information_schema.tables where table_type='base table' and table_name='wstablefields'
20241106@161431.8861 gvahd6h3sdkfju5tlsae2dcbm8 Query : select fieldkey,fieldname,fieldtype,calcformula from wstablefields where tablename = 'fi' and documentnumber = 39
20241106@161431.8904 gvahd6h3sdkfju5tlsae2dcbm8 Query : insert into wsfidata (fistamp,ousrdata, ousrhora, usrdata,usrhora,ousrinis,usrinis ,qtt ,ftstamp ,epv,pvmoeda ,tabiva,iva,lordem ,ref, design ,armazem) values ('aut672b902519672b95e7d7',getdate(),convert(char(8),convert (time,getdate())),getdate(),convert(char(8),convert (time,getdate())),'wsv','wsv',0 ,'aut672b974329672b95e711' ,0,0 ,2,23.00,140000,?,?,?)
20241106@161431.9217 gvahd6h3sdkfju5tlsae2dcbm8 Query : use flama_phc
20241106@161431.9373 gvahd6h3sdkfju5tlsae2dcbm8 Query : select st.usalote valor from st where st.ref = '324.649.00.01'
20241106@161431.9392 gvahd6h3sdkfju5tlsae2dcbm8 Query : select top 1 st.tabiva ,st.ivaincl ,st.stns ,st.uni2 ,st.familia ,isnull(tx.taxa, 0) txiva ,unidade ,usalote ,epcpond ,noserie ,conversao ,st.texteis from st left join taxasiva tx on st.tabiva = tx.codigo where st.ref = '324.649.00.01'
20241106@161431.9404 gvahd6h3sdkfju5tlsae2dcbm8 Query : select 1 valor from information_schema.tables where table_type='base table' and table_name='wstablefields'
20241106@161431.9419 gvahd6h3sdkfju5tlsae2dcbm8 Query : select fieldkey,fieldname,fieldtype,mandatory from wstablefields where tablename = 'fi' and documentnumber = 39
20241106@161431.9454 gvahd6h3sdkfju5tlsae2dcbm8 Query : select 1 valor from information_schema.tables where table_type='base table' and table_name='wstablefields'
20241106@161431.9469 gvahd6h3sdkfju5tlsae2dcbm8 Query : select fieldkey,fieldname,fieldtype,mandatory from wstablefields where tablename = 'fi2' and documentnumber = 39
20241106@161431.9479 gvahd6h3sdkfju5tlsae2dcbm8 Query : select top 1 convert(numeric(6,2),t.taxa) valor from taxasiva t where t.codigo='2'
20241106@161431.9495 gvahd6h3sdkfju5tlsae2dcbm8 Query : select sestamp valor from se where ref ='324.649.00.01' and lote = 'r2400682200a'
20241106@161431.9507 gvahd6h3sdkfju5tlsae2dcbm8 Query : select 1 valor from information_schema.tables where table_type='base table' and table_name='wstablefields'
20241106@161431.9524 gvahd6h3sdkfju5tlsae2dcbm8 Query : select fieldkey,fieldname,fieldtype,calcformula from wstablefields where tablename = 'fi2' and documentnumber = 39
20241106@161431.9535 gvahd6h3sdkfju5tlsae2dcbm8 Query : insert into wsfi2data (fi2stamp,ftstamp ,ousrdata, ousrhora, usrdata,usrhora,ousrinis,usrinis) values ('aut672b908884672b95e7e8','aut672b974329672b95e711' ,getdate(),convert(char(8),convert (time,getdate())),getdate(),convert(char(8),convert (time,getdate())),'wsv','wsv')
20241106@161431.9540 gvahd6h3sdkfju5tlsae2dcbm8 Query : select 1 valor from information_schema.tables where table_type='base table' and table_name='wstablefields'
20241106@161431.9554 gvahd6h3sdkfju5tlsae2dcbm8 Query : select fieldkey,fieldname,fieldtype,calcformula from wstablefields where tablename = 'fi' and documentnumber = 39
20241106@161431.9584 gvahd6h3sdkfju5tlsae2dcbm8 Query : insert into wsfidata (fistamp,ousrdata, ousrhora, usrdata,usrhora,ousrinis,usrinis ,qtt ,ftstamp ,epv,pvmoeda ,tabiva,iva,lordem ,ref, design ,lote,armazem,bistamp ) values ('aut672b908884672b95e7e8',getdate(),convert(char(8),convert (time,getdate())),getdate(),convert(char(8),convert (time,getdate())),'wsv','wsv',16.000 ,'aut672b974329672b95e711' ,0,0 ,2,23.00,160000,?,?,?,?,?)
20241106@161431.9881 gvahd6h3sdkfju5tlsae2dcbm8 Query : select 1 valor from information_schema.tables where table_type='base table' and table_name='wstablefields'
20241106@161431.9903 gvahd6h3sdkfju5tlsae2dcbm8 Query : select fieldkey,fieldname,fieldtype,mandatory from wstablefields where tablename = 'fi' and documentnumber = 39
20241106@161431.9930 gvahd6h3sdkfju5tlsae2dcbm8 Query : select 1 valor from information_schema.tables where table_type='base table' and table_name='wstablefields'
20241106@161431.9959 gvahd6h3sdkfju5tlsae2dcbm8 Query : select fieldkey,fieldname,fieldtype,mandatory from wstablefields where tablename = 'fi2' and documentnumber = 39
20241106@161431.9968 gvahd6h3sdkfju5tlsae2dcbm8 Query : select top 1 convert(numeric(6,2),t.taxa) valor from taxasiva t where t.codigo='2'
20241106@161431.9980 gvahd6h3sdkfju5tlsae2dcbm8 Query : select 1 valor from information_schema.tables where table_type='base table' and table_name='wstablefields'
20241106@161431.9994 gvahd6h3sdkfju5tlsae2dcbm8 Query : select fieldkey,fieldname,fieldtype,calcformula from wstablefields where tablename = 'fi2' and documentnumber = 39
20241106@161432.8000 gvahd6h3sdkfju5tlsae2dcbm8 Query : insert into wsfi2data (fi2stamp,ftstamp ,ousrdata, ousrhora, usrdata,usrhora,ousrinis,usrinis) values ('aut672b910526672b95e7f3','aut672b974329672b95e711' ,getdate(),convert(char(8),convert (time,getdate())),getdate(),convert(char(8),convert (time,getdate())),'wsv','wsv')
20241106@161432.1300 gvahd6h3sdkfju5tlsae2dcbm8 Query : select 1 valor from information_schema.tables where table_type='base table' and table_name='wstablefields'
20241106@161432.2600 gvahd6h3sdkfju5tlsae2dcbm8 Query : select fieldkey,fieldname,fieldtype,calcformula from wstablefields where tablename = 'fi' and documentnumber = 39
20241106@161432.5500 gvahd6h3sdkfju5tlsae2dcbm8 Query : insert into wsfidata (fistamp,ousrdata, ousrhora, usrdata,usrhora,ousrinis,usrinis ,qtt ,ftstamp ,epv,pvmoeda ,tabiva,iva,lordem ,ref, design ,armazem) values ('aut672b910526672b95e7f3',getdate(),convert(char(8),convert (time,getdate())),getdate(),convert(char(8),convert (time,getdate())),'wsv','wsv',0 ,'aut672b974329672b95e711' ,0,0 ,2,23.00,170000,?,?,?)
20241106@161432.3440 gvahd6h3sdkfju5tlsae2dcbm8 Query : use flama_phc
20241106@161432.3480 gvahd6h3sdkfju5tlsae2dcbm8 Query : select st.usalote valor from st where st.ref = '324.649.00.01'
20241106@161432.3660 gvahd6h3sdkfju5tlsae2dcbm8 Query : select top 1 st.tabiva ,st.ivaincl ,st.stns ,st.uni2 ,st.familia ,isnull(tx.taxa, 0) txiva ,unidade ,usalote ,epcpond ,noserie ,conversao ,st.texteis from st left join taxasiva tx on st.tabiva = tx.codigo where st.ref = '324.649.00.01'
20241106@161432.3790 gvahd6h3sdkfju5tlsae2dcbm8 Query : select 1 valor from information_schema.tables where table_type='base table' and table_name='wstablefields'
20241106@161432.4030 gvahd6h3sdkfju5tlsae2dcbm8 Query : select fieldkey,fieldname,fieldtype,mandatory from wstablefields where tablename = 'fi' and documentnumber = 39
20241106@161432.4300 gvahd6h3sdkfju5tlsae2dcbm8 Query : select 1 valor from information_schema.tables where table_type='base table' and table_name='wstablefields'
20241106@161432.4460 gvahd6h3sdkfju5tlsae2dcbm8 Query : select fieldkey,fieldname,fieldtype,mandatory from wstablefields where tablename = 'fi2' and documentnumber = 39
20241106@161432.4550 gvahd6h3sdkfju5tlsae2dcbm8 Query : select top 1 convert(numeric(6,2),t.taxa) valor from taxasiva t where t.codigo='2'
20241106@161432.4670 gvahd6h3sdkfju5tlsae2dcbm8 Query : select sestamp valor from se where ref ='324.649.00.01' and lote = 'r2400682200a'
20241106@161432.4780 gvahd6h3sdkfju5tlsae2dcbm8 Query : select 1 valor from information_schema.tables where table_type='base table' and table_name='wstablefields'
20241106@161432.4940 gvahd6h3sdkfju5tlsae2dcbm8 Query : select fieldkey,fieldname,fieldtype,calcformula from wstablefields where tablename = 'fi2' and documentnumber = 39
20241106@161432.5060 gvahd6h3sdkfju5tlsae2dcbm8 Query : insert into wsfi2data (fi2stamp,ftstamp ,ousrdata, ousrhora, usrdata,usrhora,ousrinis,usrinis) values ('aut672b946982672b95e80b','aut672b974329672b95e711' ,getdate(),convert(char(8),convert (time,getdate())),getdate(),convert(char(8),convert (time,getdate())),'wsv','wsv')
20241106@161432.5100 gvahd6h3sdkfju5tlsae2dcbm8 Query : select 1 valor from information_schema.tables where table_type='base table' and table_name='wstablefields'
20241106@161432.5230 gvahd6h3sdkfju5tlsae2dcbm8 Query : select fieldkey,fieldname,fieldtype,calcformula from wstablefields where tablename = 'fi' and documentnumber = 39
20241106@161432.5520 gvahd6h3sdkfju5tlsae2dcbm8 Query : insert into wsfidata (fistamp,ousrdata, ousrhora, usrdata,usrhora,ousrinis,usrinis ,qtt ,ftstamp ,epv,pvmoeda ,tabiva,iva,lordem ,ref, design ,lote,armazem,bistamp ) values ('aut672b946982672b95e80b',getdate(),convert(char(8),convert (time,getdate())),getdate(),convert(char(8),convert (time,getdate())),'wsv','wsv',16.000 ,'aut672b974329672b95e711' ,0,0 ,2,23.00,190000,?,?,?,?,?)
20241106@161432.8410 gvahd6h3sdkfju5tlsae2dcbm8 Query : select 1 valor from information_schema.tables where table_type='base table' and table_name='wstablefields'
20241106@161432.8560 gvahd6h3sdkfju5tlsae2dcbm8 Query : select fieldkey,fieldname,fieldtype,mandatory from wstablefields where tablename = 'fi' and documentnumber = 39
20241106@161432.8800 gvahd6h3sdkfju5tlsae2dcbm8 Query : select 1 valor from information_schema.tables where table_type='base table' and table_name='wstablefields'
20241106@161432.8950 gvahd6h3sdkfju5tlsae2dcbm8 Query : select fieldkey,fieldname,fieldtype,mandatory from wstablefields where tablename = 'fi2' and documentnumber = 39
20241106@161432.9030 gvahd6h3sdkfju5tlsae2dcbm8 Query : select top 1 convert(numeric(6,2),t.taxa) valor from taxasiva t where t.codigo='2'
20241106@161432.9150 gvahd6h3sdkfju5tlsae2dcbm8 Query : select 1 valor from information_schema.tables where table_type='base table' and table_name='wstablefields'
20241106@161432.9290 gvahd6h3sdkfju5tlsae2dcbm8 Query : select fieldkey,fieldname,fieldtype,calcformula from wstablefields where tablename = 'fi2' and documentnumber = 39
20241106@161432.9410 gvahd6h3sdkfju5tlsae2dcbm8 Query : insert into wsfi2data (fi2stamp,ftstamp ,ousrdata, ousrhora, usrdata,usrhora,ousrinis,usrinis) values ('aut672b908809672b95e816','aut672b974329672b95e711' ,getdate(),convert(char(8),convert (time,getdate())),getdate(),convert(char(8),convert (time,getdate())),'wsv','wsv')
20241106@161432.9450 gvahd6h3sdkfju5tlsae2dcbm8 Query : select 1 valor from information_schema.tables where table_type='base table' and table_name='wstablefields'
20241106@161432.9590 gvahd6h3sdkfju5tlsae2dcbm8 Query : select fieldkey,fieldname,fieldtype,calcformula from wstablefields where tablename = 'fi' and documentnumber = 39
20241106@161432.9880 gvahd6h3sdkfju5tlsae2dcbm8 Query : insert into wsfidata (fistamp,ousrdata, ousrhora, usrdata,usrhora,ousrinis,usrinis ,qtt ,ftstamp ,epv,pvmoeda ,tabiva,iva,lordem ,ref, design ,armazem) values ('aut672b908809672b95e816',getdate(),convert(char(8),convert (time,getdate())),getdate(),convert(char(8),convert (time,getdate())),'wsv','wsv',0 ,'aut672b974329672b95e711' ,0,0 ,2,23.00,200000,?,?,?)
20241106@161432.1253 gvahd6h3sdkfju5tlsae2dcbm8 Query : use flama_phc
20241106@161432.1256 gvahd6h3sdkfju5tlsae2dcbm8 Query : select st.usalote valor from st where st.ref = '324.649.00.01'
20241106@161432.1275 gvahd6h3sdkfju5tlsae2dcbm8 Query : select top 1 st.tabiva ,st.ivaincl ,st.stns ,st.uni2 ,st.familia ,isnull(tx.taxa, 0) txiva ,unidade ,usalote ,epcpond ,noserie ,conversao ,st.texteis from st left join taxasiva tx on st.tabiva = tx.codigo where st.ref = '324.649.00.01'
20241106@161432.1290 gvahd6h3sdkfju5tlsae2dcbm8 Query : select 1 valor from information_schema.tables where table_type='base table' and table_name='wstablefields'
20241106@161432.1305 gvahd6h3sdkfju5tlsae2dcbm8 Query : select fieldkey,fieldname,fieldtype,mandatory from wstablefields where tablename = 'fi' and documentnumber = 39
20241106@161432.1331 gvahd6h3sdkfju5tlsae2dcbm8 Query : select 1 valor from information_schema.tables where table_type='base table' and table_name='wstablefields'
20241106@161432.1347 gvahd6h3sdkfju5tlsae2dcbm8 Query : select fieldkey,fieldname,fieldtype,mandatory from wstablefields where tablename = 'fi2' and documentnumber = 39
20241106@161432.1356 gvahd6h3sdkfju5tlsae2dcbm8 Query : select top 1 convert(numeric(6,2),t.taxa) valor from taxasiva t where t.codigo='2'
20241106@161432.1368 gvahd6h3sdkfju5tlsae2dcbm8 Query : select sestamp valor from se where ref ='324.649.00.01' and lote = 'r2400682200a'
20241106@161432.1380 gvahd6h3sdkfju5tlsae2dcbm8 Query : select 1 valor from information_schema.tables where table_type='base table' and table_name='wstablefields'
20241106@161432.1397 gvahd6h3sdkfju5tlsae2dcbm8 Query : select fieldkey,fieldname,fieldtype,calcformula from wstablefields where tablename = 'fi2' and documentnumber = 39
20241106@161432.1408 gvahd6h3sdkfju5tlsae2dcbm8 Query : insert into wsfi2data (fi2stamp,ftstamp ,ousrdata, ousrhora, usrdata,usrhora,ousrinis,usrinis) values ('aut672b923807672b95e821','aut672b974329672b95e711' ,getdate(),convert(char(8),convert (time,getdate())),getdate(),convert(char(8),convert (time,getdate())),'wsv','wsv')
20241106@161432.1414 gvahd6h3sdkfju5tlsae2dcbm8 Query : select 1 valor from information_schema.tables where table_type='base table' and table_name='wstablefields'
20241106@161432.1433 gvahd6h3sdkfju5tlsae2dcbm8 Query : select fieldkey,fieldname,fieldtype,calcformula from wstablefields where tablename = 'fi' and documentnumber = 39
20241106@161432.1464 gvahd6h3sdkfju5tlsae2dcbm8 Query : insert into wsfidata (fistamp,ousrdata, ousrhora, usrdata,usrhora,ousrinis,usrinis ,qtt ,ftstamp ,epv,pvmoeda ,tabiva,iva,lordem ,ref, design ,lote,armazem,bistamp ) values ('aut672b923807672b95e821',getdate(),convert(char(8),convert (time,getdate())),getdate(),convert(char(8),convert (time,getdate())),'wsv','wsv',16.000 ,'aut672b974329672b95e711' ,0,0 ,2,23.00,220000,?,?,?,?,?)
20241106@161432.1741 gvahd6h3sdkfju5tlsae2dcbm8 Query : select 1 valor from information_schema.tables where table_type='base table' and table_name='wstablefields'
20241106@161432.1757 gvahd6h3sdkfju5tlsae2dcbm8 Query : select fieldkey,fieldname,fieldtype,mandatory from wstablefields where tablename = 'fi' and documentnumber = 39
20241106@161432.1782 gvahd6h3sdkfju5tlsae2dcbm8 Query : select 1 valor from information_schema.tables where table_type='base table' and table_name='wstablefields'
20241106@161432.1797 gvahd6h3sdkfju5tlsae2dcbm8 Query : select fieldkey,fieldname,fieldtype,mandatory from wstablefields where tablename = 'fi2' and documentnumber = 39
20241106@161432.1805 gvahd6h3sdkfju5tlsae2dcbm8 Query : select top 1 convert(numeric(6,2),t.taxa) valor from taxasiva t where t.codigo='2'
20241106@161432.1817 gvahd6h3sdkfju5tlsae2dcbm8 Query : select 1 valor from information_schema.tables where table_type='base table' and table_name='wstablefields'
20241106@161432.1831 gvahd6h3sdkfju5tlsae2dcbm8 Query : select fieldkey,fieldname,fieldtype,calcformula from wstablefields where tablename = 'fi2' and documentnumber = 39
20241106@161432.1853 gvahd6h3sdkfju5tlsae2dcbm8 Query : insert into wsfi2data (fi2stamp,ftstamp ,ousrdata, ousrhora, usrdata,usrhora,ousrinis,usrinis) values ('aut672b923972672b95e82c','aut672b974329672b95e711' ,getdate(),convert(char(8),convert (time,getdate())),getdate(),convert(char(8),convert (time,getdate())),'wsv','wsv')
20241106@161432.1857 gvahd6h3sdkfju5tlsae2dcbm8 Query : select 1 valor from information_schema.tables where table_type='base table' and table_name='wstablefields'
20241106@161432.1872 gvahd6h3sdkfju5tlsae2dcbm8 Query : select fieldkey,fieldname,fieldtype,calcformula from wstablefields where tablename = 'fi' and documentnumber = 39
20241106@161432.1902 gvahd6h3sdkfju5tlsae2dcbm8 Query : insert into wsfidata (fistamp,ousrdata, ousrhora, usrdata,usrhora,ousrinis,usrinis ,qtt ,ftstamp ,epv,pvmoeda ,tabiva,iva,lordem ,ref, design ,armazem) values ('aut672b923972672b95e82c',getdate(),convert(char(8),convert (time,getdate())),getdate(),convert(char(8),convert (time,getdate())),'wsv','wsv',0 ,'aut672b974329672b95e711' ,0,0 ,2,23.00,230000,?,?,?)
20241106@161432.2183 gvahd6h3sdkfju5tlsae2dcbm8 Query : use flama_phc
20241106@161432.2186 gvahd6h3sdkfju5tlsae2dcbm8 Query : select st.usalote valor from st where st.ref = '324.649.00.01'
20241106@161432.2208 gvahd6h3sdkfju5tlsae2dcbm8 Query : select top 1 st.tabiva ,st.ivaincl ,st.stns ,st.uni2 ,st.familia ,isnull(tx.taxa, 0) txiva ,unidade ,usalote ,epcpond ,noserie ,conversao ,st.texteis from st left join taxasiva tx on st.tabiva = tx.codigo where st.ref = '324.649.00.01'
20241106@161432.2225 gvahd6h3sdkfju5tlsae2dcbm8 Query : select 1 valor from information_schema.tables where table_type='base table' and table_name='wstablefields'
20241106@161432.2240 gvahd6h3sdkfju5tlsae2dcbm8 Query : select fieldkey,fieldname,fieldtype,mandatory from wstablefields where tablename = 'fi' and documentnumber = 39
20241106@161432.2263 gvahd6h3sdkfju5tlsae2dcbm8 Query : select 1 valor from information_schema.tables where table_type='base table' and table_name='wstablefields'
20241106@161432.2278 gvahd6h3sdkfju5tlsae2dcbm8 Query : select fieldkey,fieldname,fieldtype,mandatory from wstablefields where tablename = 'fi2' and documentnumber = 39
20241106@161432.2295 gvahd6h3sdkfju5tlsae2dcbm8 Query : select top 1 convert(numeric(6,2),t.taxa) valor from taxasiva t where t.codigo='2'
20241106@161432.2306 gvahd6h3sdkfju5tlsae2dcbm8 Query : select sestamp valor from se where ref ='324.649.00.01' and lote = 'r2400682200a'
20241106@161432.2318 gvahd6h3sdkfju5tlsae2dcbm8 Query : select 1 valor from information_schema.tables where table_type='base table' and table_name='wstablefields'
20241106@161432.2332 gvahd6h3sdkfju5tlsae2dcbm8 Query : select fieldkey,fieldname,fieldtype,calcformula from wstablefields where tablename = 'fi2' and documentnumber = 39
20241106@161432.2346 gvahd6h3sdkfju5tlsae2dcbm8 Query : insert into wsfi2data (fi2stamp,ftstamp ,ousrdata, ousrhora, usrdata,usrhora,ousrinis,usrinis) values ('aut672b905174672b95e838','aut672b974329672b95e711' ,getdate(),convert(char(8),convert (time,getdate())),getdate(),convert(char(8),convert (time,getdate())),'wsv','wsv')
20241106@161432.2350 gvahd6h3sdkfju5tlsae2dcbm8 Query : select 1 valor from information_schema.tables where table_type='base table' and table_name='wstablefields'
20241106@161432.2364 gvahd6h3sdkfju5tlsae2dcbm8 Query : select fieldkey,fieldname,fieldtype,calcformula from wstablefields where tablename = 'fi' and documentnumber = 39
20241106@161432.2394 gvahd6h3sdkfju5tlsae2dcbm8 Query : insert into wsfidata (fistamp,ousrdata, ousrhora, usrdata,usrhora,ousrinis,usrinis ,qtt ,ftstamp ,epv,pvmoeda ,tabiva,iva,lordem ,ref, design ,lote,armazem,bistamp ) values ('aut672b905174672b95e838',getdate(),convert(char(8),convert (time,getdate())),getdate(),convert(char(8),convert (time,getdate())),'wsv','wsv',16.000 ,'aut672b974329672b95e711' ,0,0 ,2,23.00,250000,?,?,?,?,?)
20241106@161432.2689 gvahd6h3sdkfju5tlsae2dcbm8 Query : select 1 valor from information_schema.tables where table_type='base table' and table_name='wstablefields'
20241106@161432.2704 gvahd6h3sdkfju5tlsae2dcbm8 Query : select fieldkey,fieldname,fieldtype,mandatory from wstablefields where tablename = 'fi' and documentnumber = 39
20241106@161432.2728 gvahd6h3sdkfju5tlsae2dcbm8 Query : select 1 valor from information_schema.tables where table_type='base table' and table_name='wstablefields'
20241106@161432.2743 gvahd6h3sdkfju5tlsae2dcbm8 Query : select fieldkey,fieldname,fieldtype,mandatory from wstablefields where tablename = 'fi2' and documentnumber = 39
20241106@161432.2751 gvahd6h3sdkfju5tlsae2dcbm8 Query : select top 1 convert(numeric(6,2),t.taxa) valor from taxasiva t where t.codigo='2'
20241106@161432.2763 gvahd6h3sdkfju5tlsae2dcbm8 Query : select 1 valor from information_schema.tables where table_type='base table' and table_name='wstablefields'
20241106@161432.2777 gvahd6h3sdkfju5tlsae2dcbm8 Query : select fieldkey,fieldname,fieldtype,calcformula from wstablefields where tablename = 'fi2' and documentnumber = 39
20241106@161432.2789 gvahd6h3sdkfju5tlsae2dcbm8 Query : insert into wsfi2data (fi2stamp,ftstamp ,ousrdata, ousrhora, usrdata,usrhora,ousrinis,usrinis) values ('aut672b929741672b95e843','aut672b974329672b95e711' ,getdate(),convert(char(8),convert (time,getdate())),getdate(),convert(char(8),convert (time,getdate())),'wsv','wsv')
20241106@161432.2793 gvahd6h3sdkfju5tlsae2dcbm8 Query : select 1 valor from information_schema.tables where table_type='base table' and table_name='wstablefields'
20241106@161432.2807 gvahd6h3sdkfju5tlsae2dcbm8 Query : select fieldkey,fieldname,fieldtype,calcformula from wstablefields where tablename = 'fi' and documentnumber = 39
20241106@161432.2836 gvahd6h3sdkfju5tlsae2dcbm8 Query : insert into wsfidata (fistamp,ousrdata, ousrhora, usrdata,usrhora,ousrinis,usrinis ,qtt ,ftstamp ,epv,pvmoeda ,tabiva,iva,lordem ,ref, design ,armazem) values ('aut672b929741672b95e843',getdate(),convert(char(8),convert (time,getdate())),getdate(),convert(char(8),convert (time,getdate())),'wsv','wsv',0 ,'aut672b974329672b95e711' ,0,0 ,2,23.00,260000,?,?,?)
20241106@161432.3129 gvahd6h3sdkfju5tlsae2dcbm8 Query : use flama_phc
20241106@161432.3133 gvahd6h3sdkfju5tlsae2dcbm8 Query : select st.usalote valor from st where st.ref = '324.649.00.01'
20241106@161432.3155 gvahd6h3sdkfju5tlsae2dcbm8 Query : select top 1 st.tabiva ,st.ivaincl ,st.stns ,st.uni2 ,st.familia ,isnull(tx.taxa, 0) txiva ,unidade ,usalote ,epcpond ,noserie ,conversao ,st.texteis from st left join taxasiva tx on st.tabiva = tx.codigo where st.ref = '324.649.00.01'
20241106@161432.3171 gvahd6h3sdkfju5tlsae2dcbm8 Query : select 1 valor from information_schema.tables where table_type='base table' and table_name='wstablefields'
20241106@161432.3188 gvahd6h3sdkfju5tlsae2dcbm8 Query : select fieldkey,fieldname,fieldtype,mandatory from wstablefields where tablename = 'fi' and documentnumber = 39
20241106@161432.3216 gvahd6h3sdkfju5tlsae2dcbm8 Query : select 1 valor from information_schema.tables where table_type='base table' and table_name='wstablefields'
20241106@161432.3232 gvahd6h3sdkfju5tlsae2dcbm8 Query : select fieldkey,fieldname,fieldtype,mandatory from wstablefields where tablename = 'fi2' and documentnumber = 39
20241106@161432.3241 gvahd6h3sdkfju5tlsae2dcbm8 Query : select top 1 convert(numeric(6,2),t.taxa) valor from taxasiva t where t.codigo='2'
20241106@161432.3253 gvahd6h3sdkfju5tlsae2dcbm8 Query : select sestamp valor from se where ref ='324.649.00.01' and lote = 'r2400682200a'
20241106@161432.3265 gvahd6h3sdkfju5tlsae2dcbm8 Query : select 1 valor from information_schema.tables where table_type='base table' and table_name='wstablefields'
20241106@161432.3280 gvahd6h3sdkfju5tlsae2dcbm8 Query : select fieldkey,fieldname,fieldtype,calcformula from wstablefields where tablename = 'fi2' and documentnumber = 39
20241106@161432.3291 gvahd6h3sdkfju5tlsae2dcbm8 Query : insert into wsfi2data (fi2stamp,ftstamp ,ousrdata, ousrhora, usrdata,usrhora,ousrinis,usrinis) values ('aut672b951377672b95e84f','aut672b974329672b95e711' ,getdate(),convert(char(8),convert (time,getdate())),getdate(),convert(char(8),convert (time,getdate())),'wsv','wsv')
20241106@161432.3295 gvahd6h3sdkfju5tlsae2dcbm8 Query : select 1 valor from information_schema.tables where table_type='base table' and table_name='wstablefields'
20241106@161432.3308 gvahd6h3sdkfju5tlsae2dcbm8 Query : select fieldkey,fieldname,fieldtype,calcformula from wstablefields where tablename = 'fi' and documentnumber = 39
20241106@161432.3337 gvahd6h3sdkfju5tlsae2dcbm8 Query : insert into wsfidata (fistamp,ousrdata, ousrhora, usrdata,usrhora,ousrinis,usrinis ,qtt ,ftstamp ,epv,pvmoeda ,tabiva,iva,lordem ,ref, design ,lote,armazem,bistamp ) values ('aut672b951377672b95e84f',getdate(),convert(char(8),convert (time,getdate())),getdate(),convert(char(8),convert (time,getdate())),'wsv','wsv',16.000 ,'aut672b974329672b95e711' ,0,0 ,2,23.00,280000,?,?,?,?,?)
20241106@161432.3617 gvahd6h3sdkfju5tlsae2dcbm8 Query : select 1 valor from information_schema.tables where table_type='base table' and table_name='wstablefields'
20241106@161432.3632 gvahd6h3sdkfju5tlsae2dcbm8 Query : select fieldkey,fieldname,fieldtype,mandatory from wstablefields where tablename = 'fi' and documentnumber = 39
20241106@161432.3657 gvahd6h3sdkfju5tlsae2dcbm8 Query : select 1 valor from information_schema.tables where table_type='base table' and table_name='wstablefields'
20241106@161432.3672 gvahd6h3sdkfju5tlsae2dcbm8 Query : select fieldkey,fieldname,fieldtype,mandatory from wstablefields where tablename = 'fi2' and documentnumber = 39
20241106@161432.3680 gvahd6h3sdkfju5tlsae2dcbm8 Query : select top 1 convert(numeric(6,2),t.taxa) valor from taxasiva t where t.codigo='2'
20241106@161432.3692 gvahd6h3sdkfju5tlsae2dcbm8 Query : select 1 valor from information_schema.tables where table_type='base table' and table_name='wstablefields'
20241106@161432.3707 gvahd6h3sdkfju5tlsae2dcbm8 Query : select fieldkey,fieldname,fieldtype,calcformula from wstablefields where tablename = 'fi2' and documentnumber = 39
20241106@161432.3718 gvahd6h3sdkfju5tlsae2dcbm8 Query : insert into wsfi2data (fi2stamp,ftstamp ,ousrdata, ousrhora, usrdata,usrhora,ousrinis,usrinis) values ('aut672b984713672b95e85a','aut672b974329672b95e711' ,getdate(),convert(char(8),convert (time,getdate())),getdate(),convert(char(8),convert (time,getdate())),'wsv','wsv')
20241106@161432.3722 gvahd6h3sdkfju5tlsae2dcbm8 Query : select 1 valor from information_schema.tables where table_type='base table' and table_name='wstablefields'
20241106@161432.3736 gvahd6h3sdkfju5tlsae2dcbm8 Query : select fieldkey,fieldname,fieldtype,calcformula from wstablefields where tablename = 'fi' and documentnumber = 39
20241106@161432.3762 gvahd6h3sdkfju5tlsae2dcbm8 Query : insert into wsfidata (fistamp,ousrdata, ousrhora, usrdata,usrhora,ousrinis,usrinis ,qtt ,ftstamp ,epv,pvmoeda ,tabiva,iva,lordem ,ref, design ,armazem) values ('aut672b984713672b95e85a',getdate(),convert(char(8),convert (time,getdate())),getdate(),convert(char(8),convert (time,getdate())),'wsv','wsv',0 ,'aut672b974329672b95e711' ,0,0 ,2,23.00,290000,?,?,?)
20241106@161432.4037 gvahd6h3sdkfju5tlsae2dcbm8 Query : use flama_phc
20241106@161432.4046 gvahd6h3sdkfju5tlsae2dcbm8 Query : select st.usalote valor from st where st.ref = '324.649.00.01'
20241106@161432.4064 gvahd6h3sdkfju5tlsae2dcbm8 Query : select top 1 st.tabiva ,st.ivaincl ,st.stns ,st.uni2 ,st.familia ,isnull(tx.taxa, 0) txiva ,unidade ,usalote ,epcpond ,noserie ,conversao ,st.texteis from st left join taxasiva tx on st.tabiva = tx.codigo where st.ref = '324.649.00.01'
20241106@161432.4078 gvahd6h3sdkfju5tlsae2dcbm8 Query : select 1 valor from information_schema.tables where table_type='base table' and table_name='wstablefields'
20241106@161432.4094 gvahd6h3sdkfju5tlsae2dcbm8 Query : select fieldkey,fieldname,fieldtype,mandatory from wstablefields where tablename = 'fi' and documentnumber = 39
20241106@161432.4118 gvahd6h3sdkfju5tlsae2dcbm8 Query : select 1 valor from information_schema.tables where table_type='base table' and table_name='wstablefields'
20241106@161432.4132 gvahd6h3sdkfju5tlsae2dcbm8 Query : select fieldkey,fieldname,fieldtype,mandatory from wstablefields where tablename = 'fi2' and documentnumber = 39
20241106@161432.4144 gvahd6h3sdkfju5tlsae2dcbm8 Query : select top 1 convert(numeric(6,2),t.taxa) valor from taxasiva t where t.codigo='2'
20241106@161432.4156 gvahd6h3sdkfju5tlsae2dcbm8 Query : select sestamp valor from se where ref ='324.649.00.01' and lote = 'r2400682200a'
20241106@161432.4168 gvahd6h3sdkfju5tlsae2dcbm8 Query : select 1 valor from information_schema.tables where table_type='base table' and table_name='wstablefields'
20241106@161432.4182 gvahd6h3sdkfju5tlsae2dcbm8 Query : select fieldkey,fieldname,fieldtype,calcformula from wstablefields where tablename = 'fi2' and documentnumber = 39
20241106@161432.4193 gvahd6h3sdkfju5tlsae2dcbm8 Query : insert into wsfi2data (fi2stamp,ftstamp ,ousrdata, ousrhora, usrdata,usrhora,ousrinis,usrinis) values ('aut672b965458672b95e865','aut672b974329672b95e711' ,getdate(),convert(char(8),convert (time,getdate())),getdate(),convert(char(8),convert (time,getdate())),'wsv','wsv')
20241106@161432.4197 gvahd6h3sdkfju5tlsae2dcbm8 Query : select 1 valor from information_schema.tables where table_type='base table' and table_name='wstablefields'
20241106@161432.4218 gvahd6h3sdkfju5tlsae2dcbm8 Query : select fieldkey,fieldname,fieldtype,calcformula from wstablefields where tablename = 'fi' and documentnumber = 39
20241106@161432.4250 gvahd6h3sdkfju5tlsae2dcbm8 Query : insert into wsfidata (fistamp,ousrdata, ousrhora, usrdata,usrhora,ousrinis,usrinis ,qtt ,ftstamp ,epv,pvmoeda ,tabiva,iva,lordem ,ref, design ,lote,armazem,bistamp ) values ('aut672b965458672b95e865',getdate(),convert(char(8),convert (time,getdate())),getdate(),convert(char(8),convert (time,getdate())),'wsv','wsv',16.000 ,'aut672b974329672b95e711' ,0,0 ,2,23.00,310000,?,?,?,?,?)
20241106@161432.4549 gvahd6h3sdkfju5tlsae2dcbm8 Query : select 1 valor from information_schema.tables where table_type='base table' and table_name='wstablefields'
20241106@161432.4567 gvahd6h3sdkfju5tlsae2dcbm8 Query : select fieldkey,fieldname,fieldtype,mandatory from wstablefields where tablename = 'fi' and documentnumber = 39
20241106@161432.4594 gvahd6h3sdkfju5tlsae2dcbm8 Query : select 1 valor from information_schema.tables where table_type='base table' and table_name='wstablefields'
20241106@161432.4607 gvahd6h3sdkfju5tlsae2dcbm8 Query : select fieldkey,fieldname,fieldtype,mandatory from wstablefields where tablename = 'fi2' and documentnumber = 39
20241106@161432.4616 gvahd6h3sdkfju5tlsae2dcbm8 Query : select top 1 convert(numeric(6,2),t.taxa) valor from taxasiva t where t.codigo='2'
20241106@161432.4627 gvahd6h3sdkfju5tlsae2dcbm8 Query : select 1 valor from information_schema.tables where table_type='base table' and table_name='wstablefields'
20241106@161432.4642 gvahd6h3sdkfju5tlsae2dcbm8 Query : select fieldkey,fieldname,fieldtype,calcformula from wstablefields where tablename = 'fi2' and documentnumber = 39
20241106@161432.4653 gvahd6h3sdkfju5tlsae2dcbm8 Query : insert into wsfi2data (fi2stamp,ftstamp ,ousrdata, ousrhora, usrdata,usrhora,ousrinis,usrinis) values ('aut672b960816672b95e870','aut672b974329672b95e711' ,getdate(),convert(char(8),convert (time,getdate())),getdate(),convert(char(8),convert (time,getdate())),'wsv','wsv')
20241106@161432.4657 gvahd6h3sdkfju5tlsae2dcbm8 Query : select 1 valor from information_schema.tables where table_type='base table' and table_name='wstablefields'
20241106@161432.4670 gvahd6h3sdkfju5tlsae2dcbm8 Query : select fieldkey,fieldname,fieldtype,calcformula from wstablefields where tablename = 'fi' and documentnumber = 39
20241106@161432.4696 gvahd6h3sdkfju5tlsae2dcbm8 Query : insert into wsfidata (fistamp,ousrdata, ousrhora, usrdata,usrhora,ousrinis,usrinis ,qtt ,ftstamp ,epv,pvmoeda ,tabiva,iva,lordem ,ref, design ,armazem) values ('aut672b960816672b95e870',getdate(),convert(char(8),convert (time,getdate())),getdate(),convert(char(8),convert (time,getdate())),'wsv','wsv',0 ,'aut672b974329672b95e711' ,0,0 ,2,23.00,320000,?,?,?)
20241106@161432.4991 gvahd6h3sdkfju5tlsae2dcbm8 Query : use flama_phc
20241106@161432.4994 gvahd6h3sdkfju5tlsae2dcbm8 Query : select st.usalote valor from st where st.ref = '324.649.00.01'
20241106@161432.5017 gvahd6h3sdkfju5tlsae2dcbm8 Query : select top 1 st.tabiva ,st.ivaincl ,st.stns ,st.uni2 ,st.familia ,isnull(tx.taxa, 0) txiva ,unidade ,usalote ,epcpond ,noserie ,conversao ,st.texteis from st left join taxasiva tx on st.tabiva = tx.codigo where st.ref = '324.649.00.01'
20241106@161432.5030 gvahd6h3sdkfju5tlsae2dcbm8 Query : select 1 valor from information_schema.tables where table_type='base table' and table_name='wstablefields'
20241106@161432.5046 gvahd6h3sdkfju5tlsae2dcbm8 Query : select fieldkey,fieldname,fieldtype,mandatory from wstablefields where tablename = 'fi' and documentnumber = 39
20241106@161432.5069 gvahd6h3sdkfju5tlsae2dcbm8 Query : select 1 valor from information_schema.tables where table_type='base table' and table_name='wstablefields'
20241106@161432.5084 gvahd6h3sdkfju5tlsae2dcbm8 Query : select fieldkey,fieldname,fieldtype,mandatory from wstablefields where tablename = 'fi2' and documentnumber = 39
20241106@161432.5092 gvahd6h3sdkfju5tlsae2dcbm8 Query : select top 1 convert(numeric(6,2),t.taxa) valor from taxasiva t where t.codigo='2'
20241106@161432.5103 gvahd6h3sdkfju5tlsae2dcbm8 Query : select sestamp valor from se where ref ='324.649.00.01' and lote = 'r2400682200a'
20241106@161432.5115 gvahd6h3sdkfju5tlsae2dcbm8 Query : select 1 valor from information_schema.tables where table_type='base table' and table_name='wstablefields'
20241106@161432.5129 gvahd6h3sdkfju5tlsae2dcbm8 Query : select fieldkey,fieldname,fieldtype,calcformula from wstablefields where tablename = 'fi2' and documentnumber = 39
20241106@161432.5139 gvahd6h3sdkfju5tlsae2dcbm8 Query : insert into wsfi2data (fi2stamp,ftstamp ,ousrdata, ousrhora, usrdata,usrhora,ousrinis,usrinis) values ('aut672b951943672b95e87c','aut672b974329672b95e711' ,getdate(),convert(char(8),convert (time,getdate())),getdate(),convert(char(8),convert (time,getdate())),'wsv','wsv')
20241106@161432.5143 gvahd6h3sdkfju5tlsae2dcbm8 Query : select 1 valor from information_schema.tables where table_type='base table' and table_name='wstablefields'
20241106@161432.5157 gvahd6h3sdkfju5tlsae2dcbm8 Query : select fieldkey,fieldname,fieldtype,calcformula from wstablefields where tablename = 'fi' and documentnumber = 39
20241106@161432.5183 gvahd6h3sdkfju5tlsae2dcbm8 Query : insert into wsfidata (fistamp,ousrdata, ousrhora, usrdata,usrhora,ousrinis,usrinis ,qtt ,ftstamp ,epv,pvmoeda ,tabiva,iva,lordem ,ref, design ,lote,armazem,bistamp ) values ('aut672b951943672b95e87c',getdate(),convert(char(8),convert (time,getdate())),getdate(),convert(char(8),convert (time,getdate())),'wsv','wsv',16.000 ,'aut672b974329672b95e711' ,0,0 ,2,23.00,340000,?,?,?,?,?)
20241106@161432.5485 gvahd6h3sdkfju5tlsae2dcbm8 Query : select 1 valor from information_schema.tables where table_type='base table' and table_name='wstablefields'
20241106@161432.5533 gvahd6h3sdkfju5tlsae2dcbm8 Query : select fieldkey,fieldname,fieldtype,mandatory from wstablefields where tablename = 'fi' and documentnumber = 39
20241106@161432.5561 gvahd6h3sdkfju5tlsae2dcbm8 Query : select 1 valor from information_schema.tables where table_type='base table' and table_name='wstablefields'
20241106@161432.5575 gvahd6h3sdkfju5tlsae2dcbm8 Query : select fieldkey,fieldname,fieldtype,mandatory from wstablefields where tablename = 'fi2' and documentnumber = 39
20241106@161432.5590 gvahd6h3sdkfju5tlsae2dcbm8 Query : select top 1 convert(numeric(6,2),t.taxa) valor from taxasiva t where t.codigo='2'
20241106@161432.5607 gvahd6h3sdkfju5tlsae2dcbm8 Query : select 1 valor from information_schema.tables where table_type='base table' and table_name='wstablefields'
20241106@161432.5620 gvahd6h3sdkfju5tlsae2dcbm8 Query : select fieldkey,fieldname,fieldtype,calcformula from wstablefields where tablename = 'fi2' and documentnumber = 39
20241106@161432.5631 gvahd6h3sdkfju5tlsae2dcbm8 Query : insert into wsfi2data (fi2stamp,ftstamp ,ousrdata, ousrhora, usrdata,usrhora,ousrinis,usrinis) values ('aut672b997617672b95e888','aut672b974329672b95e711' ,getdate(),convert(char(8),convert (time,getdate())),getdate(),convert(char(8),convert (time,getdate())),'wsv','wsv')
20241106@161432.5636 gvahd6h3sdkfju5tlsae2dcbm8 Query : select 1 valor from information_schema.tables where table_type='base table' and table_name='wstablefields'
20241106@161432.5687 gvahd6h3sdkfju5tlsae2dcbm8 Query : select fieldkey,fieldname,fieldtype,calcformula from wstablefields where tablename = 'fi' and documentnumber = 39
20241106@161432.5864 gvahd6h3sdkfju5tlsae2dcbm8 Query : insert into wsfidata (fistamp,ousrdata, ousrhora, usrdata,usrhora,ousrinis,usrinis ,qtt ,ftstamp ,epv,pvmoeda ,tabiva,iva,lordem ,ref, design ,armazem) values ('aut672b997617672b95e888',getdate(),convert(char(8),convert (time,getdate())),getdate(),convert(char(8),convert (time,getdate())),'wsv','wsv',0 ,'aut672b974329672b95e711' ,0,0 ,2,23.00,350000,?,?,?)
20241106@161432.6378 gvahd6h3sdkfju5tlsae2dcbm8 Query : use flama_phc
20241106@161432.6381 gvahd6h3sdkfju5tlsae2dcbm8 Query : select st.usalote valor from st where st.ref = '324.649.00.01'
20241106@161432.6401 gvahd6h3sdkfju5tlsae2dcbm8 Query : select top 1 st.tabiva ,st.ivaincl ,st.stns ,st.uni2 ,st.familia ,isnull(tx.taxa, 0) txiva ,unidade ,usalote ,epcpond ,noserie ,conversao ,st.texteis from st left join taxasiva tx on st.tabiva = tx.codigo where st.ref = '324.649.00.01'
20241106@161432.6485 gvahd6h3sdkfju5tlsae2dcbm8 Query : select 1 valor from information_schema.tables where table_type='base table' and table_name='wstablefields'
20241106@161432.6556 gvahd6h3sdkfju5tlsae2dcbm8 Query : select fieldkey,fieldname,fieldtype,mandatory from wstablefields where tablename = 'fi' and documentnumber = 39
20241106@161432.6600 gvahd6h3sdkfju5tlsae2dcbm8 Query : select 1 valor from information_schema.tables where table_type='base table' and table_name='wstablefields'
20241106@161432.6656 gvahd6h3sdkfju5tlsae2dcbm8 Query : select fieldkey,fieldname,fieldtype,mandatory from wstablefields where tablename = 'fi2' and documentnumber = 39
20241106@161432.6665 gvahd6h3sdkfju5tlsae2dcbm8 Query : select top 1 convert(numeric(6,2),t.taxa) valor from taxasiva t where t.codigo='2'
20241106@161432.6696 gvahd6h3sdkfju5tlsae2dcbm8 Query : select sestamp valor from se where ref ='324.649.00.01' and lote = 'r2400682200a'
20241106@161432.6708 gvahd6h3sdkfju5tlsae2dcbm8 Query : select 1 valor from information_schema.tables where table_type='base table' and table_name='wstablefields'
20241106@161432.6723 gvahd6h3sdkfju5tlsae2dcbm8 Query : select fieldkey,fieldname,fieldtype,calcformula from wstablefields where tablename = 'fi2' and documentnumber = 39
20241106@161432.6776 gvahd6h3sdkfju5tlsae2dcbm8 Query : insert into wsfi2data (fi2stamp,ftstamp ,ousrdata, ousrhora, usrdata,usrhora,ousrinis,usrinis) values ('aut672b925569672b95e8a3','aut672b974329672b95e711' ,getdate(),convert(char(8),convert (time,getdate())),getdate(),convert(char(8),convert (time,getdate())),'wsv','wsv')
20241106@161432.6780 gvahd6h3sdkfju5tlsae2dcbm8 Query : select 1 valor from information_schema.tables where table_type='base table' and table_name='wstablefields'
20241106@161432.6812 gvahd6h3sdkfju5tlsae2dcbm8 Query : select fieldkey,fieldname,fieldtype,calcformula from wstablefields where tablename = 'fi' and documentnumber = 39
20241106@161432.6871 gvahd6h3sdkfju5tlsae2dcbm8 Query : insert into wsfidata (fistamp,ousrdata, ousrhora, usrdata,usrhora,ousrinis,usrinis ,qtt ,ftstamp ,epv,pvmoeda ,tabiva,iva,lordem ,ref, design ,lote,armazem,bistamp ) values ('aut672b925569672b95e8a3',getdate(),convert(char(8),convert (time,getdate())),getdate(),convert(char(8),convert (time,getdate())),'wsv','wsv',16.000 ,'aut672b974329672b95e711' ,0,0 ,2,23.00,370000,?,?,?,?,?)
20241106@161432.7446 gvahd6h3sdkfju5tlsae2dcbm8 Query : select 1 valor from information_schema.tables where table_type='base table' and table_name='wstablefields'
20241106@161432.7903 gvahd6h3sdkfju5tlsae2dcbm8 Query : select fieldkey,fieldname,fieldtype,mandatory from wstablefields where tablename = 'fi' and documentnumber = 39
20241106@161432.8137 gvahd6h3sdkfju5tlsae2dcbm8 Query : select 1 valor from information_schema.tables where table_type='base table' and table_name='wstablefields'
20241106@161432.8153 gvahd6h3sdkfju5tlsae2dcbm8 Query : select fieldkey,fieldname,fieldtype,mandatory from wstablefields where tablename = 'fi2' and documentnumber = 39
20241106@161432.8162 gvahd6h3sdkfju5tlsae2dcbm8 Query : select top 1 convert(numeric(6,2),t.taxa) valor from taxasiva t where t.codigo='2'
20241106@161432.8174 gvahd6h3sdkfju5tlsae2dcbm8 Query : select 1 valor from information_schema.tables where table_type='base table' and table_name='wstablefields'
20241106@161432.8197 gvahd6h3sdkfju5tlsae2dcbm8 Query : select fieldkey,fieldname,fieldtype,calcformula from wstablefields where tablename = 'fi2' and documentnumber = 39
20241106@161432.8209 gvahd6h3sdkfju5tlsae2dcbm8 Query : insert into wsfi2data (fi2stamp,ftstamp ,ousrdata, ousrhora, usrdata,usrhora,ousrinis,usrinis) values ('aut672b917437672b95e8c7','aut672b974329672b95e711' ,getdate(),convert(char(8),convert (time,getdate())),getdate(),convert(char(8),convert (time,getdate())),'wsv','wsv')
20241106@161432.8213 gvahd6h3sdkfju5tlsae2dcbm8 Query : select 1 valor from information_schema.tables where table_type='base table' and table_name='wstablefields'
20241106@161432.8228 gvahd6h3sdkfju5tlsae2dcbm8 Query : select fieldkey,fieldname,fieldtype,calcformula from wstablefields where tablename = 'fi' and documentnumber = 39
20241106@161432.8268 gvahd6h3sdkfju5tlsae2dcbm8 Query : insert into wsfidata (fistamp,ousrdata, ousrhora, usrdata,usrhora,ousrinis,usrinis ,qtt ,ftstamp ,epv,pvmoeda ,tabiva,iva,lordem ,ref, design ,armazem) values ('aut672b917437672b95e8c7',getdate(),convert(char(8),convert (time,getdate())),getdate(),convert(char(8),convert (time,getdate())),'wsv','wsv',0 ,'aut672b974329672b95e711' ,0,0 ,2,23.00,380000,?,?,?)
20241106@161432.8597 gvahd6h3sdkfju5tlsae2dcbm8 Query : use flama_phc
20241106@161432.8600 gvahd6h3sdkfju5tlsae2dcbm8 Query : select st.usalote valor from st where st.ref = '324.649.00.01'
20241106@161432.8619 gvahd6h3sdkfju5tlsae2dcbm8 Query : select top 1 st.tabiva ,st.ivaincl ,st.stns ,st.uni2 ,st.familia ,isnull(tx.taxa, 0) txiva ,unidade ,usalote ,epcpond ,noserie ,conversao ,st.texteis from st left join taxasiva tx on st.tabiva = tx.codigo where st.ref = '324.649.00.01'
20241106@161432.8653 gvahd6h3sdkfju5tlsae2dcbm8 Query : select 1 valor from information_schema.tables where table_type='base table' and table_name='wstablefields'
20241106@161432.8709 gvahd6h3sdkfju5tlsae2dcbm8 Query : select fieldkey,fieldname,fieldtype,mandatory from wstablefields where tablename = 'fi' and documentnumber = 39
20241106@161432.8778 gvahd6h3sdkfju5tlsae2dcbm8 Query : select 1 valor from information_schema.tables where table_type='base table' and table_name='wstablefields'
20241106@161432.8815 gvahd6h3sdkfju5tlsae2dcbm8 Query : select fieldkey,fieldname,fieldtype,mandatory from wstablefields where tablename = 'fi2' and documentnumber = 39
20241106@161432.8828 gvahd6h3sdkfju5tlsae2dcbm8 Query : select top 1 convert(numeric(6,2),t.taxa) valor from taxasiva t where t.codigo='2'
20241106@161432.8841 gvahd6h3sdkfju5tlsae2dcbm8 Query : select sestamp valor from se where ref ='324.649.00.01' and lote = 'r2400682200a'
20241106@161432.8874 gvahd6h3sdkfju5tlsae2dcbm8 Query : select 1 valor from information_schema.tables where table_type='base table' and table_name='wstablefields'
20241106@161432.8892 gvahd6h3sdkfju5tlsae2dcbm8 Query : select fieldkey,fieldname,fieldtype,calcformula from wstablefields where tablename = 'fi2' and documentnumber = 39
20241106@161432.8908 gvahd6h3sdkfju5tlsae2dcbm8 Query : insert into wsfi2data (fi2stamp,ftstamp ,ousrdata, ousrhora, usrdata,usrhora,ousrinis,usrinis) values ('aut672b950105672b95e8d8','aut672b974329672b95e711' ,getdate(),convert(char(8),convert (time,getdate())),getdate(),convert(char(8),convert (time,getdate())),'wsv','wsv')
20241106@161432.8913 gvahd6h3sdkfju5tlsae2dcbm8 Query : select 1 valor from information_schema.tables where table_type='base table' and table_name='wstablefields'
20241106@161432.8950 gvahd6h3sdkfju5tlsae2dcbm8 Query : select fieldkey,fieldname,fieldtype,calcformula from wstablefields where tablename = 'fi' and documentnumber = 39
20241106@161432.8979 gvahd6h3sdkfju5tlsae2dcbm8 Query : insert into wsfidata (fistamp,ousrdata, ousrhora, usrdata,usrhora,ousrinis,usrinis ,qtt ,ftstamp ,epv,pvmoeda ,tabiva,iva,lordem ,ref, design ,lote,armazem,bistamp ) values ('aut672b950105672b95e8d8',getdate(),convert(char(8),convert (time,getdate())),getdate(),convert(char(8),convert (time,getdate())),'wsv','wsv',16.000 ,'aut672b974329672b95e711' ,0,0 ,2,23.00,400000,?,?,?,?,?)
20241106@161432.9268 gvahd6h3sdkfju5tlsae2dcbm8 Query : select 1 valor from information_schema.tables where table_type='base table' and table_name='wstablefields'
20241106@161432.9285 gvahd6h3sdkfju5tlsae2dcbm8 Query : select fieldkey,fieldname,fieldtype,mandatory from wstablefields where tablename = 'fi' and documentnumber = 39
20241106@161432.9358 gvahd6h3sdkfju5tlsae2dcbm8 Query : select 1 valor from information_schema.tables where table_type='base table' and table_name='wstablefields'
20241106@161432.9379 gvahd6h3sdkfju5tlsae2dcbm8 Query : select fieldkey,fieldname,fieldtype,mandatory from wstablefields where tablename = 'fi2' and documentnumber = 39
20241106@161432.9401 gvahd6h3sdkfju5tlsae2dcbm8 Query : select top 1 convert(numeric(6,2),t.taxa) valor from taxasiva t where t.codigo='2'
20241106@161432.9420 gvahd6h3sdkfju5tlsae2dcbm8 Query : select 1 valor from information_schema.tables where table_type='base table' and table_name='wstablefields'
20241106@161432.9444 gvahd6h3sdkfju5tlsae2dcbm8 Query : select fieldkey,fieldname,fieldtype,calcformula from wstablefields where tablename = 'fi2' and documentnumber = 39
20241106@161432.9461 gvahd6h3sdkfju5tlsae2dcbm8 Query : insert into wsfi2data (fi2stamp,ftstamp ,ousrdata, ousrhora, usrdata,usrhora,ousrinis,usrinis) values ('aut672b971312672b95e8e5','aut672b974329672b95e711' ,getdate(),convert(char(8),convert (time,getdate())),getdate(),convert(char(8),convert (time,getdate())),'wsv','wsv')
20241106@161432.9469 gvahd6h3sdkfju5tlsae2dcbm8 Query : select 1 valor from information_schema.tables where table_type='base table' and table_name='wstablefields'
20241106@161432.9485 gvahd6h3sdkfju5tlsae2dcbm8 Query : select fieldkey,fieldname,fieldtype,calcformula from wstablefields where tablename = 'fi' and documentnumber = 39
20241106@161432.9542 gvahd6h3sdkfju5tlsae2dcbm8 Query : insert into wsfidata (fistamp,ousrdata, ousrhora, usrdata,usrhora,ousrinis,usrinis ,qtt ,ftstamp ,epv,pvmoeda ,tabiva,iva,lordem ,ref, design ,armazem) values ('aut672b971312672b95e8e5',getdate(),convert(char(8),convert (time,getdate())),getdate(),convert(char(8),convert (time,getdate())),'wsv','wsv',0 ,'aut672b974329672b95e711' ,0,0 ,2,23.00,410000,?,?,?)
20241106@161432.9815 gvahd6h3sdkfju5tlsae2dcbm8 Query : use flama_phc
20241106@161432.9846 gvahd6h3sdkfju5tlsae2dcbm8 Query : select st.usalote valor from st where st.ref = '324.649.00.01'
20241106@161432.9904 gvahd6h3sdkfju5tlsae2dcbm8 Query : select top 1 st.tabiva ,st.ivaincl ,st.stns ,st.uni2 ,st.familia ,isnull(tx.taxa, 0) txiva ,unidade ,usalote ,epcpond ,noserie ,conversao ,st.texteis from st left join taxasiva tx on st.tabiva = tx.codigo where st.ref = '324.649.00.01'
20241106@161432.9933 gvahd6h3sdkfju5tlsae2dcbm8 Query : select 1 valor from information_schema.tables where table_type='base table' and table_name='wstablefields'
20241106@161432.9997 gvahd6h3sdkfju5tlsae2dcbm8 Query : select fieldkey,fieldname,fieldtype,mandatory from wstablefields where tablename = 'fi' and documentnumber = 39
20241106@161433.9900 gvahd6h3sdkfju5tlsae2dcbm8 Query : select 1 valor from information_schema.tables where table_type='base table' and table_name='wstablefields'
20241106@161433.1250 gvahd6h3sdkfju5tlsae2dcbm8 Query : select fieldkey,fieldname,fieldtype,mandatory from wstablefields where tablename = 'fi2' and documentnumber = 39
20241106@161433.2020 gvahd6h3sdkfju5tlsae2dcbm8 Query : select top 1 convert(numeric(6,2),t.taxa) valor from taxasiva t where t.codigo='2'
20241106@161433.2150 gvahd6h3sdkfju5tlsae2dcbm8 Query : select sestamp valor from se where ref ='324.649.00.01' and lote = 'r2400682200a'
20241106@161433.2300 gvahd6h3sdkfju5tlsae2dcbm8 Query : select 1 valor from information_schema.tables where table_type='base table' and table_name='wstablefields'
20241106@161433.2510 gvahd6h3sdkfju5tlsae2dcbm8 Query : select fieldkey,fieldname,fieldtype,calcformula from wstablefields where tablename = 'fi2' and documentnumber = 39
20241106@161433.2640 gvahd6h3sdkfju5tlsae2dcbm8 Query : insert into wsfi2data (fi2stamp,ftstamp ,ousrdata, ousrhora, usrdata,usrhora,ousrinis,usrinis) values ('aut672b985155672b95e905','aut672b974329672b95e711' ,getdate(),convert(char(8),convert (time,getdate())),getdate(),convert(char(8),convert (time,getdate())),'wsv','wsv')
20241106@161433.2800 gvahd6h3sdkfju5tlsae2dcbm8 Query : select 1 valor from information_schema.tables where table_type='base table' and table_name='wstablefields'
20241106@161433.3050 gvahd6h3sdkfju5tlsae2dcbm8 Query : select fieldkey,fieldname,fieldtype,calcformula from wstablefields where tablename = 'fi' and documentnumber = 39
20241106@161433.3510 gvahd6h3sdkfju5tlsae2dcbm8 Query : insert into wsfidata (fistamp,ousrdata, ousrhora, usrdata,usrhora,ousrinis,usrinis ,qtt ,ftstamp ,epv,pvmoeda ,tabiva,iva,lordem ,ref, design ,lote,armazem,bistamp ) values ('aut672b985155672b95e905',getdate(),convert(char(8),convert (time,getdate())),getdate(),convert(char(8),convert (time,getdate())),'wsv','wsv',16.000 ,'aut672b974329672b95e711' ,0,0 ,2,23.00,430000,?,?,?,?,?)
20241106@161433.6260 gvahd6h3sdkfju5tlsae2dcbm8 Query : select 1 valor from information_schema.tables where table_type='base table' and table_name='wstablefields'
20241106@161433.6460 gvahd6h3sdkfju5tlsae2dcbm8 Query : select fieldkey,fieldname,fieldtype,mandatory from wstablefields where tablename = 'fi' and documentnumber = 39
20241106@161433.6750 gvahd6h3sdkfju5tlsae2dcbm8 Query : select 1 valor from information_schema.tables where table_type='base table' and table_name='wstablefields'
20241106@161433.6900 gvahd6h3sdkfju5tlsae2dcbm8 Query : select fieldkey,fieldname,fieldtype,mandatory from wstablefields where tablename = 'fi2' and documentnumber = 39
20241106@161433.7100 gvahd6h3sdkfju5tlsae2dcbm8 Query : select top 1 convert(numeric(6,2),t.taxa) valor from taxasiva t where t.codigo='2'
20241106@161433.7230 gvahd6h3sdkfju5tlsae2dcbm8 Query : select 1 valor from information_schema.tables where table_type='base table' and table_name='wstablefields'
20241106@161433.7430 gvahd6h3sdkfju5tlsae2dcbm8 Query : select fieldkey,fieldname,fieldtype,calcformula from wstablefields where tablename = 'fi2' and documentnumber = 39
20241106@161433.7720 gvahd6h3sdkfju5tlsae2dcbm8 Query : insert into wsfi2data (fi2stamp,ftstamp ,ousrdata, ousrhora, usrdata,usrhora,ousrinis,usrinis) values ('aut672b916366672b95e911','aut672b974329672b95e711' ,getdate(),convert(char(8),convert (time,getdate())),getdate(),convert(char(8),convert (time,getdate())),'wsv','wsv')
20241106@161433.7830 gvahd6h3sdkfju5tlsae2dcbm8 Query : select 1 valor from information_schema.tables where table_type='base table' and table_name='wstablefields'
20241106@161433.8000 gvahd6h3sdkfju5tlsae2dcbm8 Query : select fieldkey,fieldname,fieldtype,calcformula from wstablefields where tablename = 'fi' and documentnumber = 39
20241106@161433.8400 gvahd6h3sdkfju5tlsae2dcbm8 Query : insert into wsfidata (fistamp,ousrdata, ousrhora, usrdata,usrhora,ousrinis,usrinis ,qtt ,ftstamp ,epv,pvmoeda ,tabiva,iva,lordem ,ref, design ,armazem) values ('aut672b916366672b95e911',getdate(),convert(char(8),convert (time,getdate())),getdate(),convert(char(8),convert (time,getdate())),'wsv','wsv',0 ,'aut672b974329672b95e711' ,0,0 ,2,23.00,440000,?,?,?)
20241106@161433.1119 gvahd6h3sdkfju5tlsae2dcbm8 Query : use flama_phc
20241106@161433.1122 gvahd6h3sdkfju5tlsae2dcbm8 Query : select st.usalote valor from st where st.ref = '324.649.00.01'
20241106@161433.1154 gvahd6h3sdkfju5tlsae2dcbm8 Query : select top 1 st.tabiva ,st.ivaincl ,st.stns ,st.uni2 ,st.familia ,isnull(tx.taxa, 0) txiva ,unidade ,usalote ,epcpond ,noserie ,conversao ,st.texteis from st left join taxasiva tx on st.tabiva = tx.codigo where st.ref = '324.649.00.01'
20241106@161433.1174 gvahd6h3sdkfju5tlsae2dcbm8 Query : select 1 valor from information_schema.tables where table_type='base table' and table_name='wstablefields'
20241106@161433.1196 gvahd6h3sdkfju5tlsae2dcbm8 Query : select fieldkey,fieldname,fieldtype,mandatory from wstablefields where tablename = 'fi' and documentnumber = 39
20241106@161433.1225 gvahd6h3sdkfju5tlsae2dcbm8 Query : select 1 valor from information_schema.tables where table_type='base table' and table_name='wstablefields'
20241106@161433.1240 gvahd6h3sdkfju5tlsae2dcbm8 Query : select fieldkey,fieldname,fieldtype,mandatory from wstablefields where tablename = 'fi2' and documentnumber = 39
20241106@161433.1262 gvahd6h3sdkfju5tlsae2dcbm8 Query : select top 1 convert(numeric(6,2),t.taxa) valor from taxasiva t where t.codigo='2'
20241106@161433.1286 gvahd6h3sdkfju5tlsae2dcbm8 Query : select sestamp valor from se where ref ='324.649.00.01' and lote = 'r2400682200a'
20241106@161433.1311 gvahd6h3sdkfju5tlsae2dcbm8 Query : select 1 valor from information_schema.tables where table_type='base table' and table_name='wstablefields'
20241106@161433.1360 gvahd6h3sdkfju5tlsae2dcbm8 Query : select fieldkey,fieldname,fieldtype,calcformula from wstablefields where tablename = 'fi2' and documentnumber = 39
20241106@161433.1390 gvahd6h3sdkfju5tlsae2dcbm8 Query : insert into wsfi2data (fi2stamp,ftstamp ,ousrdata, ousrhora, usrdata,usrhora,ousrinis,usrinis) values ('aut672b950969672b95e920','aut672b974329672b95e711' ,getdate(),convert(char(8),convert (time,getdate())),getdate(),convert(char(8),convert (time,getdate())),'wsv','wsv')
20241106@161433.1408 gvahd6h3sdkfju5tlsae2dcbm8 Query : select 1 valor from information_schema.tables where table_type='base table' and table_name='wstablefields'
20241106@161433.1428 gvahd6h3sdkfju5tlsae2dcbm8 Query : select fieldkey,fieldname,fieldtype,calcformula from wstablefields where tablename = 'fi' and documentnumber = 39
20241106@161433.1474 gvahd6h3sdkfju5tlsae2dcbm8 Query : insert into wsfidata (fistamp,ousrdata, ousrhora, usrdata,usrhora,ousrinis,usrinis ,qtt ,ftstamp ,epv,pvmoeda ,tabiva,iva,lordem ,ref, design ,lote,armazem,bistamp ) values ('aut672b950969672b95e920',getdate(),convert(char(8),convert (time,getdate())),getdate(),convert(char(8),convert (time,getdate())),'wsv','wsv',16.000 ,'aut672b974329672b95e711' ,0,0 ,2,23.00,460000,?,?,?,?,?)
20241106@161433.1760 gvahd6h3sdkfju5tlsae2dcbm8 Query : select 1 valor from information_schema.tables where table_type='base table' and table_name='wstablefields'
20241106@161433.1776 gvahd6h3sdkfju5tlsae2dcbm8 Query : select fieldkey,fieldname,fieldtype,mandatory from wstablefields where tablename = 'fi' and documentnumber = 39
20241106@161433.1829 gvahd6h3sdkfju5tlsae2dcbm8 Query : select 1 valor from information_schema.tables where table_type='base table' and table_name='wstablefields'
20241106@161433.1848 gvahd6h3sdkfju5tlsae2dcbm8 Query : select fieldkey,fieldname,fieldtype,mandatory from wstablefields where tablename = 'fi2' and documentnumber = 39
20241106@161433.1856 gvahd6h3sdkfju5tlsae2dcbm8 Query : select top 1 convert(numeric(6,2),t.taxa) valor from taxasiva t where t.codigo='2'
20241106@161433.1868 gvahd6h3sdkfju5tlsae2dcbm8 Query : select 1 valor from information_schema.tables where table_type='base table' and table_name='wstablefields'
20241106@161433.1894 gvahd6h3sdkfju5tlsae2dcbm8 Query : select fieldkey,fieldname,fieldtype,calcformula from wstablefields where tablename = 'fi2' and documentnumber = 39
20241106@161433.1905 gvahd6h3sdkfju5tlsae2dcbm8 Query : insert into wsfi2data (fi2stamp,ftstamp ,ousrdata, ousrhora, usrdata,usrhora,ousrinis,usrinis) values ('aut672b950399672b95e92d','aut672b974329672b95e711' ,getdate(),convert(char(8),convert (time,getdate())),getdate(),convert(char(8),convert (time,getdate())),'wsv','wsv')
20241106@161433.1915 gvahd6h3sdkfju5tlsae2dcbm8 Query : select 1 valor from information_schema.tables where table_type='base table' and table_name='wstablefields'
20241106@161433.1948 gvahd6h3sdkfju5tlsae2dcbm8 Query : select fieldkey,fieldname,fieldtype,calcformula from wstablefields where tablename = 'fi' and documentnumber = 39
20241106@161433.1976 gvahd6h3sdkfju5tlsae2dcbm8 Query : insert into wsfidata (fistamp,ousrdata, ousrhora, usrdata,usrhora,ousrinis,usrinis ,qtt ,ftstamp ,epv,pvmoeda ,tabiva,iva,lordem ,ref, design ,armazem) values ('aut672b950399672b95e92d',getdate(),convert(char(8),convert (time,getdate())),getdate(),convert(char(8),convert (time,getdate())),'wsv','wsv',0 ,'aut672b974329672b95e711' ,0,0 ,2,23.00,470000,?,?,?)
20241106@161433.2254 gvahd6h3sdkfju5tlsae2dcbm8 Query : use flama_phc
20241106@161433.2257 gvahd6h3sdkfju5tlsae2dcbm8 Query : select st.usalote valor from st where st.ref = '324.649.00.01'
20241106@161433.2275 gvahd6h3sdkfju5tlsae2dcbm8 Query : select top 1 st.tabiva ,st.ivaincl ,st.stns ,st.uni2 ,st.familia ,isnull(tx.taxa, 0) txiva ,unidade ,usalote ,epcpond ,noserie ,conversao ,st.texteis from st left join taxasiva tx on st.tabiva = tx.codigo where st.ref = '324.649.00.01'
20241106@161433.2289 gvahd6h3sdkfju5tlsae2dcbm8 Query : select 1 valor from information_schema.tables where table_type='base table' and table_name='wstablefields'
20241106@161433.2308 gvahd6h3sdkfju5tlsae2dcbm8 Query : select fieldkey,fieldname,fieldtype,mandatory from wstablefields where tablename = 'fi' and documentnumber = 39
20241106@161433.2334 gvahd6h3sdkfju5tlsae2dcbm8 Query : select 1 valor from information_schema.tables where table_type='base table' and table_name='wstablefields'
20241106@161433.2368 gvahd6h3sdkfju5tlsae2dcbm8 Query : select fieldkey,fieldname,fieldtype,mandatory from wstablefields where tablename = 'fi2' and documentnumber = 39
