20241111@140919.7904 m6a5tlnbacj90ct0jt67vtpfed INICIO DE FICHEIRO DE LOG :: /var/www/webservices/logs/website.sql.log
20241111@140919.7903 m6a5tlnbacj90ct0jt67vtpfed Query : select 1 valor from information_schema.tables where table_type='base table' and table_name='wstablefields'
20241111@140919.7919 m6a5tlnbacj90ct0jt67vtpfed Query : select fieldkey,fieldname,fieldtype,mandatory from wstablefields where tablename = 'ft2' and documentnumber = 39
20241111@140919.7948 m6a5tlnbacj90ct0jt67vtpfed Query : select 1 valor from information_schema.tables where table_type='base table' and table_name='wstablefields'
20241111@140919.7962 m6a5tlnbacj90ct0jt67vtpfed Query : select fieldkey,fieldname,fieldtype,mandatory from wstablefields where tablename = 'ft3' and documentnumber = 39
20241111@140919.7975 m6a5tlnbacj90ct0jt67vtpfed Query : select top 1 ft.fno valor from ft ft where ft.ndoc = 39 and ftano=2024 order by fno desc
20241111@140919.8037 m6a5tlnbacj90ct0jt67vtpfed Query : select top 1 ft.fno valor from wsftdata ft where ft.ndoc = 39 and ftano=2024 order by fno desc
20241111@140919.8050 m6a5tlnbacj90ct0jt67vtpfed Query : select 1 valor from information_schema.tables where table_type='base table' and table_name='wstablefields'
20241111@140919.8065 m6a5tlnbacj90ct0jt67vtpfed Query : select fieldkey,fieldname,fieldtype,calcformula from wstablefields where tablename = 'ft3' and documentnumber = 39
20241111@140919.8089 m6a5tlnbacj90ct0jt67vtpfed Query : insert into wsft3data (ft3stamp, ousrdata, ousrhora, usrdata,usrhora,ousrinis,usrinis,taxpointdt ) values ('aut67321222066732100fc2' ,getdate(),convert(char(8),convert (time,getdate())),getdate(),convert(char(8),convert (time,getdate())),'wsv','wsv',?)
20241111@140919.8280 m6a5tlnbacj90ct0jt67vtpfed Query : select 1 valor from information_schema.tables where table_type='base table' and table_name='wstablefields'
20241111@140919.8319 m6a5tlnbacj90ct0jt67vtpfed Query : select fieldkey,fieldname,fieldtype,calcformula from wstablefields where tablename = 'ft2' and documentnumber = 39
20241111@140919.8352 m6a5tlnbacj90ct0jt67vtpfed Query : select top 1 bo.u_nomeenv valor from bo where bo.bostamp=''
20241111@140919.8366 m6a5tlnbacj90ct0jt67vtpfed Query : select top 1 bo.u_moradaen valor from bo where bo.bostamp=''
20241111@140919.8380 m6a5tlnbacj90ct0jt67vtpfed Query : select top 1 bo.u_codposen valor from bo where bo.bostamp=''
20241111@140919.8392 m6a5tlnbacj90ct0jt67vtpfed Query : select top 1 bo.u_localenv valor from bo where bo.bostamp=''
20241111@140919.8404 m6a5tlnbacj90ct0jt67vtpfed Query : select top 1 bo.trab5 valor from bo where bo.bostamp=''
20241111@140919.8416 m6a5tlnbacj90ct0jt67vtpfed Query : select top 1 bo.serie valor from bo where bo.bostamp=''
20241111@140919.8438 m6a5tlnbacj90ct0jt67vtpfed Query : insert into wsft2data (ft2stamp, ousrdata,ousrhora, usrdata,usrhora,ousrinis,usrinis,u_nomeenv ,u_moradaen ,u_codposen ,u_localenv ,u_coddest ,u_codby ) values ('aut67321222066732100fc2',getdate(),convert(char(8),convert (time,getdate())),getdate(),convert(char(8),convert (time,getdate())),'wsv','wsv',?,?,?,?,?,?)
20241111@140919.8702 m6a5tlnbacj90ct0jt67vtpfed Query : select top 1 fno valor from wsftdata order by fno desc
20241111@140919.8733 m6a5tlnbacj90ct0jt67vtpfed Query : select 1 valor from information_schema.tables where table_type='base table' and table_name='wstablefields'
20241111@140919.8754 m6a5tlnbacj90ct0jt67vtpfed Query : select fieldkey,fieldname,fieldtype,calcformula from wstablefields where tablename = 'ft' and documentnumber = 39
20241111@140919.8803 m6a5tlnbacj90ct0jt67vtpfed Query : select 'normal' from dummy
20241111@140919.8820 m6a5tlnbacj90ct0jt67vtpfed Query : insert into wsftdata (ftstamp, ousrdata,ousrhora, usrdata,usrhora,ousrinis,usrinis,fno,no,estab,fdata,ndoc,moeda,cambio,cambiofixo,ftano,site ,classe ) values ('aut67321222066732100fc2',getdate(),convert(char(8),convert (time,getdate())),getdate(),convert(char(8),convert (time,getdate())),'wsv','wsv',1779,102253,0,'2024-11-11',39,'euro',0,0,2024 ,?,?)
20241111@140919.9168 m6a5tlnbacj90ct0jt67vtpfed Query : use flama_phc
20241111@140919.9173 m6a5tlnbacj90ct0jt67vtpfed Query : select st.usalote valor from st where st.ref = '324.4751.00.1'
20241111@140919.9198 m6a5tlnbacj90ct0jt67vtpfed Query : select top 1 st.tabiva ,st.ivaincl ,st.stns ,st.uni2 ,st.familia ,isnull(tx.taxa, 0) txiva ,unidade ,usalote ,epcpond ,noserie ,conversao ,st.texteis from st left join taxasiva tx on st.tabiva = tx.codigo where st.ref = '324.4751.00.1'
20241111@140919.9214 m6a5tlnbacj90ct0jt67vtpfed Query : select 1 valor from information_schema.tables where table_type='base table' and table_name='wstablefields'
20241111@140919.9245 m6a5tlnbacj90ct0jt67vtpfed Query : select fieldkey,fieldname,fieldtype,mandatory from wstablefields where tablename = 'fi' and documentnumber = 39
20241111@140919.9273 m6a5tlnbacj90ct0jt67vtpfed Query : select 1 valor from information_schema.tables where table_type='base table' and table_name='wstablefields'
20241111@140919.9289 m6a5tlnbacj90ct0jt67vtpfed Query : select fieldkey,fieldname,fieldtype,mandatory from wstablefields where tablename = 'fi2' and documentnumber = 39
20241111@140919.9299 m6a5tlnbacj90ct0jt67vtpfed Query : select top 1 convert(numeric(6,2),t.taxa) valor from taxasiva t where t.codigo='2'
20241111@140919.9316 m6a5tlnbacj90ct0jt67vtpfed Query : select sestamp valor from se where ref ='324.4751.00.1' and lote = 'r2400049200a'
20241111@140919.9330 m6a5tlnbacj90ct0jt67vtpfed Query : select 1 valor from information_schema.tables where table_type='base table' and table_name='wstablefields'
20241111@140919.9346 m6a5tlnbacj90ct0jt67vtpfed Query : select fieldkey,fieldname,fieldtype,calcformula from wstablefields where tablename = 'fi2' and documentnumber = 39
20241111@140919.9359 m6a5tlnbacj90ct0jt67vtpfed Query : insert into wsfi2data (fi2stamp,ftstamp ,ousrdata, ousrhora, usrdata,usrhora,ousrinis,usrinis) values ('aut67321831296732100fe3','aut67321222066732100fc2' ,getdate(),convert(char(8),convert (time,getdate())),getdate(),convert(char(8),convert (time,getdate())),'wsv','wsv')
20241111@140919.9364 m6a5tlnbacj90ct0jt67vtpfed Query : select 1 valor from information_schema.tables where table_type='base table' and table_name='wstablefields'
20241111@140919.9380 m6a5tlnbacj90ct0jt67vtpfed Query : select fieldkey,fieldname,fieldtype,calcformula from wstablefields where tablename = 'fi' and documentnumber = 39
20241111@140919.9411 m6a5tlnbacj90ct0jt67vtpfed Query : insert into wsfidata (fistamp,ousrdata, ousrhora, usrdata,usrhora,ousrinis,usrinis ,qtt ,ftstamp ,epv,pvmoeda ,tabiva,iva,lordem ,ref, design ,lote,armazem,bistamp ) values ('aut67321831296732100fe3',getdate(),convert(char(8),convert (time,getdate())),getdate(),convert(char(8),convert (time,getdate())),'wsv','wsv',4.000 ,'aut67321222066732100fc2' ,0,0 ,2,23.00,10000,?,?,?,?,?)
20241111@140919.9686 m6a5tlnbacj90ct0jt67vtpfed Query : use flama_phc
20241111@140919.9689 m6a5tlnbacj90ct0jt67vtpfed Query : select st.usalote valor from st where st.ref = '324.4902.00.1'
20241111@140919.9712 m6a5tlnbacj90ct0jt67vtpfed Query : select top 1 st.tabiva ,st.ivaincl ,st.stns ,st.uni2 ,st.familia ,isnull(tx.taxa, 0) txiva ,unidade ,usalote ,epcpond ,noserie ,conversao ,st.texteis from st left join taxasiva tx on st.tabiva = tx.codigo where st.ref = '324.4902.00.1'
20241111@140919.9731 m6a5tlnbacj90ct0jt67vtpfed Query : select 1 valor from information_schema.tables where table_type='base table' and table_name='wstablefields'
20241111@140919.9749 m6a5tlnbacj90ct0jt67vtpfed Query : select fieldkey,fieldname,fieldtype,mandatory from wstablefields where tablename = 'fi' and documentnumber = 39
20241111@140919.9780 m6a5tlnbacj90ct0jt67vtpfed Query : select 1 valor from information_schema.tables where table_type='base table' and table_name='wstablefields'
20241111@140919.9800 m6a5tlnbacj90ct0jt67vtpfed Query : select fieldkey,fieldname,fieldtype,mandatory from wstablefields where tablename = 'fi2' and documentnumber = 39
20241111@140919.9810 m6a5tlnbacj90ct0jt67vtpfed Query : select top 1 convert(numeric(6,2),t.taxa) valor from taxasiva t where t.codigo='2'
20241111@140919.9825 m6a5tlnbacj90ct0jt67vtpfed Query : select sestamp valor from se where ref ='324.4902.00.1' and lote = 'r2400145200a'
20241111@140919.9839 m6a5tlnbacj90ct0jt67vtpfed Query : select 1 valor from information_schema.tables where table_type='base table' and table_name='wstablefields'
20241111@140919.9854 m6a5tlnbacj90ct0jt67vtpfed Query : select fieldkey,fieldname,fieldtype,calcformula from wstablefields where tablename = 'fi2' and documentnumber = 39
20241111@140919.9866 m6a5tlnbacj90ct0jt67vtpfed Query : insert into wsfi2data (fi2stamp,ftstamp ,ousrdata, ousrhora, usrdata,usrhora,ousrinis,usrinis) values ('aut67321962316732100ff0','aut67321222066732100fc2' ,getdate(),convert(char(8),convert (time,getdate())),getdate(),convert(char(8),convert (time,getdate())),'wsv','wsv')
20241111@140919.9871 m6a5tlnbacj90ct0jt67vtpfed Query : select 1 valor from information_schema.tables where table_type='base table' and table_name='wstablefields'
20241111@140919.9888 m6a5tlnbacj90ct0jt67vtpfed Query : select fieldkey,fieldname,fieldtype,calcformula from wstablefields where tablename = 'fi' and documentnumber = 39
20241111@140919.9920 m6a5tlnbacj90ct0jt67vtpfed Query : insert into wsfidata (fistamp,ousrdata, ousrhora, usrdata,usrhora,ousrinis,usrinis ,qtt ,ftstamp ,epv,pvmoeda ,tabiva,iva,lordem ,ref, design ,lote,armazem,bistamp ) values ('aut67321962316732100ff0',getdate(),convert(char(8),convert (time,getdate())),getdate(),convert(char(8),convert (time,getdate())),'wsv','wsv',4.000 ,'aut67321222066732100fc2' ,0,0 ,2,23.00,20000,?,?,?,?,?)
20241111@140920.2030 m6a5tlnbacj90ct0jt67vtpfed Query : select 1 valor from information_schema.tables where table_type='base table' and table_name='wstablefields'
20241111@140920.2260 m6a5tlnbacj90ct0jt67vtpfed Query : select fieldkey,fieldname,fieldtype,mandatory from wstablefields where tablename = 'fi' and documentnumber = 39
20241111@140920.2560 m6a5tlnbacj90ct0jt67vtpfed Query : select 1 valor from information_schema.tables where table_type='base table' and table_name='wstablefields'
20241111@140920.2730 m6a5tlnbacj90ct0jt67vtpfed Query : select fieldkey,fieldname,fieldtype,mandatory from wstablefields where tablename = 'fi2' and documentnumber = 39
20241111@140920.2830 m6a5tlnbacj90ct0jt67vtpfed Query : select top 1 convert(numeric(6,2),t.taxa) valor from taxasiva t where t.codigo='2'
20241111@140920.3020 m6a5tlnbacj90ct0jt67vtpfed Query : select 1 valor from information_schema.tables where table_type='base table' and table_name='wstablefields'
20241111@140920.3180 m6a5tlnbacj90ct0jt67vtpfed Query : select fieldkey,fieldname,fieldtype,calcformula from wstablefields where tablename = 'fi2' and documentnumber = 39
20241111@140920.3430 m6a5tlnbacj90ct0jt67vtpfed Query : insert into wsfi2data (fi2stamp,ftstamp ,ousrdata, ousrhora, usrdata,usrhora,ousrinis,usrinis) values ('aut67321147986732101007','aut67321222066732100fc2' ,getdate(),convert(char(8),convert (time,getdate())),getdate(),convert(char(8),convert (time,getdate())),'wsv','wsv')
20241111@140920.3480 m6a5tlnbacj90ct0jt67vtpfed Query : select 1 valor from information_schema.tables where table_type='base table' and table_name='wstablefields'
20241111@140920.3650 m6a5tlnbacj90ct0jt67vtpfed Query : select fieldkey,fieldname,fieldtype,calcformula from wstablefields where tablename = 'fi' and documentnumber = 39
20241111@140920.3980 m6a5tlnbacj90ct0jt67vtpfed Query : insert into wsfidata (fistamp,ousrdata, ousrhora, usrdata,usrhora,ousrinis,usrinis ,qtt ,ftstamp ,epv,pvmoeda ,tabiva,iva,lordem ,ref, design ,armazem) values ('aut67321147986732101007',getdate(),convert(char(8),convert (time,getdate())),getdate(),convert(char(8),convert (time,getdate())),'wsv','wsv',0 ,'aut67321222066732100fc2' ,0,0 ,2,23.00,30000,?,?,?)
20241111@140920.6800 m6a5tlnbacj90ct0jt67vtpfed Query : insert into wsftcreationlog (initialftstamp,externalid,creationstatus,documenttypeid,idustamp) values ('aut67321222066732100fc2','2407394','wait',39,'adm09112754980.682000002')
20241111@140920.7960 m6a5tlnbacj90ct0jt67vtpfed Query : use flama_phc
20241111@140920.8000 m6a5tlnbacj90ct0jt67vtpfed Query : update u_wsusers set rqsttoken =? where userid ='userls001'
20241111@140920.8500 m6a5tlnbacj90ct0jt67vtpfed Query : select concat(rtrim(relative_path),ltrim(name_new)) as valor from uploadfiles where uploadfile_id='3218';
20241111@140920.8960 m6a5tlnbacj90ct0jt67vtpfed Query : update uploadfiles set whenupdated=current_timestamp where uploadfile_id='3218';
20241111@140920.9630 m6a5tlnbacj90ct0jt67vtpfed Query : select concat(rtrim(relative_path),ltrim(name_new)) as valor from uploadfiles where uploadfile_id='3218';
20241111@140920.1010 m6a5tlnbacj90ct0jt67vtpfed Query : update uploadfiles set whenupdated=current_timestamp where uploadfile_id='3218';
20241111@140920.1565 s92c25mvose2v27p6mi967953i Query : insert into uploadfiles ( name_original, name_new, option_type, relative_path, whencreated ) values ( ?, ?, ?, ?, getdate() )
20241111@140920.1579 s92c25mvose2v27p6mi967953i Query : select uploadfile_id valor from uploadfiles where name_new = ? and option_type = ? 
20241111@140920.1653 s92c25mvose2v27p6mi967953i Query : select concat(rtrim(relative_path),ltrim(name_new)) as valor from uploadfiles where uploadfile_id='3219';
20241111@140920.1724 s92c25mvose2v27p6mi967953i Query : update uploadfiles set whenupdated=current_timestamp where uploadfile_id='3219';
20241111@140920.1801 s92c25mvose2v27p6mi967953i Query : select concat(rtrim(relative_path),ltrim(name_new)) as valor from uploadfiles where uploadfile_id='3219';
20241111@140920.1836 s92c25mvose2v27p6mi967953i Query : update uploadfiles set whenupdated=current_timestamp where uploadfile_id='3219';
20241111@140920.1911 s92c25mvose2v27p6mi967953i Query : use flama_phc
20241111@140920.1914 s92c25mvose2v27p6mi967953i Query : select top 1 secretkey valor from u_wsusers u where u.userid = ? and u.inactivo=0
20241111@140920.2006 s92c25mvose2v27p6mi967953i Query : use flama_phc
20241111@140920.2009 s92c25mvose2v27p6mi967953i Query : select no, estab,szadrsdesc from szadrs where u_coddest=8748
20241111@140920.2057 s92c25mvose2v27p6mi967953i Query : select top 1 isnull(design,'') valor from st (nolock) left join stobs (nolock) on st.ref = stobs.ref where st.ref = '304.4320.00.1'
20241111@140920.2079 s92c25mvose2v27p6mi967953i Query : select top 1 bistamp valor from bi inner join bo on bo.bostamp=bi.bostamp where bo.ndos =240 and bo.boano =2073 and bo.obrano = 2407395 and bi.ref ='304.4320.00.1' and bi.lordem =1
20241111@140920.2403 s92c25mvose2v27p6mi967953i Query : select top 1 isnull(design,'') valor from st (nolock) left join stobs (nolock) on st.ref = stobs.ref where st.ref = '324.4751.00.1'
20241111@140920.2430 s92c25mvose2v27p6mi967953i Query : select top 1 bistamp valor from bi inner join bo on bo.bostamp=bi.bostamp where bo.ndos =240 and bo.boano =2073 and bo.obrano = 2407395 and bi.ref ='324.4751.00.1' and bi.lordem =2
20241111@140920.2758 s92c25mvose2v27p6mi967953i Query : select top 1 isnull(design,'') valor from st (nolock) left join stobs (nolock) on st.ref = stobs.ref where st.ref = '324.4751.00.1'
20241111@140920.2783 s92c25mvose2v27p6mi967953i Query : select top 1 bistamp valor from bi inner join bo on bo.bostamp=bi.bostamp where bo.ndos =240 and bo.boano =2073 and bo.obrano = 2407395 and bi.ref ='324.4751.00.1' and bi.lordem =2
20241111@140920.2805 s92c25mvose2v27p6mi967953i Query : select top 1 isnull(design,'') valor from st (nolock) left join stobs (nolock) on st.ref = stobs.ref where st.ref = '324.4970.00.1'
20241111@140920.2829 s92c25mvose2v27p6mi967953i Query : select top 1 bistamp valor from bi inner join bo on bo.bostamp=bi.bostamp where bo.ndos =240 and bo.boano =2073 and bo.obrano = 2407395 and bi.ref ='324.4970.00.1' and bi.lordem =3
20241111@140920.3349 s92c25mvose2v27p6mi967953i Query : select top 1 isnull(design,'') valor from st (nolock) left join stobs (nolock) on st.ref = stobs.ref where st.ref = '324.4902.00.1'
20241111@140920.3371 s92c25mvose2v27p6mi967953i Query : select top 1 bistamp valor from bi inner join bo on bo.bostamp=bi.bostamp where bo.ndos =240 and bo.boano =2073 and bo.obrano = 2407395 and bi.ref ='324.4902.00.1' and bi.lordem =4
20241111@140920.3830 s92c25mvose2v27p6mi967953i Query : select top 1 isnull(design,'') valor from st (nolock) left join stobs (nolock) on st.ref = stobs.ref where st.ref = '324.4902.00.1'
20241111@140920.3850 s92c25mvose2v27p6mi967953i Query : select top 1 bistamp valor from bi inner join bo on bo.bostamp=bi.bostamp where bo.ndos =240 and bo.boano =2073 and bo.obrano = 2407395 and bi.ref ='324.4902.00.1' and bi.lordem =4
20241111@140920.3867 s92c25mvose2v27p6mi967953i Query : select top 1 isnull(design,'') valor from st (nolock) left join stobs (nolock) on st.ref = stobs.ref where st.ref = '324.4960.00.1'
20241111@140920.3894 s92c25mvose2v27p6mi967953i Query : select top 1 bistamp valor from bi inner join bo on bo.bostamp=bi.bostamp where bo.ndos =240 and bo.boano =2073 and bo.obrano = 2407395 and bi.ref ='324.4960.00.1' and bi.lordem =5
20241111@140920.4219 s92c25mvose2v27p6mi967953i Query : use flama_phc
20241111@140920.4224 s92c25mvose2v27p6mi967953i Query : select top 1 convert(date,fdata) valor from ft where ndoc = 39 and anulado= 0 and fno>0 order by fdata desc
20241111@140920.4266 s92c25mvose2v27p6mi967953i Query : use flama_phc
20241111@140920.4269 s92c25mvose2v27p6mi967953i Query : select top 1 1 valor from td where td.ndoc = 39
20241111@140920.4299 s92c25mvose2v27p6mi967953i Query : use flama_phc
20241111@140920.4302 s92c25mvose2v27p6mi967953i Query : select lower(descricao) descricao ,case when valor='s' then 1 else 0 end valor from para1 where descricao in ('st_lote','st_usalogifunc', 'st_grelha')
20241111@140920.4330 s92c25mvose2v27p6mi967953i Query : select top 1 manternumero ,assinadoc issigned ,tiposaft ,assinaimp ,nmdos ,td.assinadoc ,'cl' origin ,lancasl stocks ,case when cmsl<50 and td.lancasl=1 then 1 else 0 end entrada ,case when cmsl>50 and td.lancasl=1 then 1 else 0 end saida ,temserie assets ,~semgre usegridfields from td inner join td2 on td.tdstamp=td2.td2stamp where td.ndoc = 1
20241111@140920.4366 s92c25mvose2v27p6mi967953i Query : use flama_phc
20241111@140920.4369 s92c25mvose2v27p6mi967953i Query : select top 1 ~inactivo valor from cl where no = '102253' and estab = 0 order by inactivo desc
20241111@140920.4398 s92c25mvose2v27p6mi967953i Query : use flama_phc
20241111@140920.4401 s92c25mvose2v27p6mi967953i Query : select top 1 tipodoc,regrd from td where ndoc = 39
20241111@140920.4434 s92c25mvose2v27p6mi967953i Query : use flama_phc
20241111@140920.4437 s92c25mvose2v27p6mi967953i Query : select szadrsstamp valor from szadrs where szadrsdesc='espaÇotrans,lda'
20241111@140920.4492 s92c25mvose2v27p6mi967953i Query : use flama_phc
20241111@140920.4496 s92c25mvose2v27p6mi967953i Query : select szadrsstamp valor from szadrs where szadrsdesc='fnac - entrega'
20241111@140920.4544 s92c25mvose2v27p6mi967953i Query : use flama_phc
20241111@140920.4547 s92c25mvose2v27p6mi967953i Query : select 1 valor from td where ndoc = 39
20241111@140920.4561 s92c25mvose2v27p6mi967953i Query : select top 1 manternumero, tiposaft, nmdos,td.assinadoc from td where td.ndoc = 39
20241111@140920.4578 s92c25mvose2v27p6mi967953i Query : select 1 valor from information_schema.tables where table_type='base table' and table_name='wstablefields'
20241111@140920.4597 s92c25mvose2v27p6mi967953i Query : select fieldkey,fieldname,fieldtype,mandatory from wstablefields where tablename = 'ft' and documentnumber = 39
20241111@140920.4619 s92c25mvose2v27p6mi967953i Query : select 1 valor from information_schema.tables where table_type='base table' and table_name='wstablefields'
20241111@140920.4636 s92c25mvose2v27p6mi967953i Query : select fieldkey,fieldname,fieldtype,mandatory from wstablefields where tablename = 'ft2' and documentnumber = 39
20241111@140920.4669 s92c25mvose2v27p6mi967953i Query : select 1 valor from information_schema.tables where table_type='base table' and table_name='wstablefields'
20241111@140920.4744 s92c25mvose2v27p6mi967953i Query : select fieldkey,fieldname,fieldtype,mandatory from wstablefields where tablename = 'ft3' and documentnumber = 39
20241111@140920.4760 s92c25mvose2v27p6mi967953i Query : select top 1 ft.fno valor from ft ft where ft.ndoc = 39 and ftano=2024 order by fno desc
20241111@140920.4824 s92c25mvose2v27p6mi967953i Query : select top 1 ft.fno valor from wsftdata ft where ft.ndoc = 39 and ftano=2024 order by fno desc
20241111@140920.4839 s92c25mvose2v27p6mi967953i Query : select 1 valor from information_schema.tables where table_type='base table' and table_name='wstablefields'
20241111@140920.4856 s92c25mvose2v27p6mi967953i Query : select fieldkey,fieldname,fieldtype,calcformula from wstablefields where tablename = 'ft3' and documentnumber = 39
20241111@140920.4875 s92c25mvose2v27p6mi967953i Query : insert into wsft3data (ft3stamp, ousrdata, ousrhora, usrdata,usrhora,ousrinis,usrinis,taxpointdt ) values ('aut67321232816732101074' ,getdate(),convert(char(8),convert (time,getdate())),getdate(),convert(char(8),convert (time,getdate())),'wsv','wsv',?)
20241111@140920.5072 s92c25mvose2v27p6mi967953i Query : select 1 valor from information_schema.tables where table_type='base table' and table_name='wstablefields'
20241111@140920.5095 s92c25mvose2v27p6mi967953i Query : select fieldkey,fieldname,fieldtype,calcformula from wstablefields where tablename = 'ft2' and documentnumber = 39
20241111@140920.5134 s92c25mvose2v27p6mi967953i Query : select top 1 bo.u_nomeenv valor from bo where bo.bostamp=''
20241111@140920.5150 s92c25mvose2v27p6mi967953i Query : select top 1 bo.u_moradaen valor from bo where bo.bostamp=''
20241111@140920.5163 s92c25mvose2v27p6mi967953i Query : select top 1 bo.u_codposen valor from bo where bo.bostamp=''
20241111@140920.5330 s92c25mvose2v27p6mi967953i Query : select top 1 bo.u_localenv valor from bo where bo.bostamp=''
20241111@140920.5349 s92c25mvose2v27p6mi967953i Query : select top 1 bo.trab5 valor from bo where bo.bostamp=''
20241111@140920.5366 s92c25mvose2v27p6mi967953i Query : select top 1 bo.serie valor from bo where bo.bostamp=''
20241111@140920.5380 s92c25mvose2v27p6mi967953i Query : insert into wsft2data (ft2stamp, ousrdata,ousrhora, usrdata,usrhora,ousrinis,usrinis,u_nomeenv ,u_moradaen ,u_codposen ,u_localenv ,u_coddest ,u_codby ) values ('aut67321232816732101074',getdate(),convert(char(8),convert (time,getdate())),getdate(),convert(char(8),convert (time,getdate())),'wsv','wsv',?,?,?,?,?,?)
20241111@140920.5668 s92c25mvose2v27p6mi967953i Query : select top 1 fno valor from wsftdata order by fno desc
20241111@140920.5701 s92c25mvose2v27p6mi967953i Query : select 1 valor from information_schema.tables where table_type='base table' and table_name='wstablefields'
20241111@140920.5719 s92c25mvose2v27p6mi967953i Query : select fieldkey,fieldname,fieldtype,calcformula from wstablefields where tablename = 'ft' and documentnumber = 39
20241111@140920.5749 s92c25mvose2v27p6mi967953i Query : select 'normal' from dummy
20241111@140920.5765 s92c25mvose2v27p6mi967953i Query : insert into wsftdata (ftstamp, ousrdata,ousrhora, usrdata,usrhora,ousrinis,usrinis,fno,no,estab,fdata,ndoc,moeda,cambio,cambiofixo,ftano,site ,classe ) values ('aut67321232816732101074',getdate(),convert(char(8),convert (time,getdate())),getdate(),convert(char(8),convert (time,getdate())),'wsv','wsv',1780,102253,0,'2024-11-11',39,'euro',0,0,2024 ,?,?)
20241111@140920.6101 s92c25mvose2v27p6mi967953i Query : use flama_phc
20241111@140920.6106 s92c25mvose2v27p6mi967953i Query : select st.usalote valor from st where st.ref = '304.4320.00.1'
20241111@140920.6132 s92c25mvose2v27p6mi967953i Query : select top 1 st.tabiva ,st.ivaincl ,st.stns ,st.uni2 ,st.familia ,isnull(tx.taxa, 0) txiva ,unidade ,usalote ,epcpond ,noserie ,conversao ,st.texteis from st left join taxasiva tx on st.tabiva = tx.codigo where st.ref = '304.4320.00.1'
20241111@140920.6148 s92c25mvose2v27p6mi967953i Query : select 1 valor from information_schema.tables where table_type='base table' and table_name='wstablefields'
20241111@140920.6167 s92c25mvose2v27p6mi967953i Query : select fieldkey,fieldname,fieldtype,mandatory from wstablefields where tablename = 'fi' and documentnumber = 39
20241111@140920.6195 s92c25mvose2v27p6mi967953i Query : select 1 valor from information_schema.tables where table_type='base table' and table_name='wstablefields'
20241111@140920.6214 s92c25mvose2v27p6mi967953i Query : select fieldkey,fieldname,fieldtype,mandatory from wstablefields where tablename = 'fi2' and documentnumber = 39
20241111@140920.6225 s92c25mvose2v27p6mi967953i Query : select top 1 convert(numeric(6,2),t.taxa) valor from taxasiva t where t.codigo='2'
20241111@140920.6240 s92c25mvose2v27p6mi967953i Query : select sestamp valor from se where ref ='304.4320.00.1' and lote = '241183'
20241111@140920.6257 s92c25mvose2v27p6mi967953i Query : select 1 valor from information_schema.tables where table_type='base table' and table_name='wstablefields'
20241111@140920.6274 s92c25mvose2v27p6mi967953i Query : select fieldkey,fieldname,fieldtype,calcformula from wstablefields where tablename = 'fi2' and documentnumber = 39
20241111@140920.6290 s92c25mvose2v27p6mi967953i Query : insert into wsfi2data (fi2stamp,ftstamp ,ousrdata, ousrhora, usrdata,usrhora,ousrinis,usrinis) values ('aut67321876396732101098','aut67321232816732101074' ,getdate(),convert(char(8),convert (time,getdate())),getdate(),convert(char(8),convert (time,getdate())),'wsv','wsv')
20241111@140920.6295 s92c25mvose2v27p6mi967953i Query : select 1 valor from information_schema.tables where table_type='base table' and table_name='wstablefields'
20241111@140920.6312 s92c25mvose2v27p6mi967953i Query : select fieldkey,fieldname,fieldtype,calcformula from wstablefields where tablename = 'fi' and documentnumber = 39
20241111@140920.6345 s92c25mvose2v27p6mi967953i Query : insert into wsfidata (fistamp,ousrdata, ousrhora, usrdata,usrhora,ousrinis,usrinis ,qtt ,ftstamp ,epv,pvmoeda ,tabiva,iva,lordem ,ref, design ,lote,armazem,bistamp ) values ('aut67321876396732101098',getdate(),convert(char(8),convert (time,getdate())),getdate(),convert(char(8),convert (time,getdate())),'wsv','wsv',80.000 ,'aut67321232816732101074' ,0,0 ,2,23.00,10000,?,?,?,?,?)
20241111@140920.6618 s92c25mvose2v27p6mi967953i Query : use flama_phc
20241111@140920.6622 s92c25mvose2v27p6mi967953i Query : select st.usalote valor from st where st.ref = '324.4751.00.1'
20241111@140920.6645 s92c25mvose2v27p6mi967953i Query : select top 1 st.tabiva ,st.ivaincl ,st.stns ,st.uni2 ,st.familia ,isnull(tx.taxa, 0) txiva ,unidade ,usalote ,epcpond ,noserie ,conversao ,st.texteis from st left join taxasiva tx on st.tabiva = tx.codigo where st.ref = '324.4751.00.1'
20241111@140920.6660 s92c25mvose2v27p6mi967953i Query : select 1 valor from information_schema.tables where table_type='base table' and table_name='wstablefields'
20241111@140920.6679 s92c25mvose2v27p6mi967953i Query : select fieldkey,fieldname,fieldtype,mandatory from wstablefields where tablename = 'fi' and documentnumber = 39
20241111@140920.6707 s92c25mvose2v27p6mi967953i Query : select 1 valor from information_schema.tables where table_type='base table' and table_name='wstablefields'
20241111@140920.6724 s92c25mvose2v27p6mi967953i Query : select fieldkey,fieldname,fieldtype,mandatory from wstablefields where tablename = 'fi2' and documentnumber = 39
20241111@140920.6734 s92c25mvose2v27p6mi967953i Query : select top 1 convert(numeric(6,2),t.taxa) valor from taxasiva t where t.codigo='2'
20241111@140920.6747 s92c25mvose2v27p6mi967953i Query : select sestamp valor from se where ref ='324.4751.00.1' and lote = 'r2400049200a'
20241111@140920.6762 s92c25mvose2v27p6mi967953i Query : select 1 valor from information_schema.tables where table_type='base table' and table_name='wstablefields'
20241111@140920.6778 s92c25mvose2v27p6mi967953i Query : select fieldkey,fieldname,fieldtype,calcformula from wstablefields where tablename = 'fi2' and documentnumber = 39
20241111@140920.6791 s92c25mvose2v27p6mi967953i Query : insert into wsfi2data (fi2stamp,ftstamp ,ousrdata, ousrhora, usrdata,usrhora,ousrinis,usrinis) values ('aut673211682767321010a5','aut67321232816732101074' ,getdate(),convert(char(8),convert (time,getdate())),getdate(),convert(char(8),convert (time,getdate())),'wsv','wsv')
20241111@140920.6798 s92c25mvose2v27p6mi967953i Query : select 1 valor from information_schema.tables where table_type='base table' and table_name='wstablefields'
20241111@140920.6813 s92c25mvose2v27p6mi967953i Query : select fieldkey,fieldname,fieldtype,calcformula from wstablefields where tablename = 'fi' and documentnumber = 39
20241111@140920.6848 s92c25mvose2v27p6mi967953i Query : insert into wsfidata (fistamp,ousrdata, ousrhora, usrdata,usrhora,ousrinis,usrinis ,qtt ,ftstamp ,epv,pvmoeda ,tabiva,iva,lordem ,ref, design ,lote,armazem,bistamp ) values ('aut673211682767321010a5',getdate(),convert(char(8),convert (time,getdate())),getdate(),convert(char(8),convert (time,getdate())),'wsv','wsv',4.000 ,'aut67321232816732101074' ,0,0 ,2,23.00,20000,?,?,?,?,?)
20241111@140920.7331 s92c25mvose2v27p6mi967953i Query : use flama_phc
20241111@140920.7335 s92c25mvose2v27p6mi967953i Query : select st.usalote valor from st where st.ref = '324.4751.00.1'
20241111@140920.7360 s92c25mvose2v27p6mi967953i Query : select top 1 st.tabiva ,st.ivaincl ,st.stns ,st.uni2 ,st.familia ,isnull(tx.taxa, 0) txiva ,unidade ,usalote ,epcpond ,noserie ,conversao ,st.texteis from st left join taxasiva tx on st.tabiva = tx.codigo where st.ref = '324.4751.00.1'
20241111@140920.7377 s92c25mvose2v27p6mi967953i Query : select 1 valor from information_schema.tables where table_type='base table' and table_name='wstablefields'
20241111@140920.7394 s92c25mvose2v27p6mi967953i Query : select fieldkey,fieldname,fieldtype,mandatory from wstablefields where tablename = 'fi' and documentnumber = 39
20241111@140920.7423 s92c25mvose2v27p6mi967953i Query : select 1 valor from information_schema.tables where table_type='base table' and table_name='wstablefields'
20241111@140920.7441 s92c25mvose2v27p6mi967953i Query : select fieldkey,fieldname,fieldtype,mandatory from wstablefields where tablename = 'fi2' and documentnumber = 39
20241111@140920.7451 s92c25mvose2v27p6mi967953i Query : select top 1 convert(numeric(6,2),t.taxa) valor from taxasiva t where t.codigo='2'
20241111@140920.7463 s92c25mvose2v27p6mi967953i Query : select sestamp valor from se where ref ='324.4751.00.1' and lote = 'r2400049200a'
20241111@140920.7480 s92c25mvose2v27p6mi967953i Query : select 1 valor from information_schema.tables where table_type='base table' and table_name='wstablefields'
20241111@140920.7496 s92c25mvose2v27p6mi967953i Query : select fieldkey,fieldname,fieldtype,calcformula from wstablefields where tablename = 'fi2' and documentnumber = 39
20241111@140920.7509 s92c25mvose2v27p6mi967953i Query : insert into wsfi2data (fi2stamp,ftstamp ,ousrdata, ousrhora, usrdata,usrhora,ousrinis,usrinis) values ('aut673216817967321010b6','aut67321232816732101074' ,getdate(),convert(char(8),convert (time,getdate())),getdate(),convert(char(8),convert (time,getdate())),'wsv','wsv')
20241111@140920.7523 s92c25mvose2v27p6mi967953i Query : select 1 valor from information_schema.tables where table_type='base table' and table_name='wstablefields'
20241111@140920.7539 s92c25mvose2v27p6mi967953i Query : select fieldkey,fieldname,fieldtype,calcformula from wstablefields where tablename = 'fi' and documentnumber = 39
20241111@140920.7573 s92c25mvose2v27p6mi967953i Query : insert into wsfidata (fistamp,ousrdata, ousrhora, usrdata,usrhora,ousrinis,usrinis ,qtt ,ftstamp ,epv,pvmoeda ,tabiva,iva,lordem ,ref, design ,lote,armazem,bistamp ) values ('aut673216817967321010b6',getdate(),convert(char(8),convert (time,getdate())),getdate(),convert(char(8),convert (time,getdate())),'wsv','wsv',4.000 ,'aut67321232816732101074' ,0,0 ,2,23.00,30000,?,?,?,?,?)
20241111@140920.7875 s92c25mvose2v27p6mi967953i Query : use flama_phc
20241111@140920.7879 s92c25mvose2v27p6mi967953i Query : select st.usalote valor from st where st.ref = '324.4970.00.1'
20241111@140920.7903 s92c25mvose2v27p6mi967953i Query : select top 1 st.tabiva ,st.ivaincl ,st.stns ,st.uni2 ,st.familia ,isnull(tx.taxa, 0) txiva ,unidade ,usalote ,epcpond ,noserie ,conversao ,st.texteis from st left join taxasiva tx on st.tabiva = tx.codigo where st.ref = '324.4970.00.1'
20241111@140920.7919 s92c25mvose2v27p6mi967953i Query : select 1 valor from information_schema.tables where table_type='base table' and table_name='wstablefields'
20241111@140920.7940 s92c25mvose2v27p6mi967953i Query : select fieldkey,fieldname,fieldtype,mandatory from wstablefields where tablename = 'fi' and documentnumber = 39
20241111@140920.7969 s92c25mvose2v27p6mi967953i Query : select 1 valor from information_schema.tables where table_type='base table' and table_name='wstablefields'
20241111@140920.7989 s92c25mvose2v27p6mi967953i Query : select fieldkey,fieldname,fieldtype,mandatory from wstablefields where tablename = 'fi2' and documentnumber = 39
20241111@140920.7997 s92c25mvose2v27p6mi967953i Query : select top 1 convert(numeric(6,2),t.taxa) valor from taxasiva t where t.codigo='2'
20241111@140920.8009 s92c25mvose2v27p6mi967953i Query : select sestamp valor from se where ref ='324.4970.00.1' and lote = 'r2400492200a'
20241111@140920.8022 s92c25mvose2v27p6mi967953i Query : select 1 valor from information_schema.tables where table_type='base table' and table_name='wstablefields'
20241111@140920.8037 s92c25mvose2v27p6mi967953i Query : select fieldkey,fieldname,fieldtype,calcformula from wstablefields where tablename = 'fi2' and documentnumber = 39
20241111@140920.8048 s92c25mvose2v27p6mi967953i Query : insert into wsfi2data (fi2stamp,ftstamp ,ousrdata, ousrhora, usrdata,usrhora,ousrinis,usrinis) values ('aut673213274067321010c3','aut67321232816732101074' ,getdate(),convert(char(8),convert (time,getdate())),getdate(),convert(char(8),convert (time,getdate())),'wsv','wsv')
20241111@140920.8053 s92c25mvose2v27p6mi967953i Query : select 1 valor from information_schema.tables where table_type='base table' and table_name='wstablefields'
20241111@140920.8067 s92c25mvose2v27p6mi967953i Query : select fieldkey,fieldname,fieldtype,calcformula from wstablefields where tablename = 'fi' and documentnumber = 39
20241111@140920.8106 s92c25mvose2v27p6mi967953i Query : insert into wsfidata (fistamp,ousrdata, ousrhora, usrdata,usrhora,ousrinis,usrinis ,qtt ,ftstamp ,epv,pvmoeda ,tabiva,iva,lordem ,ref, design ,lote,armazem,bistamp ) values ('aut673213274067321010c3',getdate(),convert(char(8),convert (time,getdate())),getdate(),convert(char(8),convert (time,getdate())),'wsv','wsv',44.000 ,'aut67321232816732101074' ,0,0 ,2,23.00,40000,?,?,?,?,?)
20241111@140920.8391 s92c25mvose2v27p6mi967953i Query : use flama_phc
20241111@140920.8395 s92c25mvose2v27p6mi967953i Query : select st.usalote valor from st where st.ref = '324.4902.00.1'
20241111@140920.8417 s92c25mvose2v27p6mi967953i Query : select top 1 st.tabiva ,st.ivaincl ,st.stns ,st.uni2 ,st.familia ,isnull(tx.taxa, 0) txiva ,unidade ,usalote ,epcpond ,noserie ,conversao ,st.texteis from st left join taxasiva tx on st.tabiva = tx.codigo where st.ref = '324.4902.00.1'
20241111@140920.8430 s92c25mvose2v27p6mi967953i Query : select 1 valor from information_schema.tables where table_type='base table' and table_name='wstablefields'
20241111@140920.8447 s92c25mvose2v27p6mi967953i Query : select fieldkey,fieldname,fieldtype,mandatory from wstablefields where tablename = 'fi' and documentnumber = 39
20241111@140920.8474 s92c25mvose2v27p6mi967953i Query : select 1 valor from information_schema.tables where table_type='base table' and table_name='wstablefields'
20241111@140920.8490 s92c25mvose2v27p6mi967953i Query : select fieldkey,fieldname,fieldtype,mandatory from wstablefields where tablename = 'fi2' and documentnumber = 39
20241111@140920.8499 s92c25mvose2v27p6mi967953i Query : select top 1 convert(numeric(6,2),t.taxa) valor from taxasiva t where t.codigo='2'
20241111@140920.8510 s92c25mvose2v27p6mi967953i Query : select sestamp valor from se where ref ='324.4902.00.1' and lote = 'r2400145200a'
20241111@140920.8523 s92c25mvose2v27p6mi967953i Query : select 1 valor from information_schema.tables where table_type='base table' and table_name='wstablefields'
20241111@140920.8538 s92c25mvose2v27p6mi967953i Query : select fieldkey,fieldname,fieldtype,calcformula from wstablefields where tablename = 'fi2' and documentnumber = 39
20241111@140920.8550 s92c25mvose2v27p6mi967953i Query : insert into wsfi2data (fi2stamp,ftstamp ,ousrdata, ousrhora, usrdata,usrhora,ousrinis,usrinis) values ('aut673213963067321010d0','aut67321232816732101074' ,getdate(),convert(char(8),convert (time,getdate())),getdate(),convert(char(8),convert (time,getdate())),'wsv','wsv')
20241111@140920.8555 s92c25mvose2v27p6mi967953i Query : select 1 valor from information_schema.tables where table_type='base table' and table_name='wstablefields'
20241111@140920.8569 s92c25mvose2v27p6mi967953i Query : select fieldkey,fieldname,fieldtype,calcformula from wstablefields where tablename = 'fi' and documentnumber = 39
20241111@140920.8598 s92c25mvose2v27p6mi967953i Query : insert into wsfidata (fistamp,ousrdata, ousrhora, usrdata,usrhora,ousrinis,usrinis ,qtt ,ftstamp ,epv,pvmoeda ,tabiva,iva,lordem ,ref, design ,lote,armazem,bistamp ) values ('aut673213963067321010d0',getdate(),convert(char(8),convert (time,getdate())),getdate(),convert(char(8),convert (time,getdate())),'wsv','wsv',8.000 ,'aut67321232816732101074' ,0,0 ,2,23.00,50000,?,?,?,?,?)
20241111@140920.8881 s92c25mvose2v27p6mi967953i Query : select 1 valor from information_schema.tables where table_type='base table' and table_name='wstablefields'
20241111@140920.8922 s92c25mvose2v27p6mi967953i Query : select fieldkey,fieldname,fieldtype,mandatory from wstablefields where tablename = 'fi' and documentnumber = 39
20241111@140920.8949 s92c25mvose2v27p6mi967953i Query : select 1 valor from information_schema.tables where table_type='base table' and table_name='wstablefields'
20241111@140920.8963 s92c25mvose2v27p6mi967953i Query : select fieldkey,fieldname,fieldtype,mandatory from wstablefields where tablename = 'fi2' and documentnumber = 39
20241111@140920.8971 s92c25mvose2v27p6mi967953i Query : select top 1 convert(numeric(6,2),t.taxa) valor from taxasiva t where t.codigo='2'
20241111@140920.8983 s92c25mvose2v27p6mi967953i Query : select 1 valor from information_schema.tables where table_type='base table' and table_name='wstablefields'
20241111@140920.8999 s92c25mvose2v27p6mi967953i Query : select fieldkey,fieldname,fieldtype,calcformula from wstablefields where tablename = 'fi2' and documentnumber = 39
20241111@140920.9010 s92c25mvose2v27p6mi967953i Query : insert into wsfi2data (fi2stamp,ftstamp ,ousrdata, ousrhora, usrdata,usrhora,ousrinis,usrinis) values ('aut673215464067321010db','aut67321232816732101074' ,getdate(),convert(char(8),convert (time,getdate())),getdate(),convert(char(8),convert (time,getdate())),'wsv','wsv')
20241111@140920.9014 s92c25mvose2v27p6mi967953i Query : select 1 valor from information_schema.tables where table_type='base table' and table_name='wstablefields'
20241111@140920.9032 s92c25mvose2v27p6mi967953i Query : select fieldkey,fieldname,fieldtype,calcformula from wstablefields where tablename = 'fi' and documentnumber = 39
20241111@140920.9058 s92c25mvose2v27p6mi967953i Query : insert into wsfidata (fistamp,ousrdata, ousrhora, usrdata,usrhora,ousrinis,usrinis ,qtt ,ftstamp ,epv,pvmoeda ,tabiva,iva,lordem ,ref, design ,armazem) values ('aut673215464067321010db',getdate(),convert(char(8),convert (time,getdate())),getdate(),convert(char(8),convert (time,getdate())),'wsv','wsv',0 ,'aut67321232816732101074' ,0,0 ,2,23.00,60000,?,?,?)
20241111@140920.9339 s92c25mvose2v27p6mi967953i Query : use flama_phc
20241111@140920.9342 s92c25mvose2v27p6mi967953i Query : select st.usalote valor from st where st.ref = '324.4902.00.1'
20241111@140920.9365 s92c25mvose2v27p6mi967953i Query : select top 1 st.tabiva ,st.ivaincl ,st.stns ,st.uni2 ,st.familia ,isnull(tx.taxa, 0) txiva ,unidade ,usalote ,epcpond ,noserie ,conversao ,st.texteis from st left join taxasiva tx on st.tabiva = tx.codigo where st.ref = '324.4902.00.1'
20241111@140920.9381 s92c25mvose2v27p6mi967953i Query : select 1 valor from information_schema.tables where table_type='base table' and table_name='wstablefields'
20241111@140920.9399 s92c25mvose2v27p6mi967953i Query : select fieldkey,fieldname,fieldtype,mandatory from wstablefields where tablename = 'fi' and documentnumber = 39
20241111@140920.9428 s92c25mvose2v27p6mi967953i Query : select 1 valor from information_schema.tables where table_type='base table' and table_name='wstablefields'
20241111@140920.9442 s92c25mvose2v27p6mi967953i Query : select fieldkey,fieldname,fieldtype,mandatory from wstablefields where tablename = 'fi2' and documentnumber = 39
20241111@140920.9451 s92c25mvose2v27p6mi967953i Query : select top 1 convert(numeric(6,2),t.taxa) valor from taxasiva t where t.codigo='2'
20241111@140920.9463 s92c25mvose2v27p6mi967953i Query : select sestamp valor from se where ref ='324.4902.00.1' and lote = 'r2400145200a'
20241111@140920.9478 s92c25mvose2v27p6mi967953i Query : select 1 valor from information_schema.tables where table_type='base table' and table_name='wstablefields'
20241111@140920.9492 s92c25mvose2v27p6mi967953i Query : select fieldkey,fieldname,fieldtype,calcformula from wstablefields where tablename = 'fi2' and documentnumber = 39
20241111@140920.9505 s92c25mvose2v27p6mi967953i Query : insert into wsfi2data (fi2stamp,ftstamp ,ousrdata, ousrhora, usrdata,usrhora,ousrinis,usrinis) values ('aut673214239767321010e7','aut67321232816732101074' ,getdate(),convert(char(8),convert (time,getdate())),getdate(),convert(char(8),convert (time,getdate())),'wsv','wsv')
20241111@140920.9510 s92c25mvose2v27p6mi967953i Query : select 1 valor from information_schema.tables where table_type='base table' and table_name='wstablefields'
20241111@140920.9524 s92c25mvose2v27p6mi967953i Query : select fieldkey,fieldname,fieldtype,calcformula from wstablefields where tablename = 'fi' and documentnumber = 39
20241111@140920.9552 s92c25mvose2v27p6mi967953i Query : insert into wsfidata (fistamp,ousrdata, ousrhora, usrdata,usrhora,ousrinis,usrinis ,qtt ,ftstamp ,epv,pvmoeda ,tabiva,iva,lordem ,ref, design ,lote,armazem,bistamp ) values ('aut673214239767321010e7',getdate(),convert(char(8),convert (time,getdate())),getdate(),convert(char(8),convert (time,getdate())),'wsv','wsv',8.000 ,'aut67321232816732101074' ,0,0 ,2,23.00,80000,?,?,?,?,?)
20241111@140920.9830 s92c25mvose2v27p6mi967953i Query : select 1 valor from information_schema.tables where table_type='base table' and table_name='wstablefields'
20241111@140920.9847 s92c25mvose2v27p6mi967953i Query : select fieldkey,fieldname,fieldtype,mandatory from wstablefields where tablename = 'fi' and documentnumber = 39
20241111@140920.9875 s92c25mvose2v27p6mi967953i Query : select 1 valor from information_schema.tables where table_type='base table' and table_name='wstablefields'
20241111@140920.9890 s92c25mvose2v27p6mi967953i Query : select fieldkey,fieldname,fieldtype,mandatory from wstablefields where tablename = 'fi2' and documentnumber = 39
20241111@140920.9898 s92c25mvose2v27p6mi967953i Query : select top 1 convert(numeric(6,2),t.taxa) valor from taxasiva t where t.codigo='2'
20241111@140920.9910 s92c25mvose2v27p6mi967953i Query : select 1 valor from information_schema.tables where table_type='base table' and table_name='wstablefields'
20241111@140920.9924 s92c25mvose2v27p6mi967953i Query : select fieldkey,fieldname,fieldtype,calcformula from wstablefields where tablename = 'fi2' and documentnumber = 39
20241111@140920.9935 s92c25mvose2v27p6mi967953i Query : insert into wsfi2data (fi2stamp,ftstamp ,ousrdata, ousrhora, usrdata,usrhora,ousrinis,usrinis) values ('aut673210239967321010f1','aut67321232816732101074' ,getdate(),convert(char(8),convert (time,getdate())),getdate(),convert(char(8),convert (time,getdate())),'wsv','wsv')
20241111@140920.9940 s92c25mvose2v27p6mi967953i Query : select 1 valor from information_schema.tables where table_type='base table' and table_name='wstablefields'
20241111@140920.9954 s92c25mvose2v27p6mi967953i Query : select fieldkey,fieldname,fieldtype,calcformula from wstablefields where tablename = 'fi' and documentnumber = 39
20241111@140920.9984 s92c25mvose2v27p6mi967953i Query : insert into wsfidata (fistamp,ousrdata, ousrhora, usrdata,usrhora,ousrinis,usrinis ,qtt ,ftstamp ,epv,pvmoeda ,tabiva,iva,lordem ,ref, design ,armazem) values ('aut673210239967321010f1',getdate(),convert(char(8),convert (time,getdate())),getdate(),convert(char(8),convert (time,getdate())),'wsv','wsv',0 ,'aut67321232816732101074' ,0,0 ,2,23.00,90000,?,?,?)
20241111@140921.2530 s92c25mvose2v27p6mi967953i Query : use flama_phc
20241111@140921.2570 s92c25mvose2v27p6mi967953i Query : select st.usalote valor from st where st.ref = '324.4960.00.1'
20241111@140921.2750 s92c25mvose2v27p6mi967953i Query : select top 1 st.tabiva ,st.ivaincl ,st.stns ,st.uni2 ,st.familia ,isnull(tx.taxa, 0) txiva ,unidade ,usalote ,epcpond ,noserie ,conversao ,st.texteis from st left join taxasiva tx on st.tabiva = tx.codigo where st.ref = '324.4960.00.1'
20241111@140921.2870 s92c25mvose2v27p6mi967953i Query : select 1 valor from information_schema.tables where table_type='base table' and table_name='wstablefields'
20241111@140921.3030 s92c25mvose2v27p6mi967953i Query : select fieldkey,fieldname,fieldtype,mandatory from wstablefields where tablename = 'fi' and documentnumber = 39
20241111@140921.3280 s92c25mvose2v27p6mi967953i Query : select 1 valor from information_schema.tables where table_type='base table' and table_name='wstablefields'
20241111@140921.3430 s92c25mvose2v27p6mi967953i Query : select fieldkey,fieldname,fieldtype,mandatory from wstablefields where tablename = 'fi2' and documentnumber = 39
20241111@140921.3510 s92c25mvose2v27p6mi967953i Query : select top 1 convert(numeric(6,2),t.taxa) valor from taxasiva t where t.codigo='2'
20241111@140921.3630 s92c25mvose2v27p6mi967953i Query : select sestamp valor from se where ref ='324.4960.00.1' and lote = 'r2100754100a'
20241111@140921.3750 s92c25mvose2v27p6mi967953i Query : select 1 valor from information_schema.tables where table_type='base table' and table_name='wstablefields'
20241111@140921.3900 s92c25mvose2v27p6mi967953i Query : select fieldkey,fieldname,fieldtype,calcformula from wstablefields where tablename = 'fi2' and documentnumber = 39
20241111@140921.4020 s92c25mvose2v27p6mi967953i Query : insert into wsfi2data (fi2stamp,ftstamp ,ousrdata, ousrhora, usrdata,usrhora,ousrinis,usrinis) values ('aut67321710466732101109','aut67321232816732101074' ,getdate(),convert(char(8),convert (time,getdate())),getdate(),convert(char(8),convert (time,getdate())),'wsv','wsv')
20241111@140921.4060 s92c25mvose2v27p6mi967953i Query : select 1 valor from information_schema.tables where table_type='base table' and table_name='wstablefields'
20241111@140921.4210 s92c25mvose2v27p6mi967953i Query : select fieldkey,fieldname,fieldtype,calcformula from wstablefields where tablename = 'fi' and documentnumber = 39
20241111@140921.4490 s92c25mvose2v27p6mi967953i Query : insert into wsfidata (fistamp,ousrdata, ousrhora, usrdata,usrhora,ousrinis,usrinis ,qtt ,ftstamp ,epv,pvmoeda ,tabiva,iva,lordem ,ref, design ,lote,armazem,bistamp ) values ('aut67321710466732101109',getdate(),convert(char(8),convert (time,getdate())),getdate(),convert(char(8),convert (time,getdate())),'wsv','wsv',12.000 ,'aut67321232816732101074' ,0,0 ,2,23.00,110000,?,?,?,?,?)
20241111@140921.7210 s92c25mvose2v27p6mi967953i Query : insert into wsftcreationlog (initialftstamp,externalid,creationstatus,documenttypeid,idustamp) values ('aut67321232816732101074','2407395','wait',39,'adm09112754980.682000002')
20241111@140921.8020 s92c25mvose2v27p6mi967953i Query : use flama_phc
20241111@140921.8050 s92c25mvose2v27p6mi967953i Query : update u_wsusers set rqsttoken =? where userid ='userls001'
20241111@140921.8350 s92c25mvose2v27p6mi967953i Query : select concat(rtrim(relative_path),ltrim(name_new)) as valor from uploadfiles where uploadfile_id='3219';
20241111@140921.8730 s92c25mvose2v27p6mi967953i Query : update uploadfiles set whenupdated=current_timestamp where uploadfile_id='3219';
20241111@140921.9230 s92c25mvose2v27p6mi967953i Query : select concat(rtrim(relative_path),ltrim(name_new)) as valor from uploadfiles where uploadfile_id='3219';
20241111@140921.9630 s92c25mvose2v27p6mi967953i Query : update uploadfiles set whenupdated=current_timestamp where uploadfile_id='3219';
20241111@140921.1466 gr57n167dpmufl47bgabcrv6ig Query : insert into uploadfiles ( name_original, name_new, option_type, relative_path, whencreated ) values ( ?, ?, ?, ?, getdate() )
20241111@140921.1477 gr57n167dpmufl47bgabcrv6ig Query : select uploadfile_id valor from uploadfiles where name_new = ? and option_type = ? 
20241111@140921.1542 gr57n167dpmufl47bgabcrv6ig Query : select concat(rtrim(relative_path),ltrim(name_new)) as valor from uploadfiles where uploadfile_id='3220';
20241111@140921.1604 gr57n167dpmufl47bgabcrv6ig Query : update uploadfiles set whenupdated=current_timestamp where uploadfile_id='3220';
20241111@140921.1666 gr57n167dpmufl47bgabcrv6ig Query : select concat(rtrim(relative_path),ltrim(name_new)) as valor from uploadfiles where uploadfile_id='3220';
20241111@140921.1701 gr57n167dpmufl47bgabcrv6ig Query : update uploadfiles set whenupdated=current_timestamp where uploadfile_id='3220';
20241111@140921.1807 gr57n167dpmufl47bgabcrv6ig Query : use flama_phc
20241111@140921.1849 gr57n167dpmufl47bgabcrv6ig Query : select top 1 secretkey valor from u_wsusers u where u.userid = ? and u.inactivo=0
20241111@140921.1924 gr57n167dpmufl47bgabcrv6ig Query : use flama_phc
20241111@140921.1928 gr57n167dpmufl47bgabcrv6ig Query : select no, estab,szadrsdesc from szadrs where u_coddest=8748
20241111@140921.1982 gr57n167dpmufl47bgabcrv6ig Query : select top 1 isnull(design,'') valor from st (nolock) left join stobs (nolock) on st.ref = stobs.ref where st.ref = '324.1417.00.1'
20241111@140921.2159 gr57n167dpmufl47bgabcrv6ig Query : select top 1 bistamp valor from bi inner join bo on bo.bostamp=bi.bostamp where bo.ndos =240 and bo.boano =2074 and bo.obrano = 2407400 and bi.ref ='324.1417.00.1' and bi.lordem =1
20241111@140921.2496 gr57n167dpmufl47bgabcrv6ig Query : select top 1 isnull(design,'') valor from st (nolock) left join stobs (nolock) on st.ref = stobs.ref where st.ref = '324.1417.00.1'
20241111@140921.2528 gr57n167dpmufl47bgabcrv6ig Query : select top 1 bistamp valor from bi inner join bo on bo.bostamp=bi.bostamp where bo.ndos =240 and bo.boano =2074 and bo.obrano = 2407400 and bi.ref ='324.1417.00.1' and bi.lordem =1
20241111@140921.2568 gr57n167dpmufl47bgabcrv6ig Query : select top 1 isnull(design,'') valor from st (nolock) left join stobs (nolock) on st.ref = stobs.ref where st.ref = '324.4990.00.1'
20241111@140921.2757 gr57n167dpmufl47bgabcrv6ig Query : select top 1 bistamp valor from bi inner join bo on bo.bostamp=bi.bostamp where bo.ndos =240 and bo.boano =2074 and bo.obrano = 2407400 and bi.ref ='324.4990.00.1' and bi.lordem =2
20241111@140921.3099 gr57n167dpmufl47bgabcrv6ig Query : select top 1 isnull(design,'') valor from st (nolock) left join stobs (nolock) on st.ref = stobs.ref where st.ref = '324.4990.00.1'
20241111@140921.3133 gr57n167dpmufl47bgabcrv6ig Query : select top 1 bistamp valor from bi inner join bo on bo.bostamp=bi.bostamp where bo.ndos =240 and bo.boano =2074 and bo.obrano = 2407400 and bi.ref ='324.4990.00.1' and bi.lordem =2
20241111@140921.3161 gr57n167dpmufl47bgabcrv6ig Query : select top 1 isnull(design,'') valor from st (nolock) left join stobs (nolock) on st.ref = stobs.ref where st.ref = '324.4990.00.1'
20241111@140921.3196 gr57n167dpmufl47bgabcrv6ig Query : select top 1 bistamp valor from bi inner join bo on bo.bostamp=bi.bostamp where bo.ndos =240 and bo.boano =2074 and bo.obrano = 2407400 and bi.ref ='324.4990.00.1' and bi.lordem =2
20241111@140921.3228 gr57n167dpmufl47bgabcrv6ig Query : select top 1 isnull(design,'') valor from st (nolock) left join stobs (nolock) on st.ref = stobs.ref where st.ref = '324.4961.00.1'
20241111@140921.3407 gr57n167dpmufl47bgabcrv6ig Query : select top 1 bistamp valor from bi inner join bo on bo.bostamp=bi.bostamp where bo.ndos =240 and bo.boano =2074 and bo.obrano = 2407400 and bi.ref ='324.4961.00.1' and bi.lordem =3
20241111@140921.3730 gr57n167dpmufl47bgabcrv6ig Query : select top 1 isnull(design,'') valor from st (nolock) left join stobs (nolock) on st.ref = stobs.ref where st.ref = '324.4961.00.1'
20241111@140921.3752 gr57n167dpmufl47bgabcrv6ig Query : select top 1 bistamp valor from bi inner join bo on bo.bostamp=bi.bostamp where bo.ndos =240 and bo.boano =2074 and bo.obrano = 2407400 and bi.ref ='324.4961.00.1' and bi.lordem =3
20241111@140921.3774 gr57n167dpmufl47bgabcrv6ig Query : select top 1 isnull(design,'') valor from st (nolock) left join stobs (nolock) on st.ref = stobs.ref where st.ref = '324.4963.00.1'
20241111@140921.3987 gr57n167dpmufl47bgabcrv6ig Query : select top 1 bistamp valor from bi inner join bo on bo.bostamp=bi.bostamp where bo.ndos =240 and bo.boano =2074 and bo.obrano = 2407400 and bi.ref ='324.4963.00.1' and bi.lordem =4
20241111@140921.4410 gr57n167dpmufl47bgabcrv6ig Query : select top 1 isnull(design,'') valor from st (nolock) left join stobs (nolock) on st.ref = stobs.ref where st.ref = '324.4963.00.1'
20241111@140921.4435 gr57n167dpmufl47bgabcrv6ig Query : select top 1 bistamp valor from bi inner join bo on bo.bostamp=bi.bostamp where bo.ndos =240 and bo.boano =2074 and bo.obrano = 2407400 and bi.ref ='324.4963.00.1' and bi.lordem =4
20241111@140921.4453 gr57n167dpmufl47bgabcrv6ig Query : select top 1 isnull(design,'') valor from st (nolock) left join stobs (nolock) on st.ref = stobs.ref where st.ref = '324.4964.00.1'
20241111@140921.4613 gr57n167dpmufl47bgabcrv6ig Query : select top 1 bistamp valor from bi inner join bo on bo.bostamp=bi.bostamp where bo.ndos =240 and bo.boano =2074 and bo.obrano = 2407400 and bi.ref ='324.4964.00.1' and bi.lordem =5
20241111@140921.4940 gr57n167dpmufl47bgabcrv6ig Query : select top 1 isnull(design,'') valor from st (nolock) left join stobs (nolock) on st.ref = stobs.ref where st.ref = '324.727.00.01'
20241111@140921.5144 gr57n167dpmufl47bgabcrv6ig Query : select top 1 bistamp valor from bi inner join bo on bo.bostamp=bi.bostamp where bo.ndos =240 and bo.boano =2074 and bo.obrano = 2407400 and bi.ref ='324.727.00.01' and bi.lordem =6
20241111@140921.5495 gr57n167dpmufl47bgabcrv6ig Query : select top 1 isnull(design,'') valor from st (nolock) left join stobs (nolock) on st.ref = stobs.ref where st.ref = '324.727.00.01'
20241111@140921.5520 gr57n167dpmufl47bgabcrv6ig Query : select top 1 bistamp valor from bi inner join bo on bo.bostamp=bi.bostamp where bo.ndos =240 and bo.boano =2074 and bo.obrano = 2407400 and bi.ref ='324.727.00.01' and bi.lordem =6
20241111@140921.5544 gr57n167dpmufl47bgabcrv6ig Query : select top 1 isnull(design,'') valor from st (nolock) left join stobs (nolock) on st.ref = stobs.ref where st.ref = '324.698.00.01'
20241111@140921.5721 gr57n167dpmufl47bgabcrv6ig Query : select top 1 bistamp valor from bi inner join bo on bo.bostamp=bi.bostamp where bo.ndos =240 and bo.boano =2074 and bo.obrano = 2407400 and bi.ref ='324.698.00.01' and bi.lordem =7
20241111@140921.6066 gr57n167dpmufl47bgabcrv6ig Query : select top 1 isnull(design,'') valor from st (nolock) left join stobs (nolock) on st.ref = stobs.ref where st.ref = '324.698.00.01'
20241111@140921.6087 gr57n167dpmufl47bgabcrv6ig Query : select top 1 bistamp valor from bi inner join bo on bo.bostamp=bi.bostamp where bo.ndos =240 and bo.boano =2074 and bo.obrano = 2407400 and bi.ref ='324.698.00.01' and bi.lordem =7
20241111@140921.6104 gr57n167dpmufl47bgabcrv6ig Query : select top 1 isnull(design,'') valor from st (nolock) left join stobs (nolock) on st.ref = stobs.ref where st.ref = '324.698.00.01'
20241111@140921.6123 gr57n167dpmufl47bgabcrv6ig Query : select top 1 bistamp valor from bi inner join bo on bo.bostamp=bi.bostamp where bo.ndos =240 and bo.boano =2074 and bo.obrano = 2407400 and bi.ref ='324.698.00.01' and bi.lordem =7
20241111@140921.6142 gr57n167dpmufl47bgabcrv6ig Query : select top 1 isnull(design,'') valor from st (nolock) left join stobs (nolock) on st.ref = stobs.ref where st.ref = '324.698.00.01'
20241111@140921.6160 gr57n167dpmufl47bgabcrv6ig Query : select top 1 bistamp valor from bi inner join bo on bo.bostamp=bi.bostamp where bo.ndos =240 and bo.boano =2074 and bo.obrano = 2407400 and bi.ref ='324.698.00.01' and bi.lordem =7
20241111@140921.6176 gr57n167dpmufl47bgabcrv6ig Query : select top 1 isnull(design,'') valor from st (nolock) left join stobs (nolock) on st.ref = stobs.ref where st.ref = '324.698.00.01'
20241111@140921.6197 gr57n167dpmufl47bgabcrv6ig Query : select top 1 bistamp valor from bi inner join bo on bo.bostamp=bi.bostamp where bo.ndos =240 and bo.boano =2074 and bo.obrano = 2407400 and bi.ref ='324.698.00.01' and bi.lordem =7
20241111@140921.6213 gr57n167dpmufl47bgabcrv6ig Query : select top 1 isnull(design,'') valor from st (nolock) left join stobs (nolock) on st.ref = stobs.ref where st.ref = '324.698.00.01'
20241111@140921.6234 gr57n167dpmufl47bgabcrv6ig Query : select top 1 bistamp valor from bi inner join bo on bo.bostamp=bi.bostamp where bo.ndos =240 and bo.boano =2074 and bo.obrano = 2407400 and bi.ref ='324.698.00.01' and bi.lordem =7
20241111@140921.6253 gr57n167dpmufl47bgabcrv6ig Query : select top 1 isnull(design,'') valor from st (nolock) left join stobs (nolock) on st.ref = stobs.ref where st.ref = '324.698.00.01'
20241111@140921.6273 gr57n167dpmufl47bgabcrv6ig Query : select top 1 bistamp valor from bi inner join bo on bo.bostamp=bi.bostamp where bo.ndos =240 and bo.boano =2074 and bo.obrano = 2407400 and bi.ref ='324.698.00.01' and bi.lordem =7
20241111@140921.6290 gr57n167dpmufl47bgabcrv6ig Query : select top 1 isnull(design,'') valor from st (nolock) left join stobs (nolock) on st.ref = stobs.ref where st.ref = '324.698.00.01'
20241111@140921.6314 gr57n167dpmufl47bgabcrv6ig Query : select top 1 bistamp valor from bi inner join bo on bo.bostamp=bi.bostamp where bo.ndos =240 and bo.boano =2074 and bo.obrano = 2407400 and bi.ref ='324.698.00.01' and bi.lordem =7
20241111@140921.6336 gr57n167dpmufl47bgabcrv6ig Query : select top 1 isnull(design,'') valor from st (nolock) left join stobs (nolock) on st.ref = stobs.ref where st.ref = '324.698.00.01'
20241111@140921.6360 gr57n167dpmufl47bgabcrv6ig Query : select top 1 bistamp valor from bi inner join bo on bo.bostamp=bi.bostamp where bo.ndos =240 and bo.boano =2074 and bo.obrano = 2407400 and bi.ref ='324.698.00.01' and bi.lordem =7
20241111@140921.6377 gr57n167dpmufl47bgabcrv6ig Query : select top 1 isnull(design,'') valor from st (nolock) left join stobs (nolock) on st.ref = stobs.ref where st.ref = '324.698.00.01'
20241111@140921.6399 gr57n167dpmufl47bgabcrv6ig Query : select top 1 bistamp valor from bi inner join bo on bo.bostamp=bi.bostamp where bo.ndos =240 and bo.boano =2074 and bo.obrano = 2407400 and bi.ref ='324.698.00.01' and bi.lordem =7
20241111@140921.6416 gr57n167dpmufl47bgabcrv6ig Query : use flama_phc
20241111@140921.6419 gr57n167dpmufl47bgabcrv6ig Query : select top 1 convert(date,fdata) valor from ft where ndoc = 39 and anulado= 0 and fno>0 order by fdata desc
20241111@140921.6454 gr57n167dpmufl47bgabcrv6ig Query : use flama_phc
20241111@140921.6457 gr57n167dpmufl47bgabcrv6ig Query : select top 1 1 valor from td where td.ndoc = 39
20241111@140921.6489 gr57n167dpmufl47bgabcrv6ig Query : use flama_phc
20241111@140921.6491 gr57n167dpmufl47bgabcrv6ig Query : select lower(descricao) descricao ,case when valor='s' then 1 else 0 end valor from para1 where descricao in ('st_lote','st_usalogifunc', 'st_grelha')
20241111@140921.6524 gr57n167dpmufl47bgabcrv6ig Query : select top 1 manternumero ,assinadoc issigned ,tiposaft ,assinaimp ,nmdos ,td.assinadoc ,'cl' origin ,lancasl stocks ,case when cmsl<50 and td.lancasl=1 then 1 else 0 end entrada ,case when cmsl>50 and td.lancasl=1 then 1 else 0 end saida ,temserie assets ,~semgre usegridfields from td inner join td2 on td.tdstamp=td2.td2stamp where td.ndoc = 1
20241111@140921.6559 gr57n167dpmufl47bgabcrv6ig Query : use flama_phc
20241111@140921.6562 gr57n167dpmufl47bgabcrv6ig Query : select top 1 ~inactivo valor from cl where no = '102253' and estab = 0 order by inactivo desc
20241111@140921.6591 gr57n167dpmufl47bgabcrv6ig Query : use flama_phc
20241111@140921.6594 gr57n167dpmufl47bgabcrv6ig Query : select top 1 tipodoc,regrd from td where ndoc = 39
20241111@140921.6626 gr57n167dpmufl47bgabcrv6ig Query : use flama_phc
20241111@140921.6629 gr57n167dpmufl47bgabcrv6ig Query : select szadrsstamp valor from szadrs where szadrsdesc='espaÇotrans,lda'
20241111@140921.6669 gr57n167dpmufl47bgabcrv6ig Query : use flama_phc
20241111@140921.6672 gr57n167dpmufl47bgabcrv6ig Query : select szadrsstamp valor from szadrs where szadrsdesc='fnac - entrega'
20241111@140921.6717 gr57n167dpmufl47bgabcrv6ig Query : use flama_phc
20241111@140921.6720 gr57n167dpmufl47bgabcrv6ig Query : select 1 valor from td where ndoc = 39
20241111@140921.6732 gr57n167dpmufl47bgabcrv6ig Query : select top 1 manternumero, tiposaft, nmdos,td.assinadoc from td where td.ndoc = 39
20241111@140921.6747 gr57n167dpmufl47bgabcrv6ig Query : select 1 valor from information_schema.tables where table_type='base table' and table_name='wstablefields'
20241111@140921.6762 gr57n167dpmufl47bgabcrv6ig Query : select fieldkey,fieldname,fieldtype,mandatory from wstablefields where tablename = 'ft' and documentnumber = 39
20241111@140921.6785 gr57n167dpmufl47bgabcrv6ig Query : select 1 valor from information_schema.tables where table_type='base table' and table_name='wstablefields'
20241111@140921.6800 gr57n167dpmufl47bgabcrv6ig Query : select fieldkey,fieldname,fieldtype,mandatory from wstablefields where tablename = 'ft2' and documentnumber = 39
20241111@140921.6830 gr57n167dpmufl47bgabcrv6ig Query : select 1 valor from information_schema.tables where table_type='base table' and table_name='wstablefields'
20241111@140921.6969 gr57n167dpmufl47bgabcrv6ig Query : select fieldkey,fieldname,fieldtype,mandatory from wstablefields where tablename = 'ft3' and documentnumber = 39
20241111@140921.6987 gr57n167dpmufl47bgabcrv6ig Query : select top 1 ft.fno valor from ft ft where ft.ndoc = 39 and ftano=2024 order by fno desc
20241111@140921.7051 gr57n167dpmufl47bgabcrv6ig Query : select top 1 ft.fno valor from wsftdata ft where ft.ndoc = 39 and ftano=2024 order by fno desc
20241111@140921.7065 gr57n167dpmufl47bgabcrv6ig Query : select 1 valor from information_schema.tables where table_type='base table' and table_name='wstablefields'
20241111@140921.7094 gr57n167dpmufl47bgabcrv6ig Query : select fieldkey,fieldname,fieldtype,calcformula from wstablefields where tablename = 'ft3' and documentnumber = 39
20241111@140921.7112 gr57n167dpmufl47bgabcrv6ig Query : insert into wsft3data (ft3stamp, ousrdata, ousrhora, usrdata,usrhora,ousrinis,usrinis,taxpointdt ) values ('aut673216856967321011aa' ,getdate(),convert(char(8),convert (time,getdate())),getdate(),convert(char(8),convert (time,getdate())),'wsv','wsv',?)
20241111@140921.7312 gr57n167dpmufl47bgabcrv6ig Query : select 1 valor from information_schema.tables where table_type='base table' and table_name='wstablefields'
20241111@140921.7339 gr57n167dpmufl47bgabcrv6ig Query : select fieldkey,fieldname,fieldtype,calcformula from wstablefields where tablename = 'ft2' and documentnumber = 39
20241111@140921.7376 gr57n167dpmufl47bgabcrv6ig Query : select top 1 bo.u_nomeenv valor from bo where bo.bostamp=''
20241111@140921.7388 gr57n167dpmufl47bgabcrv6ig Query : select top 1 bo.u_moradaen valor from bo where bo.bostamp=''
20241111@140921.7401 gr57n167dpmufl47bgabcrv6ig Query : select top 1 bo.u_codposen valor from bo where bo.bostamp=''
20241111@140921.7413 gr57n167dpmufl47bgabcrv6ig Query : select top 1 bo.u_localenv valor from bo where bo.bostamp=''
20241111@140921.7424 gr57n167dpmufl47bgabcrv6ig Query : select top 1 bo.trab5 valor from bo where bo.bostamp=''
20241111@140921.7438 gr57n167dpmufl47bgabcrv6ig Query : select top 1 bo.serie valor from bo where bo.bostamp=''
20241111@140921.7449 gr57n167dpmufl47bgabcrv6ig Query : insert into wsft2data (ft2stamp, ousrdata,ousrhora, usrdata,usrhora,ousrinis,usrinis,u_nomeenv ,u_moradaen ,u_codposen ,u_localenv ,u_coddest ,u_codby ) values ('aut673216856967321011aa',getdate(),convert(char(8),convert (time,getdate())),getdate(),convert(char(8),convert (time,getdate())),'wsv','wsv',?,?,?,?,?,?)
20241111@140921.7716 gr57n167dpmufl47bgabcrv6ig Query : select top 1 fno valor from wsftdata order by fno desc
20241111@140921.7745 gr57n167dpmufl47bgabcrv6ig Query : select 1 valor from information_schema.tables where table_type='base table' and table_name='wstablefields'
20241111@140921.7764 gr57n167dpmufl47bgabcrv6ig Query : select fieldkey,fieldname,fieldtype,calcformula from wstablefields where tablename = 'ft' and documentnumber = 39
20241111@140921.7803 gr57n167dpmufl47bgabcrv6ig Query : select 'normal' from dummy
20241111@140921.7819 gr57n167dpmufl47bgabcrv6ig Query : insert into wsftdata (ftstamp, ousrdata,ousrhora, usrdata,usrhora,ousrinis,usrinis,fno,no,estab,fdata,ndoc,moeda,cambio,cambiofixo,ftano,site ,classe ) values ('aut673216856967321011aa',getdate(),convert(char(8),convert (time,getdate())),getdate(),convert(char(8),convert (time,getdate())),'wsv','wsv',1781,102253,0,'2024-11-11',39,'euro',0,0,2024 ,?,?)
20241111@140921.8162 gr57n167dpmufl47bgabcrv6ig Query : use flama_phc
20241111@140921.8165 gr57n167dpmufl47bgabcrv6ig Query : select st.usalote valor from st where st.ref = '324.1417.00.1'
20241111@140921.8200 gr57n167dpmufl47bgabcrv6ig Query : select top 1 st.tabiva ,st.ivaincl ,st.stns ,st.uni2 ,st.familia ,isnull(tx.taxa, 0) txiva ,unidade ,usalote ,epcpond ,noserie ,conversao ,st.texteis from st left join taxasiva tx on st.tabiva = tx.codigo where st.ref = '324.1417.00.1'
20241111@140921.8368 gr57n167dpmufl47bgabcrv6ig Query : select 1 valor from information_schema.tables where table_type='base table' and table_name='wstablefields'
20241111@140921.8388 gr57n167dpmufl47bgabcrv6ig Query : select fieldkey,fieldname,fieldtype,mandatory from wstablefields where tablename = 'fi' and documentnumber = 39
20241111@140921.8414 gr57n167dpmufl47bgabcrv6ig Query : select 1 valor from information_schema.tables where table_type='base table' and table_name='wstablefields'
20241111@140921.8432 gr57n167dpmufl47bgabcrv6ig Query : select fieldkey,fieldname,fieldtype,mandatory from wstablefields where tablename = 'fi2' and documentnumber = 39
20241111@140921.8441 gr57n167dpmufl47bgabcrv6ig Query : select top 1 convert(numeric(6,2),t.taxa) valor from taxasiva t where t.codigo='2'
20241111@140921.8454 gr57n167dpmufl47bgabcrv6ig Query : select sestamp valor from se where ref ='324.1417.00.1' and lote = 'r2101088200a'
20241111@140921.8480 gr57n167dpmufl47bgabcrv6ig Query : select 1 valor from information_schema.tables where table_type='base table' and table_name='wstablefields'
20241111@140921.8496 gr57n167dpmufl47bgabcrv6ig Query : select fieldkey,fieldname,fieldtype,calcformula from wstablefields where tablename = 'fi2' and documentnumber = 39
20241111@140921.8512 gr57n167dpmufl47bgabcrv6ig Query : insert into wsfi2data (fi2stamp,ftstamp ,ousrdata, ousrhora, usrdata,usrhora,ousrinis,usrinis) values ('aut673212009967321011cf','aut673216856967321011aa' ,getdate(),convert(char(8),convert (time,getdate())),getdate(),convert(char(8),convert (time,getdate())),'wsv','wsv')
20241111@140921.8517 gr57n167dpmufl47bgabcrv6ig Query : select 1 valor from information_schema.tables where table_type='base table' and table_name='wstablefields'
20241111@140921.8533 gr57n167dpmufl47bgabcrv6ig Query : select fieldkey,fieldname,fieldtype,calcformula from wstablefields where tablename = 'fi' and documentnumber = 39
20241111@140921.8562 gr57n167dpmufl47bgabcrv6ig Query : insert into wsfidata (fistamp,ousrdata, ousrhora, usrdata,usrhora,ousrinis,usrinis ,qtt ,ftstamp ,epv,pvmoeda ,tabiva,iva,lordem ,ref, design ,lote,armazem,bistamp ) values ('aut673212009967321011cf',getdate(),convert(char(8),convert (time,getdate())),getdate(),convert(char(8),convert (time,getdate())),'wsv','wsv',12.000 ,'aut673216856967321011aa' ,0,0 ,2,23.00,10000,?,?,?,?,?)
20241111@140921.8853 gr57n167dpmufl47bgabcrv6ig Query : select 1 valor from information_schema.tables where table_type='base table' and table_name='wstablefields'
20241111@140921.8869 gr57n167dpmufl47bgabcrv6ig Query : select fieldkey,fieldname,fieldtype,mandatory from wstablefields where tablename = 'fi' and documentnumber = 39
20241111@140921.8897 gr57n167dpmufl47bgabcrv6ig Query : select 1 valor from information_schema.tables where table_type='base table' and table_name='wstablefields'
20241111@140921.8914 gr57n167dpmufl47bgabcrv6ig Query : select fieldkey,fieldname,fieldtype,mandatory from wstablefields where tablename = 'fi2' and documentnumber = 39
20241111@140921.8922 gr57n167dpmufl47bgabcrv6ig Query : select top 1 convert(numeric(6,2),t.taxa) valor from taxasiva t where t.codigo='2'
20241111@140921.8935 gr57n167dpmufl47bgabcrv6ig Query : select 1 valor from information_schema.tables where table_type='base table' and table_name='wstablefields'
20241111@140921.8953 gr57n167dpmufl47bgabcrv6ig Query : select fieldkey,fieldname,fieldtype,calcformula from wstablefields where tablename = 'fi2' and documentnumber = 39
20241111@140921.8964 gr57n167dpmufl47bgabcrv6ig Query : insert into wsfi2data (fi2stamp,ftstamp ,ousrdata, ousrhora, usrdata,usrhora,ousrinis,usrinis) values ('aut673211129367321011da','aut673216856967321011aa' ,getdate(),convert(char(8),convert (time,getdate())),getdate(),convert(char(8),convert (time,getdate())),'wsv','wsv')
20241111@140921.8968 gr57n167dpmufl47bgabcrv6ig Query : select 1 valor from information_schema.tables where table_type='base table' and table_name='wstablefields'
20241111@140921.8983 gr57n167dpmufl47bgabcrv6ig Query : select fieldkey,fieldname,fieldtype,calcformula from wstablefields where tablename = 'fi' and documentnumber = 39
20241111@140921.9011 gr57n167dpmufl47bgabcrv6ig Query : insert into wsfidata (fistamp,ousrdata, ousrhora, usrdata,usrhora,ousrinis,usrinis ,qtt ,ftstamp ,epv,pvmoeda ,tabiva,iva,lordem ,ref, design ,armazem) values ('aut673211129367321011da',getdate(),convert(char(8),convert (time,getdate())),getdate(),convert(char(8),convert (time,getdate())),'wsv','wsv',0 ,'aut673216856967321011aa' ,0,0 ,2,23.00,20000,?,?,?)
20241111@140921.9292 gr57n167dpmufl47bgabcrv6ig Query : use flama_phc
20241111@140921.9296 gr57n167dpmufl47bgabcrv6ig Query : select st.usalote valor from st where st.ref = '324.1417.00.1'
20241111@140921.9314 gr57n167dpmufl47bgabcrv6ig Query : select top 1 st.tabiva ,st.ivaincl ,st.stns ,st.uni2 ,st.familia ,isnull(tx.taxa, 0) txiva ,unidade ,usalote ,epcpond ,noserie ,conversao ,st.texteis from st left join taxasiva tx on st.tabiva = tx.codigo where st.ref = '324.1417.00.1'
20241111@140921.9328 gr57n167dpmufl47bgabcrv6ig Query : select 1 valor from information_schema.tables where table_type='base table' and table_name='wstablefields'
20241111@140921.9344 gr57n167dpmufl47bgabcrv6ig Query : select fieldkey,fieldname,fieldtype,mandatory from wstablefields where tablename = 'fi' and documentnumber = 39
20241111@140921.9370 gr57n167dpmufl47bgabcrv6ig Query : select 1 valor from information_schema.tables where table_type='base table' and table_name='wstablefields'
20241111@140921.9385 gr57n167dpmufl47bgabcrv6ig Query : select fieldkey,fieldname,fieldtype,mandatory from wstablefields where tablename = 'fi2' and documentnumber = 39
20241111@140921.9394 gr57n167dpmufl47bgabcrv6ig Query : select top 1 convert(numeric(6,2),t.taxa) valor from taxasiva t where t.codigo='2'
20241111@140921.9408 gr57n167dpmufl47bgabcrv6ig Query : select sestamp valor from se where ref ='324.1417.00.1' and lote = 'r2101088200a'
20241111@140921.9421 gr57n167dpmufl47bgabcrv6ig Query : select 1 valor from information_schema.tables where table_type='base table' and table_name='wstablefields'
20241111@140921.9438 gr57n167dpmufl47bgabcrv6ig Query : select fieldkey,fieldname,fieldtype,calcformula from wstablefields where tablename = 'fi2' and documentnumber = 39
20241111@140921.9449 gr57n167dpmufl47bgabcrv6ig Query : insert into wsfi2data (fi2stamp,ftstamp ,ousrdata, ousrhora, usrdata,usrhora,ousrinis,usrinis) values ('aut673219721167321011e6','aut673216856967321011aa' ,getdate(),convert(char(8),convert (time,getdate())),getdate(),convert(char(8),convert (time,getdate())),'wsv','wsv')
20241111@140921.9453 gr57n167dpmufl47bgabcrv6ig Query : select 1 valor from information_schema.tables where table_type='base table' and table_name='wstablefields'
20241111@140921.9467 gr57n167dpmufl47bgabcrv6ig Query : select fieldkey,fieldname,fieldtype,calcformula from wstablefields where tablename = 'fi' and documentnumber = 39
20241111@140921.9499 gr57n167dpmufl47bgabcrv6ig Query : insert into wsfidata (fistamp,ousrdata, ousrhora, usrdata,usrhora,ousrinis,usrinis ,qtt ,ftstamp ,epv,pvmoeda ,tabiva,iva,lordem ,ref, design ,lote,armazem,bistamp ) values ('aut673219721167321011e6',getdate(),convert(char(8),convert (time,getdate())),getdate(),convert(char(8),convert (time,getdate())),'wsv','wsv',60.000 ,'aut673216856967321011aa' ,0,0 ,2,23.00,40000,?,?,?,?,?)
20241111@140921.9782 gr57n167dpmufl47bgabcrv6ig Query : select 1 valor from information_schema.tables where table_type='base table' and table_name='wstablefields'
20241111@140921.9798 gr57n167dpmufl47bgabcrv6ig Query : select fieldkey,fieldname,fieldtype,mandatory from wstablefields where tablename = 'fi' and documentnumber = 39
20241111@140921.9824 gr57n167dpmufl47bgabcrv6ig Query : select 1 valor from information_schema.tables where table_type='base table' and table_name='wstablefields'
20241111@140921.9838 gr57n167dpmufl47bgabcrv6ig Query : select fieldkey,fieldname,fieldtype,mandatory from wstablefields where tablename = 'fi2' and documentnumber = 39
20241111@140921.9845 gr57n167dpmufl47bgabcrv6ig Query : select top 1 convert(numeric(6,2),t.taxa) valor from taxasiva t where t.codigo='2'
20241111@140921.9857 gr57n167dpmufl47bgabcrv6ig Query : select 1 valor from information_schema.tables where table_type='base table' and table_name='wstablefields'
20241111@140921.9870 gr57n167dpmufl47bgabcrv6ig Query : select fieldkey,fieldname,fieldtype,calcformula from wstablefields where tablename = 'fi2' and documentnumber = 39
20241111@140921.9881 gr57n167dpmufl47bgabcrv6ig Query : insert into wsfi2data (fi2stamp,ftstamp ,ousrdata, ousrhora, usrdata,usrhora,ousrinis,usrinis) values ('aut673211422867321011f0','aut673216856967321011aa' ,getdate(),convert(char(8),convert (time,getdate())),getdate(),convert(char(8),convert (time,getdate())),'wsv','wsv')
20241111@140921.9885 gr57n167dpmufl47bgabcrv6ig Query : select 1 valor from information_schema.tables where table_type='base table' and table_name='wstablefields'
20241111@140921.9898 gr57n167dpmufl47bgabcrv6ig Query : select fieldkey,fieldname,fieldtype,calcformula from wstablefields where tablename = 'fi' and documentnumber = 39
20241111@140921.9924 gr57n167dpmufl47bgabcrv6ig Query : insert into wsfidata (fistamp,ousrdata, ousrhora, usrdata,usrhora,ousrinis,usrinis ,qtt ,ftstamp ,epv,pvmoeda ,tabiva,iva,lordem ,ref, design ,armazem) values ('aut673211422867321011f0',getdate(),convert(char(8),convert (time,getdate())),getdate(),convert(char(8),convert (time,getdate())),'wsv','wsv',0 ,'aut673216856967321011aa' ,0,0 ,2,23.00,50000,?,?,?)
20241111@140922.2020 gr57n167dpmufl47bgabcrv6ig Query : use flama_phc
20241111@140922.2050 gr57n167dpmufl47bgabcrv6ig Query : select st.usalote valor from st where st.ref = '324.4990.00.1'
20241111@140922.2250 gr57n167dpmufl47bgabcrv6ig Query : select top 1 st.tabiva ,st.ivaincl ,st.stns ,st.uni2 ,st.familia ,isnull(tx.taxa, 0) txiva ,unidade ,usalote ,epcpond ,noserie ,conversao ,st.texteis from st left join taxasiva tx on st.tabiva = tx.codigo where st.ref = '324.4990.00.1'
20241111@140922.3810 gr57n167dpmufl47bgabcrv6ig Query : select 1 valor from information_schema.tables where table_type='base table' and table_name='wstablefields'
20241111@140922.3970 gr57n167dpmufl47bgabcrv6ig Query : select fieldkey,fieldname,fieldtype,mandatory from wstablefields where tablename = 'fi' and documentnumber = 39
20241111@140922.4230 gr57n167dpmufl47bgabcrv6ig Query : select 1 valor from information_schema.tables where table_type='base table' and table_name='wstablefields'
20241111@140922.4370 gr57n167dpmufl47bgabcrv6ig Query : select fieldkey,fieldname,fieldtype,mandatory from wstablefields where tablename = 'fi2' and documentnumber = 39
20241111@140922.4460 gr57n167dpmufl47bgabcrv6ig Query : select top 1 convert(numeric(6,2),t.taxa) valor from taxasiva t where t.codigo='2'
20241111@140922.4570 gr57n167dpmufl47bgabcrv6ig Query : select sestamp valor from se where ref ='324.4990.00.1' and lote = 'r2100189200a'
20241111@140922.4830 gr57n167dpmufl47bgabcrv6ig Query : select 1 valor from information_schema.tables where table_type='base table' and table_name='wstablefields'
20241111@140922.5020 gr57n167dpmufl47bgabcrv6ig Query : select fieldkey,fieldname,fieldtype,calcformula from wstablefields where tablename = 'fi2' and documentnumber = 39
20241111@140922.5130 gr57n167dpmufl47bgabcrv6ig Query : insert into wsfi2data (fi2stamp,ftstamp ,ousrdata, ousrhora, usrdata,usrhora,ousrinis,usrinis) values ('aut6732183887673210120b','aut673216856967321011aa' ,getdate(),convert(char(8),convert (time,getdate())),getdate(),convert(char(8),convert (time,getdate())),'wsv','wsv')
20241111@140922.5180 gr57n167dpmufl47bgabcrv6ig Query : select 1 valor from information_schema.tables where table_type='base table' and table_name='wstablefields'
20241111@140922.5320 gr57n167dpmufl47bgabcrv6ig Query : select fieldkey,fieldname,fieldtype,calcformula from wstablefields where tablename = 'fi' and documentnumber = 39
20241111@140922.5600 gr57n167dpmufl47bgabcrv6ig Query : insert into wsfidata (fistamp,ousrdata, ousrhora, usrdata,usrhora,ousrinis,usrinis ,qtt ,ftstamp ,epv,pvmoeda ,tabiva,iva,lordem ,ref, design ,lote,armazem,bistamp ) values ('aut6732183887673210120b',getdate(),convert(char(8),convert (time,getdate())),getdate(),convert(char(8),convert (time,getdate())),'wsv','wsv',2.000 ,'aut673216856967321011aa' ,0,0 ,2,23.00,70000,?,?,?,?,?)
20241111@140922.8350 gr57n167dpmufl47bgabcrv6ig Query : use flama_phc
20241111@140922.8380 gr57n167dpmufl47bgabcrv6ig Query : select st.usalote valor from st where st.ref = '324.4990.00.1'
20241111@140922.8570 gr57n167dpmufl47bgabcrv6ig Query : select top 1 st.tabiva ,st.ivaincl ,st.stns ,st.uni2 ,st.familia ,isnull(tx.taxa, 0) txiva ,unidade ,usalote ,epcpond ,noserie ,conversao ,st.texteis from st left join taxasiva tx on st.tabiva = tx.codigo where st.ref = '324.4990.00.1'
20241111@140922.8700 gr57n167dpmufl47bgabcrv6ig Query : select 1 valor from information_schema.tables where table_type='base table' and table_name='wstablefields'
20241111@140922.8850 gr57n167dpmufl47bgabcrv6ig Query : select fieldkey,fieldname,fieldtype,mandatory from wstablefields where tablename = 'fi' and documentnumber = 39
20241111@140922.9100 gr57n167dpmufl47bgabcrv6ig Query : select 1 valor from information_schema.tables where table_type='base table' and table_name='wstablefields'
20241111@140922.9240 gr57n167dpmufl47bgabcrv6ig Query : select fieldkey,fieldname,fieldtype,mandatory from wstablefields where tablename = 'fi2' and documentnumber = 39
20241111@140922.9320 gr57n167dpmufl47bgabcrv6ig Query : select top 1 convert(numeric(6,2),t.taxa) valor from taxasiva t where t.codigo='2'
20241111@140922.9430 gr57n167dpmufl47bgabcrv6ig Query : select sestamp valor from se where ref ='324.4990.00.1' and lote = 'r2100189200a'
20241111@140922.9550 gr57n167dpmufl47bgabcrv6ig Query : select 1 valor from information_schema.tables where table_type='base table' and table_name='wstablefields'
20241111@140922.9690 gr57n167dpmufl47bgabcrv6ig Query : select fieldkey,fieldname,fieldtype,calcformula from wstablefields where tablename = 'fi2' and documentnumber = 39
20241111@140922.9810 gr57n167dpmufl47bgabcrv6ig Query : insert into wsfi2data (fi2stamp,ftstamp ,ousrdata, ousrhora, usrdata,usrhora,ousrinis,usrinis) values ('aut67321396646732101217','aut673216856967321011aa' ,getdate(),convert(char(8),convert (time,getdate())),getdate(),convert(char(8),convert (time,getdate())),'wsv','wsv')
20241111@140922.9850 gr57n167dpmufl47bgabcrv6ig Query : select 1 valor from information_schema.tables where table_type='base table' and table_name='wstablefields'
20241111@140922.9990 gr57n167dpmufl47bgabcrv6ig Query : select fieldkey,fieldname,fieldtype,calcformula from wstablefields where tablename = 'fi' and documentnumber = 39
20241111@140922.1026 gr57n167dpmufl47bgabcrv6ig Query : insert into wsfidata (fistamp,ousrdata, ousrhora, usrdata,usrhora,ousrinis,usrinis ,qtt ,ftstamp ,epv,pvmoeda ,tabiva,iva,lordem ,ref, design ,lote,armazem,bistamp ) values ('aut67321396646732101217',getdate(),convert(char(8),convert (time,getdate())),getdate(),convert(char(8),convert (time,getdate())),'wsv','wsv',60.000 ,'aut673216856967321011aa' ,0,0 ,2,23.00,80000,?,?,?,?,?)
20241111@140922.1328 gr57n167dpmufl47bgabcrv6ig Query : use flama_phc
20241111@140922.1332 gr57n167dpmufl47bgabcrv6ig Query : select st.usalote valor from st where st.ref = '324.4990.00.1'
20241111@140922.1403 gr57n167dpmufl47bgabcrv6ig Query : select top 1 st.tabiva ,st.ivaincl ,st.stns ,st.uni2 ,st.familia ,isnull(tx.taxa, 0) txiva ,unidade ,usalote ,epcpond ,noserie ,conversao ,st.texteis from st left join taxasiva tx on st.tabiva = tx.codigo where st.ref = '324.4990.00.1'
20241111@140922.1417 gr57n167dpmufl47bgabcrv6ig Query : select 1 valor from information_schema.tables where table_type='base table' and table_name='wstablefields'
20241111@140922.1435 gr57n167dpmufl47bgabcrv6ig Query : select fieldkey,fieldname,fieldtype,mandatory from wstablefields where tablename = 'fi' and documentnumber = 39
20241111@140922.1620 gr57n167dpmufl47bgabcrv6ig Query : select 1 valor from information_schema.tables where table_type='base table' and table_name='wstablefields'
20241111@140922.1645 gr57n167dpmufl47bgabcrv6ig Query : select fieldkey,fieldname,fieldtype,mandatory from wstablefields where tablename = 'fi2' and documentnumber = 39
20241111@140922.1654 gr57n167dpmufl47bgabcrv6ig Query : select top 1 convert(numeric(6,2),t.taxa) valor from taxasiva t where t.codigo='2'
20241111@140922.1666 gr57n167dpmufl47bgabcrv6ig Query : select sestamp valor from se where ref ='324.4990.00.1' and lote = 'r2100189200a'
20241111@140922.1680 gr57n167dpmufl47bgabcrv6ig Query : select 1 valor from information_schema.tables where table_type='base table' and table_name='wstablefields'
20241111@140922.1694 gr57n167dpmufl47bgabcrv6ig Query : select fieldkey,fieldname,fieldtype,calcformula from wstablefields where tablename = 'fi2' and documentnumber = 39
20241111@140922.1705 gr57n167dpmufl47bgabcrv6ig Query : insert into wsfi2data (fi2stamp,ftstamp ,ousrdata, ousrhora, usrdata,usrhora,ousrinis,usrinis) values ('aut67321083856732101229','aut673216856967321011aa' ,getdate(),convert(char(8),convert (time,getdate())),getdate(),convert(char(8),convert (time,getdate())),'wsv','wsv')
20241111@140922.1710 gr57n167dpmufl47bgabcrv6ig Query : select 1 valor from information_schema.tables where table_type='base table' and table_name='wstablefields'
20241111@140922.1724 gr57n167dpmufl47bgabcrv6ig Query : select fieldkey,fieldname,fieldtype,calcformula from wstablefields where tablename = 'fi' and documentnumber = 39
20241111@140922.1750 gr57n167dpmufl47bgabcrv6ig Query : insert into wsfidata (fistamp,ousrdata, ousrhora, usrdata,usrhora,ousrinis,usrinis ,qtt ,ftstamp ,epv,pvmoeda ,tabiva,iva,lordem ,ref, design ,lote,armazem,bistamp ) values ('aut67321083856732101229',getdate(),convert(char(8),convert (time,getdate())),getdate(),convert(char(8),convert (time,getdate())),'wsv','wsv',88.000 ,'aut673216856967321011aa' ,0,0 ,2,23.00,90000,?,?,?,?,?)
20241111@140922.2079 gr57n167dpmufl47bgabcrv6ig Query : use flama_phc
20241111@140922.2084 gr57n167dpmufl47bgabcrv6ig Query : select st.usalote valor from st where st.ref = '324.4961.00.1'
20241111@140922.2105 gr57n167dpmufl47bgabcrv6ig Query : select top 1 st.tabiva ,st.ivaincl ,st.stns ,st.uni2 ,st.familia ,isnull(tx.taxa, 0) txiva ,unidade ,usalote ,epcpond ,noserie ,conversao ,st.texteis from st left join taxasiva tx on st.tabiva = tx.codigo where st.ref = '324.4961.00.1'
20241111@140922.2263 gr57n167dpmufl47bgabcrv6ig Query : select 1 valor from information_schema.tables where table_type='base table' and table_name='wstablefields'
20241111@140922.2279 gr57n167dpmufl47bgabcrv6ig Query : select fieldkey,fieldname,fieldtype,mandatory from wstablefields where tablename = 'fi' and documentnumber = 39
20241111@140922.2306 gr57n167dpmufl47bgabcrv6ig Query : select 1 valor from information_schema.tables where table_type='base table' and table_name='wstablefields'
20241111@140922.2320 gr57n167dpmufl47bgabcrv6ig Query : select fieldkey,fieldname,fieldtype,mandatory from wstablefields where tablename = 'fi2' and documentnumber = 39
20241111@140922.2330 gr57n167dpmufl47bgabcrv6ig Query : select top 1 convert(numeric(6,2),t.taxa) valor from taxasiva t where t.codigo='2'
20241111@140922.2342 gr57n167dpmufl47bgabcrv6ig Query : select sestamp valor from se where ref ='324.4961.00.1' and lote = 'r2101092200a'
20241111@140922.2364 gr57n167dpmufl47bgabcrv6ig Query : select 1 valor from information_schema.tables where table_type='base table' and table_name='wstablefields'
20241111@140922.2382 gr57n167dpmufl47bgabcrv6ig Query : select fieldkey,fieldname,fieldtype,calcformula from wstablefields where tablename = 'fi2' and documentnumber = 39
20241111@140922.2396 gr57n167dpmufl47bgabcrv6ig Query : insert into wsfi2data (fi2stamp,ftstamp ,ousrdata, ousrhora, usrdata,usrhora,ousrinis,usrinis) values ('aut67321847416732101239','aut673216856967321011aa' ,getdate(),convert(char(8),convert (time,getdate())),getdate(),convert(char(8),convert (time,getdate())),'wsv','wsv')
20241111@140922.2400 gr57n167dpmufl47bgabcrv6ig Query : select 1 valor from information_schema.tables where table_type='base table' and table_name='wstablefields'
20241111@140922.2414 gr57n167dpmufl47bgabcrv6ig Query : select fieldkey,fieldname,fieldtype,calcformula from wstablefields where tablename = 'fi' and documentnumber = 39
20241111@140922.2443 gr57n167dpmufl47bgabcrv6ig Query : insert into wsfidata (fistamp,ousrdata, ousrhora, usrdata,usrhora,ousrinis,usrinis ,qtt ,ftstamp ,epv,pvmoeda ,tabiva,iva,lordem ,ref, design ,lote,armazem,bistamp ) values ('aut67321847416732101239',getdate(),convert(char(8),convert (time,getdate())),getdate(),convert(char(8),convert (time,getdate())),'wsv','wsv',16.000 ,'aut673216856967321011aa' ,0,0 ,2,23.00,100000,?,?,?,?,?)
20241111@140922.2725 gr57n167dpmufl47bgabcrv6ig Query : use flama_phc
20241111@140922.2728 gr57n167dpmufl47bgabcrv6ig Query : select st.usalote valor from st where st.ref = '324.4961.00.1'
20241111@140922.2749 gr57n167dpmufl47bgabcrv6ig Query : select top 1 st.tabiva ,st.ivaincl ,st.stns ,st.uni2 ,st.familia ,isnull(tx.taxa, 0) txiva ,unidade ,usalote ,epcpond ,noserie ,conversao ,st.texteis from st left join taxasiva tx on st.tabiva = tx.codigo where st.ref = '324.4961.00.1'
20241111@140922.2763 gr57n167dpmufl47bgabcrv6ig Query : select 1 valor from information_schema.tables where table_type='base table' and table_name='wstablefields'
20241111@140922.2784 gr57n167dpmufl47bgabcrv6ig Query : select fieldkey,fieldname,fieldtype,mandatory from wstablefields where tablename = 'fi' and documentnumber = 39
20241111@140922.2807 gr57n167dpmufl47bgabcrv6ig Query : select 1 valor from information_schema.tables where table_type='base table' and table_name='wstablefields'
20241111@140922.2820 gr57n167dpmufl47bgabcrv6ig Query : select fieldkey,fieldname,fieldtype,mandatory from wstablefields where tablename = 'fi2' and documentnumber = 39
20241111@140922.2829 gr57n167dpmufl47bgabcrv6ig Query : select top 1 convert(numeric(6,2),t.taxa) valor from taxasiva t where t.codigo='2'
20241111@140922.2840 gr57n167dpmufl47bgabcrv6ig Query : select sestamp valor from se where ref ='324.4961.00.1' and lote = 'r2101092200a'
20241111@140922.2854 gr57n167dpmufl47bgabcrv6ig Query : select 1 valor from information_schema.tables where table_type='base table' and table_name='wstablefields'
20241111@140922.2869 gr57n167dpmufl47bgabcrv6ig Query : select fieldkey,fieldname,fieldtype,calcformula from wstablefields where tablename = 'fi2' and documentnumber = 39
20241111@140922.2881 gr57n167dpmufl47bgabcrv6ig Query : insert into wsfi2data (fi2stamp,ftstamp ,ousrdata, ousrhora, usrdata,usrhora,ousrinis,usrinis) values ('aut67321345626732101245','aut673216856967321011aa' ,getdate(),convert(char(8),convert (time,getdate())),getdate(),convert(char(8),convert (time,getdate())),'wsv','wsv')
20241111@140922.2885 gr57n167dpmufl47bgabcrv6ig Query : select 1 valor from information_schema.tables where table_type='base table' and table_name='wstablefields'
20241111@140922.2900 gr57n167dpmufl47bgabcrv6ig Query : select fieldkey,fieldname,fieldtype,calcformula from wstablefields where tablename = 'fi' and documentnumber = 39
20241111@140922.2926 gr57n167dpmufl47bgabcrv6ig Query : insert into wsfidata (fistamp,ousrdata, ousrhora, usrdata,usrhora,ousrinis,usrinis ,qtt ,ftstamp ,epv,pvmoeda ,tabiva,iva,lordem ,ref, design ,lote,armazem,bistamp ) values ('aut67321345626732101245',getdate(),convert(char(8),convert (time,getdate())),getdate(),convert(char(8),convert (time,getdate())),'wsv','wsv',24.000 ,'aut673216856967321011aa' ,0,0 ,2,23.00,110000,?,?,?,?,?)
20241111@140922.3211 gr57n167dpmufl47bgabcrv6ig Query : use flama_phc
20241111@140922.3215 gr57n167dpmufl47bgabcrv6ig Query : select st.usalote valor from st where st.ref = '324.4963.00.1'
20241111@140922.3242 gr57n167dpmufl47bgabcrv6ig Query : select top 1 st.tabiva ,st.ivaincl ,st.stns ,st.uni2 ,st.familia ,isnull(tx.taxa, 0) txiva ,unidade ,usalote ,epcpond ,noserie ,conversao ,st.texteis from st left join taxasiva tx on st.tabiva = tx.codigo where st.ref = '324.4963.00.1'
20241111@140922.3417 gr57n167dpmufl47bgabcrv6ig Query : select 1 valor from information_schema.tables where table_type='base table' and table_name='wstablefields'
20241111@140922.3436 gr57n167dpmufl47bgabcrv6ig Query : select fieldkey,fieldname,fieldtype,mandatory from wstablefields where tablename = 'fi' and documentnumber = 39
20241111@140922.3460 gr57n167dpmufl47bgabcrv6ig Query : select 1 valor from information_schema.tables where table_type='base table' and table_name='wstablefields'
20241111@140922.3478 gr57n167dpmufl47bgabcrv6ig Query : select fieldkey,fieldname,fieldtype,mandatory from wstablefields where tablename = 'fi2' and documentnumber = 39
20241111@140922.3486 gr57n167dpmufl47bgabcrv6ig Query : select top 1 convert(numeric(6,2),t.taxa) valor from taxasiva t where t.codigo='2'
20241111@140922.3498 gr57n167dpmufl47bgabcrv6ig Query : select sestamp valor from se where ref ='324.4963.00.1' and lote = 'r2300717200a'
20241111@140922.3519 gr57n167dpmufl47bgabcrv6ig Query : select 1 valor from information_schema.tables where table_type='base table' and table_name='wstablefields'
20241111@140922.3534 gr57n167dpmufl47bgabcrv6ig Query : select fieldkey,fieldname,fieldtype,calcformula from wstablefields where tablename = 'fi2' and documentnumber = 39
20241111@140922.3544 gr57n167dpmufl47bgabcrv6ig Query : insert into wsfi2data (fi2stamp,ftstamp ,ousrdata, ousrhora, usrdata,usrhora,ousrinis,usrinis) values ('aut67321631816732101255','aut673216856967321011aa' ,getdate(),convert(char(8),convert (time,getdate())),getdate(),convert(char(8),convert (time,getdate())),'wsv','wsv')
20241111@140922.3549 gr57n167dpmufl47bgabcrv6ig Query : select 1 valor from information_schema.tables where table_type='base table' and table_name='wstablefields'
20241111@140922.3562 gr57n167dpmufl47bgabcrv6ig Query : select fieldkey,fieldname,fieldtype,calcformula from wstablefields where tablename = 'fi' and documentnumber = 39
20241111@140922.3589 gr57n167dpmufl47bgabcrv6ig Query : insert into wsfidata (fistamp,ousrdata, ousrhora, usrdata,usrhora,ousrinis,usrinis ,qtt ,ftstamp ,epv,pvmoeda ,tabiva,iva,lordem ,ref, design ,lote,armazem,bistamp ) values ('aut67321631816732101255',getdate(),convert(char(8),convert (time,getdate())),getdate(),convert(char(8),convert (time,getdate())),'wsv','wsv',24.000 ,'aut673216856967321011aa' ,0,0 ,2,23.00,120000,?,?,?,?,?)
20241111@140922.3893 gr57n167dpmufl47bgabcrv6ig Query : use flama_phc
20241111@140922.3896 gr57n167dpmufl47bgabcrv6ig Query : select st.usalote valor from st where st.ref = '324.4963.00.1'
20241111@140922.3916 gr57n167dpmufl47bgabcrv6ig Query : select top 1 st.tabiva ,st.ivaincl ,st.stns ,st.uni2 ,st.familia ,isnull(tx.taxa, 0) txiva ,unidade ,usalote ,epcpond ,noserie ,conversao ,st.texteis from st left join taxasiva tx on st.tabiva = tx.codigo where st.ref = '324.4963.00.1'
20241111@140922.3930 gr57n167dpmufl47bgabcrv6ig Query : select 1 valor from information_schema.tables where table_type='base table' and table_name='wstablefields'
20241111@140922.3946 gr57n167dpmufl47bgabcrv6ig Query : select fieldkey,fieldname,fieldtype,mandatory from wstablefields where tablename = 'fi' and documentnumber = 39
20241111@140922.3976 gr57n167dpmufl47bgabcrv6ig Query : select 1 valor from information_schema.tables where table_type='base table' and table_name='wstablefields'
20241111@140922.3990 gr57n167dpmufl47bgabcrv6ig Query : select fieldkey,fieldname,fieldtype,mandatory from wstablefields where tablename = 'fi2' and documentnumber = 39
20241111@140922.3998 gr57n167dpmufl47bgabcrv6ig Query : select top 1 convert(numeric(6,2),t.taxa) valor from taxasiva t where t.codigo='2'
20241111@140922.4010 gr57n167dpmufl47bgabcrv6ig Query : select sestamp valor from se where ref ='324.4963.00.1' and lote = 'r2300717200a'
20241111@140922.4022 gr57n167dpmufl47bgabcrv6ig Query : select 1 valor from information_schema.tables where table_type='base table' and table_name='wstablefields'
20241111@140922.4037 gr57n167dpmufl47bgabcrv6ig Query : select fieldkey,fieldname,fieldtype,calcformula from wstablefields where tablename = 'fi2' and documentnumber = 39
20241111@140922.4048 gr57n167dpmufl47bgabcrv6ig Query : insert into wsfi2data (fi2stamp,ftstamp ,ousrdata, ousrhora, usrdata,usrhora,ousrinis,usrinis) values ('aut67321251816732101262','aut673216856967321011aa' ,getdate(),convert(char(8),convert (time,getdate())),getdate(),convert(char(8),convert (time,getdate())),'wsv','wsv')
20241111@140922.4052 gr57n167dpmufl47bgabcrv6ig Query : select 1 valor from information_schema.tables where table_type='base table' and table_name='wstablefields'
20241111@140922.4071 gr57n167dpmufl47bgabcrv6ig Query : select fieldkey,fieldname,fieldtype,calcformula from wstablefields where tablename = 'fi' and documentnumber = 39
20241111@140922.4098 gr57n167dpmufl47bgabcrv6ig Query : insert into wsfidata (fistamp,ousrdata, ousrhora, usrdata,usrhora,ousrinis,usrinis ,qtt ,ftstamp ,epv,pvmoeda ,tabiva,iva,lordem ,ref, design ,lote,armazem,bistamp ) values ('aut67321251816732101262',getdate(),convert(char(8),convert (time,getdate())),getdate(),convert(char(8),convert (time,getdate())),'wsv','wsv',16.000 ,'aut673216856967321011aa' ,0,0 ,2,23.00,130000,?,?,?,?,?)
20241111@140922.4381 gr57n167dpmufl47bgabcrv6ig Query : use flama_phc
20241111@140922.4384 gr57n167dpmufl47bgabcrv6ig Query : select st.usalote valor from st where st.ref = '324.4964.00.1'
20241111@140922.4405 gr57n167dpmufl47bgabcrv6ig Query : select top 1 st.tabiva ,st.ivaincl ,st.stns ,st.uni2 ,st.familia ,isnull(tx.taxa, 0) txiva ,unidade ,usalote ,epcpond ,noserie ,conversao ,st.texteis from st left join taxasiva tx on st.tabiva = tx.codigo where st.ref = '324.4964.00.1'
20241111@140922.4574 gr57n167dpmufl47bgabcrv6ig Query : select 1 valor from information_schema.tables where table_type='base table' and table_name='wstablefields'
20241111@140922.4590 gr57n167dpmufl47bgabcrv6ig Query : select fieldkey,fieldname,fieldtype,mandatory from wstablefields where tablename = 'fi' and documentnumber = 39
20241111@140922.4620 gr57n167dpmufl47bgabcrv6ig Query : select 1 valor from information_schema.tables where table_type='base table' and table_name='wstablefields'
20241111@140922.4636 gr57n167dpmufl47bgabcrv6ig Query : select fieldkey,fieldname,fieldtype,mandatory from wstablefields where tablename = 'fi2' and documentnumber = 39
20241111@140922.4644 gr57n167dpmufl47bgabcrv6ig Query : select top 1 convert(numeric(6,2),t.taxa) valor from taxasiva t where t.codigo='2'
20241111@140922.4656 gr57n167dpmufl47bgabcrv6ig Query : select sestamp valor from se where ref ='324.4964.00.1' and lote = 'r2300717100a'
20241111@140922.4670 gr57n167dpmufl47bgabcrv6ig Query : select 1 valor from information_schema.tables where table_type='base table' and table_name='wstablefields'
20241111@140922.4684 gr57n167dpmufl47bgabcrv6ig Query : select fieldkey,fieldname,fieldtype,calcformula from wstablefields where tablename = 'fi2' and documentnumber = 39
20241111@140922.4696 gr57n167dpmufl47bgabcrv6ig Query : insert into wsfi2data (fi2stamp,ftstamp ,ousrdata, ousrhora, usrdata,usrhora,ousrinis,usrinis) values ('aut67321346936732101272','aut673216856967321011aa' ,getdate(),convert(char(8),convert (time,getdate())),getdate(),convert(char(8),convert (time,getdate())),'wsv','wsv')
20241111@140922.4700 gr57n167dpmufl47bgabcrv6ig Query : select 1 valor from information_schema.tables where table_type='base table' and table_name='wstablefields'
20241111@140922.4718 gr57n167dpmufl47bgabcrv6ig Query : select fieldkey,fieldname,fieldtype,calcformula from wstablefields where tablename = 'fi' and documentnumber = 39
20241111@140922.4746 gr57n167dpmufl47bgabcrv6ig Query : insert into wsfidata (fistamp,ousrdata, ousrhora, usrdata,usrhora,ousrinis,usrinis ,qtt ,ftstamp ,epv,pvmoeda ,tabiva,iva,lordem ,ref, design ,lote,armazem,bistamp ) values ('aut67321346936732101272',getdate(),convert(char(8),convert (time,getdate())),getdate(),convert(char(8),convert (time,getdate())),'wsv','wsv',40.000 ,'aut673216856967321011aa' ,0,0 ,2,23.00,140000,?,?,?,?,?)
20241111@140922.5031 gr57n167dpmufl47bgabcrv6ig Query : use flama_phc
20241111@140922.5036 gr57n167dpmufl47bgabcrv6ig Query : select st.usalote valor from st where st.ref = '324.727.00.01'
20241111@140922.5063 gr57n167dpmufl47bgabcrv6ig Query : select top 1 st.tabiva ,st.ivaincl ,st.stns ,st.uni2 ,st.familia ,isnull(tx.taxa, 0) txiva ,unidade ,usalote ,epcpond ,noserie ,conversao ,st.texteis from st left join taxasiva tx on st.tabiva = tx.codigo where st.ref = '324.727.00.01'
20241111@140922.5237 gr57n167dpmufl47bgabcrv6ig Query : select 1 valor from information_schema.tables where table_type='base table' and table_name='wstablefields'
20241111@140922.5253 gr57n167dpmufl47bgabcrv6ig Query : select fieldkey,fieldname,fieldtype,mandatory from wstablefields where tablename = 'fi' and documentnumber = 39
20241111@140922.5282 gr57n167dpmufl47bgabcrv6ig Query : select 1 valor from information_schema.tables where table_type='base table' and table_name='wstablefields'
20241111@140922.5297 gr57n167dpmufl47bgabcrv6ig Query : select fieldkey,fieldname,fieldtype,mandatory from wstablefields where tablename = 'fi2' and documentnumber = 39
20241111@140922.5305 gr57n167dpmufl47bgabcrv6ig Query : select top 1 convert(numeric(6,2),t.taxa) valor from taxasiva t where t.codigo='2'
20241111@140922.5316 gr57n167dpmufl47bgabcrv6ig Query : select sestamp valor from se where ref ='324.727.00.01' and lote = 'r2301222100a'
20241111@140922.5341 gr57n167dpmufl47bgabcrv6ig Query : select 1 valor from information_schema.tables where table_type='base table' and table_name='wstablefields'
20241111@140922.5358 gr57n167dpmufl47bgabcrv6ig Query : select fieldkey,fieldname,fieldtype,calcformula from wstablefields where tablename = 'fi2' and documentnumber = 39
20241111@140922.5374 gr57n167dpmufl47bgabcrv6ig Query : insert into wsfi2data (fi2stamp,ftstamp ,ousrdata, ousrhora, usrdata,usrhora,ousrinis,usrinis) values ('aut67321352266732101282','aut673216856967321011aa' ,getdate(),convert(char(8),convert (time,getdate())),getdate(),convert(char(8),convert (time,getdate())),'wsv','wsv')
20241111@140922.5380 gr57n167dpmufl47bgabcrv6ig Query : select 1 valor from information_schema.tables where table_type='base table' and table_name='wstablefields'
20241111@140922.5398 gr57n167dpmufl47bgabcrv6ig Query : select fieldkey,fieldname,fieldtype,calcformula from wstablefields where tablename = 'fi' and documentnumber = 39
20241111@140922.5435 gr57n167dpmufl47bgabcrv6ig Query : insert into wsfidata (fistamp,ousrdata, ousrhora, usrdata,usrhora,ousrinis,usrinis ,qtt ,ftstamp ,epv,pvmoeda ,tabiva,iva,lordem ,ref, design ,lote,armazem,bistamp ) values ('aut67321352266732101282',getdate(),convert(char(8),convert (time,getdate())),getdate(),convert(char(8),convert (time,getdate())),'wsv','wsv',8.000 ,'aut673216856967321011aa' ,0,0 ,2,23.00,150000,?,?,?,?,?)
20241111@140922.5876 gr57n167dpmufl47bgabcrv6ig Query : select 1 valor from information_schema.tables where table_type='base table' and table_name='wstablefields'
20241111@140922.5899 gr57n167dpmufl47bgabcrv6ig Query : select fieldkey,fieldname,fieldtype,mandatory from wstablefields where tablename = 'fi' and documentnumber = 39
20241111@140922.5924 gr57n167dpmufl47bgabcrv6ig Query : select 1 valor from information_schema.tables where table_type='base table' and table_name='wstablefields'
20241111@140922.5944 gr57n167dpmufl47bgabcrv6ig Query : select fieldkey,fieldname,fieldtype,mandatory from wstablefields where tablename = 'fi2' and documentnumber = 39
20241111@140922.5953 gr57n167dpmufl47bgabcrv6ig Query : select top 1 convert(numeric(6,2),t.taxa) valor from taxasiva t where t.codigo='2'
20241111@140922.5965 gr57n167dpmufl47bgabcrv6ig Query : select 1 valor from information_schema.tables where table_type='base table' and table_name='wstablefields'
20241111@140922.5981 gr57n167dpmufl47bgabcrv6ig Query : select fieldkey,fieldname,fieldtype,calcformula from wstablefields where tablename = 'fi2' and documentnumber = 39
20241111@140922.5993 gr57n167dpmufl47bgabcrv6ig Query : insert into wsfi2data (fi2stamp,ftstamp ,ousrdata, ousrhora, usrdata,usrhora,ousrinis,usrinis) values ('aut67321479136732101291','aut673216856967321011aa' ,getdate(),convert(char(8),convert (time,getdate())),getdate(),convert(char(8),convert (time,getdate())),'wsv','wsv')
20241111@140922.5998 gr57n167dpmufl47bgabcrv6ig Query : select 1 valor from information_schema.tables where table_type='base table' and table_name='wstablefields'
20241111@140922.6016 gr57n167dpmufl47bgabcrv6ig Query : select fieldkey,fieldname,fieldtype,calcformula from wstablefields where tablename = 'fi' and documentnumber = 39
20241111@140922.6046 gr57n167dpmufl47bgabcrv6ig Query : insert into wsfidata (fistamp,ousrdata, ousrhora, usrdata,usrhora,ousrinis,usrinis ,qtt ,ftstamp ,epv,pvmoeda ,tabiva,iva,lordem ,ref, design ,armazem) values ('aut67321479136732101291',getdate(),convert(char(8),convert (time,getdate())),getdate(),convert(char(8),convert (time,getdate())),'wsv','wsv',0 ,'aut673216856967321011aa' ,0,0 ,2,23.00,160000,?,?,?)
20241111@140922.6634 gr57n167dpmufl47bgabcrv6ig Query : use flama_phc
20241111@140922.6639 gr57n167dpmufl47bgabcrv6ig Query : select st.usalote valor from st where st.ref = '324.727.00.01'
20241111@140922.6710 gr57n167dpmufl47bgabcrv6ig Query : select top 1 st.tabiva ,st.ivaincl ,st.stns ,st.uni2 ,st.familia ,isnull(tx.taxa, 0) txiva ,unidade ,usalote ,epcpond ,noserie ,conversao ,st.texteis from st left join taxasiva tx on st.tabiva = tx.codigo where st.ref = '324.727.00.01'
20241111@140922.6740 gr57n167dpmufl47bgabcrv6ig Query : select 1 valor from information_schema.tables where table_type='base table' and table_name='wstablefields'
20241111@140922.6764 gr57n167dpmufl47bgabcrv6ig Query : select fieldkey,fieldname,fieldtype,mandatory from wstablefields where tablename = 'fi' and documentnumber = 39
20241111@140922.7096 gr57n167dpmufl47bgabcrv6ig Query : select 1 valor from information_schema.tables where table_type='base table' and table_name='wstablefields'
20241111@140922.7114 gr57n167dpmufl47bgabcrv6ig Query : select fieldkey,fieldname,fieldtype,mandatory from wstablefields where tablename = 'fi2' and documentnumber = 39
20241111@140922.7123 gr57n167dpmufl47bgabcrv6ig Query : select top 1 convert(numeric(6,2),t.taxa) valor from taxasiva t where t.codigo='2'
20241111@140922.7136 gr57n167dpmufl47bgabcrv6ig Query : select sestamp valor from se where ref ='324.727.00.01' and lote = 'r2301222100a'
20241111@140922.7149 gr57n167dpmufl47bgabcrv6ig Query : select 1 valor from information_schema.tables where table_type='base table' and table_name='wstablefields'
20241111@140922.7163 gr57n167dpmufl47bgabcrv6ig Query : select fieldkey,fieldname,fieldtype,calcformula from wstablefields where tablename = 'fi2' and documentnumber = 39
20241111@140922.7187 gr57n167dpmufl47bgabcrv6ig Query : insert into wsfi2data (fi2stamp,ftstamp ,ousrdata, ousrhora, usrdata,usrhora,ousrinis,usrinis) values ('aut673211780967321012ae','aut673216856967321011aa' ,getdate(),convert(char(8),convert (time,getdate())),getdate(),convert(char(8),convert (time,getdate())),'wsv','wsv')
20241111@140922.7192 gr57n167dpmufl47bgabcrv6ig Query : select 1 valor from information_schema.tables where table_type='base table' and table_name='wstablefields'
20241111@140922.7208 gr57n167dpmufl47bgabcrv6ig Query : select fieldkey,fieldname,fieldtype,calcformula from wstablefields where tablename = 'fi' and documentnumber = 39
20241111@140922.7635 gr57n167dpmufl47bgabcrv6ig Query : insert into wsfidata (fistamp,ousrdata, ousrhora, usrdata,usrhora,ousrinis,usrinis ,qtt ,ftstamp ,epv,pvmoeda ,tabiva,iva,lordem ,ref, design ,lote,armazem,bistamp ) values ('aut673211780967321012ae',getdate(),convert(char(8),convert (time,getdate())),getdate(),convert(char(8),convert (time,getdate())),'wsv','wsv',120.000 ,'aut673216856967321011aa' ,0,0 ,2,23.00,180000,?,?,?,?,?)
20241111@140922.8522 gr57n167dpmufl47bgabcrv6ig Query : select 1 valor from information_schema.tables where table_type='base table' and table_name='wstablefields'
20241111@140922.8558 gr57n167dpmufl47bgabcrv6ig Query : select fieldkey,fieldname,fieldtype,mandatory from wstablefields where tablename = 'fi' and documentnumber = 39
20241111@140922.8622 gr57n167dpmufl47bgabcrv6ig Query : select 1 valor from information_schema.tables where table_type='base table' and table_name='wstablefields'
20241111@140922.8640 gr57n167dpmufl47bgabcrv6ig Query : select fieldkey,fieldname,fieldtype,mandatory from wstablefields where tablename = 'fi2' and documentnumber = 39
20241111@140922.8649 gr57n167dpmufl47bgabcrv6ig Query : select top 1 convert(numeric(6,2),t.taxa) valor from taxasiva t where t.codigo='2'
20241111@140922.8662 gr57n167dpmufl47bgabcrv6ig Query : select 1 valor from information_schema.tables where table_type='base table' and table_name='wstablefields'
20241111@140922.8712 gr57n167dpmufl47bgabcrv6ig Query : select fieldkey,fieldname,fieldtype,calcformula from wstablefields where tablename = 'fi2' and documentnumber = 39
20241111@140922.8760 gr57n167dpmufl47bgabcrv6ig Query : insert into wsfi2data (fi2stamp,ftstamp ,ousrdata, ousrhora, usrdata,usrhora,ousrinis,usrinis) values ('aut673213491367321012d3','aut673216856967321011aa' ,getdate(),convert(char(8),convert (time,getdate())),getdate(),convert(char(8),convert (time,getdate())),'wsv','wsv')
20241111@140922.8765 gr57n167dpmufl47bgabcrv6ig Query : select 1 valor from information_schema.tables where table_type='base table' and table_name='wstablefields'
20241111@140922.8782 gr57n167dpmufl47bgabcrv6ig Query : select fieldkey,fieldname,fieldtype,calcformula from wstablefields where tablename = 'fi' and documentnumber = 39
20241111@140922.8809 gr57n167dpmufl47bgabcrv6ig Query : insert into wsfidata (fistamp,ousrdata, ousrhora, usrdata,usrhora,ousrinis,usrinis ,qtt ,ftstamp ,epv,pvmoeda ,tabiva,iva,lordem ,ref, design ,armazem) values ('aut673213491367321012d3',getdate(),convert(char(8),convert (time,getdate())),getdate(),convert(char(8),convert (time,getdate())),'wsv','wsv',0 ,'aut673216856967321011aa' ,0,0 ,2,23.00,190000,?,?,?)
20241111@140922.9095 gr57n167dpmufl47bgabcrv6ig Query : use flama_phc
20241111@140922.9099 gr57n167dpmufl47bgabcrv6ig Query : select st.usalote valor from st where st.ref = '324.698.00.01'
20241111@140922.9119 gr57n167dpmufl47bgabcrv6ig Query : select top 1 st.tabiva ,st.ivaincl ,st.stns ,st.uni2 ,st.familia ,isnull(tx.taxa, 0) txiva ,unidade ,usalote ,epcpond ,noserie ,conversao ,st.texteis from st left join taxasiva tx on st.tabiva = tx.codigo where st.ref = '324.698.00.01'
20241111@140922.9277 gr57n167dpmufl47bgabcrv6ig Query : select 1 valor from information_schema.tables where table_type='base table' and table_name='wstablefields'
20241111@140922.9396 gr57n167dpmufl47bgabcrv6ig Query : select fieldkey,fieldname,fieldtype,mandatory from wstablefields where tablename = 'fi' and documentnumber = 39
20241111@140922.9422 gr57n167dpmufl47bgabcrv6ig Query : select 1 valor from information_schema.tables where table_type='base table' and table_name='wstablefields'
20241111@140922.9439 gr57n167dpmufl47bgabcrv6ig Query : select fieldkey,fieldname,fieldtype,mandatory from wstablefields where tablename = 'fi2' and documentnumber = 39
20241111@140922.9448 gr57n167dpmufl47bgabcrv6ig Query : select top 1 convert(numeric(6,2),t.taxa) valor from taxasiva t where t.codigo='2'
20241111@140922.9459 gr57n167dpmufl47bgabcrv6ig Query : select sestamp valor from se where ref ='324.698.00.01' and lote = 'r2400061200a'
20241111@140922.9566 gr57n167dpmufl47bgabcrv6ig Query : select 1 valor from information_schema.tables where table_type='base table' and table_name='wstablefields'
20241111@140922.9583 gr57n167dpmufl47bgabcrv6ig Query : select fieldkey,fieldname,fieldtype,calcformula from wstablefields where tablename = 'fi2' and documentnumber = 39
20241111@140922.9613 gr57n167dpmufl47bgabcrv6ig Query : insert into wsfi2data (fi2stamp,ftstamp ,ousrdata, ousrhora, usrdata,usrhora,ousrinis,usrinis) values ('aut673214145767321012e9','aut673216856967321011aa' ,getdate(),convert(char(8),convert (time,getdate())),getdate(),convert(char(8),convert (time,getdate())),'wsv','wsv')
20241111@140922.9617 gr57n167dpmufl47bgabcrv6ig Query : select 1 valor from information_schema.tables where table_type='base table' and table_name='wstablefields'
20241111@140922.9633 gr57n167dpmufl47bgabcrv6ig Query : select fieldkey,fieldname,fieldtype,calcformula from wstablefields where tablename = 'fi' and documentnumber = 39
20241111@140922.9660 gr57n167dpmufl47bgabcrv6ig Query : insert into wsfidata (fistamp,ousrdata, ousrhora, usrdata,usrhora,ousrinis,usrinis ,qtt ,ftstamp ,epv,pvmoeda ,tabiva,iva,lordem ,ref, design ,lote,armazem,bistamp ) values ('aut673214145767321012e9',getdate(),convert(char(8),convert (time,getdate())),getdate(),convert(char(8),convert (time,getdate())),'wsv','wsv',8.000 ,'aut673216856967321011aa' ,0,0 ,2,23.00,210000,?,?,?,?,?)
20241111@140923.6290 gr57n167dpmufl47bgabcrv6ig Query : select 1 valor from information_schema.tables where table_type='base table' and table_name='wstablefields'
20241111@140923.8680 gr57n167dpmufl47bgabcrv6ig Query : select fieldkey,fieldname,fieldtype,mandatory from wstablefields where tablename = 'fi' and documentnumber = 39
20241111@140923.8940 gr57n167dpmufl47bgabcrv6ig Query : select 1 valor from information_schema.tables where table_type='base table' and table_name='wstablefields'
20241111@140923.1526 gr57n167dpmufl47bgabcrv6ig Query : select fieldkey,fieldname,fieldtype,mandatory from wstablefields where tablename = 'fi2' and documentnumber = 39
20241111@140923.1609 gr57n167dpmufl47bgabcrv6ig Query : select top 1 convert(numeric(6,2),t.taxa) valor from taxasiva t where t.codigo='2'
20241111@140923.1624 gr57n167dpmufl47bgabcrv6ig Query : select 1 valor from information_schema.tables where table_type='base table' and table_name='wstablefields'
20241111@140923.1640 gr57n167dpmufl47bgabcrv6ig Query : select fieldkey,fieldname,fieldtype,calcformula from wstablefields where tablename = 'fi2' and documentnumber = 39
20241111@140923.1686 gr57n167dpmufl47bgabcrv6ig Query : insert into wsfi2data (fi2stamp,ftstamp ,ousrdata, ousrhora, usrdata,usrhora,ousrinis,usrinis) values ('aut67321398986732101327','aut673216856967321011aa' ,getdate(),convert(char(8),convert (time,getdate())),getdate(),convert(char(8),convert (time,getdate())),'wsv','wsv')
20241111@140923.1691 gr57n167dpmufl47bgabcrv6ig Query : select 1 valor from information_schema.tables where table_type='base table' and table_name='wstablefields'
20241111@140923.1707 gr57n167dpmufl47bgabcrv6ig Query : select fieldkey,fieldname,fieldtype,calcformula from wstablefields where tablename = 'fi' and documentnumber = 39
20241111@140923.1823 gr57n167dpmufl47bgabcrv6ig Query : insert into wsfidata (fistamp,ousrdata, ousrhora, usrdata,usrhora,ousrinis,usrinis ,qtt ,ftstamp ,epv,pvmoeda ,tabiva,iva,lordem ,ref, design ,armazem) values ('aut67321398986732101327',getdate(),convert(char(8),convert (time,getdate())),getdate(),convert(char(8),convert (time,getdate())),'wsv','wsv',0 ,'aut673216856967321011aa' ,0,0 ,2,23.00,220000,?,?,?)
20241111@140923.2117 gr57n167dpmufl47bgabcrv6ig Query : use flama_phc
20241111@140923.2120 gr57n167dpmufl47bgabcrv6ig Query : select st.usalote valor from st where st.ref = '324.698.00.01'
20241111@140923.2267 gr57n167dpmufl47bgabcrv6ig Query : select top 1 st.tabiva ,st.ivaincl ,st.stns ,st.uni2 ,st.familia ,isnull(tx.taxa, 0) txiva ,unidade ,usalote ,epcpond ,noserie ,conversao ,st.texteis from st left join taxasiva tx on st.tabiva = tx.codigo where st.ref = '324.698.00.01'
20241111@140923.2467 gr57n167dpmufl47bgabcrv6ig Query : select 1 valor from information_schema.tables where table_type='base table' and table_name='wstablefields'
20241111@140923.2515 gr57n167dpmufl47bgabcrv6ig Query : select fieldkey,fieldname,fieldtype,mandatory from wstablefields where tablename = 'fi' and documentnumber = 39
20241111@140923.2542 gr57n167dpmufl47bgabcrv6ig Query : select 1 valor from information_schema.tables where table_type='base table' and table_name='wstablefields'
20241111@140923.2716 gr57n167dpmufl47bgabcrv6ig Query : select fieldkey,fieldname,fieldtype,mandatory from wstablefields where tablename = 'fi2' and documentnumber = 39
20241111@140923.2737 gr57n167dpmufl47bgabcrv6ig Query : select top 1 convert(numeric(6,2),t.taxa) valor from taxasiva t where t.codigo='2'
20241111@140923.2751 gr57n167dpmufl47bgabcrv6ig Query : select sestamp valor from se where ref ='324.698.00.01' and lote = 'r2400061200a'
20241111@140923.2765 gr57n167dpmufl47bgabcrv6ig Query : select 1 valor from information_schema.tables where table_type='base table' and table_name='wstablefields'
20241111@140923.2783 gr57n167dpmufl47bgabcrv6ig Query : select fieldkey,fieldname,fieldtype,calcformula from wstablefields where tablename = 'fi2' and documentnumber = 39
20241111@140923.2797 gr57n167dpmufl47bgabcrv6ig Query : insert into wsfi2data (fi2stamp,ftstamp ,ousrdata, ousrhora, usrdata,usrhora,ousrinis,usrinis) values ('aut67321684566732101343','aut673216856967321011aa' ,getdate(),convert(char(8),convert (time,getdate())),getdate(),convert(char(8),convert (time,getdate())),'wsv','wsv')
20241111@140923.2801 gr57n167dpmufl47bgabcrv6ig Query : select 1 valor from information_schema.tables where table_type='base table' and table_name='wstablefields'
20241111@140923.2816 gr57n167dpmufl47bgabcrv6ig Query : select fieldkey,fieldname,fieldtype,calcformula from wstablefields where tablename = 'fi' and documentnumber = 39
20241111@140923.2843 gr57n167dpmufl47bgabcrv6ig Query : insert into wsfidata (fistamp,ousrdata, ousrhora, usrdata,usrhora,ousrinis,usrinis ,qtt ,ftstamp ,epv,pvmoeda ,tabiva,iva,lordem ,ref, design ,lote,armazem,bistamp ) values ('aut67321684566732101343',getdate(),convert(char(8),convert (time,getdate())),getdate(),convert(char(8),convert (time,getdate())),'wsv','wsv',16.000 ,'aut673216856967321011aa' ,0,0 ,2,23.00,240000,?,?,?,?,?)
20241111@140923.3118 gr57n167dpmufl47bgabcrv6ig Query : select 1 valor from information_schema.tables where table_type='base table' and table_name='wstablefields'
20241111@140923.3135 gr57n167dpmufl47bgabcrv6ig Query : select fieldkey,fieldname,fieldtype,mandatory from wstablefields where tablename = 'fi' and documentnumber = 39
20241111@140923.3162 gr57n167dpmufl47bgabcrv6ig Query : select 1 valor from information_schema.tables where table_type='base table' and table_name='wstablefields'
20241111@140923.3189 gr57n167dpmufl47bgabcrv6ig Query : select fieldkey,fieldname,fieldtype,mandatory from wstablefields where tablename = 'fi2' and documentnumber = 39
20241111@140923.3199 gr57n167dpmufl47bgabcrv6ig Query : select top 1 convert(numeric(6,2),t.taxa) valor from taxasiva t where t.codigo='2'
20241111@140923.3211 gr57n167dpmufl47bgabcrv6ig Query : select 1 valor from information_schema.tables where table_type='base table' and table_name='wstablefields'
20241111@140923.3228 gr57n167dpmufl47bgabcrv6ig Query : select fieldkey,fieldname,fieldtype,calcformula from wstablefields where tablename = 'fi2' and documentnumber = 39
20241111@140923.3240 gr57n167dpmufl47bgabcrv6ig Query : insert into wsfi2data (fi2stamp,ftstamp ,ousrdata, ousrhora, usrdata,usrhora,ousrinis,usrinis) values ('aut6732118723673210134e','aut673216856967321011aa' ,getdate(),convert(char(8),convert (time,getdate())),getdate(),convert(char(8),convert (time,getdate())),'wsv','wsv')
20241111@140923.3245 gr57n167dpmufl47bgabcrv6ig Query : select 1 valor from information_schema.tables where table_type='base table' and table_name='wstablefields'
20241111@140923.3260 gr57n167dpmufl47bgabcrv6ig Query : select fieldkey,fieldname,fieldtype,calcformula from wstablefields where tablename = 'fi' and documentnumber = 39
20241111@140923.3293 gr57n167dpmufl47bgabcrv6ig Query : insert into wsfidata (fistamp,ousrdata, ousrhora, usrdata,usrhora,ousrinis,usrinis ,qtt ,ftstamp ,epv,pvmoeda ,tabiva,iva,lordem ,ref, design ,armazem) values ('aut6732118723673210134e',getdate(),convert(char(8),convert (time,getdate())),getdate(),convert(char(8),convert (time,getdate())),'wsv','wsv',0 ,'aut673216856967321011aa' ,0,0 ,2,23.00,250000,?,?,?)
20241111@140923.3580 gr57n167dpmufl47bgabcrv6ig Query : use flama_phc
20241111@140923.3586 gr57n167dpmufl47bgabcrv6ig Query : select st.usalote valor from st where st.ref = '324.698.00.01'
20241111@140923.3708 gr57n167dpmufl47bgabcrv6ig Query : select top 1 st.tabiva ,st.ivaincl ,st.stns ,st.uni2 ,st.familia ,isnull(tx.taxa, 0) txiva ,unidade ,usalote ,epcpond ,noserie ,conversao ,st.texteis from st left join taxasiva tx on st.tabiva = tx.codigo where st.ref = '324.698.00.01'
20241111@140923.3724 gr57n167dpmufl47bgabcrv6ig Query : select 1 valor from information_schema.tables where table_type='base table' and table_name='wstablefields'
20241111@140923.3764 gr57n167dpmufl47bgabcrv6ig Query : select fieldkey,fieldname,fieldtype,mandatory from wstablefields where tablename = 'fi' and documentnumber = 39
20241111@140923.3809 gr57n167dpmufl47bgabcrv6ig Query : select 1 valor from information_schema.tables where table_type='base table' and table_name='wstablefields'
20241111@140923.3829 gr57n167dpmufl47bgabcrv6ig Query : select fieldkey,fieldname,fieldtype,mandatory from wstablefields where tablename = 'fi2' and documentnumber = 39
20241111@140923.3838 gr57n167dpmufl47bgabcrv6ig Query : select top 1 convert(numeric(6,2),t.taxa) valor from taxasiva t where t.codigo='2'
20241111@140923.3875 gr57n167dpmufl47bgabcrv6ig Query : select sestamp valor from se where ref ='324.698.00.01' and lote = 'r2400061200a'
20241111@140923.3888 gr57n167dpmufl47bgabcrv6ig Query : select 1 valor from information_schema.tables where table_type='base table' and table_name='wstablefields'
20241111@140923.3919 gr57n167dpmufl47bgabcrv6ig Query : select fieldkey,fieldname,fieldtype,calcformula from wstablefields where tablename = 'fi2' and documentnumber = 39
20241111@140923.3933 gr57n167dpmufl47bgabcrv6ig Query : insert into wsfi2data (fi2stamp,ftstamp ,ousrdata, ousrhora, usrdata,usrhora,ousrinis,usrinis) values ('aut6732176279673210135e','aut673216856967321011aa' ,getdate(),convert(char(8),convert (time,getdate())),getdate(),convert(char(8),convert (time,getdate())),'wsv','wsv')
20241111@140923.3937 gr57n167dpmufl47bgabcrv6ig Query : select 1 valor from information_schema.tables where table_type='base table' and table_name='wstablefields'
20241111@140923.3952 gr57n167dpmufl47bgabcrv6ig Query : select fieldkey,fieldname,fieldtype,calcformula from wstablefields where tablename = 'fi' and documentnumber = 39
20241111@140923.3987 gr57n167dpmufl47bgabcrv6ig Query : insert into wsfidata (fistamp,ousrdata, ousrhora, usrdata,usrhora,ousrinis,usrinis ,qtt ,ftstamp ,epv,pvmoeda ,tabiva,iva,lordem ,ref, design ,lote,armazem,bistamp ) values ('aut6732176279673210135e',getdate(),convert(char(8),convert (time,getdate())),getdate(),convert(char(8),convert (time,getdate())),'wsv','wsv',16.000 ,'aut673216856967321011aa' ,0,0 ,2,23.00,270000,?,?,?,?,?)
20241111@140923.4280 gr57n167dpmufl47bgabcrv6ig Query : select 1 valor from information_schema.tables where table_type='base table' and table_name='wstablefields'
20241111@140923.4298 gr57n167dpmufl47bgabcrv6ig Query : select fieldkey,fieldname,fieldtype,mandatory from wstablefields where tablename = 'fi' and documentnumber = 39
20241111@140923.4328 gr57n167dpmufl47bgabcrv6ig Query : select 1 valor from information_schema.tables where table_type='base table' and table_name='wstablefields'
20241111@140923.4343 gr57n167dpmufl47bgabcrv6ig Query : select fieldkey,fieldname,fieldtype,mandatory from wstablefields where tablename = 'fi2' and documentnumber = 39
20241111@140923.4370 gr57n167dpmufl47bgabcrv6ig Query : select top 1 convert(numeric(6,2),t.taxa) valor from taxasiva t where t.codigo='2'
20241111@140923.4382 gr57n167dpmufl47bgabcrv6ig Query : select 1 valor from information_schema.tables where table_type='base table' and table_name='wstablefields'
20241111@140923.4403 gr57n167dpmufl47bgabcrv6ig Query : select fieldkey,fieldname,fieldtype,calcformula from wstablefields where tablename = 'fi2' and documentnumber = 39
20241111@140923.4415 gr57n167dpmufl47bgabcrv6ig Query : insert into wsfi2data (fi2stamp,ftstamp ,ousrdata, ousrhora, usrdata,usrhora,ousrinis,usrinis) values ('aut6732126763673210136a','aut673216856967321011aa' ,getdate(),convert(char(8),convert (time,getdate())),getdate(),convert(char(8),convert (time,getdate())),'wsv','wsv')
20241111@140923.4420 gr57n167dpmufl47bgabcrv6ig Query : select 1 valor from information_schema.tables where table_type='base table' and table_name='wstablefields'
20241111@140923.4435 gr57n167dpmufl47bgabcrv6ig Query : select fieldkey,fieldname,fieldtype,calcformula from wstablefields where tablename = 'fi' and documentnumber = 39
20241111@140923.4482 gr57n167dpmufl47bgabcrv6ig Query : insert into wsfidata (fistamp,ousrdata, ousrhora, usrdata,usrhora,ousrinis,usrinis ,qtt ,ftstamp ,epv,pvmoeda ,tabiva,iva,lordem ,ref, design ,armazem) values ('aut6732126763673210136a',getdate(),convert(char(8),convert (time,getdate())),getdate(),convert(char(8),convert (time,getdate())),'wsv','wsv',0 ,'aut673216856967321011aa' ,0,0 ,2,23.00,280000,?,?,?)
20241111@140923.4776 gr57n167dpmufl47bgabcrv6ig Query : use flama_phc
20241111@140923.4779 gr57n167dpmufl47bgabcrv6ig Query : select st.usalote valor from st where st.ref = '324.698.00.01'
20241111@140923.4832 gr57n167dpmufl47bgabcrv6ig Query : select top 1 st.tabiva ,st.ivaincl ,st.stns ,st.uni2 ,st.familia ,isnull(tx.taxa, 0) txiva ,unidade ,usalote ,epcpond ,noserie ,conversao ,st.texteis from st left join taxasiva tx on st.tabiva = tx.codigo where st.ref = '324.698.00.01'
20241111@140923.4847 gr57n167dpmufl47bgabcrv6ig Query : select 1 valor from information_schema.tables where table_type='base table' and table_name='wstablefields'
20241111@140923.4865 gr57n167dpmufl47bgabcrv6ig Query : select fieldkey,fieldname,fieldtype,mandatory from wstablefields where tablename = 'fi' and documentnumber = 39
20241111@140923.4893 gr57n167dpmufl47bgabcrv6ig Query : select 1 valor from information_schema.tables where table_type='base table' and table_name='wstablefields'
20241111@140923.4908 gr57n167dpmufl47bgabcrv6ig Query : select fieldkey,fieldname,fieldtype,mandatory from wstablefields where tablename = 'fi2' and documentnumber = 39
20241111@140923.5003 gr57n167dpmufl47bgabcrv6ig Query : select top 1 convert(numeric(6,2),t.taxa) valor from taxasiva t where t.codigo='2'
20241111@140923.5015 gr57n167dpmufl47bgabcrv6ig Query : select sestamp valor from se where ref ='324.698.00.01' and lote = 'r2400061200a'
20241111@140923.5027 gr57n167dpmufl47bgabcrv6ig Query : select 1 valor from information_schema.tables where table_type='base table' and table_name='wstablefields'
20241111@140923.5043 gr57n167dpmufl47bgabcrv6ig Query : select fieldkey,fieldname,fieldtype,calcformula from wstablefields where tablename = 'fi2' and documentnumber = 39
20241111@140923.5056 gr57n167dpmufl47bgabcrv6ig Query : insert into wsfi2data (fi2stamp,ftstamp ,ousrdata, ousrhora, usrdata,usrhora,ousrinis,usrinis) values ('aut6732191432673210137a','aut673216856967321011aa' ,getdate(),convert(char(8),convert (time,getdate())),getdate(),convert(char(8),convert (time,getdate())),'wsv','wsv')
20241111@140923.5061 gr57n167dpmufl47bgabcrv6ig Query : select 1 valor from information_schema.tables where table_type='base table' and table_name='wstablefields'
20241111@140923.5075 gr57n167dpmufl47bgabcrv6ig Query : select fieldkey,fieldname,fieldtype,calcformula from wstablefields where tablename = 'fi' and documentnumber = 39
20241111@140923.5150 gr57n167dpmufl47bgabcrv6ig Query : insert into wsfidata (fistamp,ousrdata, ousrhora, usrdata,usrhora,ousrinis,usrinis ,qtt ,ftstamp ,epv,pvmoeda ,tabiva,iva,lordem ,ref, design ,lote,armazem,bistamp ) values ('aut6732191432673210137a',getdate(),convert(char(8),convert (time,getdate())),getdate(),convert(char(8),convert (time,getdate())),'wsv','wsv',16.000 ,'aut673216856967321011aa' ,0,0 ,2,23.00,300000,?,?,?,?,?)
20241111@140923.5508 gr57n167dpmufl47bgabcrv6ig Query : select 1 valor from information_schema.tables where table_type='base table' and table_name='wstablefields'
20241111@140923.5525 gr57n167dpmufl47bgabcrv6ig Query : select fieldkey,fieldname,fieldtype,mandatory from wstablefields where tablename = 'fi' and documentnumber = 39
20241111@140923.5555 gr57n167dpmufl47bgabcrv6ig Query : select 1 valor from information_schema.tables where table_type='base table' and table_name='wstablefields'
20241111@140923.5573 gr57n167dpmufl47bgabcrv6ig Query : select fieldkey,fieldname,fieldtype,mandatory from wstablefields where tablename = 'fi2' and documentnumber = 39
20241111@140923.5581 gr57n167dpmufl47bgabcrv6ig Query : select top 1 convert(numeric(6,2),t.taxa) valor from taxasiva t where t.codigo='2'
20241111@140923.5595 gr57n167dpmufl47bgabcrv6ig Query : select 1 valor from information_schema.tables where table_type='base table' and table_name='wstablefields'
20241111@140923.5612 gr57n167dpmufl47bgabcrv6ig Query : select fieldkey,fieldname,fieldtype,calcformula from wstablefields where tablename = 'fi2' and documentnumber = 39
20241111@140923.5623 gr57n167dpmufl47bgabcrv6ig Query : insert into wsfi2data (fi2stamp,ftstamp ,ousrdata, ousrhora, usrdata,usrhora,ousrinis,usrinis) values ('aut67321228216732101388','aut673216856967321011aa' ,getdate(),convert(char(8),convert (time,getdate())),getdate(),convert(char(8),convert (time,getdate())),'wsv','wsv')
20241111@140923.5628 gr57n167dpmufl47bgabcrv6ig Query : select 1 valor from information_schema.tables where table_type='base table' and table_name='wstablefields'
20241111@140923.5644 gr57n167dpmufl47bgabcrv6ig Query : select fieldkey,fieldname,fieldtype,calcformula from wstablefields where tablename = 'fi' and documentnumber = 39
20241111@140923.5672 gr57n167dpmufl47bgabcrv6ig Query : insert into wsfidata (fistamp,ousrdata, ousrhora, usrdata,usrhora,ousrinis,usrinis ,qtt ,ftstamp ,epv,pvmoeda ,tabiva,iva,lordem ,ref, design ,armazem) values ('aut67321228216732101388',getdate(),convert(char(8),convert (time,getdate())),getdate(),convert(char(8),convert (time,getdate())),'wsv','wsv',0 ,'aut673216856967321011aa' ,0,0 ,2,23.00,310000,?,?,?)
20241111@140923.5975 gr57n167dpmufl47bgabcrv6ig Query : use flama_phc
20241111@140923.5978 gr57n167dpmufl47bgabcrv6ig Query : select st.usalote valor from st where st.ref = '324.698.00.01'
20241111@140923.6005 gr57n167dpmufl47bgabcrv6ig Query : select top 1 st.tabiva ,st.ivaincl ,st.stns ,st.uni2 ,st.familia ,isnull(tx.taxa, 0) txiva ,unidade ,usalote ,epcpond ,noserie ,conversao ,st.texteis from st left join taxasiva tx on st.tabiva = tx.codigo where st.ref = '324.698.00.01'
20241111@140923.6454 gr57n167dpmufl47bgabcrv6ig Query : select 1 valor from information_schema.tables where table_type='base table' and table_name='wstablefields'
20241111@140923.6796 gr57n167dpmufl47bgabcrv6ig Query : select fieldkey,fieldname,fieldtype,mandatory from wstablefields where tablename = 'fi' and documentnumber = 39
20241111@140923.7396 gr57n167dpmufl47bgabcrv6ig Query : select 1 valor from information_schema.tables where table_type='base table' and table_name='wstablefields'
20241111@140923.7413 gr57n167dpmufl47bgabcrv6ig Query : select fieldkey,fieldname,fieldtype,mandatory from wstablefields where tablename = 'fi2' and documentnumber = 39
20241111@140923.7421 gr57n167dpmufl47bgabcrv6ig Query : select top 1 convert(numeric(6,2),t.taxa) valor from taxasiva t where t.codigo='2'
20241111@140923.7432 gr57n167dpmufl47bgabcrv6ig Query : select sestamp valor from se where ref ='324.698.00.01' and lote = 'r2400061200a'
20241111@140923.7444 gr57n167dpmufl47bgabcrv6ig Query : select 1 valor from information_schema.tables where table_type='base table' and table_name='wstablefields'
20241111@140923.7459 gr57n167dpmufl47bgabcrv6ig Query : select fieldkey,fieldname,fieldtype,calcformula from wstablefields where tablename = 'fi2' and documentnumber = 39
20241111@140923.7470 gr57n167dpmufl47bgabcrv6ig Query : insert into wsfi2data (fi2stamp,ftstamp ,ousrdata, ousrhora, usrdata,usrhora,ousrinis,usrinis) values ('aut673212026067321013b5','aut673216856967321011aa' ,getdate(),convert(char(8),convert (time,getdate())),getdate(),convert(char(8),convert (time,getdate())),'wsv','wsv')
20241111@140923.7476 gr57n167dpmufl47bgabcrv6ig Query : select 1 valor from information_schema.tables where table_type='base table' and table_name='wstablefields'
20241111@140923.7490 gr57n167dpmufl47bgabcrv6ig Query : select fieldkey,fieldname,fieldtype,calcformula from wstablefields where tablename = 'fi' and documentnumber = 39
20241111@140923.7518 gr57n167dpmufl47bgabcrv6ig Query : insert into wsfidata (fistamp,ousrdata, ousrhora, usrdata,usrhora,ousrinis,usrinis ,qtt ,ftstamp ,epv,pvmoeda ,tabiva,iva,lordem ,ref, design ,lote,armazem,bistamp ) values ('aut673212026067321013b5',getdate(),convert(char(8),convert (time,getdate())),getdate(),convert(char(8),convert (time,getdate())),'wsv','wsv',16.000 ,'aut673216856967321011aa' ,0,0 ,2,23.00,330000,?,?,?,?,?)
20241111@140923.7829 gr57n167dpmufl47bgabcrv6ig Query : select 1 valor from information_schema.tables where table_type='base table' and table_name='wstablefields'
20241111@140923.7846 gr57n167dpmufl47bgabcrv6ig Query : select fieldkey,fieldname,fieldtype,mandatory from wstablefields where tablename = 'fi' and documentnumber = 39
20241111@140923.7870 gr57n167dpmufl47bgabcrv6ig Query : select 1 valor from information_schema.tables where table_type='base table' and table_name='wstablefields'
20241111@140923.7885 gr57n167dpmufl47bgabcrv6ig Query : select fieldkey,fieldname,fieldtype,mandatory from wstablefields where tablename = 'fi2' and documentnumber = 39
20241111@140923.7906 gr57n167dpmufl47bgabcrv6ig Query : select top 1 convert(numeric(6,2),t.taxa) valor from taxasiva t where t.codigo='2'
20241111@140923.7918 gr57n167dpmufl47bgabcrv6ig Query : select 1 valor from information_schema.tables where table_type='base table' and table_name='wstablefields'
20241111@140923.7933 gr57n167dpmufl47bgabcrv6ig Query : select fieldkey,fieldname,fieldtype,calcformula from wstablefields where tablename = 'fi2' and documentnumber = 39
20241111@140923.7945 gr57n167dpmufl47bgabcrv6ig Query : insert into wsfi2data (fi2stamp,ftstamp ,ousrdata, ousrhora, usrdata,usrhora,ousrinis,usrinis) values ('aut673210937267321013c1','aut673216856967321011aa' ,getdate(),convert(char(8),convert (time,getdate())),getdate(),convert(char(8),convert (time,getdate())),'wsv','wsv')
20241111@140923.7949 gr57n167dpmufl47bgabcrv6ig Query : select 1 valor from information_schema.tables where table_type='base table' and table_name='wstablefields'
20241111@140923.7963 gr57n167dpmufl47bgabcrv6ig Query : select fieldkey,fieldname,fieldtype,calcformula from wstablefields where tablename = 'fi' and documentnumber = 39
20241111@140923.7992 gr57n167dpmufl47bgabcrv6ig Query : insert into wsfidata (fistamp,ousrdata, ousrhora, usrdata,usrhora,ousrinis,usrinis ,qtt ,ftstamp ,epv,pvmoeda ,tabiva,iva,lordem ,ref, design ,armazem) values ('aut673210937267321013c1',getdate(),convert(char(8),convert (time,getdate())),getdate(),convert(char(8),convert (time,getdate())),'wsv','wsv',0 ,'aut673216856967321011aa' ,0,0 ,2,23.00,340000,?,?,?)
20241111@140923.8283 gr57n167dpmufl47bgabcrv6ig Query : use flama_phc
20241111@140923.8287 gr57n167dpmufl47bgabcrv6ig Query : select st.usalote valor from st where st.ref = '324.698.00.01'
20241111@140923.8307 gr57n167dpmufl47bgabcrv6ig Query : select top 1 st.tabiva ,st.ivaincl ,st.stns ,st.uni2 ,st.familia ,isnull(tx.taxa, 0) txiva ,unidade ,usalote ,epcpond ,noserie ,conversao ,st.texteis from st left join taxasiva tx on st.tabiva = tx.codigo where st.ref = '324.698.00.01'
20241111@140923.8569 gr57n167dpmufl47bgabcrv6ig Query : select 1 valor from information_schema.tables where table_type='base table' and table_name='wstablefields'
20241111@140923.8641 gr57n167dpmufl47bgabcrv6ig Query : select fieldkey,fieldname,fieldtype,mandatory from wstablefields where tablename = 'fi' and documentnumber = 39
20241111@140923.8668 gr57n167dpmufl47bgabcrv6ig Query : select 1 valor from information_schema.tables where table_type='base table' and table_name='wstablefields'
20241111@140923.8713 gr57n167dpmufl47bgabcrv6ig Query : select fieldkey,fieldname,fieldtype,mandatory from wstablefields where tablename = 'fi2' and documentnumber = 39
20241111@140923.8723 gr57n167dpmufl47bgabcrv6ig Query : select top 1 convert(numeric(6,2),t.taxa) valor from taxasiva t where t.codigo='2'
20241111@140923.8735 gr57n167dpmufl47bgabcrv6ig Query : select sestamp valor from se where ref ='324.698.00.01' and lote = 'r2400061200a'
20241111@140923.8748 gr57n167dpmufl47bgabcrv6ig Query : select 1 valor from information_schema.tables where table_type='base table' and table_name='wstablefields'
20241111@140923.8762 gr57n167dpmufl47bgabcrv6ig Query : select fieldkey,fieldname,fieldtype,calcformula from wstablefields where tablename = 'fi2' and documentnumber = 39
20241111@140923.8776 gr57n167dpmufl47bgabcrv6ig Query : insert into wsfi2data (fi2stamp,ftstamp ,ousrdata, ousrhora, usrdata,usrhora,ousrinis,usrinis) values ('aut673215343267321013d5','aut673216856967321011aa' ,getdate(),convert(char(8),convert (time,getdate())),getdate(),convert(char(8),convert (time,getdate())),'wsv','wsv')
20241111@140923.8781 gr57n167dpmufl47bgabcrv6ig Query : select 1 valor from information_schema.tables where table_type='base table' and table_name='wstablefields'
20241111@140923.8795 gr57n167dpmufl47bgabcrv6ig Query : select fieldkey,fieldname,fieldtype,calcformula from wstablefields where tablename = 'fi' and documentnumber = 39
20241111@140923.8823 gr57n167dpmufl47bgabcrv6ig Query : insert into wsfidata (fistamp,ousrdata, ousrhora, usrdata,usrhora,ousrinis,usrinis ,qtt ,ftstamp ,epv,pvmoeda ,tabiva,iva,lordem ,ref, design ,lote,armazem,bistamp ) values ('aut673215343267321013d5',getdate(),convert(char(8),convert (time,getdate())),getdate(),convert(char(8),convert (time,getdate())),'wsv','wsv',16.000 ,'aut673216856967321011aa' ,0,0 ,2,23.00,360000,?,?,?,?,?)
20241111@140923.9104 gr57n167dpmufl47bgabcrv6ig Query : select 1 valor from information_schema.tables where table_type='base table' and table_name='wstablefields'
20241111@140923.9120 gr57n167dpmufl47bgabcrv6ig Query : select fieldkey,fieldname,fieldtype,mandatory from wstablefields where tablename = 'fi' and documentnumber = 39
20241111@140923.9147 gr57n167dpmufl47bgabcrv6ig Query : select 1 valor from information_schema.tables where table_type='base table' and table_name='wstablefields'
20241111@140923.9162 gr57n167dpmufl47bgabcrv6ig Query : select fieldkey,fieldname,fieldtype,mandatory from wstablefields where tablename = 'fi2' and documentnumber = 39
20241111@140923.9170 gr57n167dpmufl47bgabcrv6ig Query : select top 1 convert(numeric(6,2),t.taxa) valor from taxasiva t where t.codigo='2'
20241111@140923.9182 gr57n167dpmufl47bgabcrv6ig Query : select 1 valor from information_schema.tables where table_type='base table' and table_name='wstablefields'
20241111@140923.9196 gr57n167dpmufl47bgabcrv6ig Query : select fieldkey,fieldname,fieldtype,calcformula from wstablefields where tablename = 'fi2' and documentnumber = 39
20241111@140923.9207 gr57n167dpmufl47bgabcrv6ig Query : insert into wsfi2data (fi2stamp,ftstamp ,ousrdata, ousrhora, usrdata,usrhora,ousrinis,usrinis) values ('aut673215728667321013e0','aut673216856967321011aa' ,getdate(),convert(char(8),convert (time,getdate())),getdate(),convert(char(8),convert (time,getdate())),'wsv','wsv')
20241111@140923.9211 gr57n167dpmufl47bgabcrv6ig Query : select 1 valor from information_schema.tables where table_type='base table' and table_name='wstablefields'
20241111@140923.9226 gr57n167dpmufl47bgabcrv6ig Query : select fieldkey,fieldname,fieldtype,calcformula from wstablefields where tablename = 'fi' and documentnumber = 39
20241111@140923.9253 gr57n167dpmufl47bgabcrv6ig Query : insert into wsfidata (fistamp,ousrdata, ousrhora, usrdata,usrhora,ousrinis,usrinis ,qtt ,ftstamp ,epv,pvmoeda ,tabiva,iva,lordem ,ref, design ,armazem) values ('aut673215728667321013e0',getdate(),convert(char(8),convert (time,getdate())),getdate(),convert(char(8),convert (time,getdate())),'wsv','wsv',0 ,'aut673216856967321011aa' ,0,0 ,2,23.00,370000,?,?,?)
20241111@140923.9560 gr57n167dpmufl47bgabcrv6ig Query : use flama_phc
20241111@140923.9563 gr57n167dpmufl47bgabcrv6ig Query : select st.usalote valor from st where st.ref = '324.698.00.01'
20241111@140923.9586 gr57n167dpmufl47bgabcrv6ig Query : select top 1 st.tabiva ,st.ivaincl ,st.stns ,st.uni2 ,st.familia ,isnull(tx.taxa, 0) txiva ,unidade ,usalote ,epcpond ,noserie ,conversao ,st.texteis from st left join taxasiva tx on st.tabiva = tx.codigo where st.ref = '324.698.00.01'
20241111@140923.9600 gr57n167dpmufl47bgabcrv6ig Query : select 1 valor from information_schema.tables where table_type='base table' and table_name='wstablefields'
20241111@140923.9621 gr57n167dpmufl47bgabcrv6ig Query : select fieldkey,fieldname,fieldtype,mandatory from wstablefields where tablename = 'fi' and documentnumber = 39
20241111@140923.9645 gr57n167dpmufl47bgabcrv6ig Query : select 1 valor from information_schema.tables where table_type='base table' and table_name='wstablefields'
20241111@140923.9686 gr57n167dpmufl47bgabcrv6ig Query : select fieldkey,fieldname,fieldtype,mandatory from wstablefields where tablename = 'fi2' and documentnumber = 39
20241111@140923.9696 gr57n167dpmufl47bgabcrv6ig Query : select top 1 convert(numeric(6,2),t.taxa) valor from taxasiva t where t.codigo='2'
20241111@140923.9707 gr57n167dpmufl47bgabcrv6ig Query : select sestamp valor from se where ref ='324.698.00.01' and lote = 'r2400061200a'
20241111@140923.9720 gr57n167dpmufl47bgabcrv6ig Query : select 1 valor from information_schema.tables where table_type='base table' and table_name='wstablefields'
20241111@140923.9741 gr57n167dpmufl47bgabcrv6ig Query : select fieldkey,fieldname,fieldtype,calcformula from wstablefields where tablename = 'fi2' and documentnumber = 39
20241111@140923.9753 gr57n167dpmufl47bgabcrv6ig Query : insert into wsfi2data (fi2stamp,ftstamp ,ousrdata, ousrhora, usrdata,usrhora,ousrinis,usrinis) values ('aut673214334067321013ed','aut673216856967321011aa' ,getdate(),convert(char(8),convert (time,getdate())),getdate(),convert(char(8),convert (time,getdate())),'wsv','wsv')
20241111@140923.9757 gr57n167dpmufl47bgabcrv6ig Query : select 1 valor from information_schema.tables where table_type='base table' and table_name='wstablefields'
20241111@140923.9795 gr57n167dpmufl47bgabcrv6ig Query : select fieldkey,fieldname,fieldtype,calcformula from wstablefields where tablename = 'fi' and documentnumber = 39
20241111@140923.9828 gr57n167dpmufl47bgabcrv6ig Query : insert into wsfidata (fistamp,ousrdata, ousrhora, usrdata,usrhora,ousrinis,usrinis ,qtt ,ftstamp ,epv,pvmoeda ,tabiva,iva,lordem ,ref, design ,lote,armazem,bistamp ) values ('aut673214334067321013ed',getdate(),convert(char(8),convert (time,getdate())),getdate(),convert(char(8),convert (time,getdate())),'wsv','wsv',16.000 ,'aut673216856967321011aa' ,0,0 ,2,23.00,390000,?,?,?,?,?)
20241111@140924.3050 gr57n167dpmufl47bgabcrv6ig Query : select 1 valor from information_schema.tables where table_type='base table' and table_name='wstablefields'
20241111@140924.3260 gr57n167dpmufl47bgabcrv6ig Query : select fieldkey,fieldname,fieldtype,mandatory from wstablefields where tablename = 'fi' and documentnumber = 39
20241111@140924.3970 gr57n167dpmufl47bgabcrv6ig Query : select 1 valor from information_schema.tables where table_type='base table' and table_name='wstablefields'
20241111@140924.4170 gr57n167dpmufl47bgabcrv6ig Query : select fieldkey,fieldname,fieldtype,mandatory from wstablefields where tablename = 'fi2' and documentnumber = 39
20241111@140924.4270 gr57n167dpmufl47bgabcrv6ig Query : select top 1 convert(numeric(6,2),t.taxa) valor from taxasiva t where t.codigo='2'
20241111@140924.4470 gr57n167dpmufl47bgabcrv6ig Query : select 1 valor from information_schema.tables where table_type='base table' and table_name='wstablefields'
20241111@140924.4650 gr57n167dpmufl47bgabcrv6ig Query : select fieldkey,fieldname,fieldtype,calcformula from wstablefields where tablename = 'fi2' and documentnumber = 39
20241111@140924.4850 gr57n167dpmufl47bgabcrv6ig Query : insert into wsfi2data (fi2stamp,ftstamp ,ousrdata, ousrhora, usrdata,usrhora,ousrinis,usrinis) values ('aut6732199756673210140a','aut673216856967321011aa' ,getdate(),convert(char(8),convert (time,getdate())),getdate(),convert(char(8),convert (time,getdate())),'wsv','wsv')
20241111@140924.4910 gr57n167dpmufl47bgabcrv6ig Query : select 1 valor from information_schema.tables where table_type='base table' and table_name='wstablefields'
20241111@140924.5090 gr57n167dpmufl47bgabcrv6ig Query : select fieldkey,fieldname,fieldtype,calcformula from wstablefields where tablename = 'fi' and documentnumber = 39
20241111@140924.5400 gr57n167dpmufl47bgabcrv6ig Query : insert into wsfidata (fistamp,ousrdata, ousrhora, usrdata,usrhora,ousrinis,usrinis ,qtt ,ftstamp ,epv,pvmoeda ,tabiva,iva,lordem ,ref, design ,armazem) values ('aut6732199756673210140a',getdate(),convert(char(8),convert (time,getdate())),getdate(),convert(char(8),convert (time,getdate())),'wsv','wsv',0 ,'aut673216856967321011aa' ,0,0 ,2,23.00,400000,?,?,?)
20241111@140924.1005 gr57n167dpmufl47bgabcrv6ig Query : use flama_phc
20241111@140924.1009 gr57n167dpmufl47bgabcrv6ig Query : select st.usalote valor from st where st.ref = '324.698.00.01'
20241111@140924.1138 gr57n167dpmufl47bgabcrv6ig Query : select top 1 st.tabiva ,st.ivaincl ,st.stns ,st.uni2 ,st.familia ,isnull(tx.taxa, 0) txiva ,unidade ,usalote ,epcpond ,noserie ,conversao ,st.texteis from st left join taxasiva tx on st.tabiva = tx.codigo where st.ref = '324.698.00.01'
20241111@140924.1162 gr57n167dpmufl47bgabcrv6ig Query : select 1 valor from information_schema.tables where table_type='base table' and table_name='wstablefields'
20241111@140924.1179 gr57n167dpmufl47bgabcrv6ig Query : select fieldkey,fieldname,fieldtype,mandatory from wstablefields where tablename = 'fi' and documentnumber = 39
20241111@140924.1202 gr57n167dpmufl47bgabcrv6ig Query : select 1 valor from information_schema.tables where table_type='base table' and table_name='wstablefields'
20241111@140924.1216 gr57n167dpmufl47bgabcrv6ig Query : select fieldkey,fieldname,fieldtype,mandatory from wstablefields where tablename = 'fi2' and documentnumber = 39
20241111@140924.1224 gr57n167dpmufl47bgabcrv6ig Query : select top 1 convert(numeric(6,2),t.taxa) valor from taxasiva t where t.codigo='2'
20241111@140924.1235 gr57n167dpmufl47bgabcrv6ig Query : select sestamp valor from se where ref ='324.698.00.01' and lote = 'r2400061200a'
20241111@140924.1246 gr57n167dpmufl47bgabcrv6ig Query : select 1 valor from information_schema.tables where table_type='base table' and table_name='wstablefields'
20241111@140924.1260 gr57n167dpmufl47bgabcrv6ig Query : select fieldkey,fieldname,fieldtype,calcformula from wstablefields where tablename = 'fi2' and documentnumber = 39
20241111@140924.1271 gr57n167dpmufl47bgabcrv6ig Query : insert into wsfi2data (fi2stamp,ftstamp ,ousrdata, ousrhora, usrdata,usrhora,ousrinis,usrinis) values ('aut6732125888673210141e','aut673216856967321011aa' ,getdate(),convert(char(8),convert (time,getdate())),getdate(),convert(char(8),convert (time,getdate())),'wsv','wsv')
20241111@140924.1275 gr57n167dpmufl47bgabcrv6ig Query : select 1 valor from information_schema.tables where table_type='base table' and table_name='wstablefields'
20241111@140924.1293 gr57n167dpmufl47bgabcrv6ig Query : select fieldkey,fieldname,fieldtype,calcformula from wstablefields where tablename = 'fi' and documentnumber = 39
20241111@140924.1319 gr57n167dpmufl47bgabcrv6ig Query : insert into wsfidata (fistamp,ousrdata, ousrhora, usrdata,usrhora,ousrinis,usrinis ,qtt ,ftstamp ,epv,pvmoeda ,tabiva,iva,lordem ,ref, design ,lote,armazem,bistamp ) values ('aut6732125888673210141e',getdate(),convert(char(8),convert (time,getdate())),getdate(),convert(char(8),convert (time,getdate())),'wsv','wsv',16.000 ,'aut673216856967321011aa' ,0,0 ,2,23.00,420000,?,?,?,?,?)
20241111@140924.1600 gr57n167dpmufl47bgabcrv6ig Query : select 1 valor from information_schema.tables where table_type='base table' and table_name='wstablefields'
20241111@140924.1618 gr57n167dpmufl47bgabcrv6ig Query : select fieldkey,fieldname,fieldtype,mandatory from wstablefields where tablename = 'fi' and documentnumber = 39
20241111@140924.1642 gr57n167dpmufl47bgabcrv6ig Query : select 1 valor from information_schema.tables where table_type='base table' and table_name='wstablefields'
20241111@140924.1656 gr57n167dpmufl47bgabcrv6ig Query : select fieldkey,fieldname,fieldtype,mandatory from wstablefields where tablename = 'fi2' and documentnumber = 39
20241111@140924.1664 gr57n167dpmufl47bgabcrv6ig Query : select top 1 convert(numeric(6,2),t.taxa) valor from taxasiva t where t.codigo='2'
20241111@140924.1677 gr57n167dpmufl47bgabcrv6ig Query : select 1 valor from information_schema.tables where table_type='base table' and table_name='wstablefields'
20241111@140924.1694 gr57n167dpmufl47bgabcrv6ig Query : select fieldkey,fieldname,fieldtype,calcformula from wstablefields where tablename = 'fi2' and documentnumber = 39
20241111@140924.1705 gr57n167dpmufl47bgabcrv6ig Query : insert into wsfi2data (fi2stamp,ftstamp ,ousrdata, ousrhora, usrdata,usrhora,ousrinis,usrinis) values ('aut67321841906732101428','aut673216856967321011aa' ,getdate(),convert(char(8),convert (time,getdate())),getdate(),convert(char(8),convert (time,getdate())),'wsv','wsv')
20241111@140924.1710 gr57n167dpmufl47bgabcrv6ig Query : select 1 valor from information_schema.tables where table_type='base table' and table_name='wstablefields'
20241111@140924.1726 gr57n167dpmufl47bgabcrv6ig Query : select fieldkey,fieldname,fieldtype,calcformula from wstablefields where tablename = 'fi' and documentnumber = 39
20241111@140924.1754 gr57n167dpmufl47bgabcrv6ig Query : insert into wsfidata (fistamp,ousrdata, ousrhora, usrdata,usrhora,ousrinis,usrinis ,qtt ,ftstamp ,epv,pvmoeda ,tabiva,iva,lordem ,ref, design ,armazem) values ('aut67321841906732101428',getdate(),convert(char(8),convert (time,getdate())),getdate(),convert(char(8),convert (time,getdate())),'wsv','wsv',0 ,'aut673216856967321011aa' ,0,0 ,2,23.00,430000,?,?,?)
20241111@140924.2027 gr57n167dpmufl47bgabcrv6ig Query : use flama_phc
20241111@140924.2031 gr57n167dpmufl47bgabcrv6ig Query : select st.usalote valor from st where st.ref = '324.698.00.01'
20241111@140924.2050 gr57n167dpmufl47bgabcrv6ig Query : select top 1 st.tabiva ,st.ivaincl ,st.stns ,st.uni2 ,st.familia ,isnull(tx.taxa, 0) txiva ,unidade ,usalote ,epcpond ,noserie ,conversao ,st.texteis from st left join taxasiva tx on st.tabiva = tx.codigo where st.ref = '324.698.00.01'
20241111@140924.2066 gr57n167dpmufl47bgabcrv6ig Query : select 1 valor from information_schema.tables where table_type='base table' and table_name='wstablefields'
20241111@140924.2082 gr57n167dpmufl47bgabcrv6ig Query : select fieldkey,fieldname,fieldtype,mandatory from wstablefields where tablename = 'fi' and documentnumber = 39
20241111@140924.2109 gr57n167dpmufl47bgabcrv6ig Query : select 1 valor from information_schema.tables where table_type='base table' and table_name='wstablefields'
20241111@140924.2123 gr57n167dpmufl47bgabcrv6ig Query : select fieldkey,fieldname,fieldtype,mandatory from wstablefields where tablename = 'fi2' and documentnumber = 39
20241111@140924.2131 gr57n167dpmufl47bgabcrv6ig Query : select top 1 convert(numeric(6,2),t.taxa) valor from taxasiva t where t.codigo='2'
20241111@140924.2143 gr57n167dpmufl47bgabcrv6ig Query : select sestamp valor from se where ref ='324.698.00.01' and lote = 'r2400061200a'
20241111@140924.2154 gr57n167dpmufl47bgabcrv6ig Query : select 1 valor from information_schema.tables where table_type='base table' and table_name='wstablefields'
20241111@140924.2168 gr57n167dpmufl47bgabcrv6ig Query : select fieldkey,fieldname,fieldtype,calcformula from wstablefields where tablename = 'fi2' and documentnumber = 39
20241111@140924.2191 gr57n167dpmufl47bgabcrv6ig Query : insert into wsfi2data (fi2stamp,ftstamp ,ousrdata, ousrhora, usrdata,usrhora,ousrinis,usrinis) values ('aut67321929696732101434','aut673216856967321011aa' ,getdate(),convert(char(8),convert (time,getdate())),getdate(),convert(char(8),convert (time,getdate())),'wsv','wsv')
20241111@140924.2197 gr57n167dpmufl47bgabcrv6ig Query : select 1 valor from information_schema.tables where table_type='base table' and table_name='wstablefields'
20241111@140924.2211 gr57n167dpmufl47bgabcrv6ig Query : select fieldkey,fieldname,fieldtype,calcformula from wstablefields where tablename = 'fi' and documentnumber = 39
20241111@140924.2244 gr57n167dpmufl47bgabcrv6ig Query : insert into wsfidata (fistamp,ousrdata, ousrhora, usrdata,usrhora,ousrinis,usrinis ,qtt ,ftstamp ,epv,pvmoeda ,tabiva,iva,lordem ,ref, design ,lote,armazem,bistamp ) values ('aut67321929696732101434',getdate(),convert(char(8),convert (time,getdate())),getdate(),convert(char(8),convert (time,getdate())),'wsv','wsv',16.000 ,'aut673216856967321011aa' ,0,0 ,2,23.00,450000,?,?,?,?,?)
20241111@140924.2537 gr57n167dpmufl47bgabcrv6ig Query : select 1 valor from information_schema.tables where table_type='base table' and table_name='wstablefields'
20241111@140924.2554 gr57n167dpmufl47bgabcrv6ig Query : select fieldkey,fieldname,fieldtype,mandatory from wstablefields where tablename = 'fi' and documentnumber = 39
20241111@140924.2579 gr57n167dpmufl47bgabcrv6ig Query : select 1 valor from information_schema.tables where table_type='base table' and table_name='wstablefields'
20241111@140924.2606 gr57n167dpmufl47bgabcrv6ig Query : select fieldkey,fieldname,fieldtype,mandatory from wstablefields where tablename = 'fi2' and documentnumber = 39
20241111@140924.2614 gr57n167dpmufl47bgabcrv6ig Query : select top 1 convert(numeric(6,2),t.taxa) valor from taxasiva t where t.codigo='2'
20241111@140924.2626 gr57n167dpmufl47bgabcrv6ig Query : select 1 valor from information_schema.tables where table_type='base table' and table_name='wstablefields'
20241111@140924.2665 gr57n167dpmufl47bgabcrv6ig Query : select fieldkey,fieldname,fieldtype,calcformula from wstablefields where tablename = 'fi2' and documentnumber = 39
20241111@140924.2676 gr57n167dpmufl47bgabcrv6ig Query : insert into wsfi2data (fi2stamp,ftstamp ,ousrdata, ousrhora, usrdata,usrhora,ousrinis,usrinis) values ('aut67321395046732101440','aut673216856967321011aa' ,getdate(),convert(char(8),convert (time,getdate())),getdate(),convert(char(8),convert (time,getdate())),'wsv','wsv')
20241111@140924.2681 gr57n167dpmufl47bgabcrv6ig Query : select 1 valor from information_schema.tables where table_type='base table' and table_name='wstablefields'
20241111@140924.2696 gr57n167dpmufl47bgabcrv6ig Query : select fieldkey,fieldname,fieldtype,calcformula from wstablefields where tablename = 'fi' and documentnumber = 39
20241111@140924.2722 gr57n167dpmufl47bgabcrv6ig Query : insert into wsfidata (fistamp,ousrdata, ousrhora, usrdata,usrhora,ousrinis,usrinis ,qtt ,ftstamp ,epv,pvmoeda ,tabiva,iva,lordem ,ref, design ,armazem) values ('aut67321395046732101440',getdate(),convert(char(8),convert (time,getdate())),getdate(),convert(char(8),convert (time,getdate())),'wsv','wsv',0 ,'aut673216856967321011aa' ,0,0 ,2,23.00,460000,?,?,?)
20241111@140924.3015 gr57n167dpmufl47bgabcrv6ig Query : use flama_phc
20241111@140924.3018 gr57n167dpmufl47bgabcrv6ig Query : select st.usalote valor from st where st.ref = '324.698.00.01'
20241111@140924.3038 gr57n167dpmufl47bgabcrv6ig Query : select top 1 st.tabiva ,st.ivaincl ,st.stns ,st.uni2 ,st.familia ,isnull(tx.taxa, 0) txiva ,unidade ,usalote ,epcpond ,noserie ,conversao ,st.texteis from st left join taxasiva tx on st.tabiva = tx.codigo where st.ref = '324.698.00.01'
20241111@140924.3051 gr57n167dpmufl47bgabcrv6ig Query : select 1 valor from information_schema.tables where table_type='base table' and table_name='wstablefields'
20241111@140924.3069 gr57n167dpmufl47bgabcrv6ig Query : select fieldkey,fieldname,fieldtype,mandatory from wstablefields where tablename = 'fi' and documentnumber = 39
20241111@140924.3094 gr57n167dpmufl47bgabcrv6ig Query : select 1 valor from information_schema.tables where table_type='base table' and table_name='wstablefields'
20241111@140924.3108 gr57n167dpmufl47bgabcrv6ig Query : select fieldkey,fieldname,fieldtype,mandatory from wstablefields where tablename = 'fi2' and documentnumber = 39
20241111@140924.3116 gr57n167dpmufl47bgabcrv6ig Query : select top 1 convert(numeric(6,2),t.taxa) valor from taxasiva t where t.codigo='2'
20241111@140924.3129 gr57n167dpmufl47bgabcrv6ig Query : select sestamp valor from se where ref ='324.698.00.01' and lote = 'r2400061200a'
20241111@140924.3141 gr57n167dpmufl47bgabcrv6ig Query : select 1 valor from information_schema.tables where table_type='base table' and table_name='wstablefields'
20241111@140924.3157 gr57n167dpmufl47bgabcrv6ig Query : select fieldkey,fieldname,fieldtype,calcformula from wstablefields where tablename = 'fi2' and documentnumber = 39
20241111@140924.3167 gr57n167dpmufl47bgabcrv6ig Query : insert into wsfi2data (fi2stamp,ftstamp ,ousrdata, ousrhora, usrdata,usrhora,ousrinis,usrinis) values ('aut6732152955673210144c','aut673216856967321011aa' ,getdate(),convert(char(8),convert (time,getdate())),getdate(),convert(char(8),convert (time,getdate())),'wsv','wsv')
20241111@140924.3172 gr57n167dpmufl47bgabcrv6ig Query : select 1 valor from information_schema.tables where table_type='base table' and table_name='wstablefields'
20241111@140924.3186 gr57n167dpmufl47bgabcrv6ig Query : select fieldkey,fieldname,fieldtype,calcformula from wstablefields where tablename = 'fi' and documentnumber = 39
20241111@140924.3214 gr57n167dpmufl47bgabcrv6ig Query : insert into wsfidata (fistamp,ousrdata, ousrhora, usrdata,usrhora,ousrinis,usrinis ,qtt ,ftstamp ,epv,pvmoeda ,tabiva,iva,lordem ,ref, design ,lote,armazem,bistamp ) values ('aut6732152955673210144c',getdate(),convert(char(8),convert (time,getdate())),getdate(),convert(char(8),convert (time,getdate())),'wsv','wsv',14.000 ,'aut673216856967321011aa' ,0,0 ,2,23.00,480000,?,?,?,?,?)
20241111@140924.3536 gr57n167dpmufl47bgabcrv6ig Query : select 1 valor from information_schema.tables where table_type='base table' and table_name='wstablefields'
20241111@140924.3552 gr57n167dpmufl47bgabcrv6ig Query : select fieldkey,fieldname,fieldtype,mandatory from wstablefields where tablename = 'fi' and documentnumber = 39
20241111@140924.3833 gr57n167dpmufl47bgabcrv6ig Query : select 1 valor from information_schema.tables where table_type='base table' and table_name='wstablefields'
20241111@140924.3853 gr57n167dpmufl47bgabcrv6ig Query : select fieldkey,fieldname,fieldtype,mandatory from wstablefields where tablename = 'fi2' and documentnumber = 39
20241111@140924.3863 gr57n167dpmufl47bgabcrv6ig Query : select top 1 convert(numeric(6,2),t.taxa) valor from taxasiva t where t.codigo='2'
20241111@140924.3906 gr57n167dpmufl47bgabcrv6ig Query : select 1 valor from information_schema.tables where table_type='base table' and table_name='wstablefields'
20241111@140924.3922 gr57n167dpmufl47bgabcrv6ig Query : select fieldkey,fieldname,fieldtype,calcformula from wstablefields where tablename = 'fi2' and documentnumber = 39
20241111@140924.3934 gr57n167dpmufl47bgabcrv6ig Query : insert into wsfi2data (fi2stamp,ftstamp ,ousrdata, ousrhora, usrdata,usrhora,ousrinis,usrinis) values ('aut6732175100673210145f','aut673216856967321011aa' ,getdate(),convert(char(8),convert (time,getdate())),getdate(),convert(char(8),convert (time,getdate())),'wsv','wsv')
20241111@140924.3938 gr57n167dpmufl47bgabcrv6ig Query : select 1 valor from information_schema.tables where table_type='base table' and table_name='wstablefields'
20241111@140924.3952 gr57n167dpmufl47bgabcrv6ig Query : select fieldkey,fieldname,fieldtype,calcformula from wstablefields where tablename = 'fi' and documentnumber = 39
20241111@140924.3978 gr57n167dpmufl47bgabcrv6ig Query : insert into wsfidata (fistamp,ousrdata, ousrhora, usrdata,usrhora,ousrinis,usrinis ,qtt ,ftstamp ,epv,pvmoeda ,tabiva,iva,lordem ,ref, design ,armazem) values ('aut6732175100673210145f',getdate(),convert(char(8),convert (time,getdate())),getdate(),convert(char(8),convert (time,getdate())),'wsv','wsv',0 ,'aut673216856967321011aa' ,0,0 ,2,23.00,490000,?,?,?)
20241111@140924.4309 gr57n167dpmufl47bgabcrv6ig Query : insert into wsftcreationlog (initialftstamp,externalid,creationstatus,documenttypeid,idustamp) values ('aut673216856967321011aa','2407400','wait',39,'adm09112754980.682000002')
20241111@140924.4384 gr57n167dpmufl47bgabcrv6ig Query : use flama_phc
20241111@140924.4388 gr57n167dpmufl47bgabcrv6ig Query : update u_wsusers set rqsttoken =? where userid ='userls001'
20241111@140924.4422 gr57n167dpmufl47bgabcrv6ig Query : select concat(rtrim(relative_path),ltrim(name_new)) as valor from uploadfiles where uploadfile_id='3220';
20241111@140924.4458 gr57n167dpmufl47bgabcrv6ig Query : update uploadfiles set whenupdated=current_timestamp where uploadfile_id='3220';
20241111@140924.4508 gr57n167dpmufl47bgabcrv6ig Query : select concat(rtrim(relative_path),ltrim(name_new)) as valor from uploadfiles where uploadfile_id='3220';
20241111@140924.4540 gr57n167dpmufl47bgabcrv6ig Query : update uploadfiles set whenupdated=current_timestamp where uploadfile_id='3220';
20241111@140924.5071 36cg85kc49mupqlpvv3eijg8v5 Query : insert into uploadfiles ( name_original, name_new, option_type, relative_path, whencreated ) values ( ?, ?, ?, ?, getdate() )
20241111@140924.5082 36cg85kc49mupqlpvv3eijg8v5 Query : select uploadfile_id valor from uploadfiles where name_new = ? and option_type = ? 
20241111@140924.5144 36cg85kc49mupqlpvv3eijg8v5 Query : select concat(rtrim(relative_path),ltrim(name_new)) as valor from uploadfiles where uploadfile_id='3221';
20241111@140924.5202 36cg85kc49mupqlpvv3eijg8v5 Query : update uploadfiles set whenupdated=current_timestamp where uploadfile_id='3221';
20241111@140924.5267 36cg85kc49mupqlpvv3eijg8v5 Query : select concat(rtrim(relative_path),ltrim(name_new)) as valor from uploadfiles where uploadfile_id='3221';
20241111@140924.5397 36cg85kc49mupqlpvv3eijg8v5 Query : update uploadfiles set whenupdated=current_timestamp where uploadfile_id='3221';
20241111@140924.5520 36cg85kc49mupqlpvv3eijg8v5 Query : use flama_phc
20241111@140924.5524 36cg85kc49mupqlpvv3eijg8v5 Query : select top 1 secretkey valor from u_wsusers u where u.userid = ? and u.inactivo=0
20241111@140924.5711 36cg85kc49mupqlpvv3eijg8v5 Query : use flama_phc
20241111@140924.5715 36cg85kc49mupqlpvv3eijg8v5 Query : select no, estab,szadrsdesc from szadrs where u_coddest=4740
20241111@140924.5807 36cg85kc49mupqlpvv3eijg8v5 Query : select top 1 isnull(design,'') valor from st (nolock) left join stobs (nolock) on st.ref = stobs.ref where st.ref = '324.1805.00.1'
20241111@140924.5978 36cg85kc49mupqlpvv3eijg8v5 Query : select top 1 bistamp valor from bi inner join bo on bo.bostamp=bi.bostamp where bo.ndos =240 and bo.boano =2074 and bo.obrano = 2407401 and bi.ref ='324.1805.00.1' and bi.lordem =1
20241111@140924.6299 36cg85kc49mupqlpvv3eijg8v5 Query : select top 1 isnull(design,'') valor from st (nolock) left join stobs (nolock) on st.ref = stobs.ref where st.ref = '324.1805.00.1'
20241111@140924.6320 36cg85kc49mupqlpvv3eijg8v5 Query : select top 1 bistamp valor from bi inner join bo on bo.bostamp=bi.bostamp where bo.ndos =240 and bo.boano =2074 and bo.obrano = 2407401 and bi.ref ='324.1805.00.1' and bi.lordem =1
20241111@140924.6337 36cg85kc49mupqlpvv3eijg8v5 Query : select top 1 isnull(design,'') valor from st (nolock) left join stobs (nolock) on st.ref = stobs.ref where st.ref = '324.1805.00.1'
20241111@140924.6357 36cg85kc49mupqlpvv3eijg8v5 Query : select top 1 bistamp valor from bi inner join bo on bo.bostamp=bi.bostamp where bo.ndos =240 and bo.boano =2074 and bo.obrano = 2407401 and bi.ref ='324.1805.00.1' and bi.lordem =1
20241111@140924.6374 36cg85kc49mupqlpvv3eijg8v5 Query : select top 1 isnull(design,'') valor from st (nolock) left join stobs (nolock) on st.ref = stobs.ref where st.ref = '324.1805.00.1'
20241111@140924.6398 36cg85kc49mupqlpvv3eijg8v5 Query : select top 1 bistamp valor from bi inner join bo on bo.bostamp=bi.bostamp where bo.ndos =240 and bo.boano =2074 and bo.obrano = 2407401 and bi.ref ='324.1805.00.1' and bi.lordem =1
20241111@140924.6414 36cg85kc49mupqlpvv3eijg8v5 Query : select top 1 isnull(design,'') valor from st (nolock) left join stobs (nolock) on st.ref = stobs.ref where st.ref = '324.1805.00.1'
20241111@140924.6433 36cg85kc49mupqlpvv3eijg8v5 Query : select top 1 bistamp valor from bi inner join bo on bo.bostamp=bi.bostamp where bo.ndos =240 and bo.boano =2074 and bo.obrano = 2407401 and bi.ref ='324.1805.00.1' and bi.lordem =1
20241111@140924.6449 36cg85kc49mupqlpvv3eijg8v5 Query : select top 1 isnull(design,'') valor from st (nolock) left join stobs (nolock) on st.ref = stobs.ref where st.ref = '324.1805.00.1'
20241111@140924.6467 36cg85kc49mupqlpvv3eijg8v5 Query : select top 1 bistamp valor from bi inner join bo on bo.bostamp=bi.bostamp where bo.ndos =240 and bo.boano =2074 and bo.obrano = 2407401 and bi.ref ='324.1805.00.1' and bi.lordem =1
20241111@140924.6484 36cg85kc49mupqlpvv3eijg8v5 Query : use flama_phc
20241111@140924.6487 36cg85kc49mupqlpvv3eijg8v5 Query : select top 1 convert(date,fdata) valor from ft where ndoc = 39 and anulado= 0 and fno>0 order by fdata desc
20241111@140924.6516 36cg85kc49mupqlpvv3eijg8v5 Query : use flama_phc
20241111@140924.6519 36cg85kc49mupqlpvv3eijg8v5 Query : select top 1 1 valor from td where td.ndoc = 39
20241111@140924.6547 36cg85kc49mupqlpvv3eijg8v5 Query : use flama_phc
20241111@140924.6549 36cg85kc49mupqlpvv3eijg8v5 Query : select lower(descricao) descricao ,case when valor='s' then 1 else 0 end valor from para1 where descricao in ('st_lote','st_usalogifunc', 'st_grelha')
20241111@140924.6575 36cg85kc49mupqlpvv3eijg8v5 Query : select top 1 manternumero ,assinadoc issigned ,tiposaft ,assinaimp ,nmdos ,td.assinadoc ,'cl' origin ,lancasl stocks ,case when cmsl<50 and td.lancasl=1 then 1 else 0 end entrada ,case when cmsl>50 and td.lancasl=1 then 1 else 0 end saida ,temserie assets ,~semgre usegridfields from td inner join td2 on td.tdstamp=td2.td2stamp where td.ndoc = 1
20241111@140924.6611 36cg85kc49mupqlpvv3eijg8v5 Query : use flama_phc
20241111@140924.6613 36cg85kc49mupqlpvv3eijg8v5 Query : select top 1 ~inactivo valor from cl where no = '100810' and estab = 0 order by inactivo desc
20241111@140924.6742 36cg85kc49mupqlpvv3eijg8v5 Query : use flama_phc
20241111@140924.6745 36cg85kc49mupqlpvv3eijg8v5 Query : select top 1 tipodoc,regrd from td where ndoc = 39
20241111@140924.6773 36cg85kc49mupqlpvv3eijg8v5 Query : use flama_phc
20241111@140924.6776 36cg85kc49mupqlpvv3eijg8v5 Query : select szadrsstamp valor from szadrs where szadrsdesc='espaÇotrans,lda'
20241111@140924.6812 36cg85kc49mupqlpvv3eijg8v5 Query : use flama_phc
20241111@140924.6815 36cg85kc49mupqlpvv3eijg8v5 Query : select szadrsstamp valor from szadrs where szadrsdesc='100810 - worten-equipamentos para o lar,sa.'
20241111@140924.6867 36cg85kc49mupqlpvv3eijg8v5 Query : use flama_phc
20241111@140924.6870 36cg85kc49mupqlpvv3eijg8v5 Query : select 1 valor from td where ndoc = 39
20241111@140924.6886 36cg85kc49mupqlpvv3eijg8v5 Query : select top 1 manternumero, tiposaft, nmdos,td.assinadoc from td where td.ndoc = 39
20241111@140924.6901 36cg85kc49mupqlpvv3eijg8v5 Query : select 1 valor from information_schema.tables where table_type='base table' and table_name='wstablefields'
20241111@140924.6918 36cg85kc49mupqlpvv3eijg8v5 Query : select fieldkey,fieldname,fieldtype,mandatory from wstablefields where tablename = 'ft' and documentnumber = 39
20241111@140924.6937 36cg85kc49mupqlpvv3eijg8v5 Query : select 1 valor from information_schema.tables where table_type='base table' and table_name='wstablefields'
20241111@140924.6960 36cg85kc49mupqlpvv3eijg8v5 Query : select fieldkey,fieldname,fieldtype,mandatory from wstablefields where tablename = 'ft2' and documentnumber = 39
20241111@140924.6996 36cg85kc49mupqlpvv3eijg8v5 Query : select 1 valor from information_schema.tables where table_type='base table' and table_name='wstablefields'
20241111@140924.7013 36cg85kc49mupqlpvv3eijg8v5 Query : select fieldkey,fieldname,fieldtype,mandatory from wstablefields where tablename = 'ft3' and documentnumber = 39
20241111@140924.7026 36cg85kc49mupqlpvv3eijg8v5 Query : select top 1 ft.fno valor from ft ft where ft.ndoc = 39 and ftano=2024 order by fno desc
20241111@140924.7089 36cg85kc49mupqlpvv3eijg8v5 Query : select top 1 ft.fno valor from wsftdata ft where ft.ndoc = 39 and ftano=2024 order by fno desc
20241111@140924.7102 36cg85kc49mupqlpvv3eijg8v5 Query : select 1 valor from information_schema.tables where table_type='base table' and table_name='wstablefields'
20241111@140924.7117 36cg85kc49mupqlpvv3eijg8v5 Query : select fieldkey,fieldname,fieldtype,calcformula from wstablefields where tablename = 'ft3' and documentnumber = 39
20241111@140924.7132 36cg85kc49mupqlpvv3eijg8v5 Query : insert into wsft3data (ft3stamp, ousrdata, ousrhora, usrdata,usrhora,ousrinis,usrinis,taxpointdt ) values ('aut673210181267321014ab' ,getdate(),convert(char(8),convert (time,getdate())),getdate(),convert(char(8),convert (time,getdate())),'wsv','wsv',?)
20241111@140924.7333 36cg85kc49mupqlpvv3eijg8v5 Query : select 1 valor from information_schema.tables where table_type='base table' and table_name='wstablefields'
20241111@140924.7355 36cg85kc49mupqlpvv3eijg8v5 Query : select fieldkey,fieldname,fieldtype,calcformula from wstablefields where tablename = 'ft2' and documentnumber = 39
20241111@140924.7389 36cg85kc49mupqlpvv3eijg8v5 Query : select top 1 bo.u_nomeenv valor from bo where bo.bostamp=''
20241111@140924.7400 36cg85kc49mupqlpvv3eijg8v5 Query : select top 1 bo.u_moradaen valor from bo where bo.bostamp=''
20241111@140924.7412 36cg85kc49mupqlpvv3eijg8v5 Query : select top 1 bo.u_codposen valor from bo where bo.bostamp=''
20241111@140924.7424 36cg85kc49mupqlpvv3eijg8v5 Query : select top 1 bo.u_localenv valor from bo where bo.bostamp=''
20241111@140924.7435 36cg85kc49mupqlpvv3eijg8v5 Query : select top 1 bo.trab5 valor from bo where bo.bostamp=''
20241111@140924.7446 36cg85kc49mupqlpvv3eijg8v5 Query : select top 1 bo.serie valor from bo where bo.bostamp=''
20241111@140924.7457 36cg85kc49mupqlpvv3eijg8v5 Query : insert into wsft2data (ft2stamp, ousrdata,ousrhora, usrdata,usrhora,ousrinis,usrinis,u_nomeenv ,u_moradaen ,u_codposen ,u_localenv ,u_coddest ,u_codby ) values ('aut673210181267321014ab',getdate(),convert(char(8),convert (time,getdate())),getdate(),convert(char(8),convert (time,getdate())),'wsv','wsv',?,?,?,?,?,?)
20241111@140924.7745 36cg85kc49mupqlpvv3eijg8v5 Query : select top 1 fno valor from wsftdata order by fno desc
20241111@140924.7772 36cg85kc49mupqlpvv3eijg8v5 Query : select 1 valor from information_schema.tables where table_type='base table' and table_name='wstablefields'
20241111@140924.7951 36cg85kc49mupqlpvv3eijg8v5 Query : select fieldkey,fieldname,fieldtype,calcformula from wstablefields where tablename = 'ft' and documentnumber = 39
20241111@140924.8038 36cg85kc49mupqlpvv3eijg8v5 Query : select 'normal' from dummy
20241111@140924.8053 36cg85kc49mupqlpvv3eijg8v5 Query : insert into wsftdata (ftstamp, ousrdata,ousrhora, usrdata,usrhora,ousrinis,usrinis,fno,no,estab,fdata,ndoc,moeda,cambio,cambiofixo,ftano,site ,classe ) values ('aut673210181267321014ab',getdate(),convert(char(8),convert (time,getdate())),getdate(),convert(char(8),convert (time,getdate())),'wsv','wsv',1782,100810,0,'2024-11-11',39,'euro',0,0,2024 ,?,?)
20241111@140924.8398 36cg85kc49mupqlpvv3eijg8v5 Query : use flama_phc
20241111@140924.8401 36cg85kc49mupqlpvv3eijg8v5 Query : select st.usalote valor from st where st.ref = '324.1805.00.1'
20241111@140924.8423 36cg85kc49mupqlpvv3eijg8v5 Query : select top 1 st.tabiva ,st.ivaincl ,st.stns ,st.uni2 ,st.familia ,isnull(tx.taxa, 0) txiva ,unidade ,usalote ,epcpond ,noserie ,conversao ,st.texteis from st left join taxasiva tx on st.tabiva = tx.codigo where st.ref = '324.1805.00.1'
20241111@140924.8585 36cg85kc49mupqlpvv3eijg8v5 Query : select 1 valor from information_schema.tables where table_type='base table' and table_name='wstablefields'
20241111@140924.8602 36cg85kc49mupqlpvv3eijg8v5 Query : select fieldkey,fieldname,fieldtype,mandatory from wstablefields where tablename = 'fi' and documentnumber = 39
20241111@140924.8626 36cg85kc49mupqlpvv3eijg8v5 Query : select 1 valor from information_schema.tables where table_type='base table' and table_name='wstablefields'
20241111@140924.8640 36cg85kc49mupqlpvv3eijg8v5 Query : select fieldkey,fieldname,fieldtype,mandatory from wstablefields where tablename = 'fi2' and documentnumber = 39
20241111@140924.8648 36cg85kc49mupqlpvv3eijg8v5 Query : select top 1 convert(numeric(6,2),t.taxa) valor from taxasiva t where t.codigo='2'
20241111@140924.8659 36cg85kc49mupqlpvv3eijg8v5 Query : select sestamp valor from se where ref ='324.1805.00.1' and lote = 'r2400291200a'
20241111@140924.8675 36cg85kc49mupqlpvv3eijg8v5 Query : select 1 valor from information_schema.tables where table_type='base table' and table_name='wstablefields'
20241111@140924.8689 36cg85kc49mupqlpvv3eijg8v5 Query : select fieldkey,fieldname,fieldtype,calcformula from wstablefields where tablename = 'fi2' and documentnumber = 39
20241111@140924.8700 36cg85kc49mupqlpvv3eijg8v5 Query : insert into wsfi2data (fi2stamp,ftstamp ,ousrdata, ousrhora, usrdata,usrhora,ousrinis,usrinis) values ('aut673210690667321014d3','aut673210181267321014ab' ,getdate(),convert(char(8),convert (time,getdate())),getdate(),convert(char(8),convert (time,getdate())),'wsv','wsv')
20241111@140924.8718 36cg85kc49mupqlpvv3eijg8v5 Query : select 1 valor from information_schema.tables where table_type='base table' and table_name='wstablefields'
20241111@140924.8733 36cg85kc49mupqlpvv3eijg8v5 Query : select fieldkey,fieldname,fieldtype,calcformula from wstablefields where tablename = 'fi' and documentnumber = 39
20241111@140924.8773 36cg85kc49mupqlpvv3eijg8v5 Query : insert into wsfidata (fistamp,ousrdata, ousrhora, usrdata,usrhora,ousrinis,usrinis ,qtt ,ftstamp ,epv,pvmoeda ,tabiva,iva,lordem ,ref, design ,lote,armazem,bistamp ) values ('aut673210690667321014d3',getdate(),convert(char(8),convert (time,getdate())),getdate(),convert(char(8),convert (time,getdate())),'wsv','wsv',2.000 ,'aut673210181267321014ab' ,0,0 ,2,23.00,10000,?,?,?,?,?)
20241111@140924.9067 36cg85kc49mupqlpvv3eijg8v5 Query : use flama_phc
20241111@140924.9071 36cg85kc49mupqlpvv3eijg8v5 Query : select st.usalote valor from st where st.ref = '324.1805.00.1'
20241111@140924.9092 36cg85kc49mupqlpvv3eijg8v5 Query : select top 1 st.tabiva ,st.ivaincl ,st.stns ,st.uni2 ,st.familia ,isnull(tx.taxa, 0) txiva ,unidade ,usalote ,epcpond ,noserie ,conversao ,st.texteis from st left join taxasiva tx on st.tabiva = tx.codigo where st.ref = '324.1805.00.1'
20241111@140924.9107 36cg85kc49mupqlpvv3eijg8v5 Query : select 1 valor from information_schema.tables where table_type='base table' and table_name='wstablefields'
20241111@140924.9123 36cg85kc49mupqlpvv3eijg8v5 Query : select fieldkey,fieldname,fieldtype,mandatory from wstablefields where tablename = 'fi' and documentnumber = 39
20241111@140924.9148 36cg85kc49mupqlpvv3eijg8v5 Query : select 1 valor from information_schema.tables where table_type='base table' and table_name='wstablefields'
20241111@140924.9163 36cg85kc49mupqlpvv3eijg8v5 Query : select fieldkey,fieldname,fieldtype,mandatory from wstablefields where tablename = 'fi2' and documentnumber = 39
20241111@140924.9172 36cg85kc49mupqlpvv3eijg8v5 Query : select top 1 convert(numeric(6,2),t.taxa) valor from taxasiva t where t.codigo='2'
20241111@140924.9184 36cg85kc49mupqlpvv3eijg8v5 Query : select sestamp valor from se where ref ='324.1805.00.1' and lote = 'r2400291200a'
20241111@140924.9196 36cg85kc49mupqlpvv3eijg8v5 Query : select 1 valor from information_schema.tables where table_type='base table' and table_name='wstablefields'
20241111@140924.9211 36cg85kc49mupqlpvv3eijg8v5 Query : select fieldkey,fieldname,fieldtype,calcformula from wstablefields where tablename = 'fi2' and documentnumber = 39
20241111@140924.9223 36cg85kc49mupqlpvv3eijg8v5 Query : insert into wsfi2data (fi2stamp,ftstamp ,ousrdata, ousrhora, usrdata,usrhora,ousrinis,usrinis) values ('aut673210157567321014e0','aut673210181267321014ab' ,getdate(),convert(char(8),convert (time,getdate())),getdate(),convert(char(8),convert (time,getdate())),'wsv','wsv')
20241111@140924.9228 36cg85kc49mupqlpvv3eijg8v5 Query : select 1 valor from information_schema.tables where table_type='base table' and table_name='wstablefields'
20241111@140924.9243 36cg85kc49mupqlpvv3eijg8v5 Query : select fieldkey,fieldname,fieldtype,calcformula from wstablefields where tablename = 'fi' and documentnumber = 39
20241111@140924.9270 36cg85kc49mupqlpvv3eijg8v5 Query : insert into wsfidata (fistamp,ousrdata, ousrhora, usrdata,usrhora,ousrinis,usrinis ,qtt ,ftstamp ,epv,pvmoeda ,tabiva,iva,lordem ,ref, design ,lote,armazem,bistamp ) values ('aut673210157567321014e0',getdate(),convert(char(8),convert (time,getdate())),getdate(),convert(char(8),convert (time,getdate())),'wsv','wsv',2.000 ,'aut673210181267321014ab' ,0,0 ,2,23.00,20000,?,?,?,?,?)
20241111@140924.9573 36cg85kc49mupqlpvv3eijg8v5 Query : use flama_phc
20241111@140924.9577 36cg85kc49mupqlpvv3eijg8v5 Query : select st.usalote valor from st where st.ref = '324.1805.00.1'
20241111@140924.9598 36cg85kc49mupqlpvv3eijg8v5 Query : select top 1 st.tabiva ,st.ivaincl ,st.stns ,st.uni2 ,st.familia ,isnull(tx.taxa, 0) txiva ,unidade ,usalote ,epcpond ,noserie ,conversao ,st.texteis from st left join taxasiva tx on st.tabiva = tx.codigo where st.ref = '324.1805.00.1'
20241111@140924.9611 36cg85kc49mupqlpvv3eijg8v5 Query : select 1 valor from information_schema.tables where table_type='base table' and table_name='wstablefields'
20241111@140924.9627 36cg85kc49mupqlpvv3eijg8v5 Query : select fieldkey,fieldname,fieldtype,mandatory from wstablefields where tablename = 'fi' and documentnumber = 39
20241111@140924.9651 36cg85kc49mupqlpvv3eijg8v5 Query : select 1 valor from information_schema.tables where table_type='base table' and table_name='wstablefields'
20241111@140924.9664 36cg85kc49mupqlpvv3eijg8v5 Query : select fieldkey,fieldname,fieldtype,mandatory from wstablefields where tablename = 'fi2' and documentnumber = 39
20241111@140924.9672 36cg85kc49mupqlpvv3eijg8v5 Query : select top 1 convert(numeric(6,2),t.taxa) valor from taxasiva t where t.codigo='2'
20241111@140924.9683 36cg85kc49mupqlpvv3eijg8v5 Query : select sestamp valor from se where ref ='324.1805.00.1' and lote = 'r2400291200a'
20241111@140924.9695 36cg85kc49mupqlpvv3eijg8v5 Query : select 1 valor from information_schema.tables where table_type='base table' and table_name='wstablefields'
20241111@140924.9709 36cg85kc49mupqlpvv3eijg8v5 Query : select fieldkey,fieldname,fieldtype,calcformula from wstablefields where tablename = 'fi2' and documentnumber = 39
20241111@140924.9723 36cg85kc49mupqlpvv3eijg8v5 Query : insert into wsfi2data (fi2stamp,ftstamp ,ousrdata, ousrhora, usrdata,usrhora,ousrinis,usrinis) values ('aut673219867967321014ec','aut673210181267321014ab' ,getdate(),convert(char(8),convert (time,getdate())),getdate(),convert(char(8),convert (time,getdate())),'wsv','wsv')
20241111@140924.9728 36cg85kc49mupqlpvv3eijg8v5 Query : select 1 valor from information_schema.tables where table_type='base table' and table_name='wstablefields'
20241111@140924.9742 36cg85kc49mupqlpvv3eijg8v5 Query : select fieldkey,fieldname,fieldtype,calcformula from wstablefields where tablename = 'fi' and documentnumber = 39
20241111@140924.9767 36cg85kc49mupqlpvv3eijg8v5 Query : insert into wsfidata (fistamp,ousrdata, ousrhora, usrdata,usrhora,ousrinis,usrinis ,qtt ,ftstamp ,epv,pvmoeda ,tabiva,iva,lordem ,ref, design ,lote,armazem,bistamp ) values ('aut673219867967321014ec',getdate(),convert(char(8),convert (time,getdate())),getdate(),convert(char(8),convert (time,getdate())),'wsv','wsv',14.000 ,'aut673210181267321014ab' ,0,0 ,2,23.00,30000,?,?,?,?,?)
20241111@140925.5400 36cg85kc49mupqlpvv3eijg8v5 Query : use flama_phc
20241111@140925.5700 36cg85kc49mupqlpvv3eijg8v5 Query : select st.usalote valor from st where st.ref = '324.1805.00.1'
20241111@140925.7800 36cg85kc49mupqlpvv3eijg8v5 Query : select top 1 st.tabiva ,st.ivaincl ,st.stns ,st.uni2 ,st.familia ,isnull(tx.taxa, 0) txiva ,unidade ,usalote ,epcpond ,noserie ,conversao ,st.texteis from st left join taxasiva tx on st.tabiva = tx.codigo where st.ref = '324.1805.00.1'
20241111@140925.9300 36cg85kc49mupqlpvv3eijg8v5 Query : select 1 valor from information_schema.tables where table_type='base table' and table_name='wstablefields'
20241111@140925.1090 36cg85kc49mupqlpvv3eijg8v5 Query : select fieldkey,fieldname,fieldtype,mandatory from wstablefields where tablename = 'fi' and documentnumber = 39
20241111@140925.1330 36cg85kc49mupqlpvv3eijg8v5 Query : select 1 valor from information_schema.tables where table_type='base table' and table_name='wstablefields'
20241111@140925.1480 36cg85kc49mupqlpvv3eijg8v5 Query : select fieldkey,fieldname,fieldtype,mandatory from wstablefields where tablename = 'fi2' and documentnumber = 39
20241111@140925.1550 36cg85kc49mupqlpvv3eijg8v5 Query : select top 1 convert(numeric(6,2),t.taxa) valor from taxasiva t where t.codigo='2'
20241111@140925.1660 36cg85kc49mupqlpvv3eijg8v5 Query : select sestamp valor from se where ref ='324.1805.00.1' and lote = 'r2400291200a'
20241111@140925.1780 36cg85kc49mupqlpvv3eijg8v5 Query : select 1 valor from information_schema.tables where table_type='base table' and table_name='wstablefields'
20241111@140925.1910 36cg85kc49mupqlpvv3eijg8v5 Query : select fieldkey,fieldname,fieldtype,calcformula from wstablefields where tablename = 'fi2' and documentnumber = 39
20241111@140925.2060 36cg85kc49mupqlpvv3eijg8v5 Query : insert into wsfi2data (fi2stamp,ftstamp ,ousrdata, ousrhora, usrdata,usrhora,ousrinis,usrinis) values ('aut67321878886732101504','aut673210181267321014ab' ,getdate(),convert(char(8),convert (time,getdate())),getdate(),convert(char(8),convert (time,getdate())),'wsv','wsv')
20241111@140925.2100 36cg85kc49mupqlpvv3eijg8v5 Query : select 1 valor from information_schema.tables where table_type='base table' and table_name='wstablefields'
20241111@140925.2290 36cg85kc49mupqlpvv3eijg8v5 Query : select fieldkey,fieldname,fieldtype,calcformula from wstablefields where tablename = 'fi' and documentnumber = 39
20241111@140925.2550 36cg85kc49mupqlpvv3eijg8v5 Query : insert into wsfidata (fistamp,ousrdata, ousrhora, usrdata,usrhora,ousrinis,usrinis ,qtt ,ftstamp ,epv,pvmoeda ,tabiva,iva,lordem ,ref, design ,lote,armazem,bistamp ) values ('aut67321878886732101504',getdate(),convert(char(8),convert (time,getdate())),getdate(),convert(char(8),convert (time,getdate())),'wsv','wsv',14.000 ,'aut673210181267321014ab' ,0,0 ,2,23.00,40000,?,?,?,?,?)
20241111@140925.5590 36cg85kc49mupqlpvv3eijg8v5 Query : use flama_phc
20241111@140925.5830 36cg85kc49mupqlpvv3eijg8v5 Query : select st.usalote valor from st where st.ref = '324.1805.00.1'
20241111@140925.6090 36cg85kc49mupqlpvv3eijg8v5 Query : select top 1 st.tabiva ,st.ivaincl ,st.stns ,st.uni2 ,st.familia ,isnull(tx.taxa, 0) txiva ,unidade ,usalote ,epcpond ,noserie ,conversao ,st.texteis from st left join taxasiva tx on st.tabiva = tx.codigo where st.ref = '324.1805.00.1'
20241111@140925.7590 36cg85kc49mupqlpvv3eijg8v5 Query : select 1 valor from information_schema.tables where table_type='base table' and table_name='wstablefields'
20241111@140925.7750 36cg85kc49mupqlpvv3eijg8v5 Query : select fieldkey,fieldname,fieldtype,mandatory from wstablefields where tablename = 'fi' and documentnumber = 39
20241111@140925.8000 36cg85kc49mupqlpvv3eijg8v5 Query : select 1 valor from information_schema.tables where table_type='base table' and table_name='wstablefields'
20241111@140925.8150 36cg85kc49mupqlpvv3eijg8v5 Query : select fieldkey,fieldname,fieldtype,mandatory from wstablefields where tablename = 'fi2' and documentnumber = 39
20241111@140925.8230 36cg85kc49mupqlpvv3eijg8v5 Query : select top 1 convert(numeric(6,2),t.taxa) valor from taxasiva t where t.codigo='2'
20241111@140925.8460 36cg85kc49mupqlpvv3eijg8v5 Query : select sestamp valor from se where ref ='324.1805.00.1' and lote = 'r2400291200a'
20241111@140925.8580 36cg85kc49mupqlpvv3eijg8v5 Query : select 1 valor from information_schema.tables where table_type='base table' and table_name='wstablefields'
20241111@140925.8790 36cg85kc49mupqlpvv3eijg8v5 Query : select fieldkey,fieldname,fieldtype,calcformula from wstablefields where tablename = 'fi2' and documentnumber = 39
20241111@140925.8900 36cg85kc49mupqlpvv3eijg8v5 Query : insert into wsfi2data (fi2stamp,ftstamp ,ousrdata, ousrhora, usrdata,usrhora,ousrinis,usrinis) values ('aut67321247896732101514','aut673210181267321014ab' ,getdate(),convert(char(8),convert (time,getdate())),getdate(),convert(char(8),convert (time,getdate())),'wsv','wsv')
20241111@140925.8940 36cg85kc49mupqlpvv3eijg8v5 Query : select 1 valor from information_schema.tables where table_type='base table' and table_name='wstablefields'
20241111@140925.9090 36cg85kc49mupqlpvv3eijg8v5 Query : select fieldkey,fieldname,fieldtype,calcformula from wstablefields where tablename = 'fi' and documentnumber = 39
20241111@140925.9540 36cg85kc49mupqlpvv3eijg8v5 Query : insert into wsfidata (fistamp,ousrdata, ousrhora, usrdata,usrhora,ousrinis,usrinis ,qtt ,ftstamp ,epv,pvmoeda ,tabiva,iva,lordem ,ref, design ,lote,armazem,bistamp ) values ('aut67321247896732101514',getdate(),convert(char(8),convert (time,getdate())),getdate(),convert(char(8),convert (time,getdate())),'wsv','wsv',14.000 ,'aut673210181267321014ab' ,0,0 ,2,23.00,50000,?,?,?,?,?)
20241111@140925.1236 36cg85kc49mupqlpvv3eijg8v5 Query : use flama_phc
20241111@140925.1241 36cg85kc49mupqlpvv3eijg8v5 Query : select st.usalote valor from st where st.ref = '324.1805.00.1'
20241111@140925.1262 36cg85kc49mupqlpvv3eijg8v5 Query : select top 1 st.tabiva ,st.ivaincl ,st.stns ,st.uni2 ,st.familia ,isnull(tx.taxa, 0) txiva ,unidade ,usalote ,epcpond ,noserie ,conversao ,st.texteis from st left join taxasiva tx on st.tabiva = tx.codigo where st.ref = '324.1805.00.1'
20241111@140925.1280 36cg85kc49mupqlpvv3eijg8v5 Query : select 1 valor from information_schema.tables where table_type='base table' and table_name='wstablefields'
20241111@140925.1299 36cg85kc49mupqlpvv3eijg8v5 Query : select fieldkey,fieldname,fieldtype,mandatory from wstablefields where tablename = 'fi' and documentnumber = 39
20241111@140925.1328 36cg85kc49mupqlpvv3eijg8v5 Query : select 1 valor from information_schema.tables where table_type='base table' and table_name='wstablefields'
20241111@140925.1343 36cg85kc49mupqlpvv3eijg8v5 Query : select fieldkey,fieldname,fieldtype,mandatory from wstablefields where tablename = 'fi2' and documentnumber = 39
20241111@140925.1351 36cg85kc49mupqlpvv3eijg8v5 Query : select top 1 convert(numeric(6,2),t.taxa) valor from taxasiva t where t.codigo='2'
20241111@140925.1373 36cg85kc49mupqlpvv3eijg8v5 Query : select sestamp valor from se where ref ='324.1805.00.1' and lote = 'r2400291200a'
20241111@140925.1386 36cg85kc49mupqlpvv3eijg8v5 Query : select 1 valor from information_schema.tables where table_type='base table' and table_name='wstablefields'
20241111@140925.1400 36cg85kc49mupqlpvv3eijg8v5 Query : select fieldkey,fieldname,fieldtype,calcformula from wstablefields where tablename = 'fi2' and documentnumber = 39
20241111@140925.1418 36cg85kc49mupqlpvv3eijg8v5 Query : insert into wsfi2data (fi2stamp,ftstamp ,ousrdata, ousrhora, usrdata,usrhora,ousrinis,usrinis) values ('aut67321474326732101521','aut673210181267321014ab' ,getdate(),convert(char(8),convert (time,getdate())),getdate(),convert(char(8),convert (time,getdate())),'wsv','wsv')
20241111@140925.1423 36cg85kc49mupqlpvv3eijg8v5 Query : select 1 valor from information_schema.tables where table_type='base table' and table_name='wstablefields'
20241111@140925.1621 36cg85kc49mupqlpvv3eijg8v5 Query : select fieldkey,fieldname,fieldtype,calcformula from wstablefields where tablename = 'fi' and documentnumber = 39
20241111@140925.1652 36cg85kc49mupqlpvv3eijg8v5 Query : insert into wsfidata (fistamp,ousrdata, ousrhora, usrdata,usrhora,ousrinis,usrinis ,qtt ,ftstamp ,epv,pvmoeda ,tabiva,iva,lordem ,ref, design ,lote,armazem,bistamp ) values ('aut67321474326732101521',getdate(),convert(char(8),convert (time,getdate())),getdate(),convert(char(8),convert (time,getdate())),'wsv','wsv',14.000 ,'aut673210181267321014ab' ,0,0 ,2,23.00,60000,?,?,?,?,?)
20241111@140925.1972 36cg85kc49mupqlpvv3eijg8v5 Query : insert into wsftcreationlog (initialftstamp,externalid,creationstatus,documenttypeid,idustamp) values ('aut673210181267321014ab','2407401','wait',39,'adm09112754980.682000002')
20241111@140925.2201 36cg85kc49mupqlpvv3eijg8v5 Query : use flama_phc
20241111@140925.2205 36cg85kc49mupqlpvv3eijg8v5 Query : update u_wsusers set rqsttoken =? where userid ='userls001'
20241111@140925.2234 36cg85kc49mupqlpvv3eijg8v5 Query : select concat(rtrim(relative_path),ltrim(name_new)) as valor from uploadfiles where uploadfile_id='3221';
20241111@140925.2281 36cg85kc49mupqlpvv3eijg8v5 Query : update uploadfiles set whenupdated=current_timestamp where uploadfile_id='3221';
20241111@140925.2337 36cg85kc49mupqlpvv3eijg8v5 Query : select concat(rtrim(relative_path),ltrim(name_new)) as valor from uploadfiles where uploadfile_id='3221';
20241111@140925.2381 36cg85kc49mupqlpvv3eijg8v5 Query : update uploadfiles set whenupdated=current_timestamp where uploadfile_id='3221';
20241111@140925.2910 kuv9khkp1tj2626l5g9idcgfct Query : insert into uploadfiles ( name_original, name_new, option_type, relative_path, whencreated ) values ( ?, ?, ?, ?, getdate() )
20241111@140925.2925 kuv9khkp1tj2626l5g9idcgfct Query : select uploadfile_id valor from uploadfiles where name_new = ? and option_type = ? 
20241111@140925.3150 kuv9khkp1tj2626l5g9idcgfct Query : select concat(rtrim(relative_path),ltrim(name_new)) as valor from uploadfiles where uploadfile_id='3222';
20241111@140925.3214 kuv9khkp1tj2626l5g9idcgfct Query : update uploadfiles set whenupdated=current_timestamp where uploadfile_id='3222';
20241111@140925.3318 kuv9khkp1tj2626l5g9idcgfct Query : select concat(rtrim(relative_path),ltrim(name_new)) as valor from uploadfiles where uploadfile_id='3222';
20241111@140925.3383 kuv9khkp1tj2626l5g9idcgfct Query : update uploadfiles set whenupdated=current_timestamp where uploadfile_id='3222';
20241111@140925.3483 kuv9khkp1tj2626l5g9idcgfct Query : use flama_phc
20241111@140925.3487 kuv9khkp1tj2626l5g9idcgfct Query : select top 1 secretkey valor from u_wsusers u where u.userid = ? and u.inactivo=0
20241111@140925.3607 kuv9khkp1tj2626l5g9idcgfct Query : use flama_phc
20241111@140925.3610 kuv9khkp1tj2626l5g9idcgfct Query : select no, estab,szadrsdesc from szadrs where u_coddest=4740
20241111@140925.3666 kuv9khkp1tj2626l5g9idcgfct Query : select top 1 isnull(design,'') valor from st (nolock) left join stobs (nolock) on st.ref = stobs.ref where st.ref = '324.1832.00.2'
20241111@140925.3845 kuv9khkp1tj2626l5g9idcgfct Query : select top 1 bistamp valor from bi inner join bo on bo.bostamp=bi.bostamp where bo.ndos =240 and bo.boano =2074 and bo.obrano = 2407402 and bi.ref ='324.1832.00.2' and bi.lordem =1
20241111@140925.4656 kuv9khkp1tj2626l5g9idcgfct Query : select top 1 isnull(design,'') valor from st (nolock) left join stobs (nolock) on st.ref = stobs.ref where st.ref = '324.1832.00.2'
20241111@140925.4682 kuv9khkp1tj2626l5g9idcgfct Query : select top 1 bistamp valor from bi inner join bo on bo.bostamp=bi.bostamp where bo.ndos =240 and bo.boano =2074 and bo.obrano = 2407402 and bi.ref ='324.1832.00.2' and bi.lordem =1
20241111@140925.4701 kuv9khkp1tj2626l5g9idcgfct Query : select top 1 isnull(design,'') valor from st (nolock) left join stobs (nolock) on st.ref = stobs.ref where st.ref = '324.1832.00.2'
20241111@140925.4724 kuv9khkp1tj2626l5g9idcgfct Query : select top 1 bistamp valor from bi inner join bo on bo.bostamp=bi.bostamp where bo.ndos =240 and bo.boano =2074 and bo.obrano = 2407402 and bi.ref ='324.1832.00.2' and bi.lordem =1
20241111@140925.4743 kuv9khkp1tj2626l5g9idcgfct Query : select top 1 isnull(design,'') valor from st (nolock) left join stobs (nolock) on st.ref = stobs.ref where st.ref = '324.1832.00.2'
20241111@140925.4783 kuv9khkp1tj2626l5g9idcgfct Query : select top 1 bistamp valor from bi inner join bo on bo.bostamp=bi.bostamp where bo.ndos =240 and bo.boano =2074 and bo.obrano = 2407402 and bi.ref ='324.1832.00.2' and bi.lordem =1
20241111@140925.4805 kuv9khkp1tj2626l5g9idcgfct Query : use flama_phc
20241111@140925.4808 kuv9khkp1tj2626l5g9idcgfct Query : select top 1 convert(date,fdata) valor from ft where ndoc = 39 and anulado= 0 and fno>0 order by fdata desc
20241111@140925.4867 kuv9khkp1tj2626l5g9idcgfct Query : use flama_phc
20241111@140925.4871 kuv9khkp1tj2626l5g9idcgfct Query : select top 1 1 valor from td where td.ndoc = 39
20241111@140925.5165 kuv9khkp1tj2626l5g9idcgfct Query : use flama_phc
20241111@140925.5188 kuv9khkp1tj2626l5g9idcgfct Query : select lower(descricao) descricao ,case when valor='s' then 1 else 0 end valor from para1 where descricao in ('st_lote','st_usalogifunc', 'st_grelha')
20241111@140925.5224 kuv9khkp1tj2626l5g9idcgfct Query : select top 1 manternumero ,assinadoc issigned ,tiposaft ,assinaimp ,nmdos ,td.assinadoc ,'cl' origin ,lancasl stocks ,case when cmsl<50 and td.lancasl=1 then 1 else 0 end entrada ,case when cmsl>50 and td.lancasl=1 then 1 else 0 end saida ,temserie assets ,~semgre usegridfields from td inner join td2 on td.tdstamp=td2.td2stamp where td.ndoc = 1
20241111@140925.5266 kuv9khkp1tj2626l5g9idcgfct Query : use flama_phc
20241111@140925.5269 kuv9khkp1tj2626l5g9idcgfct Query : select top 1 ~inactivo valor from cl where no = '100810' and estab = 0 order by inactivo desc
20241111@140925.5326 kuv9khkp1tj2626l5g9idcgfct Query : use flama_phc
20241111@140925.5329 kuv9khkp1tj2626l5g9idcgfct Query : select top 1 tipodoc,regrd from td where ndoc = 39
20241111@140925.5368 kuv9khkp1tj2626l5g9idcgfct Query : use flama_phc
20241111@140925.5371 kuv9khkp1tj2626l5g9idcgfct Query : select szadrsstamp valor from szadrs where szadrsdesc='espaÇotrans,lda'
20241111@140925.5423 kuv9khkp1tj2626l5g9idcgfct Query : use flama_phc
20241111@140925.5426 kuv9khkp1tj2626l5g9idcgfct Query : select szadrsstamp valor from szadrs where szadrsdesc='100810 - worten-equipamentos para o lar,sa.'
20241111@140925.5486 kuv9khkp1tj2626l5g9idcgfct Query : use flama_phc
20241111@140925.5489 kuv9khkp1tj2626l5g9idcgfct Query : select 1 valor from td where ndoc = 39
20241111@140925.5502 kuv9khkp1tj2626l5g9idcgfct Query : select top 1 manternumero, tiposaft, nmdos,td.assinadoc from td where td.ndoc = 39
20241111@140925.5515 kuv9khkp1tj2626l5g9idcgfct Query : select 1 valor from information_schema.tables where table_type='base table' and table_name='wstablefields'
20241111@140925.5531 kuv9khkp1tj2626l5g9idcgfct Query : select fieldkey,fieldname,fieldtype,mandatory from wstablefields where tablename = 'ft' and documentnumber = 39
20241111@140925.5558 kuv9khkp1tj2626l5g9idcgfct Query : select 1 valor from information_schema.tables where table_type='base table' and table_name='wstablefields'
20241111@140925.5573 kuv9khkp1tj2626l5g9idcgfct Query : select fieldkey,fieldname,fieldtype,mandatory from wstablefields where tablename = 'ft2' and documentnumber = 39
20241111@140925.5598 kuv9khkp1tj2626l5g9idcgfct Query : select 1 valor from information_schema.tables where table_type='base table' and table_name='wstablefields'
20241111@140925.5612 kuv9khkp1tj2626l5g9idcgfct Query : select fieldkey,fieldname,fieldtype,mandatory from wstablefields where tablename = 'ft3' and documentnumber = 39
20241111@140925.5628 kuv9khkp1tj2626l5g9idcgfct Query : select top 1 ft.fno valor from ft ft where ft.ndoc = 39 and ftano=2024 order by fno desc
20241111@140925.5688 kuv9khkp1tj2626l5g9idcgfct Query : select top 1 ft.fno valor from wsftdata ft where ft.ndoc = 39 and ftano=2024 order by fno desc
20241111@140925.5740 kuv9khkp1tj2626l5g9idcgfct Query : select 1 valor from information_schema.tables where table_type='base table' and table_name='wstablefields'
20241111@140925.5756 kuv9khkp1tj2626l5g9idcgfct Query : select fieldkey,fieldname,fieldtype,calcformula from wstablefields where tablename = 'ft3' and documentnumber = 39
20241111@140925.5771 kuv9khkp1tj2626l5g9idcgfct Query : insert into wsft3data (ft3stamp, ousrdata, ousrhora, usrdata,usrhora,ousrinis,usrinis,taxpointdt ) values ('aut67321459776732101589' ,getdate(),convert(char(8),convert (time,getdate())),getdate(),convert(char(8),convert (time,getdate())),'wsv','wsv',?)
20241111@140925.5990 kuv9khkp1tj2626l5g9idcgfct Query : select 1 valor from information_schema.tables where table_type='base table' and table_name='wstablefields'
20241111@140925.6008 kuv9khkp1tj2626l5g9idcgfct Query : select fieldkey,fieldname,fieldtype,calcformula from wstablefields where tablename = 'ft2' and documentnumber = 39
20241111@140925.6039 kuv9khkp1tj2626l5g9idcgfct Query : select top 1 bo.u_nomeenv valor from bo where bo.bostamp=''
20241111@140925.6050 kuv9khkp1tj2626l5g9idcgfct Query : select top 1 bo.u_moradaen valor from bo where bo.bostamp=''
20241111@140925.6063 kuv9khkp1tj2626l5g9idcgfct Query : select top 1 bo.u_codposen valor from bo where bo.bostamp=''
20241111@140925.6074 kuv9khkp1tj2626l5g9idcgfct Query : select top 1 bo.u_localenv valor from bo where bo.bostamp=''
20241111@140925.6085 kuv9khkp1tj2626l5g9idcgfct Query : select top 1 bo.trab5 valor from bo where bo.bostamp=''
20241111@140925.6097 kuv9khkp1tj2626l5g9idcgfct Query : select top 1 bo.serie valor from bo where bo.bostamp=''
20241111@140925.6107 kuv9khkp1tj2626l5g9idcgfct Query : insert into wsft2data (ft2stamp, ousrdata,ousrhora, usrdata,usrhora,ousrinis,usrinis,u_nomeenv ,u_moradaen ,u_codposen ,u_localenv ,u_coddest ,u_codby ) values ('aut67321459776732101589',getdate(),convert(char(8),convert (time,getdate())),getdate(),convert(char(8),convert (time,getdate())),'wsv','wsv',?,?,?,?,?,?)
20241111@140925.6380 kuv9khkp1tj2626l5g9idcgfct Query : select top 1 fno valor from wsftdata order by fno desc
20241111@140925.6408 kuv9khkp1tj2626l5g9idcgfct Query : select 1 valor from information_schema.tables where table_type='base table' and table_name='wstablefields'
20241111@140925.6424 kuv9khkp1tj2626l5g9idcgfct Query : select fieldkey,fieldname,fieldtype,calcformula from wstablefields where tablename = 'ft' and documentnumber = 39
20241111@140925.6445 kuv9khkp1tj2626l5g9idcgfct Query : select 'normal' from dummy
20241111@140925.6460 kuv9khkp1tj2626l5g9idcgfct Query : insert into wsftdata (ftstamp, ousrdata,ousrhora, usrdata,usrhora,ousrinis,usrinis,fno,no,estab,fdata,ndoc,moeda,cambio,cambiofixo,ftano,site ,classe ) values ('aut67321459776732101589',getdate(),convert(char(8),convert (time,getdate())),getdate(),convert(char(8),convert (time,getdate())),'wsv','wsv',1783,100810,0,'2024-11-11',39,'euro',0,0,2024 ,?,?)
20241111@140925.6785 kuv9khkp1tj2626l5g9idcgfct Query : use flama_phc
20241111@140925.6788 kuv9khkp1tj2626l5g9idcgfct Query : select st.usalote valor from st where st.ref = '324.1832.00.2'
20241111@140925.6810 kuv9khkp1tj2626l5g9idcgfct Query : select top 1 st.tabiva ,st.ivaincl ,st.stns ,st.uni2 ,st.familia ,isnull(tx.taxa, 0) txiva ,unidade ,usalote ,epcpond ,noserie ,conversao ,st.texteis from st left join taxasiva tx on st.tabiva = tx.codigo where st.ref = '324.1832.00.2'
20241111@140925.7044 kuv9khkp1tj2626l5g9idcgfct Query : select 1 valor from information_schema.tables where table_type='base table' and table_name='wstablefields'
20241111@140925.7061 kuv9khkp1tj2626l5g9idcgfct Query : select fieldkey,fieldname,fieldtype,mandatory from wstablefields where tablename = 'fi' and documentnumber = 39
20241111@140925.7087 kuv9khkp1tj2626l5g9idcgfct Query : select 1 valor from information_schema.tables where table_type='base table' and table_name='wstablefields'
20241111@140925.7103 kuv9khkp1tj2626l5g9idcgfct Query : select fieldkey,fieldname,fieldtype,mandatory from wstablefields where tablename = 'fi2' and documentnumber = 39
20241111@140925.7112 kuv9khkp1tj2626l5g9idcgfct Query : select top 1 convert(numeric(6,2),t.taxa) valor from taxasiva t where t.codigo='2'
20241111@140925.7125 kuv9khkp1tj2626l5g9idcgfct Query : select sestamp valor from se where ref ='324.1832.00.2' and lote = 'r2301257100a'
20241111@140925.7141 kuv9khkp1tj2626l5g9idcgfct Query : select 1 valor from information_schema.tables where table_type='base table' and table_name='wstablefields'
20241111@140925.7158 kuv9khkp1tj2626l5g9idcgfct Query : select fieldkey,fieldname,fieldtype,calcformula from wstablefields where tablename = 'fi2' and documentnumber = 39
20241111@140925.7170 kuv9khkp1tj2626l5g9idcgfct Query : insert into wsfi2data (fi2stamp,ftstamp ,ousrdata, ousrhora, usrdata,usrhora,ousrinis,usrinis) values ('aut673217127767321015ae','aut67321459776732101589' ,getdate(),convert(char(8),convert (time,getdate())),getdate(),convert(char(8),convert (time,getdate())),'wsv','wsv')
20241111@140925.7175 kuv9khkp1tj2626l5g9idcgfct Query : select 1 valor from information_schema.tables where table_type='base table' and table_name='wstablefields'
20241111@140925.7190 kuv9khkp1tj2626l5g9idcgfct Query : select fieldkey,fieldname,fieldtype,calcformula from wstablefields where tablename = 'fi' and documentnumber = 39
20241111@140925.7219 kuv9khkp1tj2626l5g9idcgfct Query : insert into wsfidata (fistamp,ousrdata, ousrhora, usrdata,usrhora,ousrinis,usrinis ,qtt ,ftstamp ,epv,pvmoeda ,tabiva,iva,lordem ,ref, design ,lote,armazem,bistamp ) values ('aut673217127767321015ae',getdate(),convert(char(8),convert (time,getdate())),getdate(),convert(char(8),convert (time,getdate())),'wsv','wsv',20.000 ,'aut67321459776732101589' ,0,0 ,2,23.00,10000,?,?,?,?,?)
20241111@140925.7508 kuv9khkp1tj2626l5g9idcgfct Query : select 1 valor from information_schema.tables where table_type='base table' and table_name='wstablefields'
20241111@140925.7527 kuv9khkp1tj2626l5g9idcgfct Query : select fieldkey,fieldname,fieldtype,mandatory from wstablefields where tablename = 'fi' and documentnumber = 39
20241111@140925.7550 kuv9khkp1tj2626l5g9idcgfct Query : select 1 valor from information_schema.tables where table_type='base table' and table_name='wstablefields'
20241111@140925.7574 kuv9khkp1tj2626l5g9idcgfct Query : select fieldkey,fieldname,fieldtype,mandatory from wstablefields where tablename = 'fi2' and documentnumber = 39
20241111@140925.7582 kuv9khkp1tj2626l5g9idcgfct Query : select top 1 convert(numeric(6,2),t.taxa) valor from taxasiva t where t.codigo='2'
20241111@140925.7593 kuv9khkp1tj2626l5g9idcgfct Query : select 1 valor from information_schema.tables where table_type='base table' and table_name='wstablefields'
20241111@140925.7607 kuv9khkp1tj2626l5g9idcgfct Query : select fieldkey,fieldname,fieldtype,calcformula from wstablefields where tablename = 'fi2' and documentnumber = 39
20241111@140925.7618 kuv9khkp1tj2626l5g9idcgfct Query : insert into wsfi2data (fi2stamp,ftstamp ,ousrdata, ousrhora, usrdata,usrhora,ousrinis,usrinis) values ('aut673210109967321015b9','aut67321459776732101589' ,getdate(),convert(char(8),convert (time,getdate())),getdate(),convert(char(8),convert (time,getdate())),'wsv','wsv')
20241111@140925.7623 kuv9khkp1tj2626l5g9idcgfct Query : select 1 valor from information_schema.tables where table_type='base table' and table_name='wstablefields'
20241111@140925.7637 kuv9khkp1tj2626l5g9idcgfct Query : select fieldkey,fieldname,fieldtype,calcformula from wstablefields where tablename = 'fi' and documentnumber = 39
20241111@140925.7662 kuv9khkp1tj2626l5g9idcgfct Query : insert into wsfidata (fistamp,ousrdata, ousrhora, usrdata,usrhora,ousrinis,usrinis ,qtt ,ftstamp ,epv,pvmoeda ,tabiva,iva,lordem ,ref, design ,armazem) values ('aut673210109967321015b9',getdate(),convert(char(8),convert (time,getdate())),getdate(),convert(char(8),convert (time,getdate())),'wsv','wsv',0 ,'aut67321459776732101589' ,0,0 ,2,23.00,20000,?,?,?)
20241111@140925.7947 kuv9khkp1tj2626l5g9idcgfct Query : use flama_phc
20241111@140925.7951 kuv9khkp1tj2626l5g9idcgfct Query : select st.usalote valor from st where st.ref = '324.1832.00.2'
20241111@140925.7969 kuv9khkp1tj2626l5g9idcgfct Query : select top 1 st.tabiva ,st.ivaincl ,st.stns ,st.uni2 ,st.familia ,isnull(tx.taxa, 0) txiva ,unidade ,usalote ,epcpond ,noserie ,conversao ,st.texteis from st left join taxasiva tx on st.tabiva = tx.codigo where st.ref = '324.1832.00.2'
20241111@140925.7982 kuv9khkp1tj2626l5g9idcgfct Query : select 1 valor from information_schema.tables where table_type='base table' and table_name='wstablefields'
20241111@140925.7998 kuv9khkp1tj2626l5g9idcgfct Query : select fieldkey,fieldname,fieldtype,mandatory from wstablefields where tablename = 'fi' and documentnumber = 39
20241111@140925.8024 kuv9khkp1tj2626l5g9idcgfct Query : select 1 valor from information_schema.tables where table_type='base table' and table_name='wstablefields'
20241111@140925.8038 kuv9khkp1tj2626l5g9idcgfct Query : select fieldkey,fieldname,fieldtype,mandatory from wstablefields where tablename = 'fi2' and documentnumber = 39
20241111@140925.8046 kuv9khkp1tj2626l5g9idcgfct Query : select top 1 convert(numeric(6,2),t.taxa) valor from taxasiva t where t.codigo='2'
20241111@140925.8058 kuv9khkp1tj2626l5g9idcgfct Query : select sestamp valor from se where ref ='324.1832.00.2' and lote = 'r2301257100a'
20241111@140925.8072 kuv9khkp1tj2626l5g9idcgfct Query : select 1 valor from information_schema.tables where table_type='base table' and table_name='wstablefields'
20241111@140925.8086 kuv9khkp1tj2626l5g9idcgfct Query : select fieldkey,fieldname,fieldtype,calcformula from wstablefields where tablename = 'fi2' and documentnumber = 39
20241111@140925.8096 kuv9khkp1tj2626l5g9idcgfct Query : insert into wsfi2data (fi2stamp,ftstamp ,ousrdata, ousrhora, usrdata,usrhora,ousrinis,usrinis) values ('aut673219115667321015c5','aut67321459776732101589' ,getdate(),convert(char(8),convert (time,getdate())),getdate(),convert(char(8),convert (time,getdate())),'wsv','wsv')
20241111@140925.8101 kuv9khkp1tj2626l5g9idcgfct Query : select 1 valor from information_schema.tables where table_type='base table' and table_name='wstablefields'
20241111@140925.8115 kuv9khkp1tj2626l5g9idcgfct Query : select fieldkey,fieldname,fieldtype,calcformula from wstablefields where tablename = 'fi' and documentnumber = 39
20241111@140925.8144 kuv9khkp1tj2626l5g9idcgfct Query : insert into wsfidata (fistamp,ousrdata, ousrhora, usrdata,usrhora,ousrinis,usrinis ,qtt ,ftstamp ,epv,pvmoeda ,tabiva,iva,lordem ,ref, design ,lote,armazem,bistamp ) values ('aut673219115667321015c5',getdate(),convert(char(8),convert (time,getdate())),getdate(),convert(char(8),convert (time,getdate())),'wsv','wsv',20.000 ,'aut67321459776732101589' ,0,0 ,2,23.00,40000,?,?,?,?,?)
20241111@140925.8450 kuv9khkp1tj2626l5g9idcgfct Query : select 1 valor from information_schema.tables where table_type='base table' and table_name='wstablefields'
20241111@140925.8466 kuv9khkp1tj2626l5g9idcgfct Query : select fieldkey,fieldname,fieldtype,mandatory from wstablefields where tablename = 'fi' and documentnumber = 39
20241111@140925.8490 kuv9khkp1tj2626l5g9idcgfct Query : select 1 valor from information_schema.tables where table_type='base table' and table_name='wstablefields'
20241111@140925.8504 kuv9khkp1tj2626l5g9idcgfct Query : select fieldkey,fieldname,fieldtype,mandatory from wstablefields where tablename = 'fi2' and documentnumber = 39
20241111@140925.8512 kuv9khkp1tj2626l5g9idcgfct Query : select top 1 convert(numeric(6,2),t.taxa) valor from taxasiva t where t.codigo='2'
20241111@140925.8524 kuv9khkp1tj2626l5g9idcgfct Query : select 1 valor from information_schema.tables where table_type='base table' and table_name='wstablefields'
20241111@140925.8538 kuv9khkp1tj2626l5g9idcgfct Query : select fieldkey,fieldname,fieldtype,calcformula from wstablefields where tablename = 'fi2' and documentnumber = 39
20241111@140925.8549 kuv9khkp1tj2626l5g9idcgfct Query : insert into wsfi2data (fi2stamp,ftstamp ,ousrdata, ousrhora, usrdata,usrhora,ousrinis,usrinis) values ('aut673219527167321015d0','aut67321459776732101589' ,getdate(),convert(char(8),convert (time,getdate())),getdate(),convert(char(8),convert (time,getdate())),'wsv','wsv')
20241111@140925.8553 kuv9khkp1tj2626l5g9idcgfct Query : select 1 valor from information_schema.tables where table_type='base table' and table_name='wstablefields'
20241111@140925.8567 kuv9khkp1tj2626l5g9idcgfct Query : select fieldkey,fieldname,fieldtype,calcformula from wstablefields where tablename = 'fi' and documentnumber = 39
20241111@140925.8596 kuv9khkp1tj2626l5g9idcgfct Query : insert into wsfidata (fistamp,ousrdata, ousrhora, usrdata,usrhora,ousrinis,usrinis ,qtt ,ftstamp ,epv,pvmoeda ,tabiva,iva,lordem ,ref, design ,armazem) values ('aut673219527167321015d0',getdate(),convert(char(8),convert (time,getdate())),getdate(),convert(char(8),convert (time,getdate())),'wsv','wsv',0 ,'aut67321459776732101589' ,0,0 ,2,23.00,50000,?,?,?)
20241111@140925.8880 kuv9khkp1tj2626l5g9idcgfct Query : use flama_phc
20241111@140925.8884 kuv9khkp1tj2626l5g9idcgfct Query : select st.usalote valor from st where st.ref = '324.1832.00.2'
20241111@140925.8905 kuv9khkp1tj2626l5g9idcgfct Query : select top 1 st.tabiva ,st.ivaincl ,st.stns ,st.uni2 ,st.familia ,isnull(tx.taxa, 0) txiva ,unidade ,usalote ,epcpond ,noserie ,conversao ,st.texteis from st left join taxasiva tx on st.tabiva = tx.codigo where st.ref = '324.1832.00.2'
20241111@140925.8921 kuv9khkp1tj2626l5g9idcgfct Query : select 1 valor from information_schema.tables where table_type='base table' and table_name='wstablefields'
20241111@140925.8942 kuv9khkp1tj2626l5g9idcgfct Query : select fieldkey,fieldname,fieldtype,mandatory from wstablefields where tablename = 'fi' and documentnumber = 39
20241111@140925.8967 kuv9khkp1tj2626l5g9idcgfct Query : select 1 valor from information_schema.tables where table_type='base table' and table_name='wstablefields'
20241111@140925.8981 kuv9khkp1tj2626l5g9idcgfct Query : select fieldkey,fieldname,fieldtype,mandatory from wstablefields where tablename = 'fi2' and documentnumber = 39
20241111@140925.8989 kuv9khkp1tj2626l5g9idcgfct Query : select top 1 convert(numeric(6,2),t.taxa) valor from taxasiva t where t.codigo='2'
20241111@140925.9002 kuv9khkp1tj2626l5g9idcgfct Query : select sestamp valor from se where ref ='324.1832.00.2' and lote = 'r2301257100a'
20241111@140925.9015 kuv9khkp1tj2626l5g9idcgfct Query : select 1 valor from information_schema.tables where table_type='base table' and table_name='wstablefields'
20241111@140925.9030 kuv9khkp1tj2626l5g9idcgfct Query : select fieldkey,fieldname,fieldtype,calcformula from wstablefields where tablename = 'fi2' and documentnumber = 39
20241111@140925.9041 kuv9khkp1tj2626l5g9idcgfct Query : insert into wsfi2data (fi2stamp,ftstamp ,ousrdata, ousrhora, usrdata,usrhora,ousrinis,usrinis) values ('aut673214001467321015dc','aut67321459776732101589' ,getdate(),convert(char(8),convert (time,getdate())),getdate(),convert(char(8),convert (time,getdate())),'wsv','wsv')
20241111@140925.9046 kuv9khkp1tj2626l5g9idcgfct Query : select 1 valor from information_schema.tables where table_type='base table' and table_name='wstablefields'
20241111@140925.9060 kuv9khkp1tj2626l5g9idcgfct Query : select fieldkey,fieldname,fieldtype,calcformula from wstablefields where tablename = 'fi' and documentnumber = 39
20241111@140925.9088 kuv9khkp1tj2626l5g9idcgfct Query : insert into wsfidata (fistamp,ousrdata, ousrhora, usrdata,usrhora,ousrinis,usrinis ,qtt ,ftstamp ,epv,pvmoeda ,tabiva,iva,lordem ,ref, design ,lote,armazem,bistamp ) values ('aut673214001467321015dc',getdate(),convert(char(8),convert (time,getdate())),getdate(),convert(char(8),convert (time,getdate())),'wsv','wsv',20.000 ,'aut67321459776732101589' ,0,0 ,2,23.00,70000,?,?,?,?,?)
20241111@140925.9391 kuv9khkp1tj2626l5g9idcgfct Query : select 1 valor from information_schema.tables where table_type='base table' and table_name='wstablefields'
20241111@140925.9408 kuv9khkp1tj2626l5g9idcgfct Query : select fieldkey,fieldname,fieldtype,mandatory from wstablefields where tablename = 'fi' and documentnumber = 39
20241111@140925.9434 kuv9khkp1tj2626l5g9idcgfct Query : select 1 valor from information_schema.tables where table_type='base table' and table_name='wstablefields'
20241111@140925.9449 kuv9khkp1tj2626l5g9idcgfct Query : select fieldkey,fieldname,fieldtype,mandatory from wstablefields where tablename = 'fi2' and documentnumber = 39
20241111@140925.9457 kuv9khkp1tj2626l5g9idcgfct Query : select top 1 convert(numeric(6,2),t.taxa) valor from taxasiva t where t.codigo='2'
20241111@140925.9469 kuv9khkp1tj2626l5g9idcgfct Query : select 1 valor from information_schema.tables where table_type='base table' and table_name='wstablefields'
20241111@140925.9486 kuv9khkp1tj2626l5g9idcgfct Query : select fieldkey,fieldname,fieldtype,calcformula from wstablefields where tablename = 'fi2' and documentnumber = 39
20241111@140925.9497 kuv9khkp1tj2626l5g9idcgfct Query : insert into wsfi2data (fi2stamp,ftstamp ,ousrdata, ousrhora, usrdata,usrhora,ousrinis,usrinis) values ('aut673213635967321015e7','aut67321459776732101589' ,getdate(),convert(char(8),convert (time,getdate())),getdate(),convert(char(8),convert (time,getdate())),'wsv','wsv')
20241111@140925.9502 kuv9khkp1tj2626l5g9idcgfct Query : select 1 valor from information_schema.tables where table_type='base table' and table_name='wstablefields'
20241111@140925.9516 kuv9khkp1tj2626l5g9idcgfct Query : select fieldkey,fieldname,fieldtype,calcformula from wstablefields where tablename = 'fi' and documentnumber = 39
20241111@140925.9543 kuv9khkp1tj2626l5g9idcgfct Query : insert into wsfidata (fistamp,ousrdata, ousrhora, usrdata,usrhora,ousrinis,usrinis ,qtt ,ftstamp ,epv,pvmoeda ,tabiva,iva,lordem ,ref, design ,armazem) values ('aut673213635967321015e7',getdate(),convert(char(8),convert (time,getdate())),getdate(),convert(char(8),convert (time,getdate())),'wsv','wsv',0 ,'aut67321459776732101589' ,0,0 ,2,23.00,80000,?,?,?)
20241111@140925.9829 kuv9khkp1tj2626l5g9idcgfct Query : use flama_phc
20241111@140925.9833 kuv9khkp1tj2626l5g9idcgfct Query : select st.usalote valor from st where st.ref = '324.1832.00.2'
20241111@140925.9852 kuv9khkp1tj2626l5g9idcgfct Query : select top 1 st.tabiva ,st.ivaincl ,st.stns ,st.uni2 ,st.familia ,isnull(tx.taxa, 0) txiva ,unidade ,usalote ,epcpond ,noserie ,conversao ,st.texteis from st left join taxasiva tx on st.tabiva = tx.codigo where st.ref = '324.1832.00.2'
20241111@140925.9865 kuv9khkp1tj2626l5g9idcgfct Query : select 1 valor from information_schema.tables where table_type='base table' and table_name='wstablefields'
20241111@140925.9882 kuv9khkp1tj2626l5g9idcgfct Query : select fieldkey,fieldname,fieldtype,mandatory from wstablefields where tablename = 'fi' and documentnumber = 39
20241111@140925.9906 kuv9khkp1tj2626l5g9idcgfct Query : select 1 valor from information_schema.tables where table_type='base table' and table_name='wstablefields'
20241111@140925.9920 kuv9khkp1tj2626l5g9idcgfct Query : select fieldkey,fieldname,fieldtype,mandatory from wstablefields where tablename = 'fi2' and documentnumber = 39
20241111@140925.9928 kuv9khkp1tj2626l5g9idcgfct Query : select top 1 convert(numeric(6,2),t.taxa) valor from taxasiva t where t.codigo='2'
20241111@140925.9939 kuv9khkp1tj2626l5g9idcgfct Query : select sestamp valor from se where ref ='324.1832.00.2' and lote = 'r2301257100a'
20241111@140925.9950 kuv9khkp1tj2626l5g9idcgfct Query : select 1 valor from information_schema.tables where table_type='base table' and table_name='wstablefields'
20241111@140925.9965 kuv9khkp1tj2626l5g9idcgfct Query : select fieldkey,fieldname,fieldtype,calcformula from wstablefields where tablename = 'fi2' and documentnumber = 39
20241111@140925.9979 kuv9khkp1tj2626l5g9idcgfct Query : insert into wsfi2data (fi2stamp,ftstamp ,ousrdata, ousrhora, usrdata,usrhora,ousrinis,usrinis) values ('aut673211525067321015f2','aut67321459776732101589' ,getdate(),convert(char(8),convert (time,getdate())),getdate(),convert(char(8),convert (time,getdate())),'wsv','wsv')
20241111@140925.9987 kuv9khkp1tj2626l5g9idcgfct Query : select 1 valor from information_schema.tables where table_type='base table' and table_name='wstablefields'
20241111@140926.1100 kuv9khkp1tj2626l5g9idcgfct Query : select fieldkey,fieldname,fieldtype,calcformula from wstablefields where tablename = 'fi' and documentnumber = 39
20241111@140926.3900 kuv9khkp1tj2626l5g9idcgfct Query : insert into wsfidata (fistamp,ousrdata, ousrhora, usrdata,usrhora,ousrinis,usrinis ,qtt ,ftstamp ,epv,pvmoeda ,tabiva,iva,lordem ,ref, design ,lote,armazem,bistamp ) values ('aut673211525067321015f2',getdate(),convert(char(8),convert (time,getdate())),getdate(),convert(char(8),convert (time,getdate())),'wsv','wsv',20.000 ,'aut67321459776732101589' ,0,0 ,2,23.00,100000,?,?,?,?,?)
20241111@140926.4960 kuv9khkp1tj2626l5g9idcgfct Query : select 1 valor from information_schema.tables where table_type='base table' and table_name='wstablefields'
20241111@140926.5120 kuv9khkp1tj2626l5g9idcgfct Query : select fieldkey,fieldname,fieldtype,mandatory from wstablefields where tablename = 'fi' and documentnumber = 39
20241111@140926.5370 kuv9khkp1tj2626l5g9idcgfct Query : select 1 valor from information_schema.tables where table_type='base table' and table_name='wstablefields'
20241111@140926.5530 kuv9khkp1tj2626l5g9idcgfct Query : select fieldkey,fieldname,fieldtype,mandatory from wstablefields where tablename = 'fi2' and documentnumber = 39
20241111@140926.5620 kuv9khkp1tj2626l5g9idcgfct Query : select top 1 convert(numeric(6,2),t.taxa) valor from taxasiva t where t.codigo='2'
20241111@140926.5770 kuv9khkp1tj2626l5g9idcgfct Query : select 1 valor from information_schema.tables where table_type='base table' and table_name='wstablefields'
20241111@140926.5910 kuv9khkp1tj2626l5g9idcgfct Query : select fieldkey,fieldname,fieldtype,calcformula from wstablefields where tablename = 'fi2' and documentnumber = 39
20241111@140926.6030 kuv9khkp1tj2626l5g9idcgfct Query : insert into wsfi2data (fi2stamp,ftstamp ,ousrdata, ousrhora, usrdata,usrhora,ousrinis,usrinis) values ('aut6732170549673210160e','aut67321459776732101589' ,getdate(),convert(char(8),convert (time,getdate())),getdate(),convert(char(8),convert (time,getdate())),'wsv','wsv')
20241111@140926.6070 kuv9khkp1tj2626l5g9idcgfct Query : select 1 valor from information_schema.tables where table_type='base table' and table_name='wstablefields'
20241111@140926.6220 kuv9khkp1tj2626l5g9idcgfct Query : select fieldkey,fieldname,fieldtype,calcformula from wstablefields where tablename = 'fi' and documentnumber = 39
20241111@140926.1036 kuv9khkp1tj2626l5g9idcgfct Query : insert into wsfidata (fistamp,ousrdata, ousrhora, usrdata,usrhora,ousrinis,usrinis ,qtt ,ftstamp ,epv,pvmoeda ,tabiva,iva,lordem ,ref, design ,armazem) values ('aut6732170549673210160e',getdate(),convert(char(8),convert (time,getdate())),getdate(),convert(char(8),convert (time,getdate())),'wsv','wsv',0 ,'aut67321459776732101589' ,0,0 ,2,23.00,110000,?,?,?)
20241111@140926.1808 kuv9khkp1tj2626l5g9idcgfct Query : insert into wsftcreationlog (initialftstamp,externalid,creationstatus,documenttypeid,idustamp) values ('aut67321459776732101589','2407402','wait',39,'adm09112754980.682000002')
20241111@140926.2123 kuv9khkp1tj2626l5g9idcgfct Query : use flama_phc
20241111@140926.2127 kuv9khkp1tj2626l5g9idcgfct Query : update u_wsusers set rqsttoken =? where userid ='userls001'
20241111@140926.2156 kuv9khkp1tj2626l5g9idcgfct Query : select concat(rtrim(relative_path),ltrim(name_new)) as valor from uploadfiles where uploadfile_id='3222';
20241111@140926.2200 kuv9khkp1tj2626l5g9idcgfct Query : update uploadfiles set whenupdated=current_timestamp where uploadfile_id='3222';
20241111@140926.2265 kuv9khkp1tj2626l5g9idcgfct Query : select concat(rtrim(relative_path),ltrim(name_new)) as valor from uploadfiles where uploadfile_id='3222';
20241111@140926.2300 kuv9khkp1tj2626l5g9idcgfct Query : update uploadfiles set whenupdated=current_timestamp where uploadfile_id='3222';
20241111@140926.2828 14a64jlqerviaeuvbk6e2f4l21 Query : insert into uploadfiles ( name_original, name_new, option_type, relative_path, whencreated ) values ( ?, ?, ?, ?, getdate() )
20241111@140926.2841 14a64jlqerviaeuvbk6e2f4l21 Query : select uploadfile_id valor from uploadfiles where name_new = ? and option_type = ? 
20241111@140926.2907 14a64jlqerviaeuvbk6e2f4l21 Query : select concat(rtrim(relative_path),ltrim(name_new)) as valor from uploadfiles where uploadfile_id='3223';
20241111@140926.2974 14a64jlqerviaeuvbk6e2f4l21 Query : update uploadfiles set whenupdated=current_timestamp where uploadfile_id='3223';
20241111@140926.3071 14a64jlqerviaeuvbk6e2f4l21 Query : select concat(rtrim(relative_path),ltrim(name_new)) as valor from uploadfiles where uploadfile_id='3223';
20241111@140926.3112 14a64jlqerviaeuvbk6e2f4l21 Query : update uploadfiles set whenupdated=current_timestamp where uploadfile_id='3223';
20241111@140926.3300 14a64jlqerviaeuvbk6e2f4l21 Query : use flama_phc
20241111@140926.3305 14a64jlqerviaeuvbk6e2f4l21 Query : select top 1 secretkey valor from u_wsusers u where u.userid = ? and u.inactivo=0
20241111@140926.3385 14a64jlqerviaeuvbk6e2f4l21 Query : use flama_phc
20241111@140926.3389 14a64jlqerviaeuvbk6e2f4l21 Query : select no, estab,szadrsdesc from szadrs where u_coddest=4740
20241111@140926.3506 14a64jlqerviaeuvbk6e2f4l21 Query : select top 1 isnull(design,'') valor from st (nolock) left join stobs (nolock) on st.ref = stobs.ref where st.ref = '324.1834.00.1'
20241111@140926.3543 14a64jlqerviaeuvbk6e2f4l21 Query : select top 1 bistamp valor from bi inner join bo on bo.bostamp=bi.bostamp where bo.ndos =240 and bo.boano =2074 and bo.obrano = 2407403 and bi.ref ='324.1834.00.1' and bi.lordem =1
20241111@140926.4123 14a64jlqerviaeuvbk6e2f4l21 Query : select top 1 isnull(design,'') valor from st (nolock) left join stobs (nolock) on st.ref = stobs.ref where st.ref = '324.1834.00.1'
20241111@140926.4146 14a64jlqerviaeuvbk6e2f4l21 Query : select top 1 bistamp valor from bi inner join bo on bo.bostamp=bi.bostamp where bo.ndos =240 and bo.boano =2074 and bo.obrano = 2407403 and bi.ref ='324.1834.00.1' and bi.lordem =1
20241111@140926.4167 14a64jlqerviaeuvbk6e2f4l21 Query : select top 1 isnull(design,'') valor from st (nolock) left join stobs (nolock) on st.ref = stobs.ref where st.ref = '324.1834.00.1'
20241111@140926.4191 14a64jlqerviaeuvbk6e2f4l21 Query : select top 1 bistamp valor from bi inner join bo on bo.bostamp=bi.bostamp where bo.ndos =240 and bo.boano =2074 and bo.obrano = 2407403 and bi.ref ='324.1834.00.1' and bi.lordem =1
20241111@140926.4210 14a64jlqerviaeuvbk6e2f4l21 Query : select top 1 isnull(design,'') valor from st (nolock) left join stobs (nolock) on st.ref = stobs.ref where st.ref = '324.1834.00.1'
20241111@140926.4234 14a64jlqerviaeuvbk6e2f4l21 Query : select top 1 bistamp valor from bi inner join bo on bo.bostamp=bi.bostamp where bo.ndos =240 and bo.boano =2074 and bo.obrano = 2407403 and bi.ref ='324.1834.00.1' and bi.lordem =1
20241111@140926.4254 14a64jlqerviaeuvbk6e2f4l21 Query : use flama_phc
20241111@140926.4258 14a64jlqerviaeuvbk6e2f4l21 Query : select top 1 convert(date,fdata) valor from ft where ndoc = 39 and anulado= 0 and fno>0 order by fdata desc
20241111@140926.4294 14a64jlqerviaeuvbk6e2f4l21 Query : use flama_phc
20241111@140926.4298 14a64jlqerviaeuvbk6e2f4l21 Query : select top 1 1 valor from td where td.ndoc = 39
20241111@140926.4340 14a64jlqerviaeuvbk6e2f4l21 Query : use flama_phc
20241111@140926.4344 14a64jlqerviaeuvbk6e2f4l21 Query : select lower(descricao) descricao ,case when valor='s' then 1 else 0 end valor from para1 where descricao in ('st_lote','st_usalogifunc', 'st_grelha')
20241111@140926.4375 14a64jlqerviaeuvbk6e2f4l21 Query : select top 1 manternumero ,assinadoc issigned ,tiposaft ,assinaimp ,nmdos ,td.assinadoc ,'cl' origin ,lancasl stocks ,case when cmsl<50 and td.lancasl=1 then 1 else 0 end entrada ,case when cmsl>50 and td.lancasl=1 then 1 else 0 end saida ,temserie assets ,~semgre usegridfields from td inner join td2 on td.tdstamp=td2.td2stamp where td.ndoc = 1
20241111@140926.4417 14a64jlqerviaeuvbk6e2f4l21 Query : use flama_phc
20241111@140926.4420 14a64jlqerviaeuvbk6e2f4l21 Query : select top 1 ~inactivo valor from cl where no = '100810' and estab = 0 order by inactivo desc
20241111@140926.4456 14a64jlqerviaeuvbk6e2f4l21 Query : use flama_phc
20241111@140926.4460 14a64jlqerviaeuvbk6e2f4l21 Query : select top 1 tipodoc,regrd from td where ndoc = 39
20241111@140926.4502 14a64jlqerviaeuvbk6e2f4l21 Query : use flama_phc
20241111@140926.4506 14a64jlqerviaeuvbk6e2f4l21 Query : select szadrsstamp valor from szadrs where szadrsdesc='espaÇotrans,lda'
20241111@140926.4553 14a64jlqerviaeuvbk6e2f4l21 Query : use flama_phc
20241111@140926.4556 14a64jlqerviaeuvbk6e2f4l21 Query : select szadrsstamp valor from szadrs where szadrsdesc='100810 - worten-equipamentos para o lar,sa.'
20241111@140926.4615 14a64jlqerviaeuvbk6e2f4l21 Query : use flama_phc
20241111@140926.4618 14a64jlqerviaeuvbk6e2f4l21 Query : select 1 valor from td where ndoc = 39
20241111@140926.4632 14a64jlqerviaeuvbk6e2f4l21 Query : select top 1 manternumero, tiposaft, nmdos,td.assinadoc from td where td.ndoc = 39
20241111@140926.4649 14a64jlqerviaeuvbk6e2f4l21 Query : select 1 valor from information_schema.tables where table_type='base table' and table_name='wstablefields'
20241111@140926.4666 14a64jlqerviaeuvbk6e2f4l21 Query : select fieldkey,fieldname,fieldtype,mandatory from wstablefields where tablename = 'ft' and documentnumber = 39
20241111@140926.4685 14a64jlqerviaeuvbk6e2f4l21 Query : select 1 valor from information_schema.tables where table_type='base table' and table_name='wstablefields'
20241111@140926.4700 14a64jlqerviaeuvbk6e2f4l21 Query : select fieldkey,fieldname,fieldtype,mandatory from wstablefields where tablename = 'ft2' and documentnumber = 39
20241111@140926.4728 14a64jlqerviaeuvbk6e2f4l21 Query : select 1 valor from information_schema.tables where table_type='base table' and table_name='wstablefields'
20241111@140926.4743 14a64jlqerviaeuvbk6e2f4l21 Query : select fieldkey,fieldname,fieldtype,mandatory from wstablefields where tablename = 'ft3' and documentnumber = 39
20241111@140926.4756 14a64jlqerviaeuvbk6e2f4l21 Query : select top 1 ft.fno valor from ft ft where ft.ndoc = 39 and ftano=2024 order by fno desc
20241111@140926.4818 14a64jlqerviaeuvbk6e2f4l21 Query : select top 1 ft.fno valor from wsftdata ft where ft.ndoc = 39 and ftano=2024 order by fno desc
20241111@140926.4832 14a64jlqerviaeuvbk6e2f4l21 Query : select 1 valor from information_schema.tables where table_type='base table' and table_name='wstablefields'
20241111@140926.4850 14a64jlqerviaeuvbk6e2f4l21 Query : select fieldkey,fieldname,fieldtype,calcformula from wstablefields where tablename = 'ft3' and documentnumber = 39
20241111@140926.4867 14a64jlqerviaeuvbk6e2f4l21 Query : insert into wsft3data (ft3stamp, ousrdata, ousrhora, usrdata,usrhora,ousrinis,usrinis,taxpointdt ) values ('aut67321770156732101674' ,getdate(),convert(char(8),convert (time,getdate())),getdate(),convert(char(8),convert (time,getdate())),'wsv','wsv',?)
20241111@140926.5063 14a64jlqerviaeuvbk6e2f4l21 Query : select 1 valor from information_schema.tables where table_type='base table' and table_name='wstablefields'
20241111@140926.5083 14a64jlqerviaeuvbk6e2f4l21 Query : select fieldkey,fieldname,fieldtype,calcformula from wstablefields where tablename = 'ft2' and documentnumber = 39
20241111@140926.5117 14a64jlqerviaeuvbk6e2f4l21 Query : select top 1 bo.u_nomeenv valor from bo where bo.bostamp=''
20241111@140926.5130 14a64jlqerviaeuvbk6e2f4l21 Query : select top 1 bo.u_moradaen valor from bo where bo.bostamp=''
20241111@140926.5141 14a64jlqerviaeuvbk6e2f4l21 Query : select top 1 bo.u_codposen valor from bo where bo.bostamp=''
20241111@140926.5153 14a64jlqerviaeuvbk6e2f4l21 Query : select top 1 bo.u_localenv valor from bo where bo.bostamp=''
20241111@140926.5164 14a64jlqerviaeuvbk6e2f4l21 Query : select top 1 bo.trab5 valor from bo where bo.bostamp=''
20241111@140926.5176 14a64jlqerviaeuvbk6e2f4l21 Query : select top 1 bo.serie valor from bo where bo.bostamp=''
20241111@140926.5189 14a64jlqerviaeuvbk6e2f4l21 Query : insert into wsft2data (ft2stamp, ousrdata,ousrhora, usrdata,usrhora,ousrinis,usrinis,u_nomeenv ,u_moradaen ,u_codposen ,u_localenv ,u_coddest ,u_codby ) values ('aut67321770156732101674',getdate(),convert(char(8),convert (time,getdate())),getdate(),convert(char(8),convert (time,getdate())),'wsv','wsv',?,?,?,?,?,?)
20241111@140926.5469 14a64jlqerviaeuvbk6e2f4l21 Query : select top 1 fno valor from wsftdata order by fno desc
20241111@140926.5498 14a64jlqerviaeuvbk6e2f4l21 Query : select 1 valor from information_schema.tables where table_type='base table' and table_name='wstablefields'
20241111@140926.5520 14a64jlqerviaeuvbk6e2f4l21 Query : select fieldkey,fieldname,fieldtype,calcformula from wstablefields where tablename = 'ft' and documentnumber = 39
20241111@140926.5543 14a64jlqerviaeuvbk6e2f4l21 Query : select 'normal' from dummy
20241111@140926.5561 14a64jlqerviaeuvbk6e2f4l21 Query : insert into wsftdata (ftstamp, ousrdata,ousrhora, usrdata,usrhora,ousrinis,usrinis,fno,no,estab,fdata,ndoc,moeda,cambio,cambiofixo,ftano,site ,classe ) values ('aut67321770156732101674',getdate(),convert(char(8),convert (time,getdate())),getdate(),convert(char(8),convert (time,getdate())),'wsv','wsv',1784,100810,0,'2024-11-11',39,'euro',0,0,2024 ,?,?)
20241111@140926.5911 14a64jlqerviaeuvbk6e2f4l21 Query : use flama_phc
20241111@140926.5915 14a64jlqerviaeuvbk6e2f4l21 Query : select st.usalote valor from st where st.ref = '324.1834.00.1'
20241111@140926.5939 14a64jlqerviaeuvbk6e2f4l21 Query : select top 1 st.tabiva ,st.ivaincl ,st.stns ,st.uni2 ,st.familia ,isnull(tx.taxa, 0) txiva ,unidade ,usalote ,epcpond ,noserie ,conversao ,st.texteis from st left join taxasiva tx on st.tabiva = tx.codigo where st.ref = '324.1834.00.1'
20241111@140926.5953 14a64jlqerviaeuvbk6e2f4l21 Query : select 1 valor from information_schema.tables where table_type='base table' and table_name='wstablefields'
20241111@140926.5969 14a64jlqerviaeuvbk6e2f4l21 Query : select fieldkey,fieldname,fieldtype,mandatory from wstablefields where tablename = 'fi' and documentnumber = 39
20241111@140926.5996 14a64jlqerviaeuvbk6e2f4l21 Query : select 1 valor from information_schema.tables where table_type='base table' and table_name='wstablefields'
20241111@140926.6011 14a64jlqerviaeuvbk6e2f4l21 Query : select fieldkey,fieldname,fieldtype,mandatory from wstablefields where tablename = 'fi2' and documentnumber = 39
20241111@140926.6019 14a64jlqerviaeuvbk6e2f4l21 Query : select top 1 convert(numeric(6,2),t.taxa) valor from taxasiva t where t.codigo='2'
20241111@140926.6032 14a64jlqerviaeuvbk6e2f4l21 Query : select sestamp valor from se where ref ='324.1834.00.1' and lote = 'r2400214200a'
20241111@140926.6043 14a64jlqerviaeuvbk6e2f4l21 Query : select 1 valor from information_schema.tables where table_type='base table' and table_name='wstablefields'
20241111@140926.6059 14a64jlqerviaeuvbk6e2f4l21 Query : select fieldkey,fieldname,fieldtype,calcformula from wstablefields where tablename = 'fi2' and documentnumber = 39
20241111@140926.6070 14a64jlqerviaeuvbk6e2f4l21 Query : insert into wsfi2data (fi2stamp,ftstamp ,ousrdata, ousrhora, usrdata,usrhora,ousrinis,usrinis) values ('aut67321194386732101693','aut67321770156732101674' ,getdate(),convert(char(8),convert (time,getdate())),getdate(),convert(char(8),convert (time,getdate())),'wsv','wsv')
20241111@140926.6075 14a64jlqerviaeuvbk6e2f4l21 Query : select 1 valor from information_schema.tables where table_type='base table' and table_name='wstablefields'
20241111@140926.6090 14a64jlqerviaeuvbk6e2f4l21 Query : select fieldkey,fieldname,fieldtype,calcformula from wstablefields where tablename = 'fi' and documentnumber = 39
20241111@140926.6117 14a64jlqerviaeuvbk6e2f4l21 Query : insert into wsfidata (fistamp,ousrdata, ousrhora, usrdata,usrhora,ousrinis,usrinis ,qtt ,ftstamp ,epv,pvmoeda ,tabiva,iva,lordem ,ref, design ,lote,armazem,bistamp ) values ('aut67321194386732101693',getdate(),convert(char(8),convert (time,getdate())),getdate(),convert(char(8),convert (time,getdate())),'wsv','wsv',20.000 ,'aut67321770156732101674' ,0,0 ,2,23.00,10000,?,?,?,?,?)
20241111@140926.6409 14a64jlqerviaeuvbk6e2f4l21 Query : select 1 valor from information_schema.tables where table_type='base table' and table_name='wstablefields'
20241111@140926.6425 14a64jlqerviaeuvbk6e2f4l21 Query : select fieldkey,fieldname,fieldtype,mandatory from wstablefields where tablename = 'fi' and documentnumber = 39
20241111@140926.6448 14a64jlqerviaeuvbk6e2f4l21 Query : select 1 valor from information_schema.tables where table_type='base table' and table_name='wstablefields'
20241111@140926.6462 14a64jlqerviaeuvbk6e2f4l21 Query : select fieldkey,fieldname,fieldtype,mandatory from wstablefields where tablename = 'fi2' and documentnumber = 39
20241111@140926.6471 14a64jlqerviaeuvbk6e2f4l21 Query : select top 1 convert(numeric(6,2),t.taxa) valor from taxasiva t where t.codigo='2'
20241111@140926.6484 14a64jlqerviaeuvbk6e2f4l21 Query : select 1 valor from information_schema.tables where table_type='base table' and table_name='wstablefields'
20241111@140926.6498 14a64jlqerviaeuvbk6e2f4l21 Query : select fieldkey,fieldname,fieldtype,calcformula from wstablefields where tablename = 'fi2' and documentnumber = 39
20241111@140926.6511 14a64jlqerviaeuvbk6e2f4l21 Query : insert into wsfi2data (fi2stamp,ftstamp ,ousrdata, ousrhora, usrdata,usrhora,ousrinis,usrinis) values ('aut6732122915673210169e','aut67321770156732101674' ,getdate(),convert(char(8),convert (time,getdate())),getdate(),convert(char(8),convert (time,getdate())),'wsv','wsv')
20241111@140926.6516 14a64jlqerviaeuvbk6e2f4l21 Query : select 1 valor from information_schema.tables where table_type='base table' and table_name='wstablefields'
20241111@140926.6530 14a64jlqerviaeuvbk6e2f4l21 Query : select fieldkey,fieldname,fieldtype,calcformula from wstablefields where tablename = 'fi' and documentnumber = 39
20241111@140926.6557 14a64jlqerviaeuvbk6e2f4l21 Query : insert into wsfidata (fistamp,ousrdata, ousrhora, usrdata,usrhora,ousrinis,usrinis ,qtt ,ftstamp ,epv,pvmoeda ,tabiva,iva,lordem ,ref, design ,armazem) values ('aut6732122915673210169e',getdate(),convert(char(8),convert (time,getdate())),getdate(),convert(char(8),convert (time,getdate())),'wsv','wsv',0 ,'aut67321770156732101674' ,0,0 ,2,23.00,20000,?,?,?)
20241111@140926.6839 14a64jlqerviaeuvbk6e2f4l21 Query : use flama_phc
20241111@140926.6845 14a64jlqerviaeuvbk6e2f4l21 Query : select st.usalote valor from st where st.ref = '324.1834.00.1'
20241111@140926.6866 14a64jlqerviaeuvbk6e2f4l21 Query : select top 1 st.tabiva ,st.ivaincl ,st.stns ,st.uni2 ,st.familia ,isnull(tx.taxa, 0) txiva ,unidade ,usalote ,epcpond ,noserie ,conversao ,st.texteis from st left join taxasiva tx on st.tabiva = tx.codigo where st.ref = '324.1834.00.1'
20241111@140926.6990 14a64jlqerviaeuvbk6e2f4l21 Query : select 1 valor from information_schema.tables where table_type='base table' and table_name='wstablefields'
20241111@140926.7010 14a64jlqerviaeuvbk6e2f4l21 Query : select fieldkey,fieldname,fieldtype,mandatory from wstablefields where tablename = 'fi' and documentnumber = 39
20241111@140926.7041 14a64jlqerviaeuvbk6e2f4l21 Query : select 1 valor from information_schema.tables where table_type='base table' and table_name='wstablefields'
20241111@140926.7061 14a64jlqerviaeuvbk6e2f4l21 Query : select fieldkey,fieldname,fieldtype,mandatory from wstablefields where tablename = 'fi2' and documentnumber = 39
20241111@140926.7071 14a64jlqerviaeuvbk6e2f4l21 Query : select top 1 convert(numeric(6,2),t.taxa) valor from taxasiva t where t.codigo='2'
20241111@140926.7084 14a64jlqerviaeuvbk6e2f4l21 Query : select sestamp valor from se where ref ='324.1834.00.1' and lote = 'r2400214200a'
20241111@140926.7097 14a64jlqerviaeuvbk6e2f4l21 Query : select 1 valor from information_schema.tables where table_type='base table' and table_name='wstablefields'
20241111@140926.7113 14a64jlqerviaeuvbk6e2f4l21 Query : select fieldkey,fieldname,fieldtype,calcformula from wstablefields where tablename = 'fi2' and documentnumber = 39
20241111@140926.7127 14a64jlqerviaeuvbk6e2f4l21 Query : insert into wsfi2data (fi2stamp,ftstamp ,ousrdata, ousrhora, usrdata,usrhora,ousrinis,usrinis) values ('aut673210060567321016ad','aut67321770156732101674' ,getdate(),convert(char(8),convert (time,getdate())),getdate(),convert(char(8),convert (time,getdate())),'wsv','wsv')
20241111@140926.7132 14a64jlqerviaeuvbk6e2f4l21 Query : select 1 valor from information_schema.tables where table_type='base table' and table_name='wstablefields'
20241111@140926.7147 14a64jlqerviaeuvbk6e2f4l21 Query : select fieldkey,fieldname,fieldtype,calcformula from wstablefields where tablename = 'fi' and documentnumber = 39
20241111@140926.7178 14a64jlqerviaeuvbk6e2f4l21 Query : insert into wsfidata (fistamp,ousrdata, ousrhora, usrdata,usrhora,ousrinis,usrinis ,qtt ,ftstamp ,epv,pvmoeda ,tabiva,iva,lordem ,ref, design ,lote,armazem,bistamp ) values ('aut673210060567321016ad',getdate(),convert(char(8),convert (time,getdate())),getdate(),convert(char(8),convert (time,getdate())),'wsv','wsv',20.000 ,'aut67321770156732101674' ,0,0 ,2,23.00,40000,?,?,?,?,?)
20241111@140926.7486 14a64jlqerviaeuvbk6e2f4l21 Query : select 1 valor from information_schema.tables where table_type='base table' and table_name='wstablefields'
20241111@140926.7506 14a64jlqerviaeuvbk6e2f4l21 Query : select fieldkey,fieldname,fieldtype,mandatory from wstablefields where tablename = 'fi' and documentnumber = 39
20241111@140926.7533 14a64jlqerviaeuvbk6e2f4l21 Query : select 1 valor from information_schema.tables where table_type='base table' and table_name='wstablefields'
20241111@140926.7548 14a64jlqerviaeuvbk6e2f4l21 Query : select fieldkey,fieldname,fieldtype,mandatory from wstablefields where tablename = 'fi2' and documentnumber = 39
20241111@140926.7556 14a64jlqerviaeuvbk6e2f4l21 Query : select top 1 convert(numeric(6,2),t.taxa) valor from taxasiva t where t.codigo='2'
20241111@140926.7568 14a64jlqerviaeuvbk6e2f4l21 Query : select 1 valor from information_schema.tables where table_type='base table' and table_name='wstablefields'
20241111@140926.7582 14a64jlqerviaeuvbk6e2f4l21 Query : select fieldkey,fieldname,fieldtype,calcformula from wstablefields where tablename = 'fi2' and documentnumber = 39
20241111@140926.7593 14a64jlqerviaeuvbk6e2f4l21 Query : insert into wsfi2data (fi2stamp,ftstamp ,ousrdata, ousrhora, usrdata,usrhora,ousrinis,usrinis) values ('aut673211952267321016b8','aut67321770156732101674' ,getdate(),convert(char(8),convert (time,getdate())),getdate(),convert(char(8),convert (time,getdate())),'wsv','wsv')
20241111@140926.7597 14a64jlqerviaeuvbk6e2f4l21 Query : select 1 valor from information_schema.tables where table_type='base table' and table_name='wstablefields'
20241111@140926.7611 14a64jlqerviaeuvbk6e2f4l21 Query : select fieldkey,fieldname,fieldtype,calcformula from wstablefields where tablename = 'fi' and documentnumber = 39
20241111@140926.7641 14a64jlqerviaeuvbk6e2f4l21 Query : insert into wsfidata (fistamp,ousrdata, ousrhora, usrdata,usrhora,ousrinis,usrinis ,qtt ,ftstamp ,epv,pvmoeda ,tabiva,iva,lordem ,ref, design ,armazem) values ('aut673211952267321016b8',getdate(),convert(char(8),convert (time,getdate())),getdate(),convert(char(8),convert (time,getdate())),'wsv','wsv',0 ,'aut67321770156732101674' ,0,0 ,2,23.00,50000,?,?,?)
20241111@140926.8067 14a64jlqerviaeuvbk6e2f4l21 Query : use flama_phc
20241111@140926.8071 14a64jlqerviaeuvbk6e2f4l21 Query : select st.usalote valor from st where st.ref = '324.1834.00.1'
20241111@140926.8093 14a64jlqerviaeuvbk6e2f4l21 Query : select top 1 st.tabiva ,st.ivaincl ,st.stns ,st.uni2 ,st.familia ,isnull(tx.taxa, 0) txiva ,unidade ,usalote ,epcpond ,noserie ,conversao ,st.texteis from st left join taxasiva tx on st.tabiva = tx.codigo where st.ref = '324.1834.00.1'
20241111@140926.8108 14a64jlqerviaeuvbk6e2f4l21 Query : select 1 valor from information_schema.tables where table_type='base table' and table_name='wstablefields'
20241111@140926.8127 14a64jlqerviaeuvbk6e2f4l21 Query : select fieldkey,fieldname,fieldtype,mandatory from wstablefields where tablename = 'fi' and documentnumber = 39
20241111@140926.8151 14a64jlqerviaeuvbk6e2f4l21 Query : select 1 valor from information_schema.tables where table_type='base table' and table_name='wstablefields'
20241111@140926.8166 14a64jlqerviaeuvbk6e2f4l21 Query : select fieldkey,fieldname,fieldtype,mandatory from wstablefields where tablename = 'fi2' and documentnumber = 39
20241111@140926.8174 14a64jlqerviaeuvbk6e2f4l21 Query : select top 1 convert(numeric(6,2),t.taxa) valor from taxasiva t where t.codigo='2'
20241111@140926.8186 14a64jlqerviaeuvbk6e2f4l21 Query : select sestamp valor from se where ref ='324.1834.00.1' and lote = 'r2400214200a'
20241111@140926.8198 14a64jlqerviaeuvbk6e2f4l21 Query : select 1 valor from information_schema.tables where table_type='base table' and table_name='wstablefields'
20241111@140926.8213 14a64jlqerviaeuvbk6e2f4l21 Query : select fieldkey,fieldname,fieldtype,calcformula from wstablefields where tablename = 'fi2' and documentnumber = 39
20241111@140926.8233 14a64jlqerviaeuvbk6e2f4l21 Query : insert into wsfi2data (fi2stamp,ftstamp ,ousrdata, ousrhora, usrdata,usrhora,ousrinis,usrinis) values ('aut673219202967321016c8','aut67321770156732101674' ,getdate(),convert(char(8),convert (time,getdate())),getdate(),convert(char(8),convert (time,getdate())),'wsv','wsv')
20241111@140926.8240 14a64jlqerviaeuvbk6e2f4l21 Query : select 1 valor from information_schema.tables where table_type='base table' and table_name='wstablefields'
20241111@140926.8256 14a64jlqerviaeuvbk6e2f4l21 Query : select fieldkey,fieldname,fieldtype,calcformula from wstablefields where tablename = 'fi' and documentnumber = 39
20241111@140926.8286 14a64jlqerviaeuvbk6e2f4l21 Query : insert into wsfidata (fistamp,ousrdata, ousrhora, usrdata,usrhora,ousrinis,usrinis ,qtt ,ftstamp ,epv,pvmoeda ,tabiva,iva,lordem ,ref, design ,lote,armazem,bistamp ) values ('aut673219202967321016c8',getdate(),convert(char(8),convert (time,getdate())),getdate(),convert(char(8),convert (time,getdate())),'wsv','wsv',20.000 ,'aut67321770156732101674' ,0,0 ,2,23.00,70000,?,?,?,?,?)
20241111@140926.8628 14a64jlqerviaeuvbk6e2f4l21 Query : select 1 valor from information_schema.tables where table_type='base table' and table_name='wstablefields'
20241111@140926.8796 14a64jlqerviaeuvbk6e2f4l21 Query : select fieldkey,fieldname,fieldtype,mandatory from wstablefields where tablename = 'fi' and documentnumber = 39
20241111@140926.8822 14a64jlqerviaeuvbk6e2f4l21 Query : select 1 valor from information_schema.tables where table_type='base table' and table_name='wstablefields'
20241111@140926.9013 14a64jlqerviaeuvbk6e2f4l21 Query : select fieldkey,fieldname,fieldtype,mandatory from wstablefields where tablename = 'fi2' and documentnumber = 39
20241111@140926.9026 14a64jlqerviaeuvbk6e2f4l21 Query : select top 1 convert(numeric(6,2),t.taxa) valor from taxasiva t where t.codigo='2'
20241111@140926.9039 14a64jlqerviaeuvbk6e2f4l21 Query : select 1 valor from information_schema.tables where table_type='base table' and table_name='wstablefields'
20241111@140926.9055 14a64jlqerviaeuvbk6e2f4l21 Query : select fieldkey,fieldname,fieldtype,calcformula from wstablefields where tablename = 'fi2' and documentnumber = 39
20241111@140926.9068 14a64jlqerviaeuvbk6e2f4l21 Query : insert into wsfi2data (fi2stamp,ftstamp ,ousrdata, ousrhora, usrdata,usrhora,ousrinis,usrinis) values ('aut673211944067321016dc','aut67321770156732101674' ,getdate(),convert(char(8),convert (time,getdate())),getdate(),convert(char(8),convert (time,getdate())),'wsv','wsv')
20241111@140926.9073 14a64jlqerviaeuvbk6e2f4l21 Query : select 1 valor from information_schema.tables where table_type='base table' and table_name='wstablefields'
20241111@140926.9088 14a64jlqerviaeuvbk6e2f4l21 Query : select fieldkey,fieldname,fieldtype,calcformula from wstablefields where tablename = 'fi' and documentnumber = 39
20241111@140926.9120 14a64jlqerviaeuvbk6e2f4l21 Query : insert into wsfidata (fistamp,ousrdata, ousrhora, usrdata,usrhora,ousrinis,usrinis ,qtt ,ftstamp ,epv,pvmoeda ,tabiva,iva,lordem ,ref, design ,armazem) values ('aut673211944067321016dc',getdate(),convert(char(8),convert (time,getdate())),getdate(),convert(char(8),convert (time,getdate())),'wsv','wsv',0 ,'aut67321770156732101674' ,0,0 ,2,23.00,80000,?,?,?)
20241111@140926.9406 14a64jlqerviaeuvbk6e2f4l21 Query : use flama_phc
20241111@140926.9410 14a64jlqerviaeuvbk6e2f4l21 Query : select st.usalote valor from st where st.ref = '324.1834.00.1'
20241111@140926.9430 14a64jlqerviaeuvbk6e2f4l21 Query : select top 1 st.tabiva ,st.ivaincl ,st.stns ,st.uni2 ,st.familia ,isnull(tx.taxa, 0) txiva ,unidade ,usalote ,epcpond ,noserie ,conversao ,st.texteis from st left join taxasiva tx on st.tabiva = tx.codigo where st.ref = '324.1834.00.1'
20241111@140926.9444 14a64jlqerviaeuvbk6e2f4l21 Query : select 1 valor from information_schema.tables where table_type='base table' and table_name='wstablefields'
20241111@140926.9462 14a64jlqerviaeuvbk6e2f4l21 Query : select fieldkey,fieldname,fieldtype,mandatory from wstablefields where tablename = 'fi' and documentnumber = 39
20241111@140926.9494 14a64jlqerviaeuvbk6e2f4l21 Query : select 1 valor from information_schema.tables where table_type='base table' and table_name='wstablefields'
20241111@140926.9510 14a64jlqerviaeuvbk6e2f4l21 Query : select fieldkey,fieldname,fieldtype,mandatory from wstablefields where tablename = 'fi2' and documentnumber = 39
20241111@140926.9520 14a64jlqerviaeuvbk6e2f4l21 Query : select top 1 convert(numeric(6,2),t.taxa) valor from taxasiva t where t.codigo='2'
20241111@140926.9534 14a64jlqerviaeuvbk6e2f4l21 Query : select sestamp valor from se where ref ='324.1834.00.1' and lote = 'r2400214200a'
20241111@140926.9548 14a64jlqerviaeuvbk6e2f4l21 Query : select 1 valor from information_schema.tables where table_type='base table' and table_name='wstablefields'
20241111@140926.9563 14a64jlqerviaeuvbk6e2f4l21 Query : select fieldkey,fieldname,fieldtype,calcformula from wstablefields where tablename = 'fi2' and documentnumber = 39
20241111@140926.9576 14a64jlqerviaeuvbk6e2f4l21 Query : insert into wsfi2data (fi2stamp,ftstamp ,ousrdata, ousrhora, usrdata,usrhora,ousrinis,usrinis) values ('aut673217723867321016e9','aut67321770156732101674' ,getdate(),convert(char(8),convert (time,getdate())),getdate(),convert(char(8),convert (time,getdate())),'wsv','wsv')
20241111@140926.9580 14a64jlqerviaeuvbk6e2f4l21 Query : select 1 valor from information_schema.tables where table_type='base table' and table_name='wstablefields'
20241111@140926.9595 14a64jlqerviaeuvbk6e2f4l21 Query : select fieldkey,fieldname,fieldtype,calcformula from wstablefields where tablename = 'fi' and documentnumber = 39
20241111@140926.9625 14a64jlqerviaeuvbk6e2f4l21 Query : insert into wsfidata (fistamp,ousrdata, ousrhora, usrdata,usrhora,ousrinis,usrinis ,qtt ,ftstamp ,epv,pvmoeda ,tabiva,iva,lordem ,ref, design ,lote,armazem,bistamp ) values ('aut673217723867321016e9',getdate(),convert(char(8),convert (time,getdate())),getdate(),convert(char(8),convert (time,getdate())),'wsv','wsv',20.000 ,'aut67321770156732101674' ,0,0 ,2,23.00,100000,?,?,?,?,?)
20241111@140926.9910 14a64jlqerviaeuvbk6e2f4l21 Query : select 1 valor from information_schema.tables where table_type='base table' and table_name='wstablefields'
20241111@140926.9928 14a64jlqerviaeuvbk6e2f4l21 Query : select fieldkey,fieldname,fieldtype,mandatory from wstablefields where tablename = 'fi' and documentnumber = 39
20241111@140926.9953 14a64jlqerviaeuvbk6e2f4l21 Query : select 1 valor from information_schema.tables where table_type='base table' and table_name='wstablefields'
20241111@140926.9967 14a64jlqerviaeuvbk6e2f4l21 Query : select fieldkey,fieldname,fieldtype,mandatory from wstablefields where tablename = 'fi2' and documentnumber = 39
20241111@140926.9976 14a64jlqerviaeuvbk6e2f4l21 Query : select top 1 convert(numeric(6,2),t.taxa) valor from taxasiva t where t.codigo='2'
20241111@140926.9988 14a64jlqerviaeuvbk6e2f4l21 Query : select 1 valor from information_schema.tables where table_type='base table' and table_name='wstablefields'
20241111@140927.2000 14a64jlqerviaeuvbk6e2f4l21 Query : select fieldkey,fieldname,fieldtype,calcformula from wstablefields where tablename = 'fi2' and documentnumber = 39
20241111@140927.1300 14a64jlqerviaeuvbk6e2f4l21 Query : insert into wsfi2data (fi2stamp,ftstamp ,ousrdata, ousrhora, usrdata,usrhora,ousrinis,usrinis) values ('aut673215695367321016f3','aut67321770156732101674' ,getdate(),convert(char(8),convert (time,getdate())),getdate(),convert(char(8),convert (time,getdate())),'wsv','wsv')
20241111@140927.1800 14a64jlqerviaeuvbk6e2f4l21 Query : select 1 valor from information_schema.tables where table_type='base table' and table_name='wstablefields'
20241111@140927.3200 14a64jlqerviaeuvbk6e2f4l21 Query : select fieldkey,fieldname,fieldtype,calcformula from wstablefields where tablename = 'fi' and documentnumber = 39
20241111@140927.6300 14a64jlqerviaeuvbk6e2f4l21 Query : insert into wsfidata (fistamp,ousrdata, ousrhora, usrdata,usrhora,ousrinis,usrinis ,qtt ,ftstamp ,epv,pvmoeda ,tabiva,iva,lordem ,ref, design ,armazem) values ('aut673215695367321016f3',getdate(),convert(char(8),convert (time,getdate())),getdate(),convert(char(8),convert (time,getdate())),'wsv','wsv',0 ,'aut67321770156732101674' ,0,0 ,2,23.00,110000,?,?,?)
20241111@140927.3570 14a64jlqerviaeuvbk6e2f4l21 Query : insert into wsftcreationlog (initialftstamp,externalid,creationstatus,documenttypeid,idustamp) values ('aut67321770156732101674','2407403','wait',39,'adm09112754980.682000002')
20241111@140927.4290 14a64jlqerviaeuvbk6e2f4l21 Query : use flama_phc
20241111@140927.4330 14a64jlqerviaeuvbk6e2f4l21 Query : update u_wsusers set rqsttoken =? where userid ='userls001'
20241111@140927.5380 14a64jlqerviaeuvbk6e2f4l21 Query : select concat(rtrim(relative_path),ltrim(name_new)) as valor from uploadfiles where uploadfile_id='3223';
20241111@140927.5830 14a64jlqerviaeuvbk6e2f4l21 Query : update uploadfiles set whenupdated=current_timestamp where uploadfile_id='3223';
20241111@140927.6370 14a64jlqerviaeuvbk6e2f4l21 Query : select concat(rtrim(relative_path),ltrim(name_new)) as valor from uploadfiles where uploadfile_id='3223';
20241111@140927.6730 14a64jlqerviaeuvbk6e2f4l21 Query : update uploadfiles set whenupdated=current_timestamp where uploadfile_id='3223';
20241111@140927.1201 2e47uu6hpdgoc5aq1ef5lq0uik Query : insert into uploadfiles ( name_original, name_new, option_type, relative_path, whencreated ) values ( ?, ?, ?, ?, getdate() )
20241111@140927.1213 2e47uu6hpdgoc5aq1ef5lq0uik Query : select uploadfile_id valor from uploadfiles where name_new = ? and option_type = ? 
20241111@140927.1273 2e47uu6hpdgoc5aq1ef5lq0uik Query : select concat(rtrim(relative_path),ltrim(name_new)) as valor from uploadfiles where uploadfile_id='3224';
20241111@140927.1340 2e47uu6hpdgoc5aq1ef5lq0uik Query : update uploadfiles set whenupdated=current_timestamp where uploadfile_id='3224';
20241111@140927.1406 2e47uu6hpdgoc5aq1ef5lq0uik Query : select concat(rtrim(relative_path),ltrim(name_new)) as valor from uploadfiles where uploadfile_id='3224';
20241111@140927.1441 2e47uu6hpdgoc5aq1ef5lq0uik Query : update uploadfiles set whenupdated=current_timestamp where uploadfile_id='3224';
20241111@140927.1499 2e47uu6hpdgoc5aq1ef5lq0uik Query : use flama_phc
20241111@140927.1502 2e47uu6hpdgoc5aq1ef5lq0uik Query : select top 1 secretkey valor from u_wsusers u where u.userid = ? and u.inactivo=0
20241111@140927.1563 2e47uu6hpdgoc5aq1ef5lq0uik Query : use flama_phc
20241111@140927.1567 2e47uu6hpdgoc5aq1ef5lq0uik Query : select no, estab,szadrsdesc from szadrs where u_coddest=4740
20241111@140927.1614 2e47uu6hpdgoc5aq1ef5lq0uik Query : select top 1 isnull(design,'') valor from st (nolock) left join stobs (nolock) on st.ref = stobs.ref where st.ref = '324.1833.00.2'
20241111@140927.1791 2e47uu6hpdgoc5aq1ef5lq0uik Query : select top 1 bistamp valor from bi inner join bo on bo.bostamp=bi.bostamp where bo.ndos =240 and bo.boano =2074 and bo.obrano = 2407404 and bi.ref ='324.1833.00.2' and bi.lordem =1
20241111@140927.2118 2e47uu6hpdgoc5aq1ef5lq0uik Query : select top 1 isnull(design,'') valor from st (nolock) left join stobs (nolock) on st.ref = stobs.ref where st.ref = '324.1833.00.2'
20241111@140927.2140 2e47uu6hpdgoc5aq1ef5lq0uik Query : select top 1 bistamp valor from bi inner join bo on bo.bostamp=bi.bostamp where bo.ndos =240 and bo.boano =2074 and bo.obrano = 2407404 and bi.ref ='324.1833.00.2' and bi.lordem =1
20241111@140927.2158 2e47uu6hpdgoc5aq1ef5lq0uik Query : select top 1 isnull(design,'') valor from st (nolock) left join stobs (nolock) on st.ref = stobs.ref where st.ref = '324.1833.00.2'
20241111@140927.2180 2e47uu6hpdgoc5aq1ef5lq0uik Query : select top 1 bistamp valor from bi inner join bo on bo.bostamp=bi.bostamp where bo.ndos =240 and bo.boano =2074 and bo.obrano = 2407404 and bi.ref ='324.1833.00.2' and bi.lordem =1
20241111@140927.2198 2e47uu6hpdgoc5aq1ef5lq0uik Query : use flama_phc
20241111@140927.2201 2e47uu6hpdgoc5aq1ef5lq0uik Query : select top 1 convert(date,fdata) valor from ft where ndoc = 39 and anulado= 0 and fno>0 order by fdata desc
20241111@140927.2244 2e47uu6hpdgoc5aq1ef5lq0uik Query : use flama_phc
20241111@140927.2248 2e47uu6hpdgoc5aq1ef5lq0uik Query : select top 1 1 valor from td where td.ndoc = 39
20241111@140927.2279 2e47uu6hpdgoc5aq1ef5lq0uik Query : use flama_phc
20241111@140927.2282 2e47uu6hpdgoc5aq1ef5lq0uik Query : select lower(descricao) descricao ,case when valor='s' then 1 else 0 end valor from para1 where descricao in ('st_lote','st_usalogifunc', 'st_grelha')
20241111@140927.2314 2e47uu6hpdgoc5aq1ef5lq0uik Query : select top 1 manternumero ,assinadoc issigned ,tiposaft ,assinaimp ,nmdos ,td.assinadoc ,'cl' origin ,lancasl stocks ,case when cmsl<50 and td.lancasl=1 then 1 else 0 end entrada ,case when cmsl>50 and td.lancasl=1 then 1 else 0 end saida ,temserie assets ,~semgre usegridfields from td inner join td2 on td.tdstamp=td2.td2stamp where td.ndoc = 1
20241111@140927.2352 2e47uu6hpdgoc5aq1ef5lq0uik Query : use flama_phc
20241111@140927.2355 2e47uu6hpdgoc5aq1ef5lq0uik Query : select top 1 ~inactivo valor from cl where no = '100810' and estab = 0 order by inactivo desc
20241111@140927.2389 2e47uu6hpdgoc5aq1ef5lq0uik Query : use flama_phc
20241111@140927.2392 2e47uu6hpdgoc5aq1ef5lq0uik Query : select top 1 tipodoc,regrd from td where ndoc = 39
20241111@140927.2423 2e47uu6hpdgoc5aq1ef5lq0uik Query : use flama_phc
20241111@140927.2427 2e47uu6hpdgoc5aq1ef5lq0uik Query : select szadrsstamp valor from szadrs where szadrsdesc='espaÇotrans,lda'
20241111@140927.2466 2e47uu6hpdgoc5aq1ef5lq0uik Query : use flama_phc
20241111@140927.2469 2e47uu6hpdgoc5aq1ef5lq0uik Query : select szadrsstamp valor from szadrs where szadrsdesc='100810 - worten-equipamentos para o lar,sa.'
20241111@140927.2516 2e47uu6hpdgoc5aq1ef5lq0uik Query : use flama_phc
20241111@140927.2519 2e47uu6hpdgoc5aq1ef5lq0uik Query : select 1 valor from td where ndoc = 39
20241111@140927.2533 2e47uu6hpdgoc5aq1ef5lq0uik Query : select top 1 manternumero, tiposaft, nmdos,td.assinadoc from td where td.ndoc = 39
20241111@140927.2547 2e47uu6hpdgoc5aq1ef5lq0uik Query : select 1 valor from information_schema.tables where table_type='base table' and table_name='wstablefields'
20241111@140927.2563 2e47uu6hpdgoc5aq1ef5lq0uik Query : select fieldkey,fieldname,fieldtype,mandatory from wstablefields where tablename = 'ft' and documentnumber = 39
20241111@140927.2585 2e47uu6hpdgoc5aq1ef5lq0uik Query : select 1 valor from information_schema.tables where table_type='base table' and table_name='wstablefields'
20241111@140927.2605 2e47uu6hpdgoc5aq1ef5lq0uik Query : select fieldkey,fieldname,fieldtype,mandatory from wstablefields where tablename = 'ft2' and documentnumber = 39
20241111@140927.2636 2e47uu6hpdgoc5aq1ef5lq0uik Query : select 1 valor from information_schema.tables where table_type='base table' and table_name='wstablefields'
20241111@140927.2661 2e47uu6hpdgoc5aq1ef5lq0uik Query : select fieldkey,fieldname,fieldtype,mandatory from wstablefields where tablename = 'ft3' and documentnumber = 39
20241111@140927.2675 2e47uu6hpdgoc5aq1ef5lq0uik Query : select top 1 ft.fno valor from ft ft where ft.ndoc = 39 and ftano=2024 order by fno desc
20241111@140927.2742 2e47uu6hpdgoc5aq1ef5lq0uik Query : select top 1 ft.fno valor from wsftdata ft where ft.ndoc = 39 and ftano=2024 order by fno desc
20241111@140927.2757 2e47uu6hpdgoc5aq1ef5lq0uik Query : select 1 valor from information_schema.tables where table_type='base table' and table_name='wstablefields'
20241111@140927.2779 2e47uu6hpdgoc5aq1ef5lq0uik Query : select fieldkey,fieldname,fieldtype,calcformula from wstablefields where tablename = 'ft3' and documentnumber = 39
20241111@140927.2796 2e47uu6hpdgoc5aq1ef5lq0uik Query : insert into wsft3data (ft3stamp, ousrdata, ousrhora, usrdata,usrhora,ousrinis,usrinis,taxpointdt ) values ('aut67321942536732101741' ,getdate(),convert(char(8),convert (time,getdate())),getdate(),convert(char(8),convert (time,getdate())),'wsv','wsv',?)
20241111@140927.2987 2e47uu6hpdgoc5aq1ef5lq0uik Query : select 1 valor from information_schema.tables where table_type='base table' and table_name='wstablefields'
20241111@140927.3007 2e47uu6hpdgoc5aq1ef5lq0uik Query : select fieldkey,fieldname,fieldtype,calcformula from wstablefields where tablename = 'ft2' and documentnumber = 39
20241111@140927.3043 2e47uu6hpdgoc5aq1ef5lq0uik Query : select top 1 bo.u_nomeenv valor from bo where bo.bostamp=''
20241111@140927.3057 2e47uu6hpdgoc5aq1ef5lq0uik Query : select top 1 bo.u_moradaen valor from bo where bo.bostamp=''
20241111@140927.3069 2e47uu6hpdgoc5aq1ef5lq0uik Query : select top 1 bo.u_codposen valor from bo where bo.bostamp=''
20241111@140927.3082 2e47uu6hpdgoc5aq1ef5lq0uik Query : select top 1 bo.u_localenv valor from bo where bo.bostamp=''
20241111@140927.3095 2e47uu6hpdgoc5aq1ef5lq0uik Query : select top 1 bo.trab5 valor from bo where bo.bostamp=''
20241111@140927.3107 2e47uu6hpdgoc5aq1ef5lq0uik Query : select top 1 bo.serie valor from bo where bo.bostamp=''
20241111@140927.3120 2e47uu6hpdgoc5aq1ef5lq0uik Query : insert into wsft2data (ft2stamp, ousrdata,ousrhora, usrdata,usrhora,ousrinis,usrinis,u_nomeenv ,u_moradaen ,u_codposen ,u_localenv ,u_coddest ,u_codby ) values ('aut67321942536732101741',getdate(),convert(char(8),convert (time,getdate())),getdate(),convert(char(8),convert (time,getdate())),'wsv','wsv',?,?,?,?,?,?)
20241111@140927.3413 2e47uu6hpdgoc5aq1ef5lq0uik Query : select top 1 fno valor from wsftdata order by fno desc
20241111@140927.3445 2e47uu6hpdgoc5aq1ef5lq0uik Query : select 1 valor from information_schema.tables where table_type='base table' and table_name='wstablefields'
20241111@140927.3466 2e47uu6hpdgoc5aq1ef5lq0uik Query : select fieldkey,fieldname,fieldtype,calcformula from wstablefields where tablename = 'ft' and documentnumber = 39
20241111@140927.3491 2e47uu6hpdgoc5aq1ef5lq0uik Query : select 'normal' from dummy
20241111@140927.3508 2e47uu6hpdgoc5aq1ef5lq0uik Query : insert into wsftdata (ftstamp, ousrdata,ousrhora, usrdata,usrhora,ousrinis,usrinis,fno,no,estab,fdata,ndoc,moeda,cambio,cambiofixo,ftano,site ,classe ) values ('aut67321942536732101741',getdate(),convert(char(8),convert (time,getdate())),getdate(),convert(char(8),convert (time,getdate())),'wsv','wsv',1785,100810,0,'2024-11-11',39,'euro',0,0,2024 ,?,?)
20241111@140927.3842 2e47uu6hpdgoc5aq1ef5lq0uik Query : use flama_phc
20241111@140927.3845 2e47uu6hpdgoc5aq1ef5lq0uik Query : select st.usalote valor from st where st.ref = '324.1833.00.2'
20241111@140927.3867 2e47uu6hpdgoc5aq1ef5lq0uik Query : select top 1 st.tabiva ,st.ivaincl ,st.stns ,st.uni2 ,st.familia ,isnull(tx.taxa, 0) txiva ,unidade ,usalote ,epcpond ,noserie ,conversao ,st.texteis from st left join taxasiva tx on st.tabiva = tx.codigo where st.ref = '324.1833.00.2'
20241111@140927.4033 2e47uu6hpdgoc5aq1ef5lq0uik Query : select 1 valor from information_schema.tables where table_type='base table' and table_name='wstablefields'
20241111@140927.4050 2e47uu6hpdgoc5aq1ef5lq0uik Query : select fieldkey,fieldname,fieldtype,mandatory from wstablefields where tablename = 'fi' and documentnumber = 39
20241111@140927.4077 2e47uu6hpdgoc5aq1ef5lq0uik Query : select 1 valor from information_schema.tables where table_type='base table' and table_name='wstablefields'
20241111@140927.4091 2e47uu6hpdgoc5aq1ef5lq0uik Query : select fieldkey,fieldname,fieldtype,mandatory from wstablefields where tablename = 'fi2' and documentnumber = 39
20241111@140927.4100 2e47uu6hpdgoc5aq1ef5lq0uik Query : select top 1 convert(numeric(6,2),t.taxa) valor from taxasiva t where t.codigo='2'
20241111@140927.4112 2e47uu6hpdgoc5aq1ef5lq0uik Query : select sestamp valor from se where ref ='324.1833.00.2' and lote = 'r2301257100a'
20241111@140927.4126 2e47uu6hpdgoc5aq1ef5lq0uik Query : select 1 valor from information_schema.tables where table_type='base table' and table_name='wstablefields'
20241111@140927.4141 2e47uu6hpdgoc5aq1ef5lq0uik Query : select fieldkey,fieldname,fieldtype,calcformula from wstablefields where tablename = 'fi2' and documentnumber = 39
20241111@140927.4152 2e47uu6hpdgoc5aq1ef5lq0uik Query : insert into wsfi2data (fi2stamp,ftstamp ,ousrdata, ousrhora, usrdata,usrhora,ousrinis,usrinis) values ('aut67321035866732101764','aut67321942536732101741' ,getdate(),convert(char(8),convert (time,getdate())),getdate(),convert(char(8),convert (time,getdate())),'wsv','wsv')
20241111@140927.4157 2e47uu6hpdgoc5aq1ef5lq0uik Query : select 1 valor from information_schema.tables where table_type='base table' and table_name='wstablefields'
20241111@140927.4173 2e47uu6hpdgoc5aq1ef5lq0uik Query : select fieldkey,fieldname,fieldtype,calcformula from wstablefields where tablename = 'fi' and documentnumber = 39
20241111@140927.4201 2e47uu6hpdgoc5aq1ef5lq0uik Query : insert into wsfidata (fistamp,ousrdata, ousrhora, usrdata,usrhora,ousrinis,usrinis ,qtt ,ftstamp ,epv,pvmoeda ,tabiva,iva,lordem ,ref, design ,lote,armazem,bistamp ) values ('aut67321035866732101764',getdate(),convert(char(8),convert (time,getdate())),getdate(),convert(char(8),convert (time,getdate())),'wsv','wsv',20.000 ,'aut67321942536732101741' ,0,0 ,2,23.00,10000,?,?,?,?,?)
20241111@140927.4507 2e47uu6hpdgoc5aq1ef5lq0uik Query : use flama_phc
20241111@140927.4510 2e47uu6hpdgoc5aq1ef5lq0uik Query : select st.usalote valor from st where st.ref = '324.1833.00.2'
20241111@140927.4530 2e47uu6hpdgoc5aq1ef5lq0uik Query : select top 1 st.tabiva ,st.ivaincl ,st.stns ,st.uni2 ,st.familia ,isnull(tx.taxa, 0) txiva ,unidade ,usalote ,epcpond ,noserie ,conversao ,st.texteis from st left join taxasiva tx on st.tabiva = tx.codigo where st.ref = '324.1833.00.2'
20241111@140927.4544 2e47uu6hpdgoc5aq1ef5lq0uik Query : select 1 valor from information_schema.tables where table_type='base table' and table_name='wstablefields'
20241111@140927.4560 2e47uu6hpdgoc5aq1ef5lq0uik Query : select fieldkey,fieldname,fieldtype,mandatory from wstablefields where tablename = 'fi' and documentnumber = 39
20241111@140927.4586 2e47uu6hpdgoc5aq1ef5lq0uik Query : select 1 valor from information_schema.tables where table_type='base table' and table_name='wstablefields'
20241111@140927.4599 2e47uu6hpdgoc5aq1ef5lq0uik Query : select fieldkey,fieldname,fieldtype,mandatory from wstablefields where tablename = 'fi2' and documentnumber = 39
20241111@140927.4608 2e47uu6hpdgoc5aq1ef5lq0uik Query : select top 1 convert(numeric(6,2),t.taxa) valor from taxasiva t where t.codigo='2'
20241111@140927.4619 2e47uu6hpdgoc5aq1ef5lq0uik Query : select sestamp valor from se where ref ='324.1833.00.2' and lote = 'r2301257100a'
20241111@140927.4632 2e47uu6hpdgoc5aq1ef5lq0uik Query : select 1 valor from information_schema.tables where table_type='base table' and table_name='wstablefields'
20241111@140927.4646 2e47uu6hpdgoc5aq1ef5lq0uik Query : select fieldkey,fieldname,fieldtype,calcformula from wstablefields where tablename = 'fi2' and documentnumber = 39
20241111@140927.4657 2e47uu6hpdgoc5aq1ef5lq0uik Query : insert into wsfi2data (fi2stamp,ftstamp ,ousrdata, ousrhora, usrdata,usrhora,ousrinis,usrinis) values ('aut67321232256732101771','aut67321942536732101741' ,getdate(),convert(char(8),convert (time,getdate())),getdate(),convert(char(8),convert (time,getdate())),'wsv','wsv')
20241111@140927.4661 2e47uu6hpdgoc5aq1ef5lq0uik Query : select 1 valor from information_schema.tables where table_type='base table' and table_name='wstablefields'
20241111@140927.4675 2e47uu6hpdgoc5aq1ef5lq0uik Query : select fieldkey,fieldname,fieldtype,calcformula from wstablefields where tablename = 'fi' and documentnumber = 39
20241111@140927.4703 2e47uu6hpdgoc5aq1ef5lq0uik Query : insert into wsfidata (fistamp,ousrdata, ousrhora, usrdata,usrhora,ousrinis,usrinis ,qtt ,ftstamp ,epv,pvmoeda ,tabiva,iva,lordem ,ref, design ,lote,armazem,bistamp ) values ('aut67321232256732101771',getdate(),convert(char(8),convert (time,getdate())),getdate(),convert(char(8),convert (time,getdate())),'wsv','wsv',20.000 ,'aut67321942536732101741' ,0,0 ,2,23.00,20000,?,?,?,?,?)
20241111@140927.5004 2e47uu6hpdgoc5aq1ef5lq0uik Query : use flama_phc
20241111@140927.5008 2e47uu6hpdgoc5aq1ef5lq0uik Query : select st.usalote valor from st where st.ref = '324.1833.00.2'
20241111@140927.5027 2e47uu6hpdgoc5aq1ef5lq0uik Query : select top 1 st.tabiva ,st.ivaincl ,st.stns ,st.uni2 ,st.familia ,isnull(tx.taxa, 0) txiva ,unidade ,usalote ,epcpond ,noserie ,conversao ,st.texteis from st left join taxasiva tx on st.tabiva = tx.codigo where st.ref = '324.1833.00.2'
20241111@140927.5040 2e47uu6hpdgoc5aq1ef5lq0uik Query : select 1 valor from information_schema.tables where table_type='base table' and table_name='wstablefields'
20241111@140927.5057 2e47uu6hpdgoc5aq1ef5lq0uik Query : select fieldkey,fieldname,fieldtype,mandatory from wstablefields where tablename = 'fi' and documentnumber = 39
20241111@140927.5081 2e47uu6hpdgoc5aq1ef5lq0uik Query : select 1 valor from information_schema.tables where table_type='base table' and table_name='wstablefields'
20241111@140927.5095 2e47uu6hpdgoc5aq1ef5lq0uik Query : select fieldkey,fieldname,fieldtype,mandatory from wstablefields where tablename = 'fi2' and documentnumber = 39
20241111@140927.5104 2e47uu6hpdgoc5aq1ef5lq0uik Query : select top 1 convert(numeric(6,2),t.taxa) valor from taxasiva t where t.codigo='2'
20241111@140927.5115 2e47uu6hpdgoc5aq1ef5lq0uik Query : select sestamp valor from se where ref ='324.1833.00.2' and lote = 'r2301257100a'
20241111@140927.5127 2e47uu6hpdgoc5aq1ef5lq0uik Query : select 1 valor from information_schema.tables where table_type='base table' and table_name='wstablefields'
20241111@140927.5143 2e47uu6hpdgoc5aq1ef5lq0uik Query : select fieldkey,fieldname,fieldtype,calcformula from wstablefields where tablename = 'fi2' and documentnumber = 39
20241111@140927.5154 2e47uu6hpdgoc5aq1ef5lq0uik Query : insert into wsfi2data (fi2stamp,ftstamp ,ousrdata, ousrhora, usrdata,usrhora,ousrinis,usrinis) values ('aut6732130672673210177d','aut67321942536732101741' ,getdate(),convert(char(8),convert (time,getdate())),getdate(),convert(char(8),convert (time,getdate())),'wsv','wsv')
20241111@140927.5159 2e47uu6hpdgoc5aq1ef5lq0uik Query : select 1 valor from information_schema.tables where table_type='base table' and table_name='wstablefields'
20241111@140927.5173 2e47uu6hpdgoc5aq1ef5lq0uik Query : select fieldkey,fieldname,fieldtype,calcformula from wstablefields where tablename = 'fi' and documentnumber = 39
20241111@140927.5200 2e47uu6hpdgoc5aq1ef5lq0uik Query : insert into wsfidata (fistamp,ousrdata, ousrhora, usrdata,usrhora,ousrinis,usrinis ,qtt ,ftstamp ,epv,pvmoeda ,tabiva,iva,lordem ,ref, design ,lote,armazem,bistamp ) values ('aut6732130672673210177d',getdate(),convert(char(8),convert (time,getdate())),getdate(),convert(char(8),convert (time,getdate())),'wsv','wsv',20.000 ,'aut67321942536732101741' ,0,0 ,2,23.00,30000,?,?,?,?,?)
20241111@140927.5537 2e47uu6hpdgoc5aq1ef5lq0uik Query : insert into wsftcreationlog (initialftstamp,externalid,creationstatus,documenttypeid,idustamp) values ('aut67321942536732101741','2407404','wait',39,'adm09112754980.682000002')
20241111@140927.5607 2e47uu6hpdgoc5aq1ef5lq0uik Query : use flama_phc
20241111@140927.5610 2e47uu6hpdgoc5aq1ef5lq0uik Query : update u_wsusers set rqsttoken =? where userid ='userls001'
20241111@140927.5641 2e47uu6hpdgoc5aq1ef5lq0uik Query : select concat(rtrim(relative_path),ltrim(name_new)) as valor from uploadfiles where uploadfile_id='3224';
20241111@140927.5680 2e47uu6hpdgoc5aq1ef5lq0uik Query : update uploadfiles set whenupdated=current_timestamp where uploadfile_id='3224';
20241111@140927.5729 2e47uu6hpdgoc5aq1ef5lq0uik Query : select concat(rtrim(relative_path),ltrim(name_new)) as valor from uploadfiles where uploadfile_id='3224';
20241111@140927.5761 2e47uu6hpdgoc5aq1ef5lq0uik Query : update uploadfiles set whenupdated=current_timestamp where uploadfile_id='3224';
20241111@140927.6775 a972j9p1pkrkknq03d7177talg Query : insert into uploadfiles ( name_original, name_new, option_type, relative_path, whencreated ) values ( ?, ?, ?, ?, getdate() )
20241111@140927.6786 a972j9p1pkrkknq03d7177talg Query : select uploadfile_id valor from uploadfiles where name_new = ? and option_type = ? 
20241111@140927.6852 a972j9p1pkrkknq03d7177talg Query : select concat(rtrim(relative_path),ltrim(name_new)) as valor from uploadfiles where uploadfile_id='3225';
20241111@140927.6921 a972j9p1pkrkknq03d7177talg Query : update uploadfiles set whenupdated=current_timestamp where uploadfile_id='3225';
20241111@140927.6999 a972j9p1pkrkknq03d7177talg Query : select concat(rtrim(relative_path),ltrim(name_new)) as valor from uploadfiles where uploadfile_id='3225';
20241111@140927.7053 a972j9p1pkrkknq03d7177talg Query : update uploadfiles set whenupdated=current_timestamp where uploadfile_id='3225';
20241111@140927.7120 a972j9p1pkrkknq03d7177talg Query : use flama_phc
20241111@140927.7128 a972j9p1pkrkknq03d7177talg Query : select top 1 secretkey valor from u_wsusers u where u.userid = ? and u.inactivo=0
20241111@140927.7262 a972j9p1pkrkknq03d7177talg Query : use flama_phc
20241111@140927.7266 a972j9p1pkrkknq03d7177talg Query : select no, estab,szadrsdesc from szadrs where u_coddest=4740
20241111@140927.7310 a972j9p1pkrkknq03d7177talg Query : select top 1 isnull(design,'') valor from st (nolock) left join stobs (nolock) on st.ref = stobs.ref where st.ref = '324.1831.00.2'
20241111@140927.7483 a972j9p1pkrkknq03d7177talg Query : select top 1 bistamp valor from bi inner join bo on bo.bostamp=bi.bostamp where bo.ndos =240 and bo.boano =2074 and bo.obrano = 2407405 and bi.ref ='324.1831.00.2' and bi.lordem =1
20241111@140927.7813 a972j9p1pkrkknq03d7177talg Query : select top 1 isnull(design,'') valor from st (nolock) left join stobs (nolock) on st.ref = stobs.ref where st.ref = '324.1831.00.2'
20241111@140927.7835 a972j9p1pkrkknq03d7177talg Query : select top 1 bistamp valor from bi inner join bo on bo.bostamp=bi.bostamp where bo.ndos =240 and bo.boano =2074 and bo.obrano = 2407405 and bi.ref ='324.1831.00.2' and bi.lordem =1
20241111@140927.7853 a972j9p1pkrkknq03d7177talg Query : select top 1 isnull(design,'') valor from st (nolock) left join stobs (nolock) on st.ref = stobs.ref where st.ref = '324.1831.00.2'
20241111@140927.7872 a972j9p1pkrkknq03d7177talg Query : select top 1 bistamp valor from bi inner join bo on bo.bostamp=bi.bostamp where bo.ndos =240 and bo.boano =2074 and bo.obrano = 2407405 and bi.ref ='324.1831.00.2' and bi.lordem =1
20241111@140927.7889 a972j9p1pkrkknq03d7177talg Query : select top 1 isnull(design,'') valor from st (nolock) left join stobs (nolock) on st.ref = stobs.ref where st.ref = '324.1831.00.2'
20241111@140927.7910 a972j9p1pkrkknq03d7177talg Query : select top 1 bistamp valor from bi inner join bo on bo.bostamp=bi.bostamp where bo.ndos =240 and bo.boano =2074 and bo.obrano = 2407405 and bi.ref ='324.1831.00.2' and bi.lordem =1
20241111@140927.7927 a972j9p1pkrkknq03d7177talg Query : select top 1 isnull(design,'') valor from st (nolock) left join stobs (nolock) on st.ref = stobs.ref where st.ref = '324.1831.00.2'
20241111@140927.7951 a972j9p1pkrkknq03d7177talg Query : select top 1 bistamp valor from bi inner join bo on bo.bostamp=bi.bostamp where bo.ndos =240 and bo.boano =2074 and bo.obrano = 2407405 and bi.ref ='324.1831.00.2' and bi.lordem =1
20241111@140927.7968 a972j9p1pkrkknq03d7177talg Query : use flama_phc
20241111@140927.7971 a972j9p1pkrkknq03d7177talg Query : select top 1 convert(date,fdata) valor from ft where ndoc = 39 and anulado= 0 and fno>0 order by fdata desc
20241111@140927.8003 a972j9p1pkrkknq03d7177talg Query : use flama_phc
20241111@140927.8006 a972j9p1pkrkknq03d7177talg Query : select top 1 1 valor from td where td.ndoc = 39
20241111@140927.8039 a972j9p1pkrkknq03d7177talg Query : use flama_phc
20241111@140927.8042 a972j9p1pkrkknq03d7177talg Query : select lower(descricao) descricao ,case when valor='s' then 1 else 0 end valor from para1 where descricao in ('st_lote','st_usalogifunc', 'st_grelha')
20241111@140927.8140 a972j9p1pkrkknq03d7177talg Query : select top 1 manternumero ,assinadoc issigned ,tiposaft ,assinaimp ,nmdos ,td.assinadoc ,'cl' origin ,lancasl stocks ,case when cmsl<50 and td.lancasl=1 then 1 else 0 end entrada ,case when cmsl>50 and td.lancasl=1 then 1 else 0 end saida ,temserie assets ,~semgre usegridfields from td inner join td2 on td.tdstamp=td2.td2stamp where td.ndoc = 1
20241111@140927.8176 a972j9p1pkrkknq03d7177talg Query : use flama_phc
20241111@140927.8180 a972j9p1pkrkknq03d7177talg Query : select top 1 ~inactivo valor from cl where no = '100810' and estab = 0 order by inactivo desc
20241111@140927.8214 a972j9p1pkrkknq03d7177talg Query : use flama_phc
20241111@140927.8217 a972j9p1pkrkknq03d7177talg Query : select top 1 tipodoc,regrd from td where ndoc = 39
20241111@140927.8249 a972j9p1pkrkknq03d7177talg Query : use flama_phc
20241111@140927.8252 a972j9p1pkrkknq03d7177talg Query : select szadrsstamp valor from szadrs where szadrsdesc='espaÇotrans,lda'
20241111@140927.8297 a972j9p1pkrkknq03d7177talg Query : use flama_phc
20241111@140927.8300 a972j9p1pkrkknq03d7177talg Query : select szadrsstamp valor from szadrs where szadrsdesc='100810 - worten-equipamentos para o lar,sa.'
20241111@140927.8344 a972j9p1pkrkknq03d7177talg Query : use flama_phc
20241111@140927.8347 a972j9p1pkrkknq03d7177talg Query : select 1 valor from td where ndoc = 39
20241111@140927.8360 a972j9p1pkrkknq03d7177talg Query : select top 1 manternumero, tiposaft, nmdos,td.assinadoc from td where td.ndoc = 39
20241111@140927.8374 a972j9p1pkrkknq03d7177talg Query : select 1 valor from information_schema.tables where table_type='base table' and table_name='wstablefields'
20241111@140927.8391 a972j9p1pkrkknq03d7177talg Query : select fieldkey,fieldname,fieldtype,mandatory from wstablefields where tablename = 'ft' and documentnumber = 39
20241111@140927.8414 a972j9p1pkrkknq03d7177talg Query : select 1 valor from information_schema.tables where table_type='base table' and table_name='wstablefields'
20241111@140927.8430 a972j9p1pkrkknq03d7177talg Query : select fieldkey,fieldname,fieldtype,mandatory from wstablefields where tablename = 'ft2' and documentnumber = 39
20241111@140927.8470 a972j9p1pkrkknq03d7177talg Query : select 1 valor from information_schema.tables where table_type='base table' and table_name='wstablefields'
20241111@140927.8485 a972j9p1pkrkknq03d7177talg Query : select fieldkey,fieldname,fieldtype,mandatory from wstablefields where tablename = 'ft3' and documentnumber = 39
20241111@140927.8498 a972j9p1pkrkknq03d7177talg Query : select top 1 ft.fno valor from ft ft where ft.ndoc = 39 and ftano=2024 order by fno desc
20241111@140927.8563 a972j9p1pkrkknq03d7177talg Query : select top 1 ft.fno valor from wsftdata ft where ft.ndoc = 39 and ftano=2024 order by fno desc
20241111@140927.8577 a972j9p1pkrkknq03d7177talg Query : select 1 valor from information_schema.tables where table_type='base table' and table_name='wstablefields'
20241111@140927.8594 a972j9p1pkrkknq03d7177talg Query : select fieldkey,fieldname,fieldtype,calcformula from wstablefields where tablename = 'ft3' and documentnumber = 39
20241111@140927.8610 a972j9p1pkrkknq03d7177talg Query : insert into wsft3data (ft3stamp, ousrdata, ousrhora, usrdata,usrhora,ousrinis,usrinis,taxpointdt ) values ('aut673216580867321017cf' ,getdate(),convert(char(8),convert (time,getdate())),getdate(),convert(char(8),convert (time,getdate())),'wsv','wsv',?)
20241111@140927.8915 a972j9p1pkrkknq03d7177talg Query : select 1 valor from information_schema.tables where table_type='base table' and table_name='wstablefields'
20241111@140927.8938 a972j9p1pkrkknq03d7177talg Query : select fieldkey,fieldname,fieldtype,calcformula from wstablefields where tablename = 'ft2' and documentnumber = 39
20241111@140927.8972 a972j9p1pkrkknq03d7177talg Query : select top 1 bo.u_nomeenv valor from bo where bo.bostamp=''
20241111@140927.8984 a972j9p1pkrkknq03d7177talg Query : select top 1 bo.u_moradaen valor from bo where bo.bostamp=''
20241111@140927.8997 a972j9p1pkrkknq03d7177talg Query : select top 1 bo.u_codposen valor from bo where bo.bostamp=''
20241111@140927.9009 a972j9p1pkrkknq03d7177talg Query : select top 1 bo.u_localenv valor from bo where bo.bostamp=''
20241111@140927.9023 a972j9p1pkrkknq03d7177talg Query : select top 1 bo.trab5 valor from bo where bo.bostamp=''
20241111@140927.9037 a972j9p1pkrkknq03d7177talg Query : select top 1 bo.serie valor from bo where bo.bostamp=''
20241111@140927.9049 a972j9p1pkrkknq03d7177talg Query : insert into wsft2data (ft2stamp, ousrdata,ousrhora, usrdata,usrhora,ousrinis,usrinis,u_nomeenv ,u_moradaen ,u_codposen ,u_localenv ,u_coddest ,u_codby ) values ('aut673216580867321017cf',getdate(),convert(char(8),convert (time,getdate())),getdate(),convert(char(8),convert (time,getdate())),'wsv','wsv',?,?,?,?,?,?)
20241111@140927.9320 a972j9p1pkrkknq03d7177talg Query : select top 1 fno valor from wsftdata order by fno desc
20241111@140927.9352 a972j9p1pkrkknq03d7177talg Query : select 1 valor from information_schema.tables where table_type='base table' and table_name='wstablefields'
20241111@140927.9368 a972j9p1pkrkknq03d7177talg Query : select fieldkey,fieldname,fieldtype,calcformula from wstablefields where tablename = 'ft' and documentnumber = 39
20241111@140927.9394 a972j9p1pkrkknq03d7177talg Query : select 'normal' from dummy
20241111@140927.9411 a972j9p1pkrkknq03d7177talg Query : insert into wsftdata (ftstamp, ousrdata,ousrhora, usrdata,usrhora,ousrinis,usrinis,fno,no,estab,fdata,ndoc,moeda,cambio,cambiofixo,ftano,site ,classe ) values ('aut673216580867321017cf',getdate(),convert(char(8),convert (time,getdate())),getdate(),convert(char(8),convert (time,getdate())),'wsv','wsv',1786,100810,0,'2024-11-11',39,'euro',0,0,2024 ,?,?)
20241111@140927.9840 a972j9p1pkrkknq03d7177talg Query : use flama_phc
20241111@140927.9844 a972j9p1pkrkknq03d7177talg Query : select st.usalote valor from st where st.ref = '324.1831.00.2'
20241111@140927.9866 a972j9p1pkrkknq03d7177talg Query : select top 1 st.tabiva ,st.ivaincl ,st.stns ,st.uni2 ,st.familia ,isnull(tx.taxa, 0) txiva ,unidade ,usalote ,epcpond ,noserie ,conversao ,st.texteis from st left join taxasiva tx on st.tabiva = tx.codigo where st.ref = '324.1831.00.2'
20241111@140928.2490 a972j9p1pkrkknq03d7177talg Query : select 1 valor from information_schema.tables where table_type='base table' and table_name='wstablefields'
20241111@140928.2690 a972j9p1pkrkknq03d7177talg Query : select fieldkey,fieldname,fieldtype,mandatory from wstablefields where tablename = 'fi' and documentnumber = 39
20241111@140928.3870 a972j9p1pkrkknq03d7177talg Query : select 1 valor from information_schema.tables where table_type='base table' and table_name='wstablefields'
20241111@140928.4050 a972j9p1pkrkknq03d7177talg Query : select fieldkey,fieldname,fieldtype,mandatory from wstablefields where tablename = 'fi2' and documentnumber = 39
20241111@140928.4140 a972j9p1pkrkknq03d7177talg Query : select top 1 convert(numeric(6,2),t.taxa) valor from taxasiva t where t.codigo='2'
20241111@140928.4360 a972j9p1pkrkknq03d7177talg Query : select sestamp valor from se where ref ='324.1831.00.2' and lote = 'r2400481200a'
20241111@140928.4550 a972j9p1pkrkknq03d7177talg Query : select 1 valor from information_schema.tables where table_type='base table' and table_name='wstablefields'
20241111@140928.4760 a972j9p1pkrkknq03d7177talg Query : select fieldkey,fieldname,fieldtype,calcformula from wstablefields where tablename = 'fi2' and documentnumber = 39
20241111@140928.4890 a972j9p1pkrkknq03d7177talg Query : insert into wsfi2data (fi2stamp,ftstamp ,ousrdata, ousrhora, usrdata,usrhora,ousrinis,usrinis) values ('aut6732178237673210180b','aut673216580867321017cf' ,getdate(),convert(char(8),convert (time,getdate())),getdate(),convert(char(8),convert (time,getdate())),'wsv','wsv')
20241111@140928.4940 a972j9p1pkrkknq03d7177talg Query : select 1 valor from information_schema.tables where table_type='base table' and table_name='wstablefields'
20241111@140928.5100 a972j9p1pkrkknq03d7177talg Query : select fieldkey,fieldname,fieldtype,calcformula from wstablefields where tablename = 'fi' and documentnumber = 39
20241111@140928.1600 a972j9p1pkrkknq03d7177talg Query : insert into wsfidata (fistamp,ousrdata, ousrhora, usrdata,usrhora,ousrinis,usrinis ,qtt ,ftstamp ,epv,pvmoeda ,tabiva,iva,lordem ,ref, design ,lote,armazem,bistamp ) values ('aut6732178237673210180b',getdate(),convert(char(8),convert (time,getdate())),getdate(),convert(char(8),convert (time,getdate())),'wsv','wsv',20.000 ,'aut673216580867321017cf' ,0,0 ,2,23.00,10000,?,?,?,?,?)
20241111@140928.2483 a972j9p1pkrkknq03d7177talg Query : select 1 valor from information_schema.tables where table_type='base table' and table_name='wstablefields'
20241111@140928.2503 a972j9p1pkrkknq03d7177talg Query : select fieldkey,fieldname,fieldtype,mandatory from wstablefields where tablename = 'fi' and documentnumber = 39
20241111@140928.3100 a972j9p1pkrkknq03d7177talg Query : select 1 valor from information_schema.tables where table_type='base table' and table_name='wstablefields'
20241111@140928.3117 a972j9p1pkrkknq03d7177talg Query : select fieldkey,fieldname,fieldtype,mandatory from wstablefields where tablename = 'fi2' and documentnumber = 39
20241111@140928.3126 a972j9p1pkrkknq03d7177talg Query : select top 1 convert(numeric(6,2),t.taxa) valor from taxasiva t where t.codigo='2'
20241111@140928.3138 a972j9p1pkrkknq03d7177talg Query : select 1 valor from information_schema.tables where table_type='base table' and table_name='wstablefields'
20241111@140928.3153 a972j9p1pkrkknq03d7177talg Query : select fieldkey,fieldname,fieldtype,calcformula from wstablefields where tablename = 'fi2' and documentnumber = 39
20241111@140928.3164 a972j9p1pkrkknq03d7177talg Query : insert into wsfi2data (fi2stamp,ftstamp ,ousrdata, ousrhora, usrdata,usrhora,ousrinis,usrinis) values ('aut6732178807673210184c','aut673216580867321017cf' ,getdate(),convert(char(8),convert (time,getdate())),getdate(),convert(char(8),convert (time,getdate())),'wsv','wsv')
20241111@140928.3168 a972j9p1pkrkknq03d7177talg Query : select 1 valor from information_schema.tables where table_type='base table' and table_name='wstablefields'
20241111@140928.3183 a972j9p1pkrkknq03d7177talg Query : select fieldkey,fieldname,fieldtype,calcformula from wstablefields where tablename = 'fi' and documentnumber = 39
20241111@140928.3212 a972j9p1pkrkknq03d7177talg Query : insert into wsfidata (fistamp,ousrdata, ousrhora, usrdata,usrhora,ousrinis,usrinis ,qtt ,ftstamp ,epv,pvmoeda ,tabiva,iva,lordem ,ref, design ,armazem) values ('aut6732178807673210184c',getdate(),convert(char(8),convert (time,getdate())),getdate(),convert(char(8),convert (time,getdate())),'wsv','wsv',0 ,'aut673216580867321017cf' ,0,0 ,2,23.00,20000,?,?,?)
20241111@140928.3594 a972j9p1pkrkknq03d7177talg Query : use flama_phc
20241111@140928.3597 a972j9p1pkrkknq03d7177talg Query : select st.usalote valor from st where st.ref = '324.1831.00.2'
20241111@140928.3618 a972j9p1pkrkknq03d7177talg Query : select top 1 st.tabiva ,st.ivaincl ,st.stns ,st.uni2 ,st.familia ,isnull(tx.taxa, 0) txiva ,unidade ,usalote ,epcpond ,noserie ,conversao ,st.texteis from st left join taxasiva tx on st.tabiva = tx.codigo where st.ref = '324.1831.00.2'
20241111@140928.3633 a972j9p1pkrkknq03d7177talg Query : select 1 valor from information_schema.tables where table_type='base table' and table_name='wstablefields'
20241111@140928.3650 a972j9p1pkrkknq03d7177talg Query : select fieldkey,fieldname,fieldtype,mandatory from wstablefields where tablename = 'fi' and documentnumber = 39
20241111@140928.3682 a972j9p1pkrkknq03d7177talg Query : select 1 valor from information_schema.tables where table_type='base table' and table_name='wstablefields'
20241111@140928.3699 a972j9p1pkrkknq03d7177talg Query : select fieldkey,fieldname,fieldtype,mandatory from wstablefields where tablename = 'fi2' and documentnumber = 39
20241111@140928.3708 a972j9p1pkrkknq03d7177talg Query : select top 1 convert(numeric(6,2),t.taxa) valor from taxasiva t where t.codigo='2'
20241111@140928.3720 a972j9p1pkrkknq03d7177talg Query : select sestamp valor from se where ref ='324.1831.00.2' and lote = 'r2400481200a'
20241111@140928.3738 a972j9p1pkrkknq03d7177talg Query : select 1 valor from information_schema.tables where table_type='base table' and table_name='wstablefields'
20241111@140928.3756 a972j9p1pkrkknq03d7177talg Query : select fieldkey,fieldname,fieldtype,calcformula from wstablefields where tablename = 'fi2' and documentnumber = 39
20241111@140928.3767 a972j9p1pkrkknq03d7177talg Query : insert into wsfi2data (fi2stamp,ftstamp ,ousrdata, ousrhora, usrdata,usrhora,ousrinis,usrinis) values ('aut6732192878673210185b','aut673216580867321017cf' ,getdate(),convert(char(8),convert (time,getdate())),getdate(),convert(char(8),convert (time,getdate())),'wsv','wsv')
20241111@140928.3773 a972j9p1pkrkknq03d7177talg Query : select 1 valor from information_schema.tables where table_type='base table' and table_name='wstablefields'
20241111@140928.3787 a972j9p1pkrkknq03d7177talg Query : select fieldkey,fieldname,fieldtype,calcformula from wstablefields where tablename = 'fi' and documentnumber = 39
20241111@140928.3814 a972j9p1pkrkknq03d7177talg Query : insert into wsfidata (fistamp,ousrdata, ousrhora, usrdata,usrhora,ousrinis,usrinis ,qtt ,ftstamp ,epv,pvmoeda ,tabiva,iva,lordem ,ref, design ,lote,armazem,bistamp ) values ('aut6732192878673210185b',getdate(),convert(char(8),convert (time,getdate())),getdate(),convert(char(8),convert (time,getdate())),'wsv','wsv',20.000 ,'aut673216580867321017cf' ,0,0 ,2,23.00,40000,?,?,?,?,?)
20241111@140928.4111 a972j9p1pkrkknq03d7177talg Query : select 1 valor from information_schema.tables where table_type='base table' and table_name='wstablefields'
20241111@140928.4130 a972j9p1pkrkknq03d7177talg Query : select fieldkey,fieldname,fieldtype,mandatory from wstablefields where tablename = 'fi' and documentnumber = 39
20241111@140928.4155 a972j9p1pkrkknq03d7177talg Query : select 1 valor from information_schema.tables where table_type='base table' and table_name='wstablefields'
20241111@140928.4175 a972j9p1pkrkknq03d7177talg Query : select fieldkey,fieldname,fieldtype,mandatory from wstablefields where tablename = 'fi2' and documentnumber = 39
20241111@140928.4183 a972j9p1pkrkknq03d7177talg Query : select top 1 convert(numeric(6,2),t.taxa) valor from taxasiva t where t.codigo='2'
20241111@140928.4195 a972j9p1pkrkknq03d7177talg Query : select 1 valor from information_schema.tables where table_type='base table' and table_name='wstablefields'
20241111@140928.4209 a972j9p1pkrkknq03d7177talg Query : select fieldkey,fieldname,fieldtype,calcformula from wstablefields where tablename = 'fi2' and documentnumber = 39
20241111@140928.4220 a972j9p1pkrkknq03d7177talg Query : insert into wsfi2data (fi2stamp,ftstamp ,ousrdata, ousrhora, usrdata,usrhora,ousrinis,usrinis) values ('aut67321628876732101866','aut673216580867321017cf' ,getdate(),convert(char(8),convert (time,getdate())),getdate(),convert(char(8),convert (time,getdate())),'wsv','wsv')
20241111@140928.4225 a972j9p1pkrkknq03d7177talg Query : select 1 valor from information_schema.tables where table_type='base table' and table_name='wstablefields'
20241111@140928.4239 a972j9p1pkrkknq03d7177talg Query : select fieldkey,fieldname,fieldtype,calcformula from wstablefields where tablename = 'fi' and documentnumber = 39
20241111@140928.4267 a972j9p1pkrkknq03d7177talg Query : insert into wsfidata (fistamp,ousrdata, ousrhora, usrdata,usrhora,ousrinis,usrinis ,qtt ,ftstamp ,epv,pvmoeda ,tabiva,iva,lordem ,ref, design ,armazem) values ('aut67321628876732101866',getdate(),convert(char(8),convert (time,getdate())),getdate(),convert(char(8),convert (time,getdate())),'wsv','wsv',0 ,'aut673216580867321017cf' ,0,0 ,2,23.00,50000,?,?,?)
20241111@140928.4576 a972j9p1pkrkknq03d7177talg Query : use flama_phc
20241111@140928.4580 a972j9p1pkrkknq03d7177talg Query : select st.usalote valor from st where st.ref = '324.1831.00.2'
20241111@140928.4601 a972j9p1pkrkknq03d7177talg Query : select top 1 st.tabiva ,st.ivaincl ,st.stns ,st.uni2 ,st.familia ,isnull(tx.taxa, 0) txiva ,unidade ,usalote ,epcpond ,noserie ,conversao ,st.texteis from st left join taxasiva tx on st.tabiva = tx.codigo where st.ref = '324.1831.00.2'
20241111@140928.4617 a972j9p1pkrkknq03d7177talg Query : select 1 valor from information_schema.tables where table_type='base table' and table_name='wstablefields'
20241111@140928.4635 a972j9p1pkrkknq03d7177talg Query : select fieldkey,fieldname,fieldtype,mandatory from wstablefields where tablename = 'fi' and documentnumber = 39
20241111@140928.4665 a972j9p1pkrkknq03d7177talg Query : select 1 valor from information_schema.tables where table_type='base table' and table_name='wstablefields'
20241111@140928.4683 a972j9p1pkrkknq03d7177talg Query : select fieldkey,fieldname,fieldtype,mandatory from wstablefields where tablename = 'fi2' and documentnumber = 39
20241111@140928.4697 a972j9p1pkrkknq03d7177talg Query : select top 1 convert(numeric(6,2),t.taxa) valor from taxasiva t where t.codigo='2'
20241111@140928.4711 a972j9p1pkrkknq03d7177talg Query : select sestamp valor from se where ref ='324.1831.00.2' and lote = 'r2400481200a'
20241111@140928.4725 a972j9p1pkrkknq03d7177talg Query : select 1 valor from information_schema.tables where table_type='base table' and table_name='wstablefields'
20241111@140928.4746 a972j9p1pkrkknq03d7177talg Query : select fieldkey,fieldname,fieldtype,calcformula from wstablefields where tablename = 'fi2' and documentnumber = 39
20241111@140928.4760 a972j9p1pkrkknq03d7177talg Query : insert into wsfi2data (fi2stamp,ftstamp ,ousrdata, ousrhora, usrdata,usrhora,ousrinis,usrinis) values ('aut67321340456732101873','aut673216580867321017cf' ,getdate(),convert(char(8),convert (time,getdate())),getdate(),convert(char(8),convert (time,getdate())),'wsv','wsv')
20241111@140928.4765 a972j9p1pkrkknq03d7177talg Query : select 1 valor from information_schema.tables where table_type='base table' and table_name='wstablefields'
20241111@140928.4781 a972j9p1pkrkknq03d7177talg Query : select fieldkey,fieldname,fieldtype,calcformula from wstablefields where tablename = 'fi' and documentnumber = 39
20241111@140928.4811 a972j9p1pkrkknq03d7177talg Query : insert into wsfidata (fistamp,ousrdata, ousrhora, usrdata,usrhora,ousrinis,usrinis ,qtt ,ftstamp ,epv,pvmoeda ,tabiva,iva,lordem ,ref, design ,lote,armazem,bistamp ) values ('aut67321340456732101873',getdate(),convert(char(8),convert (time,getdate())),getdate(),convert(char(8),convert (time,getdate())),'wsv','wsv',20.000 ,'aut673216580867321017cf' ,0,0 ,2,23.00,70000,?,?,?,?,?)
20241111@140928.5154 a972j9p1pkrkknq03d7177talg Query : select 1 valor from information_schema.tables where table_type='base table' and table_name='wstablefields'
20241111@140928.5176 a972j9p1pkrkknq03d7177talg Query : select fieldkey,fieldname,fieldtype,mandatory from wstablefields where tablename = 'fi' and documentnumber = 39
20241111@140928.5203 a972j9p1pkrkknq03d7177talg Query : select 1 valor from information_schema.tables where table_type='base table' and table_name='wstablefields'
20241111@140928.5219 a972j9p1pkrkknq03d7177talg Query : select fieldkey,fieldname,fieldtype,mandatory from wstablefields where tablename = 'fi2' and documentnumber = 39
20241111@140928.5228 a972j9p1pkrkknq03d7177talg Query : select top 1 convert(numeric(6,2),t.taxa) valor from taxasiva t where t.codigo='2'
20241111@140928.5245 a972j9p1pkrkknq03d7177talg Query : select 1 valor from information_schema.tables where table_type='base table' and table_name='wstablefields'
20241111@140928.5260 a972j9p1pkrkknq03d7177talg Query : select fieldkey,fieldname,fieldtype,calcformula from wstablefields where tablename = 'fi2' and documentnumber = 39
20241111@140928.5271 a972j9p1pkrkknq03d7177talg Query : insert into wsfi2data (fi2stamp,ftstamp ,ousrdata, ousrhora, usrdata,usrhora,ousrinis,usrinis) values ('aut67321117396732101880','aut673216580867321017cf' ,getdate(),convert(char(8),convert (time,getdate())),getdate(),convert(char(8),convert (time,getdate())),'wsv','wsv')
20241111@140928.5276 a972j9p1pkrkknq03d7177talg Query : select 1 valor from information_schema.tables where table_type='base table' and table_name='wstablefields'
20241111@140928.5290 a972j9p1pkrkknq03d7177talg Query : select fieldkey,fieldname,fieldtype,calcformula from wstablefields where tablename = 'fi' and documentnumber = 39
20241111@140928.5318 a972j9p1pkrkknq03d7177talg Query : insert into wsfidata (fistamp,ousrdata, ousrhora, usrdata,usrhora,ousrinis,usrinis ,qtt ,ftstamp ,epv,pvmoeda ,tabiva,iva,lordem ,ref, design ,armazem) values ('aut67321117396732101880',getdate(),convert(char(8),convert (time,getdate())),getdate(),convert(char(8),convert (time,getdate())),'wsv','wsv',0 ,'aut673216580867321017cf' ,0,0 ,2,23.00,80000,?,?,?)
20241111@140928.5628 a972j9p1pkrkknq03d7177talg Query : use flama_phc
20241111@140928.5632 a972j9p1pkrkknq03d7177talg Query : select st.usalote valor from st where st.ref = '324.1831.00.2'
20241111@140928.5652 a972j9p1pkrkknq03d7177talg Query : select top 1 st.tabiva ,st.ivaincl ,st.stns ,st.uni2 ,st.familia ,isnull(tx.taxa, 0) txiva ,unidade ,usalote ,epcpond ,noserie ,conversao ,st.texteis from st left join taxasiva tx on st.tabiva = tx.codigo where st.ref = '324.1831.00.2'
20241111@140928.5667 a972j9p1pkrkknq03d7177talg Query : select 1 valor from information_schema.tables where table_type='base table' and table_name='wstablefields'
20241111@140928.5683 a972j9p1pkrkknq03d7177talg Query : select fieldkey,fieldname,fieldtype,mandatory from wstablefields where tablename = 'fi' and documentnumber = 39
20241111@140928.5706 a972j9p1pkrkknq03d7177talg Query : select 1 valor from information_schema.tables where table_type='base table' and table_name='wstablefields'
20241111@140928.5720 a972j9p1pkrkknq03d7177talg Query : select fieldkey,fieldname,fieldtype,mandatory from wstablefields where tablename = 'fi2' and documentnumber = 39
20241111@140928.5731 a972j9p1pkrkknq03d7177talg Query : select top 1 convert(numeric(6,2),t.taxa) valor from taxasiva t where t.codigo='2'
20241111@140928.5744 a972j9p1pkrkknq03d7177talg Query : select sestamp valor from se where ref ='324.1831.00.2' and lote = 'r2400481200a'
20241111@140928.5758 a972j9p1pkrkknq03d7177talg Query : select 1 valor from information_schema.tables where table_type='base table' and table_name='wstablefields'
20241111@140928.5776 a972j9p1pkrkknq03d7177talg Query : select fieldkey,fieldname,fieldtype,calcformula from wstablefields where tablename = 'fi2' and documentnumber = 39
20241111@140928.5987 a972j9p1pkrkknq03d7177talg Query : insert into wsfi2data (fi2stamp,ftstamp ,ousrdata, ousrhora, usrdata,usrhora,ousrinis,usrinis) values ('aut6732132247673210188c','aut673216580867321017cf' ,getdate(),convert(char(8),convert (time,getdate())),getdate(),convert(char(8),convert (time,getdate())),'wsv','wsv')
20241111@140928.6032 a972j9p1pkrkknq03d7177talg Query : select 1 valor from information_schema.tables where table_type='base table' and table_name='wstablefields'
20241111@140928.6137 a972j9p1pkrkknq03d7177talg Query : select fieldkey,fieldname,fieldtype,calcformula from wstablefields where tablename = 'fi' and documentnumber = 39
20241111@140928.6166 a972j9p1pkrkknq03d7177talg Query : insert into wsfidata (fistamp,ousrdata, ousrhora, usrdata,usrhora,ousrinis,usrinis ,qtt ,ftstamp ,epv,pvmoeda ,tabiva,iva,lordem ,ref, design ,lote,armazem,bistamp ) values ('aut6732132247673210188c',getdate(),convert(char(8),convert (time,getdate())),getdate(),convert(char(8),convert (time,getdate())),'wsv','wsv',20.000 ,'aut673216580867321017cf' ,0,0 ,2,23.00,100000,?,?,?,?,?)
20241111@140928.6463 a972j9p1pkrkknq03d7177talg Query : select 1 valor from information_schema.tables where table_type='base table' and table_name='wstablefields'
20241111@140928.6481 a972j9p1pkrkknq03d7177talg Query : select fieldkey,fieldname,fieldtype,mandatory from wstablefields where tablename = 'fi' and documentnumber = 39
20241111@140928.6539 a972j9p1pkrkknq03d7177talg Query : select 1 valor from information_schema.tables where table_type='base table' and table_name='wstablefields'
20241111@140928.6559 a972j9p1pkrkknq03d7177talg Query : select fieldkey,fieldname,fieldtype,mandatory from wstablefields where tablename = 'fi2' and documentnumber = 39
20241111@140928.6569 a972j9p1pkrkknq03d7177talg Query : select top 1 convert(numeric(6,2),t.taxa) valor from taxasiva t where t.codigo='2'
20241111@140928.6586 a972j9p1pkrkknq03d7177talg Query : select 1 valor from information_schema.tables where table_type='base table' and table_name='wstablefields'
20241111@140928.6602 a972j9p1pkrkknq03d7177talg Query : select fieldkey,fieldname,fieldtype,calcformula from wstablefields where tablename = 'fi2' and documentnumber = 39
20241111@140928.6615 a972j9p1pkrkknq03d7177talg Query : insert into wsfi2data (fi2stamp,ftstamp ,ousrdata, ousrhora, usrdata,usrhora,ousrinis,usrinis) values ('aut673217902967321018a0','aut673216580867321017cf' ,getdate(),convert(char(8),convert (time,getdate())),getdate(),convert(char(8),convert (time,getdate())),'wsv','wsv')
20241111@140928.6620 a972j9p1pkrkknq03d7177talg Query : select 1 valor from information_schema.tables where table_type='base table' and table_name='wstablefields'
20241111@140928.6636 a972j9p1pkrkknq03d7177talg Query : select fieldkey,fieldname,fieldtype,calcformula from wstablefields where tablename = 'fi' and documentnumber = 39
20241111@140928.6664 a972j9p1pkrkknq03d7177talg Query : insert into wsfidata (fistamp,ousrdata, ousrhora, usrdata,usrhora,ousrinis,usrinis ,qtt ,ftstamp ,epv,pvmoeda ,tabiva,iva,lordem ,ref, design ,armazem) values ('aut673217902967321018a0',getdate(),convert(char(8),convert (time,getdate())),getdate(),convert(char(8),convert (time,getdate())),'wsv','wsv',0 ,'aut673216580867321017cf' ,0,0 ,2,23.00,110000,?,?,?)
20241111@140928.6956 a972j9p1pkrkknq03d7177talg Query : use flama_phc
20241111@140928.6960 a972j9p1pkrkknq03d7177talg Query : select st.usalote valor from st where st.ref = '324.1831.00.2'
20241111@140928.6984 a972j9p1pkrkknq03d7177talg Query : select top 1 st.tabiva ,st.ivaincl ,st.stns ,st.uni2 ,st.familia ,isnull(tx.taxa, 0) txiva ,unidade ,usalote ,epcpond ,noserie ,conversao ,st.texteis from st left join taxasiva tx on st.tabiva = tx.codigo where st.ref = '324.1831.00.2'
20241111@140928.6999 a972j9p1pkrkknq03d7177talg Query : select 1 valor from information_schema.tables where table_type='base table' and table_name='wstablefields'
20241111@140928.7016 a972j9p1pkrkknq03d7177talg Query : select fieldkey,fieldname,fieldtype,mandatory from wstablefields where tablename = 'fi' and documentnumber = 39
20241111@140928.7047 a972j9p1pkrkknq03d7177talg Query : select 1 valor from information_schema.tables where table_type='base table' and table_name='wstablefields'
20241111@140928.7063 a972j9p1pkrkknq03d7177talg Query : select fieldkey,fieldname,fieldtype,mandatory from wstablefields where tablename = 'fi2' and documentnumber = 39
20241111@140928.7073 a972j9p1pkrkknq03d7177talg Query : select top 1 convert(numeric(6,2),t.taxa) valor from taxasiva t where t.codigo='2'
20241111@140928.7091 a972j9p1pkrkknq03d7177talg Query : select sestamp valor from se where ref ='324.1831.00.2' and lote = 'r2400481200a'
20241111@140928.7105 a972j9p1pkrkknq03d7177talg Query : select 1 valor from information_schema.tables where table_type='base table' and table_name='wstablefields'
20241111@140928.7121 a972j9p1pkrkknq03d7177talg Query : select fieldkey,fieldname,fieldtype,calcformula from wstablefields where tablename = 'fi2' and documentnumber = 39
20241111@140928.7136 a972j9p1pkrkknq03d7177talg Query : insert into wsfi2data (fi2stamp,ftstamp ,ousrdata, ousrhora, usrdata,usrhora,ousrinis,usrinis) values ('aut673219937367321018ad','aut673216580867321017cf' ,getdate(),convert(char(8),convert (time,getdate())),getdate(),convert(char(8),convert (time,getdate())),'wsv','wsv')
20241111@140928.7141 a972j9p1pkrkknq03d7177talg Query : select 1 valor from information_schema.tables where table_type='base table' and table_name='wstablefields'
20241111@140928.7158 a972j9p1pkrkknq03d7177talg Query : select fieldkey,fieldname,fieldtype,calcformula from wstablefields where tablename = 'fi' and documentnumber = 39
20241111@140928.7199 a972j9p1pkrkknq03d7177talg Query : insert into wsfidata (fistamp,ousrdata, ousrhora, usrdata,usrhora,ousrinis,usrinis ,qtt ,ftstamp ,epv,pvmoeda ,tabiva,iva,lordem ,ref, design ,lote,armazem,bistamp ) values ('aut673219937367321018ad',getdate(),convert(char(8),convert (time,getdate())),getdate(),convert(char(8),convert (time,getdate())),'wsv','wsv',20.000 ,'aut673216580867321017cf' ,0,0 ,2,23.00,130000,?,?,?,?,?)
20241111@140928.7489 a972j9p1pkrkknq03d7177talg Query : select 1 valor from information_schema.tables where table_type='base table' and table_name='wstablefields'
20241111@140928.7507 a972j9p1pkrkknq03d7177talg Query : select fieldkey,fieldname,fieldtype,mandatory from wstablefields where tablename = 'fi' and documentnumber = 39
20241111@140928.7536 a972j9p1pkrkknq03d7177talg Query : select 1 valor from information_schema.tables where table_type='base table' and table_name='wstablefields'
20241111@140928.7552 a972j9p1pkrkknq03d7177talg Query : select fieldkey,fieldname,fieldtype,mandatory from wstablefields where tablename = 'fi2' and documentnumber = 39
20241111@140928.7561 a972j9p1pkrkknq03d7177talg Query : select top 1 convert(numeric(6,2),t.taxa) valor from taxasiva t where t.codigo='2'
20241111@140928.7573 a972j9p1pkrkknq03d7177talg Query : select 1 valor from information_schema.tables where table_type='base table' and table_name='wstablefields'
20241111@140928.7589 a972j9p1pkrkknq03d7177talg Query : select fieldkey,fieldname,fieldtype,calcformula from wstablefields where tablename = 'fi2' and documentnumber = 39
20241111@140928.7624 a972j9p1pkrkknq03d7177talg Query : insert into wsfi2data (fi2stamp,ftstamp ,ousrdata, ousrhora, usrdata,usrhora,ousrinis,usrinis) values ('aut673218881367321018b8','aut673216580867321017cf' ,getdate(),convert(char(8),convert (time,getdate())),getdate(),convert(char(8),convert (time,getdate())),'wsv','wsv')
20241111@140928.7629 a972j9p1pkrkknq03d7177talg Query : select 1 valor from information_schema.tables where table_type='base table' and table_name='wstablefields'
20241111@140928.7645 a972j9p1pkrkknq03d7177talg Query : select fieldkey,fieldname,fieldtype,calcformula from wstablefields where tablename = 'fi' and documentnumber = 39
20241111@140928.7676 a972j9p1pkrkknq03d7177talg Query : insert into wsfidata (fistamp,ousrdata, ousrhora, usrdata,usrhora,ousrinis,usrinis ,qtt ,ftstamp ,epv,pvmoeda ,tabiva,iva,lordem ,ref, design ,armazem) values ('aut673218881367321018b8',getdate(),convert(char(8),convert (time,getdate())),getdate(),convert(char(8),convert (time,getdate())),'wsv','wsv',0 ,'aut673216580867321017cf' ,0,0 ,2,23.00,140000,?,?,?)
20241111@140928.7961 a972j9p1pkrkknq03d7177talg Query : insert into wsftcreationlog (initialftstamp,externalid,creationstatus,documenttypeid,idustamp) values ('aut673216580867321017cf','2407405','wait',39,'adm09112754980.682000002')
20241111@140928.8038 a972j9p1pkrkknq03d7177talg Query : use flama_phc
20241111@140928.8042 a972j9p1pkrkknq03d7177talg Query : update u_wsusers set rqsttoken =? where userid ='userls001'
20241111@140928.8073 a972j9p1pkrkknq03d7177talg Query : select concat(rtrim(relative_path),ltrim(name_new)) as valor from uploadfiles where uploadfile_id='3225';
20241111@140928.8110 a972j9p1pkrkknq03d7177talg Query : update uploadfiles set whenupdated=current_timestamp where uploadfile_id='3225';
20241111@140928.8159 a972j9p1pkrkknq03d7177talg Query : select concat(rtrim(relative_path),ltrim(name_new)) as valor from uploadfiles where uploadfile_id='3225';
20241111@140928.8193 a972j9p1pkrkknq03d7177talg Query : update uploadfiles set whenupdated=current_timestamp where uploadfile_id='3225';
20241111@140928.8727 ulspadau8jjd1gf6ku0pa514d6 Query : insert into uploadfiles ( name_original, name_new, option_type, relative_path, whencreated ) values ( ?, ?, ?, ?, getdate() )
20241111@140928.8738 ulspadau8jjd1gf6ku0pa514d6 Query : select uploadfile_id valor from uploadfiles where name_new = ? and option_type = ? 
20241111@140928.8802 ulspadau8jjd1gf6ku0pa514d6 Query : select concat(rtrim(relative_path),ltrim(name_new)) as valor from uploadfiles where uploadfile_id='3226';
20241111@140928.8864 ulspadau8jjd1gf6ku0pa514d6 Query : update uploadfiles set whenupdated=current_timestamp where uploadfile_id='3226';
20241111@140928.8924 ulspadau8jjd1gf6ku0pa514d6 Query : select concat(rtrim(relative_path),ltrim(name_new)) as valor from uploadfiles where uploadfile_id='3226';
20241111@140928.8965 ulspadau8jjd1gf6ku0pa514d6 Query : update uploadfiles set whenupdated=current_timestamp where uploadfile_id='3226';
20241111@140928.9606 ulspadau8jjd1gf6ku0pa514d6 Query : use flama_phc
20241111@140928.9688 ulspadau8jjd1gf6ku0pa514d6 Query : select top 1 secretkey valor from u_wsusers u where u.userid = ? and u.inactivo=0
20241111@140929.8610 ulspadau8jjd1gf6ku0pa514d6 Query : use flama_phc
20241111@140929.8650 ulspadau8jjd1gf6ku0pa514d6 Query : select no, estab,szadrsdesc from szadrs where u_coddest=4740
20241111@140929.9090 ulspadau8jjd1gf6ku0pa514d6 Query : select top 1 isnull(design,'') valor from st (nolock) left join stobs (nolock) on st.ref = stobs.ref where st.ref = '324.1889.00.1'
20241111@140929.1065 ulspadau8jjd1gf6ku0pa514d6 Query : select top 1 bistamp valor from bi inner join bo on bo.bostamp=bi.bostamp where bo.ndos =240 and bo.boano =2074 and bo.obrano = 2407406 and bi.ref ='324.1889.00.1' and bi.lordem =1
20241111@140929.1467 ulspadau8jjd1gf6ku0pa514d6 Query : select top 1 isnull(design,'') valor from st (nolock) left join stobs (nolock) on st.ref = stobs.ref where st.ref = '324.1889.00.1'
20241111@140929.1486 ulspadau8jjd1gf6ku0pa514d6 Query : select top 1 bistamp valor from bi inner join bo on bo.bostamp=bi.bostamp where bo.ndos =240 and bo.boano =2074 and bo.obrano = 2407406 and bi.ref ='324.1889.00.1' and bi.lordem =1
20241111@140929.1502 ulspadau8jjd1gf6ku0pa514d6 Query : select top 1 isnull(design,'') valor from st (nolock) left join stobs (nolock) on st.ref = stobs.ref where st.ref = '324.1889.00.1'
20241111@140929.1519 ulspadau8jjd1gf6ku0pa514d6 Query : select top 1 bistamp valor from bi inner join bo on bo.bostamp=bi.bostamp where bo.ndos =240 and bo.boano =2074 and bo.obrano = 2407406 and bi.ref ='324.1889.00.1' and bi.lordem =1
20241111@140929.1536 ulspadau8jjd1gf6ku0pa514d6 Query : use flama_phc
20241111@140929.1539 ulspadau8jjd1gf6ku0pa514d6 Query : select top 1 convert(date,fdata) valor from ft where ndoc = 39 and anulado= 0 and fno>0 order by fdata desc
20241111@140929.1665 ulspadau8jjd1gf6ku0pa514d6 Query : use flama_phc
20241111@140929.1670 ulspadau8jjd1gf6ku0pa514d6 Query : select top 1 1 valor from td where td.ndoc = 39
20241111@140929.1702 ulspadau8jjd1gf6ku0pa514d6 Query : use flama_phc
20241111@140929.1705 ulspadau8jjd1gf6ku0pa514d6 Query : select lower(descricao) descricao ,case when valor='s' then 1 else 0 end valor from para1 where descricao in ('st_lote','st_usalogifunc', 'st_grelha')
20241111@140929.1733 ulspadau8jjd1gf6ku0pa514d6 Query : select top 1 manternumero ,assinadoc issigned ,tiposaft ,assinaimp ,nmdos ,td.assinadoc ,'cl' origin ,lancasl stocks ,case when cmsl<50 and td.lancasl=1 then 1 else 0 end entrada ,case when cmsl>50 and td.lancasl=1 then 1 else 0 end saida ,temserie assets ,~semgre usegridfields from td inner join td2 on td.tdstamp=td2.td2stamp where td.ndoc = 1
20241111@140929.1778 ulspadau8jjd1gf6ku0pa514d6 Query : use flama_phc
20241111@140929.1781 ulspadau8jjd1gf6ku0pa514d6 Query : select top 1 ~inactivo valor from cl where no = '100810' and estab = 0 order by inactivo desc
20241111@140929.1810 ulspadau8jjd1gf6ku0pa514d6 Query : use flama_phc
20241111@140929.1813 ulspadau8jjd1gf6ku0pa514d6 Query : select top 1 tipodoc,regrd from td where ndoc = 39
20241111@140929.1842 ulspadau8jjd1gf6ku0pa514d6 Query : use flama_phc
20241111@140929.1844 ulspadau8jjd1gf6ku0pa514d6 Query : select szadrsstamp valor from szadrs where szadrsdesc='espaÇotrans,lda'
20241111@140929.1888 ulspadau8jjd1gf6ku0pa514d6 Query : use flama_phc
20241111@140929.1891 ulspadau8jjd1gf6ku0pa514d6 Query : select szadrsstamp valor from szadrs where szadrsdesc='100810 - worten-equipamentos para o lar,sa.'
20241111@140929.1935 ulspadau8jjd1gf6ku0pa514d6 Query : use flama_phc
20241111@140929.1938 ulspadau8jjd1gf6ku0pa514d6 Query : select 1 valor from td where ndoc = 39
20241111@140929.1950 ulspadau8jjd1gf6ku0pa514d6 Query : select top 1 manternumero, tiposaft, nmdos,td.assinadoc from td where td.ndoc = 39
20241111@140929.1963 ulspadau8jjd1gf6ku0pa514d6 Query : select 1 valor from information_schema.tables where table_type='base table' and table_name='wstablefields'
20241111@140929.1982 ulspadau8jjd1gf6ku0pa514d6 Query : select fieldkey,fieldname,fieldtype,mandatory from wstablefields where tablename = 'ft' and documentnumber = 39
20241111@140929.1999 ulspadau8jjd1gf6ku0pa514d6 Query : select 1 valor from information_schema.tables where table_type='base table' and table_name='wstablefields'
20241111@140929.2013 ulspadau8jjd1gf6ku0pa514d6 Query : select fieldkey,fieldname,fieldtype,mandatory from wstablefields where tablename = 'ft2' and documentnumber = 39
20241111@140929.2040 ulspadau8jjd1gf6ku0pa514d6 Query : select 1 valor from information_schema.tables where table_type='base table' and table_name='wstablefields'
20241111@140929.2054 ulspadau8jjd1gf6ku0pa514d6 Query : select fieldkey,fieldname,fieldtype,mandatory from wstablefields where tablename = 'ft3' and documentnumber = 39
20241111@140929.2065 ulspadau8jjd1gf6ku0pa514d6 Query : select top 1 ft.fno valor from ft ft where ft.ndoc = 39 and ftano=2024 order by fno desc
20241111@140929.2129 ulspadau8jjd1gf6ku0pa514d6 Query : select top 1 ft.fno valor from wsftdata ft where ft.ndoc = 39 and ftano=2024 order by fno desc
20241111@140929.2141 ulspadau8jjd1gf6ku0pa514d6 Query : select 1 valor from information_schema.tables where table_type='base table' and table_name='wstablefields'
20241111@140929.2157 ulspadau8jjd1gf6ku0pa514d6 Query : select fieldkey,fieldname,fieldtype,calcformula from wstablefields where tablename = 'ft3' and documentnumber = 39
20241111@140929.2181 ulspadau8jjd1gf6ku0pa514d6 Query : insert into wsft3data (ft3stamp, ousrdata, ousrhora, usrdata,usrhora,ousrinis,usrinis,taxpointdt ) values ('aut67321669406732101932' ,getdate(),convert(char(8),convert (time,getdate())),getdate(),convert(char(8),convert (time,getdate())),'wsv','wsv',?)
20241111@140929.2390 ulspadau8jjd1gf6ku0pa514d6 Query : select 1 valor from information_schema.tables where table_type='base table' and table_name='wstablefields'
20241111@140929.2409 ulspadau8jjd1gf6ku0pa514d6 Query : select fieldkey,fieldname,fieldtype,calcformula from wstablefields where tablename = 'ft2' and documentnumber = 39
20241111@140929.2445 ulspadau8jjd1gf6ku0pa514d6 Query : select top 1 bo.u_nomeenv valor from bo where bo.bostamp=''
20241111@140929.2456 ulspadau8jjd1gf6ku0pa514d6 Query : select top 1 bo.u_moradaen valor from bo where bo.bostamp=''
20241111@140929.2467 ulspadau8jjd1gf6ku0pa514d6 Query : select top 1 bo.u_codposen valor from bo where bo.bostamp=''
20241111@140929.2479 ulspadau8jjd1gf6ku0pa514d6 Query : select top 1 bo.u_localenv valor from bo where bo.bostamp=''
20241111@140929.2489 ulspadau8jjd1gf6ku0pa514d6 Query : select top 1 bo.trab5 valor from bo where bo.bostamp=''
20241111@140929.2501 ulspadau8jjd1gf6ku0pa514d6 Query : select top 1 bo.serie valor from bo where bo.bostamp=''
20241111@140929.2511 ulspadau8jjd1gf6ku0pa514d6 Query : insert into wsft2data (ft2stamp, ousrdata,ousrhora, usrdata,usrhora,ousrinis,usrinis,u_nomeenv ,u_moradaen ,u_codposen ,u_localenv ,u_coddest ,u_codby ) values ('aut67321669406732101932',getdate(),convert(char(8),convert (time,getdate())),getdate(),convert(char(8),convert (time,getdate())),'wsv','wsv',?,?,?,?,?,?)
20241111@140929.2787 ulspadau8jjd1gf6ku0pa514d6 Query : select top 1 fno valor from wsftdata order by fno desc
20241111@140929.2816 ulspadau8jjd1gf6ku0pa514d6 Query : select 1 valor from information_schema.tables where table_type='base table' and table_name='wstablefields'
20241111@140929.2833 ulspadau8jjd1gf6ku0pa514d6 Query : select fieldkey,fieldname,fieldtype,calcformula from wstablefields where tablename = 'ft' and documentnumber = 39
20241111@140929.2854 ulspadau8jjd1gf6ku0pa514d6 Query : select 'normal' from dummy
20241111@140929.2868 ulspadau8jjd1gf6ku0pa514d6 Query : insert into wsftdata (ftstamp, ousrdata,ousrhora, usrdata,usrhora,ousrinis,usrinis,fno,no,estab,fdata,ndoc,moeda,cambio,cambiofixo,ftano,site ,classe ) values ('aut67321669406732101932',getdate(),convert(char(8),convert (time,getdate())),getdate(),convert(char(8),convert (time,getdate())),'wsv','wsv',1787,100810,0,'2024-11-11',39,'euro',0,0,2024 ,?,?)
20241111@140929.3297 ulspadau8jjd1gf6ku0pa514d6 Query : use flama_phc
20241111@140929.3334 ulspadau8jjd1gf6ku0pa514d6 Query : select st.usalote valor from st where st.ref = '324.1889.00.1'
20241111@140929.3360 ulspadau8jjd1gf6ku0pa514d6 Query : select top 1 st.tabiva ,st.ivaincl ,st.stns ,st.uni2 ,st.familia ,isnull(tx.taxa, 0) txiva ,unidade ,usalote ,epcpond ,noserie ,conversao ,st.texteis from st left join taxasiva tx on st.tabiva = tx.codigo where st.ref = '324.1889.00.1'
20241111@140929.3543 ulspadau8jjd1gf6ku0pa514d6 Query : select 1 valor from information_schema.tables where table_type='base table' and table_name='wstablefields'
20241111@140929.3559 ulspadau8jjd1gf6ku0pa514d6 Query : select fieldkey,fieldname,fieldtype,mandatory from wstablefields where tablename = 'fi' and documentnumber = 39
20241111@140929.3584 ulspadau8jjd1gf6ku0pa514d6 Query : select 1 valor from information_schema.tables where table_type='base table' and table_name='wstablefields'
20241111@140929.3599 ulspadau8jjd1gf6ku0pa514d6 Query : select fieldkey,fieldname,fieldtype,mandatory from wstablefields where tablename = 'fi2' and documentnumber = 39
20241111@140929.3608 ulspadau8jjd1gf6ku0pa514d6 Query : select top 1 convert(numeric(6,2),t.taxa) valor from taxasiva t where t.codigo='2'
20241111@140929.3619 ulspadau8jjd1gf6ku0pa514d6 Query : select sestamp valor from se where ref ='324.1889.00.1' and lote = 'r2400289200a'
20241111@140929.3632 ulspadau8jjd1gf6ku0pa514d6 Query : select 1 valor from information_schema.tables where table_type='base table' and table_name='wstablefields'
20241111@140929.3646 ulspadau8jjd1gf6ku0pa514d6 Query : select fieldkey,fieldname,fieldtype,calcformula from wstablefields where tablename = 'fi2' and documentnumber = 39
20241111@140929.3658 ulspadau8jjd1gf6ku0pa514d6 Query : insert into wsfi2data (fi2stamp,ftstamp ,ousrdata, ousrhora, usrdata,usrhora,ousrinis,usrinis) values ('aut67321796606732101958','aut67321669406732101932' ,getdate(),convert(char(8),convert (time,getdate())),getdate(),convert(char(8),convert (time,getdate())),'wsv','wsv')
20241111@140929.3662 ulspadau8jjd1gf6ku0pa514d6 Query : select 1 valor from information_schema.tables where table_type='base table' and table_name='wstablefields'
20241111@140929.3676 ulspadau8jjd1gf6ku0pa514d6 Query : select fieldkey,fieldname,fieldtype,calcformula from wstablefields where tablename = 'fi' and documentnumber = 39
20241111@140929.3702 ulspadau8jjd1gf6ku0pa514d6 Query : insert into wsfidata (fistamp,ousrdata, ousrhora, usrdata,usrhora,ousrinis,usrinis ,qtt ,ftstamp ,epv,pvmoeda ,tabiva,iva,lordem ,ref, design ,lote,armazem,bistamp ) values ('aut67321796606732101958',getdate(),convert(char(8),convert (time,getdate())),getdate(),convert(char(8),convert (time,getdate())),'wsv','wsv',20.000 ,'aut67321669406732101932' ,0,0 ,2,23.00,10000,?,?,?,?,?)
20241111@140929.3986 ulspadau8jjd1gf6ku0pa514d6 Query : select 1 valor from information_schema.tables where table_type='base table' and table_name='wstablefields'
20241111@140929.4002 ulspadau8jjd1gf6ku0pa514d6 Query : select fieldkey,fieldname,fieldtype,mandatory from wstablefields where tablename = 'fi' and documentnumber = 39
20241111@140929.4028 ulspadau8jjd1gf6ku0pa514d6 Query : select 1 valor from information_schema.tables where table_type='base table' and table_name='wstablefields'
20241111@140929.4042 ulspadau8jjd1gf6ku0pa514d6 Query : select fieldkey,fieldname,fieldtype,mandatory from wstablefields where tablename = 'fi2' and documentnumber = 39
20241111@140929.4051 ulspadau8jjd1gf6ku0pa514d6 Query : select top 1 convert(numeric(6,2),t.taxa) valor from taxasiva t where t.codigo='2'
20241111@140929.4062 ulspadau8jjd1gf6ku0pa514d6 Query : select 1 valor from information_schema.tables where table_type='base table' and table_name='wstablefields'
20241111@140929.4078 ulspadau8jjd1gf6ku0pa514d6 Query : select fieldkey,fieldname,fieldtype,calcformula from wstablefields where tablename = 'fi2' and documentnumber = 39
20241111@140929.4089 ulspadau8jjd1gf6ku0pa514d6 Query : insert into wsfi2data (fi2stamp,ftstamp ,ousrdata, ousrhora, usrdata,usrhora,ousrinis,usrinis) values ('aut67321023076732101963','aut67321669406732101932' ,getdate(),convert(char(8),convert (time,getdate())),getdate(),convert(char(8),convert (time,getdate())),'wsv','wsv')
20241111@140929.4094 ulspadau8jjd1gf6ku0pa514d6 Query : select 1 valor from information_schema.tables where table_type='base table' and table_name='wstablefields'
20241111@140929.4109 ulspadau8jjd1gf6ku0pa514d6 Query : select fieldkey,fieldname,fieldtype,calcformula from wstablefields where tablename = 'fi' and documentnumber = 39
20241111@140929.4139 ulspadau8jjd1gf6ku0pa514d6 Query : insert into wsfidata (fistamp,ousrdata, ousrhora, usrdata,usrhora,ousrinis,usrinis ,qtt ,ftstamp ,epv,pvmoeda ,tabiva,iva,lordem ,ref, design ,armazem) values ('aut67321023076732101963',getdate(),convert(char(8),convert (time,getdate())),getdate(),convert(char(8),convert (time,getdate())),'wsv','wsv',0 ,'aut67321669406732101932' ,0,0 ,2,23.00,20000,?,?,?)
20241111@140929.4422 ulspadau8jjd1gf6ku0pa514d6 Query : use flama_phc
20241111@140929.4426 ulspadau8jjd1gf6ku0pa514d6 Query : select st.usalote valor from st where st.ref = '324.1889.00.1'
20241111@140929.4445 ulspadau8jjd1gf6ku0pa514d6 Query : select top 1 st.tabiva ,st.ivaincl ,st.stns ,st.uni2 ,st.familia ,isnull(tx.taxa, 0) txiva ,unidade ,usalote ,epcpond ,noserie ,conversao ,st.texteis from st left join taxasiva tx on st.tabiva = tx.codigo where st.ref = '324.1889.00.1'
20241111@140929.4458 ulspadau8jjd1gf6ku0pa514d6 Query : select 1 valor from information_schema.tables where table_type='base table' and table_name='wstablefields'
20241111@140929.4473 ulspadau8jjd1gf6ku0pa514d6 Query : select fieldkey,fieldname,fieldtype,mandatory from wstablefields where tablename = 'fi' and documentnumber = 39
20241111@140929.4499 ulspadau8jjd1gf6ku0pa514d6 Query : select 1 valor from information_schema.tables where table_type='base table' and table_name='wstablefields'
20241111@140929.4513 ulspadau8jjd1gf6ku0pa514d6 Query : select fieldkey,fieldname,fieldtype,mandatory from wstablefields where tablename = 'fi2' and documentnumber = 39
20241111@140929.4521 ulspadau8jjd1gf6ku0pa514d6 Query : select top 1 convert(numeric(6,2),t.taxa) valor from taxasiva t where t.codigo='2'
20241111@140929.4534 ulspadau8jjd1gf6ku0pa514d6 Query : select sestamp valor from se where ref ='324.1889.00.1' and lote = 'r2400289200a'
20241111@140929.4546 ulspadau8jjd1gf6ku0pa514d6 Query : select 1 valor from information_schema.tables where table_type='base table' and table_name='wstablefields'
20241111@140929.4560 ulspadau8jjd1gf6ku0pa514d6 Query : select fieldkey,fieldname,fieldtype,calcformula from wstablefields where tablename = 'fi2' and documentnumber = 39
20241111@140929.4571 ulspadau8jjd1gf6ku0pa514d6 Query : insert into wsfi2data (fi2stamp,ftstamp ,ousrdata, ousrhora, usrdata,usrhora,ousrinis,usrinis) values ('aut6732135388673210196f','aut67321669406732101932' ,getdate(),convert(char(8),convert (time,getdate())),getdate(),convert(char(8),convert (time,getdate())),'wsv','wsv')
20241111@140929.4576 ulspadau8jjd1gf6ku0pa514d6 Query : select 1 valor from information_schema.tables where table_type='base table' and table_name='wstablefields'
20241111@140929.4590 ulspadau8jjd1gf6ku0pa514d6 Query : select fieldkey,fieldname,fieldtype,calcformula from wstablefields where tablename = 'fi' and documentnumber = 39
20241111@140929.4618 ulspadau8jjd1gf6ku0pa514d6 Query : insert into wsfidata (fistamp,ousrdata, ousrhora, usrdata,usrhora,ousrinis,usrinis ,qtt ,ftstamp ,epv,pvmoeda ,tabiva,iva,lordem ,ref, design ,lote,armazem,bistamp ) values ('aut6732135388673210196f',getdate(),convert(char(8),convert (time,getdate())),getdate(),convert(char(8),convert (time,getdate())),'wsv','wsv',20.000 ,'aut67321669406732101932' ,0,0 ,2,23.00,40000,?,?,?,?,?)
20241111@140929.5055 ulspadau8jjd1gf6ku0pa514d6 Query : select 1 valor from information_schema.tables where table_type='base table' and table_name='wstablefields'
20241111@140929.5071 ulspadau8jjd1gf6ku0pa514d6 Query : select fieldkey,fieldname,fieldtype,mandatory from wstablefields where tablename = 'fi' and documentnumber = 39
20241111@140929.5095 ulspadau8jjd1gf6ku0pa514d6 Query : select 1 valor from information_schema.tables where table_type='base table' and table_name='wstablefields'
20241111@140929.5109 ulspadau8jjd1gf6ku0pa514d6 Query : select fieldkey,fieldname,fieldtype,mandatory from wstablefields where tablename = 'fi2' and documentnumber = 39
20241111@140929.5117 ulspadau8jjd1gf6ku0pa514d6 Query : select top 1 convert(numeric(6,2),t.taxa) valor from taxasiva t where t.codigo='2'
20241111@140929.5130 ulspadau8jjd1gf6ku0pa514d6 Query : select 1 valor from information_schema.tables where table_type='base table' and table_name='wstablefields'
20241111@140929.5144 ulspadau8jjd1gf6ku0pa514d6 Query : select fieldkey,fieldname,fieldtype,calcformula from wstablefields where tablename = 'fi2' and documentnumber = 39
20241111@140929.5155 ulspadau8jjd1gf6ku0pa514d6 Query : insert into wsfi2data (fi2stamp,ftstamp ,ousrdata, ousrhora, usrdata,usrhora,ousrinis,usrinis) values ('aut6732184600673210197d','aut67321669406732101932' ,getdate(),convert(char(8),convert (time,getdate())),getdate(),convert(char(8),convert (time,getdate())),'wsv','wsv')
20241111@140929.5159 ulspadau8jjd1gf6ku0pa514d6 Query : select 1 valor from information_schema.tables where table_type='base table' and table_name='wstablefields'
20241111@140929.5175 ulspadau8jjd1gf6ku0pa514d6 Query : select fieldkey,fieldname,fieldtype,calcformula from wstablefields where tablename = 'fi' and documentnumber = 39
20241111@140929.5201 ulspadau8jjd1gf6ku0pa514d6 Query : insert into wsfidata (fistamp,ousrdata, ousrhora, usrdata,usrhora,ousrinis,usrinis ,qtt ,ftstamp ,epv,pvmoeda ,tabiva,iva,lordem ,ref, design ,armazem) values ('aut6732184600673210197d',getdate(),convert(char(8),convert (time,getdate())),getdate(),convert(char(8),convert (time,getdate())),'wsv','wsv',0 ,'aut67321669406732101932' ,0,0 ,2,23.00,50000,?,?,?)
20241111@140929.5502 ulspadau8jjd1gf6ku0pa514d6 Query : use flama_phc
20241111@140929.5505 ulspadau8jjd1gf6ku0pa514d6 Query : select st.usalote valor from st where st.ref = '324.1889.00.1'
20241111@140929.5524 ulspadau8jjd1gf6ku0pa514d6 Query : select top 1 st.tabiva ,st.ivaincl ,st.stns ,st.uni2 ,st.familia ,isnull(tx.taxa, 0) txiva ,unidade ,usalote ,epcpond ,noserie ,conversao ,st.texteis from st left join taxasiva tx on st.tabiva = tx.codigo where st.ref = '324.1889.00.1'
20241111@140929.5537 ulspadau8jjd1gf6ku0pa514d6 Query : select 1 valor from information_schema.tables where table_type='base table' and table_name='wstablefields'
20241111@140929.5552 ulspadau8jjd1gf6ku0pa514d6 Query : select fieldkey,fieldname,fieldtype,mandatory from wstablefields where tablename = 'fi' and documentnumber = 39
20241111@140929.5575 ulspadau8jjd1gf6ku0pa514d6 Query : select 1 valor from information_schema.tables where table_type='base table' and table_name='wstablefields'
20241111@140929.5590 ulspadau8jjd1gf6ku0pa514d6 Query : select fieldkey,fieldname,fieldtype,mandatory from wstablefields where tablename = 'fi2' and documentnumber = 39
20241111@140929.5598 ulspadau8jjd1gf6ku0pa514d6 Query : select top 1 convert(numeric(6,2),t.taxa) valor from taxasiva t where t.codigo='2'
20241111@140929.5610 ulspadau8jjd1gf6ku0pa514d6 Query : select sestamp valor from se where ref ='324.1889.00.1' and lote = 'r2400289200a'
20241111@140929.5622 ulspadau8jjd1gf6ku0pa514d6 Query : select 1 valor from information_schema.tables where table_type='base table' and table_name='wstablefields'
20241111@140929.5636 ulspadau8jjd1gf6ku0pa514d6 Query : select fieldkey,fieldname,fieldtype,calcformula from wstablefields where tablename = 'fi2' and documentnumber = 39
20241111@140929.5648 ulspadau8jjd1gf6ku0pa514d6 Query : insert into wsfi2data (fi2stamp,ftstamp ,ousrdata, ousrhora, usrdata,usrhora,ousrinis,usrinis) values ('aut67321778106732101989','aut67321669406732101932' ,getdate(),convert(char(8),convert (time,getdate())),getdate(),convert(char(8),convert (time,getdate())),'wsv','wsv')
20241111@140929.5653 ulspadau8jjd1gf6ku0pa514d6 Query : select 1 valor from information_schema.tables where table_type='base table' and table_name='wstablefields'
20241111@140929.5668 ulspadau8jjd1gf6ku0pa514d6 Query : select fieldkey,fieldname,fieldtype,calcformula from wstablefields where tablename = 'fi' and documentnumber = 39
20241111@140929.5696 ulspadau8jjd1gf6ku0pa514d6 Query : insert into wsfidata (fistamp,ousrdata, ousrhora, usrdata,usrhora,ousrinis,usrinis ,qtt ,ftstamp ,epv,pvmoeda ,tabiva,iva,lordem ,ref, design ,lote,armazem,bistamp ) values ('aut67321778106732101989',getdate(),convert(char(8),convert (time,getdate())),getdate(),convert(char(8),convert (time,getdate())),'wsv','wsv',20.000 ,'aut67321669406732101932' ,0,0 ,2,23.00,70000,?,?,?,?,?)
20241111@140929.5996 ulspadau8jjd1gf6ku0pa514d6 Query : select 1 valor from information_schema.tables where table_type='base table' and table_name='wstablefields'
20241111@140929.6013 ulspadau8jjd1gf6ku0pa514d6 Query : select fieldkey,fieldname,fieldtype,mandatory from wstablefields where tablename = 'fi' and documentnumber = 39
20241111@140929.6040 ulspadau8jjd1gf6ku0pa514d6 Query : select 1 valor from information_schema.tables where table_type='base table' and table_name='wstablefields'
20241111@140929.6055 ulspadau8jjd1gf6ku0pa514d6 Query : select fieldkey,fieldname,fieldtype,mandatory from wstablefields where tablename = 'fi2' and documentnumber = 39
20241111@140929.6063 ulspadau8jjd1gf6ku0pa514d6 Query : select top 1 convert(numeric(6,2),t.taxa) valor from taxasiva t where t.codigo='2'
20241111@140929.6078 ulspadau8jjd1gf6ku0pa514d6 Query : select 1 valor from information_schema.tables where table_type='base table' and table_name='wstablefields'
20241111@140929.6093 ulspadau8jjd1gf6ku0pa514d6 Query : select fieldkey,fieldname,fieldtype,calcformula from wstablefields where tablename = 'fi2' and documentnumber = 39
20241111@140929.6104 ulspadau8jjd1gf6ku0pa514d6 Query : insert into wsfi2data (fi2stamp,ftstamp ,ousrdata, ousrhora, usrdata,usrhora,ousrinis,usrinis) values ('aut67321289116732101994','aut67321669406732101932' ,getdate(),convert(char(8),convert (time,getdate())),getdate(),convert(char(8),convert (time,getdate())),'wsv','wsv')
20241111@140929.6108 ulspadau8jjd1gf6ku0pa514d6 Query : select 1 valor from information_schema.tables where table_type='base table' and table_name='wstablefields'
20241111@140929.6124 ulspadau8jjd1gf6ku0pa514d6 Query : select fieldkey,fieldname,fieldtype,calcformula from wstablefields where tablename = 'fi' and documentnumber = 39
20241111@140929.6153 ulspadau8jjd1gf6ku0pa514d6 Query : insert into wsfidata (fistamp,ousrdata, ousrhora, usrdata,usrhora,ousrinis,usrinis ,qtt ,ftstamp ,epv,pvmoeda ,tabiva,iva,lordem ,ref, design ,armazem) values ('aut67321289116732101994',getdate(),convert(char(8),convert (time,getdate())),getdate(),convert(char(8),convert (time,getdate())),'wsv','wsv',0 ,'aut67321669406732101932' ,0,0 ,2,23.00,80000,?,?,?)
20241111@140929.6441 ulspadau8jjd1gf6ku0pa514d6 Query : insert into wsftcreationlog (initialftstamp,externalid,creationstatus,documenttypeid,idustamp) values ('aut67321669406732101932','2407406','wait',39,'adm09112754980.682000002')
20241111@140929.6593 ulspadau8jjd1gf6ku0pa514d6 Query : use flama_phc
20241111@140929.6597 ulspadau8jjd1gf6ku0pa514d6 Query : update u_wsusers set rqsttoken =? where userid ='userls001'
20241111@140929.6668 ulspadau8jjd1gf6ku0pa514d6 Query : select concat(rtrim(relative_path),ltrim(name_new)) as valor from uploadfiles where uploadfile_id='3226';
20241111@140929.6713 ulspadau8jjd1gf6ku0pa514d6 Query : update uploadfiles set whenupdated=current_timestamp where uploadfile_id='3226';
20241111@140929.6789 ulspadau8jjd1gf6ku0pa514d6 Query : select concat(rtrim(relative_path),ltrim(name_new)) as valor from uploadfiles where uploadfile_id='3226';
20241111@140929.6837 ulspadau8jjd1gf6ku0pa514d6 Query : update uploadfiles set whenupdated=current_timestamp where uploadfile_id='3226';
20241111@140929.7761 5fl8avk5gfcfunvfmkn729hp48 Query : insert into uploadfiles ( name_original, name_new, option_type, relative_path, whencreated ) values ( ?, ?, ?, ?, getdate() )
20241111@140929.7777 5fl8avk5gfcfunvfmkn729hp48 Query : select uploadfile_id valor from uploadfiles where name_new = ? and option_type = ? 
20241111@140929.7855 5fl8avk5gfcfunvfmkn729hp48 Query : select concat(rtrim(relative_path),ltrim(name_new)) as valor from uploadfiles where uploadfile_id='3227';
20241111@140929.7920 5fl8avk5gfcfunvfmkn729hp48 Query : update uploadfiles set whenupdated=current_timestamp where uploadfile_id='3227';
20241111@140929.7981 5fl8avk5gfcfunvfmkn729hp48 Query : select concat(rtrim(relative_path),ltrim(name_new)) as valor from uploadfiles where uploadfile_id='3227';
20241111@140929.8014 5fl8avk5gfcfunvfmkn729hp48 Query : update uploadfiles set whenupdated=current_timestamp where uploadfile_id='3227';
20241111@140929.8070 5fl8avk5gfcfunvfmkn729hp48 Query : use flama_phc
20241111@140929.8073 5fl8avk5gfcfunvfmkn729hp48 Query : select top 1 secretkey valor from u_wsusers u where u.userid = ? and u.inactivo=0
20241111@140929.8131 5fl8avk5gfcfunvfmkn729hp48 Query : use flama_phc
20241111@140929.8134 5fl8avk5gfcfunvfmkn729hp48 Query : select no, estab,szadrsdesc from szadrs where u_coddest=4740
20241111@140929.8184 5fl8avk5gfcfunvfmkn729hp48 Query : select top 1 isnull(design,'') valor from st (nolock) left join stobs (nolock) on st.ref = stobs.ref where st.ref = '324.4970.00.1'
20241111@140929.8207 5fl8avk5gfcfunvfmkn729hp48 Query : select top 1 bistamp valor from bi inner join bo on bo.bostamp=bi.bostamp where bo.ndos =240 and bo.boano =2074 and bo.obrano = 2407407 and bi.ref ='324.4970.00.1' and bi.lordem =1
20241111@140929.8563 5fl8avk5gfcfunvfmkn729hp48 Query : select top 1 isnull(design,'') valor from st (nolock) left join stobs (nolock) on st.ref = stobs.ref where st.ref = '324.4970.00.1'
20241111@140929.8583 5fl8avk5gfcfunvfmkn729hp48 Query : select top 1 bistamp valor from bi inner join bo on bo.bostamp=bi.bostamp where bo.ndos =240 and bo.boano =2074 and bo.obrano = 2407407 and bi.ref ='324.4970.00.1' and bi.lordem =1
20241111@140929.8600 5fl8avk5gfcfunvfmkn729hp48 Query : select top 1 isnull(design,'') valor from st (nolock) left join stobs (nolock) on st.ref = stobs.ref where st.ref = '324.4970.00.1'
20241111@140929.8619 5fl8avk5gfcfunvfmkn729hp48 Query : select top 1 bistamp valor from bi inner join bo on bo.bostamp=bi.bostamp where bo.ndos =240 and bo.boano =2074 and bo.obrano = 2407407 and bi.ref ='324.4970.00.1' and bi.lordem =1
20241111@140929.8635 5fl8avk5gfcfunvfmkn729hp48 Query : select top 1 isnull(design,'') valor from st (nolock) left join stobs (nolock) on st.ref = stobs.ref where st.ref = '324.4970.00.1'
20241111@140929.8653 5fl8avk5gfcfunvfmkn729hp48 Query : select top 1 bistamp valor from bi inner join bo on bo.bostamp=bi.bostamp where bo.ndos =240 and bo.boano =2074 and bo.obrano = 2407407 and bi.ref ='324.4970.00.1' and bi.lordem =1
20241111@140929.8670 5fl8avk5gfcfunvfmkn729hp48 Query : select top 1 isnull(design,'') valor from st (nolock) left join stobs (nolock) on st.ref = stobs.ref where st.ref = '324.4970.00.1'
20241111@140929.8688 5fl8avk5gfcfunvfmkn729hp48 Query : select top 1 bistamp valor from bi inner join bo on bo.bostamp=bi.bostamp where bo.ndos =240 and bo.boano =2074 and bo.obrano = 2407407 and bi.ref ='324.4970.00.1' and bi.lordem =1
20241111@140929.8703 5fl8avk5gfcfunvfmkn729hp48 Query : select top 1 isnull(design,'') valor from st (nolock) left join stobs (nolock) on st.ref = stobs.ref where st.ref = '324.4970.00.1'
20241111@140929.8723 5fl8avk5gfcfunvfmkn729hp48 Query : select top 1 bistamp valor from bi inner join bo on bo.bostamp=bi.bostamp where bo.ndos =240 and bo.boano =2074 and bo.obrano = 2407407 and bi.ref ='324.4970.00.1' and bi.lordem =1
20241111@140929.8740 5fl8avk5gfcfunvfmkn729hp48 Query : select top 1 isnull(design,'') valor from st (nolock) left join stobs (nolock) on st.ref = stobs.ref where st.ref = '324.4970.00.1'
20241111@140929.8759 5fl8avk5gfcfunvfmkn729hp48 Query : select top 1 bistamp valor from bi inner join bo on bo.bostamp=bi.bostamp where bo.ndos =240 and bo.boano =2074 and bo.obrano = 2407407 and bi.ref ='324.4970.00.1' and bi.lordem =1
20241111@140929.8775 5fl8avk5gfcfunvfmkn729hp48 Query : use flama_phc
20241111@140929.8789 5fl8avk5gfcfunvfmkn729hp48 Query : select top 1 convert(date,fdata) valor from ft where ndoc = 39 and anulado= 0 and fno>0 order by fdata desc
20241111@140929.8825 5fl8avk5gfcfunvfmkn729hp48 Query : use flama_phc
20241111@140929.8829 5fl8avk5gfcfunvfmkn729hp48 Query : select top 1 1 valor from td where td.ndoc = 39
20241111@140929.8863 5fl8avk5gfcfunvfmkn729hp48 Query : use flama_phc
20241111@140929.8868 5fl8avk5gfcfunvfmkn729hp48 Query : select lower(descricao) descricao ,case when valor='s' then 1 else 0 end valor from para1 where descricao in ('st_lote','st_usalogifunc', 'st_grelha')
20241111@140929.8895 5fl8avk5gfcfunvfmkn729hp48 Query : select top 1 manternumero ,assinadoc issigned ,tiposaft ,assinaimp ,nmdos ,td.assinadoc ,'cl' origin ,lancasl stocks ,case when cmsl<50 and td.lancasl=1 then 1 else 0 end entrada ,case when cmsl>50 and td.lancasl=1 then 1 else 0 end saida ,temserie assets ,~semgre usegridfields from td inner join td2 on td.tdstamp=td2.td2stamp where td.ndoc = 1
20241111@140929.8930 5fl8avk5gfcfunvfmkn729hp48 Query : use flama_phc
20241111@140929.8934 5fl8avk5gfcfunvfmkn729hp48 Query : select top 1 ~inactivo valor from cl where no = '100810' and estab = 0 order by inactivo desc
20241111@140929.8963 5fl8avk5gfcfunvfmkn729hp48 Query : use flama_phc
20241111@140929.8966 5fl8avk5gfcfunvfmkn729hp48 Query : select top 1 tipodoc,regrd from td where ndoc = 39
20241111@140929.8996 5fl8avk5gfcfunvfmkn729hp48 Query : use flama_phc
20241111@140929.8999 5fl8avk5gfcfunvfmkn729hp48 Query : select szadrsstamp valor from szadrs where szadrsdesc='espaÇotrans,lda'
20241111@140929.9038 5fl8avk5gfcfunvfmkn729hp48 Query : use flama_phc
20241111@140929.9041 5fl8avk5gfcfunvfmkn729hp48 Query : select szadrsstamp valor from szadrs where szadrsdesc='100810 - worten-equipamentos para o lar,sa.'
20241111@140929.9086 5fl8avk5gfcfunvfmkn729hp48 Query : use flama_phc
20241111@140929.9089 5fl8avk5gfcfunvfmkn729hp48 Query : select 1 valor from td where ndoc = 39
20241111@140929.9102 5fl8avk5gfcfunvfmkn729hp48 Query : select top 1 manternumero, tiposaft, nmdos,td.assinadoc from td where td.ndoc = 39
20241111@140929.9117 5fl8avk5gfcfunvfmkn729hp48 Query : select 1 valor from information_schema.tables where table_type='base table' and table_name='wstablefields'
20241111@140929.9135 5fl8avk5gfcfunvfmkn729hp48 Query : select fieldkey,fieldname,fieldtype,mandatory from wstablefields where tablename = 'ft' and documentnumber = 39
20241111@140929.9157 5fl8avk5gfcfunvfmkn729hp48 Query : select 1 valor from information_schema.tables where table_type='base table' and table_name='wstablefields'
20241111@140929.9172 5fl8avk5gfcfunvfmkn729hp48 Query : select fieldkey,fieldname,fieldtype,mandatory from wstablefields where tablename = 'ft2' and documentnumber = 39
20241111@140929.9203 5fl8avk5gfcfunvfmkn729hp48 Query : select 1 valor from information_schema.tables where table_type='base table' and table_name='wstablefields'
20241111@140929.9218 5fl8avk5gfcfunvfmkn729hp48 Query : select fieldkey,fieldname,fieldtype,mandatory from wstablefields where tablename = 'ft3' and documentnumber = 39
20241111@140929.9231 5fl8avk5gfcfunvfmkn729hp48 Query : select top 1 ft.fno valor from ft ft where ft.ndoc = 39 and ftano=2024 order by fno desc
20241111@140929.9292 5fl8avk5gfcfunvfmkn729hp48 Query : select top 1 ft.fno valor from wsftdata ft where ft.ndoc = 39 and ftano=2024 order by fno desc
20241111@140929.9305 5fl8avk5gfcfunvfmkn729hp48 Query : select 1 valor from information_schema.tables where table_type='base table' and table_name='wstablefields'
20241111@140929.9321 5fl8avk5gfcfunvfmkn729hp48 Query : select fieldkey,fieldname,fieldtype,calcformula from wstablefields where tablename = 'ft3' and documentnumber = 39
20241111@140929.9350 5fl8avk5gfcfunvfmkn729hp48 Query : insert into wsft3data (ft3stamp, ousrdata, ousrhora, usrdata,usrhora,ousrinis,usrinis,taxpointdt ) values ('aut673211378367321019e1' ,getdate(),convert(char(8),convert (time,getdate())),getdate(),convert(char(8),convert (time,getdate())),'wsv','wsv',?)
20241111@140929.9541 5fl8avk5gfcfunvfmkn729hp48 Query : select 1 valor from information_schema.tables where table_type='base table' and table_name='wstablefields'
20241111@140929.9563 5fl8avk5gfcfunvfmkn729hp48 Query : select fieldkey,fieldname,fieldtype,calcformula from wstablefields where tablename = 'ft2' and documentnumber = 39
20241111@140929.9602 5fl8avk5gfcfunvfmkn729hp48 Query : select top 1 bo.u_nomeenv valor from bo where bo.bostamp=''
20241111@140929.9616 5fl8avk5gfcfunvfmkn729hp48 Query : select top 1 bo.u_moradaen valor from bo where bo.bostamp=''
20241111@140929.9630 5fl8avk5gfcfunvfmkn729hp48 Query : select top 1 bo.u_codposen valor from bo where bo.bostamp=''
20241111@140929.9643 5fl8avk5gfcfunvfmkn729hp48 Query : select top 1 bo.u_localenv valor from bo where bo.bostamp=''
20241111@140929.9656 5fl8avk5gfcfunvfmkn729hp48 Query : select top 1 bo.trab5 valor from bo where bo.bostamp=''
20241111@140929.9667 5fl8avk5gfcfunvfmkn729hp48 Query : select top 1 bo.serie valor from bo where bo.bostamp=''
20241111@140929.9679 5fl8avk5gfcfunvfmkn729hp48 Query : insert into wsft2data (ft2stamp, ousrdata,ousrhora, usrdata,usrhora,ousrinis,usrinis,u_nomeenv ,u_moradaen ,u_codposen ,u_localenv ,u_coddest ,u_codby ) values ('aut673211378367321019e1',getdate(),convert(char(8),convert (time,getdate())),getdate(),convert(char(8),convert (time,getdate())),'wsv','wsv',?,?,?,?,?,?)
20241111@140929.9963 5fl8avk5gfcfunvfmkn729hp48 Query : select top 1 fno valor from wsftdata order by fno desc
20241111@140929.9990 5fl8avk5gfcfunvfmkn729hp48 Query : select 1 valor from information_schema.tables where table_type='base table' and table_name='wstablefields'
20241111@140930.7000 5fl8avk5gfcfunvfmkn729hp48 Query : select fieldkey,fieldname,fieldtype,calcformula from wstablefields where tablename = 'ft' and documentnumber = 39
20241111@140930.2800 5fl8avk5gfcfunvfmkn729hp48 Query : select 'normal' from dummy
20241111@140930.4300 5fl8avk5gfcfunvfmkn729hp48 Query : insert into wsftdata (ftstamp, ousrdata,ousrhora, usrdata,usrhora,ousrinis,usrinis,fno,no,estab,fdata,ndoc,moeda,cambio,cambiofixo,ftano,site ,classe ) values ('aut673211378367321019e1',getdate(),convert(char(8),convert (time,getdate())),getdate(),convert(char(8),convert (time,getdate())),'wsv','wsv',1788,100810,0,'2024-11-11',39,'euro',0,0,2024 ,?,?)
20241111@140930.3780 5fl8avk5gfcfunvfmkn729hp48 Query : use flama_phc
20241111@140930.3820 5fl8avk5gfcfunvfmkn729hp48 Query : select st.usalote valor from st where st.ref = '324.4970.00.1'
20241111@140930.4020 5fl8avk5gfcfunvfmkn729hp48 Query : select top 1 st.tabiva ,st.ivaincl ,st.stns ,st.uni2 ,st.familia ,isnull(tx.taxa, 0) txiva ,unidade ,usalote ,epcpond ,noserie ,conversao ,st.texteis from st left join taxasiva tx on st.tabiva = tx.codigo where st.ref = '324.4970.00.1'
20241111@140930.4150 5fl8avk5gfcfunvfmkn729hp48 Query : select 1 valor from information_schema.tables where table_type='base table' and table_name='wstablefields'
20241111@140930.4420 5fl8avk5gfcfunvfmkn729hp48 Query : select fieldkey,fieldname,fieldtype,mandatory from wstablefields where tablename = 'fi' and documentnumber = 39
20241111@140930.4670 5fl8avk5gfcfunvfmkn729hp48 Query : select 1 valor from information_schema.tables where table_type='base table' and table_name='wstablefields'
20241111@140930.4900 5fl8avk5gfcfunvfmkn729hp48 Query : select fieldkey,fieldname,fieldtype,mandatory from wstablefields where tablename = 'fi2' and documentnumber = 39
20241111@140930.4990 5fl8avk5gfcfunvfmkn729hp48 Query : select top 1 convert(numeric(6,2),t.taxa) valor from taxasiva t where t.codigo='2'
20241111@140930.5110 5fl8avk5gfcfunvfmkn729hp48 Query : select sestamp valor from se where ref ='324.4970.00.1' and lote = 'r2400492200a'
20241111@140930.5310 5fl8avk5gfcfunvfmkn729hp48 Query : select 1 valor from information_schema.tables where table_type='base table' and table_name='wstablefields'
20241111@140930.5490 5fl8avk5gfcfunvfmkn729hp48 Query : select fieldkey,fieldname,fieldtype,calcformula from wstablefields where tablename = 'fi2' and documentnumber = 39
20241111@140930.5610 5fl8avk5gfcfunvfmkn729hp48 Query : insert into wsfi2data (fi2stamp,ftstamp ,ousrdata, ousrhora, usrdata,usrhora,ousrinis,usrinis) values ('aut67321563206732101a0c','aut673211378367321019e1' ,getdate(),convert(char(8),convert (time,getdate())),getdate(),convert(char(8),convert (time,getdate())),'wsv','wsv')
20241111@140930.5650 5fl8avk5gfcfunvfmkn729hp48 Query : select 1 valor from information_schema.tables where table_type='base table' and table_name='wstablefields'
20241111@140930.5810 5fl8avk5gfcfunvfmkn729hp48 Query : select fieldkey,fieldname,fieldtype,calcformula from wstablefields where tablename = 'fi' and documentnumber = 39
20241111@140930.6080 5fl8avk5gfcfunvfmkn729hp48 Query : insert into wsfidata (fistamp,ousrdata, ousrhora, usrdata,usrhora,ousrinis,usrinis ,qtt ,ftstamp ,epv,pvmoeda ,tabiva,iva,lordem ,ref, design ,lote,armazem,bistamp ) values ('aut67321563206732101a0c',getdate(),convert(char(8),convert (time,getdate())),getdate(),convert(char(8),convert (time,getdate())),'wsv','wsv',12.000 ,'aut673211378367321019e1' ,0,0 ,2,23.00,10000,?,?,?,?,?)
20241111@140930.9320 5fl8avk5gfcfunvfmkn729hp48 Query : use flama_phc
20241111@140930.9370 5fl8avk5gfcfunvfmkn729hp48 Query : select st.usalote valor from st where st.ref = '324.4970.00.1'
20241111@140930.9620 5fl8avk5gfcfunvfmkn729hp48 Query : select top 1 st.tabiva ,st.ivaincl ,st.stns ,st.uni2 ,st.familia ,isnull(tx.taxa, 0) txiva ,unidade ,usalote ,epcpond ,noserie ,conversao ,st.texteis from st left join taxasiva tx on st.tabiva = tx.codigo where st.ref = '324.4970.00.1'
20241111@140930.9790 5fl8avk5gfcfunvfmkn729hp48 Query : select 1 valor from information_schema.tables where table_type='base table' and table_name='wstablefields'
20241111@140930.1001 5fl8avk5gfcfunvfmkn729hp48 Query : select fieldkey,fieldname,fieldtype,mandatory from wstablefields where tablename = 'fi' and documentnumber = 39
20241111@140930.1030 5fl8avk5gfcfunvfmkn729hp48 Query : select 1 valor from information_schema.tables where table_type='base table' and table_name='wstablefields'
20241111@140930.1048 5fl8avk5gfcfunvfmkn729hp48 Query : select fieldkey,fieldname,fieldtype,mandatory from wstablefields where tablename = 'fi2' and documentnumber = 39
20241111@140930.1057 5fl8avk5gfcfunvfmkn729hp48 Query : select top 1 convert(numeric(6,2),t.taxa) valor from taxasiva t where t.codigo='2'
20241111@140930.1069 5fl8avk5gfcfunvfmkn729hp48 Query : select sestamp valor from se where ref ='324.4970.00.1' and lote = 'r2400492200a'
20241111@140930.1084 5fl8avk5gfcfunvfmkn729hp48 Query : select 1 valor from information_schema.tables where table_type='base table' and table_name='wstablefields'
20241111@140930.1099 5fl8avk5gfcfunvfmkn729hp48 Query : select fieldkey,fieldname,fieldtype,calcformula from wstablefields where tablename = 'fi2' and documentnumber = 39
20241111@140930.1111 5fl8avk5gfcfunvfmkn729hp48 Query : insert into wsfi2data (fi2stamp,ftstamp ,ousrdata, ousrhora, usrdata,usrhora,ousrinis,usrinis) values ('aut67321433946732101a1a','aut673211378367321019e1' ,getdate(),convert(char(8),convert (time,getdate())),getdate(),convert(char(8),convert (time,getdate())),'wsv','wsv')
20241111@140930.1115 5fl8avk5gfcfunvfmkn729hp48 Query : select 1 valor from information_schema.tables where table_type='base table' and table_name='wstablefields'
20241111@140930.1133 5fl8avk5gfcfunvfmkn729hp48 Query : select fieldkey,fieldname,fieldtype,calcformula from wstablefields where tablename = 'fi' and documentnumber = 39
20241111@140930.1160 5fl8avk5gfcfunvfmkn729hp48 Query : insert into wsfidata (fistamp,ousrdata, ousrhora, usrdata,usrhora,ousrinis,usrinis ,qtt ,ftstamp ,epv,pvmoeda ,tabiva,iva,lordem ,ref, design ,lote,armazem,bistamp ) values ('aut67321433946732101a1a',getdate(),convert(char(8),convert (time,getdate())),getdate(),convert(char(8),convert (time,getdate())),'wsv','wsv',8.000 ,'aut673211378367321019e1' ,0,0 ,2,23.00,20000,?,?,?,?,?)
20241111@140930.1449 5fl8avk5gfcfunvfmkn729hp48 Query : use flama_phc
20241111@140930.1453 5fl8avk5gfcfunvfmkn729hp48 Query : select st.usalote valor from st where st.ref = '324.4970.00.1'
20241111@140930.1476 5fl8avk5gfcfunvfmkn729hp48 Query : select top 1 st.tabiva ,st.ivaincl ,st.stns ,st.uni2 ,st.familia ,isnull(tx.taxa, 0) txiva ,unidade ,usalote ,epcpond ,noserie ,conversao ,st.texteis from st left join taxasiva tx on st.tabiva = tx.codigo where st.ref = '324.4970.00.1'
20241111@140930.1490 5fl8avk5gfcfunvfmkn729hp48 Query : select 1 valor from information_schema.tables where table_type='base table' and table_name='wstablefields'
20241111@140930.1506 5fl8avk5gfcfunvfmkn729hp48 Query : select fieldkey,fieldname,fieldtype,mandatory from wstablefields where tablename = 'fi' and documentnumber = 39
20241111@140930.1533 5fl8avk5gfcfunvfmkn729hp48 Query : select 1 valor from information_schema.tables where table_type='base table' and table_name='wstablefields'
20241111@140930.1547 5fl8avk5gfcfunvfmkn729hp48 Query : select fieldkey,fieldname,fieldtype,mandatory from wstablefields where tablename = 'fi2' and documentnumber = 39
20241111@140930.1562 5fl8avk5gfcfunvfmkn729hp48 Query : select top 1 convert(numeric(6,2),t.taxa) valor from taxasiva t where t.codigo='2'
20241111@140930.1575 5fl8avk5gfcfunvfmkn729hp48 Query : select sestamp valor from se where ref ='324.4970.00.1' and lote = 'r2400492200a'
20241111@140930.1589 5fl8avk5gfcfunvfmkn729hp48 Query : select 1 valor from information_schema.tables where table_type='base table' and table_name='wstablefields'
20241111@140930.1604 5fl8avk5gfcfunvfmkn729hp48 Query : select fieldkey,fieldname,fieldtype,calcformula from wstablefields where tablename = 'fi2' and documentnumber = 39
20241111@140930.1616 5fl8avk5gfcfunvfmkn729hp48 Query : insert into wsfi2data (fi2stamp,ftstamp ,ousrdata, ousrhora, usrdata,usrhora,ousrinis,usrinis) values ('aut67321591366732101a26','aut673211378367321019e1' ,getdate(),convert(char(8),convert (time,getdate())),getdate(),convert(char(8),convert (time,getdate())),'wsv','wsv')
20241111@140930.1621 5fl8avk5gfcfunvfmkn729hp48 Query : select 1 valor from information_schema.tables where table_type='base table' and table_name='wstablefields'
20241111@140930.1638 5fl8avk5gfcfunvfmkn729hp48 Query : select fieldkey,fieldname,fieldtype,calcformula from wstablefields where tablename = 'fi' and documentnumber = 39
20241111@140930.1671 5fl8avk5gfcfunvfmkn729hp48 Query : insert into wsfidata (fistamp,ousrdata, ousrhora, usrdata,usrhora,ousrinis,usrinis ,qtt ,ftstamp ,epv,pvmoeda ,tabiva,iva,lordem ,ref, design ,lote,armazem,bistamp ) values ('aut67321591366732101a26',getdate(),convert(char(8),convert (time,getdate())),getdate(),convert(char(8),convert (time,getdate())),'wsv','wsv',96.000 ,'aut673211378367321019e1' ,0,0 ,2,23.00,30000,?,?,?,?,?)
20241111@140930.1946 5fl8avk5gfcfunvfmkn729hp48 Query : use flama_phc
20241111@140930.1950 5fl8avk5gfcfunvfmkn729hp48 Query : select st.usalote valor from st where st.ref = '324.4970.00.1'
20241111@140930.1975 5fl8avk5gfcfunvfmkn729hp48 Query : select top 1 st.tabiva ,st.ivaincl ,st.stns ,st.uni2 ,st.familia ,isnull(tx.taxa, 0) txiva ,unidade ,usalote ,epcpond ,noserie ,conversao ,st.texteis from st left join taxasiva tx on st.tabiva = tx.codigo where st.ref = '324.4970.00.1'
20241111@140930.1996 5fl8avk5gfcfunvfmkn729hp48 Query : select 1 valor from information_schema.tables where table_type='base table' and table_name='wstablefields'
20241111@140930.2014 5fl8avk5gfcfunvfmkn729hp48 Query : select fieldkey,fieldname,fieldtype,mandatory from wstablefields where tablename = 'fi' and documentnumber = 39
20241111@140930.2042 5fl8avk5gfcfunvfmkn729hp48 Query : select 1 valor from information_schema.tables where table_type='base table' and table_name='wstablefields'
20241111@140930.2057 5fl8avk5gfcfunvfmkn729hp48 Query : select fieldkey,fieldname,fieldtype,mandatory from wstablefields where tablename = 'fi2' and documentnumber = 39
20241111@140930.2133 5fl8avk5gfcfunvfmkn729hp48 Query : select top 1 convert(numeric(6,2),t.taxa) valor from taxasiva t where t.codigo='2'
20241111@140930.2145 5fl8avk5gfcfunvfmkn729hp48 Query : select sestamp valor from se where ref ='324.4970.00.1' and lote = 'r2400492200a'
20241111@140930.2158 5fl8avk5gfcfunvfmkn729hp48 Query : select 1 valor from information_schema.tables where table_type='base table' and table_name='wstablefields'
20241111@140930.2213 5fl8avk5gfcfunvfmkn729hp48 Query : select fieldkey,fieldname,fieldtype,calcformula from wstablefields where tablename = 'fi2' and documentnumber = 39
20241111@140930.2226 5fl8avk5gfcfunvfmkn729hp48 Query : insert into wsfi2data (fi2stamp,ftstamp ,ousrdata, ousrhora, usrdata,usrhora,ousrinis,usrinis) values ('aut67321760166732101a34','aut673211378367321019e1' ,getdate(),convert(char(8),convert (time,getdate())),getdate(),convert(char(8),convert (time,getdate())),'wsv','wsv')
20241111@140930.2244 5fl8avk5gfcfunvfmkn729hp48 Query : select 1 valor from information_schema.tables where table_type='base table' and table_name='wstablefields'
20241111@140930.2266 5fl8avk5gfcfunvfmkn729hp48 Query : select fieldkey,fieldname,fieldtype,calcformula from wstablefields where tablename = 'fi' and documentnumber = 39
20241111@140930.2306 5fl8avk5gfcfunvfmkn729hp48 Query : insert into wsfidata (fistamp,ousrdata, ousrhora, usrdata,usrhora,ousrinis,usrinis ,qtt ,ftstamp ,epv,pvmoeda ,tabiva,iva,lordem ,ref, design ,lote,armazem,bistamp ) values ('aut67321760166732101a34',getdate(),convert(char(8),convert (time,getdate())),getdate(),convert(char(8),convert (time,getdate())),'wsv','wsv',96.000 ,'aut673211378367321019e1' ,0,0 ,2,23.00,40000,?,?,?,?,?)
20241111@140930.2619 5fl8avk5gfcfunvfmkn729hp48 Query : use flama_phc
20241111@140930.2623 5fl8avk5gfcfunvfmkn729hp48 Query : select st.usalote valor from st where st.ref = '324.4970.00.1'
20241111@140930.2646 5fl8avk5gfcfunvfmkn729hp48 Query : select top 1 st.tabiva ,st.ivaincl ,st.stns ,st.uni2 ,st.familia ,isnull(tx.taxa, 0) txiva ,unidade ,usalote ,epcpond ,noserie ,conversao ,st.texteis from st left join taxasiva tx on st.tabiva = tx.codigo where st.ref = '324.4970.00.1'
20241111@140930.2661 5fl8avk5gfcfunvfmkn729hp48 Query : select 1 valor from information_schema.tables where table_type='base table' and table_name='wstablefields'
20241111@140930.2677 5fl8avk5gfcfunvfmkn729hp48 Query : select fieldkey,fieldname,fieldtype,mandatory from wstablefields where tablename = 'fi' and documentnumber = 39
20241111@140930.2703 5fl8avk5gfcfunvfmkn729hp48 Query : select 1 valor from information_schema.tables where table_type='base table' and table_name='wstablefields'
20241111@140930.2717 5fl8avk5gfcfunvfmkn729hp48 Query : select fieldkey,fieldname,fieldtype,mandatory from wstablefields where tablename = 'fi2' and documentnumber = 39
20241111@140930.2726 5fl8avk5gfcfunvfmkn729hp48 Query : select top 1 convert(numeric(6,2),t.taxa) valor from taxasiva t where t.codigo='2'
20241111@140930.2739 5fl8avk5gfcfunvfmkn729hp48 Query : select sestamp valor from se where ref ='324.4970.00.1' and lote = 'r2400492200a'
20241111@140930.2751 5fl8avk5gfcfunvfmkn729hp48 Query : select 1 valor from information_schema.tables where table_type='base table' and table_name='wstablefields'
20241111@140930.2766 5fl8avk5gfcfunvfmkn729hp48 Query : select fieldkey,fieldname,fieldtype,calcformula from wstablefields where tablename = 'fi2' and documentnumber = 39
20241111@140930.2779 5fl8avk5gfcfunvfmkn729hp48 Query : insert into wsfi2data (fi2stamp,ftstamp ,ousrdata, ousrhora, usrdata,usrhora,ousrinis,usrinis) values ('aut67321029116732101a43','aut673211378367321019e1' ,getdate(),convert(char(8),convert (time,getdate())),getdate(),convert(char(8),convert (time,getdate())),'wsv','wsv')
20241111@140930.2783 5fl8avk5gfcfunvfmkn729hp48 Query : select 1 valor from information_schema.tables where table_type='base table' and table_name='wstablefields'
20241111@140930.2797 5fl8avk5gfcfunvfmkn729hp48 Query : select fieldkey,fieldname,fieldtype,calcformula from wstablefields where tablename = 'fi' and documentnumber = 39
20241111@140930.2824 5fl8avk5gfcfunvfmkn729hp48 Query : insert into wsfidata (fistamp,ousrdata, ousrhora, usrdata,usrhora,ousrinis,usrinis ,qtt ,ftstamp ,epv,pvmoeda ,tabiva,iva,lordem ,ref, design ,lote,armazem,bistamp ) values ('aut67321029116732101a43',getdate(),convert(char(8),convert (time,getdate())),getdate(),convert(char(8),convert (time,getdate())),'wsv','wsv',96.000 ,'aut673211378367321019e1' ,0,0 ,2,23.00,50000,?,?,?,?,?)
20241111@140930.3106 5fl8avk5gfcfunvfmkn729hp48 Query : use flama_phc
20241111@140930.3109 5fl8avk5gfcfunvfmkn729hp48 Query : select st.usalote valor from st where st.ref = '324.4970.00.1'
20241111@140930.3129 5fl8avk5gfcfunvfmkn729hp48 Query : select top 1 st.tabiva ,st.ivaincl ,st.stns ,st.uni2 ,st.familia ,isnull(tx.taxa, 0) txiva ,unidade ,usalote ,epcpond ,noserie ,conversao ,st.texteis from st left join taxasiva tx on st.tabiva = tx.codigo where st.ref = '324.4970.00.1'
20241111@140930.3142 5fl8avk5gfcfunvfmkn729hp48 Query : select 1 valor from information_schema.tables where table_type='base table' and table_name='wstablefields'
20241111@140930.3158 5fl8avk5gfcfunvfmkn729hp48 Query : select fieldkey,fieldname,fieldtype,mandatory from wstablefields where tablename = 'fi' and documentnumber = 39
20241111@140930.3184 5fl8avk5gfcfunvfmkn729hp48 Query : select 1 valor from information_schema.tables where table_type='base table' and table_name='wstablefields'
20241111@140930.3200 5fl8avk5gfcfunvfmkn729hp48 Query : select fieldkey,fieldname,fieldtype,mandatory from wstablefields where tablename = 'fi2' and documentnumber = 39
20241111@140930.3209 5fl8avk5gfcfunvfmkn729hp48 Query : select top 1 convert(numeric(6,2),t.taxa) valor from taxasiva t where t.codigo='2'
20241111@140930.3222 5fl8avk5gfcfunvfmkn729hp48 Query : select sestamp valor from se where ref ='324.4970.00.1' and lote = 'r2400492200a'
20241111@140930.3238 5fl8avk5gfcfunvfmkn729hp48 Query : select 1 valor from information_schema.tables where table_type='base table' and table_name='wstablefields'
20241111@140930.3252 5fl8avk5gfcfunvfmkn729hp48 Query : select fieldkey,fieldname,fieldtype,calcformula from wstablefields where tablename = 'fi2' and documentnumber = 39
20241111@140930.3263 5fl8avk5gfcfunvfmkn729hp48 Query : insert into wsfi2data (fi2stamp,ftstamp ,ousrdata, ousrhora, usrdata,usrhora,ousrinis,usrinis) values ('aut67321856856732101a4f','aut673211378367321019e1' ,getdate(),convert(char(8),convert (time,getdate())),getdate(),convert(char(8),convert (time,getdate())),'wsv','wsv')
20241111@140930.3268 5fl8avk5gfcfunvfmkn729hp48 Query : select 1 valor from information_schema.tables where table_type='base table' and table_name='wstablefields'
20241111@140930.3281 5fl8avk5gfcfunvfmkn729hp48 Query : select fieldkey,fieldname,fieldtype,calcformula from wstablefields where tablename = 'fi' and documentnumber = 39
20241111@140930.3309 5fl8avk5gfcfunvfmkn729hp48 Query : insert into wsfidata (fistamp,ousrdata, ousrhora, usrdata,usrhora,ousrinis,usrinis ,qtt ,ftstamp ,epv,pvmoeda ,tabiva,iva,lordem ,ref, design ,lote,armazem,bistamp ) values ('aut67321856856732101a4f',getdate(),convert(char(8),convert (time,getdate())),getdate(),convert(char(8),convert (time,getdate())),'wsv','wsv',96.000 ,'aut673211378367321019e1' ,0,0 ,2,23.00,60000,?,?,?,?,?)
20241111@140930.3603 5fl8avk5gfcfunvfmkn729hp48 Query : use flama_phc
20241111@140930.3606 5fl8avk5gfcfunvfmkn729hp48 Query : select st.usalote valor from st where st.ref = '324.4970.00.1'
20241111@140930.3626 5fl8avk5gfcfunvfmkn729hp48 Query : select top 1 st.tabiva ,st.ivaincl ,st.stns ,st.uni2 ,st.familia ,isnull(tx.taxa, 0) txiva ,unidade ,usalote ,epcpond ,noserie ,conversao ,st.texteis from st left join taxasiva tx on st.tabiva = tx.codigo where st.ref = '324.4970.00.1'
20241111@140930.3640 5fl8avk5gfcfunvfmkn729hp48 Query : select 1 valor from information_schema.tables where table_type='base table' and table_name='wstablefields'
20241111@140930.3656 5fl8avk5gfcfunvfmkn729hp48 Query : select fieldkey,fieldname,fieldtype,mandatory from wstablefields where tablename = 'fi' and documentnumber = 39
20241111@140930.3682 5fl8avk5gfcfunvfmkn729hp48 Query : select 1 valor from information_schema.tables where table_type='base table' and table_name='wstablefields'
20241111@140930.3697 5fl8avk5gfcfunvfmkn729hp48 Query : select fieldkey,fieldname,fieldtype,mandatory from wstablefields where tablename = 'fi2' and documentnumber = 39
20241111@140930.3705 5fl8avk5gfcfunvfmkn729hp48 Query : select top 1 convert(numeric(6,2),t.taxa) valor from taxasiva t where t.codigo='2'
20241111@140930.3716 5fl8avk5gfcfunvfmkn729hp48 Query : select sestamp valor from se where ref ='324.4970.00.1' and lote = 'r2400492200a'
20241111@140930.3733 5fl8avk5gfcfunvfmkn729hp48 Query : select 1 valor from information_schema.tables where table_type='base table' and table_name='wstablefields'
20241111@140930.3747 5fl8avk5gfcfunvfmkn729hp48 Query : select fieldkey,fieldname,fieldtype,calcformula from wstablefields where tablename = 'fi2' and documentnumber = 39
20241111@140930.3759 5fl8avk5gfcfunvfmkn729hp48 Query : insert into wsfi2data (fi2stamp,ftstamp ,ousrdata, ousrhora, usrdata,usrhora,ousrinis,usrinis) values ('aut67321912306732101a5b','aut673211378367321019e1' ,getdate(),convert(char(8),convert (time,getdate())),getdate(),convert(char(8),convert (time,getdate())),'wsv','wsv')
20241111@140930.3763 5fl8avk5gfcfunvfmkn729hp48 Query : select 1 valor from information_schema.tables where table_type='base table' and table_name='wstablefields'
20241111@140930.3777 5fl8avk5gfcfunvfmkn729hp48 Query : select fieldkey,fieldname,fieldtype,calcformula from wstablefields where tablename = 'fi' and documentnumber = 39
20241111@140930.3805 5fl8avk5gfcfunvfmkn729hp48 Query : insert into wsfidata (fistamp,ousrdata, ousrhora, usrdata,usrhora,ousrinis,usrinis ,qtt ,ftstamp ,epv,pvmoeda ,tabiva,iva,lordem ,ref, design ,lote,armazem,bistamp ) values ('aut67321912306732101a5b',getdate(),convert(char(8),convert (time,getdate())),getdate(),convert(char(8),convert (time,getdate())),'wsv','wsv',96.000 ,'aut673211378367321019e1' ,0,0 ,2,23.00,70000,?,?,?,?,?)
20241111@140930.4100 5fl8avk5gfcfunvfmkn729hp48 Query : insert into wsftcreationlog (initialftstamp,externalid,creationstatus,documenttypeid,idustamp) values ('aut673211378367321019e1','2407407','wait',39,'adm09112754980.682000002')
20241111@140930.4170 5fl8avk5gfcfunvfmkn729hp48 Query : use flama_phc
20241111@140930.4173 5fl8avk5gfcfunvfmkn729hp48 Query : update u_wsusers set rqsttoken =? where userid ='userls001'
20241111@140930.4204 5fl8avk5gfcfunvfmkn729hp48 Query : select concat(rtrim(relative_path),ltrim(name_new)) as valor from uploadfiles where uploadfile_id='3227';
20241111@140930.4240 5fl8avk5gfcfunvfmkn729hp48 Query : update uploadfiles set whenupdated=current_timestamp where uploadfile_id='3227';
20241111@140930.4288 5fl8avk5gfcfunvfmkn729hp48 Query : select concat(rtrim(relative_path),ltrim(name_new)) as valor from uploadfiles where uploadfile_id='3227';
20241111@140930.4317 5fl8avk5gfcfunvfmkn729hp48 Query : update uploadfiles set whenupdated=current_timestamp where uploadfile_id='3227';
20241111@140930.4819 9sut195gqoumj74qmo0tu6en34 Query : insert into uploadfiles ( name_original, name_new, option_type, relative_path, whencreated ) values ( ?, ?, ?, ?, getdate() )
20241111@140930.4830 9sut195gqoumj74qmo0tu6en34 Query : select uploadfile_id valor from uploadfiles where name_new = ? and option_type = ? 
20241111@140930.4896 9sut195gqoumj74qmo0tu6en34 Query : select concat(rtrim(relative_path),ltrim(name_new)) as valor from uploadfiles where uploadfile_id='3228';
20241111@140930.5165 9sut195gqoumj74qmo0tu6en34 Query : update uploadfiles set whenupdated=current_timestamp where uploadfile_id='3228';
20241111@140930.5228 9sut195gqoumj74qmo0tu6en34 Query : select concat(rtrim(relative_path),ltrim(name_new)) as valor from uploadfiles where uploadfile_id='3228';
20241111@140930.5261 9sut195gqoumj74qmo0tu6en34 Query : update uploadfiles set whenupdated=current_timestamp where uploadfile_id='3228';
20241111@140930.5326 9sut195gqoumj74qmo0tu6en34 Query : use flama_phc
20241111@140930.5330 9sut195gqoumj74qmo0tu6en34 Query : select top 1 secretkey valor from u_wsusers u where u.userid = ? and u.inactivo=0
20241111@140930.5398 9sut195gqoumj74qmo0tu6en34 Query : use flama_phc
20241111@140930.5401 9sut195gqoumj74qmo0tu6en34 Query : select no, estab,szadrsdesc from szadrs where u_coddest=9159
20241111@140930.5493 9sut195gqoumj74qmo0tu6en34 Query : select top 1 isnull(design,'') valor from st (nolock) left join stobs (nolock) on st.ref = stobs.ref where st.ref = '324.948.00.01'
20241111@140930.5863 9sut195gqoumj74qmo0tu6en34 Query : select top 1 bistamp valor from bi inner join bo on bo.bostamp=bi.bostamp where bo.ndos =240 and bo.boano =2074 and bo.obrano = 2407408 and bi.ref ='324.948.00.01' and bi.lordem =1
20241111@140930.6188 9sut195gqoumj74qmo0tu6en34 Query : select top 1 isnull(design,'') valor from st (nolock) left join stobs (nolock) on st.ref = stobs.ref where st.ref = '324.1705.00.1'
20241111@140930.6354 9sut195gqoumj74qmo0tu6en34 Query : select top 1 bistamp valor from bi inner join bo on bo.bostamp=bi.bostamp where bo.ndos =240 and bo.boano =2074 and bo.obrano = 2407408 and bi.ref ='324.1705.00.1' and bi.lordem =2
20241111@140930.6670 9sut195gqoumj74qmo0tu6en34 Query : select top 1 isnull(design,'') valor from st (nolock) left join stobs (nolock) on st.ref = stobs.ref where st.ref = '324.1705.00.1'
20241111@140930.6690 9sut195gqoumj74qmo0tu6en34 Query : select top 1 bistamp valor from bi inner join bo on bo.bostamp=bi.bostamp where bo.ndos =240 and bo.boano =2074 and bo.obrano = 2407408 and bi.ref ='324.1705.00.1' and bi.lordem =2
20241111@140930.6708 9sut195gqoumj74qmo0tu6en34 Query : select top 1 isnull(design,'') valor from st (nolock) left join stobs (nolock) on st.ref = stobs.ref where st.ref = '324.1416.00.1'
20241111@140930.6881 9sut195gqoumj74qmo0tu6en34 Query : select top 1 bistamp valor from bi inner join bo on bo.bostamp=bi.bostamp where bo.ndos =240 and bo.boano =2074 and bo.obrano = 2407408 and bi.ref ='324.1416.00.1' and bi.lordem =3
20241111@140930.7213 9sut195gqoumj74qmo0tu6en34 Query : select top 1 isnull(design,'') valor from st (nolock) left join stobs (nolock) on st.ref = stobs.ref where st.ref = '324.1416.00.1'
20241111@140930.7235 9sut195gqoumj74qmo0tu6en34 Query : select top 1 bistamp valor from bi inner join bo on bo.bostamp=bi.bostamp where bo.ndos =240 and bo.boano =2074 and bo.obrano = 2407408 and bi.ref ='324.1416.00.1' and bi.lordem =3
20241111@140930.7251 9sut195gqoumj74qmo0tu6en34 Query : select top 1 isnull(design,'') valor from st (nolock) left join stobs (nolock) on st.ref = stobs.ref where st.ref = '324.2028.00.2'
20241111@140930.7415 9sut195gqoumj74qmo0tu6en34 Query : select top 1 bistamp valor from bi inner join bo on bo.bostamp=bi.bostamp where bo.ndos =240 and bo.boano =2074 and bo.obrano = 2407408 and bi.ref ='324.2028.00.2' and bi.lordem =4
20241111@140930.7762 9sut195gqoumj74qmo0tu6en34 Query : select top 1 isnull(design,'') valor from st (nolock) left join stobs (nolock) on st.ref = stobs.ref where st.ref = '324.2028.00.2'
20241111@140930.7799 9sut195gqoumj74qmo0tu6en34 Query : select top 1 bistamp valor from bi inner join bo on bo.bostamp=bi.bostamp where bo.ndos =240 and bo.boano =2074 and bo.obrano = 2407408 and bi.ref ='324.2028.00.2' and bi.lordem =4
20241111@140930.7829 9sut195gqoumj74qmo0tu6en34 Query : select top 1 isnull(design,'') valor from st (nolock) left join stobs (nolock) on st.ref = stobs.ref where st.ref = '324.4902.00.1'
20241111@140930.7861 9sut195gqoumj74qmo0tu6en34 Query : select top 1 bistamp valor from bi inner join bo on bo.bostamp=bi.bostamp where bo.ndos =240 and bo.boano =2074 and bo.obrano = 2407408 and bi.ref ='324.4902.00.1' and bi.lordem =5
20241111@140930.8259 9sut195gqoumj74qmo0tu6en34 Query : select top 1 isnull(design,'') valor from st (nolock) left join stobs (nolock) on st.ref = stobs.ref where st.ref = '304.4320.00.1'
20241111@140930.8291 9sut195gqoumj74qmo0tu6en34 Query : select top 1 bistamp valor from bi inner join bo on bo.bostamp=bi.bostamp where bo.ndos =240 and bo.boano =2074 and bo.obrano = 2407408 and bi.ref ='304.4320.00.1' and bi.lordem =6
20241111@140930.8625 9sut195gqoumj74qmo0tu6en34 Query : select top 1 isnull(design,'') valor from st (nolock) left join stobs (nolock) on st.ref = stobs.ref where st.ref = '304.4320.00.1'
20241111@140930.8657 9sut195gqoumj74qmo0tu6en34 Query : select top 1 bistamp valor from bi inner join bo on bo.bostamp=bi.bostamp where bo.ndos =240 and bo.boano =2074 and bo.obrano = 2407408 and bi.ref ='304.4320.00.1' and bi.lordem =7
20241111@140930.9039 9sut195gqoumj74qmo0tu6en34 Query : select top 1 isnull(design,'') valor from st (nolock) left join stobs (nolock) on st.ref = stobs.ref where st.ref = '304.4320.00.1'
20241111@140930.9070 9sut195gqoumj74qmo0tu6en34 Query : select top 1 bistamp valor from bi inner join bo on bo.bostamp=bi.bostamp where bo.ndos =240 and bo.boano =2074 and bo.obrano = 2407408 and bi.ref ='304.4320.00.1' and bi.lordem =7
20241111@140930.9099 9sut195gqoumj74qmo0tu6en34 Query : select top 1 isnull(design,'') valor from st (nolock) left join stobs (nolock) on st.ref = stobs.ref where st.ref = '304.421.00.04'
20241111@140930.9268 9sut195gqoumj74qmo0tu6en34 Query : select top 1 bistamp valor from bi inner join bo on bo.bostamp=bi.bostamp where bo.ndos =240 and bo.boano =2074 and bo.obrano = 2407408 and bi.ref ='304.421.00.04' and bi.lordem =8
20241111@140930.9637 9sut195gqoumj74qmo0tu6en34 Query : select top 1 isnull(design,'') valor from st (nolock) left join stobs (nolock) on st.ref = stobs.ref where st.ref = '324.5500.00.1'
20241111@140930.9798 9sut195gqoumj74qmo0tu6en34 Query : select top 1 bistamp valor from bi inner join bo on bo.bostamp=bi.bostamp where bo.ndos =240 and bo.boano =2074 and bo.obrano = 2407408 and bi.ref ='324.5500.00.1' and bi.lordem =9
20241111@140931.1110 9sut195gqoumj74qmo0tu6en34 Query : select top 1 isnull(design,'') valor from st (nolock) left join stobs (nolock) on st.ref = stobs.ref where st.ref = '324.5500.00.1'
20241111@140931.1390 9sut195gqoumj74qmo0tu6en34 Query : select top 1 bistamp valor from bi inner join bo on bo.bostamp=bi.bostamp where bo.ndos =240 and bo.boano =2074 and bo.obrano = 2407408 and bi.ref ='324.5500.00.1' and bi.lordem =9
20241111@140931.1630 9sut195gqoumj74qmo0tu6en34 Query : select top 1 isnull(design,'') valor from st (nolock) left join stobs (nolock) on st.ref = stobs.ref where st.ref = '324.4970.00.1'
20241111@140931.1900 9sut195gqoumj74qmo0tu6en34 Query : select top 1 bistamp valor from bi inner join bo on bo.bostamp=bi.bostamp where bo.ndos =240 and bo.boano =2074 and bo.obrano = 2407408 and bi.ref ='324.4970.00.1' and bi.lordem =10
20241111@140931.5120 9sut195gqoumj74qmo0tu6en34 Query : select top 1 isnull(design,'') valor from st (nolock) left join stobs (nolock) on st.ref = stobs.ref where st.ref = '324.4980.00.1'
20241111@140931.6750 9sut195gqoumj74qmo0tu6en34 Query : select top 1 bistamp valor from bi inner join bo on bo.bostamp=bi.bostamp where bo.ndos =240 and bo.boano =2074 and bo.obrano = 2407408 and bi.ref ='324.4980.00.1' and bi.lordem =11
20241111@140931.9870 9sut195gqoumj74qmo0tu6en34 Query : use flama_phc
20241111@140931.9900 9sut195gqoumj74qmo0tu6en34 Query : select top 1 convert(date,fdata) valor from ft where ndoc = 39 and anulado= 0 and fno>0 order by fdata desc
20241111@140931.1023 9sut195gqoumj74qmo0tu6en34 Query : use flama_phc
20241111@140931.1026 9sut195gqoumj74qmo0tu6en34 Query : select top 1 1 valor from td where td.ndoc = 39
20241111@140931.1061 9sut195gqoumj74qmo0tu6en34 Query : use flama_phc
20241111@140931.1064 9sut195gqoumj74qmo0tu6en34 Query : select lower(descricao) descricao ,case when valor='s' then 1 else 0 end valor from para1 where descricao in ('st_lote','st_usalogifunc', 'st_grelha')
20241111@140931.1094 9sut195gqoumj74qmo0tu6en34 Query : select top 1 manternumero ,assinadoc issigned ,tiposaft ,assinaimp ,nmdos ,td.assinadoc ,'cl' origin ,lancasl stocks ,case when cmsl<50 and td.lancasl=1 then 1 else 0 end entrada ,case when cmsl>50 and td.lancasl=1 then 1 else 0 end saida ,temserie assets ,~semgre usegridfields from td inner join td2 on td.tdstamp=td2.td2stamp where td.ndoc = 1
20241111@140931.1130 9sut195gqoumj74qmo0tu6en34 Query : use flama_phc
20241111@140931.1133 9sut195gqoumj74qmo0tu6en34 Query : select top 1 ~inactivo valor from cl where no = '102943' and estab = 0 order by inactivo desc
20241111@140931.1264 9sut195gqoumj74qmo0tu6en34 Query : use flama_phc
20241111@140931.1267 9sut195gqoumj74qmo0tu6en34 Query : select top 1 tipodoc,regrd from td where ndoc = 39
20241111@140931.1299 9sut195gqoumj74qmo0tu6en34 Query : use flama_phc
20241111@140931.1302 9sut195gqoumj74qmo0tu6en34 Query : select szadrsstamp valor from szadrs where szadrsdesc='espaÇotrans,lda'
20241111@140931.1348 9sut195gqoumj74qmo0tu6en34 Query : use flama_phc
20241111@140931.1351 9sut195gqoumj74qmo0tu6en34 Query : select szadrsstamp valor from szadrs where szadrsdesc='pll-plataformalogistica lisboa norte'
20241111@140931.1399 9sut195gqoumj74qmo0tu6en34 Query : use flama_phc
20241111@140931.1402 9sut195gqoumj74qmo0tu6en34 Query : select 1 valor from td where ndoc = 39
20241111@140931.1415 9sut195gqoumj74qmo0tu6en34 Query : select top 1 manternumero, tiposaft, nmdos,td.assinadoc from td where td.ndoc = 39
20241111@140931.1429 9sut195gqoumj74qmo0tu6en34 Query : select 1 valor from information_schema.tables where table_type='base table' and table_name='wstablefields'
20241111@140931.1445 9sut195gqoumj74qmo0tu6en34 Query : select fieldkey,fieldname,fieldtype,mandatory from wstablefields where tablename = 'ft' and documentnumber = 39
20241111@140931.1467 9sut195gqoumj74qmo0tu6en34 Query : select 1 valor from information_schema.tables where table_type='base table' and table_name='wstablefields'
20241111@140931.1482 9sut195gqoumj74qmo0tu6en34 Query : select fieldkey,fieldname,fieldtype,mandatory from wstablefields where tablename = 'ft2' and documentnumber = 39
20241111@140931.1512 9sut195gqoumj74qmo0tu6en34 Query : select 1 valor from information_schema.tables where table_type='base table' and table_name='wstablefields'
20241111@140931.1647 9sut195gqoumj74qmo0tu6en34 Query : select fieldkey,fieldname,fieldtype,mandatory from wstablefields where tablename = 'ft3' and documentnumber = 39
20241111@140931.1759 9sut195gqoumj74qmo0tu6en34 Query : select top 1 ft.fno valor from ft ft where ft.ndoc = 39 and ftano=2024 order by fno desc
20241111@140931.1820 9sut195gqoumj74qmo0tu6en34 Query : select top 1 ft.fno valor from wsftdata ft where ft.ndoc = 39 and ftano=2024 order by fno desc
20241111@140931.1835 9sut195gqoumj74qmo0tu6en34 Query : select 1 valor from information_schema.tables where table_type='base table' and table_name='wstablefields'
20241111@140931.1852 9sut195gqoumj74qmo0tu6en34 Query : select fieldkey,fieldname,fieldtype,calcformula from wstablefields where tablename = 'ft3' and documentnumber = 39
20241111@140931.1868 9sut195gqoumj74qmo0tu6en34 Query : insert into wsft3data (ft3stamp, ousrdata, ousrhora, usrdata,usrhora,ousrinis,usrinis,taxpointdt ) values ('aut67321785666732101b2a' ,getdate(),convert(char(8),convert (time,getdate())),getdate(),convert(char(8),convert (time,getdate())),'wsv','wsv',?)
20241111@140931.2052 9sut195gqoumj74qmo0tu6en34 Query : select 1 valor from information_schema.tables where table_type='base table' and table_name='wstablefields'
20241111@140931.2071 9sut195gqoumj74qmo0tu6en34 Query : select fieldkey,fieldname,fieldtype,calcformula from wstablefields where tablename = 'ft2' and documentnumber = 39
20241111@140931.2106 9sut195gqoumj74qmo0tu6en34 Query : select top 1 bo.u_nomeenv valor from bo where bo.bostamp=''
20241111@140931.2118 9sut195gqoumj74qmo0tu6en34 Query : select top 1 bo.u_moradaen valor from bo where bo.bostamp=''
20241111@140931.2131 9sut195gqoumj74qmo0tu6en34 Query : select top 1 bo.u_codposen valor from bo where bo.bostamp=''
20241111@140931.2143 9sut195gqoumj74qmo0tu6en34 Query : select top 1 bo.u_localenv valor from bo where bo.bostamp=''
20241111@140931.2157 9sut195gqoumj74qmo0tu6en34 Query : select top 1 bo.trab5 valor from bo where bo.bostamp=''
20241111@140931.2168 9sut195gqoumj74qmo0tu6en34 Query : select top 1 bo.serie valor from bo where bo.bostamp=''
20241111@140931.2183 9sut195gqoumj74qmo0tu6en34 Query : insert into wsft2data (ft2stamp, ousrdata,ousrhora, usrdata,usrhora,ousrinis,usrinis,u_nomeenv ,u_moradaen ,u_codposen ,u_localenv ,u_coddest ,u_codby ) values ('aut67321785666732101b2a',getdate(),convert(char(8),convert (time,getdate())),getdate(),convert(char(8),convert (time,getdate())),'wsv','wsv',?,?,?,?,?,?)
20241111@140931.2461 9sut195gqoumj74qmo0tu6en34 Query : select top 1 fno valor from wsftdata order by fno desc
20241111@140931.2491 9sut195gqoumj74qmo0tu6en34 Query : select 1 valor from information_schema.tables where table_type='base table' and table_name='wstablefields'
20241111@140931.2507 9sut195gqoumj74qmo0tu6en34 Query : select fieldkey,fieldname,fieldtype,calcformula from wstablefields where tablename = 'ft' and documentnumber = 39
20241111@140931.2532 9sut195gqoumj74qmo0tu6en34 Query : select 'normal' from dummy
20241111@140931.2548 9sut195gqoumj74qmo0tu6en34 Query : insert into wsftdata (ftstamp, ousrdata,ousrhora, usrdata,usrhora,ousrinis,usrinis,fno,no,estab,fdata,ndoc,moeda,cambio,cambiofixo,ftano,site ,classe ) values ('aut67321785666732101b2a',getdate(),convert(char(8),convert (time,getdate())),getdate(),convert(char(8),convert (time,getdate())),'wsv','wsv',1789,102943,0,'2024-11-11',39,'euro',0,0,2024 ,?,?)
20241111@140931.2866 9sut195gqoumj74qmo0tu6en34 Query : use flama_phc
20241111@140931.2870 9sut195gqoumj74qmo0tu6en34 Query : select st.usalote valor from st where st.ref = '324.948.00.01'
20241111@140931.2893 9sut195gqoumj74qmo0tu6en34 Query : select top 1 st.tabiva ,st.ivaincl ,st.stns ,st.uni2 ,st.familia ,isnull(tx.taxa, 0) txiva ,unidade ,usalote ,epcpond ,noserie ,conversao ,st.texteis from st left join taxasiva tx on st.tabiva = tx.codigo where st.ref = '324.948.00.01'
20241111@140931.3061 9sut195gqoumj74qmo0tu6en34 Query : select 1 valor from information_schema.tables where table_type='base table' and table_name='wstablefields'
20241111@140931.3079 9sut195gqoumj74qmo0tu6en34 Query : select fieldkey,fieldname,fieldtype,mandatory from wstablefields where tablename = 'fi' and documentnumber = 39
20241111@140931.3105 9sut195gqoumj74qmo0tu6en34 Query : select 1 valor from information_schema.tables where table_type='base table' and table_name='wstablefields'
20241111@140931.3125 9sut195gqoumj74qmo0tu6en34 Query : select fieldkey,fieldname,fieldtype,mandatory from wstablefields where tablename = 'fi2' and documentnumber = 39
20241111@140931.3134 9sut195gqoumj74qmo0tu6en34 Query : select top 1 convert(numeric(6,2),t.taxa) valor from taxasiva t where t.codigo='2'
20241111@140931.3147 9sut195gqoumj74qmo0tu6en34 Query : select sestamp valor from se where ref ='324.948.00.01' and lote = 'r2301091200a'
20241111@140931.3167 9sut195gqoumj74qmo0tu6en34 Query : select 1 valor from information_schema.tables where table_type='base table' and table_name='wstablefields'
20241111@140931.3184 9sut195gqoumj74qmo0tu6en34 Query : select fieldkey,fieldname,fieldtype,calcformula from wstablefields where tablename = 'fi2' and documentnumber = 39
20241111@140931.3196 9sut195gqoumj74qmo0tu6en34 Query : insert into wsfi2data (fi2stamp,ftstamp ,ousrdata, ousrhora, usrdata,usrhora,ousrinis,usrinis) values ('aut67321830816732101b4d','aut67321785666732101b2a' ,getdate(),convert(char(8),convert (time,getdate())),getdate(),convert(char(8),convert (time,getdate())),'wsv','wsv')
20241111@140931.3200 9sut195gqoumj74qmo0tu6en34 Query : select 1 valor from information_schema.tables where table_type='base table' and table_name='wstablefields'
20241111@140931.3216 9sut195gqoumj74qmo0tu6en34 Query : select fieldkey,fieldname,fieldtype,calcformula from wstablefields where tablename = 'fi' and documentnumber = 39
20241111@140931.3257 9sut195gqoumj74qmo0tu6en34 Query : insert into wsfidata (fistamp,ousrdata, ousrhora, usrdata,usrhora,ousrinis,usrinis ,qtt ,ftstamp ,epv,pvmoeda ,tabiva,iva,lordem ,ref, design ,lote,armazem,bistamp ) values ('aut67321830816732101b4d',getdate(),convert(char(8),convert (time,getdate())),getdate(),convert(char(8),convert (time,getdate())),'wsv','wsv',42.000 ,'aut67321785666732101b2a' ,0,0 ,2,23.00,10000,?,?,?,?,?)
20241111@140931.3538 9sut195gqoumj74qmo0tu6en34 Query : use flama_phc
20241111@140931.3541 9sut195gqoumj74qmo0tu6en34 Query : select st.usalote valor from st where st.ref = '324.1705.00.1'
20241111@140931.3562 9sut195gqoumj74qmo0tu6en34 Query : select top 1 st.tabiva ,st.ivaincl ,st.stns ,st.uni2 ,st.familia ,isnull(tx.taxa, 0) txiva ,unidade ,usalote ,epcpond ,noserie ,conversao ,st.texteis from st left join taxasiva tx on st.tabiva = tx.codigo where st.ref = '324.1705.00.1'
20241111@140931.3714 9sut195gqoumj74qmo0tu6en34 Query : select 1 valor from information_schema.tables where table_type='base table' and table_name='wstablefields'
20241111@140931.3730 9sut195gqoumj74qmo0tu6en34 Query : select fieldkey,fieldname,fieldtype,mandatory from wstablefields where tablename = 'fi' and documentnumber = 39
20241111@140931.3756 9sut195gqoumj74qmo0tu6en34 Query : select 1 valor from information_schema.tables where table_type='base table' and table_name='wstablefields'
20241111@140931.3770 9sut195gqoumj74qmo0tu6en34 Query : select fieldkey,fieldname,fieldtype,mandatory from wstablefields where tablename = 'fi2' and documentnumber = 39
20241111@140931.3779 9sut195gqoumj74qmo0tu6en34 Query : select top 1 convert(numeric(6,2),t.taxa) valor from taxasiva t where t.codigo='2'
20241111@140931.3791 9sut195gqoumj74qmo0tu6en34 Query : select sestamp valor from se where ref ='324.1705.00.1' and lote = 'r2400050500a'
20241111@140931.3805 9sut195gqoumj74qmo0tu6en34 Query : select 1 valor from information_schema.tables where table_type='base table' and table_name='wstablefields'
20241111@140931.3820 9sut195gqoumj74qmo0tu6en34 Query : select fieldkey,fieldname,fieldtype,calcformula from wstablefields where tablename = 'fi2' and documentnumber = 39
20241111@140931.3832 9sut195gqoumj74qmo0tu6en34 Query : insert into wsfi2data (fi2stamp,ftstamp ,ousrdata, ousrhora, usrdata,usrhora,ousrinis,usrinis) values ('aut67321155646732101b5c','aut67321785666732101b2a' ,getdate(),convert(char(8),convert (time,getdate())),getdate(),convert(char(8),convert (time,getdate())),'wsv','wsv')
20241111@140931.3836 9sut195gqoumj74qmo0tu6en34 Query : select 1 valor from information_schema.tables where table_type='base table' and table_name='wstablefields'
20241111@140931.3854 9sut195gqoumj74qmo0tu6en34 Query : select fieldkey,fieldname,fieldtype,calcformula from wstablefields where tablename = 'fi' and documentnumber = 39
20241111@140931.3883 9sut195gqoumj74qmo0tu6en34 Query : insert into wsfidata (fistamp,ousrdata, ousrhora, usrdata,usrhora,ousrinis,usrinis ,qtt ,ftstamp ,epv,pvmoeda ,tabiva,iva,lordem ,ref, design ,lote,armazem,bistamp ) values ('aut67321155646732101b5c',getdate(),convert(char(8),convert (time,getdate())),getdate(),convert(char(8),convert (time,getdate())),'wsv','wsv',56.000 ,'aut67321785666732101b2a' ,0,0 ,2,23.00,20000,?,?,?,?,?)
20241111@140931.4148 9sut195gqoumj74qmo0tu6en34 Query : use flama_phc
20241111@140931.4152 9sut195gqoumj74qmo0tu6en34 Query : select st.usalote valor from st where st.ref = '324.1705.00.1'
20241111@140931.5500 9sut195gqoumj74qmo0tu6en34 Query : select top 1 st.tabiva ,st.ivaincl ,st.stns ,st.uni2 ,st.familia ,isnull(tx.taxa, 0) txiva ,unidade ,usalote ,epcpond ,noserie ,conversao ,st.texteis from st left join taxasiva tx on st.tabiva = tx.codigo where st.ref = '324.1705.00.1'
20241111@140931.5515 9sut195gqoumj74qmo0tu6en34 Query : select 1 valor from information_schema.tables where table_type='base table' and table_name='wstablefields'
20241111@140931.5531 9sut195gqoumj74qmo0tu6en34 Query : select fieldkey,fieldname,fieldtype,mandatory from wstablefields where tablename = 'fi' and documentnumber = 39
20241111@140931.5557 9sut195gqoumj74qmo0tu6en34 Query : select 1 valor from information_schema.tables where table_type='base table' and table_name='wstablefields'
20241111@140931.5572 9sut195gqoumj74qmo0tu6en34 Query : select fieldkey,fieldname,fieldtype,mandatory from wstablefields where tablename = 'fi2' and documentnumber = 39
20241111@140931.5581 9sut195gqoumj74qmo0tu6en34 Query : select top 1 convert(numeric(6,2),t.taxa) valor from taxasiva t where t.codigo='2'
20241111@140931.5593 9sut195gqoumj74qmo0tu6en34 Query : select sestamp valor from se where ref ='324.1705.00.1' and lote = 'r2400050500a'
20241111@140931.5605 9sut195gqoumj74qmo0tu6en34 Query : select 1 valor from information_schema.tables where table_type='base table' and table_name='wstablefields'
20241111@140931.5620 9sut195gqoumj74qmo0tu6en34 Query : select fieldkey,fieldname,fieldtype,calcformula from wstablefields where tablename = 'fi2' and documentnumber = 39
20241111@140931.5632 9sut195gqoumj74qmo0tu6en34 Query : insert into wsfi2data (fi2stamp,ftstamp ,ousrdata, ousrhora, usrdata,usrhora,ousrinis,usrinis) values ('aut67321958816732101b88','aut67321785666732101b2a' ,getdate(),convert(char(8),convert (time,getdate())),getdate(),convert(char(8),convert (time,getdate())),'wsv','wsv')
20241111@140931.5637 9sut195gqoumj74qmo0tu6en34 Query : select 1 valor from information_schema.tables where table_type='base table' and table_name='wstablefields'
20241111@140931.5652 9sut195gqoumj74qmo0tu6en34 Query : select fieldkey,fieldname,fieldtype,calcformula from wstablefields where tablename = 'fi' and documentnumber = 39
20241111@140931.5683 9sut195gqoumj74qmo0tu6en34 Query : insert into wsfidata (fistamp,ousrdata, ousrhora, usrdata,usrhora,ousrinis,usrinis ,qtt ,ftstamp ,epv,pvmoeda ,tabiva,iva,lordem ,ref, design ,lote,armazem,bistamp ) values ('aut67321958816732101b88',getdate(),convert(char(8),convert (time,getdate())),getdate(),convert(char(8),convert (time,getdate())),'wsv','wsv',16.000 ,'aut67321785666732101b2a' ,0,0 ,2,23.00,30000,?,?,?,?,?)
20241111@140931.6013 9sut195gqoumj74qmo0tu6en34 Query : use flama_phc
20241111@140931.6017 9sut195gqoumj74qmo0tu6en34 Query : select st.usalote valor from st where st.ref = '324.1416.00.1'
20241111@140931.6039 9sut195gqoumj74qmo0tu6en34 Query : select top 1 st.tabiva ,st.ivaincl ,st.stns ,st.uni2 ,st.familia ,isnull(tx.taxa, 0) txiva ,unidade ,usalote ,epcpond ,noserie ,conversao ,st.texteis from st left join taxasiva tx on st.tabiva = tx.codigo where st.ref = '324.1416.00.1'
20241111@140931.6188 9sut195gqoumj74qmo0tu6en34 Query : select 1 valor from information_schema.tables where table_type='base table' and table_name='wstablefields'
20241111@140931.6204 9sut195gqoumj74qmo0tu6en34 Query : select fieldkey,fieldname,fieldtype,mandatory from wstablefields where tablename = 'fi' and documentnumber = 39
20241111@140931.6231 9sut195gqoumj74qmo0tu6en34 Query : select 1 valor from information_schema.tables where table_type='base table' and table_name='wstablefields'
20241111@140931.6246 9sut195gqoumj74qmo0tu6en34 Query : select fieldkey,fieldname,fieldtype,mandatory from wstablefields where tablename = 'fi2' and documentnumber = 39
20241111@140931.6255 9sut195gqoumj74qmo0tu6en34 Query : select top 1 convert(numeric(6,2),t.taxa) valor from taxasiva t where t.codigo='2'
20241111@140931.6267 9sut195gqoumj74qmo0tu6en34 Query : select sestamp valor from se where ref ='324.1416.00.1' and lote = 'r2400079200a'
20241111@140931.6285 9sut195gqoumj74qmo0tu6en34 Query : select 1 valor from information_schema.tables where table_type='base table' and table_name='wstablefields'
20241111@140931.6300 9sut195gqoumj74qmo0tu6en34 Query : select fieldkey,fieldname,fieldtype,calcformula from wstablefields where tablename = 'fi2' and documentnumber = 39
20241111@140931.6311 9sut195gqoumj74qmo0tu6en34 Query : insert into wsfi2data (fi2stamp,ftstamp ,ousrdata, ousrhora, usrdata,usrhora,ousrinis,usrinis) values ('aut67321820016732101b99','aut67321785666732101b2a' ,getdate(),convert(char(8),convert (time,getdate())),getdate(),convert(char(8),convert (time,getdate())),'wsv','wsv')
20241111@140931.6315 9sut195gqoumj74qmo0tu6en34 Query : select 1 valor from information_schema.tables where table_type='base table' and table_name='wstablefields'
20241111@140931.6329 9sut195gqoumj74qmo0tu6en34 Query : select fieldkey,fieldname,fieldtype,calcformula from wstablefields where tablename = 'fi' and documentnumber = 39
20241111@140931.6356 9sut195gqoumj74qmo0tu6en34 Query : insert into wsfidata (fistamp,ousrdata, ousrhora, usrdata,usrhora,ousrinis,usrinis ,qtt ,ftstamp ,epv,pvmoeda ,tabiva,iva,lordem ,ref, design ,lote,armazem,bistamp ) values ('aut67321820016732101b99',getdate(),convert(char(8),convert (time,getdate())),getdate(),convert(char(8),convert (time,getdate())),'wsv','wsv',12.000 ,'aut67321785666732101b2a' ,0,0 ,2,23.00,40000,?,?,?,?,?)
20241111@140931.6623 9sut195gqoumj74qmo0tu6en34 Query : select 1 valor from information_schema.tables where table_type='base table' and table_name='wstablefields'
20241111@140931.6640 9sut195gqoumj74qmo0tu6en34 Query : select fieldkey,fieldname,fieldtype,mandatory from wstablefields where tablename = 'fi' and documentnumber = 39
20241111@140931.6670 9sut195gqoumj74qmo0tu6en34 Query : select 1 valor from information_schema.tables where table_type='base table' and table_name='wstablefields'
20241111@140931.6685 9sut195gqoumj74qmo0tu6en34 Query : select fieldkey,fieldname,fieldtype,mandatory from wstablefields where tablename = 'fi2' and documentnumber = 39
20241111@140931.6695 9sut195gqoumj74qmo0tu6en34 Query : select top 1 convert(numeric(6,2),t.taxa) valor from taxasiva t where t.codigo='2'
20241111@140931.6707 9sut195gqoumj74qmo0tu6en34 Query : select 1 valor from information_schema.tables where table_type='base table' and table_name='wstablefields'
20241111@140931.6721 9sut195gqoumj74qmo0tu6en34 Query : select fieldkey,fieldname,fieldtype,calcformula from wstablefields where tablename = 'fi2' and documentnumber = 39
20241111@140931.6734 9sut195gqoumj74qmo0tu6en34 Query : insert into wsfi2data (fi2stamp,ftstamp ,ousrdata, ousrhora, usrdata,usrhora,ousrinis,usrinis) values ('aut67321477776732101ba3','aut67321785666732101b2a' ,getdate(),convert(char(8),convert (time,getdate())),getdate(),convert(char(8),convert (time,getdate())),'wsv','wsv')
20241111@140931.6738 9sut195gqoumj74qmo0tu6en34 Query : select 1 valor from information_schema.tables where table_type='base table' and table_name='wstablefields'
20241111@140931.6753 9sut195gqoumj74qmo0tu6en34 Query : select fieldkey,fieldname,fieldtype,calcformula from wstablefields where tablename = 'fi' and documentnumber = 39
20241111@140931.6781 9sut195gqoumj74qmo0tu6en34 Query : insert into wsfidata (fistamp,ousrdata, ousrhora, usrdata,usrhora,ousrinis,usrinis ,qtt ,ftstamp ,epv,pvmoeda ,tabiva,iva,lordem ,ref, design ,armazem) values ('aut67321477776732101ba3',getdate(),convert(char(8),convert (time,getdate())),getdate(),convert(char(8),convert (time,getdate())),'wsv','wsv',0 ,'aut67321785666732101b2a' ,0,0 ,2,23.00,50000,?,?,?)
20241111@140931.7168 9sut195gqoumj74qmo0tu6en34 Query : use flama_phc
20241111@140931.7172 9sut195gqoumj74qmo0tu6en34 Query : select st.usalote valor from st where st.ref = '324.1416.00.1'
20241111@140931.7192 9sut195gqoumj74qmo0tu6en34 Query : select top 1 st.tabiva ,st.ivaincl ,st.stns ,st.uni2 ,st.familia ,isnull(tx.taxa, 0) txiva ,unidade ,usalote ,epcpond ,noserie ,conversao ,st.texteis from st left join taxasiva tx on st.tabiva = tx.codigo where st.ref = '324.1416.00.1'
20241111@140931.7215 9sut195gqoumj74qmo0tu6en34 Query : select 1 valor from information_schema.tables where table_type='base table' and table_name='wstablefields'
20241111@140931.7232 9sut195gqoumj74qmo0tu6en34 Query : select fieldkey,fieldname,fieldtype,mandatory from wstablefields where tablename = 'fi' and documentnumber = 39
20241111@140931.7263 9sut195gqoumj74qmo0tu6en34 Query : select 1 valor from information_schema.tables where table_type='base table' and table_name='wstablefields'
20241111@140931.7281 9sut195gqoumj74qmo0tu6en34 Query : select fieldkey,fieldname,fieldtype,mandatory from wstablefields where tablename = 'fi2' and documentnumber = 39
20241111@140931.7290 9sut195gqoumj74qmo0tu6en34 Query : select top 1 convert(numeric(6,2),t.taxa) valor from taxasiva t where t.codigo='2'
20241111@140931.7303 9sut195gqoumj74qmo0tu6en34 Query : select sestamp valor from se where ref ='324.1416.00.1' and lote = 'r2400079200a'
20241111@140931.7315 9sut195gqoumj74qmo0tu6en34 Query : select 1 valor from information_schema.tables where table_type='base table' and table_name='wstablefields'
20241111@140931.7331 9sut195gqoumj74qmo0tu6en34 Query : select fieldkey,fieldname,fieldtype,calcformula from wstablefields where tablename = 'fi2' and documentnumber = 39
20241111@140931.7343 9sut195gqoumj74qmo0tu6en34 Query : insert into wsfi2data (fi2stamp,ftstamp ,ousrdata, ousrhora, usrdata,usrhora,ousrinis,usrinis) values ('aut67321789366732101bb2','aut67321785666732101b2a' ,getdate(),convert(char(8),convert (time,getdate())),getdate(),convert(char(8),convert (time,getdate())),'wsv','wsv')
20241111@140931.7347 9sut195gqoumj74qmo0tu6en34 Query : select 1 valor from information_schema.tables where table_type='base table' and table_name='wstablefields'
20241111@140931.7362 9sut195gqoumj74qmo0tu6en34 Query : select fieldkey,fieldname,fieldtype,calcformula from wstablefields where tablename = 'fi' and documentnumber = 39
20241111@140931.7395 9sut195gqoumj74qmo0tu6en34 Query : insert into wsfidata (fistamp,ousrdata, ousrhora, usrdata,usrhora,ousrinis,usrinis ,qtt ,ftstamp ,epv,pvmoeda ,tabiva,iva,lordem ,ref, design ,lote,armazem,bistamp ) values ('aut67321789366732101bb2',getdate(),convert(char(8),convert (time,getdate())),getdate(),convert(char(8),convert (time,getdate())),'wsv','wsv',48.000 ,'aut67321785666732101b2a' ,0,0 ,2,23.00,70000,?,?,?,?,?)
20241111@140931.7688 9sut195gqoumj74qmo0tu6en34 Query : select 1 valor from information_schema.tables where table_type='base table' and table_name='wstablefields'
20241111@140931.7707 9sut195gqoumj74qmo0tu6en34 Query : select fieldkey,fieldname,fieldtype,mandatory from wstablefields where tablename = 'fi' and documentnumber = 39
20241111@140931.7736 9sut195gqoumj74qmo0tu6en34 Query : select 1 valor from information_schema.tables where table_type='base table' and table_name='wstablefields'
20241111@140931.7751 9sut195gqoumj74qmo0tu6en34 Query : select fieldkey,fieldname,fieldtype,mandatory from wstablefields where tablename = 'fi2' and documentnumber = 39
20241111@140931.7760 9sut195gqoumj74qmo0tu6en34 Query : select top 1 convert(numeric(6,2),t.taxa) valor from taxasiva t where t.codigo='2'
20241111@140931.7772 9sut195gqoumj74qmo0tu6en34 Query : select 1 valor from information_schema.tables where table_type='base table' and table_name='wstablefields'
20241111@140931.7788 9sut195gqoumj74qmo0tu6en34 Query : select fieldkey,fieldname,fieldtype,calcformula from wstablefields where tablename = 'fi2' and documentnumber = 39
20241111@140931.7799 9sut195gqoumj74qmo0tu6en34 Query : insert into wsfi2data (fi2stamp,ftstamp ,ousrdata, ousrhora, usrdata,usrhora,ousrinis,usrinis) values ('aut67321585856732101bbd','aut67321785666732101b2a' ,getdate(),convert(char(8),convert (time,getdate())),getdate(),convert(char(8),convert (time,getdate())),'wsv','wsv')
20241111@140931.7804 9sut195gqoumj74qmo0tu6en34 Query : select 1 valor from information_schema.tables where table_type='base table' and table_name='wstablefields'
20241111@140931.7822 9sut195gqoumj74qmo0tu6en34 Query : select fieldkey,fieldname,fieldtype,calcformula from wstablefields where tablename = 'fi' and documentnumber = 39
20241111@140931.7851 9sut195gqoumj74qmo0tu6en34 Query : insert into wsfidata (fistamp,ousrdata, ousrhora, usrdata,usrhora,ousrinis,usrinis ,qtt ,ftstamp ,epv,pvmoeda ,tabiva,iva,lordem ,ref, design ,armazem) values ('aut67321585856732101bbd',getdate(),convert(char(8),convert (time,getdate())),getdate(),convert(char(8),convert (time,getdate())),'wsv','wsv',0 ,'aut67321785666732101b2a' ,0,0 ,2,23.00,80000,?,?,?)
20241111@140931.8171 9sut195gqoumj74qmo0tu6en34 Query : use flama_phc
20241111@140931.8175 9sut195gqoumj74qmo0tu6en34 Query : select st.usalote valor from st where st.ref = '324.2028.00.2'
20241111@140931.8196 9sut195gqoumj74qmo0tu6en34 Query : select top 1 st.tabiva ,st.ivaincl ,st.stns ,st.uni2 ,st.familia ,isnull(tx.taxa, 0) txiva ,unidade ,usalote ,epcpond ,noserie ,conversao ,st.texteis from st left join taxasiva tx on st.tabiva = tx.codigo where st.ref = '324.2028.00.2'
20241111@140931.8353 9sut195gqoumj74qmo0tu6en34 Query : select 1 valor from information_schema.tables where table_type='base table' and table_name='wstablefields'
20241111@140931.8400 9sut195gqoumj74qmo0tu6en34 Query : select fieldkey,fieldname,fieldtype,mandatory from wstablefields where tablename = 'fi' and documentnumber = 39
20241111@140931.8429 9sut195gqoumj74qmo0tu6en34 Query : select 1 valor from information_schema.tables where table_type='base table' and table_name='wstablefields'
20241111@140931.8445 9sut195gqoumj74qmo0tu6en34 Query : select fieldkey,fieldname,fieldtype,mandatory from wstablefields where tablename = 'fi2' and documentnumber = 39
20241111@140931.8453 9sut195gqoumj74qmo0tu6en34 Query : select top 1 convert(numeric(6,2),t.taxa) valor from taxasiva t where t.codigo='2'
20241111@140931.8466 9sut195gqoumj74qmo0tu6en34 Query : select sestamp valor from se where ref ='324.2028.00.2' and lote = 'r2100875100a'
20241111@140931.8493 9sut195gqoumj74qmo0tu6en34 Query : select 1 valor from information_schema.tables where table_type='base table' and table_name='wstablefields'
20241111@140931.8511 9sut195gqoumj74qmo0tu6en34 Query : select fieldkey,fieldname,fieldtype,calcformula from wstablefields where tablename = 'fi2' and documentnumber = 39
20241111@140931.8523 9sut195gqoumj74qmo0tu6en34 Query : insert into wsfi2data (fi2stamp,ftstamp ,ousrdata, ousrhora, usrdata,usrhora,ousrinis,usrinis) values ('aut67321073636732101bcf','aut67321785666732101b2a' ,getdate(),convert(char(8),convert (time,getdate())),getdate(),convert(char(8),convert (time,getdate())),'wsv','wsv')
20241111@140931.8527 9sut195gqoumj74qmo0tu6en34 Query : select 1 valor from information_schema.tables where table_type='base table' and table_name='wstablefields'
20241111@140931.8544 9sut195gqoumj74qmo0tu6en34 Query : select fieldkey,fieldname,fieldtype,calcformula from wstablefields where tablename = 'fi' and documentnumber = 39
20241111@140931.8573 9sut195gqoumj74qmo0tu6en34 Query : insert into wsfidata (fistamp,ousrdata, ousrhora, usrdata,usrhora,ousrinis,usrinis ,qtt ,ftstamp ,epv,pvmoeda ,tabiva,iva,lordem ,ref, design ,lote,armazem,bistamp ) values ('aut67321073636732101bcf',getdate(),convert(char(8),convert (time,getdate())),getdate(),convert(char(8),convert (time,getdate())),'wsv','wsv',48.000 ,'aut67321785666732101b2a' ,0,0 ,2,23.00,100000,?,?,?,?,?)
20241111@140931.8845 9sut195gqoumj74qmo0tu6en34 Query : select 1 valor from information_schema.tables where table_type='base table' and table_name='wstablefields'
20241111@140931.8862 9sut195gqoumj74qmo0tu6en34 Query : select fieldkey,fieldname,fieldtype,mandatory from wstablefields where tablename = 'fi' and documentnumber = 39
20241111@140931.8888 9sut195gqoumj74qmo0tu6en34 Query : select 1 valor from information_schema.tables where table_type='base table' and table_name='wstablefields'
20241111@140931.8903 9sut195gqoumj74qmo0tu6en34 Query : select fieldkey,fieldname,fieldtype,mandatory from wstablefields where tablename = 'fi2' and documentnumber = 39
20241111@140931.8911 9sut195gqoumj74qmo0tu6en34 Query : select top 1 convert(numeric(6,2),t.taxa) valor from taxasiva t where t.codigo='2'
20241111@140931.8924 9sut195gqoumj74qmo0tu6en34 Query : select 1 valor from information_schema.tables where table_type='base table' and table_name='wstablefields'
20241111@140931.8939 9sut195gqoumj74qmo0tu6en34 Query : select fieldkey,fieldname,fieldtype,calcformula from wstablefields where tablename = 'fi2' and documentnumber = 39
20241111@140931.8951 9sut195gqoumj74qmo0tu6en34 Query : insert into wsfi2data (fi2stamp,ftstamp ,ousrdata, ousrhora, usrdata,usrhora,ousrinis,usrinis) values ('aut67321318136732101bd9','aut67321785666732101b2a' ,getdate(),convert(char(8),convert (time,getdate())),getdate(),convert(char(8),convert (time,getdate())),'wsv','wsv')
20241111@140931.8955 9sut195gqoumj74qmo0tu6en34 Query : select 1 valor from information_schema.tables where table_type='base table' and table_name='wstablefields'
20241111@140931.8970 9sut195gqoumj74qmo0tu6en34 Query : select fieldkey,fieldname,fieldtype,calcformula from wstablefields where tablename = 'fi' and documentnumber = 39
20241111@140931.9221 9sut195gqoumj74qmo0tu6en34 Query : insert into wsfidata (fistamp,ousrdata, ousrhora, usrdata,usrhora,ousrinis,usrinis ,qtt ,ftstamp ,epv,pvmoeda ,tabiva,iva,lordem ,ref, design ,armazem) values ('aut67321318136732101bd9',getdate(),convert(char(8),convert (time,getdate())),getdate(),convert(char(8),convert (time,getdate())),'wsv','wsv',0 ,'aut67321785666732101b2a' ,0,0 ,2,23.00,110000,?,?,?)
20241111@140931.9540 9sut195gqoumj74qmo0tu6en34 Query : use flama_phc
20241111@140931.9543 9sut195gqoumj74qmo0tu6en34 Query : select st.usalote valor from st where st.ref = '324.2028.00.2'
20241111@140931.9565 9sut195gqoumj74qmo0tu6en34 Query : select top 1 st.tabiva ,st.ivaincl ,st.stns ,st.uni2 ,st.familia ,isnull(tx.taxa, 0) txiva ,unidade ,usalote ,epcpond ,noserie ,conversao ,st.texteis from st left join taxasiva tx on st.tabiva = tx.codigo where st.ref = '324.2028.00.2'
20241111@140931.9579 9sut195gqoumj74qmo0tu6en34 Query : select 1 valor from information_schema.tables where table_type='base table' and table_name='wstablefields'
20241111@140931.9595 9sut195gqoumj74qmo0tu6en34 Query : select fieldkey,fieldname,fieldtype,mandatory from wstablefields where tablename = 'fi' and documentnumber = 39
20241111@140931.9627 9sut195gqoumj74qmo0tu6en34 Query : select 1 valor from information_schema.tables where table_type='base table' and table_name='wstablefields'
20241111@140931.9641 9sut195gqoumj74qmo0tu6en34 Query : select fieldkey,fieldname,fieldtype,mandatory from wstablefields where tablename = 'fi2' and documentnumber = 39
20241111@140931.9650 9sut195gqoumj74qmo0tu6en34 Query : select top 1 convert(numeric(6,2),t.taxa) valor from taxasiva t where t.codigo='2'
20241111@140931.9662 9sut195gqoumj74qmo0tu6en34 Query : select sestamp valor from se where ref ='324.2028.00.2' and lote = 'r2100875100a'
20241111@140931.9675 9sut195gqoumj74qmo0tu6en34 Query : select 1 valor from information_schema.tables where table_type='base table' and table_name='wstablefields'
20241111@140931.9698 9sut195gqoumj74qmo0tu6en34 Query : select fieldkey,fieldname,fieldtype,calcformula from wstablefields where tablename = 'fi2' and documentnumber = 39
20241111@140931.9710 9sut195gqoumj74qmo0tu6en34 Query : insert into wsfi2data (fi2stamp,ftstamp ,ousrdata, ousrhora, usrdata,usrhora,ousrinis,usrinis) values ('aut67321561626732101bec','aut67321785666732101b2a' ,getdate(),convert(char(8),convert (time,getdate())),getdate(),convert(char(8),convert (time,getdate())),'wsv','wsv')
20241111@140931.9714 9sut195gqoumj74qmo0tu6en34 Query : select 1 valor from information_schema.tables where table_type='base table' and table_name='wstablefields'
20241111@140931.9729 9sut195gqoumj74qmo0tu6en34 Query : select fieldkey,fieldname,fieldtype,calcformula from wstablefields where tablename = 'fi' and documentnumber = 39
20241111@140931.9757 9sut195gqoumj74qmo0tu6en34 Query : insert into wsfidata (fistamp,ousrdata, ousrhora, usrdata,usrhora,ousrinis,usrinis ,qtt ,ftstamp ,epv,pvmoeda ,tabiva,iva,lordem ,ref, design ,lote,armazem,bistamp ) values ('aut67321561626732101bec',getdate(),convert(char(8),convert (time,getdate())),getdate(),convert(char(8),convert (time,getdate())),'wsv','wsv',16.000 ,'aut67321785666732101b2a' ,0,0 ,2,23.00,130000,?,?,?,?,?)
20241111@140932.3600 9sut195gqoumj74qmo0tu6en34 Query : select 1 valor from information_schema.tables where table_type='base table' and table_name='wstablefields'
20241111@140932.5400 9sut195gqoumj74qmo0tu6en34 Query : select fieldkey,fieldname,fieldtype,mandatory from wstablefields where tablename = 'fi' and documentnumber = 39
20241111@140932.8000 9sut195gqoumj74qmo0tu6en34 Query : select 1 valor from information_schema.tables where table_type='base table' and table_name='wstablefields'
20241111@140932.9500 9sut195gqoumj74qmo0tu6en34 Query : select fieldkey,fieldname,fieldtype,mandatory from wstablefields where tablename = 'fi2' and documentnumber = 39
20241111@140932.1170 9sut195gqoumj74qmo0tu6en34 Query : select top 1 convert(numeric(6,2),t.taxa) valor from taxasiva t where t.codigo='2'
20241111@140932.1310 9sut195gqoumj74qmo0tu6en34 Query : select 1 valor from information_schema.tables where table_type='base table' and table_name='wstablefields'
20241111@140932.1470 9sut195gqoumj74qmo0tu6en34 Query : select fieldkey,fieldname,fieldtype,calcformula from wstablefields where tablename = 'fi2' and documentnumber = 39
20241111@140932.1590 9sut195gqoumj74qmo0tu6en34 Query : insert into wsfi2data (fi2stamp,ftstamp ,ousrdata, ousrhora, usrdata,usrhora,ousrinis,usrinis) values ('aut67321346856732101c03','aut67321785666732101b2a' ,getdate(),convert(char(8),convert (time,getdate())),getdate(),convert(char(8),convert (time,getdate())),'wsv','wsv')
20241111@140932.1630 9sut195gqoumj74qmo0tu6en34 Query : select 1 valor from information_schema.tables where table_type='base table' and table_name='wstablefields'
20241111@140932.1880 9sut195gqoumj74qmo0tu6en34 Query : select fieldkey,fieldname,fieldtype,calcformula from wstablefields where tablename = 'fi' and documentnumber = 39
20241111@140932.2170 9sut195gqoumj74qmo0tu6en34 Query : insert into wsfidata (fistamp,ousrdata, ousrhora, usrdata,usrhora,ousrinis,usrinis ,qtt ,ftstamp ,epv,pvmoeda ,tabiva,iva,lordem ,ref, design ,armazem) values ('aut67321346856732101c03',getdate(),convert(char(8),convert (time,getdate())),getdate(),convert(char(8),convert (time,getdate())),'wsv','wsv',0 ,'aut67321785666732101b2a' ,0,0 ,2,23.00,140000,?,?,?)
20241111@140932.4830 9sut195gqoumj74qmo0tu6en34 Query : use flama_phc
20241111@140932.4860 9sut195gqoumj74qmo0tu6en34 Query : select st.usalote valor from st where st.ref = '324.4902.00.1'
20241111@140932.5090 9sut195gqoumj74qmo0tu6en34 Query : select top 1 st.tabiva ,st.ivaincl ,st.stns ,st.uni2 ,st.familia ,isnull(tx.taxa, 0) txiva ,unidade ,usalote ,epcpond ,noserie ,conversao ,st.texteis from st left join taxasiva tx on st.tabiva = tx.codigo where st.ref = '324.4902.00.1'
20241111@140932.5230 9sut195gqoumj74qmo0tu6en34 Query : select 1 valor from information_schema.tables where table_type='base table' and table_name='wstablefields'
20241111@140932.5390 9sut195gqoumj74qmo0tu6en34 Query : select fieldkey,fieldname,fieldtype,mandatory from wstablefields where tablename = 'fi' and documentnumber = 39
20241111@140932.5640 9sut195gqoumj74qmo0tu6en34 Query : select 1 valor from information_schema.tables where table_type='base table' and table_name='wstablefields'
20241111@140932.5790 9sut195gqoumj74qmo0tu6en34 Query : select fieldkey,fieldname,fieldtype,mandatory from wstablefields where tablename = 'fi2' and documentnumber = 39
20241111@140932.5880 9sut195gqoumj74qmo0tu6en34 Query : select top 1 convert(numeric(6,2),t.taxa) valor from taxasiva t where t.codigo='2'
20241111@140932.6010 9sut195gqoumj74qmo0tu6en34 Query : select sestamp valor from se where ref ='324.4902.00.1' and lote = 'r2400145200a'
20241111@140932.6140 9sut195gqoumj74qmo0tu6en34 Query : select 1 valor from information_schema.tables where table_type='base table' and table_name='wstablefields'
20241111@140932.6320 9sut195gqoumj74qmo0tu6en34 Query : select fieldkey,fieldname,fieldtype,calcformula from wstablefields where tablename = 'fi2' and documentnumber = 39
20241111@140932.6440 9sut195gqoumj74qmo0tu6en34 Query : insert into wsfi2data (fi2stamp,ftstamp ,ousrdata, ousrhora, usrdata,usrhora,ousrinis,usrinis) values ('aut67321408486732101c0f','aut67321785666732101b2a' ,getdate(),convert(char(8),convert (time,getdate())),getdate(),convert(char(8),convert (time,getdate())),'wsv','wsv')
20241111@140932.6490 9sut195gqoumj74qmo0tu6en34 Query : select 1 valor from information_schema.tables where table_type='base table' and table_name='wstablefields'
20241111@140932.6630 9sut195gqoumj74qmo0tu6en34 Query : select fieldkey,fieldname,fieldtype,calcformula from wstablefields where tablename = 'fi' and documentnumber = 39
20241111@140932.6910 9sut195gqoumj74qmo0tu6en34 Query : insert into wsfidata (fistamp,ousrdata, ousrhora, usrdata,usrhora,ousrinis,usrinis ,qtt ,ftstamp ,epv,pvmoeda ,tabiva,iva,lordem ,ref, design ,lote,armazem,bistamp ) values ('aut67321408486732101c0f',getdate(),convert(char(8),convert (time,getdate())),getdate(),convert(char(8),convert (time,getdate())),'wsv','wsv',32.000 ,'aut67321785666732101b2a' ,0,0 ,2,23.00,160000,?,?,?,?,?)
20241111@140932.9730 9sut195gqoumj74qmo0tu6en34 Query : select 1 valor from information_schema.tables where table_type='base table' and table_name='wstablefields'
20241111@140932.9900 9sut195gqoumj74qmo0tu6en34 Query : select fieldkey,fieldname,fieldtype,mandatory from wstablefields where tablename = 'fi' and documentnumber = 39
20241111@140932.1016 9sut195gqoumj74qmo0tu6en34 Query : select 1 valor from information_schema.tables where table_type='base table' and table_name='wstablefields'
20241111@140932.1031 9sut195gqoumj74qmo0tu6en34 Query : select fieldkey,fieldname,fieldtype,mandatory from wstablefields where tablename = 'fi2' and documentnumber = 39
20241111@140932.1040 9sut195gqoumj74qmo0tu6en34 Query : select top 1 convert(numeric(6,2),t.taxa) valor from taxasiva t where t.codigo='2'
20241111@140932.1074 9sut195gqoumj74qmo0tu6en34 Query : select 1 valor from information_schema.tables where table_type='base table' and table_name='wstablefields'
20241111@140932.1090 9sut195gqoumj74qmo0tu6en34 Query : select fieldkey,fieldname,fieldtype,calcformula from wstablefields where tablename = 'fi2' and documentnumber = 39
20241111@140932.1101 9sut195gqoumj74qmo0tu6en34 Query : insert into wsfi2data (fi2stamp,ftstamp ,ousrdata, ousrhora, usrdata,usrhora,ousrinis,usrinis) values ('aut67321345836732101c1a','aut67321785666732101b2a' ,getdate(),convert(char(8),convert (time,getdate())),getdate(),convert(char(8),convert (time,getdate())),'wsv','wsv')
20241111@140932.1106 9sut195gqoumj74qmo0tu6en34 Query : select 1 valor from information_schema.tables where table_type='base table' and table_name='wstablefields'
20241111@140932.1120 9sut195gqoumj74qmo0tu6en34 Query : select fieldkey,fieldname,fieldtype,calcformula from wstablefields where tablename = 'fi' and documentnumber = 39
20241111@140932.1148 9sut195gqoumj74qmo0tu6en34 Query : insert into wsfidata (fistamp,ousrdata, ousrhora, usrdata,usrhora,ousrinis,usrinis ,qtt ,ftstamp ,epv,pvmoeda ,tabiva,iva,lordem ,ref, design ,armazem) values ('aut67321345836732101c1a',getdate(),convert(char(8),convert (time,getdate())),getdate(),convert(char(8),convert (time,getdate())),'wsv','wsv',0 ,'aut67321785666732101b2a' ,0,0 ,2,23.00,170000,?,?,?)
20241111@140932.1418 9sut195gqoumj74qmo0tu6en34 Query : use flama_phc
20241111@140932.1421 9sut195gqoumj74qmo0tu6en34 Query : select st.usalote valor from st where st.ref = '304.4320.00.1'
20241111@140932.1441 9sut195gqoumj74qmo0tu6en34 Query : select top 1 st.tabiva ,st.ivaincl ,st.stns ,st.uni2 ,st.familia ,isnull(tx.taxa, 0) txiva ,unidade ,usalote ,epcpond ,noserie ,conversao ,st.texteis from st left join taxasiva tx on st.tabiva = tx.codigo where st.ref = '304.4320.00.1'
20241111@140932.1455 9sut195gqoumj74qmo0tu6en34 Query : select 1 valor from information_schema.tables where table_type='base table' and table_name='wstablefields'
20241111@140932.1470 9sut195gqoumj74qmo0tu6en34 Query : select fieldkey,fieldname,fieldtype,mandatory from wstablefields where tablename = 'fi' and documentnumber = 39
20241111@140932.1497 9sut195gqoumj74qmo0tu6en34 Query : select 1 valor from information_schema.tables where table_type='base table' and table_name='wstablefields'
20241111@140932.1512 9sut195gqoumj74qmo0tu6en34 Query : select fieldkey,fieldname,fieldtype,mandatory from wstablefields where tablename = 'fi2' and documentnumber = 39
20241111@140932.1522 9sut195gqoumj74qmo0tu6en34 Query : select top 1 convert(numeric(6,2),t.taxa) valor from taxasiva t where t.codigo='2'
20241111@140932.1535 9sut195gqoumj74qmo0tu6en34 Query : select sestamp valor from se where ref ='304.4320.00.1' and lote = '241183'
20241111@140932.1547 9sut195gqoumj74qmo0tu6en34 Query : select 1 valor from information_schema.tables where table_type='base table' and table_name='wstablefields'
20241111@140932.1561 9sut195gqoumj74qmo0tu6en34 Query : select fieldkey,fieldname,fieldtype,calcformula from wstablefields where tablename = 'fi2' and documentnumber = 39
20241111@140932.1573 9sut195gqoumj74qmo0tu6en34 Query : insert into wsfi2data (fi2stamp,ftstamp ,ousrdata, ousrhora, usrdata,usrhora,ousrinis,usrinis) values ('aut67321452676732101c25','aut67321785666732101b2a' ,getdate(),convert(char(8),convert (time,getdate())),getdate(),convert(char(8),convert (time,getdate())),'wsv','wsv')
20241111@140932.1577 9sut195gqoumj74qmo0tu6en34 Query : select 1 valor from information_schema.tables where table_type='base table' and table_name='wstablefields'
20241111@140932.1593 9sut195gqoumj74qmo0tu6en34 Query : select fieldkey,fieldname,fieldtype,calcformula from wstablefields where tablename = 'fi' and documentnumber = 39
20241111@140932.1624 9sut195gqoumj74qmo0tu6en34 Query : insert into wsfidata (fistamp,ousrdata, ousrhora, usrdata,usrhora,ousrinis,usrinis ,qtt ,ftstamp ,epv,pvmoeda ,tabiva,iva,lordem ,ref, design ,lote,armazem,bistamp ) values ('aut67321452676732101c25',getdate(),convert(char(8),convert (time,getdate())),getdate(),convert(char(8),convert (time,getdate())),'wsv','wsv',20.000 ,'aut67321785666732101b2a' ,0,0 ,2,23.00,190000,?,?,?,?,?)
20241111@140932.1910 9sut195gqoumj74qmo0tu6en34 Query : use flama_phc
20241111@140932.1913 9sut195gqoumj74qmo0tu6en34 Query : select st.usalote valor from st where st.ref = '304.4320.00.1'
20241111@140932.1933 9sut195gqoumj74qmo0tu6en34 Query : select top 1 st.tabiva ,st.ivaincl ,st.stns ,st.uni2 ,st.familia ,isnull(tx.taxa, 0) txiva ,unidade ,usalote ,epcpond ,noserie ,conversao ,st.texteis from st left join taxasiva tx on st.tabiva = tx.codigo where st.ref = '304.4320.00.1'
20241111@140932.1947 9sut195gqoumj74qmo0tu6en34 Query : select 1 valor from information_schema.tables where table_type='base table' and table_name='wstablefields'
20241111@140932.1963 9sut195gqoumj74qmo0tu6en34 Query : select fieldkey,fieldname,fieldtype,mandatory from wstablefields where tablename = 'fi' and documentnumber = 39
20241111@140932.1991 9sut195gqoumj74qmo0tu6en34 Query : select 1 valor from information_schema.tables where table_type='base table' and table_name='wstablefields'
20241111@140932.2005 9sut195gqoumj74qmo0tu6en34 Query : select fieldkey,fieldname,fieldtype,mandatory from wstablefields where tablename = 'fi2' and documentnumber = 39
20241111@140932.2014 9sut195gqoumj74qmo0tu6en34 Query : select top 1 convert(numeric(6,2),t.taxa) valor from taxasiva t where t.codigo='2'
20241111@140932.2025 9sut195gqoumj74qmo0tu6en34 Query : select sestamp valor from se where ref ='304.4320.00.1' and lote = '241183'
20241111@140932.2038 9sut195gqoumj74qmo0tu6en34 Query : select 1 valor from information_schema.tables where table_type='base table' and table_name='wstablefields'
20241111@140932.2052 9sut195gqoumj74qmo0tu6en34 Query : select fieldkey,fieldname,fieldtype,calcformula from wstablefields where tablename = 'fi2' and documentnumber = 39
20241111@140932.2063 9sut195gqoumj74qmo0tu6en34 Query : insert into wsfi2data (fi2stamp,ftstamp ,ousrdata, ousrhora, usrdata,usrhora,ousrinis,usrinis) values ('aut67321610256732101c31','aut67321785666732101b2a' ,getdate(),convert(char(8),convert (time,getdate())),getdate(),convert(char(8),convert (time,getdate())),'wsv','wsv')
20241111@140932.2068 9sut195gqoumj74qmo0tu6en34 Query : select 1 valor from information_schema.tables where table_type='base table' and table_name='wstablefields'
20241111@140932.2083 9sut195gqoumj74qmo0tu6en34 Query : select fieldkey,fieldname,fieldtype,calcformula from wstablefields where tablename = 'fi' and documentnumber = 39
20241111@140932.2111 9sut195gqoumj74qmo0tu6en34 Query : insert into wsfidata (fistamp,ousrdata, ousrhora, usrdata,usrhora,ousrinis,usrinis ,qtt ,ftstamp ,epv,pvmoeda ,tabiva,iva,lordem ,ref, design ,lote,armazem,bistamp ) values ('aut67321610256732101c31',getdate(),convert(char(8),convert (time,getdate())),getdate(),convert(char(8),convert (time,getdate())),'wsv','wsv',56.000 ,'aut67321785666732101b2a' ,0,0 ,2,23.00,200000,?,?,?,?,?)
20241111@140932.2375 9sut195gqoumj74qmo0tu6en34 Query : use flama_phc
20241111@140932.2378 9sut195gqoumj74qmo0tu6en34 Query : select st.usalote valor from st where st.ref = '304.4320.00.1'
20241111@140932.2397 9sut195gqoumj74qmo0tu6en34 Query : select top 1 st.tabiva ,st.ivaincl ,st.stns ,st.uni2 ,st.familia ,isnull(tx.taxa, 0) txiva ,unidade ,usalote ,epcpond ,noserie ,conversao ,st.texteis from st left join taxasiva tx on st.tabiva = tx.codigo where st.ref = '304.4320.00.1'
20241111@140932.2410 9sut195gqoumj74qmo0tu6en34 Query : select 1 valor from information_schema.tables where table_type='base table' and table_name='wstablefields'
20241111@140932.2429 9sut195gqoumj74qmo0tu6en34 Query : select fieldkey,fieldname,fieldtype,mandatory from wstablefields where tablename = 'fi' and documentnumber = 39
20241111@140932.2454 9sut195gqoumj74qmo0tu6en34 Query : select 1 valor from information_schema.tables where table_type='base table' and table_name='wstablefields'
20241111@140932.2468 9sut195gqoumj74qmo0tu6en34 Query : select fieldkey,fieldname,fieldtype,mandatory from wstablefields where tablename = 'fi2' and documentnumber = 39
20241111@140932.2477 9sut195gqoumj74qmo0tu6en34 Query : select top 1 convert(numeric(6,2),t.taxa) valor from taxasiva t where t.codigo='2'
20241111@140932.2488 9sut195gqoumj74qmo0tu6en34 Query : select sestamp valor from se where ref ='304.4320.00.1' and lote = '241183'
20241111@140932.2501 9sut195gqoumj74qmo0tu6en34 Query : select 1 valor from information_schema.tables where table_type='base table' and table_name='wstablefields'
20241111@140932.2515 9sut195gqoumj74qmo0tu6en34 Query : select fieldkey,fieldname,fieldtype,calcformula from wstablefields where tablename = 'fi2' and documentnumber = 39
20241111@140932.2526 9sut195gqoumj74qmo0tu6en34 Query : insert into wsfi2data (fi2stamp,ftstamp ,ousrdata, ousrhora, usrdata,usrhora,ousrinis,usrinis) values ('aut67321111596732101c3d','aut67321785666732101b2a' ,getdate(),convert(char(8),convert (time,getdate())),getdate(),convert(char(8),convert (time,getdate())),'wsv','wsv')
20241111@140932.2531 9sut195gqoumj74qmo0tu6en34 Query : select 1 valor from information_schema.tables where table_type='base table' and table_name='wstablefields'
20241111@140932.2548 9sut195gqoumj74qmo0tu6en34 Query : select fieldkey,fieldname,fieldtype,calcformula from wstablefields where tablename = 'fi' and documentnumber = 39
20241111@140932.2575 9sut195gqoumj74qmo0tu6en34 Query : insert into wsfidata (fistamp,ousrdata, ousrhora, usrdata,usrhora,ousrinis,usrinis ,qtt ,ftstamp ,epv,pvmoeda ,tabiva,iva,lordem ,ref, design ,lote,armazem,bistamp ) values ('aut67321111596732101c3d',getdate(),convert(char(8),convert (time,getdate())),getdate(),convert(char(8),convert (time,getdate())),'wsv','wsv',4.000 ,'aut67321785666732101b2a' ,0,0 ,2,23.00,210000,?,?,?,?,?)
20241111@140932.2849 9sut195gqoumj74qmo0tu6en34 Query : use flama_phc
20241111@140932.2853 9sut195gqoumj74qmo0tu6en34 Query : select st.usalote valor from st where st.ref = '304.421.00.04'
20241111@140932.2873 9sut195gqoumj74qmo0tu6en34 Query : select top 1 st.tabiva ,st.ivaincl ,st.stns ,st.uni2 ,st.familia ,isnull(tx.taxa, 0) txiva ,unidade ,usalote ,epcpond ,noserie ,conversao ,st.texteis from st left join taxasiva tx on st.tabiva = tx.codigo where st.ref = '304.421.00.04'
20241111@140932.3022 9sut195gqoumj74qmo0tu6en34 Query : select 1 valor from information_schema.tables where table_type='base table' and table_name='wstablefields'
20241111@140932.3039 9sut195gqoumj74qmo0tu6en34 Query : select fieldkey,fieldname,fieldtype,mandatory from wstablefields where tablename = 'fi' and documentnumber = 39
20241111@140932.3065 9sut195gqoumj74qmo0tu6en34 Query : select 1 valor from information_schema.tables where table_type='base table' and table_name='wstablefields'
20241111@140932.3083 9sut195gqoumj74qmo0tu6en34 Query : select fieldkey,fieldname,fieldtype,mandatory from wstablefields where tablename = 'fi2' and documentnumber = 39
20241111@140932.3092 9sut195gqoumj74qmo0tu6en34 Query : select top 1 convert(numeric(6,2),t.taxa) valor from taxasiva t where t.codigo='2'
20241111@140932.3107 9sut195gqoumj74qmo0tu6en34 Query : select sestamp valor from se where ref ='304.421.00.04' and lote = '241002'
20241111@140932.3138 9sut195gqoumj74qmo0tu6en34 Query : select 1 valor from information_schema.tables where table_type='base table' and table_name='wstablefields'
20241111@140932.3153 9sut195gqoumj74qmo0tu6en34 Query : select fieldkey,fieldname,fieldtype,calcformula from wstablefields where tablename = 'fi2' and documentnumber = 39
20241111@140932.3164 9sut195gqoumj74qmo0tu6en34 Query : insert into wsfi2data (fi2stamp,ftstamp ,ousrdata, ousrhora, usrdata,usrhora,ousrinis,usrinis) values ('aut67321985136732101c4c','aut67321785666732101b2a' ,getdate(),convert(char(8),convert (time,getdate())),getdate(),convert(char(8),convert (time,getdate())),'wsv','wsv')
20241111@140932.3169 9sut195gqoumj74qmo0tu6en34 Query : select 1 valor from information_schema.tables where table_type='base table' and table_name='wstablefields'
20241111@140932.3184 9sut195gqoumj74qmo0tu6en34 Query : select fieldkey,fieldname,fieldtype,calcformula from wstablefields where tablename = 'fi' and documentnumber = 39
20241111@140932.3264 9sut195gqoumj74qmo0tu6en34 Query : insert into wsfidata (fistamp,ousrdata, ousrhora, usrdata,usrhora,ousrinis,usrinis ,qtt ,ftstamp ,epv,pvmoeda ,tabiva,iva,lordem ,ref, design ,lote,armazem,bistamp ) values ('aut67321985136732101c4c',getdate(),convert(char(8),convert (time,getdate())),getdate(),convert(char(8),convert (time,getdate())),'wsv','wsv',40.000 ,'aut67321785666732101b2a' ,0,0 ,2,23.00,220000,?,?,?,?,?)
20241111@140932.3542 9sut195gqoumj74qmo0tu6en34 Query : select 1 valor from information_schema.tables where table_type='base table' and table_name='wstablefields'
20241111@140932.3561 9sut195gqoumj74qmo0tu6en34 Query : select fieldkey,fieldname,fieldtype,mandatory from wstablefields where tablename = 'fi' and documentnumber = 39
20241111@140932.3590 9sut195gqoumj74qmo0tu6en34 Query : select 1 valor from information_schema.tables where table_type='base table' and table_name='wstablefields'
20241111@140932.3606 9sut195gqoumj74qmo0tu6en34 Query : select fieldkey,fieldname,fieldtype,mandatory from wstablefields where tablename = 'fi2' and documentnumber = 39
20241111@140932.3616 9sut195gqoumj74qmo0tu6en34 Query : select top 1 convert(numeric(6,2),t.taxa) valor from taxasiva t where t.codigo='2'
20241111@140932.3629 9sut195gqoumj74qmo0tu6en34 Query : select 1 valor from information_schema.tables where table_type='base table' and table_name='wstablefields'
20241111@140932.3644 9sut195gqoumj74qmo0tu6en34 Query : select fieldkey,fieldname,fieldtype,calcformula from wstablefields where tablename = 'fi2' and documentnumber = 39
20241111@140932.3657 9sut195gqoumj74qmo0tu6en34 Query : insert into wsfi2data (fi2stamp,ftstamp ,ousrdata, ousrhora, usrdata,usrhora,ousrinis,usrinis) values ('aut67321600296732101c58','aut67321785666732101b2a' ,getdate(),convert(char(8),convert (time,getdate())),getdate(),convert(char(8),convert (time,getdate())),'wsv','wsv')
20241111@140932.3661 9sut195gqoumj74qmo0tu6en34 Query : select 1 valor from information_schema.tables where table_type='base table' and table_name='wstablefields'
20241111@140932.3679 9sut195gqoumj74qmo0tu6en34 Query : select fieldkey,fieldname,fieldtype,calcformula from wstablefields where tablename = 'fi' and documentnumber = 39
20241111@140932.3710 9sut195gqoumj74qmo0tu6en34 Query : insert into wsfidata (fistamp,ousrdata, ousrhora, usrdata,usrhora,ousrinis,usrinis ,qtt ,ftstamp ,epv,pvmoeda ,tabiva,iva,lordem ,ref, design ,armazem) values ('aut67321600296732101c58',getdate(),convert(char(8),convert (time,getdate())),getdate(),convert(char(8),convert (time,getdate())),'wsv','wsv',0 ,'aut67321785666732101b2a' ,0,0 ,2,23.00,230000,?,?,?)
20241111@140932.4027 9sut195gqoumj74qmo0tu6en34 Query : use flama_phc
20241111@140932.4030 9sut195gqoumj74qmo0tu6en34 Query : select st.usalote valor from st where st.ref = '324.5500.00.1'
20241111@140932.4053 9sut195gqoumj74qmo0tu6en34 Query : select top 1 st.tabiva ,st.ivaincl ,st.stns ,st.uni2 ,st.familia ,isnull(tx.taxa, 0) txiva ,unidade ,usalote ,epcpond ,noserie ,conversao ,st.texteis from st left join taxasiva tx on st.tabiva = tx.codigo where st.ref = '324.5500.00.1'
20241111@140932.4238 9sut195gqoumj74qmo0tu6en34 Query : select 1 valor from information_schema.tables where table_type='base table' and table_name='wstablefields'
20241111@140932.4258 9sut195gqoumj74qmo0tu6en34 Query : select fieldkey,fieldname,fieldtype,mandatory from wstablefields where tablename = 'fi' and documentnumber = 39
20241111@140932.4285 9sut195gqoumj74qmo0tu6en34 Query : select 1 valor from information_schema.tables where table_type='base table' and table_name='wstablefields'
20241111@140932.4301 9sut195gqoumj74qmo0tu6en34 Query : select fieldkey,fieldname,fieldtype,mandatory from wstablefields where tablename = 'fi2' and documentnumber = 39
20241111@140932.4310 9sut195gqoumj74qmo0tu6en34 Query : select top 1 convert(numeric(6,2),t.taxa) valor from taxasiva t where t.codigo='2'
20241111@140932.4322 9sut195gqoumj74qmo0tu6en34 Query : select sestamp valor from se where ref ='324.5500.00.1' and lote = 'r2400095600a'
20241111@140932.4349 9sut195gqoumj74qmo0tu6en34 Query : select 1 valor from information_schema.tables where table_type='base table' and table_name='wstablefields'
20241111@140932.4365 9sut195gqoumj74qmo0tu6en34 Query : select fieldkey,fieldname,fieldtype,calcformula from wstablefields where tablename = 'fi2' and documentnumber = 39
20241111@140932.4380 9sut195gqoumj74qmo0tu6en34 Query : insert into wsfi2data (fi2stamp,ftstamp ,ousrdata, ousrhora, usrdata,usrhora,ousrinis,usrinis) values ('aut67321333736732101c6a','aut67321785666732101b2a' ,getdate(),convert(char(8),convert (time,getdate())),getdate(),convert(char(8),convert (time,getdate())),'wsv','wsv')
20241111@140932.4385 9sut195gqoumj74qmo0tu6en34 Query : select 1 valor from information_schema.tables where table_type='base table' and table_name='wstablefields'
20241111@140932.4401 9sut195gqoumj74qmo0tu6en34 Query : select fieldkey,fieldname,fieldtype,calcformula from wstablefields where tablename = 'fi' and documentnumber = 39
20241111@140932.4430 9sut195gqoumj74qmo0tu6en34 Query : insert into wsfidata (fistamp,ousrdata, ousrhora, usrdata,usrhora,ousrinis,usrinis ,qtt ,ftstamp ,epv,pvmoeda ,tabiva,iva,lordem ,ref, design ,lote,armazem,bistamp ) values ('aut67321333736732101c6a',getdate(),convert(char(8),convert (time,getdate())),getdate(),convert(char(8),convert (time,getdate())),'wsv','wsv',11.000 ,'aut67321785666732101b2a' ,0,0 ,2,23.00,250000,?,?,?,?,?)
20241111@140932.4951 9sut195gqoumj74qmo0tu6en34 Query : use flama_phc
20241111@140932.4955 9sut195gqoumj74qmo0tu6en34 Query : select st.usalote valor from st where st.ref = '324.5500.00.1'
20241111@140932.4977 9sut195gqoumj74qmo0tu6en34 Query : select top 1 st.tabiva ,st.ivaincl ,st.stns ,st.uni2 ,st.familia ,isnull(tx.taxa, 0) txiva ,unidade ,usalote ,epcpond ,noserie ,conversao ,st.texteis from st left join taxasiva tx on st.tabiva = tx.codigo where st.ref = '324.5500.00.1'
20241111@140932.4991 9sut195gqoumj74qmo0tu6en34 Query : select 1 valor from information_schema.tables where table_type='base table' and table_name='wstablefields'
20241111@140932.5008 9sut195gqoumj74qmo0tu6en34 Query : select fieldkey,fieldname,fieldtype,mandatory from wstablefields where tablename = 'fi' and documentnumber = 39
20241111@140932.5036 9sut195gqoumj74qmo0tu6en34 Query : select 1 valor from information_schema.tables where table_type='base table' and table_name='wstablefields'
20241111@140932.5051 9sut195gqoumj74qmo0tu6en34 Query : select fieldkey,fieldname,fieldtype,mandatory from wstablefields where tablename = 'fi2' and documentnumber = 39
20241111@140932.5060 9sut195gqoumj74qmo0tu6en34 Query : select top 1 convert(numeric(6,2),t.taxa) valor from taxasiva t where t.codigo='2'
20241111@140932.5072 9sut195gqoumj74qmo0tu6en34 Query : select sestamp valor from se where ref ='324.5500.00.1' and lote = 'r2400095600a'
20241111@140932.5084 9sut195gqoumj74qmo0tu6en34 Query : select 1 valor from information_schema.tables where table_type='base table' and table_name='wstablefields'
20241111@140932.5100 9sut195gqoumj74qmo0tu6en34 Query : select fieldkey,fieldname,fieldtype,calcformula from wstablefields where tablename = 'fi2' and documentnumber = 39
20241111@140932.5112 9sut195gqoumj74qmo0tu6en34 Query : insert into wsfi2data (fi2stamp,ftstamp ,ousrdata, ousrhora, usrdata,usrhora,ousrinis,usrinis) values ('aut67321653786732101c7c','aut67321785666732101b2a' ,getdate(),convert(char(8),convert (time,getdate())),getdate(),convert(char(8),convert (time,getdate())),'wsv','wsv')
20241111@140932.5117 9sut195gqoumj74qmo0tu6en34 Query : select 1 valor from information_schema.tables where table_type='base table' and table_name='wstablefields'
20241111@140932.5136 9sut195gqoumj74qmo0tu6en34 Query : select fieldkey,fieldname,fieldtype,calcformula from wstablefields where tablename = 'fi' and documentnumber = 39
20241111@140932.5164 9sut195gqoumj74qmo0tu6en34 Query : insert into wsfidata (fistamp,ousrdata, ousrhora, usrdata,usrhora,ousrinis,usrinis ,qtt ,ftstamp ,epv,pvmoeda ,tabiva,iva,lordem ,ref, design ,lote,armazem,bistamp ) values ('aut67321653786732101c7c',getdate(),convert(char(8),convert (time,getdate())),getdate(),convert(char(8),convert (time,getdate())),'wsv','wsv',19.000 ,'aut67321785666732101b2a' ,0,0 ,2,23.00,260000,?,?,?,?,?)
20241111@140932.5485 9sut195gqoumj74qmo0tu6en34 Query : use flama_phc
20241111@140932.5489 9sut195gqoumj74qmo0tu6en34 Query : select st.usalote valor from st where st.ref = '324.4970.00.1'
20241111@140932.5508 9sut195gqoumj74qmo0tu6en34 Query : select top 1 st.tabiva ,st.ivaincl ,st.stns ,st.uni2 ,st.familia ,isnull(tx.taxa, 0) txiva ,unidade ,usalote ,epcpond ,noserie ,conversao ,st.texteis from st left join taxasiva tx on st.tabiva = tx.codigo where st.ref = '324.4970.00.1'
20241111@140932.5523 9sut195gqoumj74qmo0tu6en34 Query : select 1 valor from information_schema.tables where table_type='base table' and table_name='wstablefields'
20241111@140932.5538 9sut195gqoumj74qmo0tu6en34 Query : select fieldkey,fieldname,fieldtype,mandatory from wstablefields where tablename = 'fi' and documentnumber = 39
20241111@140932.5567 9sut195gqoumj74qmo0tu6en34 Query : select 1 valor from information_schema.tables where table_type='base table' and table_name='wstablefields'
20241111@140932.5581 9sut195gqoumj74qmo0tu6en34 Query : select fieldkey,fieldname,fieldtype,mandatory from wstablefields where tablename = 'fi2' and documentnumber = 39
20241111@140932.5590 9sut195gqoumj74qmo0tu6en34 Query : select top 1 convert(numeric(6,2),t.taxa) valor from taxasiva t where t.codigo='2'
20241111@140932.5602 9sut195gqoumj74qmo0tu6en34 Query : select sestamp valor from se where ref ='324.4970.00.1' and lote = 'r2400492200a'
20241111@140932.5616 9sut195gqoumj74qmo0tu6en34 Query : select 1 valor from information_schema.tables where table_type='base table' and table_name='wstablefields'
20241111@140932.5633 9sut195gqoumj74qmo0tu6en34 Query : select fieldkey,fieldname,fieldtype,calcformula from wstablefields where tablename = 'fi2' and documentnumber = 39
20241111@140932.5644 9sut195gqoumj74qmo0tu6en34 Query : insert into wsfi2data (fi2stamp,ftstamp ,ousrdata, ousrhora, usrdata,usrhora,ousrinis,usrinis) values ('aut67321509636732101c89','aut67321785666732101b2a' ,getdate(),convert(char(8),convert (time,getdate())),getdate(),convert(char(8),convert (time,getdate())),'wsv','wsv')
20241111@140932.5649 9sut195gqoumj74qmo0tu6en34 Query : select 1 valor from information_schema.tables where table_type='base table' and table_name='wstablefields'
20241111@140932.5664 9sut195gqoumj74qmo0tu6en34 Query : select fieldkey,fieldname,fieldtype,calcformula from wstablefields where tablename = 'fi' and documentnumber = 39
20241111@140932.5693 9sut195gqoumj74qmo0tu6en34 Query : insert into wsfidata (fistamp,ousrdata, ousrhora, usrdata,usrhora,ousrinis,usrinis ,qtt ,ftstamp ,epv,pvmoeda ,tabiva,iva,lordem ,ref, design ,lote,armazem,bistamp ) values ('aut67321509636732101c89',getdate(),convert(char(8),convert (time,getdate())),getdate(),convert(char(8),convert (time,getdate())),'wsv','wsv',96.000 ,'aut67321785666732101b2a' ,0,0 ,2,23.00,270000,?,?,?,?,?)
20241111@140932.5982 9sut195gqoumj74qmo0tu6en34 Query : use flama_phc
20241111@140932.5985 9sut195gqoumj74qmo0tu6en34 Query : select st.usalote valor from st where st.ref = '324.4980.00.1'
20241111@140932.6005 9sut195gqoumj74qmo0tu6en34 Query : select top 1 st.tabiva ,st.ivaincl ,st.stns ,st.uni2 ,st.familia ,isnull(tx.taxa, 0) txiva ,unidade ,usalote ,epcpond ,noserie ,conversao ,st.texteis from st left join taxasiva tx on st.tabiva = tx.codigo where st.ref = '324.4980.00.1'
20241111@140932.6167 9sut195gqoumj74qmo0tu6en34 Query : select 1 valor from information_schema.tables where table_type='base table' and table_name='wstablefields'
20241111@140932.6185 9sut195gqoumj74qmo0tu6en34 Query : select fieldkey,fieldname,fieldtype,mandatory from wstablefields where tablename = 'fi' and documentnumber = 39
20241111@140932.6213 9sut195gqoumj74qmo0tu6en34 Query : select 1 valor from information_schema.tables where table_type='base table' and table_name='wstablefields'
20241111@140932.6230 9sut195gqoumj74qmo0tu6en34 Query : select fieldkey,fieldname,fieldtype,mandatory from wstablefields where tablename = 'fi2' and documentnumber = 39
20241111@140932.6240 9sut195gqoumj74qmo0tu6en34 Query : select top 1 convert(numeric(6,2),t.taxa) valor from taxasiva t where t.codigo='2'
20241111@140932.6256 9sut195gqoumj74qmo0tu6en34 Query : select sestamp valor from se where ref ='324.4980.00.1' and lote = 'r2400145100a'
20241111@140932.6289 9sut195gqoumj74qmo0tu6en34 Query : select 1 valor from information_schema.tables where table_type='base table' and table_name='wstablefields'
20241111@140932.6304 9sut195gqoumj74qmo0tu6en34 Query : select fieldkey,fieldname,fieldtype,calcformula from wstablefields where tablename = 'fi2' and documentnumber = 39
20241111@140932.6316 9sut195gqoumj74qmo0tu6en34 Query : insert into wsfi2data (fi2stamp,ftstamp ,ousrdata, ousrhora, usrdata,usrhora,ousrinis,usrinis) values ('aut67321458316732101c99','aut67321785666732101b2a' ,getdate(),convert(char(8),convert (time,getdate())),getdate(),convert(char(8),convert (time,getdate())),'wsv','wsv')
20241111@140932.6320 9sut195gqoumj74qmo0tu6en34 Query : select 1 valor from information_schema.tables where table_type='base table' and table_name='wstablefields'
20241111@140932.6336 9sut195gqoumj74qmo0tu6en34 Query : select fieldkey,fieldname,fieldtype,calcformula from wstablefields where tablename = 'fi' and documentnumber = 39
20241111@140932.6365 9sut195gqoumj74qmo0tu6en34 Query : insert into wsfidata (fistamp,ousrdata, ousrhora, usrdata,usrhora,ousrinis,usrinis ,qtt ,ftstamp ,epv,pvmoeda ,tabiva,iva,lordem ,ref, design ,lote,armazem,bistamp ) values ('aut67321458316732101c99',getdate(),convert(char(8),convert (time,getdate())),getdate(),convert(char(8),convert (time,getdate())),'wsv','wsv',80.000 ,'aut67321785666732101b2a' ,0,0 ,2,23.00,280000,?,?,?,?,?)
20241111@140932.6635 9sut195gqoumj74qmo0tu6en34 Query : insert into wsftcreationlog (initialftstamp,externalid,creationstatus,documenttypeid,idustamp) values ('aut67321785666732101b2a','2407408','wait',39,'adm09112754980.682000002')
20241111@140932.6711 9sut195gqoumj74qmo0tu6en34 Query : use flama_phc
20241111@140932.6717 9sut195gqoumj74qmo0tu6en34 Query : update u_wsusers set rqsttoken =? where userid ='userls001'
20241111@140932.6749 9sut195gqoumj74qmo0tu6en34 Query : select concat(rtrim(relative_path),ltrim(name_new)) as valor from uploadfiles where uploadfile_id='3228';
20241111@140932.6785 9sut195gqoumj74qmo0tu6en34 Query : update uploadfiles set whenupdated=current_timestamp where uploadfile_id='3228';
20241111@140932.6833 9sut195gqoumj74qmo0tu6en34 Query : select concat(rtrim(relative_path),ltrim(name_new)) as valor from uploadfiles where uploadfile_id='3228';
20241111@140932.6894 9sut195gqoumj74qmo0tu6en34 Query : update uploadfiles set whenupdated=current_timestamp where uploadfile_id='3228';
20241111@140947.3240 0arpc7qhei9t60i4fiunchqnpv Query : insert into uploadfiles ( name_original, name_new, option_type, relative_path, whencreated ) values ( ?, ?, ?, ?, getdate() )
20241111@140947.3360 0arpc7qhei9t60i4fiunchqnpv Query : select uploadfile_id valor from uploadfiles where name_new = ? and option_type = ? 
20241111@140947.4060 0arpc7qhei9t60i4fiunchqnpv Query : select concat(rtrim(relative_path),ltrim(name_new)) as valor from uploadfiles where uploadfile_id='3229';
20241111@140947.4750 0arpc7qhei9t60i4fiunchqnpv Query : update uploadfiles set whenupdated=current_timestamp where uploadfile_id='3229';
20241111@140947.5450 0arpc7qhei9t60i4fiunchqnpv Query : select concat(rtrim(relative_path),ltrim(name_new)) as valor from uploadfiles where uploadfile_id='3229';
20241111@140947.5830 0arpc7qhei9t60i4fiunchqnpv Query : update uploadfiles set whenupdated=current_timestamp where uploadfile_id='3229';
20241111@140947.6430 0arpc7qhei9t60i4fiunchqnpv Query : use flama_phc
20241111@140947.6460 0arpc7qhei9t60i4fiunchqnpv Query : select top 1 secretkey valor from u_wsusers u where u.userid = ? and u.inactivo=0
20241111@140947.7140 0arpc7qhei9t60i4fiunchqnpv Query : use flama_phc
20241111@140947.7180 0arpc7qhei9t60i4fiunchqnpv Query : select no, estab,szadrsdesc from szadrs where u_coddest=2459
20241111@140947.8270 0arpc7qhei9t60i4fiunchqnpv Query : select top 1 isnull(design,'') valor from st (nolock) left join stobs (nolock) on st.ref = stobs.ref where st.ref = '324.1667.00.1'
20241111@140947.9940 0arpc7qhei9t60i4fiunchqnpv Query : select top 1 bistamp valor from bi inner join bo on bo.bostamp=bi.bostamp where bo.ndos =240 and bo.boano =2074 and bo.obrano = 2407423 and bi.ref ='324.1667.00.1' and bi.lordem =1
20241111@140947.1425 0arpc7qhei9t60i4fiunchqnpv Query : select top 1 isnull(design,'') valor from st (nolock) left join stobs (nolock) on st.ref = stobs.ref where st.ref = '304.4006.00.2'
20241111@140947.1576 0arpc7qhei9t60i4fiunchqnpv Query : select top 1 bistamp valor from bi inner join bo on bo.bostamp=bi.bostamp where bo.ndos =240 and bo.boano =2074 and bo.obrano = 2407423 and bi.ref ='304.4006.00.2' and bi.lordem =2
20241111@140947.1873 0arpc7qhei9t60i4fiunchqnpv Query : select top 1 isnull(design,'') valor from st (nolock) left join stobs (nolock) on st.ref = stobs.ref where st.ref = '324.2066.00.1'
20241111@140947.2157 0arpc7qhei9t60i4fiunchqnpv Query : select top 1 bistamp valor from bi inner join bo on bo.bostamp=bi.bostamp where bo.ndos =240 and bo.boano =2074 and bo.obrano = 2407423 and bi.ref ='324.2066.00.1' and bi.lordem =3
20241111@140947.2536 0arpc7qhei9t60i4fiunchqnpv Query : select top 1 isnull(design,'') valor from st (nolock) left join stobs (nolock) on st.ref = stobs.ref where st.ref = '324.1293.00.1'
20241111@140947.2694 0arpc7qhei9t60i4fiunchqnpv Query : select top 1 bistamp valor from bi inner join bo on bo.bostamp=bi.bostamp where bo.ndos =240 and bo.boano =2074 and bo.obrano = 2407423 and bi.ref ='324.1293.00.1' and bi.lordem =4
20241111@140947.3005 0arpc7qhei9t60i4fiunchqnpv Query : select top 1 isnull(design,'') valor from st (nolock) left join stobs (nolock) on st.ref = stobs.ref where st.ref = '324.691.00.01'
20241111@140947.3159 0arpc7qhei9t60i4fiunchqnpv Query : select top 1 bistamp valor from bi inner join bo on bo.bostamp=bi.bostamp where bo.ndos =240 and bo.boano =2074 and bo.obrano = 2407423 and bi.ref ='324.691.00.01' and bi.lordem =5
20241111@140947.3486 0arpc7qhei9t60i4fiunchqnpv Query : select top 1 isnull(design,'') valor from st (nolock) left join stobs (nolock) on st.ref = stobs.ref where st.ref = '324.691.00.01'
20241111@140947.3508 0arpc7qhei9t60i4fiunchqnpv Query : select top 1 bistamp valor from bi inner join bo on bo.bostamp=bi.bostamp where bo.ndos =240 and bo.boano =2074 and bo.obrano = 2407423 and bi.ref ='324.691.00.01' and bi.lordem =5
20241111@140947.3524 0arpc7qhei9t60i4fiunchqnpv Query : select top 1 isnull(design,'') valor from st (nolock) left join stobs (nolock) on st.ref = stobs.ref where st.ref = '324.4521.00.1'
20241111@140947.3686 0arpc7qhei9t60i4fiunchqnpv Query : select top 1 bistamp valor from bi inner join bo on bo.bostamp=bi.bostamp where bo.ndos =240 and bo.boano =2074 and bo.obrano = 2407423 and bi.ref ='324.4521.00.1' and bi.lordem =6
20241111@140947.3993 0arpc7qhei9t60i4fiunchqnpv Query : select top 1 isnull(design,'') valor from st (nolock) left join stobs (nolock) on st.ref = stobs.ref where st.ref = '324.4521.00.1'
20241111@140947.4018 0arpc7qhei9t60i4fiunchqnpv Query : select top 1 bistamp valor from bi inner join bo on bo.bostamp=bi.bostamp where bo.ndos =240 and bo.boano =2074 and bo.obrano = 2407423 and bi.ref ='324.4521.00.1' and bi.lordem =6
20241111@140947.4035 0arpc7qhei9t60i4fiunchqnpv Query : select top 1 isnull(design,'') valor from st (nolock) left join stobs (nolock) on st.ref = stobs.ref where st.ref = '324.4521.00.1'
20241111@140947.4055 0arpc7qhei9t60i4fiunchqnpv Query : select top 1 bistamp valor from bi inner join bo on bo.bostamp=bi.bostamp where bo.ndos =240 and bo.boano =2074 and bo.obrano = 2407423 and bi.ref ='324.4521.00.1' and bi.lordem =6
20241111@140947.4072 0arpc7qhei9t60i4fiunchqnpv Query : select top 1 isnull(design,'') valor from st (nolock) left join stobs (nolock) on st.ref = stobs.ref where st.ref = '324.727.00.01'
20241111@140947.4094 0arpc7qhei9t60i4fiunchqnpv Query : select top 1 bistamp valor from bi inner join bo on bo.bostamp=bi.bostamp where bo.ndos =240 and bo.boano =2074 and bo.obrano = 2407423 and bi.ref ='324.727.00.01' and bi.lordem =7
20241111@140947.4446 0arpc7qhei9t60i4fiunchqnpv Query : select top 1 isnull(design,'') valor from st (nolock) left join stobs (nolock) on st.ref = stobs.ref where st.ref = '324.727.00.01'
20241111@140947.4473 0arpc7qhei9t60i4fiunchqnpv Query : select top 1 bistamp valor from bi inner join bo on bo.bostamp=bi.bostamp where bo.ndos =240 and bo.boano =2074 and bo.obrano = 2407423 and bi.ref ='324.727.00.01' and bi.lordem =8
20241111@140947.4796 0arpc7qhei9t60i4fiunchqnpv Query : select top 1 isnull(design,'') valor from st (nolock) left join stobs (nolock) on st.ref = stobs.ref where st.ref = '324.2160.00.1'
20241111@140947.4961 0arpc7qhei9t60i4fiunchqnpv Query : select top 1 bistamp valor from bi inner join bo on bo.bostamp=bi.bostamp where bo.ndos =240 and bo.boano =2074 and bo.obrano = 2407423 and bi.ref ='324.2160.00.1' and bi.lordem =9
20241111@140947.5273 0arpc7qhei9t60i4fiunchqnpv Query : select top 1 isnull(design,'') valor from st (nolock) left join stobs (nolock) on st.ref = stobs.ref where st.ref = '324.4930.00.1'
20241111@140947.5441 0arpc7qhei9t60i4fiunchqnpv Query : select top 1 bistamp valor from bi inner join bo on bo.bostamp=bi.bostamp where bo.ndos =240 and bo.boano =2074 and bo.obrano = 2407423 and bi.ref ='324.4930.00.1' and bi.lordem =10
20241111@140947.5789 0arpc7qhei9t60i4fiunchqnpv Query : select top 1 isnull(design,'') valor from st (nolock) left join stobs (nolock) on st.ref = stobs.ref where st.ref = '324.4902.00.1'
20241111@140947.5810 0arpc7qhei9t60i4fiunchqnpv Query : select top 1 bistamp valor from bi inner join bo on bo.bostamp=bi.bostamp where bo.ndos =240 and bo.boano =2074 and bo.obrano = 2407423 and bi.ref ='324.4902.00.1' and bi.lordem =11
20241111@140947.6231 0arpc7qhei9t60i4fiunchqnpv Query : select top 1 isnull(design,'') valor from st (nolock) left join stobs (nolock) on st.ref = stobs.ref where st.ref = '324.948.00.01'
20241111@140947.6291 0arpc7qhei9t60i4fiunchqnpv Query : select top 1 bistamp valor from bi inner join bo on bo.bostamp=bi.bostamp where bo.ndos =240 and bo.boano =2074 and bo.obrano = 2407423 and bi.ref ='324.948.00.01' and bi.lordem =12
20241111@140947.6739 0arpc7qhei9t60i4fiunchqnpv Query : select top 1 isnull(design,'') valor from st (nolock) left join stobs (nolock) on st.ref = stobs.ref where st.ref = '324.958.00.01'
20241111@140947.6974 0arpc7qhei9t60i4fiunchqnpv Query : select top 1 bistamp valor from bi inner join bo on bo.bostamp=bi.bostamp where bo.ndos =240 and bo.boano =2074 and bo.obrano = 2407423 and bi.ref ='324.958.00.01' and bi.lordem =13
20241111@140947.7325 0arpc7qhei9t60i4fiunchqnpv Query : select top 1 isnull(design,'') valor from st (nolock) left join stobs (nolock) on st.ref = stobs.ref where st.ref = '324.958.00.01'
20241111@140947.7348 0arpc7qhei9t60i4fiunchqnpv Query : select top 1 bistamp valor from bi inner join bo on bo.bostamp=bi.bostamp where bo.ndos =240 and bo.boano =2074 and bo.obrano = 2407423 and bi.ref ='324.958.00.01' and bi.lordem =13
20241111@140947.7368 0arpc7qhei9t60i4fiunchqnpv Query : select top 1 isnull(design,'') valor from st (nolock) left join stobs (nolock) on st.ref = stobs.ref where st.ref = '324.958.00.01'
20241111@140947.7390 0arpc7qhei9t60i4fiunchqnpv Query : select top 1 bistamp valor from bi inner join bo on bo.bostamp=bi.bostamp where bo.ndos =240 and bo.boano =2074 and bo.obrano = 2407423 and bi.ref ='324.958.00.01' and bi.lordem =13
20241111@140947.7407 0arpc7qhei9t60i4fiunchqnpv Query : select top 1 isnull(design,'') valor from st (nolock) left join stobs (nolock) on st.ref = stobs.ref where st.ref = '324.969.00.01'
20241111@140947.7635 0arpc7qhei9t60i4fiunchqnpv Query : select top 1 bistamp valor from bi inner join bo on bo.bostamp=bi.bostamp where bo.ndos =240 and bo.boano =2074 and bo.obrano = 2407423 and bi.ref ='324.969.00.01' and bi.lordem =14
20241111@140947.7970 0arpc7qhei9t60i4fiunchqnpv Query : use flama_phc
20241111@140947.7974 0arpc7qhei9t60i4fiunchqnpv Query : select top 1 convert(date,fdata) valor from ft where ndoc = 39 and anulado= 0 and fno>0 order by fdata desc
20241111@140947.8006 0arpc7qhei9t60i4fiunchqnpv Query : use flama_phc
20241111@140947.8009 0arpc7qhei9t60i4fiunchqnpv Query : select top 1 1 valor from td where td.ndoc = 39
20241111@140947.8042 0arpc7qhei9t60i4fiunchqnpv Query : use flama_phc
20241111@140947.8045 0arpc7qhei9t60i4fiunchqnpv Query : select lower(descricao) descricao ,case when valor='s' then 1 else 0 end valor from para1 where descricao in ('st_lote','st_usalogifunc', 'st_grelha')
20241111@140947.8081 0arpc7qhei9t60i4fiunchqnpv Query : select top 1 manternumero ,assinadoc issigned ,tiposaft ,assinaimp ,nmdos ,td.assinadoc ,'cl' origin ,lancasl stocks ,case when cmsl<50 and td.lancasl=1 then 1 else 0 end entrada ,case when cmsl>50 and td.lancasl=1 then 1 else 0 end saida ,temserie assets ,~semgre usegridfields from td inner join td2 on td.tdstamp=td2.td2stamp where td.ndoc = 1
20241111@140947.8121 0arpc7qhei9t60i4fiunchqnpv Query : use flama_phc
20241111@140947.8124 0arpc7qhei9t60i4fiunchqnpv Query : select top 1 ~inactivo valor from cl where no = '200500' and estab = 0 order by inactivo desc
20241111@140947.8272 0arpc7qhei9t60i4fiunchqnpv Query : use flama_phc
20241111@140947.8275 0arpc7qhei9t60i4fiunchqnpv Query : select top 1 tipodoc,regrd from td where ndoc = 39
20241111@140947.8312 0arpc7qhei9t60i4fiunchqnpv Query : use flama_phc
20241111@140947.8315 0arpc7qhei9t60i4fiunchqnpv Query : select szadrsstamp valor from szadrs where szadrsdesc='espaÇotrans,lda'
20241111@140947.8379 0arpc7qhei9t60i4fiunchqnpv Query : use flama_phc
20241111@140947.8382 0arpc7qhei9t60i4fiunchqnpv Query : select szadrsstamp valor from szadrs where szadrsdesc='eldisser, s.a.'
20241111@140947.8439 0arpc7qhei9t60i4fiunchqnpv Query : use flama_phc
20241111@140947.8442 0arpc7qhei9t60i4fiunchqnpv Query : select 1 valor from td where ndoc = 39
20241111@140947.8459 0arpc7qhei9t60i4fiunchqnpv Query : select top 1 manternumero, tiposaft, nmdos,td.assinadoc from td where td.ndoc = 39
20241111@140947.8476 0arpc7qhei9t60i4fiunchqnpv Query : select 1 valor from information_schema.tables where table_type='base table' and table_name='wstablefields'
20241111@140947.8496 0arpc7qhei9t60i4fiunchqnpv Query : select fieldkey,fieldname,fieldtype,mandatory from wstablefields where tablename = 'ft' and documentnumber = 39
20241111@140947.8519 0arpc7qhei9t60i4fiunchqnpv Query : select 1 valor from information_schema.tables where table_type='base table' and table_name='wstablefields'
20241111@140947.8541 0arpc7qhei9t60i4fiunchqnpv Query : select fieldkey,fieldname,fieldtype,mandatory from wstablefields where tablename = 'ft2' and documentnumber = 39
20241111@140947.8581 0arpc7qhei9t60i4fiunchqnpv Query : select 1 valor from information_schema.tables where table_type='base table' and table_name='wstablefields'
20241111@140947.8596 0arpc7qhei9t60i4fiunchqnpv Query : select fieldkey,fieldname,fieldtype,mandatory from wstablefields where tablename = 'ft3' and documentnumber = 39
20241111@140947.8614 0arpc7qhei9t60i4fiunchqnpv Query : select top 1 ft.fno valor from ft ft where ft.ndoc = 39 and ftano=2024 order by fno desc
20241111@140947.8688 0arpc7qhei9t60i4fiunchqnpv Query : select top 1 ft.fno valor from wsftdata ft where ft.ndoc = 39 and ftano=2024 order by fno desc
20241111@140947.8739 0arpc7qhei9t60i4fiunchqnpv Query : select 1 valor from information_schema.tables where table_type='base table' and table_name='wstablefields'
20241111@140947.8825 0arpc7qhei9t60i4fiunchqnpv Query : select fieldkey,fieldname,fieldtype,calcformula from wstablefields where tablename = 'ft3' and documentnumber = 39
20241111@140947.8847 0arpc7qhei9t60i4fiunchqnpv Query : insert into wsft3data (ft3stamp, ousrdata, ousrhora, usrdata,usrhora,ousrinis,usrinis,taxpointdt ) values ('aut67321848646732102bd2' ,getdate(),convert(char(8),convert (time,getdate())),getdate(),convert(char(8),convert (time,getdate())),'wsv','wsv',?)
20241111@140947.9055 0arpc7qhei9t60i4fiunchqnpv Query : select 1 valor from information_schema.tables where table_type='base table' and table_name='wstablefields'
20241111@140947.9078 0arpc7qhei9t60i4fiunchqnpv Query : select fieldkey,fieldname,fieldtype,calcformula from wstablefields where tablename = 'ft2' and documentnumber = 39
20241111@140947.9114 0arpc7qhei9t60i4fiunchqnpv Query : select top 1 bo.u_nomeenv valor from bo where bo.bostamp=''
20241111@140947.9125 0arpc7qhei9t60i4fiunchqnpv Query : select top 1 bo.u_moradaen valor from bo where bo.bostamp=''
20241111@140947.9137 0arpc7qhei9t60i4fiunchqnpv Query : select top 1 bo.u_codposen valor from bo where bo.bostamp=''
20241111@140947.9149 0arpc7qhei9t60i4fiunchqnpv Query : select top 1 bo.u_localenv valor from bo where bo.bostamp=''
20241111@140947.9160 0arpc7qhei9t60i4fiunchqnpv Query : select top 1 bo.trab5 valor from bo where bo.bostamp=''
20241111@140947.9175 0arpc7qhei9t60i4fiunchqnpv Query : select top 1 bo.serie valor from bo where bo.bostamp=''
20241111@140947.9188 0arpc7qhei9t60i4fiunchqnpv Query : insert into wsft2data (ft2stamp, ousrdata,ousrhora, usrdata,usrhora,ousrinis,usrinis,u_nomeenv ,u_moradaen ,u_codposen ,u_localenv ,u_coddest ,u_codby ) values ('aut67321848646732102bd2',getdate(),convert(char(8),convert (time,getdate())),getdate(),convert(char(8),convert (time,getdate())),'wsv','wsv',?,?,?,?,?,?)
20241111@140947.9467 0arpc7qhei9t60i4fiunchqnpv Query : select top 1 fno valor from wsftdata order by fno desc
20241111@140947.9509 0arpc7qhei9t60i4fiunchqnpv Query : select 1 valor from information_schema.tables where table_type='base table' and table_name='wstablefields'
20241111@140947.9526 0arpc7qhei9t60i4fiunchqnpv Query : select fieldkey,fieldname,fieldtype,calcformula from wstablefields where tablename = 'ft' and documentnumber = 39
20241111@140947.9555 0arpc7qhei9t60i4fiunchqnpv Query : select 'normal' from dummy
20241111@140947.9574 0arpc7qhei9t60i4fiunchqnpv Query : insert into wsftdata (ftstamp, ousrdata,ousrhora, usrdata,usrhora,ousrinis,usrinis,fno,no,estab,fdata,ndoc,moeda,cambio,cambiofixo,ftano,site ,classe ) values ('aut67321848646732102bd2',getdate(),convert(char(8),convert (time,getdate())),getdate(),convert(char(8),convert (time,getdate())),'wsv','wsv',1790,200500,0,'2024-11-11',39,'euro',0,0,2024 ,?,?)
20241111@140948.1870 0arpc7qhei9t60i4fiunchqnpv Query : use flama_phc
20241111@140948.2290 0arpc7qhei9t60i4fiunchqnpv Query : select st.usalote valor from st where st.ref = '324.1667.00.1'
20241111@140948.4900 0arpc7qhei9t60i4fiunchqnpv Query : select top 1 st.tabiva ,st.ivaincl ,st.stns ,st.uni2 ,st.familia ,isnull(tx.taxa, 0) txiva ,unidade ,usalote ,epcpond ,noserie ,conversao ,st.texteis from st left join taxasiva tx on st.tabiva = tx.codigo where st.ref = '324.1667.00.1'
20241111@140948.9890 0arpc7qhei9t60i4fiunchqnpv Query : select 1 valor from information_schema.tables where table_type='base table' and table_name='wstablefields'
20241111@140948.1006 0arpc7qhei9t60i4fiunchqnpv Query : select fieldkey,fieldname,fieldtype,mandatory from wstablefields where tablename = 'fi' and documentnumber = 39
20241111@140948.1039 0arpc7qhei9t60i4fiunchqnpv Query : select 1 valor from information_schema.tables where table_type='base table' and table_name='wstablefields'
20241111@140948.1053 0arpc7qhei9t60i4fiunchqnpv Query : select fieldkey,fieldname,fieldtype,mandatory from wstablefields where tablename = 'fi2' and documentnumber = 39
20241111@140948.1062 0arpc7qhei9t60i4fiunchqnpv Query : select top 1 convert(numeric(6,2),t.taxa) valor from taxasiva t where t.codigo='2'
20241111@140948.1077 0arpc7qhei9t60i4fiunchqnpv Query : select sestamp valor from se where ref ='324.1667.00.1' and lote = 'r2400065200a'
20241111@140948.1093 0arpc7qhei9t60i4fiunchqnpv Query : select 1 valor from information_schema.tables where table_type='base table' and table_name='wstablefields'
20241111@140948.1108 0arpc7qhei9t60i4fiunchqnpv Query : select fieldkey,fieldname,fieldtype,calcformula from wstablefields where tablename = 'fi2' and documentnumber = 39
20241111@140948.1122 0arpc7qhei9t60i4fiunchqnpv Query : insert into wsfi2data (fi2stamp,ftstamp ,ousrdata, ousrhora, usrdata,usrhora,ousrinis,usrinis) values ('aut67321452056732102c1a','aut67321848646732102bd2' ,getdate(),convert(char(8),convert (time,getdate())),getdate(),convert(char(8),convert (time,getdate())),'wsv','wsv')
20241111@140948.1129 0arpc7qhei9t60i4fiunchqnpv Query : select 1 valor from information_schema.tables where table_type='base table' and table_name='wstablefields'
20241111@140948.1149 0arpc7qhei9t60i4fiunchqnpv Query : select fieldkey,fieldname,fieldtype,calcformula from wstablefields where tablename = 'fi' and documentnumber = 39
20241111@140948.1179 0arpc7qhei9t60i4fiunchqnpv Query : insert into wsfidata (fistamp,ousrdata, ousrhora, usrdata,usrhora,ousrinis,usrinis ,qtt ,ftstamp ,epv,pvmoeda ,tabiva,iva,lordem ,ref, design ,lote,armazem,bistamp ) values ('aut67321452056732102c1a',getdate(),convert(char(8),convert (time,getdate())),getdate(),convert(char(8),convert (time,getdate())),'wsv','wsv',1.000 ,'aut67321848646732102bd2' ,0,0 ,2,23.00,10000,?,?,?,?,?)
20241111@140948.1526 0arpc7qhei9t60i4fiunchqnpv Query : select 1 valor from information_schema.tables where table_type='base table' and table_name='wstablefields'
20241111@140948.1688 0arpc7qhei9t60i4fiunchqnpv Query : select fieldkey,fieldname,fieldtype,mandatory from wstablefields where tablename = 'fi' and documentnumber = 39
20241111@140948.1720 0arpc7qhei9t60i4fiunchqnpv Query : select 1 valor from information_schema.tables where table_type='base table' and table_name='wstablefields'
20241111@140948.1739 0arpc7qhei9t60i4fiunchqnpv Query : select fieldkey,fieldname,fieldtype,mandatory from wstablefields where tablename = 'fi2' and documentnumber = 39
20241111@140948.1756 0arpc7qhei9t60i4fiunchqnpv Query : select top 1 convert(numeric(6,2),t.taxa) valor from taxasiva t where t.codigo='2'
20241111@140948.1771 0arpc7qhei9t60i4fiunchqnpv Query : select 1 valor from information_schema.tables where table_type='base table' and table_name='wstablefields'
20241111@140948.1789 0arpc7qhei9t60i4fiunchqnpv Query : select fieldkey,fieldname,fieldtype,calcformula from wstablefields where tablename = 'fi2' and documentnumber = 39
20241111@140948.1814 0arpc7qhei9t60i4fiunchqnpv Query : insert into wsfi2data (fi2stamp,ftstamp ,ousrdata, ousrhora, usrdata,usrhora,ousrinis,usrinis) values ('aut67321059026732102c2b','aut67321848646732102bd2' ,getdate(),convert(char(8),convert (time,getdate())),getdate(),convert(char(8),convert (time,getdate())),'wsv','wsv')
20241111@140948.1819 0arpc7qhei9t60i4fiunchqnpv Query : select 1 valor from information_schema.tables where table_type='base table' and table_name='wstablefields'
20241111@140948.1835 0arpc7qhei9t60i4fiunchqnpv Query : select fieldkey,fieldname,fieldtype,calcformula from wstablefields where tablename = 'fi' and documentnumber = 39
20241111@140948.1876 0arpc7qhei9t60i4fiunchqnpv Query : insert into wsfidata (fistamp,ousrdata, ousrhora, usrdata,usrhora,ousrinis,usrinis ,qtt ,ftstamp ,epv,pvmoeda ,tabiva,iva,lordem ,ref, design ,armazem) values ('aut67321059026732102c2b',getdate(),convert(char(8),convert (time,getdate())),getdate(),convert(char(8),convert (time,getdate())),'wsv','wsv',0 ,'aut67321848646732102bd2' ,0,0 ,2,23.00,20000,?,?,?)
20241111@140948.2158 0arpc7qhei9t60i4fiunchqnpv Query : use flama_phc
20241111@140948.2161 0arpc7qhei9t60i4fiunchqnpv Query : select st.usalote valor from st where st.ref = '304.4006.00.2'
20241111@140948.2184 0arpc7qhei9t60i4fiunchqnpv Query : select top 1 st.tabiva ,st.ivaincl ,st.stns ,st.uni2 ,st.familia ,isnull(tx.taxa, 0) txiva ,unidade ,usalote ,epcpond ,noserie ,conversao ,st.texteis from st left join taxasiva tx on st.tabiva = tx.codigo where st.ref = '304.4006.00.2'
