20241112@154613.8644 l610mhf6cr0shnim24t6i62jt7 Query : use flama_phc
20241112@154613.8648 l610mhf6cr0shnim24t6i62jt7 Query : select st.usalote valor from st where st.ref = '324.1879.00.1'
20241112@154613.8673 l610mhf6cr0shnim24t6i62jt7 Query : select top 1 st.tabiva ,st.ivaincl ,st.stns ,st.uni2 ,st.familia ,isnull(tx.taxa, 0) txiva ,unidade ,usalote ,epcpond ,noserie ,conversao ,st.texteis from st left join taxasiva tx on st.tabiva = tx.codigo where st.ref = '324.1879.00.1'
20241112@154613.8690 l610mhf6cr0shnim24t6i62jt7 Query : select 1 valor from information_schema.tables where table_type='base table' and table_name='wstablefields'
20241112@154613.8708 l610mhf6cr0shnim24t6i62jt7 Query : select fieldkey,fieldname,fieldtype,mandatory from wstablefields where tablename = 'fi' and documentnumber = 39
20241112@154613.8740 l610mhf6cr0shnim24t6i62jt7 Query : select 1 valor from information_schema.tables where table_type='base table' and table_name='wstablefields'
20241112@154613.8758 l610mhf6cr0shnim24t6i62jt7 Query : select fieldkey,fieldname,fieldtype,mandatory from wstablefields where tablename = 'fi2' and documentnumber = 39
20241112@154613.8768 l610mhf6cr0shnim24t6i62jt7 Query : select top 1 convert(numeric(6,2),t.taxa) valor from taxasiva t where t.codigo='2'
20241112@154613.8783 l610mhf6cr0shnim24t6i62jt7 Query : select sestamp valor from se where ref ='324.1879.00.1' and lote = 'r2400283200a'
20241112@154613.8797 l610mhf6cr0shnim24t6i62jt7 Query : select 1 valor from information_schema.tables where table_type='base table' and table_name='wstablefields'
20241112@154613.8813 l610mhf6cr0shnim24t6i62jt7 Query : select fieldkey,fieldname,fieldtype,calcformula from wstablefields where tablename = 'fi2' and documentnumber = 39
20241112@154613.8827 l610mhf6cr0shnim24t6i62jt7 Query : insert into wsfi2data (fi2stamp,ftstamp ,ousrdata, ousrhora, usrdata,usrhora,ousrinis,usrinis) values ('aut673376958667337845d6','aut67337114196733784575' ,getdate(),convert(char(8),convert (time,getdate())),getdate(),convert(char(8),convert (time,getdate())),'wsv','wsv')
20241112@154613.8832 l610mhf6cr0shnim24t6i62jt7 Query : select 1 valor from information_schema.tables where table_type='base table' and table_name='wstablefields'
20241112@154613.8848 l610mhf6cr0shnim24t6i62jt7 Query : select fieldkey,fieldname,fieldtype,calcformula from wstablefields where tablename = 'fi' and documentnumber = 39
20241112@154613.8881 l610mhf6cr0shnim24t6i62jt7 Query : insert into wsfidata (fistamp,ousrdata, ousrhora, usrdata,usrhora,ousrinis,usrinis ,qtt ,ftstamp ,epv,pvmoeda ,tabiva,iva,lordem ,ref, design ,lote,armazem,bistamp ) values ('aut673376958667337845d6',getdate(),convert(char(8),convert (time,getdate())),getdate(),convert(char(8),convert (time,getdate())),'wsv','wsv',20.000 ,'aut67337114196733784575' ,0,0 ,2,23.00,40000,?,?,?,?,?)
20241112@154613.9178 l610mhf6cr0shnim24t6i62jt7 Query : select 1 valor from information_schema.tables where table_type='base table' and table_name='wstablefields'
20241112@154613.9203 l610mhf6cr0shnim24t6i62jt7 Query : select fieldkey,fieldname,fieldtype,mandatory from wstablefields where tablename = 'fi' and documentnumber = 39
20241112@154613.9236 l610mhf6cr0shnim24t6i62jt7 Query : select 1 valor from information_schema.tables where table_type='base table' and table_name='wstablefields'
20241112@154613.9256 l610mhf6cr0shnim24t6i62jt7 Query : select fieldkey,fieldname,fieldtype,mandatory from wstablefields where tablename = 'fi2' and documentnumber = 39
20241112@154613.9266 l610mhf6cr0shnim24t6i62jt7 Query : select top 1 convert(numeric(6,2),t.taxa) valor from taxasiva t where t.codigo='2'
20241112@154613.9280 l610mhf6cr0shnim24t6i62jt7 Query : select 1 valor from information_schema.tables where table_type='base table' and table_name='wstablefields'
20241112@154613.9301 l610mhf6cr0shnim24t6i62jt7 Query : select fieldkey,fieldname,fieldtype,calcformula from wstablefields where tablename = 'fi2' and documentnumber = 39
20241112@154613.9318 l610mhf6cr0shnim24t6i62jt7 Query : insert into wsfi2data (fi2stamp,ftstamp ,ousrdata, ousrhora, usrdata,usrhora,ousrinis,usrinis) values ('aut673373312567337845e2','aut67337114196733784575' ,getdate(),convert(char(8),convert (time,getdate())),getdate(),convert(char(8),convert (time,getdate())),'wsv','wsv')
20241112@154613.9325 l610mhf6cr0shnim24t6i62jt7 Query : select 1 valor from information_schema.tables where table_type='base table' and table_name='wstablefields'
20241112@154613.9346 l610mhf6cr0shnim24t6i62jt7 Query : select fieldkey,fieldname,fieldtype,calcformula from wstablefields where tablename = 'fi' and documentnumber = 39
20241112@154613.9382 l610mhf6cr0shnim24t6i62jt7 Query : insert into wsfidata (fistamp,ousrdata, ousrhora, usrdata,usrhora,ousrinis,usrinis ,qtt ,ftstamp ,epv,pvmoeda ,tabiva,iva,lordem ,ref, design ,armazem) values ('aut673373312567337845e2',getdate(),convert(char(8),convert (time,getdate())),getdate(),convert(char(8),convert (time,getdate())),'wsv','wsv',0 ,'aut67337114196733784575' ,0,0 ,2,23.00,50000,?,?,?)
20241112@154613.9734 l610mhf6cr0shnim24t6i62jt7 Query : use flama_phc
20241112@154613.9740 l610mhf6cr0shnim24t6i62jt7 Query : select st.usalote valor from st where st.ref = '324.1879.00.1'
20241112@154613.9765 l610mhf6cr0shnim24t6i62jt7 Query : select top 1 st.tabiva ,st.ivaincl ,st.stns ,st.uni2 ,st.familia ,isnull(tx.taxa, 0) txiva ,unidade ,usalote ,epcpond ,noserie ,conversao ,st.texteis from st left join taxasiva tx on st.tabiva = tx.codigo where st.ref = '324.1879.00.1'
20241112@154613.9783 l610mhf6cr0shnim24t6i62jt7 Query : select 1 valor from information_schema.tables where table_type='base table' and table_name='wstablefields'
20241112@154613.9801 l610mhf6cr0shnim24t6i62jt7 Query : select fieldkey,fieldname,fieldtype,mandatory from wstablefields where tablename = 'fi' and documentnumber = 39
20241112@154613.9831 l610mhf6cr0shnim24t6i62jt7 Query : select 1 valor from information_schema.tables where table_type='base table' and table_name='wstablefields'
20241112@154613.9847 l610mhf6cr0shnim24t6i62jt7 Query : select fieldkey,fieldname,fieldtype,mandatory from wstablefields where tablename = 'fi2' and documentnumber = 39
20241112@154613.9857 l610mhf6cr0shnim24t6i62jt7 Query : select top 1 convert(numeric(6,2),t.taxa) valor from taxasiva t where t.codigo='2'
20241112@154613.9873 l610mhf6cr0shnim24t6i62jt7 Query : select sestamp valor from se where ref ='324.1879.00.1' and lote = 'r2400283200a'
20241112@154613.9887 l610mhf6cr0shnim24t6i62jt7 Query : select 1 valor from information_schema.tables where table_type='base table' and table_name='wstablefields'
20241112@154613.9903 l610mhf6cr0shnim24t6i62jt7 Query : select fieldkey,fieldname,fieldtype,calcformula from wstablefields where tablename = 'fi2' and documentnumber = 39
20241112@154613.9916 l610mhf6cr0shnim24t6i62jt7 Query : insert into wsfi2data (fi2stamp,ftstamp ,ousrdata, ousrhora, usrdata,usrhora,ousrinis,usrinis) values ('aut673375455567337845f1','aut67337114196733784575' ,getdate(),convert(char(8),convert (time,getdate())),getdate(),convert(char(8),convert (time,getdate())),'wsv','wsv')
20241112@154613.9921 l610mhf6cr0shnim24t6i62jt7 Query : select 1 valor from information_schema.tables where table_type='base table' and table_name='wstablefields'
20241112@154613.9938 l610mhf6cr0shnim24t6i62jt7 Query : select fieldkey,fieldname,fieldtype,calcformula from wstablefields where tablename = 'fi' and documentnumber = 39
20241112@154614.6000 l610mhf6cr0shnim24t6i62jt7 Query : insert into wsfidata (fistamp,ousrdata, ousrhora, usrdata,usrhora,ousrinis,usrinis ,qtt ,ftstamp ,epv,pvmoeda ,tabiva,iva,lordem ,ref, design ,lote,armazem,bistamp ) values ('aut673375455567337845f1',getdate(),convert(char(8),convert (time,getdate())),getdate(),convert(char(8),convert (time,getdate())),'wsv','wsv',20.000 ,'aut67337114196733784575' ,0,0 ,2,23.00,70000,?,?,?,?,?)
20241112@154614.3810 l610mhf6cr0shnim24t6i62jt7 Query : select 1 valor from information_schema.tables where table_type='base table' and table_name='wstablefields'
20241112@154614.4250 l610mhf6cr0shnim24t6i62jt7 Query : select fieldkey,fieldname,fieldtype,mandatory from wstablefields where tablename = 'fi' and documentnumber = 39
20241112@154614.7800 l610mhf6cr0shnim24t6i62jt7 Query : select 1 valor from information_schema.tables where table_type='base table' and table_name='wstablefields'
20241112@154614.8000 l610mhf6cr0shnim24t6i62jt7 Query : select fieldkey,fieldname,fieldtype,mandatory from wstablefields where tablename = 'fi2' and documentnumber = 39
20241112@154614.8090 l610mhf6cr0shnim24t6i62jt7 Query : select top 1 convert(numeric(6,2),t.taxa) valor from taxasiva t where t.codigo='2'
20241112@154614.8250 l610mhf6cr0shnim24t6i62jt7 Query : select 1 valor from information_schema.tables where table_type='base table' and table_name='wstablefields'
20241112@154614.8420 l610mhf6cr0shnim24t6i62jt7 Query : select fieldkey,fieldname,fieldtype,calcformula from wstablefields where tablename = 'fi2' and documentnumber = 39
20241112@154614.8550 l610mhf6cr0shnim24t6i62jt7 Query : insert into wsfi2data (fi2stamp,ftstamp ,ousrdata, ousrhora, usrdata,usrhora,ousrinis,usrinis) values ('aut67337086796733784614','aut67337114196733784575' ,getdate(),convert(char(8),convert (time,getdate())),getdate(),convert(char(8),convert (time,getdate())),'wsv','wsv')
20241112@154614.8600 l610mhf6cr0shnim24t6i62jt7 Query : select 1 valor from information_schema.tables where table_type='base table' and table_name='wstablefields'
20241112@154614.1010 l610mhf6cr0shnim24t6i62jt7 Query : select fieldkey,fieldname,fieldtype,calcformula from wstablefields where tablename = 'fi' and documentnumber = 39
20241112@154614.1046 l610mhf6cr0shnim24t6i62jt7 Query : insert into wsfidata (fistamp,ousrdata, ousrhora, usrdata,usrhora,ousrinis,usrinis ,qtt ,ftstamp ,epv,pvmoeda ,tabiva,iva,lordem ,ref, design ,armazem) values ('aut67337086796733784614',getdate(),convert(char(8),convert (time,getdate())),getdate(),convert(char(8),convert (time,getdate())),'wsv','wsv',0 ,'aut67337114196733784575' ,0,0 ,2,23.00,80000,?,?,?)
20241112@154614.1335 l610mhf6cr0shnim24t6i62jt7 Query : use flama_phc
20241112@154614.1339 l610mhf6cr0shnim24t6i62jt7 Query : select st.usalote valor from st where st.ref = '324.1879.00.1'
20241112@154614.1359 l610mhf6cr0shnim24t6i62jt7 Query : select top 1 st.tabiva ,st.ivaincl ,st.stns ,st.uni2 ,st.familia ,isnull(tx.taxa, 0) txiva ,unidade ,usalote ,epcpond ,noserie ,conversao ,st.texteis from st left join taxasiva tx on st.tabiva = tx.codigo where st.ref = '324.1879.00.1'
20241112@154614.1373 l610mhf6cr0shnim24t6i62jt7 Query : select 1 valor from information_schema.tables where table_type='base table' and table_name='wstablefields'
20241112@154614.1389 l610mhf6cr0shnim24t6i62jt7 Query : select fieldkey,fieldname,fieldtype,mandatory from wstablefields where tablename = 'fi' and documentnumber = 39
20241112@154614.1415 l610mhf6cr0shnim24t6i62jt7 Query : select 1 valor from information_schema.tables where table_type='base table' and table_name='wstablefields'
20241112@154614.1432 l610mhf6cr0shnim24t6i62jt7 Query : select fieldkey,fieldname,fieldtype,mandatory from wstablefields where tablename = 'fi2' and documentnumber = 39
20241112@154614.1443 l610mhf6cr0shnim24t6i62jt7 Query : select top 1 convert(numeric(6,2),t.taxa) valor from taxasiva t where t.codigo='2'
20241112@154614.1456 l610mhf6cr0shnim24t6i62jt7 Query : select sestamp valor from se where ref ='324.1879.00.1' and lote = 'r2400283200a'
20241112@154614.1470 l610mhf6cr0shnim24t6i62jt7 Query : select 1 valor from information_schema.tables where table_type='base table' and table_name='wstablefields'
20241112@154614.1500 l610mhf6cr0shnim24t6i62jt7 Query : select fieldkey,fieldname,fieldtype,calcformula from wstablefields where tablename = 'fi2' and documentnumber = 39
20241112@154614.1511 l610mhf6cr0shnim24t6i62jt7 Query : insert into wsfi2data (fi2stamp,ftstamp ,ousrdata, ousrhora, usrdata,usrhora,ousrinis,usrinis) values ('aut67337834006733784623','aut67337114196733784575' ,getdate(),convert(char(8),convert (time,getdate())),getdate(),convert(char(8),convert (time,getdate())),'wsv','wsv')
20241112@154614.1516 l610mhf6cr0shnim24t6i62jt7 Query : select 1 valor from information_schema.tables where table_type='base table' and table_name='wstablefields'
20241112@154614.1532 l610mhf6cr0shnim24t6i62jt7 Query : select fieldkey,fieldname,fieldtype,calcformula from wstablefields where tablename = 'fi' and documentnumber = 39
20241112@154614.1562 l610mhf6cr0shnim24t6i62jt7 Query : insert into wsfidata (fistamp,ousrdata, ousrhora, usrdata,usrhora,ousrinis,usrinis ,qtt ,ftstamp ,epv,pvmoeda ,tabiva,iva,lordem ,ref, design ,lote,armazem,bistamp ) values ('aut67337834006733784623',getdate(),convert(char(8),convert (time,getdate())),getdate(),convert(char(8),convert (time,getdate())),'wsv','wsv',20.000 ,'aut67337114196733784575' ,0,0 ,2,23.00,100000,?,?,?,?,?)
20241112@154614.1996 l610mhf6cr0shnim24t6i62jt7 Query : select 1 valor from information_schema.tables where table_type='base table' and table_name='wstablefields'
20241112@154614.2031 l610mhf6cr0shnim24t6i62jt7 Query : select fieldkey,fieldname,fieldtype,mandatory from wstablefields where tablename = 'fi' and documentnumber = 39
20241112@154614.2062 l610mhf6cr0shnim24t6i62jt7 Query : select 1 valor from information_schema.tables where table_type='base table' and table_name='wstablefields'
20241112@154614.2082 l610mhf6cr0shnim24t6i62jt7 Query : select fieldkey,fieldname,fieldtype,mandatory from wstablefields where tablename = 'fi2' and documentnumber = 39
20241112@154614.2094 l610mhf6cr0shnim24t6i62jt7 Query : select top 1 convert(numeric(6,2),t.taxa) valor from taxasiva t where t.codigo='2'
20241112@154614.2109 l610mhf6cr0shnim24t6i62jt7 Query : select 1 valor from information_schema.tables where table_type='base table' and table_name='wstablefields'
20241112@154614.2141 l610mhf6cr0shnim24t6i62jt7 Query : select fieldkey,fieldname,fieldtype,calcformula from wstablefields where tablename = 'fi2' and documentnumber = 39
20241112@154614.2156 l610mhf6cr0shnim24t6i62jt7 Query : insert into wsfi2data (fi2stamp,ftstamp ,ousrdata, ousrhora, usrdata,usrhora,ousrinis,usrinis) values ('aut67337481836733784633','aut67337114196733784575' ,getdate(),convert(char(8),convert (time,getdate())),getdate(),convert(char(8),convert (time,getdate())),'wsv','wsv')
20241112@154614.2162 l610mhf6cr0shnim24t6i62jt7 Query : select 1 valor from information_schema.tables where table_type='base table' and table_name='wstablefields'
20241112@154614.2181 l610mhf6cr0shnim24t6i62jt7 Query : select fieldkey,fieldname,fieldtype,calcformula from wstablefields where tablename = 'fi' and documentnumber = 39
20241112@154614.2213 l610mhf6cr0shnim24t6i62jt7 Query : insert into wsfidata (fistamp,ousrdata, ousrhora, usrdata,usrhora,ousrinis,usrinis ,qtt ,ftstamp ,epv,pvmoeda ,tabiva,iva,lordem ,ref, design ,armazem) values ('aut67337481836733784633',getdate(),convert(char(8),convert (time,getdate())),getdate(),convert(char(8),convert (time,getdate())),'wsv','wsv',0 ,'aut67337114196733784575' ,0,0 ,2,23.00,110000,?,?,?)
20241112@154614.2531 l610mhf6cr0shnim24t6i62jt7 Query : use flama_phc
20241112@154614.2534 l610mhf6cr0shnim24t6i62jt7 Query : select st.usalote valor from st where st.ref = '324.1879.00.1'
20241112@154614.2555 l610mhf6cr0shnim24t6i62jt7 Query : select top 1 st.tabiva ,st.ivaincl ,st.stns ,st.uni2 ,st.familia ,isnull(tx.taxa, 0) txiva ,unidade ,usalote ,epcpond ,noserie ,conversao ,st.texteis from st left join taxasiva tx on st.tabiva = tx.codigo where st.ref = '324.1879.00.1'
20241112@154614.2569 l610mhf6cr0shnim24t6i62jt7 Query : select 1 valor from information_schema.tables where table_type='base table' and table_name='wstablefields'
20241112@154614.2585 l610mhf6cr0shnim24t6i62jt7 Query : select fieldkey,fieldname,fieldtype,mandatory from wstablefields where tablename = 'fi' and documentnumber = 39
20241112@154614.2611 l610mhf6cr0shnim24t6i62jt7 Query : select 1 valor from information_schema.tables where table_type='base table' and table_name='wstablefields'
20241112@154614.2627 l610mhf6cr0shnim24t6i62jt7 Query : select fieldkey,fieldname,fieldtype,mandatory from wstablefields where tablename = 'fi2' and documentnumber = 39
20241112@154614.2636 l610mhf6cr0shnim24t6i62jt7 Query : select top 1 convert(numeric(6,2),t.taxa) valor from taxasiva t where t.codigo='2'
20241112@154614.2649 l610mhf6cr0shnim24t6i62jt7 Query : select sestamp valor from se where ref ='324.1879.00.1' and lote = 'r2400283200a'
20241112@154614.2661 l610mhf6cr0shnim24t6i62jt7 Query : select 1 valor from information_schema.tables where table_type='base table' and table_name='wstablefields'
20241112@154614.2677 l610mhf6cr0shnim24t6i62jt7 Query : select fieldkey,fieldname,fieldtype,calcformula from wstablefields where tablename = 'fi2' and documentnumber = 39
20241112@154614.2689 l610mhf6cr0shnim24t6i62jt7 Query : insert into wsfi2data (fi2stamp,ftstamp ,ousrdata, ousrhora, usrdata,usrhora,ousrinis,usrinis) values ('aut67337297706733784640','aut67337114196733784575' ,getdate(),convert(char(8),convert (time,getdate())),getdate(),convert(char(8),convert (time,getdate())),'wsv','wsv')
20241112@154614.2694 l610mhf6cr0shnim24t6i62jt7 Query : select 1 valor from information_schema.tables where table_type='base table' and table_name='wstablefields'
20241112@154614.2708 l610mhf6cr0shnim24t6i62jt7 Query : select fieldkey,fieldname,fieldtype,calcformula from wstablefields where tablename = 'fi' and documentnumber = 39
20241112@154614.2737 l610mhf6cr0shnim24t6i62jt7 Query : insert into wsfidata (fistamp,ousrdata, ousrhora, usrdata,usrhora,ousrinis,usrinis ,qtt ,ftstamp ,epv,pvmoeda ,tabiva,iva,lordem ,ref, design ,lote,armazem,bistamp ) values ('aut67337297706733784640',getdate(),convert(char(8),convert (time,getdate())),getdate(),convert(char(8),convert (time,getdate())),'wsv','wsv',20.000 ,'aut67337114196733784575' ,0,0 ,2,23.00,130000,?,?,?,?,?)
20241112@154614.3047 l610mhf6cr0shnim24t6i62jt7 Query : select 1 valor from information_schema.tables where table_type='base table' and table_name='wstablefields'
20241112@154614.3064 l610mhf6cr0shnim24t6i62jt7 Query : select fieldkey,fieldname,fieldtype,mandatory from wstablefields where tablename = 'fi' and documentnumber = 39
20241112@154614.3093 l610mhf6cr0shnim24t6i62jt7 Query : select 1 valor from information_schema.tables where table_type='base table' and table_name='wstablefields'
20241112@154614.3112 l610mhf6cr0shnim24t6i62jt7 Query : select fieldkey,fieldname,fieldtype,mandatory from wstablefields where tablename = 'fi2' and documentnumber = 39
20241112@154614.3122 l610mhf6cr0shnim24t6i62jt7 Query : select top 1 convert(numeric(6,2),t.taxa) valor from taxasiva t where t.codigo='2'
20241112@154614.3142 l610mhf6cr0shnim24t6i62jt7 Query : select 1 valor from information_schema.tables where table_type='base table' and table_name='wstablefields'
20241112@154614.3160 l610mhf6cr0shnim24t6i62jt7 Query : select fieldkey,fieldname,fieldtype,calcformula from wstablefields where tablename = 'fi2' and documentnumber = 39
20241112@154614.3174 l610mhf6cr0shnim24t6i62jt7 Query : insert into wsfi2data (fi2stamp,ftstamp ,ousrdata, ousrhora, usrdata,usrhora,ousrinis,usrinis) values ('aut6733782264673378464c','aut67337114196733784575' ,getdate(),convert(char(8),convert (time,getdate())),getdate(),convert(char(8),convert (time,getdate())),'wsv','wsv')
20241112@154614.3179 l610mhf6cr0shnim24t6i62jt7 Query : select 1 valor from information_schema.tables where table_type='base table' and table_name='wstablefields'
20241112@154614.3198 l610mhf6cr0shnim24t6i62jt7 Query : select fieldkey,fieldname,fieldtype,calcformula from wstablefields where tablename = 'fi' and documentnumber = 39
20241112@154614.3233 l610mhf6cr0shnim24t6i62jt7 Query : insert into wsfidata (fistamp,ousrdata, ousrhora, usrdata,usrhora,ousrinis,usrinis ,qtt ,ftstamp ,epv,pvmoeda ,tabiva,iva,lordem ,ref, design ,armazem) values ('aut6733782264673378464c',getdate(),convert(char(8),convert (time,getdate())),getdate(),convert(char(8),convert (time,getdate())),'wsv','wsv',0 ,'aut67337114196733784575' ,0,0 ,2,23.00,140000,?,?,?)
20241112@154614.3644 l610mhf6cr0shnim24t6i62jt7 Query : use flama_phc
20241112@154614.3648 l610mhf6cr0shnim24t6i62jt7 Query : select st.usalote valor from st where st.ref = '324.1879.00.1'
20241112@154614.3680 l610mhf6cr0shnim24t6i62jt7 Query : select top 1 st.tabiva ,st.ivaincl ,st.stns ,st.uni2 ,st.familia ,isnull(tx.taxa, 0) txiva ,unidade ,usalote ,epcpond ,noserie ,conversao ,st.texteis from st left join taxasiva tx on st.tabiva = tx.codigo where st.ref = '324.1879.00.1'
20241112@154614.3697 l610mhf6cr0shnim24t6i62jt7 Query : select 1 valor from information_schema.tables where table_type='base table' and table_name='wstablefields'
20241112@154614.3717 l610mhf6cr0shnim24t6i62jt7 Query : select fieldkey,fieldname,fieldtype,mandatory from wstablefields where tablename = 'fi' and documentnumber = 39
20241112@154614.3747 l610mhf6cr0shnim24t6i62jt7 Query : select 1 valor from information_schema.tables where table_type='base table' and table_name='wstablefields'
20241112@154614.3761 l610mhf6cr0shnim24t6i62jt7 Query : select fieldkey,fieldname,fieldtype,mandatory from wstablefields where tablename = 'fi2' and documentnumber = 39
20241112@154614.3770 l610mhf6cr0shnim24t6i62jt7 Query : select top 1 convert(numeric(6,2),t.taxa) valor from taxasiva t where t.codigo='2'
20241112@154614.3783 l610mhf6cr0shnim24t6i62jt7 Query : select sestamp valor from se where ref ='324.1879.00.1' and lote = 'r2400283200a'
20241112@154614.3796 l610mhf6cr0shnim24t6i62jt7 Query : select 1 valor from information_schema.tables where table_type='base table' and table_name='wstablefields'
20241112@154614.3811 l610mhf6cr0shnim24t6i62jt7 Query : select fieldkey,fieldname,fieldtype,calcformula from wstablefields where tablename = 'fi2' and documentnumber = 39
20241112@154614.3824 l610mhf6cr0shnim24t6i62jt7 Query : insert into wsfi2data (fi2stamp,ftstamp ,ousrdata, ousrhora, usrdata,usrhora,ousrinis,usrinis) values ('aut6733751185673378465c','aut67337114196733784575' ,getdate(),convert(char(8),convert (time,getdate())),getdate(),convert(char(8),convert (time,getdate())),'wsv','wsv')
20241112@154614.3834 l610mhf6cr0shnim24t6i62jt7 Query : select 1 valor from information_schema.tables where table_type='base table' and table_name='wstablefields'
20241112@154614.3851 l610mhf6cr0shnim24t6i62jt7 Query : select fieldkey,fieldname,fieldtype,calcformula from wstablefields where tablename = 'fi' and documentnumber = 39
20241112@154614.3885 l610mhf6cr0shnim24t6i62jt7 Query : insert into wsfidata (fistamp,ousrdata, ousrhora, usrdata,usrhora,ousrinis,usrinis ,qtt ,ftstamp ,epv,pvmoeda ,tabiva,iva,lordem ,ref, design ,lote,armazem,bistamp ) values ('aut6733751185673378465c',getdate(),convert(char(8),convert (time,getdate())),getdate(),convert(char(8),convert (time,getdate())),'wsv','wsv',20.000 ,'aut67337114196733784575' ,0,0 ,2,23.00,160000,?,?,?,?,?)
20241112@154614.4199 l610mhf6cr0shnim24t6i62jt7 Query : select 1 valor from information_schema.tables where table_type='base table' and table_name='wstablefields'
20241112@154614.4222 l610mhf6cr0shnim24t6i62jt7 Query : select fieldkey,fieldname,fieldtype,mandatory from wstablefields where tablename = 'fi' and documentnumber = 39
20241112@154614.4249 l610mhf6cr0shnim24t6i62jt7 Query : select 1 valor from information_schema.tables where table_type='base table' and table_name='wstablefields'
20241112@154614.4266 l610mhf6cr0shnim24t6i62jt7 Query : select fieldkey,fieldname,fieldtype,mandatory from wstablefields where tablename = 'fi2' and documentnumber = 39
20241112@154614.4276 l610mhf6cr0shnim24t6i62jt7 Query : select top 1 convert(numeric(6,2),t.taxa) valor from taxasiva t where t.codigo='2'
20241112@154614.4291 l610mhf6cr0shnim24t6i62jt7 Query : select 1 valor from information_schema.tables where table_type='base table' and table_name='wstablefields'
20241112@154614.4311 l610mhf6cr0shnim24t6i62jt7 Query : select fieldkey,fieldname,fieldtype,calcformula from wstablefields where tablename = 'fi2' and documentnumber = 39
20241112@154614.4327 l610mhf6cr0shnim24t6i62jt7 Query : insert into wsfi2data (fi2stamp,ftstamp ,ousrdata, ousrhora, usrdata,usrhora,ousrinis,usrinis) values ('aut67337625016733784668','aut67337114196733784575' ,getdate(),convert(char(8),convert (time,getdate())),getdate(),convert(char(8),convert (time,getdate())),'wsv','wsv')
20241112@154614.4333 l610mhf6cr0shnim24t6i62jt7 Query : select 1 valor from information_schema.tables where table_type='base table' and table_name='wstablefields'
20241112@154614.4351 l610mhf6cr0shnim24t6i62jt7 Query : select fieldkey,fieldname,fieldtype,calcformula from wstablefields where tablename = 'fi' and documentnumber = 39
20241112@154614.4385 l610mhf6cr0shnim24t6i62jt7 Query : insert into wsfidata (fistamp,ousrdata, ousrhora, usrdata,usrhora,ousrinis,usrinis ,qtt ,ftstamp ,epv,pvmoeda ,tabiva,iva,lordem ,ref, design ,armazem) values ('aut67337625016733784668',getdate(),convert(char(8),convert (time,getdate())),getdate(),convert(char(8),convert (time,getdate())),'wsv','wsv',0 ,'aut67337114196733784575' ,0,0 ,2,23.00,170000,?,?,?)
20241112@154614.4671 l610mhf6cr0shnim24t6i62jt7 Query : use flama_phc
20241112@154614.4675 l610mhf6cr0shnim24t6i62jt7 Query : select st.usalote valor from st where st.ref = '324.1879.00.1'
20241112@154614.4700 l610mhf6cr0shnim24t6i62jt7 Query : select top 1 st.tabiva ,st.ivaincl ,st.stns ,st.uni2 ,st.familia ,isnull(tx.taxa, 0) txiva ,unidade ,usalote ,epcpond ,noserie ,conversao ,st.texteis from st left join taxasiva tx on st.tabiva = tx.codigo where st.ref = '324.1879.00.1'
20241112@154614.4716 l610mhf6cr0shnim24t6i62jt7 Query : select 1 valor from information_schema.tables where table_type='base table' and table_name='wstablefields'
20241112@154614.4735 l610mhf6cr0shnim24t6i62jt7 Query : select fieldkey,fieldname,fieldtype,mandatory from wstablefields where tablename = 'fi' and documentnumber = 39
20241112@154614.4763 l610mhf6cr0shnim24t6i62jt7 Query : select 1 valor from information_schema.tables where table_type='base table' and table_name='wstablefields'
20241112@154614.4781 l610mhf6cr0shnim24t6i62jt7 Query : select fieldkey,fieldname,fieldtype,mandatory from wstablefields where tablename = 'fi2' and documentnumber = 39
20241112@154614.4791 l610mhf6cr0shnim24t6i62jt7 Query : select top 1 convert(numeric(6,2),t.taxa) valor from taxasiva t where t.codigo='2'
20241112@154614.4804 l610mhf6cr0shnim24t6i62jt7 Query : select sestamp valor from se where ref ='324.1879.00.1' and lote = 'r2400283200a'
20241112@154614.4818 l610mhf6cr0shnim24t6i62jt7 Query : select 1 valor from information_schema.tables where table_type='base table' and table_name='wstablefields'
20241112@154614.4835 l610mhf6cr0shnim24t6i62jt7 Query : select fieldkey,fieldname,fieldtype,calcformula from wstablefields where tablename = 'fi2' and documentnumber = 39
20241112@154614.4849 l610mhf6cr0shnim24t6i62jt7 Query : insert into wsfi2data (fi2stamp,ftstamp ,ousrdata, ousrhora, usrdata,usrhora,ousrinis,usrinis) values ('aut67337304776733784675','aut67337114196733784575' ,getdate(),convert(char(8),convert (time,getdate())),getdate(),convert(char(8),convert (time,getdate())),'wsv','wsv')
20241112@154614.4854 l610mhf6cr0shnim24t6i62jt7 Query : select 1 valor from information_schema.tables where table_type='base table' and table_name='wstablefields'
20241112@154614.4871 l610mhf6cr0shnim24t6i62jt7 Query : select fieldkey,fieldname,fieldtype,calcformula from wstablefields where tablename = 'fi' and documentnumber = 39
20241112@154614.4903 l610mhf6cr0shnim24t6i62jt7 Query : insert into wsfidata (fistamp,ousrdata, ousrhora, usrdata,usrhora,ousrinis,usrinis ,qtt ,ftstamp ,epv,pvmoeda ,tabiva,iva,lordem ,ref, design ,lote,armazem,bistamp ) values ('aut67337304776733784675',getdate(),convert(char(8),convert (time,getdate())),getdate(),convert(char(8),convert (time,getdate())),'wsv','wsv',20.000 ,'aut67337114196733784575' ,0,0 ,2,23.00,190000,?,?,?,?,?)
20241112@154614.5194 l610mhf6cr0shnim24t6i62jt7 Query : select 1 valor from information_schema.tables where table_type='base table' and table_name='wstablefields'
20241112@154614.5211 l610mhf6cr0shnim24t6i62jt7 Query : select fieldkey,fieldname,fieldtype,mandatory from wstablefields where tablename = 'fi' and documentnumber = 39
20241112@154614.5239 l610mhf6cr0shnim24t6i62jt7 Query : select 1 valor from information_schema.tables where table_type='base table' and table_name='wstablefields'
20241112@154614.5254 l610mhf6cr0shnim24t6i62jt7 Query : select fieldkey,fieldname,fieldtype,mandatory from wstablefields where tablename = 'fi2' and documentnumber = 39
20241112@154614.5263 l610mhf6cr0shnim24t6i62jt7 Query : select top 1 convert(numeric(6,2),t.taxa) valor from taxasiva t where t.codigo='2'
20241112@154614.5278 l610mhf6cr0shnim24t6i62jt7 Query : select 1 valor from information_schema.tables where table_type='base table' and table_name='wstablefields'
20241112@154614.5296 l610mhf6cr0shnim24t6i62jt7 Query : select fieldkey,fieldname,fieldtype,calcformula from wstablefields where tablename = 'fi2' and documentnumber = 39
20241112@154614.5308 l610mhf6cr0shnim24t6i62jt7 Query : insert into wsfi2data (fi2stamp,ftstamp ,ousrdata, ousrhora, usrdata,usrhora,ousrinis,usrinis) values ('aut67337266736733784680','aut67337114196733784575' ,getdate(),convert(char(8),convert (time,getdate())),getdate(),convert(char(8),convert (time,getdate())),'wsv','wsv')
20241112@154614.5312 l610mhf6cr0shnim24t6i62jt7 Query : select 1 valor from information_schema.tables where table_type='base table' and table_name='wstablefields'
20241112@154614.5329 l610mhf6cr0shnim24t6i62jt7 Query : select fieldkey,fieldname,fieldtype,calcformula from wstablefields where tablename = 'fi' and documentnumber = 39
20241112@154614.5357 l610mhf6cr0shnim24t6i62jt7 Query : insert into wsfidata (fistamp,ousrdata, ousrhora, usrdata,usrhora,ousrinis,usrinis ,qtt ,ftstamp ,epv,pvmoeda ,tabiva,iva,lordem ,ref, design ,armazem) values ('aut67337266736733784680',getdate(),convert(char(8),convert (time,getdate())),getdate(),convert(char(8),convert (time,getdate())),'wsv','wsv',0 ,'aut67337114196733784575' ,0,0 ,2,23.00,200000,?,?,?)
20241112@154614.6006 l610mhf6cr0shnim24t6i62jt7 Query : use flama_phc
20241112@154614.6012 l610mhf6cr0shnim24t6i62jt7 Query : select st.usalote valor from st where st.ref = '324.1879.00.1'
20241112@154614.6035 l610mhf6cr0shnim24t6i62jt7 Query : select top 1 st.tabiva ,st.ivaincl ,st.stns ,st.uni2 ,st.familia ,isnull(tx.taxa, 0) txiva ,unidade ,usalote ,epcpond ,noserie ,conversao ,st.texteis from st left join taxasiva tx on st.tabiva = tx.codigo where st.ref = '324.1879.00.1'
20241112@154614.6049 l610mhf6cr0shnim24t6i62jt7 Query : select 1 valor from information_schema.tables where table_type='base table' and table_name='wstablefields'
20241112@154614.6064 l610mhf6cr0shnim24t6i62jt7 Query : select fieldkey,fieldname,fieldtype,mandatory from wstablefields where tablename = 'fi' and documentnumber = 39
20241112@154614.6093 l610mhf6cr0shnim24t6i62jt7 Query : select 1 valor from information_schema.tables where table_type='base table' and table_name='wstablefields'
20241112@154614.6108 l610mhf6cr0shnim24t6i62jt7 Query : select fieldkey,fieldname,fieldtype,mandatory from wstablefields where tablename = 'fi2' and documentnumber = 39
20241112@154614.6118 l610mhf6cr0shnim24t6i62jt7 Query : select top 1 convert(numeric(6,2),t.taxa) valor from taxasiva t where t.codigo='2'
20241112@154614.6133 l610mhf6cr0shnim24t6i62jt7 Query : select sestamp valor from se where ref ='324.1879.00.1' and lote = 'r2400283200a'
20241112@154614.6148 l610mhf6cr0shnim24t6i62jt7 Query : select 1 valor from information_schema.tables where table_type='base table' and table_name='wstablefields'
20241112@154614.6163 l610mhf6cr0shnim24t6i62jt7 Query : select fieldkey,fieldname,fieldtype,calcformula from wstablefields where tablename = 'fi2' and documentnumber = 39
20241112@154614.6176 l610mhf6cr0shnim24t6i62jt7 Query : insert into wsfi2data (fi2stamp,ftstamp ,ousrdata, ousrhora, usrdata,usrhora,ousrinis,usrinis) values ('aut67337192796733784696','aut67337114196733784575' ,getdate(),convert(char(8),convert (time,getdate())),getdate(),convert(char(8),convert (time,getdate())),'wsv','wsv')
20241112@154614.6180 l610mhf6cr0shnim24t6i62jt7 Query : select 1 valor from information_schema.tables where table_type='base table' and table_name='wstablefields'
20241112@154614.6197 l610mhf6cr0shnim24t6i62jt7 Query : select fieldkey,fieldname,fieldtype,calcformula from wstablefields where tablename = 'fi' and documentnumber = 39
20241112@154614.6229 l610mhf6cr0shnim24t6i62jt7 Query : insert into wsfidata (fistamp,ousrdata, ousrhora, usrdata,usrhora,ousrinis,usrinis ,qtt ,ftstamp ,epv,pvmoeda ,tabiva,iva,lordem ,ref, design ,lote,armazem,bistamp ) values ('aut67337192796733784696',getdate(),convert(char(8),convert (time,getdate())),getdate(),convert(char(8),convert (time,getdate())),'wsv','wsv',1.000 ,'aut67337114196733784575' ,0,0 ,2,23.00,220000,?,?,?,?,?)
20241112@154614.6565 l610mhf6cr0shnim24t6i62jt7 Query : select 1 valor from information_schema.tables where table_type='base table' and table_name='wstablefields'
20241112@154614.6586 l610mhf6cr0shnim24t6i62jt7 Query : select fieldkey,fieldname,fieldtype,mandatory from wstablefields where tablename = 'fi' and documentnumber = 39
20241112@154614.6615 l610mhf6cr0shnim24t6i62jt7 Query : select 1 valor from information_schema.tables where table_type='base table' and table_name='wstablefields'
20241112@154614.6632 l610mhf6cr0shnim24t6i62jt7 Query : select fieldkey,fieldname,fieldtype,mandatory from wstablefields where tablename = 'fi2' and documentnumber = 39
20241112@154614.6641 l610mhf6cr0shnim24t6i62jt7 Query : select top 1 convert(numeric(6,2),t.taxa) valor from taxasiva t where t.codigo='2'
20241112@154614.6654 l610mhf6cr0shnim24t6i62jt7 Query : select 1 valor from information_schema.tables where table_type='base table' and table_name='wstablefields'
20241112@154614.6670 l610mhf6cr0shnim24t6i62jt7 Query : select fieldkey,fieldname,fieldtype,calcformula from wstablefields where tablename = 'fi2' and documentnumber = 39
20241112@154614.6683 l610mhf6cr0shnim24t6i62jt7 Query : insert into wsfi2data (fi2stamp,ftstamp ,ousrdata, ousrhora, usrdata,usrhora,ousrinis,usrinis) values ('aut673378721967337846a2','aut67337114196733784575' ,getdate(),convert(char(8),convert (time,getdate())),getdate(),convert(char(8),convert (time,getdate())),'wsv','wsv')
20241112@154614.6687 l610mhf6cr0shnim24t6i62jt7 Query : select 1 valor from information_schema.tables where table_type='base table' and table_name='wstablefields'
20241112@154614.6709 l610mhf6cr0shnim24t6i62jt7 Query : select fieldkey,fieldname,fieldtype,calcformula from wstablefields where tablename = 'fi' and documentnumber = 39
20241112@154614.6745 l610mhf6cr0shnim24t6i62jt7 Query : insert into wsfidata (fistamp,ousrdata, ousrhora, usrdata,usrhora,ousrinis,usrinis ,qtt ,ftstamp ,epv,pvmoeda ,tabiva,iva,lordem ,ref, design ,armazem) values ('aut673378721967337846a2',getdate(),convert(char(8),convert (time,getdate())),getdate(),convert(char(8),convert (time,getdate())),'wsv','wsv',0 ,'aut67337114196733784575' ,0,0 ,2,23.00,230000,?,?,?)
20241112@154614.7020 l610mhf6cr0shnim24t6i62jt7 Query : use flama_phc
20241112@154614.7025 l610mhf6cr0shnim24t6i62jt7 Query : select st.usalote valor from st where st.ref = '324.1879.00.1'
20241112@154614.7052 l610mhf6cr0shnim24t6i62jt7 Query : select top 1 st.tabiva ,st.ivaincl ,st.stns ,st.uni2 ,st.familia ,isnull(tx.taxa, 0) txiva ,unidade ,usalote ,epcpond ,noserie ,conversao ,st.texteis from st left join taxasiva tx on st.tabiva = tx.codigo where st.ref = '324.1879.00.1'
20241112@154614.7069 l610mhf6cr0shnim24t6i62jt7 Query : select 1 valor from information_schema.tables where table_type='base table' and table_name='wstablefields'
20241112@154614.7099 l610mhf6cr0shnim24t6i62jt7 Query : select fieldkey,fieldname,fieldtype,mandatory from wstablefields where tablename = 'fi' and documentnumber = 39
20241112@154614.7131 l610mhf6cr0shnim24t6i62jt7 Query : select 1 valor from information_schema.tables where table_type='base table' and table_name='wstablefields'
20241112@154614.7148 l610mhf6cr0shnim24t6i62jt7 Query : select fieldkey,fieldname,fieldtype,mandatory from wstablefields where tablename = 'fi2' and documentnumber = 39
20241112@154614.7156 l610mhf6cr0shnim24t6i62jt7 Query : select top 1 convert(numeric(6,2),t.taxa) valor from taxasiva t where t.codigo='2'
20241112@154614.7169 l610mhf6cr0shnim24t6i62jt7 Query : select sestamp valor from se where ref ='324.1879.00.1' and lote = 'r2400283200a'
20241112@154614.7184 l610mhf6cr0shnim24t6i62jt7 Query : select 1 valor from information_schema.tables where table_type='base table' and table_name='wstablefields'
20241112@154614.7201 l610mhf6cr0shnim24t6i62jt7 Query : select fieldkey,fieldname,fieldtype,calcformula from wstablefields where tablename = 'fi2' and documentnumber = 39
20241112@154614.7212 l610mhf6cr0shnim24t6i62jt7 Query : insert into wsfi2data (fi2stamp,ftstamp ,ousrdata, ousrhora, usrdata,usrhora,ousrinis,usrinis) values ('aut673370338867337846af','aut67337114196733784575' ,getdate(),convert(char(8),convert (time,getdate())),getdate(),convert(char(8),convert (time,getdate())),'wsv','wsv')
20241112@154614.7217 l610mhf6cr0shnim24t6i62jt7 Query : select 1 valor from information_schema.tables where table_type='base table' and table_name='wstablefields'
20241112@154614.7233 l610mhf6cr0shnim24t6i62jt7 Query : select fieldkey,fieldname,fieldtype,calcformula from wstablefields where tablename = 'fi' and documentnumber = 39
20241112@154614.7264 l610mhf6cr0shnim24t6i62jt7 Query : insert into wsfidata (fistamp,ousrdata, ousrhora, usrdata,usrhora,ousrinis,usrinis ,qtt ,ftstamp ,epv,pvmoeda ,tabiva,iva,lordem ,ref, design ,lote,armazem,bistamp ) values ('aut673370338867337846af',getdate(),convert(char(8),convert (time,getdate())),getdate(),convert(char(8),convert (time,getdate())),'wsv','wsv',9.000 ,'aut67337114196733784575' ,0,0 ,2,23.00,250000,?,?,?,?,?)
20241112@154614.7559 l610mhf6cr0shnim24t6i62jt7 Query : select 1 valor from information_schema.tables where table_type='base table' and table_name='wstablefields'
20241112@154614.7580 l610mhf6cr0shnim24t6i62jt7 Query : select fieldkey,fieldname,fieldtype,mandatory from wstablefields where tablename = 'fi' and documentnumber = 39
20241112@154614.7609 l610mhf6cr0shnim24t6i62jt7 Query : select 1 valor from information_schema.tables where table_type='base table' and table_name='wstablefields'
20241112@154614.7626 l610mhf6cr0shnim24t6i62jt7 Query : select fieldkey,fieldname,fieldtype,mandatory from wstablefields where tablename = 'fi2' and documentnumber = 39
20241112@154614.7638 l610mhf6cr0shnim24t6i62jt7 Query : select top 1 convert(numeric(6,2),t.taxa) valor from taxasiva t where t.codigo='2'
20241112@154614.7654 l610mhf6cr0shnim24t6i62jt7 Query : select 1 valor from information_schema.tables where table_type='base table' and table_name='wstablefields'
20241112@154614.7671 l610mhf6cr0shnim24t6i62jt7 Query : select fieldkey,fieldname,fieldtype,calcformula from wstablefields where tablename = 'fi2' and documentnumber = 39
20241112@154614.7720 l610mhf6cr0shnim24t6i62jt7 Query : insert into wsfi2data (fi2stamp,ftstamp ,ousrdata, ousrhora, usrdata,usrhora,ousrinis,usrinis) values ('aut673377245367337846ba','aut67337114196733784575' ,getdate(),convert(char(8),convert (time,getdate())),getdate(),convert(char(8),convert (time,getdate())),'wsv','wsv')
20241112@154614.7730 l610mhf6cr0shnim24t6i62jt7 Query : select 1 valor from information_schema.tables where table_type='base table' and table_name='wstablefields'
20241112@154614.7754 l610mhf6cr0shnim24t6i62jt7 Query : select fieldkey,fieldname,fieldtype,calcformula from wstablefields where tablename = 'fi' and documentnumber = 39
20241112@154614.7789 l610mhf6cr0shnim24t6i62jt7 Query : insert into wsfidata (fistamp,ousrdata, ousrhora, usrdata,usrhora,ousrinis,usrinis ,qtt ,ftstamp ,epv,pvmoeda ,tabiva,iva,lordem ,ref, design ,armazem) values ('aut673377245367337846ba',getdate(),convert(char(8),convert (time,getdate())),getdate(),convert(char(8),convert (time,getdate())),'wsv','wsv',0 ,'aut67337114196733784575' ,0,0 ,2,23.00,260000,?,?,?)
20241112@154614.8065 l610mhf6cr0shnim24t6i62jt7 Query : insert into wsftcreationlog (initialftstamp,externalid,creationstatus,documenttypeid,idustamp) values ('aut67337114196733784575','2407465','wait',39,'adm09112754980.682000002')
20241112@154614.8145 l610mhf6cr0shnim24t6i62jt7 Query : use flama_phc
20241112@154614.8149 l610mhf6cr0shnim24t6i62jt7 Query : update u_wsusers set rqsttoken =? where userid ='userls001'
20241112@154614.8181 l610mhf6cr0shnim24t6i62jt7 Query : select concat(rtrim(relative_path),ltrim(name_new)) as valor from uploadfiles where uploadfile_id='3265';
20241112@154614.8238 l610mhf6cr0shnim24t6i62jt7 Query : update uploadfiles set whenupdated=current_timestamp where uploadfile_id='3265';
20241112@154614.8299 l610mhf6cr0shnim24t6i62jt7 Query : select concat(rtrim(relative_path),ltrim(name_new)) as valor from uploadfiles where uploadfile_id='3265';
20241112@154614.8348 l610mhf6cr0shnim24t6i62jt7 Query : update uploadfiles set whenupdated=current_timestamp where uploadfile_id='3265';
20241112@154614.8840 98jeeg5no0fpcokgp26ann0bun Query : insert into uploadfiles ( name_original, name_new, option_type, relative_path, whencreated ) values ( ?, ?, ?, ?, getdate() )
20241112@154614.8854 98jeeg5no0fpcokgp26ann0bun Query : select uploadfile_id valor from uploadfiles where name_new = ? and option_type = ? 
20241112@154614.8928 98jeeg5no0fpcokgp26ann0bun Query : select concat(rtrim(relative_path),ltrim(name_new)) as valor from uploadfiles where uploadfile_id='3266';
20241112@154614.8996 98jeeg5no0fpcokgp26ann0bun Query : update uploadfiles set whenupdated=current_timestamp where uploadfile_id='3266';
20241112@154614.9889 98jeeg5no0fpcokgp26ann0bun Query : select concat(rtrim(relative_path),ltrim(name_new)) as valor from uploadfiles where uploadfile_id='3266';
20241112@154614.9928 98jeeg5no0fpcokgp26ann0bun Query : update uploadfiles set whenupdated=current_timestamp where uploadfile_id='3266';
20241112@154615.6560 98jeeg5no0fpcokgp26ann0bun Query : use flama_phc
20241112@154615.6620 98jeeg5no0fpcokgp26ann0bun Query : select top 1 secretkey valor from u_wsusers u where u.userid = ? and u.inactivo=0
20241112@154615.7370 98jeeg5no0fpcokgp26ann0bun Query : use flama_phc
20241112@154615.7410 98jeeg5no0fpcokgp26ann0bun Query : select no, estab,szadrsdesc from szadrs where u_coddest=6737
20241112@154615.8280 98jeeg5no0fpcokgp26ann0bun Query : select top 1 isnull(design,'') valor from st (nolock) left join stobs (nolock) on st.ref = stobs.ref where st.ref = '327.8410.00.1'
20241112@154615.1043 98jeeg5no0fpcokgp26ann0bun Query : select top 1 bistamp valor from bi inner join bo on bo.bostamp=bi.bostamp where bo.ndos =240 and bo.boano =2074 and bo.obrano = 2407466 and bi.ref ='327.8410.00.1' and bi.lordem =1
20241112@154615.1399 98jeeg5no0fpcokgp26ann0bun Query : select top 1 isnull(design,'') valor from st (nolock) left join stobs (nolock) on st.ref = stobs.ref where st.ref = '327.8410.00.1'
20241112@154615.1423 98jeeg5no0fpcokgp26ann0bun Query : select top 1 bistamp valor from bi inner join bo on bo.bostamp=bi.bostamp where bo.ndos =240 and bo.boano =2074 and bo.obrano = 2407466 and bi.ref ='327.8410.00.1' and bi.lordem =1
20241112@154615.1462 98jeeg5no0fpcokgp26ann0bun Query : use flama_phc
20241112@154615.1467 98jeeg5no0fpcokgp26ann0bun Query : select top 1 convert(date,fdata) valor from ft where ndoc = 39 and anulado= 0 and fno>0 order by fdata desc
20241112@154615.1501 98jeeg5no0fpcokgp26ann0bun Query : use flama_phc
20241112@154615.1505 98jeeg5no0fpcokgp26ann0bun Query : select top 1 1 valor from td where td.ndoc = 39
20241112@154615.1540 98jeeg5no0fpcokgp26ann0bun Query : use flama_phc
20241112@154615.1544 98jeeg5no0fpcokgp26ann0bun Query : select lower(descricao) descricao ,case when valor='s' then 1 else 0 end valor from para1 where descricao in ('st_lote','st_usalogifunc', 'st_grelha')
20241112@154615.1577 98jeeg5no0fpcokgp26ann0bun Query : select top 1 manternumero ,assinadoc issigned ,tiposaft ,assinaimp ,nmdos ,td.assinadoc ,'cl' origin ,lancasl stocks ,case when cmsl<50 and td.lancasl=1 then 1 else 0 end entrada ,case when cmsl>50 and td.lancasl=1 then 1 else 0 end saida ,temserie assets ,~semgre usegridfields from td inner join td2 on td.tdstamp=td2.td2stamp where td.ndoc = 1
20241112@154615.1617 98jeeg5no0fpcokgp26ann0bun Query : use flama_phc
20241112@154615.1620 98jeeg5no0fpcokgp26ann0bun Query : select top 1 ~inactivo valor from cl where no = '100810' and estab = 0 order by inactivo desc
20241112@154615.1653 98jeeg5no0fpcokgp26ann0bun Query : use flama_phc
20241112@154615.1657 98jeeg5no0fpcokgp26ann0bun Query : select top 1 tipodoc,regrd from td where ndoc = 39
20241112@154615.1701 98jeeg5no0fpcokgp26ann0bun Query : use flama_phc
20241112@154615.1705 98jeeg5no0fpcokgp26ann0bun Query : select szadrsstamp valor from szadrs where szadrsdesc='espaÇotrans,lda'
20241112@154615.1856 98jeeg5no0fpcokgp26ann0bun Query : use flama_phc
20241112@154615.1898 98jeeg5no0fpcokgp26ann0bun Query : select szadrsstamp valor from szadrs where szadrsdesc='100810 - worten-plaza large formats rainha'
20241112@154615.2327 98jeeg5no0fpcokgp26ann0bun Query : use flama_phc
20241112@154615.2330 98jeeg5no0fpcokgp26ann0bun Query : select 1 valor from td where ndoc = 39
20241112@154615.2452 98jeeg5no0fpcokgp26ann0bun Query : select top 1 manternumero, tiposaft, nmdos,td.assinadoc from td where td.ndoc = 39
20241112@154615.2473 98jeeg5no0fpcokgp26ann0bun Query : select 1 valor from information_schema.tables where table_type='base table' and table_name='wstablefields'
20241112@154615.2492 98jeeg5no0fpcokgp26ann0bun Query : select fieldkey,fieldname,fieldtype,mandatory from wstablefields where tablename = 'ft' and documentnumber = 39
20241112@154615.2515 98jeeg5no0fpcokgp26ann0bun Query : select 1 valor from information_schema.tables where table_type='base table' and table_name='wstablefields'
20241112@154615.2569 98jeeg5no0fpcokgp26ann0bun Query : select fieldkey,fieldname,fieldtype,mandatory from wstablefields where tablename = 'ft2' and documentnumber = 39
20241112@154615.2602 98jeeg5no0fpcokgp26ann0bun Query : select 1 valor from information_schema.tables where table_type='base table' and table_name='wstablefields'
20241112@154615.2619 98jeeg5no0fpcokgp26ann0bun Query : select fieldkey,fieldname,fieldtype,mandatory from wstablefields where tablename = 'ft3' and documentnumber = 39
20241112@154615.2634 98jeeg5no0fpcokgp26ann0bun Query : select top 1 ft.fno valor from ft ft where ft.ndoc = 39 and ftano=2024 order by fno desc
20241112@154615.2699 98jeeg5no0fpcokgp26ann0bun Query : select top 1 ft.fno valor from wsftdata ft where ft.ndoc = 39 and ftano=2024 order by fno desc
20241112@154615.2714 98jeeg5no0fpcokgp26ann0bun Query : select 1 valor from information_schema.tables where table_type='base table' and table_name='wstablefields'
20241112@154615.2732 98jeeg5no0fpcokgp26ann0bun Query : select fieldkey,fieldname,fieldtype,calcformula from wstablefields where tablename = 'ft3' and documentnumber = 39
20241112@154615.2751 98jeeg5no0fpcokgp26ann0bun Query : insert into wsft3data (ft3stamp, ousrdata, ousrhora, usrdata,usrhora,ousrinis,usrinis,taxpointdt ) values ('aut67337320456733784740' ,getdate(),convert(char(8),convert (time,getdate())),getdate(),convert(char(8),convert (time,getdate())),'wsv','wsv',?)
20241112@154615.2952 98jeeg5no0fpcokgp26ann0bun Query : select 1 valor from information_schema.tables where table_type='base table' and table_name='wstablefields'
20241112@154615.2974 98jeeg5no0fpcokgp26ann0bun Query : select fieldkey,fieldname,fieldtype,calcformula from wstablefields where tablename = 'ft2' and documentnumber = 39
20241112@154615.3016 98jeeg5no0fpcokgp26ann0bun Query : select top 1 bo.u_nomeenv valor from bo where bo.bostamp=''
20241112@154615.3033 98jeeg5no0fpcokgp26ann0bun Query : select top 1 bo.u_moradaen valor from bo where bo.bostamp=''
20241112@154615.3047 98jeeg5no0fpcokgp26ann0bun Query : select top 1 bo.u_codposen valor from bo where bo.bostamp=''
20241112@154615.3061 98jeeg5no0fpcokgp26ann0bun Query : select top 1 bo.u_localenv valor from bo where bo.bostamp=''
20241112@154615.3076 98jeeg5no0fpcokgp26ann0bun Query : select top 1 bo.trab5 valor from bo where bo.bostamp=''
20241112@154615.3092 98jeeg5no0fpcokgp26ann0bun Query : select top 1 bo.serie valor from bo where bo.bostamp=''
20241112@154615.3110 98jeeg5no0fpcokgp26ann0bun Query : insert into wsft2data (ft2stamp, ousrdata,ousrhora, usrdata,usrhora,ousrinis,usrinis,u_nomeenv ,u_moradaen ,u_codposen ,u_localenv ,u_coddest ,u_codby ) values ('aut67337320456733784740',getdate(),convert(char(8),convert (time,getdate())),getdate(),convert(char(8),convert (time,getdate())),'wsv','wsv',?,?,?,?,?,?)
20241112@154615.3647 98jeeg5no0fpcokgp26ann0bun Query : select top 1 fno valor from wsftdata order by fno desc
20241112@154615.5558 98jeeg5no0fpcokgp26ann0bun Query : select 1 valor from information_schema.tables where table_type='base table' and table_name='wstablefields'
20241112@154615.5577 98jeeg5no0fpcokgp26ann0bun Query : select fieldkey,fieldname,fieldtype,calcformula from wstablefields where tablename = 'ft' and documentnumber = 39
20241112@154615.5602 98jeeg5no0fpcokgp26ann0bun Query : select 'normal' from dummy
20241112@154615.5617 98jeeg5no0fpcokgp26ann0bun Query : insert into wsftdata (ftstamp, ousrdata,ousrhora, usrdata,usrhora,ousrinis,usrinis,fno,no,estab,fdata,ndoc,moeda,cambio,cambiofixo,ftano,site ,classe ) values ('aut67337320456733784740',getdate(),convert(char(8),convert (time,getdate())),getdate(),convert(char(8),convert (time,getdate())),'wsv','wsv',1826,100810,0,'2024-11-12',39,'euro',0,0,2024 ,?,?)
20241112@154615.5963 98jeeg5no0fpcokgp26ann0bun Query : use flama_phc
20241112@154615.5966 98jeeg5no0fpcokgp26ann0bun Query : select st.usalote valor from st where st.ref = '327.8410.00.1'
20241112@154615.5991 98jeeg5no0fpcokgp26ann0bun Query : select top 1 st.tabiva ,st.ivaincl ,st.stns ,st.uni2 ,st.familia ,isnull(tx.taxa, 0) txiva ,unidade ,usalote ,epcpond ,noserie ,conversao ,st.texteis from st left join taxasiva tx on st.tabiva = tx.codigo where st.ref = '327.8410.00.1'
20241112@154615.6149 98jeeg5no0fpcokgp26ann0bun Query : select 1 valor from information_schema.tables where table_type='base table' and table_name='wstablefields'
20241112@154615.6165 98jeeg5no0fpcokgp26ann0bun Query : select fieldkey,fieldname,fieldtype,mandatory from wstablefields where tablename = 'fi' and documentnumber = 39
20241112@154615.6194 98jeeg5no0fpcokgp26ann0bun Query : select 1 valor from information_schema.tables where table_type='base table' and table_name='wstablefields'
20241112@154615.6216 98jeeg5no0fpcokgp26ann0bun Query : select fieldkey,fieldname,fieldtype,mandatory from wstablefields where tablename = 'fi2' and documentnumber = 39
20241112@154615.6228 98jeeg5no0fpcokgp26ann0bun Query : select top 1 convert(numeric(6,2),t.taxa) valor from taxasiva t where t.codigo='2'
20241112@154615.6243 98jeeg5no0fpcokgp26ann0bun Query : select sestamp valor from se where ref ='327.8410.00.1' and lote = 'r2301152200a'
20241112@154615.6270 98jeeg5no0fpcokgp26ann0bun Query : select 1 valor from information_schema.tables where table_type='base table' and table_name='wstablefields'
20241112@154615.6288 98jeeg5no0fpcokgp26ann0bun Query : select fieldkey,fieldname,fieldtype,calcformula from wstablefields where tablename = 'fi2' and documentnumber = 39
20241112@154615.6302 98jeeg5no0fpcokgp26ann0bun Query : insert into wsfi2data (fi2stamp,ftstamp ,ousrdata, ousrhora, usrdata,usrhora,ousrinis,usrinis) values ('aut67337879246733784799','aut67337320456733784740' ,getdate(),convert(char(8),convert (time,getdate())),getdate(),convert(char(8),convert (time,getdate())),'wsv','wsv')
20241112@154615.6307 98jeeg5no0fpcokgp26ann0bun Query : select 1 valor from information_schema.tables where table_type='base table' and table_name='wstablefields'
20241112@154615.6326 98jeeg5no0fpcokgp26ann0bun Query : select fieldkey,fieldname,fieldtype,calcformula from wstablefields where tablename = 'fi' and documentnumber = 39
20241112@154615.6361 98jeeg5no0fpcokgp26ann0bun Query : insert into wsfidata (fistamp,ousrdata, ousrhora, usrdata,usrhora,ousrinis,usrinis ,qtt ,ftstamp ,epv,pvmoeda ,tabiva,iva,lordem ,ref, design ,lote,armazem,bistamp ) values ('aut67337879246733784799',getdate(),convert(char(8),convert (time,getdate())),getdate(),convert(char(8),convert (time,getdate())),'wsv','wsv',4.000 ,'aut67337320456733784740' ,0,0 ,2,23.00,10000,?,?,?,?,?)
20241112@154615.6700 98jeeg5no0fpcokgp26ann0bun Query : select 1 valor from information_schema.tables where table_type='base table' and table_name='wstablefields'
20241112@154615.6717 98jeeg5no0fpcokgp26ann0bun Query : select fieldkey,fieldname,fieldtype,mandatory from wstablefields where tablename = 'fi' and documentnumber = 39
20241112@154615.6745 98jeeg5no0fpcokgp26ann0bun Query : select 1 valor from information_schema.tables where table_type='base table' and table_name='wstablefields'
20241112@154615.6761 98jeeg5no0fpcokgp26ann0bun Query : select fieldkey,fieldname,fieldtype,mandatory from wstablefields where tablename = 'fi2' and documentnumber = 39
20241112@154615.6772 98jeeg5no0fpcokgp26ann0bun Query : select top 1 convert(numeric(6,2),t.taxa) valor from taxasiva t where t.codigo='2'
20241112@154615.6787 98jeeg5no0fpcokgp26ann0bun Query : select 1 valor from information_schema.tables where table_type='base table' and table_name='wstablefields'
20241112@154615.6808 98jeeg5no0fpcokgp26ann0bun Query : select fieldkey,fieldname,fieldtype,calcformula from wstablefields where tablename = 'fi2' and documentnumber = 39
20241112@154615.6825 98jeeg5no0fpcokgp26ann0bun Query : insert into wsfi2data (fi2stamp,ftstamp ,ousrdata, ousrhora, usrdata,usrhora,ousrinis,usrinis) values ('aut673377752967337847a5','aut67337320456733784740' ,getdate(),convert(char(8),convert (time,getdate())),getdate(),convert(char(8),convert (time,getdate())),'wsv','wsv')
20241112@154615.6830 98jeeg5no0fpcokgp26ann0bun Query : select 1 valor from information_schema.tables where table_type='base table' and table_name='wstablefields'
20241112@154615.6850 98jeeg5no0fpcokgp26ann0bun Query : select fieldkey,fieldname,fieldtype,calcformula from wstablefields where tablename = 'fi' and documentnumber = 39
20241112@154615.6902 98jeeg5no0fpcokgp26ann0bun Query : insert into wsfidata (fistamp,ousrdata, ousrhora, usrdata,usrhora,ousrinis,usrinis ,qtt ,ftstamp ,epv,pvmoeda ,tabiva,iva,lordem ,ref, design ,armazem) values ('aut673377752967337847a5',getdate(),convert(char(8),convert (time,getdate())),getdate(),convert(char(8),convert (time,getdate())),'wsv','wsv',0 ,'aut67337320456733784740' ,0,0 ,2,23.00,20000,?,?,?)
20241112@154615.7181 98jeeg5no0fpcokgp26ann0bun Query : use flama_phc
20241112@154615.7184 98jeeg5no0fpcokgp26ann0bun Query : select st.usalote valor from st where st.ref = '327.8410.00.1'
20241112@154615.7204 98jeeg5no0fpcokgp26ann0bun Query : select top 1 st.tabiva ,st.ivaincl ,st.stns ,st.uni2 ,st.familia ,isnull(tx.taxa, 0) txiva ,unidade ,usalote ,epcpond ,noserie ,conversao ,st.texteis from st left join taxasiva tx on st.tabiva = tx.codigo where st.ref = '327.8410.00.1'
20241112@154615.7219 98jeeg5no0fpcokgp26ann0bun Query : select 1 valor from information_schema.tables where table_type='base table' and table_name='wstablefields'
20241112@154615.7236 98jeeg5no0fpcokgp26ann0bun Query : select fieldkey,fieldname,fieldtype,mandatory from wstablefields where tablename = 'fi' and documentnumber = 39
20241112@154615.7272 98jeeg5no0fpcokgp26ann0bun Query : select 1 valor from information_schema.tables where table_type='base table' and table_name='wstablefields'
20241112@154615.7291 98jeeg5no0fpcokgp26ann0bun Query : select fieldkey,fieldname,fieldtype,mandatory from wstablefields where tablename = 'fi2' and documentnumber = 39
20241112@154615.7306 98jeeg5no0fpcokgp26ann0bun Query : select top 1 convert(numeric(6,2),t.taxa) valor from taxasiva t where t.codigo='2'
20241112@154615.7322 98jeeg5no0fpcokgp26ann0bun Query : select sestamp valor from se where ref ='327.8410.00.1' and lote = 'r2301152200a'
20241112@154615.7338 98jeeg5no0fpcokgp26ann0bun Query : select 1 valor from information_schema.tables where table_type='base table' and table_name='wstablefields'
20241112@154615.7356 98jeeg5no0fpcokgp26ann0bun Query : select fieldkey,fieldname,fieldtype,calcformula from wstablefields where tablename = 'fi2' and documentnumber = 39
20241112@154615.7370 98jeeg5no0fpcokgp26ann0bun Query : insert into wsfi2data (fi2stamp,ftstamp ,ousrdata, ousrhora, usrdata,usrhora,ousrinis,usrinis) values ('aut673374374467337847b3','aut67337320456733784740' ,getdate(),convert(char(8),convert (time,getdate())),getdate(),convert(char(8),convert (time,getdate())),'wsv','wsv')
20241112@154615.7375 98jeeg5no0fpcokgp26ann0bun Query : select 1 valor from information_schema.tables where table_type='base table' and table_name='wstablefields'
20241112@154615.7394 98jeeg5no0fpcokgp26ann0bun Query : select fieldkey,fieldname,fieldtype,calcformula from wstablefields where tablename = 'fi' and documentnumber = 39
20241112@154615.7433 98jeeg5no0fpcokgp26ann0bun Query : insert into wsfidata (fistamp,ousrdata, ousrhora, usrdata,usrhora,ousrinis,usrinis ,qtt ,ftstamp ,epv,pvmoeda ,tabiva,iva,lordem ,ref, design ,lote,armazem,bistamp ) values ('aut673374374467337847b3',getdate(),convert(char(8),convert (time,getdate())),getdate(),convert(char(8),convert (time,getdate())),'wsv','wsv',1.000 ,'aut67337320456733784740' ,0,0 ,2,23.00,40000,?,?,?,?,?)
20241112@154615.7738 98jeeg5no0fpcokgp26ann0bun Query : select 1 valor from information_schema.tables where table_type='base table' and table_name='wstablefields'
20241112@154615.7758 98jeeg5no0fpcokgp26ann0bun Query : select fieldkey,fieldname,fieldtype,mandatory from wstablefields where tablename = 'fi' and documentnumber = 39
20241112@154615.7790 98jeeg5no0fpcokgp26ann0bun Query : select 1 valor from information_schema.tables where table_type='base table' and table_name='wstablefields'
20241112@154615.7807 98jeeg5no0fpcokgp26ann0bun Query : select fieldkey,fieldname,fieldtype,mandatory from wstablefields where tablename = 'fi2' and documentnumber = 39
20241112@154615.7817 98jeeg5no0fpcokgp26ann0bun Query : select top 1 convert(numeric(6,2),t.taxa) valor from taxasiva t where t.codigo='2'
20241112@154615.7834 98jeeg5no0fpcokgp26ann0bun Query : select 1 valor from information_schema.tables where table_type='base table' and table_name='wstablefields'
20241112@154615.7853 98jeeg5no0fpcokgp26ann0bun Query : select fieldkey,fieldname,fieldtype,calcformula from wstablefields where tablename = 'fi2' and documentnumber = 39
20241112@154615.7867 98jeeg5no0fpcokgp26ann0bun Query : insert into wsfi2data (fi2stamp,ftstamp ,ousrdata, ousrhora, usrdata,usrhora,ousrinis,usrinis) values ('aut673371850467337847bf','aut67337320456733784740' ,getdate(),convert(char(8),convert (time,getdate())),getdate(),convert(char(8),convert (time,getdate())),'wsv','wsv')
20241112@154615.7873 98jeeg5no0fpcokgp26ann0bun Query : select 1 valor from information_schema.tables where table_type='base table' and table_name='wstablefields'
20241112@154615.7890 98jeeg5no0fpcokgp26ann0bun Query : select fieldkey,fieldname,fieldtype,calcformula from wstablefields where tablename = 'fi' and documentnumber = 39
20241112@154615.7924 98jeeg5no0fpcokgp26ann0bun Query : insert into wsfidata (fistamp,ousrdata, ousrhora, usrdata,usrhora,ousrinis,usrinis ,qtt ,ftstamp ,epv,pvmoeda ,tabiva,iva,lordem ,ref, design ,armazem) values ('aut673371850467337847bf',getdate(),convert(char(8),convert (time,getdate())),getdate(),convert(char(8),convert (time,getdate())),'wsv','wsv',0 ,'aut67337320456733784740' ,0,0 ,2,23.00,50000,?,?,?)
20241112@154615.8207 98jeeg5no0fpcokgp26ann0bun Query : insert into wsftcreationlog (initialftstamp,externalid,creationstatus,documenttypeid,idustamp) values ('aut67337320456733784740','2407466','wait',39,'adm09112754980.682000002')
20241112@154615.8288 98jeeg5no0fpcokgp26ann0bun Query : use flama_phc
20241112@154615.8295 98jeeg5no0fpcokgp26ann0bun Query : update u_wsusers set rqsttoken =? where userid ='userls001'
20241112@154615.8329 98jeeg5no0fpcokgp26ann0bun Query : select concat(rtrim(relative_path),ltrim(name_new)) as valor from uploadfiles where uploadfile_id='3266';
20241112@154615.8371 98jeeg5no0fpcokgp26ann0bun Query : update uploadfiles set whenupdated=current_timestamp where uploadfile_id='3266';
20241112@154615.8419 98jeeg5no0fpcokgp26ann0bun Query : select concat(rtrim(relative_path),ltrim(name_new)) as valor from uploadfiles where uploadfile_id='3266';
20241112@154615.8451 98jeeg5no0fpcokgp26ann0bun Query : update uploadfiles set whenupdated=current_timestamp where uploadfile_id='3266';
20241112@154615.9492 jefi88plttno9uml51op890fen Query : insert into uploadfiles ( name_original, name_new, option_type, relative_path, whencreated ) values ( ?, ?, ?, ?, getdate() )
20241112@154615.9506 jefi88plttno9uml51op890fen Query : select uploadfile_id valor from uploadfiles where name_new = ? and option_type = ? 
20241112@154615.9575 jefi88plttno9uml51op890fen Query : select concat(rtrim(relative_path),ltrim(name_new)) as valor from uploadfiles where uploadfile_id='3267';
20241112@154615.9654 jefi88plttno9uml51op890fen Query : update uploadfiles set whenupdated=current_timestamp where uploadfile_id='3267';
20241112@154615.9720 jefi88plttno9uml51op890fen Query : select concat(rtrim(relative_path),ltrim(name_new)) as valor from uploadfiles where uploadfile_id='3267';
20241112@154615.9758 jefi88plttno9uml51op890fen Query : update uploadfiles set whenupdated=current_timestamp where uploadfile_id='3267';
20241112@154615.9836 jefi88plttno9uml51op890fen Query : use flama_phc
20241112@154615.9840 jefi88plttno9uml51op890fen Query : select top 1 secretkey valor from u_wsusers u where u.userid = ? and u.inactivo=0
20241112@154615.9962 jefi88plttno9uml51op890fen Query : use flama_phc
20241112@154615.9967 jefi88plttno9uml51op890fen Query : select no, estab,szadrsdesc from szadrs where u_coddest=4804
20241112@154616.6000 jefi88plttno9uml51op890fen Query : select top 1 isnull(design,'') valor from st (nolock) left join stobs (nolock) on st.ref = stobs.ref where st.ref = '324.4980.00.1'
20241112@154616.2770 jefi88plttno9uml51op890fen Query : select top 1 bistamp valor from bi inner join bo on bo.bostamp=bi.bostamp where bo.ndos =240 and bo.boano =2075 and bo.obrano = 2407502 and bi.ref ='324.4980.00.1' and bi.lordem =1
20241112@154616.6570 jefi88plttno9uml51op890fen Query : use flama_phc
20241112@154616.6610 jefi88plttno9uml51op890fen Query : select top 1 convert(date,fdata) valor from ft where ndoc = 39 and anulado= 0 and fno>0 order by fdata desc
20241112@154616.7230 jefi88plttno9uml51op890fen Query : use flama_phc
20241112@154616.7270 jefi88plttno9uml51op890fen Query : select top 1 1 valor from td where td.ndoc = 39
20241112@154616.7580 jefi88plttno9uml51op890fen Query : use flama_phc
20241112@154616.7610 jefi88plttno9uml51op890fen Query : select lower(descricao) descricao ,case when valor='s' then 1 else 0 end valor from para1 where descricao in ('st_lote','st_usalogifunc', 'st_grelha')
20241112@154616.7920 jefi88plttno9uml51op890fen Query : select top 1 manternumero ,assinadoc issigned ,tiposaft ,assinaimp ,nmdos ,td.assinadoc ,'cl' origin ,lancasl stocks ,case when cmsl<50 and td.lancasl=1 then 1 else 0 end entrada ,case when cmsl>50 and td.lancasl=1 then 1 else 0 end saida ,temserie assets ,~semgre usegridfields from td inner join td2 on td.tdstamp=td2.td2stamp where td.ndoc = 1
20241112@154616.8310 jefi88plttno9uml51op890fen Query : use flama_phc
20241112@154616.8340 jefi88plttno9uml51op890fen Query : select top 1 ~inactivo valor from cl where no = '101900' and estab = 0 order by inactivo desc
20241112@154616.8640 jefi88plttno9uml51op890fen Query : use flama_phc
20241112@154616.8670 jefi88plttno9uml51op890fen Query : select top 1 tipodoc,regrd from td where ndoc = 39
20241112@154616.8970 jefi88plttno9uml51op890fen Query : use flama_phc
20241112@154616.9000 jefi88plttno9uml51op890fen Query : select szadrsstamp valor from szadrs where szadrsdesc='espaÇotrans,lda'
20241112@154616.9480 jefi88plttno9uml51op890fen Query : use flama_phc
20241112@154616.9520 jefi88plttno9uml51op890fen Query : select szadrsstamp valor from szadrs where szadrsdesc='101900 - pd - alfena n/p'
20241112@154616.9990 jefi88plttno9uml51op890fen Query : use flama_phc
20241112@154616.1002 jefi88plttno9uml51op890fen Query : select 1 valor from td where ndoc = 39
20241112@154616.1014 jefi88plttno9uml51op890fen Query : select top 1 manternumero, tiposaft, nmdos,td.assinadoc from td where td.ndoc = 39
20241112@154616.1028 jefi88plttno9uml51op890fen Query : select 1 valor from information_schema.tables where table_type='base table' and table_name='wstablefields'
20241112@154616.1044 jefi88plttno9uml51op890fen Query : select fieldkey,fieldname,fieldtype,mandatory from wstablefields where tablename = 'ft' and documentnumber = 39
20241112@154616.1066 jefi88plttno9uml51op890fen Query : select 1 valor from information_schema.tables where table_type='base table' and table_name='wstablefields'
20241112@154616.1088 jefi88plttno9uml51op890fen Query : select fieldkey,fieldname,fieldtype,mandatory from wstablefields where tablename = 'ft2' and documentnumber = 39
20241112@154616.1120 jefi88plttno9uml51op890fen Query : select 1 valor from information_schema.tables where table_type='base table' and table_name='wstablefields'
20241112@154616.1138 jefi88plttno9uml51op890fen Query : select fieldkey,fieldname,fieldtype,mandatory from wstablefields where tablename = 'ft3' and documentnumber = 39
20241112@154616.1155 jefi88plttno9uml51op890fen Query : select top 1 ft.fno valor from ft ft where ft.ndoc = 39 and ftano=2024 order by fno desc
20241112@154616.1250 jefi88plttno9uml51op890fen Query : select top 1 ft.fno valor from wsftdata ft where ft.ndoc = 39 and ftano=2024 order by fno desc
20241112@154616.1264 jefi88plttno9uml51op890fen Query : select 1 valor from information_schema.tables where table_type='base table' and table_name='wstablefields'
20241112@154616.1283 jefi88plttno9uml51op890fen Query : select fieldkey,fieldname,fieldtype,calcformula from wstablefields where tablename = 'ft3' and documentnumber = 39
20241112@154616.1300 jefi88plttno9uml51op890fen Query : insert into wsft3data (ft3stamp, ousrdata, ousrhora, usrdata,usrhora,ousrinis,usrinis,taxpointdt ) values ('aut6733710562673378481c' ,getdate(),convert(char(8),convert (time,getdate())),getdate(),convert(char(8),convert (time,getdate())),'wsv','wsv',?)
20241112@154616.1486 jefi88plttno9uml51op890fen Query : select 1 valor from information_schema.tables where table_type='base table' and table_name='wstablefields'
20241112@154616.1507 jefi88plttno9uml51op890fen Query : select fieldkey,fieldname,fieldtype,calcformula from wstablefields where tablename = 'ft2' and documentnumber = 39
20241112@154616.1548 jefi88plttno9uml51op890fen Query : select top 1 bo.u_nomeenv valor from bo where bo.bostamp=''
20241112@154616.1563 jefi88plttno9uml51op890fen Query : select top 1 bo.u_moradaen valor from bo where bo.bostamp=''
20241112@154616.3009 jefi88plttno9uml51op890fen Query : select top 1 bo.u_codposen valor from bo where bo.bostamp=''
20241112@154616.3028 jefi88plttno9uml51op890fen Query : select top 1 bo.u_localenv valor from bo where bo.bostamp=''
20241112@154616.3046 jefi88plttno9uml51op890fen Query : select top 1 bo.trab5 valor from bo where bo.bostamp=''
20241112@154616.3060 jefi88plttno9uml51op890fen Query : select top 1 bo.serie valor from bo where bo.bostamp=''
20241112@154616.3072 jefi88plttno9uml51op890fen Query : insert into wsft2data (ft2stamp, ousrdata,ousrhora, usrdata,usrhora,ousrinis,usrinis,u_nomeenv ,u_moradaen ,u_codposen ,u_localenv ,u_coddest ,u_codby ) values ('aut6733710562673378481c',getdate(),convert(char(8),convert (time,getdate())),getdate(),convert(char(8),convert (time,getdate())),'wsv','wsv',?,?,?,?,?,?)
20241112@154616.3334 jefi88plttno9uml51op890fen Query : select top 1 fno valor from wsftdata order by fno desc
20241112@154616.3365 jefi88plttno9uml51op890fen Query : select 1 valor from information_schema.tables where table_type='base table' and table_name='wstablefields'
20241112@154616.3385 jefi88plttno9uml51op890fen Query : select fieldkey,fieldname,fieldtype,calcformula from wstablefields where tablename = 'ft' and documentnumber = 39
20241112@154616.3413 jefi88plttno9uml51op890fen Query : select 'normal' from dummy
20241112@154616.3432 jefi88plttno9uml51op890fen Query : insert into wsftdata (ftstamp, ousrdata,ousrhora, usrdata,usrhora,ousrinis,usrinis,fno,no,estab,fdata,ndoc,moeda,cambio,cambiofixo,ftano,site ,classe ) values ('aut6733710562673378481c',getdate(),convert(char(8),convert (time,getdate())),getdate(),convert(char(8),convert (time,getdate())),'wsv','wsv',1827,101900,0,'2024-11-12',39,'euro',0,0,2024 ,?,?)
20241112@154616.3759 jefi88plttno9uml51op890fen Query : use flama_phc
20241112@154616.3763 jefi88plttno9uml51op890fen Query : select st.usalote valor from st where st.ref = '324.4980.00.1'
20241112@154616.3792 jefi88plttno9uml51op890fen Query : select top 1 st.tabiva ,st.ivaincl ,st.stns ,st.uni2 ,st.familia ,isnull(tx.taxa, 0) txiva ,unidade ,usalote ,epcpond ,noserie ,conversao ,st.texteis from st left join taxasiva tx on st.tabiva = tx.codigo where st.ref = '324.4980.00.1'
20241112@154616.3992 jefi88plttno9uml51op890fen Query : select 1 valor from information_schema.tables where table_type='base table' and table_name='wstablefields'
20241112@154616.4018 jefi88plttno9uml51op890fen Query : select fieldkey,fieldname,fieldtype,mandatory from wstablefields where tablename = 'fi' and documentnumber = 39
20241112@154616.4054 jefi88plttno9uml51op890fen Query : select 1 valor from information_schema.tables where table_type='base table' and table_name='wstablefields'
20241112@154616.4075 jefi88plttno9uml51op890fen Query : select fieldkey,fieldname,fieldtype,mandatory from wstablefields where tablename = 'fi2' and documentnumber = 39
20241112@154616.4086 jefi88plttno9uml51op890fen Query : select top 1 convert(numeric(6,2),t.taxa) valor from taxasiva t where t.codigo='2'
20241112@154616.4101 jefi88plttno9uml51op890fen Query : select sestamp valor from se where ref ='324.4980.00.1' and lote = 'r2400145100a'
20241112@154616.4125 jefi88plttno9uml51op890fen Query : select 1 valor from information_schema.tables where table_type='base table' and table_name='wstablefields'
20241112@154616.4143 jefi88plttno9uml51op890fen Query : select fieldkey,fieldname,fieldtype,calcformula from wstablefields where tablename = 'fi2' and documentnumber = 39
20241112@154616.4157 jefi88plttno9uml51op890fen Query : insert into wsfi2data (fi2stamp,ftstamp ,ousrdata, ousrhora, usrdata,usrhora,ousrinis,usrinis) values ('aut67337502756733784864','aut6733710562673378481c' ,getdate(),convert(char(8),convert (time,getdate())),getdate(),convert(char(8),convert (time,getdate())),'wsv','wsv')
20241112@154616.4162 jefi88plttno9uml51op890fen Query : select 1 valor from information_schema.tables where table_type='base table' and table_name='wstablefields'
20241112@154616.4180 jefi88plttno9uml51op890fen Query : select fieldkey,fieldname,fieldtype,calcformula from wstablefields where tablename = 'fi' and documentnumber = 39
20241112@154616.4213 jefi88plttno9uml51op890fen Query : insert into wsfidata (fistamp,ousrdata, ousrhora, usrdata,usrhora,ousrinis,usrinis ,qtt ,ftstamp ,epv,pvmoeda ,tabiva,iva,lordem ,ref, design ,lote,armazem,bistamp ) values ('aut67337502756733784864',getdate(),convert(char(8),convert (time,getdate())),getdate(),convert(char(8),convert (time,getdate())),'wsv','wsv',20.000 ,'aut6733710562673378481c' ,0,0 ,2,23.00,10000,?,?,?,?,?)
20241112@154616.4491 jefi88plttno9uml51op890fen Query : insert into wsftcreationlog (initialftstamp,externalid,creationstatus,documenttypeid,idustamp) values ('aut6733710562673378481c','2407502','wait',39,'adm09112754980.682000002')
20241112@154616.4581 jefi88plttno9uml51op890fen Query : use flama_phc
20241112@154616.4585 jefi88plttno9uml51op890fen Query : update u_wsusers set rqsttoken =? where userid ='userls001'
20241112@154616.4624 jefi88plttno9uml51op890fen Query : select concat(rtrim(relative_path),ltrim(name_new)) as valor from uploadfiles where uploadfile_id='3267';
20241112@154616.4668 jefi88plttno9uml51op890fen Query : update uploadfiles set whenupdated=current_timestamp where uploadfile_id='3267';
20241112@154616.4737 jefi88plttno9uml51op890fen Query : select concat(rtrim(relative_path),ltrim(name_new)) as valor from uploadfiles where uploadfile_id='3267';
20241112@154616.4778 jefi88plttno9uml51op890fen Query : update uploadfiles set whenupdated=current_timestamp where uploadfile_id='3267';
20241112@154616.5502 rgh2l0hj9ptj28le0vg3hf6i4g Query : insert into uploadfiles ( name_original, name_new, option_type, relative_path, whencreated ) values ( ?, ?, ?, ?, getdate() )
20241112@154616.5597 rgh2l0hj9ptj28le0vg3hf6i4g Query : select uploadfile_id valor from uploadfiles where name_new = ? and option_type = ? 
20241112@154616.5673 rgh2l0hj9ptj28le0vg3hf6i4g Query : select concat(rtrim(relative_path),ltrim(name_new)) as valor from uploadfiles where uploadfile_id='3268';
20241112@154616.5759 rgh2l0hj9ptj28le0vg3hf6i4g Query : update uploadfiles set whenupdated=current_timestamp where uploadfile_id='3268';
20241112@154616.5838 rgh2l0hj9ptj28le0vg3hf6i4g Query : select concat(rtrim(relative_path),ltrim(name_new)) as valor from uploadfiles where uploadfile_id='3268';
20241112@154616.5888 rgh2l0hj9ptj28le0vg3hf6i4g Query : update uploadfiles set whenupdated=current_timestamp where uploadfile_id='3268';
20241112@154616.5963 rgh2l0hj9ptj28le0vg3hf6i4g Query : use flama_phc
20241112@154616.5967 rgh2l0hj9ptj28le0vg3hf6i4g Query : select top 1 secretkey valor from u_wsusers u where u.userid = ? and u.inactivo=0
20241112@154616.6044 rgh2l0hj9ptj28le0vg3hf6i4g Query : use flama_phc
20241112@154616.6048 rgh2l0hj9ptj28le0vg3hf6i4g Query : select no, estab,szadrsdesc from szadrs where u_coddest=11
20241112@154616.6150 rgh2l0hj9ptj28le0vg3hf6i4g Query : select top 1 isnull(design,'') valor from st (nolock) left join stobs (nolock) on st.ref = stobs.ref where st.ref = '324.1332.00.1'
20241112@154616.6453 rgh2l0hj9ptj28le0vg3hf6i4g Query : select top 1 bistamp valor from bi inner join bo on bo.bostamp=bi.bostamp where bo.ndos =240 and bo.boano =2075 and bo.obrano = 2407503 and bi.ref ='324.1332.00.1' and bi.lordem =1
20241112@154616.6863 rgh2l0hj9ptj28le0vg3hf6i4g Query : select top 1 isnull(design,'') valor from st (nolock) left join stobs (nolock) on st.ref = stobs.ref where st.ref = '324.1332.00.1'
20241112@154616.6892 rgh2l0hj9ptj28le0vg3hf6i4g Query : select top 1 bistamp valor from bi inner join bo on bo.bostamp=bi.bostamp where bo.ndos =240 and bo.boano =2075 and bo.obrano = 2407503 and bi.ref ='324.1332.00.1' and bi.lordem =2
20241112@154616.7909 rgh2l0hj9ptj28le0vg3hf6i4g Query : use flama_phc
20241112@154616.7949 rgh2l0hj9ptj28le0vg3hf6i4g Query : select top 1 convert(date,fdata) valor from ft where ndoc = 39 and anulado= 0 and fno>0 order by fdata desc
20241112@154616.8269 rgh2l0hj9ptj28le0vg3hf6i4g Query : use flama_phc
20241112@154616.8314 rgh2l0hj9ptj28le0vg3hf6i4g Query : select top 1 1 valor from td where td.ndoc = 39
20241112@154616.8627 rgh2l0hj9ptj28le0vg3hf6i4g Query : use flama_phc
20241112@154616.8632 rgh2l0hj9ptj28le0vg3hf6i4g Query : select lower(descricao) descricao ,case when valor='s' then 1 else 0 end valor from para1 where descricao in ('st_lote','st_usalogifunc', 'st_grelha')
20241112@154616.8668 rgh2l0hj9ptj28le0vg3hf6i4g Query : select top 1 manternumero ,assinadoc issigned ,tiposaft ,assinaimp ,nmdos ,td.assinadoc ,'cl' origin ,lancasl stocks ,case when cmsl<50 and td.lancasl=1 then 1 else 0 end entrada ,case when cmsl>50 and td.lancasl=1 then 1 else 0 end saida ,temserie assets ,~semgre usegridfields from td inner join td2 on td.tdstamp=td2.td2stamp where td.ndoc = 1
20241112@154616.8705 rgh2l0hj9ptj28le0vg3hf6i4g Query : use flama_phc
20241112@154616.8709 rgh2l0hj9ptj28le0vg3hf6i4g Query : select top 1 ~inactivo valor from cl where no = '102265' and estab = 0 order by inactivo desc
20241112@154616.8848 rgh2l0hj9ptj28le0vg3hf6i4g Query : use flama_phc
20241112@154616.8851 rgh2l0hj9ptj28le0vg3hf6i4g Query : select top 1 tipodoc,regrd from td where ndoc = 39
20241112@154616.8888 rgh2l0hj9ptj28le0vg3hf6i4g Query : use flama_phc
20241112@154616.8891 rgh2l0hj9ptj28le0vg3hf6i4g Query : select szadrsstamp valor from szadrs where szadrsdesc='espaÇotrans,lda'
20241112@154616.8935 rgh2l0hj9ptj28le0vg3hf6i4g Query : use flama_phc
20241112@154616.8940 rgh2l0hj9ptj28le0vg3hf6i4g Query : select szadrsstamp valor from szadrs where szadrsdesc='best sell electrodomÉsticos, lda.'
20241112@154616.8997 rgh2l0hj9ptj28le0vg3hf6i4g Query : use flama_phc
20241112@154616.9000 rgh2l0hj9ptj28le0vg3hf6i4g Query : select 1 valor from td where ndoc = 39
20241112@154616.9014 rgh2l0hj9ptj28le0vg3hf6i4g Query : select top 1 manternumero, tiposaft, nmdos,td.assinadoc from td where td.ndoc = 39
20241112@154616.9032 rgh2l0hj9ptj28le0vg3hf6i4g Query : select 1 valor from information_schema.tables where table_type='base table' and table_name='wstablefields'
20241112@154616.9050 rgh2l0hj9ptj28le0vg3hf6i4g Query : select fieldkey,fieldname,fieldtype,mandatory from wstablefields where tablename = 'ft' and documentnumber = 39
20241112@154616.9076 rgh2l0hj9ptj28le0vg3hf6i4g Query : select 1 valor from information_schema.tables where table_type='base table' and table_name='wstablefields'
20241112@154616.9093 rgh2l0hj9ptj28le0vg3hf6i4g Query : select fieldkey,fieldname,fieldtype,mandatory from wstablefields where tablename = 'ft2' and documentnumber = 39
20241112@154616.9124 rgh2l0hj9ptj28le0vg3hf6i4g Query : select 1 valor from information_schema.tables where table_type='base table' and table_name='wstablefields'
20241112@154616.9143 rgh2l0hj9ptj28le0vg3hf6i4g Query : select fieldkey,fieldname,fieldtype,mandatory from wstablefields where tablename = 'ft3' and documentnumber = 39
20241112@154616.9159 rgh2l0hj9ptj28le0vg3hf6i4g Query : select top 1 ft.fno valor from ft ft where ft.ndoc = 39 and ftano=2024 order by fno desc
20241112@154616.9227 rgh2l0hj9ptj28le0vg3hf6i4g Query : select top 1 ft.fno valor from wsftdata ft where ft.ndoc = 39 and ftano=2024 order by fno desc
20241112@154616.9242 rgh2l0hj9ptj28le0vg3hf6i4g Query : select 1 valor from information_schema.tables where table_type='base table' and table_name='wstablefields'
20241112@154616.9261 rgh2l0hj9ptj28le0vg3hf6i4g Query : select fieldkey,fieldname,fieldtype,calcformula from wstablefields where tablename = 'ft3' and documentnumber = 39
20241112@154616.9278 rgh2l0hj9ptj28le0vg3hf6i4g Query : insert into wsft3data (ft3stamp, ousrdata, ousrhora, usrdata,usrhora,ousrinis,usrinis,taxpointdt ) values ('aut673378381767337848df' ,getdate(),convert(char(8),convert (time,getdate())),getdate(),convert(char(8),convert (time,getdate())),'wsv','wsv',?)
20241112@154616.9601 rgh2l0hj9ptj28le0vg3hf6i4g Query : select 1 valor from information_schema.tables where table_type='base table' and table_name='wstablefields'
20241112@154616.9717 rgh2l0hj9ptj28le0vg3hf6i4g Query : select fieldkey,fieldname,fieldtype,calcformula from wstablefields where tablename = 'ft2' and documentnumber = 39
20241112@154616.9768 rgh2l0hj9ptj28le0vg3hf6i4g Query : select top 1 bo.u_nomeenv valor from bo where bo.bostamp=''
20241112@154616.9784 rgh2l0hj9ptj28le0vg3hf6i4g Query : select top 1 bo.u_moradaen valor from bo where bo.bostamp=''
20241112@154616.9802 rgh2l0hj9ptj28le0vg3hf6i4g Query : select top 1 bo.u_codposen valor from bo where bo.bostamp=''
20241112@154616.9820 rgh2l0hj9ptj28le0vg3hf6i4g Query : select top 1 bo.u_localenv valor from bo where bo.bostamp=''
20241112@154616.9838 rgh2l0hj9ptj28le0vg3hf6i4g Query : select top 1 bo.trab5 valor from bo where bo.bostamp=''
20241112@154616.9855 rgh2l0hj9ptj28le0vg3hf6i4g Query : select top 1 bo.serie valor from bo where bo.bostamp=''
20241112@154616.9871 rgh2l0hj9ptj28le0vg3hf6i4g Query : insert into wsft2data (ft2stamp, ousrdata,ousrhora, usrdata,usrhora,ousrinis,usrinis,u_nomeenv ,u_moradaen ,u_codposen ,u_localenv ,u_coddest ,u_codby ) values ('aut673378381767337848df',getdate(),convert(char(8),convert (time,getdate())),getdate(),convert(char(8),convert (time,getdate())),'wsv','wsv',?,?,?,?,?,?)
20241112@154617.1550 rgh2l0hj9ptj28le0vg3hf6i4g Query : select top 1 fno valor from wsftdata order by fno desc
20241112@154617.2560 rgh2l0hj9ptj28le0vg3hf6i4g Query : select 1 valor from information_schema.tables where table_type='base table' and table_name='wstablefields'
20241112@154617.3080 rgh2l0hj9ptj28le0vg3hf6i4g Query : select fieldkey,fieldname,fieldtype,calcformula from wstablefields where tablename = 'ft' and documentnumber = 39
20241112@154617.3430 rgh2l0hj9ptj28le0vg3hf6i4g Query : select 'normal' from dummy
20241112@154617.4060 rgh2l0hj9ptj28le0vg3hf6i4g Query : insert into wsftdata (ftstamp, ousrdata,ousrhora, usrdata,usrhora,ousrinis,usrinis,fno,no,estab,fdata,ndoc,moeda,cambio,cambiofixo,ftano,site ,classe ) values ('aut673378381767337848df',getdate(),convert(char(8),convert (time,getdate())),getdate(),convert(char(8),convert (time,getdate())),'wsv','wsv',1828,102265,0,'2024-11-12',39,'euro',0,0,2024 ,?,?)
20241112@154617.7450 rgh2l0hj9ptj28le0vg3hf6i4g Query : use flama_phc
20241112@154617.7490 rgh2l0hj9ptj28le0vg3hf6i4g Query : select st.usalote valor from st where st.ref = '324.1332.00.1'
20241112@154617.7830 rgh2l0hj9ptj28le0vg3hf6i4g Query : select top 1 st.tabiva ,st.ivaincl ,st.stns ,st.uni2 ,st.familia ,isnull(tx.taxa, 0) txiva ,unidade ,usalote ,epcpond ,noserie ,conversao ,st.texteis from st left join taxasiva tx on st.tabiva = tx.codigo where st.ref = '324.1332.00.1'
20241112@154617.9650 rgh2l0hj9ptj28le0vg3hf6i4g Query : select 1 valor from information_schema.tables where table_type='base table' and table_name='wstablefields'
20241112@154617.1009 rgh2l0hj9ptj28le0vg3hf6i4g Query : select fieldkey,fieldname,fieldtype,mandatory from wstablefields where tablename = 'fi' and documentnumber = 39
20241112@154617.1058 rgh2l0hj9ptj28le0vg3hf6i4g Query : select 1 valor from information_schema.tables where table_type='base table' and table_name='wstablefields'
20241112@154617.1142 rgh2l0hj9ptj28le0vg3hf6i4g Query : select fieldkey,fieldname,fieldtype,mandatory from wstablefields where tablename = 'fi2' and documentnumber = 39
20241112@154617.1204 rgh2l0hj9ptj28le0vg3hf6i4g Query : select top 1 convert(numeric(6,2),t.taxa) valor from taxasiva t where t.codigo='2'
20241112@154617.1321 rgh2l0hj9ptj28le0vg3hf6i4g Query : select sestamp valor from se where ref ='324.1332.00.1' and lote = 'r2400759200a'
20241112@154617.1362 rgh2l0hj9ptj28le0vg3hf6i4g Query : select 1 valor from information_schema.tables where table_type='base table' and table_name='wstablefields'
20241112@154617.1505 rgh2l0hj9ptj28le0vg3hf6i4g Query : select fieldkey,fieldname,fieldtype,calcformula from wstablefields where tablename = 'fi2' and documentnumber = 39
20241112@154617.1586 rgh2l0hj9ptj28le0vg3hf6i4g Query : insert into wsfi2data (fi2stamp,ftstamp ,ousrdata, ousrhora, usrdata,usrhora,ousrinis,usrinis) values ('aut67337823846733784921','aut673378381767337848df' ,getdate(),convert(char(8),convert (time,getdate())),getdate(),convert(char(8),convert (time,getdate())),'wsv','wsv')
20241112@154617.1600 rgh2l0hj9ptj28le0vg3hf6i4g Query : select 1 valor from information_schema.tables where table_type='base table' and table_name='wstablefields'
20241112@154617.1714 rgh2l0hj9ptj28le0vg3hf6i4g Query : select fieldkey,fieldname,fieldtype,calcformula from wstablefields where tablename = 'fi' and documentnumber = 39
20241112@154617.2253 rgh2l0hj9ptj28le0vg3hf6i4g Query : insert into wsfidata (fistamp,ousrdata, ousrhora, usrdata,usrhora,ousrinis,usrinis ,qtt ,ftstamp ,epv,pvmoeda ,tabiva,iva,lordem ,ref, design ,lote,armazem,bistamp ) values ('aut67337823846733784921',getdate(),convert(char(8),convert (time,getdate())),getdate(),convert(char(8),convert (time,getdate())),'wsv','wsv',14.000 ,'aut673378381767337848df' ,0,0 ,2,23.00,10000,?,?,?,?,?)
20241112@154617.2591 rgh2l0hj9ptj28le0vg3hf6i4g Query : use flama_phc
20241112@154617.2602 rgh2l0hj9ptj28le0vg3hf6i4g Query : select st.usalote valor from st where st.ref = '324.1332.00.1'
20241112@154617.2711 rgh2l0hj9ptj28le0vg3hf6i4g Query : select top 1 st.tabiva ,st.ivaincl ,st.stns ,st.uni2 ,st.familia ,isnull(tx.taxa, 0) txiva ,unidade ,usalote ,epcpond ,noserie ,conversao ,st.texteis from st left join taxasiva tx on st.tabiva = tx.codigo where st.ref = '324.1332.00.1'
20241112@154617.2806 rgh2l0hj9ptj28le0vg3hf6i4g Query : select 1 valor from information_schema.tables where table_type='base table' and table_name='wstablefields'
20241112@154617.2911 rgh2l0hj9ptj28le0vg3hf6i4g Query : select fieldkey,fieldname,fieldtype,mandatory from wstablefields where tablename = 'fi' and documentnumber = 39
20241112@154617.3971 rgh2l0hj9ptj28le0vg3hf6i4g Query : select 1 valor from information_schema.tables where table_type='base table' and table_name='wstablefields'
20241112@154617.4732 rgh2l0hj9ptj28le0vg3hf6i4g Query : select fieldkey,fieldname,fieldtype,mandatory from wstablefields where tablename = 'fi2' and documentnumber = 39
20241112@154617.4911 rgh2l0hj9ptj28le0vg3hf6i4g Query : select top 1 convert(numeric(6,2),t.taxa) valor from taxasiva t where t.codigo='2'
20241112@154617.5031 rgh2l0hj9ptj28le0vg3hf6i4g Query : select sestamp valor from se where ref ='324.1332.00.1' and lote = 'r2400759200a'
20241112@154617.5111 rgh2l0hj9ptj28le0vg3hf6i4g Query : select 1 valor from information_schema.tables where table_type='base table' and table_name='wstablefields'
20241112@154617.5275 rgh2l0hj9ptj28le0vg3hf6i4g Query : select fieldkey,fieldname,fieldtype,calcformula from wstablefields where tablename = 'fi2' and documentnumber = 39
20241112@154617.5464 rgh2l0hj9ptj28le0vg3hf6i4g Query : insert into wsfi2data (fi2stamp,ftstamp ,ousrdata, ousrhora, usrdata,usrhora,ousrinis,usrinis) values ('aut6733795116673378497c','aut673378381767337848df' ,getdate(),convert(char(8),convert (time,getdate())),getdate(),convert(char(8),convert (time,getdate())),'wsv','wsv')
20241112@154617.5592 rgh2l0hj9ptj28le0vg3hf6i4g Query : select 1 valor from information_schema.tables where table_type='base table' and table_name='wstablefields'
20241112@154617.5798 rgh2l0hj9ptj28le0vg3hf6i4g Query : select fieldkey,fieldname,fieldtype,calcformula from wstablefields where tablename = 'fi' and documentnumber = 39
20241112@154617.6331 rgh2l0hj9ptj28le0vg3hf6i4g Query : insert into wsfidata (fistamp,ousrdata, ousrhora, usrdata,usrhora,ousrinis,usrinis ,qtt ,ftstamp ,epv,pvmoeda ,tabiva,iva,lordem ,ref, design ,lote,armazem,bistamp ) values ('aut6733795116673378497c',getdate(),convert(char(8),convert (time,getdate())),getdate(),convert(char(8),convert (time,getdate())),'wsv','wsv',1.000 ,'aut673378381767337848df' ,0,0 ,2,23.00,20000,?,?,?,?,?)
20241112@154617.6688 rgh2l0hj9ptj28le0vg3hf6i4g Query : insert into wsftcreationlog (initialftstamp,externalid,creationstatus,documenttypeid,idustamp) values ('aut673378381767337848df','2407503','wait',39,'adm09112754980.682000002')
20241112@154617.6932 rgh2l0hj9ptj28le0vg3hf6i4g Query : use flama_phc
20241112@154617.6946 rgh2l0hj9ptj28le0vg3hf6i4g Query : update u_wsusers set rqsttoken =? where userid ='userls001'
20241112@154617.7734 rgh2l0hj9ptj28le0vg3hf6i4g Query : select concat(rtrim(relative_path),ltrim(name_new)) as valor from uploadfiles where uploadfile_id='3268';
20241112@154617.9713 rgh2l0hj9ptj28le0vg3hf6i4g Query : update uploadfiles set whenupdated=current_timestamp where uploadfile_id='3268';
20241112@154617.9769 rgh2l0hj9ptj28le0vg3hf6i4g Query : select concat(rtrim(relative_path),ltrim(name_new)) as valor from uploadfiles where uploadfile_id='3268';
20241112@154617.9804 rgh2l0hj9ptj28le0vg3hf6i4g Query : update uploadfiles set whenupdated=current_timestamp where uploadfile_id='3268';
20241112@154618.1048 bdu1c6co65o3gbac0h4qojjhbr Query : insert into uploadfiles ( name_original, name_new, option_type, relative_path, whencreated ) values ( ?, ?, ?, ?, getdate() )
20241112@154618.1060 bdu1c6co65o3gbac0h4qojjhbr Query : select uploadfile_id valor from uploadfiles where name_new = ? and option_type = ? 
20241112@154618.1129 bdu1c6co65o3gbac0h4qojjhbr Query : select concat(rtrim(relative_path),ltrim(name_new)) as valor from uploadfiles where uploadfile_id='3269';
20241112@154618.1216 bdu1c6co65o3gbac0h4qojjhbr Query : update uploadfiles set whenupdated=current_timestamp where uploadfile_id='3269';
20241112@154618.1289 bdu1c6co65o3gbac0h4qojjhbr Query : select concat(rtrim(relative_path),ltrim(name_new)) as valor from uploadfiles where uploadfile_id='3269';
20241112@154618.1328 bdu1c6co65o3gbac0h4qojjhbr Query : update uploadfiles set whenupdated=current_timestamp where uploadfile_id='3269';
20241112@154618.1393 bdu1c6co65o3gbac0h4qojjhbr Query : use flama_phc
20241112@154618.1398 bdu1c6co65o3gbac0h4qojjhbr Query : select top 1 secretkey valor from u_wsusers u where u.userid = ? and u.inactivo=0
20241112@154618.1469 bdu1c6co65o3gbac0h4qojjhbr Query : use flama_phc
20241112@154618.1473 bdu1c6co65o3gbac0h4qojjhbr Query : select no, estab,szadrsdesc from szadrs where u_coddest=6917
20241112@154618.1564 bdu1c6co65o3gbac0h4qojjhbr Query : select top 1 isnull(design,'') valor from st (nolock) left join stobs (nolock) on st.ref = stobs.ref where st.ref = '324.900.94.01'
20241112@154618.1726 bdu1c6co65o3gbac0h4qojjhbr Query : select top 1 bistamp valor from bi inner join bo on bo.bostamp=bi.bostamp where bo.ndos =240 and bo.boano =2075 and bo.obrano = 2407504 and bi.ref ='324.900.94.01' and bi.lordem =1
20241112@154618.2093 bdu1c6co65o3gbac0h4qojjhbr Query : select top 1 isnull(design,'') valor from st (nolock) left join stobs (nolock) on st.ref = stobs.ref where st.ref = '324.700.94.01'
20241112@154618.2291 bdu1c6co65o3gbac0h4qojjhbr Query : select top 1 bistamp valor from bi inner join bo on bo.bostamp=bi.bostamp where bo.ndos =240 and bo.boano =2075 and bo.obrano = 2407504 and bi.ref ='324.700.94.01' and bi.lordem =2
20241112@154618.2677 bdu1c6co65o3gbac0h4qojjhbr Query : use flama_phc
20241112@154618.2681 bdu1c6co65o3gbac0h4qojjhbr Query : select top 1 convert(date,fdata) valor from ft where ndoc = 39 and anulado= 0 and fno>0 order by fdata desc
20241112@154618.2718 bdu1c6co65o3gbac0h4qojjhbr Query : use flama_phc
20241112@154618.2722 bdu1c6co65o3gbac0h4qojjhbr Query : select top 1 1 valor from td where td.ndoc = 39
20241112@154618.2755 bdu1c6co65o3gbac0h4qojjhbr Query : use flama_phc
20241112@154618.2759 bdu1c6co65o3gbac0h4qojjhbr Query : select lower(descricao) descricao ,case when valor='s' then 1 else 0 end valor from para1 where descricao in ('st_lote','st_usalogifunc', 'st_grelha')
20241112@154618.2793 bdu1c6co65o3gbac0h4qojjhbr Query : select top 1 manternumero ,assinadoc issigned ,tiposaft ,assinaimp ,nmdos ,td.assinadoc ,'cl' origin ,lancasl stocks ,case when cmsl<50 and td.lancasl=1 then 1 else 0 end entrada ,case when cmsl>50 and td.lancasl=1 then 1 else 0 end saida ,temserie assets ,~semgre usegridfields from td inner join td2 on td.tdstamp=td2.td2stamp where td.ndoc = 1
20241112@154618.2834 bdu1c6co65o3gbac0h4qojjhbr Query : use flama_phc
20241112@154618.2838 bdu1c6co65o3gbac0h4qojjhbr Query : select top 1 ~inactivo valor from cl where no = '199800' and estab = 0 order by inactivo desc
20241112@154618.2986 bdu1c6co65o3gbac0h4qojjhbr Query : use flama_phc
20241112@154618.2991 bdu1c6co65o3gbac0h4qojjhbr Query : select top 1 tipodoc,regrd from td where ndoc = 39
20241112@154618.3031 bdu1c6co65o3gbac0h4qojjhbr Query : use flama_phc
20241112@154618.3036 bdu1c6co65o3gbac0h4qojjhbr Query : select szadrsstamp valor from szadrs where szadrsdesc='espaÇotrans,lda'
20241112@154618.3086 bdu1c6co65o3gbac0h4qojjhbr Query : use flama_phc
20241112@154618.3090 bdu1c6co65o3gbac0h4qojjhbr Query : select szadrsstamp valor from szadrs where szadrsdesc='740 ent vnr bligeiro'
20241112@154618.3154 bdu1c6co65o3gbac0h4qojjhbr Query : use flama_phc
20241112@154618.3157 bdu1c6co65o3gbac0h4qojjhbr Query : select 1 valor from td where ndoc = 39
20241112@154618.3173 bdu1c6co65o3gbac0h4qojjhbr Query : select top 1 manternumero, tiposaft, nmdos,td.assinadoc from td where td.ndoc = 39
20241112@154618.3189 bdu1c6co65o3gbac0h4qojjhbr Query : select 1 valor from information_schema.tables where table_type='base table' and table_name='wstablefields'
20241112@154618.3490 bdu1c6co65o3gbac0h4qojjhbr Query : select fieldkey,fieldname,fieldtype,mandatory from wstablefields where tablename = 'ft' and documentnumber = 39
20241112@154618.3511 bdu1c6co65o3gbac0h4qojjhbr Query : select 1 valor from information_schema.tables where table_type='base table' and table_name='wstablefields'
20241112@154618.3529 bdu1c6co65o3gbac0h4qojjhbr Query : select fieldkey,fieldname,fieldtype,mandatory from wstablefields where tablename = 'ft2' and documentnumber = 39
20241112@154618.3559 bdu1c6co65o3gbac0h4qojjhbr Query : select 1 valor from information_schema.tables where table_type='base table' and table_name='wstablefields'
20241112@154618.3574 bdu1c6co65o3gbac0h4qojjhbr Query : select fieldkey,fieldname,fieldtype,mandatory from wstablefields where tablename = 'ft3' and documentnumber = 39
20241112@154618.3591 bdu1c6co65o3gbac0h4qojjhbr Query : select top 1 ft.fno valor from ft ft where ft.ndoc = 39 and ftano=2024 order by fno desc
20241112@154618.3684 bdu1c6co65o3gbac0h4qojjhbr Query : select top 1 ft.fno valor from wsftdata ft where ft.ndoc = 39 and ftano=2024 order by fno desc
20241112@154618.3700 bdu1c6co65o3gbac0h4qojjhbr Query : select 1 valor from information_schema.tables where table_type='base table' and table_name='wstablefields'
20241112@154618.3726 bdu1c6co65o3gbac0h4qojjhbr Query : select fieldkey,fieldname,fieldtype,calcformula from wstablefields where tablename = 'ft3' and documentnumber = 39
20241112@154618.3742 bdu1c6co65o3gbac0h4qojjhbr Query : insert into wsft3data (ft3stamp, ousrdata, ousrhora, usrdata,usrhora,ousrinis,usrinis,taxpointdt ) values ('aut67337201466733784a57' ,getdate(),convert(char(8),convert (time,getdate())),getdate(),convert(char(8),convert (time,getdate())),'wsv','wsv',?)
20241112@154618.3940 bdu1c6co65o3gbac0h4qojjhbr Query : select 1 valor from information_schema.tables where table_type='base table' and table_name='wstablefields'
20241112@154618.3961 bdu1c6co65o3gbac0h4qojjhbr Query : select fieldkey,fieldname,fieldtype,calcformula from wstablefields where tablename = 'ft2' and documentnumber = 39
20241112@154618.4005 bdu1c6co65o3gbac0h4qojjhbr Query : select top 1 bo.u_nomeenv valor from bo where bo.bostamp=''
20241112@154618.4021 bdu1c6co65o3gbac0h4qojjhbr Query : select top 1 bo.u_moradaen valor from bo where bo.bostamp=''
20241112@154618.4037 bdu1c6co65o3gbac0h4qojjhbr Query : select top 1 bo.u_codposen valor from bo where bo.bostamp=''
20241112@154618.4051 bdu1c6co65o3gbac0h4qojjhbr Query : select top 1 bo.u_localenv valor from bo where bo.bostamp=''
20241112@154618.4066 bdu1c6co65o3gbac0h4qojjhbr Query : select top 1 bo.trab5 valor from bo where bo.bostamp=''
20241112@154618.4082 bdu1c6co65o3gbac0h4qojjhbr Query : select top 1 bo.serie valor from bo where bo.bostamp=''
20241112@154618.4102 bdu1c6co65o3gbac0h4qojjhbr Query : insert into wsft2data (ft2stamp, ousrdata,ousrhora, usrdata,usrhora,ousrinis,usrinis,u_nomeenv ,u_moradaen ,u_codposen ,u_localenv ,u_coddest ,u_codby ) values ('aut67337201466733784a57',getdate(),convert(char(8),convert (time,getdate())),getdate(),convert(char(8),convert (time,getdate())),'wsv','wsv',?,?,?,?,?,?)
20241112@154618.4377 bdu1c6co65o3gbac0h4qojjhbr Query : select top 1 fno valor from wsftdata order by fno desc
20241112@154618.4408 bdu1c6co65o3gbac0h4qojjhbr Query : select 1 valor from information_schema.tables where table_type='base table' and table_name='wstablefields'
20241112@154618.4429 bdu1c6co65o3gbac0h4qojjhbr Query : select fieldkey,fieldname,fieldtype,calcformula from wstablefields where tablename = 'ft' and documentnumber = 39
20241112@154618.4462 bdu1c6co65o3gbac0h4qojjhbr Query : select 'normal' from dummy
20241112@154618.4481 bdu1c6co65o3gbac0h4qojjhbr Query : insert into wsftdata (ftstamp, ousrdata,ousrhora, usrdata,usrhora,ousrinis,usrinis,fno,no,estab,fdata,ndoc,moeda,cambio,cambiofixo,ftano,site ,classe ) values ('aut67337201466733784a57',getdate(),convert(char(8),convert (time,getdate())),getdate(),convert(char(8),convert (time,getdate())),'wsv','wsv',1829,199800,0,'2024-11-12',39,'euro',0,0,2024 ,?,?)
20241112@154618.4882 bdu1c6co65o3gbac0h4qojjhbr Query : use flama_phc
20241112@154618.4885 bdu1c6co65o3gbac0h4qojjhbr Query : select st.usalote valor from st where st.ref = '324.900.94.01'
20241112@154618.4913 bdu1c6co65o3gbac0h4qojjhbr Query : select top 1 st.tabiva ,st.ivaincl ,st.stns ,st.uni2 ,st.familia ,isnull(tx.taxa, 0) txiva ,unidade ,usalote ,epcpond ,noserie ,conversao ,st.texteis from st left join taxasiva tx on st.tabiva = tx.codigo where st.ref = '324.900.94.01'
20241112@154618.5066 bdu1c6co65o3gbac0h4qojjhbr Query : select 1 valor from information_schema.tables where table_type='base table' and table_name='wstablefields'
20241112@154618.5083 bdu1c6co65o3gbac0h4qojjhbr Query : select fieldkey,fieldname,fieldtype,mandatory from wstablefields where tablename = 'fi' and documentnumber = 39
20241112@154618.5111 bdu1c6co65o3gbac0h4qojjhbr Query : select 1 valor from information_schema.tables where table_type='base table' and table_name='wstablefields'
20241112@154618.5128 bdu1c6co65o3gbac0h4qojjhbr Query : select fieldkey,fieldname,fieldtype,mandatory from wstablefields where tablename = 'fi2' and documentnumber = 39
20241112@154618.5138 bdu1c6co65o3gbac0h4qojjhbr Query : select top 1 convert(numeric(6,2),t.taxa) valor from taxasiva t where t.codigo='2'
20241112@154618.5153 bdu1c6co65o3gbac0h4qojjhbr Query : select sestamp valor from se where ref ='324.900.94.01' and lote = 'r2300952200a'
20241112@154618.5168 bdu1c6co65o3gbac0h4qojjhbr Query : select 1 valor from information_schema.tables where table_type='base table' and table_name='wstablefields'
20241112@154618.5185 bdu1c6co65o3gbac0h4qojjhbr Query : select fieldkey,fieldname,fieldtype,calcformula from wstablefields where tablename = 'fi2' and documentnumber = 39
20241112@154618.5201 bdu1c6co65o3gbac0h4qojjhbr Query : insert into wsfi2data (fi2stamp,ftstamp ,ousrdata, ousrhora, usrdata,usrhora,ousrinis,usrinis) values ('aut67337157866733784a7e','aut67337201466733784a57' ,getdate(),convert(char(8),convert (time,getdate())),getdate(),convert(char(8),convert (time,getdate())),'wsv','wsv')
20241112@154618.5206 bdu1c6co65o3gbac0h4qojjhbr Query : select 1 valor from information_schema.tables where table_type='base table' and table_name='wstablefields'
20241112@154618.5230 bdu1c6co65o3gbac0h4qojjhbr Query : select fieldkey,fieldname,fieldtype,calcformula from wstablefields where tablename = 'fi' and documentnumber = 39
20241112@154618.5271 bdu1c6co65o3gbac0h4qojjhbr Query : insert into wsfidata (fistamp,ousrdata, ousrhora, usrdata,usrhora,ousrinis,usrinis ,qtt ,ftstamp ,epv,pvmoeda ,tabiva,iva,lordem ,ref, design ,lote,armazem,bistamp ) values ('aut67337157866733784a7e',getdate(),convert(char(8),convert (time,getdate())),getdate(),convert(char(8),convert (time,getdate())),'wsv','wsv',6.000 ,'aut67337201466733784a57' ,0,0 ,2,23.00,10000,?,?,?,?,?)
20241112@154618.5629 bdu1c6co65o3gbac0h4qojjhbr Query : use flama_phc
20241112@154618.5633 bdu1c6co65o3gbac0h4qojjhbr Query : select st.usalote valor from st where st.ref = '324.700.94.01'
20241112@154618.5660 bdu1c6co65o3gbac0h4qojjhbr Query : select top 1 st.tabiva ,st.ivaincl ,st.stns ,st.uni2 ,st.familia ,isnull(tx.taxa, 0) txiva ,unidade ,usalote ,epcpond ,noserie ,conversao ,st.texteis from st left join taxasiva tx on st.tabiva = tx.codigo where st.ref = '324.700.94.01'
20241112@154618.5817 bdu1c6co65o3gbac0h4qojjhbr Query : select 1 valor from information_schema.tables where table_type='base table' and table_name='wstablefields'
20241112@154618.5839 bdu1c6co65o3gbac0h4qojjhbr Query : select fieldkey,fieldname,fieldtype,mandatory from wstablefields where tablename = 'fi' and documentnumber = 39
20241112@154618.5872 bdu1c6co65o3gbac0h4qojjhbr Query : select 1 valor from information_schema.tables where table_type='base table' and table_name='wstablefields'
20241112@154618.5890 bdu1c6co65o3gbac0h4qojjhbr Query : select fieldkey,fieldname,fieldtype,mandatory from wstablefields where tablename = 'fi2' and documentnumber = 39
20241112@154618.5901 bdu1c6co65o3gbac0h4qojjhbr Query : select top 1 convert(numeric(6,2),t.taxa) valor from taxasiva t where t.codigo='2'
20241112@154618.5915 bdu1c6co65o3gbac0h4qojjhbr Query : select sestamp valor from se where ref ='324.700.94.01' and lote = 'r2300913100a'
20241112@154618.5938 bdu1c6co65o3gbac0h4qojjhbr Query : select 1 valor from information_schema.tables where table_type='base table' and table_name='wstablefields'
20241112@154618.5960 bdu1c6co65o3gbac0h4qojjhbr Query : select fieldkey,fieldname,fieldtype,calcformula from wstablefields where tablename = 'fi2' and documentnumber = 39
20241112@154618.5980 bdu1c6co65o3gbac0h4qojjhbr Query : insert into wsfi2data (fi2stamp,ftstamp ,ousrdata, ousrhora, usrdata,usrhora,ousrinis,usrinis) values ('aut67337918626733784a90','aut67337201466733784a57' ,getdate(),convert(char(8),convert (time,getdate())),getdate(),convert(char(8),convert (time,getdate())),'wsv','wsv')
20241112@154618.5987 bdu1c6co65o3gbac0h4qojjhbr Query : select 1 valor from information_schema.tables where table_type='base table' and table_name='wstablefields'
20241112@154618.6009 bdu1c6co65o3gbac0h4qojjhbr Query : select fieldkey,fieldname,fieldtype,calcformula from wstablefields where tablename = 'fi' and documentnumber = 39
20241112@154618.6058 bdu1c6co65o3gbac0h4qojjhbr Query : insert into wsfidata (fistamp,ousrdata, ousrhora, usrdata,usrhora,ousrinis,usrinis ,qtt ,ftstamp ,epv,pvmoeda ,tabiva,iva,lordem ,ref, design ,lote,armazem,bistamp ) values ('aut67337918626733784a90',getdate(),convert(char(8),convert (time,getdate())),getdate(),convert(char(8),convert (time,getdate())),'wsv','wsv',2.000 ,'aut67337201466733784a57' ,0,0 ,2,23.00,20000,?,?,?,?,?)
20241112@154618.6365 bdu1c6co65o3gbac0h4qojjhbr Query : insert into wsftcreationlog (initialftstamp,externalid,creationstatus,documenttypeid,idustamp) values ('aut67337201466733784a57','2407504','wait',39,'adm09112754980.682000002')
20241112@154618.6462 bdu1c6co65o3gbac0h4qojjhbr Query : use flama_phc
20241112@154618.6466 bdu1c6co65o3gbac0h4qojjhbr Query : update u_wsusers set rqsttoken =? where userid ='userls001'
20241112@154618.6502 bdu1c6co65o3gbac0h4qojjhbr Query : select concat(rtrim(relative_path),ltrim(name_new)) as valor from uploadfiles where uploadfile_id='3269';
20241112@154618.6551 bdu1c6co65o3gbac0h4qojjhbr Query : update uploadfiles set whenupdated=current_timestamp where uploadfile_id='3269';
20241112@154618.6614 bdu1c6co65o3gbac0h4qojjhbr Query : select concat(rtrim(relative_path),ltrim(name_new)) as valor from uploadfiles where uploadfile_id='3269';
20241112@154618.6666 bdu1c6co65o3gbac0h4qojjhbr Query : update uploadfiles set whenupdated=current_timestamp where uploadfile_id='3269';
20241112@154618.7186 rs1bhfg6dut50v439a1c5vr1mn Query : insert into uploadfiles ( name_original, name_new, option_type, relative_path, whencreated ) values ( ?, ?, ?, ?, getdate() )
20241112@154618.7201 rs1bhfg6dut50v439a1c5vr1mn Query : select uploadfile_id valor from uploadfiles where name_new = ? and option_type = ? 
20241112@154618.7290 rs1bhfg6dut50v439a1c5vr1mn Query : select concat(rtrim(relative_path),ltrim(name_new)) as valor from uploadfiles where uploadfile_id='3270';
20241112@154618.7372 rs1bhfg6dut50v439a1c5vr1mn Query : update uploadfiles set whenupdated=current_timestamp where uploadfile_id='3270';
20241112@154618.7449 rs1bhfg6dut50v439a1c5vr1mn Query : select concat(rtrim(relative_path),ltrim(name_new)) as valor from uploadfiles where uploadfile_id='3270';
20241112@154618.7497 rs1bhfg6dut50v439a1c5vr1mn Query : update uploadfiles set whenupdated=current_timestamp where uploadfile_id='3270';
20241112@154618.7591 rs1bhfg6dut50v439a1c5vr1mn Query : use flama_phc
20241112@154618.7597 rs1bhfg6dut50v439a1c5vr1mn Query : select top 1 secretkey valor from u_wsusers u where u.userid = ? and u.inactivo=0
20241112@154618.7693 rs1bhfg6dut50v439a1c5vr1mn Query : use flama_phc
20241112@154618.7697 rs1bhfg6dut50v439a1c5vr1mn Query : select no, estab,szadrsdesc from szadrs where u_coddest=1476
20241112@154618.7812 rs1bhfg6dut50v439a1c5vr1mn Query : select top 1 isnull(design,'') valor from st (nolock) left join stobs (nolock) on st.ref = stobs.ref where st.ref = '324.1329.00.1'
20241112@154618.8056 rs1bhfg6dut50v439a1c5vr1mn Query : select top 1 bistamp valor from bi inner join bo on bo.bostamp=bi.bostamp where bo.ndos =240 and bo.boano =2075 and bo.obrano = 2407509 and bi.ref ='324.1329.00.1' and bi.lordem =1
20241112@154618.8570 rs1bhfg6dut50v439a1c5vr1mn Query : use flama_phc
20241112@154618.8605 rs1bhfg6dut50v439a1c5vr1mn Query : select top 1 convert(date,fdata) valor from ft where ndoc = 39 and anulado= 0 and fno>0 order by fdata desc
20241112@154618.8788 rs1bhfg6dut50v439a1c5vr1mn Query : use flama_phc
20241112@154618.8796 rs1bhfg6dut50v439a1c5vr1mn Query : select top 1 1 valor from td where td.ndoc = 39
20241112@154618.8941 rs1bhfg6dut50v439a1c5vr1mn Query : use flama_phc
20241112@154618.8949 rs1bhfg6dut50v439a1c5vr1mn Query : select lower(descricao) descricao ,case when valor='s' then 1 else 0 end valor from para1 where descricao in ('st_lote','st_usalogifunc', 'st_grelha')
20241112@154618.9031 rs1bhfg6dut50v439a1c5vr1mn Query : select top 1 manternumero ,assinadoc issigned ,tiposaft ,assinaimp ,nmdos ,td.assinadoc ,'cl' origin ,lancasl stocks ,case when cmsl<50 and td.lancasl=1 then 1 else 0 end entrada ,case when cmsl>50 and td.lancasl=1 then 1 else 0 end saida ,temserie assets ,~semgre usegridfields from td inner join td2 on td.tdstamp=td2.td2stamp where td.ndoc = 1
20241112@154618.9162 rs1bhfg6dut50v439a1c5vr1mn Query : use flama_phc
20241112@154618.9169 rs1bhfg6dut50v439a1c5vr1mn Query : select top 1 ~inactivo valor from cl where no = '101638' and estab = 0 order by inactivo desc
20241112@154618.9374 rs1bhfg6dut50v439a1c5vr1mn Query : use flama_phc
20241112@154618.9379 rs1bhfg6dut50v439a1c5vr1mn Query : select top 1 tipodoc,regrd from td where ndoc = 39
20241112@154618.9481 rs1bhfg6dut50v439a1c5vr1mn Query : use flama_phc
20241112@154618.9488 rs1bhfg6dut50v439a1c5vr1mn Query : select szadrsstamp valor from szadrs where szadrsdesc='espaÇotrans,lda'
20241112@154618.9677 rs1bhfg6dut50v439a1c5vr1mn Query : use flama_phc
20241112@154618.9683 rs1bhfg6dut50v439a1c5vr1mn Query : select szadrsstamp valor from szadrs where szadrsdesc='almendre faria dos santos, lda'
20241112@154619.3980 rs1bhfg6dut50v439a1c5vr1mn Query : use flama_phc
20241112@154619.4030 rs1bhfg6dut50v439a1c5vr1mn Query : select 1 valor from td where ndoc = 39
20241112@154619.4190 rs1bhfg6dut50v439a1c5vr1mn Query : select top 1 manternumero, tiposaft, nmdos,td.assinadoc from td where td.ndoc = 39
20241112@154619.4380 rs1bhfg6dut50v439a1c5vr1mn Query : select 1 valor from information_schema.tables where table_type='base table' and table_name='wstablefields'
20241112@154619.4590 rs1bhfg6dut50v439a1c5vr1mn Query : select fieldkey,fieldname,fieldtype,mandatory from wstablefields where tablename = 'ft' and documentnumber = 39
20241112@154619.4840 rs1bhfg6dut50v439a1c5vr1mn Query : select 1 valor from information_schema.tables where table_type='base table' and table_name='wstablefields'
20241112@154619.5030 rs1bhfg6dut50v439a1c5vr1mn Query : select fieldkey,fieldname,fieldtype,mandatory from wstablefields where tablename = 'ft2' and documentnumber = 39
20241112@154619.5400 rs1bhfg6dut50v439a1c5vr1mn Query : select 1 valor from information_schema.tables where table_type='base table' and table_name='wstablefields'
20241112@154619.5620 rs1bhfg6dut50v439a1c5vr1mn Query : select fieldkey,fieldname,fieldtype,mandatory from wstablefields where tablename = 'ft3' and documentnumber = 39
20241112@154619.6030 rs1bhfg6dut50v439a1c5vr1mn Query : select top 1 ft.fno valor from ft ft where ft.ndoc = 39 and ftano=2024 order by fno desc
20241112@154619.6750 rs1bhfg6dut50v439a1c5vr1mn Query : select top 1 ft.fno valor from wsftdata ft where ft.ndoc = 39 and ftano=2024 order by fno desc
20241112@154619.6900 rs1bhfg6dut50v439a1c5vr1mn Query : select 1 valor from information_schema.tables where table_type='base table' and table_name='wstablefields'
20241112@154619.7160 rs1bhfg6dut50v439a1c5vr1mn Query : select fieldkey,fieldname,fieldtype,calcformula from wstablefields where tablename = 'ft3' and documentnumber = 39
20241112@154619.7410 rs1bhfg6dut50v439a1c5vr1mn Query : insert into wsft3data (ft3stamp, ousrdata, ousrhora, usrdata,usrhora,ousrinis,usrinis,taxpointdt ) values ('aut67337380056733784b0e' ,getdate(),convert(char(8),convert (time,getdate())),getdate(),convert(char(8),convert (time,getdate())),'wsv','wsv',?)
20241112@154619.1269 rs1bhfg6dut50v439a1c5vr1mn Query : select 1 valor from information_schema.tables where table_type='base table' and table_name='wstablefields'
20241112@154619.1304 rs1bhfg6dut50v439a1c5vr1mn Query : select fieldkey,fieldname,fieldtype,calcformula from wstablefields where tablename = 'ft2' and documentnumber = 39
20241112@154619.1366 rs1bhfg6dut50v439a1c5vr1mn Query : select top 1 bo.u_nomeenv valor from bo where bo.bostamp=''
20241112@154619.1388 rs1bhfg6dut50v439a1c5vr1mn Query : select top 1 bo.u_moradaen valor from bo where bo.bostamp=''
20241112@154619.1413 rs1bhfg6dut50v439a1c5vr1mn Query : select top 1 bo.u_codposen valor from bo where bo.bostamp=''
20241112@154619.1430 rs1bhfg6dut50v439a1c5vr1mn Query : select top 1 bo.u_localenv valor from bo where bo.bostamp=''
20241112@154619.1444 rs1bhfg6dut50v439a1c5vr1mn Query : select top 1 bo.trab5 valor from bo where bo.bostamp=''
20241112@154619.1459 rs1bhfg6dut50v439a1c5vr1mn Query : select top 1 bo.serie valor from bo where bo.bostamp=''
20241112@154619.1478 rs1bhfg6dut50v439a1c5vr1mn Query : insert into wsft2data (ft2stamp, ousrdata,ousrhora, usrdata,usrhora,ousrinis,usrinis,u_nomeenv ,u_moradaen ,u_codposen ,u_localenv ,u_coddest ,u_codby ) values ('aut67337380056733784b0e',getdate(),convert(char(8),convert (time,getdate())),getdate(),convert(char(8),convert (time,getdate())),'wsv','wsv',?,?,?,?,?,?)
20241112@154619.1818 rs1bhfg6dut50v439a1c5vr1mn Query : select top 1 fno valor from wsftdata order by fno desc
20241112@154619.1853 rs1bhfg6dut50v439a1c5vr1mn Query : select 1 valor from information_schema.tables where table_type='base table' and table_name='wstablefields'
20241112@154619.1876 rs1bhfg6dut50v439a1c5vr1mn Query : select fieldkey,fieldname,fieldtype,calcformula from wstablefields where tablename = 'ft' and documentnumber = 39
20241112@154619.1903 rs1bhfg6dut50v439a1c5vr1mn Query : select 'normal' from dummy
20241112@154619.1924 rs1bhfg6dut50v439a1c5vr1mn Query : insert into wsftdata (ftstamp, ousrdata,ousrhora, usrdata,usrhora,ousrinis,usrinis,fno,no,estab,fdata,ndoc,moeda,cambio,cambiofixo,ftano,site ,classe ) values ('aut67337380056733784b0e',getdate(),convert(char(8),convert (time,getdate())),getdate(),convert(char(8),convert (time,getdate())),'wsv','wsv',1830,101638,0,'2024-11-12',39,'euro',0,0,2024 ,?,?)
20241112@154619.2480 rs1bhfg6dut50v439a1c5vr1mn Query : use flama_phc
20241112@154619.2484 rs1bhfg6dut50v439a1c5vr1mn Query : select st.usalote valor from st where st.ref = '324.1329.00.1'
20241112@154619.2524 rs1bhfg6dut50v439a1c5vr1mn Query : select top 1 st.tabiva ,st.ivaincl ,st.stns ,st.uni2 ,st.familia ,isnull(tx.taxa, 0) txiva ,unidade ,usalote ,epcpond ,noserie ,conversao ,st.texteis from st left join taxasiva tx on st.tabiva = tx.codigo where st.ref = '324.1329.00.1'
20241112@154619.2725 rs1bhfg6dut50v439a1c5vr1mn Query : select 1 valor from information_schema.tables where table_type='base table' and table_name='wstablefields'
20241112@154619.2744 rs1bhfg6dut50v439a1c5vr1mn Query : select fieldkey,fieldname,fieldtype,mandatory from wstablefields where tablename = 'fi' and documentnumber = 39
20241112@154619.2775 rs1bhfg6dut50v439a1c5vr1mn Query : select 1 valor from information_schema.tables where table_type='base table' and table_name='wstablefields'
20241112@154619.2792 rs1bhfg6dut50v439a1c5vr1mn Query : select fieldkey,fieldname,fieldtype,mandatory from wstablefields where tablename = 'fi2' and documentnumber = 39
20241112@154619.2803 rs1bhfg6dut50v439a1c5vr1mn Query : select top 1 convert(numeric(6,2),t.taxa) valor from taxasiva t where t.codigo='2'
20241112@154619.2818 rs1bhfg6dut50v439a1c5vr1mn Query : select sestamp valor from se where ref ='324.1329.00.1' and lote = 'r2400496300a'
20241112@154619.2841 rs1bhfg6dut50v439a1c5vr1mn Query : select 1 valor from information_schema.tables where table_type='base table' and table_name='wstablefields'
20241112@154619.2858 rs1bhfg6dut50v439a1c5vr1mn Query : select fieldkey,fieldname,fieldtype,calcformula from wstablefields where tablename = 'fi2' and documentnumber = 39
20241112@154619.2872 rs1bhfg6dut50v439a1c5vr1mn Query : insert into wsfi2data (fi2stamp,ftstamp ,ousrdata, ousrhora, usrdata,usrhora,ousrinis,usrinis) values ('aut67337414936733784b45','aut67337380056733784b0e' ,getdate(),convert(char(8),convert (time,getdate())),getdate(),convert(char(8),convert (time,getdate())),'wsv','wsv')
20241112@154619.2877 rs1bhfg6dut50v439a1c5vr1mn Query : select 1 valor from information_schema.tables where table_type='base table' and table_name='wstablefields'
20241112@154619.2897 rs1bhfg6dut50v439a1c5vr1mn Query : select fieldkey,fieldname,fieldtype,calcformula from wstablefields where tablename = 'fi' and documentnumber = 39
20241112@154619.2934 rs1bhfg6dut50v439a1c5vr1mn Query : insert into wsfidata (fistamp,ousrdata, ousrhora, usrdata,usrhora,ousrinis,usrinis ,qtt ,ftstamp ,epv,pvmoeda ,tabiva,iva,lordem ,ref, design ,lote,armazem,bistamp ) values ('aut67337414936733784b45',getdate(),convert(char(8),convert (time,getdate())),getdate(),convert(char(8),convert (time,getdate())),'wsv','wsv',2.000 ,'aut67337380056733784b0e' ,0,0 ,2,23.00,10000,?,?,?,?,?)
20241112@154619.3274 rs1bhfg6dut50v439a1c5vr1mn Query : insert into wsftcreationlog (initialftstamp,externalid,creationstatus,documenttypeid,idustamp) values ('aut67337380056733784b0e','2407509','wait',39,'adm09112754980.682000002')
20241112@154619.4801 rs1bhfg6dut50v439a1c5vr1mn Query : use flama_phc
20241112@154619.4805 rs1bhfg6dut50v439a1c5vr1mn Query : update u_wsusers set rqsttoken =? where userid ='userls001'
20241112@154619.4836 rs1bhfg6dut50v439a1c5vr1mn Query : select concat(rtrim(relative_path),ltrim(name_new)) as valor from uploadfiles where uploadfile_id='3270';
20241112@154619.4878 rs1bhfg6dut50v439a1c5vr1mn Query : update uploadfiles set whenupdated=current_timestamp where uploadfile_id='3270';
20241112@154619.4931 rs1bhfg6dut50v439a1c5vr1mn Query : select concat(rtrim(relative_path),ltrim(name_new)) as valor from uploadfiles where uploadfile_id='3270';
20241112@154619.4983 rs1bhfg6dut50v439a1c5vr1mn Query : update uploadfiles set whenupdated=current_timestamp where uploadfile_id='3270';
20241112@154619.5522 orfbvh480ue05ceamqnard54c6 Query : insert into uploadfiles ( name_original, name_new, option_type, relative_path, whencreated ) values ( ?, ?, ?, ?, getdate() )
20241112@154619.5534 orfbvh480ue05ceamqnard54c6 Query : select uploadfile_id valor from uploadfiles where name_new = ? and option_type = ? 
20241112@154619.5598 orfbvh480ue05ceamqnard54c6 Query : select concat(rtrim(relative_path),ltrim(name_new)) as valor from uploadfiles where uploadfile_id='3271';
20241112@154619.5669 orfbvh480ue05ceamqnard54c6 Query : update uploadfiles set whenupdated=current_timestamp where uploadfile_id='3271';
20241112@154619.5731 orfbvh480ue05ceamqnard54c6 Query : select concat(rtrim(relative_path),ltrim(name_new)) as valor from uploadfiles where uploadfile_id='3271';
20241112@154619.5768 orfbvh480ue05ceamqnard54c6 Query : update uploadfiles set whenupdated=current_timestamp where uploadfile_id='3271';
20241112@154619.5830 orfbvh480ue05ceamqnard54c6 Query : use flama_phc
20241112@154619.5834 orfbvh480ue05ceamqnard54c6 Query : select top 1 secretkey valor from u_wsusers u where u.userid = ? and u.inactivo=0
20241112@154619.5903 orfbvh480ue05ceamqnard54c6 Query : use flama_phc
20241112@154619.5907 orfbvh480ue05ceamqnard54c6 Query : select no, estab,szadrsdesc from szadrs where u_coddest=1246
20241112@154619.6008 orfbvh480ue05ceamqnard54c6 Query : select top 1 isnull(design,'') valor from st (nolock) left join stobs (nolock) on st.ref = stobs.ref where st.ref = '324.2362.00.1'
20241112@154619.6171 orfbvh480ue05ceamqnard54c6 Query : select top 1 bistamp valor from bi inner join bo on bo.bostamp=bi.bostamp where bo.ndos =240 and bo.boano =2075 and bo.obrano = 2407515 and bi.ref ='324.2362.00.1' and bi.lordem =1
20241112@154619.6565 orfbvh480ue05ceamqnard54c6 Query : select top 1 isnull(design,'') valor from st (nolock) left join stobs (nolock) on st.ref = stobs.ref where st.ref = '324.1824.00.1'
20241112@154619.6747 orfbvh480ue05ceamqnard54c6 Query : select top 1 bistamp valor from bi inner join bo on bo.bostamp=bi.bostamp where bo.ndos =240 and bo.boano =2075 and bo.obrano = 2407515 and bi.ref ='324.1824.00.1' and bi.lordem =2
20241112@154619.7126 orfbvh480ue05ceamqnard54c6 Query : select top 1 isnull(design,'') valor from st (nolock) left join stobs (nolock) on st.ref = stobs.ref where st.ref = '324.1884.00.1'
20241112@154619.7292 orfbvh480ue05ceamqnard54c6 Query : select top 1 bistamp valor from bi inner join bo on bo.bostamp=bi.bostamp where bo.ndos =240 and bo.boano =2075 and bo.obrano = 2407515 and bi.ref ='324.1884.00.1' and bi.lordem =3
20241112@154619.8847 orfbvh480ue05ceamqnard54c6 Query : select top 1 isnull(design,'') valor from st (nolock) left join stobs (nolock) on st.ref = stobs.ref where st.ref = '324.4970.00.1'
20241112@154619.9027 orfbvh480ue05ceamqnard54c6 Query : select top 1 bistamp valor from bi inner join bo on bo.bostamp=bi.bostamp where bo.ndos =240 and bo.boano =2075 and bo.obrano = 2407515 and bi.ref ='324.4970.00.1' and bi.lordem =4
20241112@154619.9394 orfbvh480ue05ceamqnard54c6 Query : use flama_phc
20241112@154619.9397 orfbvh480ue05ceamqnard54c6 Query : select top 1 convert(date,fdata) valor from ft where ndoc = 39 and anulado= 0 and fno>0 order by fdata desc
20241112@154619.9437 orfbvh480ue05ceamqnard54c6 Query : use flama_phc
20241112@154619.9440 orfbvh480ue05ceamqnard54c6 Query : select top 1 1 valor from td where td.ndoc = 39
20241112@154619.9522 orfbvh480ue05ceamqnard54c6 Query : use flama_phc
20241112@154619.9548 orfbvh480ue05ceamqnard54c6 Query : select lower(descricao) descricao ,case when valor='s' then 1 else 0 end valor from para1 where descricao in ('st_lote','st_usalogifunc', 'st_grelha')
20241112@154619.9590 orfbvh480ue05ceamqnard54c6 Query : select top 1 manternumero ,assinadoc issigned ,tiposaft ,assinaimp ,nmdos ,td.assinadoc ,'cl' origin ,lancasl stocks ,case when cmsl<50 and td.lancasl=1 then 1 else 0 end entrada ,case when cmsl>50 and td.lancasl=1 then 1 else 0 end saida ,temserie assets ,~semgre usegridfields from td inner join td2 on td.tdstamp=td2.td2stamp where td.ndoc = 1
20241112@154619.9634 orfbvh480ue05ceamqnard54c6 Query : use flama_phc
20241112@154619.9638 orfbvh480ue05ceamqnard54c6 Query : select top 1 ~inactivo valor from cl where no = '102355' and estab = 0 order by inactivo desc
20241112@154619.9775 orfbvh480ue05ceamqnard54c6 Query : use flama_phc
20241112@154619.9779 orfbvh480ue05ceamqnard54c6 Query : select top 1 tipodoc,regrd from td where ndoc = 39
20241112@154619.9814 orfbvh480ue05ceamqnard54c6 Query : use flama_phc
20241112@154619.9817 orfbvh480ue05ceamqnard54c6 Query : select szadrsstamp valor from szadrs where szadrsdesc='espaÇotrans,lda'
20241112@154619.9862 orfbvh480ue05ceamqnard54c6 Query : use flama_phc
20241112@154619.9865 orfbvh480ue05ceamqnard54c6 Query : select szadrsstamp valor from szadrs where szadrsdesc='caetano venancio gato carriÇo'
20241112@154619.9936 orfbvh480ue05ceamqnard54c6 Query : use flama_phc
20241112@154619.9940 orfbvh480ue05ceamqnard54c6 Query : select 1 valor from td where ndoc = 39
20241112@154619.9954 orfbvh480ue05ceamqnard54c6 Query : select top 1 manternumero, tiposaft, nmdos,td.assinadoc from td where td.ndoc = 39
20241112@154619.9970 orfbvh480ue05ceamqnard54c6 Query : select 1 valor from information_schema.tables where table_type='base table' and table_name='wstablefields'
20241112@154619.9990 orfbvh480ue05ceamqnard54c6 Query : select fieldkey,fieldname,fieldtype,mandatory from wstablefields where tablename = 'ft' and documentnumber = 39
20241112@154620.1000 orfbvh480ue05ceamqnard54c6 Query : select 1 valor from information_schema.tables where table_type='base table' and table_name='wstablefields'
20241112@154620.2600 orfbvh480ue05ceamqnard54c6 Query : select fieldkey,fieldname,fieldtype,mandatory from wstablefields where tablename = 'ft2' and documentnumber = 39
20241112@154620.5700 orfbvh480ue05ceamqnard54c6 Query : select 1 valor from information_schema.tables where table_type='base table' and table_name='wstablefields'
20241112@154620.7200 orfbvh480ue05ceamqnard54c6 Query : select fieldkey,fieldname,fieldtype,mandatory from wstablefields where tablename = 'ft3' and documentnumber = 39
20241112@154620.8600 orfbvh480ue05ceamqnard54c6 Query : select top 1 ft.fno valor from ft ft where ft.ndoc = 39 and ftano=2024 order by fno desc
20241112@154620.1510 orfbvh480ue05ceamqnard54c6 Query : select top 1 ft.fno valor from wsftdata ft where ft.ndoc = 39 and ftano=2024 order by fno desc
20241112@154620.1670 orfbvh480ue05ceamqnard54c6 Query : select 1 valor from information_schema.tables where table_type='base table' and table_name='wstablefields'
20241112@154620.1850 orfbvh480ue05ceamqnard54c6 Query : select fieldkey,fieldname,fieldtype,calcformula from wstablefields where tablename = 'ft3' and documentnumber = 39
20241112@154620.2110 orfbvh480ue05ceamqnard54c6 Query : insert into wsft3data (ft3stamp, ousrdata, ousrhora, usrdata,usrhora,ousrinis,usrinis,taxpointdt ) values ('aut67337165376733784c02' ,getdate(),convert(char(8),convert (time,getdate())),getdate(),convert(char(8),convert (time,getdate())),'wsv','wsv',?)
20241112@154620.4110 orfbvh480ue05ceamqnard54c6 Query : select 1 valor from information_schema.tables where table_type='base table' and table_name='wstablefields'
20241112@154620.4330 orfbvh480ue05ceamqnard54c6 Query : select fieldkey,fieldname,fieldtype,calcformula from wstablefields where tablename = 'ft2' and documentnumber = 39
20241112@154620.4750 orfbvh480ue05ceamqnard54c6 Query : select top 1 bo.u_nomeenv valor from bo where bo.bostamp=''
20241112@154620.4910 orfbvh480ue05ceamqnard54c6 Query : select top 1 bo.u_moradaen valor from bo where bo.bostamp=''
20241112@154620.5080 orfbvh480ue05ceamqnard54c6 Query : select top 1 bo.u_codposen valor from bo where bo.bostamp=''
20241112@154620.5240 orfbvh480ue05ceamqnard54c6 Query : select top 1 bo.u_localenv valor from bo where bo.bostamp=''
20241112@154620.5410 orfbvh480ue05ceamqnard54c6 Query : select top 1 bo.trab5 valor from bo where bo.bostamp=''
20241112@154620.5570 orfbvh480ue05ceamqnard54c6 Query : select top 1 bo.serie valor from bo where bo.bostamp=''
20241112@154620.5720 orfbvh480ue05ceamqnard54c6 Query : insert into wsft2data (ft2stamp, ousrdata,ousrhora, usrdata,usrhora,ousrinis,usrinis,u_nomeenv ,u_moradaen ,u_codposen ,u_localenv ,u_coddest ,u_codby ) values ('aut67337165376733784c02',getdate(),convert(char(8),convert (time,getdate())),getdate(),convert(char(8),convert (time,getdate())),'wsv','wsv',?,?,?,?,?,?)
20241112@154620.8920 orfbvh480ue05ceamqnard54c6 Query : select top 1 fno valor from wsftdata order by fno desc
20241112@154620.9240 orfbvh480ue05ceamqnard54c6 Query : select 1 valor from information_schema.tables where table_type='base table' and table_name='wstablefields'
20241112@154620.9430 orfbvh480ue05ceamqnard54c6 Query : select fieldkey,fieldname,fieldtype,calcformula from wstablefields where tablename = 'ft' and documentnumber = 39
20241112@154620.9690 orfbvh480ue05ceamqnard54c6 Query : select 'normal' from dummy
20241112@154620.9890 orfbvh480ue05ceamqnard54c6 Query : insert into wsftdata (ftstamp, ousrdata,ousrhora, usrdata,usrhora,ousrinis,usrinis,fno,no,estab,fdata,ndoc,moeda,cambio,cambiofixo,ftano,site ,classe ) values ('aut67337165376733784c02',getdate(),convert(char(8),convert (time,getdate())),getdate(),convert(char(8),convert (time,getdate())),'wsv','wsv',1831,102355,0,'2024-11-12',39,'euro',0,0,2024 ,?,?)
20241112@154620.1370 orfbvh480ue05ceamqnard54c6 Query : use flama_phc
20241112@154620.1375 orfbvh480ue05ceamqnard54c6 Query : select st.usalote valor from st where st.ref = '324.2362.00.1'
20241112@154620.1404 orfbvh480ue05ceamqnard54c6 Query : select top 1 st.tabiva ,st.ivaincl ,st.stns ,st.uni2 ,st.familia ,isnull(tx.taxa, 0) txiva ,unidade ,usalote ,epcpond ,noserie ,conversao ,st.texteis from st left join taxasiva tx on st.tabiva = tx.codigo where st.ref = '324.2362.00.1'
20241112@154620.1586 orfbvh480ue05ceamqnard54c6 Query : select 1 valor from information_schema.tables where table_type='base table' and table_name='wstablefields'
20241112@154620.1603 orfbvh480ue05ceamqnard54c6 Query : select fieldkey,fieldname,fieldtype,mandatory from wstablefields where tablename = 'fi' and documentnumber = 39
20241112@154620.1631 orfbvh480ue05ceamqnard54c6 Query : select 1 valor from information_schema.tables where table_type='base table' and table_name='wstablefields'
20241112@154620.1647 orfbvh480ue05ceamqnard54c6 Query : select fieldkey,fieldname,fieldtype,mandatory from wstablefields where tablename = 'fi2' and documentnumber = 39
20241112@154620.1656 orfbvh480ue05ceamqnard54c6 Query : select top 1 convert(numeric(6,2),t.taxa) valor from taxasiva t where t.codigo='2'
20241112@154620.1667 orfbvh480ue05ceamqnard54c6 Query : select sestamp valor from se where ref ='324.2362.00.1' and lote = 'r2400498400a'
20241112@154620.1682 orfbvh480ue05ceamqnard54c6 Query : select 1 valor from information_schema.tables where table_type='base table' and table_name='wstablefields'
20241112@154620.1697 orfbvh480ue05ceamqnard54c6 Query : select fieldkey,fieldname,fieldtype,calcformula from wstablefields where tablename = 'fi2' and documentnumber = 39
20241112@154620.1708 orfbvh480ue05ceamqnard54c6 Query : insert into wsfi2data (fi2stamp,ftstamp ,ousrdata, ousrhora, usrdata,usrhora,ousrinis,usrinis) values ('aut67337866846733784c29','aut67337165376733784c02' ,getdate(),convert(char(8),convert (time,getdate())),getdate(),convert(char(8),convert (time,getdate())),'wsv','wsv')
20241112@154620.1712 orfbvh480ue05ceamqnard54c6 Query : select 1 valor from information_schema.tables where table_type='base table' and table_name='wstablefields'
20241112@154620.1727 orfbvh480ue05ceamqnard54c6 Query : select fieldkey,fieldname,fieldtype,calcformula from wstablefields where tablename = 'fi' and documentnumber = 39
20241112@154620.1757 orfbvh480ue05ceamqnard54c6 Query : insert into wsfidata (fistamp,ousrdata, ousrhora, usrdata,usrhora,ousrinis,usrinis ,qtt ,ftstamp ,epv,pvmoeda ,tabiva,iva,lordem ,ref, design ,lote,armazem,bistamp ) values ('aut67337866846733784c29',getdate(),convert(char(8),convert (time,getdate())),getdate(),convert(char(8),convert (time,getdate())),'wsv','wsv',1.000 ,'aut67337165376733784c02' ,0,0 ,2,23.00,10000,?,?,?,?,?)
20241112@154620.2056 orfbvh480ue05ceamqnard54c6 Query : use flama_phc
20241112@154620.2059 orfbvh480ue05ceamqnard54c6 Query : select st.usalote valor from st where st.ref = '324.1824.00.1'
20241112@154620.2084 orfbvh480ue05ceamqnard54c6 Query : select top 1 st.tabiva ,st.ivaincl ,st.stns ,st.uni2 ,st.familia ,isnull(tx.taxa, 0) txiva ,unidade ,usalote ,epcpond ,noserie ,conversao ,st.texteis from st left join taxasiva tx on st.tabiva = tx.codigo where st.ref = '324.1824.00.1'
20241112@154620.2248 orfbvh480ue05ceamqnard54c6 Query : select 1 valor from information_schema.tables where table_type='base table' and table_name='wstablefields'
20241112@154620.2269 orfbvh480ue05ceamqnard54c6 Query : select fieldkey,fieldname,fieldtype,mandatory from wstablefields where tablename = 'fi' and documentnumber = 39
20241112@154620.2300 orfbvh480ue05ceamqnard54c6 Query : select 1 valor from information_schema.tables where table_type='base table' and table_name='wstablefields'
20241112@154620.2316 orfbvh480ue05ceamqnard54c6 Query : select fieldkey,fieldname,fieldtype,mandatory from wstablefields where tablename = 'fi2' and documentnumber = 39
20241112@154620.2325 orfbvh480ue05ceamqnard54c6 Query : select top 1 convert(numeric(6,2),t.taxa) valor from taxasiva t where t.codigo='2'
20241112@154620.2338 orfbvh480ue05ceamqnard54c6 Query : select sestamp valor from se where ref ='324.1824.00.1' and lote = 'r2400216200a'
20241112@154620.2352 orfbvh480ue05ceamqnard54c6 Query : select 1 valor from information_schema.tables where table_type='base table' and table_name='wstablefields'
20241112@154620.2367 orfbvh480ue05ceamqnard54c6 Query : select fieldkey,fieldname,fieldtype,calcformula from wstablefields where tablename = 'fi2' and documentnumber = 39
20241112@154620.2380 orfbvh480ue05ceamqnard54c6 Query : insert into wsfi2data (fi2stamp,ftstamp ,ousrdata, ousrhora, usrdata,usrhora,ousrinis,usrinis) values ('aut67337669566733784c39','aut67337165376733784c02' ,getdate(),convert(char(8),convert (time,getdate())),getdate(),convert(char(8),convert (time,getdate())),'wsv','wsv')
20241112@154620.2385 orfbvh480ue05ceamqnard54c6 Query : select 1 valor from information_schema.tables where table_type='base table' and table_name='wstablefields'
20241112@154620.2402 orfbvh480ue05ceamqnard54c6 Query : select fieldkey,fieldname,fieldtype,calcformula from wstablefields where tablename = 'fi' and documentnumber = 39
20241112@154620.2433 orfbvh480ue05ceamqnard54c6 Query : insert into wsfidata (fistamp,ousrdata, ousrhora, usrdata,usrhora,ousrinis,usrinis ,qtt ,ftstamp ,epv,pvmoeda ,tabiva,iva,lordem ,ref, design ,lote,armazem,bistamp ) values ('aut67337669566733784c39',getdate(),convert(char(8),convert (time,getdate())),getdate(),convert(char(8),convert (time,getdate())),'wsv','wsv',1.000 ,'aut67337165376733784c02' ,0,0 ,2,23.00,20000,?,?,?,?,?)
20241112@154620.2768 orfbvh480ue05ceamqnard54c6 Query : select 1 valor from information_schema.tables where table_type='base table' and table_name='wstablefields'
20241112@154620.2788 orfbvh480ue05ceamqnard54c6 Query : select fieldkey,fieldname,fieldtype,mandatory from wstablefields where tablename = 'fi' and documentnumber = 39
20241112@154620.2817 orfbvh480ue05ceamqnard54c6 Query : select 1 valor from information_schema.tables where table_type='base table' and table_name='wstablefields'
20241112@154620.2833 orfbvh480ue05ceamqnard54c6 Query : select fieldkey,fieldname,fieldtype,mandatory from wstablefields where tablename = 'fi2' and documentnumber = 39
20241112@154620.2842 orfbvh480ue05ceamqnard54c6 Query : select top 1 convert(numeric(6,2),t.taxa) valor from taxasiva t where t.codigo='2'
20241112@154620.2856 orfbvh480ue05ceamqnard54c6 Query : select 1 valor from information_schema.tables where table_type='base table' and table_name='wstablefields'
20241112@154620.2872 orfbvh480ue05ceamqnard54c6 Query : select fieldkey,fieldname,fieldtype,calcformula from wstablefields where tablename = 'fi2' and documentnumber = 39
20241112@154620.2885 orfbvh480ue05ceamqnard54c6 Query : insert into wsfi2data (fi2stamp,ftstamp ,ousrdata, ousrhora, usrdata,usrhora,ousrinis,usrinis) values ('aut67337208986733784c45','aut67337165376733784c02' ,getdate(),convert(char(8),convert (time,getdate())),getdate(),convert(char(8),convert (time,getdate())),'wsv','wsv')
20241112@154620.2890 orfbvh480ue05ceamqnard54c6 Query : select 1 valor from information_schema.tables where table_type='base table' and table_name='wstablefields'
20241112@154620.2906 orfbvh480ue05ceamqnard54c6 Query : select fieldkey,fieldname,fieldtype,calcformula from wstablefields where tablename = 'fi' and documentnumber = 39
20241112@154620.2937 orfbvh480ue05ceamqnard54c6 Query : insert into wsfidata (fistamp,ousrdata, ousrhora, usrdata,usrhora,ousrinis,usrinis ,qtt ,ftstamp ,epv,pvmoeda ,tabiva,iva,lordem ,ref, design ,armazem) values ('aut67337208986733784c45',getdate(),convert(char(8),convert (time,getdate())),getdate(),convert(char(8),convert (time,getdate())),'wsv','wsv',0 ,'aut67337165376733784c02' ,0,0 ,2,23.00,30000,?,?,?)
20241112@154620.3253 orfbvh480ue05ceamqnard54c6 Query : use flama_phc
20241112@154620.3257 orfbvh480ue05ceamqnard54c6 Query : select st.usalote valor from st where st.ref = '324.1884.00.1'
20241112@154620.3279 orfbvh480ue05ceamqnard54c6 Query : select top 1 st.tabiva ,st.ivaincl ,st.stns ,st.uni2 ,st.familia ,isnull(tx.taxa, 0) txiva ,unidade ,usalote ,epcpond ,noserie ,conversao ,st.texteis from st left join taxasiva tx on st.tabiva = tx.codigo where st.ref = '324.1884.00.1'
20241112@154620.3444 orfbvh480ue05ceamqnard54c6 Query : select 1 valor from information_schema.tables where table_type='base table' and table_name='wstablefields'
20241112@154620.3464 orfbvh480ue05ceamqnard54c6 Query : select fieldkey,fieldname,fieldtype,mandatory from wstablefields where tablename = 'fi' and documentnumber = 39
20241112@154620.3493 orfbvh480ue05ceamqnard54c6 Query : select 1 valor from information_schema.tables where table_type='base table' and table_name='wstablefields'
20241112@154620.3510 orfbvh480ue05ceamqnard54c6 Query : select fieldkey,fieldname,fieldtype,mandatory from wstablefields where tablename = 'fi2' and documentnumber = 39
20241112@154620.3520 orfbvh480ue05ceamqnard54c6 Query : select top 1 convert(numeric(6,2),t.taxa) valor from taxasiva t where t.codigo='2'
20241112@154620.3533 orfbvh480ue05ceamqnard54c6 Query : select sestamp valor from se where ref ='324.1884.00.1' and lote = 'r2301208100a'
20241112@154620.3548 orfbvh480ue05ceamqnard54c6 Query : select 1 valor from information_schema.tables where table_type='base table' and table_name='wstablefields'
20241112@154620.3563 orfbvh480ue05ceamqnard54c6 Query : select fieldkey,fieldname,fieldtype,calcformula from wstablefields where tablename = 'fi2' and documentnumber = 39
20241112@154620.3576 orfbvh480ue05ceamqnard54c6 Query : insert into wsfi2data (fi2stamp,ftstamp ,ousrdata, ousrhora, usrdata,usrhora,ousrinis,usrinis) values ('aut67337006646733784c56','aut67337165376733784c02' ,getdate(),convert(char(8),convert (time,getdate())),getdate(),convert(char(8),convert (time,getdate())),'wsv','wsv')
20241112@154620.3581 orfbvh480ue05ceamqnard54c6 Query : select 1 valor from information_schema.tables where table_type='base table' and table_name='wstablefields'
20241112@154620.3596 orfbvh480ue05ceamqnard54c6 Query : select fieldkey,fieldname,fieldtype,calcformula from wstablefields where tablename = 'fi' and documentnumber = 39
20241112@154620.3630 orfbvh480ue05ceamqnard54c6 Query : insert into wsfidata (fistamp,ousrdata, ousrhora, usrdata,usrhora,ousrinis,usrinis ,qtt ,ftstamp ,epv,pvmoeda ,tabiva,iva,lordem ,ref, design ,lote,armazem,bistamp ) values ('aut67337006646733784c56',getdate(),convert(char(8),convert (time,getdate())),getdate(),convert(char(8),convert (time,getdate())),'wsv','wsv',1.000 ,'aut67337165376733784c02' ,0,0 ,2,23.00,50000,?,?,?,?,?)
20241112@154620.3907 orfbvh480ue05ceamqnard54c6 Query : select 1 valor from information_schema.tables where table_type='base table' and table_name='wstablefields'
20241112@154620.3924 orfbvh480ue05ceamqnard54c6 Query : select fieldkey,fieldname,fieldtype,mandatory from wstablefields where tablename = 'fi' and documentnumber = 39
20241112@154620.3958 orfbvh480ue05ceamqnard54c6 Query : select 1 valor from information_schema.tables where table_type='base table' and table_name='wstablefields'
20241112@154620.3976 orfbvh480ue05ceamqnard54c6 Query : select fieldkey,fieldname,fieldtype,mandatory from wstablefields where tablename = 'fi2' and documentnumber = 39
20241112@154620.3985 orfbvh480ue05ceamqnard54c6 Query : select top 1 convert(numeric(6,2),t.taxa) valor from taxasiva t where t.codigo='2'
20241112@154620.4000 orfbvh480ue05ceamqnard54c6 Query : select 1 valor from information_schema.tables where table_type='base table' and table_name='wstablefields'
20241112@154620.4018 orfbvh480ue05ceamqnard54c6 Query : select fieldkey,fieldname,fieldtype,calcformula from wstablefields where tablename = 'fi2' and documentnumber = 39
20241112@154620.4032 orfbvh480ue05ceamqnard54c6 Query : insert into wsfi2data (fi2stamp,ftstamp ,ousrdata, ousrhora, usrdata,usrhora,ousrinis,usrinis) values ('aut67337796326733784c61','aut67337165376733784c02' ,getdate(),convert(char(8),convert (time,getdate())),getdate(),convert(char(8),convert (time,getdate())),'wsv','wsv')
20241112@154620.4037 orfbvh480ue05ceamqnard54c6 Query : select 1 valor from information_schema.tables where table_type='base table' and table_name='wstablefields'
20241112@154620.4054 orfbvh480ue05ceamqnard54c6 Query : select fieldkey,fieldname,fieldtype,calcformula from wstablefields where tablename = 'fi' and documentnumber = 39
20241112@154620.4089 orfbvh480ue05ceamqnard54c6 Query : insert into wsfidata (fistamp,ousrdata, ousrhora, usrdata,usrhora,ousrinis,usrinis ,qtt ,ftstamp ,epv,pvmoeda ,tabiva,iva,lordem ,ref, design ,armazem) values ('aut67337796326733784c61',getdate(),convert(char(8),convert (time,getdate())),getdate(),convert(char(8),convert (time,getdate())),'wsv','wsv',0 ,'aut67337165376733784c02' ,0,0 ,2,23.00,60000,?,?,?)
20241112@154620.4395 orfbvh480ue05ceamqnard54c6 Query : use flama_phc
20241112@154620.4399 orfbvh480ue05ceamqnard54c6 Query : select st.usalote valor from st where st.ref = '324.4970.00.1'
20241112@154620.4424 orfbvh480ue05ceamqnard54c6 Query : select top 1 st.tabiva ,st.ivaincl ,st.stns ,st.uni2 ,st.familia ,isnull(tx.taxa, 0) txiva ,unidade ,usalote ,epcpond ,noserie ,conversao ,st.texteis from st left join taxasiva tx on st.tabiva = tx.codigo where st.ref = '324.4970.00.1'
20241112@154620.4590 orfbvh480ue05ceamqnard54c6 Query : select 1 valor from information_schema.tables where table_type='base table' and table_name='wstablefields'
20241112@154620.4608 orfbvh480ue05ceamqnard54c6 Query : select fieldkey,fieldname,fieldtype,mandatory from wstablefields where tablename = 'fi' and documentnumber = 39
20241112@154620.4639 orfbvh480ue05ceamqnard54c6 Query : select 1 valor from information_schema.tables where table_type='base table' and table_name='wstablefields'
20241112@154620.4656 orfbvh480ue05ceamqnard54c6 Query : select fieldkey,fieldname,fieldtype,mandatory from wstablefields where tablename = 'fi2' and documentnumber = 39
20241112@154620.4665 orfbvh480ue05ceamqnard54c6 Query : select top 1 convert(numeric(6,2),t.taxa) valor from taxasiva t where t.codigo='2'
20241112@154620.4679 orfbvh480ue05ceamqnard54c6 Query : select sestamp valor from se where ref ='324.4970.00.1' and lote = 'r2400492200a'
20241112@154620.4693 orfbvh480ue05ceamqnard54c6 Query : select 1 valor from information_schema.tables where table_type='base table' and table_name='wstablefields'
20241112@154620.4709 orfbvh480ue05ceamqnard54c6 Query : select fieldkey,fieldname,fieldtype,calcformula from wstablefields where tablename = 'fi2' and documentnumber = 39
20241112@154620.4721 orfbvh480ue05ceamqnard54c6 Query : insert into wsfi2data (fi2stamp,ftstamp ,ousrdata, ousrhora, usrdata,usrhora,ousrinis,usrinis) values ('aut67337768466733784c72','aut67337165376733784c02' ,getdate(),convert(char(8),convert (time,getdate())),getdate(),convert(char(8),convert (time,getdate())),'wsv','wsv')
20241112@154620.4725 orfbvh480ue05ceamqnard54c6 Query : select 1 valor from information_schema.tables where table_type='base table' and table_name='wstablefields'
20241112@154620.4740 orfbvh480ue05ceamqnard54c6 Query : select fieldkey,fieldname,fieldtype,calcformula from wstablefields where tablename = 'fi' and documentnumber = 39
20241112@154620.4769 orfbvh480ue05ceamqnard54c6 Query : insert into wsfidata (fistamp,ousrdata, ousrhora, usrdata,usrhora,ousrinis,usrinis ,qtt ,ftstamp ,epv,pvmoeda ,tabiva,iva,lordem ,ref, design ,lote,armazem,bistamp ) values ('aut67337768466733784c72',getdate(),convert(char(8),convert (time,getdate())),getdate(),convert(char(8),convert (time,getdate())),'wsv','wsv',4.000 ,'aut67337165376733784c02' ,0,0 ,2,23.00,80000,?,?,?,?,?)
20241112@154620.5104 orfbvh480ue05ceamqnard54c6 Query : insert into wsftcreationlog (initialftstamp,externalid,creationstatus,documenttypeid,idustamp) values ('aut67337165376733784c02','2407515','wait',39,'adm09112754980.682000002')
20241112@154620.5202 orfbvh480ue05ceamqnard54c6 Query : use flama_phc
20241112@154620.5206 orfbvh480ue05ceamqnard54c6 Query : update u_wsusers set rqsttoken =? where userid ='userls001'
20241112@154620.5243 orfbvh480ue05ceamqnard54c6 Query : select concat(rtrim(relative_path),ltrim(name_new)) as valor from uploadfiles where uploadfile_id='3271';
20241112@154620.5287 orfbvh480ue05ceamqnard54c6 Query : update uploadfiles set whenupdated=current_timestamp where uploadfile_id='3271';
20241112@154620.5345 orfbvh480ue05ceamqnard54c6 Query : select concat(rtrim(relative_path),ltrim(name_new)) as valor from uploadfiles where uploadfile_id='3271';
20241112@154620.5380 orfbvh480ue05ceamqnard54c6 Query : update uploadfiles set whenupdated=current_timestamp where uploadfile_id='3271';
20241112@154620.5889 88f33vic6o2s405d2b7gci9osj Query : insert into uploadfiles ( name_original, name_new, option_type, relative_path, whencreated ) values ( ?, ?, ?, ?, getdate() )
20241112@154620.5904 88f33vic6o2s405d2b7gci9osj Query : select uploadfile_id valor from uploadfiles where name_new = ? and option_type = ? 
20241112@154620.5981 88f33vic6o2s405d2b7gci9osj Query : select concat(rtrim(relative_path),ltrim(name_new)) as valor from uploadfiles where uploadfile_id='3272';
20241112@154620.6044 88f33vic6o2s405d2b7gci9osj Query : update uploadfiles set whenupdated=current_timestamp where uploadfile_id='3272';
20241112@154620.6108 88f33vic6o2s405d2b7gci9osj Query : select concat(rtrim(relative_path),ltrim(name_new)) as valor from uploadfiles where uploadfile_id='3272';
20241112@154620.6164 88f33vic6o2s405d2b7gci9osj Query : update uploadfiles set whenupdated=current_timestamp where uploadfile_id='3272';
20241112@154620.6233 88f33vic6o2s405d2b7gci9osj Query : use flama_phc
20241112@154620.6237 88f33vic6o2s405d2b7gci9osj Query : select top 1 secretkey valor from u_wsusers u where u.userid = ? and u.inactivo=0
20241112@154620.6312 88f33vic6o2s405d2b7gci9osj Query : use flama_phc
20241112@154620.6316 88f33vic6o2s405d2b7gci9osj Query : select no, estab,szadrsdesc from szadrs where u_coddest=4385
20241112@154620.6414 88f33vic6o2s405d2b7gci9osj Query : select top 1 isnull(design,'') valor from st (nolock) left join stobs (nolock) on st.ref = stobs.ref where st.ref = '324.1646.00.1'
20241112@154620.6594 88f33vic6o2s405d2b7gci9osj Query : select top 1 bistamp valor from bi inner join bo on bo.bostamp=bi.bostamp where bo.ndos =240 and bo.boano =2075 and bo.obrano = 2407516 and bi.ref ='324.1646.00.1' and bi.lordem =1
20241112@154620.6934 88f33vic6o2s405d2b7gci9osj Query : select top 1 isnull(design,'') valor from st (nolock) left join stobs (nolock) on st.ref = stobs.ref where st.ref = '324.1676.00.1'
20241112@154620.7116 88f33vic6o2s405d2b7gci9osj Query : select top 1 bistamp valor from bi inner join bo on bo.bostamp=bi.bostamp where bo.ndos =240 and bo.boano =2075 and bo.obrano = 2407516 and bi.ref ='324.1676.00.1' and bi.lordem =2
20241112@154620.7464 88f33vic6o2s405d2b7gci9osj Query : select top 1 isnull(design,'') valor from st (nolock) left join stobs (nolock) on st.ref = stobs.ref where st.ref = '324.1676.00.1'
20241112@154620.7486 88f33vic6o2s405d2b7gci9osj Query : select top 1 bistamp valor from bi inner join bo on bo.bostamp=bi.bostamp where bo.ndos =240 and bo.boano =2075 and bo.obrano = 2407516 and bi.ref ='324.1676.00.1' and bi.lordem =3
20241112@154620.7901 88f33vic6o2s405d2b7gci9osj Query : use flama_phc
20241112@154620.7905 88f33vic6o2s405d2b7gci9osj Query : select top 1 convert(date,fdata) valor from ft where ndoc = 39 and anulado= 0 and fno>0 order by fdata desc
20241112@154620.7946 88f33vic6o2s405d2b7gci9osj Query : use flama_phc
20241112@154620.7950 88f33vic6o2s405d2b7gci9osj Query : select top 1 1 valor from td where td.ndoc = 39
20241112@154620.7984 88f33vic6o2s405d2b7gci9osj Query : use flama_phc
20241112@154620.7988 88f33vic6o2s405d2b7gci9osj Query : select lower(descricao) descricao ,case when valor='s' then 1 else 0 end valor from para1 where descricao in ('st_lote','st_usalogifunc', 'st_grelha')
20241112@154620.8019 88f33vic6o2s405d2b7gci9osj Query : select top 1 manternumero ,assinadoc issigned ,tiposaft ,assinaimp ,nmdos ,td.assinadoc ,'cl' origin ,lancasl stocks ,case when cmsl<50 and td.lancasl=1 then 1 else 0 end entrada ,case when cmsl>50 and td.lancasl=1 then 1 else 0 end saida ,temserie assets ,~semgre usegridfields from td inner join td2 on td.tdstamp=td2.td2stamp where td.ndoc = 1
20241112@154620.8063 88f33vic6o2s405d2b7gci9osj Query : use flama_phc
20241112@154620.8066 88f33vic6o2s405d2b7gci9osj Query : select top 1 ~inactivo valor from cl where no = '102503' and estab = 0 order by inactivo desc
20241112@154620.8207 88f33vic6o2s405d2b7gci9osj Query : use flama_phc
20241112@154620.8213 88f33vic6o2s405d2b7gci9osj Query : select top 1 tipodoc,regrd from td where ndoc = 39
20241112@154620.8249 88f33vic6o2s405d2b7gci9osj Query : use flama_phc
20241112@154620.8252 88f33vic6o2s405d2b7gci9osj Query : select szadrsstamp valor from szadrs where szadrsdesc='espaÇotrans,lda'
20241112@154620.8301 88f33vic6o2s405d2b7gci9osj Query : use flama_phc
20241112@154620.8305 88f33vic6o2s405d2b7gci9osj Query : select szadrsstamp valor from szadrs where szadrsdesc='bruno miguel dias branco, unipessoal lda.'
20241112@154620.8358 88f33vic6o2s405d2b7gci9osj Query : use flama_phc
20241112@154620.8361 88f33vic6o2s405d2b7gci9osj Query : select 1 valor from td where ndoc = 39
20241112@154620.8376 88f33vic6o2s405d2b7gci9osj Query : select top 1 manternumero, tiposaft, nmdos,td.assinadoc from td where td.ndoc = 39
20241112@154620.8393 88f33vic6o2s405d2b7gci9osj Query : select 1 valor from information_schema.tables where table_type='base table' and table_name='wstablefields'
20241112@154620.8414 88f33vic6o2s405d2b7gci9osj Query : select fieldkey,fieldname,fieldtype,mandatory from wstablefields where tablename = 'ft' and documentnumber = 39
20241112@154620.8441 88f33vic6o2s405d2b7gci9osj Query : select 1 valor from information_schema.tables where table_type='base table' and table_name='wstablefields'
20241112@154620.8460 88f33vic6o2s405d2b7gci9osj Query : select fieldkey,fieldname,fieldtype,mandatory from wstablefields where tablename = 'ft2' and documentnumber = 39
20241112@154620.8493 88f33vic6o2s405d2b7gci9osj Query : select 1 valor from information_schema.tables where table_type='base table' and table_name='wstablefields'
20241112@154620.8509 88f33vic6o2s405d2b7gci9osj Query : select fieldkey,fieldname,fieldtype,mandatory from wstablefields where tablename = 'ft3' and documentnumber = 39
20241112@154620.8525 88f33vic6o2s405d2b7gci9osj Query : select top 1 ft.fno valor from ft ft where ft.ndoc = 39 and ftano=2024 order by fno desc
20241112@154620.8596 88f33vic6o2s405d2b7gci9osj Query : select top 1 ft.fno valor from wsftdata ft where ft.ndoc = 39 and ftano=2024 order by fno desc
20241112@154620.8609 88f33vic6o2s405d2b7gci9osj Query : select 1 valor from information_schema.tables where table_type='base table' and table_name='wstablefields'
20241112@154620.8627 88f33vic6o2s405d2b7gci9osj Query : select fieldkey,fieldname,fieldtype,calcformula from wstablefields where tablename = 'ft3' and documentnumber = 39
20241112@154620.8643 88f33vic6o2s405d2b7gci9osj Query : insert into wsft3data (ft3stamp, ousrdata, ousrhora, usrdata,usrhora,ousrinis,usrinis,taxpointdt ) values ('aut67337490126733784cd0' ,getdate(),convert(char(8),convert (time,getdate())),getdate(),convert(char(8),convert (time,getdate())),'wsv','wsv',?)
20241112@154620.8866 88f33vic6o2s405d2b7gci9osj Query : select 1 valor from information_schema.tables where table_type='base table' and table_name='wstablefields'
20241112@154620.8888 88f33vic6o2s405d2b7gci9osj Query : select fieldkey,fieldname,fieldtype,calcformula from wstablefields where tablename = 'ft2' and documentnumber = 39
20241112@154620.8928 88f33vic6o2s405d2b7gci9osj Query : select top 1 bo.u_nomeenv valor from bo where bo.bostamp=''
20241112@154620.8942 88f33vic6o2s405d2b7gci9osj Query : select top 1 bo.u_moradaen valor from bo where bo.bostamp=''
20241112@154620.8957 88f33vic6o2s405d2b7gci9osj Query : select top 1 bo.u_codposen valor from bo where bo.bostamp=''
20241112@154620.8970 88f33vic6o2s405d2b7gci9osj Query : select top 1 bo.u_localenv valor from bo where bo.bostamp=''
20241112@154620.8983 88f33vic6o2s405d2b7gci9osj Query : select top 1 bo.trab5 valor from bo where bo.bostamp=''
20241112@154620.8997 88f33vic6o2s405d2b7gci9osj Query : select top 1 bo.serie valor from bo where bo.bostamp=''
20241112@154620.9009 88f33vic6o2s405d2b7gci9osj Query : insert into wsft2data (ft2stamp, ousrdata,ousrhora, usrdata,usrhora,ousrinis,usrinis,u_nomeenv ,u_moradaen ,u_codposen ,u_localenv ,u_coddest ,u_codby ) values ('aut67337490126733784cd0',getdate(),convert(char(8),convert (time,getdate())),getdate(),convert(char(8),convert (time,getdate())),'wsv','wsv',?,?,?,?,?,?)
20241112@154620.9361 88f33vic6o2s405d2b7gci9osj Query : select top 1 fno valor from wsftdata order by fno desc
20241112@154620.9436 88f33vic6o2s405d2b7gci9osj Query : select 1 valor from information_schema.tables where table_type='base table' and table_name='wstablefields'
20241112@154620.9457 88f33vic6o2s405d2b7gci9osj Query : select fieldkey,fieldname,fieldtype,calcformula from wstablefields where tablename = 'ft' and documentnumber = 39
20241112@154620.9490 88f33vic6o2s405d2b7gci9osj Query : select 'normal' from dummy
20241112@154620.9512 88f33vic6o2s405d2b7gci9osj Query : insert into wsftdata (ftstamp, ousrdata,ousrhora, usrdata,usrhora,ousrinis,usrinis,fno,no,estab,fdata,ndoc,moeda,cambio,cambiofixo,ftano,site ,classe ) values ('aut67337490126733784cd0',getdate(),convert(char(8),convert (time,getdate())),getdate(),convert(char(8),convert (time,getdate())),'wsv','wsv',1832,102503,0,'2024-11-12',39,'euro',0,0,2024 ,?,?)
20241112@154620.9858 88f33vic6o2s405d2b7gci9osj Query : use flama_phc
20241112@154620.9861 88f33vic6o2s405d2b7gci9osj Query : select st.usalote valor from st where st.ref = '324.1646.00.1'
20241112@154620.9885 88f33vic6o2s405d2b7gci9osj Query : select top 1 st.tabiva ,st.ivaincl ,st.stns ,st.uni2 ,st.familia ,isnull(tx.taxa, 0) txiva ,unidade ,usalote ,epcpond ,noserie ,conversao ,st.texteis from st left join taxasiva tx on st.tabiva = tx.codigo where st.ref = '324.1646.00.1'
20241112@154621.5800 88f33vic6o2s405d2b7gci9osj Query : select 1 valor from information_schema.tables where table_type='base table' and table_name='wstablefields'
20241112@154621.7600 88f33vic6o2s405d2b7gci9osj Query : select fieldkey,fieldname,fieldtype,mandatory from wstablefields where tablename = 'fi' and documentnumber = 39
20241112@154621.1200 88f33vic6o2s405d2b7gci9osj Query : select 1 valor from information_schema.tables where table_type='base table' and table_name='wstablefields'
20241112@154621.1390 88f33vic6o2s405d2b7gci9osj Query : select fieldkey,fieldname,fieldtype,mandatory from wstablefields where tablename = 'fi2' and documentnumber = 39
20241112@154621.1470 88f33vic6o2s405d2b7gci9osj Query : select top 1 convert(numeric(6,2),t.taxa) valor from taxasiva t where t.codigo='2'
20241112@154621.1590 88f33vic6o2s405d2b7gci9osj Query : select sestamp valor from se where ref ='324.1646.00.1' and lote = 'r2400725100a'
20241112@154621.1730 88f33vic6o2s405d2b7gci9osj Query : select 1 valor from information_schema.tables where table_type='base table' and table_name='wstablefields'
20241112@154621.1870 88f33vic6o2s405d2b7gci9osj Query : select fieldkey,fieldname,fieldtype,calcformula from wstablefields where tablename = 'fi2' and documentnumber = 39
20241112@154621.2010 88f33vic6o2s405d2b7gci9osj Query : insert into wsfi2data (fi2stamp,ftstamp ,ousrdata, ousrhora, usrdata,usrhora,ousrinis,usrinis) values ('aut67337536656733784d04','aut67337490126733784cd0' ,getdate(),convert(char(8),convert (time,getdate())),getdate(),convert(char(8),convert (time,getdate())),'wsv','wsv')
20241112@154621.2120 88f33vic6o2s405d2b7gci9osj Query : select 1 valor from information_schema.tables where table_type='base table' and table_name='wstablefields'
20241112@154621.2290 88f33vic6o2s405d2b7gci9osj Query : select fieldkey,fieldname,fieldtype,calcformula from wstablefields where tablename = 'fi' and documentnumber = 39
20241112@154621.2610 88f33vic6o2s405d2b7gci9osj Query : insert into wsfidata (fistamp,ousrdata, ousrhora, usrdata,usrhora,ousrinis,usrinis ,qtt ,ftstamp ,epv,pvmoeda ,tabiva,iva,lordem ,ref, design ,lote,armazem,bistamp ) values ('aut67337536656733784d04',getdate(),convert(char(8),convert (time,getdate())),getdate(),convert(char(8),convert (time,getdate())),'wsv','wsv',2.000 ,'aut67337490126733784cd0' ,0,0 ,2,23.00,10000,?,?,?,?,?)
20241112@154621.5550 88f33vic6o2s405d2b7gci9osj Query : use flama_phc
20241112@154621.5580 88f33vic6o2s405d2b7gci9osj Query : select st.usalote valor from st where st.ref = '324.1676.00.1'
20241112@154621.5810 88f33vic6o2s405d2b7gci9osj Query : select top 1 st.tabiva ,st.ivaincl ,st.stns ,st.uni2 ,st.familia ,isnull(tx.taxa, 0) txiva ,unidade ,usalote ,epcpond ,noserie ,conversao ,st.texteis from st left join taxasiva tx on st.tabiva = tx.codigo where st.ref = '324.1676.00.1'
20241112@154621.7770 88f33vic6o2s405d2b7gci9osj Query : select 1 valor from information_schema.tables where table_type='base table' and table_name='wstablefields'
20241112@154621.7970 88f33vic6o2s405d2b7gci9osj Query : select fieldkey,fieldname,fieldtype,mandatory from wstablefields where tablename = 'fi' and documentnumber = 39
20241112@154621.8260 88f33vic6o2s405d2b7gci9osj Query : select 1 valor from information_schema.tables where table_type='base table' and table_name='wstablefields'
20241112@154621.8420 88f33vic6o2s405d2b7gci9osj Query : select fieldkey,fieldname,fieldtype,mandatory from wstablefields where tablename = 'fi2' and documentnumber = 39
20241112@154621.8530 88f33vic6o2s405d2b7gci9osj Query : select top 1 convert(numeric(6,2),t.taxa) valor from taxasiva t where t.codigo='2'
20241112@154621.8650 88f33vic6o2s405d2b7gci9osj Query : select sestamp valor from se where ref ='324.1676.00.1' and lote = 'r2400173900a'
20241112@154621.8800 88f33vic6o2s405d2b7gci9osj Query : select 1 valor from information_schema.tables where table_type='base table' and table_name='wstablefields'
20241112@154621.8940 88f33vic6o2s405d2b7gci9osj Query : select fieldkey,fieldname,fieldtype,calcformula from wstablefields where tablename = 'fi2' and documentnumber = 39
20241112@154621.9090 88f33vic6o2s405d2b7gci9osj Query : insert into wsfi2data (fi2stamp,ftstamp ,ousrdata, ousrhora, usrdata,usrhora,ousrinis,usrinis) values ('aut67337182766733784d15','aut67337490126733784cd0' ,getdate(),convert(char(8),convert (time,getdate())),getdate(),convert(char(8),convert (time,getdate())),'wsv','wsv')
20241112@154621.9140 88f33vic6o2s405d2b7gci9osj Query : select 1 valor from information_schema.tables where table_type='base table' and table_name='wstablefields'
20241112@154621.9290 88f33vic6o2s405d2b7gci9osj Query : select fieldkey,fieldname,fieldtype,calcformula from wstablefields where tablename = 'fi' and documentnumber = 39
20241112@154621.9620 88f33vic6o2s405d2b7gci9osj Query : insert into wsfidata (fistamp,ousrdata, ousrhora, usrdata,usrhora,ousrinis,usrinis ,qtt ,ftstamp ,epv,pvmoeda ,tabiva,iva,lordem ,ref, design ,lote,armazem,bistamp ) values ('aut67337182766733784d15',getdate(),convert(char(8),convert (time,getdate())),getdate(),convert(char(8),convert (time,getdate())),'wsv','wsv',5.000 ,'aut67337490126733784cd0' ,0,0 ,2,23.00,20000,?,?,?,?,?)
20241112@154621.1703 88f33vic6o2s405d2b7gci9osj Query : use flama_phc
20241112@154621.1754 88f33vic6o2s405d2b7gci9osj Query : select st.usalote valor from st where st.ref = '324.1676.00.1'
20241112@154621.3527 88f33vic6o2s405d2b7gci9osj Query : select top 1 st.tabiva ,st.ivaincl ,st.stns ,st.uni2 ,st.familia ,isnull(tx.taxa, 0) txiva ,unidade ,usalote ,epcpond ,noserie ,conversao ,st.texteis from st left join taxasiva tx on st.tabiva = tx.codigo where st.ref = '324.1676.00.1'
20241112@154621.3546 88f33vic6o2s405d2b7gci9osj Query : select 1 valor from information_schema.tables where table_type='base table' and table_name='wstablefields'
20241112@154621.3564 88f33vic6o2s405d2b7gci9osj Query : select fieldkey,fieldname,fieldtype,mandatory from wstablefields where tablename = 'fi' and documentnumber = 39
20241112@154621.3591 88f33vic6o2s405d2b7gci9osj Query : select 1 valor from information_schema.tables where table_type='base table' and table_name='wstablefields'
20241112@154621.3608 88f33vic6o2s405d2b7gci9osj Query : select fieldkey,fieldname,fieldtype,mandatory from wstablefields where tablename = 'fi2' and documentnumber = 39
20241112@154621.3617 88f33vic6o2s405d2b7gci9osj Query : select top 1 convert(numeric(6,2),t.taxa) valor from taxasiva t where t.codigo='2'
20241112@154621.3631 88f33vic6o2s405d2b7gci9osj Query : select sestamp valor from se where ref ='324.1676.00.1' and lote = 'r2400173900a'
20241112@154621.3645 88f33vic6o2s405d2b7gci9osj Query : select 1 valor from information_schema.tables where table_type='base table' and table_name='wstablefields'
20241112@154621.3661 88f33vic6o2s405d2b7gci9osj Query : select fieldkey,fieldname,fieldtype,calcformula from wstablefields where tablename = 'fi2' and documentnumber = 39
20241112@154621.3674 88f33vic6o2s405d2b7gci9osj Query : insert into wsfi2data (fi2stamp,ftstamp ,ousrdata, ousrhora, usrdata,usrhora,ousrinis,usrinis) values ('aut67337376406733784d58','aut67337490126733784cd0' ,getdate(),convert(char(8),convert (time,getdate())),getdate(),convert(char(8),convert (time,getdate())),'wsv','wsv')
20241112@154621.3679 88f33vic6o2s405d2b7gci9osj Query : select 1 valor from information_schema.tables where table_type='base table' and table_name='wstablefields'
20241112@154621.3695 88f33vic6o2s405d2b7gci9osj Query : select fieldkey,fieldname,fieldtype,calcformula from wstablefields where tablename = 'fi' and documentnumber = 39
20241112@154621.3727 88f33vic6o2s405d2b7gci9osj Query : insert into wsfidata (fistamp,ousrdata, ousrhora, usrdata,usrhora,ousrinis,usrinis ,qtt ,ftstamp ,epv,pvmoeda ,tabiva,iva,lordem ,ref, design ,lote,armazem,bistamp ) values ('aut67337376406733784d58',getdate(),convert(char(8),convert (time,getdate())),getdate(),convert(char(8),convert (time,getdate())),'wsv','wsv',1.000 ,'aut67337490126733784cd0' ,0,0 ,2,23.00,30000,?,?,?,?,?)
20241112@154621.4030 88f33vic6o2s405d2b7gci9osj Query : insert into wsftcreationlog (initialftstamp,externalid,creationstatus,documenttypeid,idustamp) values ('aut67337490126733784cd0','2407516','wait',39,'adm09112754980.682000002')
20241112@154621.4109 88f33vic6o2s405d2b7gci9osj Query : use flama_phc
20241112@154621.4113 88f33vic6o2s405d2b7gci9osj Query : update u_wsusers set rqsttoken =? where userid ='userls001'
20241112@154621.4144 88f33vic6o2s405d2b7gci9osj Query : select concat(rtrim(relative_path),ltrim(name_new)) as valor from uploadfiles where uploadfile_id='3272';
20241112@154621.4182 88f33vic6o2s405d2b7gci9osj Query : update uploadfiles set whenupdated=current_timestamp where uploadfile_id='3272';
20241112@154621.4231 88f33vic6o2s405d2b7gci9osj Query : select concat(rtrim(relative_path),ltrim(name_new)) as valor from uploadfiles where uploadfile_id='3272';
20241112@154621.4268 88f33vic6o2s405d2b7gci9osj Query : update uploadfiles set whenupdated=current_timestamp where uploadfile_id='3272';
20241112@154621.4881 rph5094h6h5g6pa7nvg4ggcthg Query : insert into uploadfiles ( name_original, name_new, option_type, relative_path, whencreated ) values ( ?, ?, ?, ?, getdate() )
20241112@154621.4893 rph5094h6h5g6pa7nvg4ggcthg Query : select uploadfile_id valor from uploadfiles where name_new = ? and option_type = ? 
20241112@154621.4959 rph5094h6h5g6pa7nvg4ggcthg Query : select concat(rtrim(relative_path),ltrim(name_new)) as valor from uploadfiles where uploadfile_id='3273';
20241112@154621.5031 rph5094h6h5g6pa7nvg4ggcthg Query : update uploadfiles set whenupdated=current_timestamp where uploadfile_id='3273';
20241112@154621.5098 rph5094h6h5g6pa7nvg4ggcthg Query : select concat(rtrim(relative_path),ltrim(name_new)) as valor from uploadfiles where uploadfile_id='3273';
20241112@154621.5136 rph5094h6h5g6pa7nvg4ggcthg Query : update uploadfiles set whenupdated=current_timestamp where uploadfile_id='3273';
20241112@154621.5321 rph5094h6h5g6pa7nvg4ggcthg Query : use flama_phc
20241112@154621.5326 rph5094h6h5g6pa7nvg4ggcthg Query : select top 1 secretkey valor from u_wsusers u where u.userid = ? and u.inactivo=0
20241112@154621.5592 rph5094h6h5g6pa7nvg4ggcthg Query : use flama_phc
20241112@154621.5625 rph5094h6h5g6pa7nvg4ggcthg Query : select no, estab,szadrsdesc from szadrs where u_coddest=2686
20241112@154621.5900 rph5094h6h5g6pa7nvg4ggcthg Query : select top 1 isnull(design,'') valor from st (nolock) left join stobs (nolock) on st.ref = stobs.ref where st.ref = '324.1462.00.1'
20241112@154621.6126 rph5094h6h5g6pa7nvg4ggcthg Query : select top 1 bistamp valor from bi inner join bo on bo.bostamp=bi.bostamp where bo.ndos =240 and bo.boano =2075 and bo.obrano = 2407517 and bi.ref ='324.1462.00.1' and bi.lordem =1
20241112@154621.6475 rph5094h6h5g6pa7nvg4ggcthg Query : select top 1 isnull(design,'') valor from st (nolock) left join stobs (nolock) on st.ref = stobs.ref where st.ref = '324.4521.00.1'
20241112@154621.6500 rph5094h6h5g6pa7nvg4ggcthg Query : select top 1 bistamp valor from bi inner join bo on bo.bostamp=bi.bostamp where bo.ndos =240 and bo.boano =2075 and bo.obrano = 2407517 and bi.ref ='324.4521.00.1' and bi.lordem =2
20241112@154621.6854 rph5094h6h5g6pa7nvg4ggcthg Query : select top 1 isnull(design,'') valor from st (nolock) left join stobs (nolock) on st.ref = stobs.ref where st.ref = '324.4990.00.1'
20241112@154621.7025 rph5094h6h5g6pa7nvg4ggcthg Query : select top 1 bistamp valor from bi inner join bo on bo.bostamp=bi.bostamp where bo.ndos =240 and bo.boano =2075 and bo.obrano = 2407517 and bi.ref ='324.4990.00.1' and bi.lordem =3
20241112@154621.7349 rph5094h6h5g6pa7nvg4ggcthg Query : select top 1 isnull(design,'') valor from st (nolock) left join stobs (nolock) on st.ref = stobs.ref where st.ref = '324.966.00.01'
20241112@154621.7560 rph5094h6h5g6pa7nvg4ggcthg Query : select top 1 bistamp valor from bi inner join bo on bo.bostamp=bi.bostamp where bo.ndos =240 and bo.boano =2075 and bo.obrano = 2407517 and bi.ref ='324.966.00.01' and bi.lordem =5
20241112@154621.8023 rph5094h6h5g6pa7nvg4ggcthg Query : select top 1 isnull(design,'') valor from st (nolock) left join stobs (nolock) on st.ref = stobs.ref where st.ref = '324.691.00.01'
20241112@154621.8196 rph5094h6h5g6pa7nvg4ggcthg Query : select top 1 bistamp valor from bi inner join bo on bo.bostamp=bi.bostamp where bo.ndos =240 and bo.boano =2075 and bo.obrano = 2407517 and bi.ref ='324.691.00.01' and bi.lordem =6
20241112@154621.8577 rph5094h6h5g6pa7nvg4ggcthg Query : select top 1 isnull(design,'') valor from st (nolock) left join stobs (nolock) on st.ref = stobs.ref where st.ref = '324.1862.00.1'
20241112@154621.8759 rph5094h6h5g6pa7nvg4ggcthg Query : select top 1 bistamp valor from bi inner join bo on bo.bostamp=bi.bostamp where bo.ndos =240 and bo.boano =2075 and bo.obrano = 2407517 and bi.ref ='324.1862.00.1' and bi.lordem =7
20241112@154621.9128 rph5094h6h5g6pa7nvg4ggcthg Query : use flama_phc
20241112@154621.9151 rph5094h6h5g6pa7nvg4ggcthg Query : select top 1 convert(date,fdata) valor from ft where ndoc = 39 and anulado= 0 and fno>0 order by fdata desc
20241112@154621.9194 rph5094h6h5g6pa7nvg4ggcthg Query : use flama_phc
20241112@154621.9204 rph5094h6h5g6pa7nvg4ggcthg Query : select top 1 1 valor from td where td.ndoc = 39
20241112@154621.9236 rph5094h6h5g6pa7nvg4ggcthg Query : use flama_phc
20241112@154621.9239 rph5094h6h5g6pa7nvg4ggcthg Query : select lower(descricao) descricao ,case when valor='s' then 1 else 0 end valor from para1 where descricao in ('st_lote','st_usalogifunc', 'st_grelha')
20241112@154621.9400 rph5094h6h5g6pa7nvg4ggcthg Query : select top 1 manternumero ,assinadoc issigned ,tiposaft ,assinaimp ,nmdos ,td.assinadoc ,'cl' origin ,lancasl stocks ,case when cmsl<50 and td.lancasl=1 then 1 else 0 end entrada ,case when cmsl>50 and td.lancasl=1 then 1 else 0 end saida ,temserie assets ,~semgre usegridfields from td inner join td2 on td.tdstamp=td2.td2stamp where td.ndoc = 1
20241112@154621.9438 rph5094h6h5g6pa7nvg4ggcthg Query : use flama_phc
20241112@154621.9442 rph5094h6h5g6pa7nvg4ggcthg Query : select top 1 ~inactivo valor from cl where no = '102189' and estab = 0 order by inactivo desc
20241112@154621.9775 rph5094h6h5g6pa7nvg4ggcthg Query : use flama_phc
20241112@154621.9780 rph5094h6h5g6pa7nvg4ggcthg Query : select top 1 tipodoc,regrd from td where ndoc = 39
20241112@154621.9812 rph5094h6h5g6pa7nvg4ggcthg Query : use flama_phc
20241112@154621.9816 rph5094h6h5g6pa7nvg4ggcthg Query : select szadrsstamp valor from szadrs where szadrsdesc='espaÇotrans,lda'
20241112@154621.9857 rph5094h6h5g6pa7nvg4ggcthg Query : use flama_phc
20241112@154621.9860 rph5094h6h5g6pa7nvg4ggcthg Query : select szadrsstamp valor from szadrs where szadrsdesc='bom preÇo, lda.- entrega'
20241112@154621.9909 rph5094h6h5g6pa7nvg4ggcthg Query : use flama_phc
20241112@154621.9912 rph5094h6h5g6pa7nvg4ggcthg Query : select 1 valor from td where ndoc = 39
20241112@154621.9925 rph5094h6h5g6pa7nvg4ggcthg Query : select top 1 manternumero, tiposaft, nmdos,td.assinadoc from td where td.ndoc = 39
20241112@154621.9939 rph5094h6h5g6pa7nvg4ggcthg Query : select 1 valor from information_schema.tables where table_type='base table' and table_name='wstablefields'
20241112@154621.9958 rph5094h6h5g6pa7nvg4ggcthg Query : select fieldkey,fieldname,fieldtype,mandatory from wstablefields where tablename = 'ft' and documentnumber = 39
20241112@154621.9982 rph5094h6h5g6pa7nvg4ggcthg Query : select 1 valor from information_schema.tables where table_type='base table' and table_name='wstablefields'
20241112@154621.9997 rph5094h6h5g6pa7nvg4ggcthg Query : select fieldkey,fieldname,fieldtype,mandatory from wstablefields where tablename = 'ft2' and documentnumber = 39
20241112@154622.2900 rph5094h6h5g6pa7nvg4ggcthg Query : select 1 valor from information_schema.tables where table_type='base table' and table_name='wstablefields'
20241112@154622.4500 rph5094h6h5g6pa7nvg4ggcthg Query : select fieldkey,fieldname,fieldtype,mandatory from wstablefields where tablename = 'ft3' and documentnumber = 39
20241112@154622.5800 rph5094h6h5g6pa7nvg4ggcthg Query : select top 1 ft.fno valor from ft ft where ft.ndoc = 39 and ftano=2024 order by fno desc
20241112@154622.1360 rph5094h6h5g6pa7nvg4ggcthg Query : select top 1 ft.fno valor from wsftdata ft where ft.ndoc = 39 and ftano=2024 order by fno desc
20241112@154622.1500 rph5094h6h5g6pa7nvg4ggcthg Query : select 1 valor from information_schema.tables where table_type='base table' and table_name='wstablefields'
20241112@154622.1670 rph5094h6h5g6pa7nvg4ggcthg Query : select fieldkey,fieldname,fieldtype,calcformula from wstablefields where tablename = 'ft3' and documentnumber = 39
20241112@154622.1830 rph5094h6h5g6pa7nvg4ggcthg Query : insert into wsft3data (ft3stamp, ousrdata, ousrhora, usrdata,usrhora,ousrinis,usrinis,taxpointdt ) values ('aut67337920446733784e01' ,getdate(),convert(char(8),convert (time,getdate())),getdate(),convert(char(8),convert (time,getdate())),'wsv','wsv',?)
20241112@154622.3730 rph5094h6h5g6pa7nvg4ggcthg Query : select 1 valor from information_schema.tables where table_type='base table' and table_name='wstablefields'
20241112@154622.3940 rph5094h6h5g6pa7nvg4ggcthg Query : select fieldkey,fieldname,fieldtype,calcformula from wstablefields where tablename = 'ft2' and documentnumber = 39
20241112@154622.4340 rph5094h6h5g6pa7nvg4ggcthg Query : select top 1 bo.u_nomeenv valor from bo where bo.bostamp=''
20241112@154622.4480 rph5094h6h5g6pa7nvg4ggcthg Query : select top 1 bo.u_moradaen valor from bo where bo.bostamp=''
20241112@154622.4620 rph5094h6h5g6pa7nvg4ggcthg Query : select top 1 bo.u_codposen valor from bo where bo.bostamp=''
20241112@154622.4740 rph5094h6h5g6pa7nvg4ggcthg Query : select top 1 bo.u_localenv valor from bo where bo.bostamp=''
20241112@154622.4860 rph5094h6h5g6pa7nvg4ggcthg Query : select top 1 bo.trab5 valor from bo where bo.bostamp=''
20241112@154622.4980 rph5094h6h5g6pa7nvg4ggcthg Query : select top 1 bo.serie valor from bo where bo.bostamp=''
20241112@154622.5100 rph5094h6h5g6pa7nvg4ggcthg Query : insert into wsft2data (ft2stamp, ousrdata,ousrhora, usrdata,usrhora,ousrinis,usrinis,u_nomeenv ,u_moradaen ,u_codposen ,u_localenv ,u_coddest ,u_codby ) values ('aut67337920446733784e01',getdate(),convert(char(8),convert (time,getdate())),getdate(),convert(char(8),convert (time,getdate())),'wsv','wsv',?,?,?,?,?,?)
20241112@154622.8030 rph5094h6h5g6pa7nvg4ggcthg Query : select top 1 fno valor from wsftdata order by fno desc
20241112@154622.8310 rph5094h6h5g6pa7nvg4ggcthg Query : select 1 valor from information_schema.tables where table_type='base table' and table_name='wstablefields'
20241112@154622.8480 rph5094h6h5g6pa7nvg4ggcthg Query : select fieldkey,fieldname,fieldtype,calcformula from wstablefields where tablename = 'ft' and documentnumber = 39
20241112@154622.8750 rph5094h6h5g6pa7nvg4ggcthg Query : select 'normal' from dummy
20241112@154622.8910 rph5094h6h5g6pa7nvg4ggcthg Query : insert into wsftdata (ftstamp, ousrdata,ousrhora, usrdata,usrhora,ousrinis,usrinis,fno,no,estab,fdata,ndoc,moeda,cambio,cambiofixo,ftano,site ,classe ) values ('aut67337920446733784e01',getdate(),convert(char(8),convert (time,getdate())),getdate(),convert(char(8),convert (time,getdate())),'wsv','wsv',1833,102189,0,'2024-11-12',39,'euro',0,0,2024 ,?,?)
20241112@154622.1216 rph5094h6h5g6pa7nvg4ggcthg Query : use flama_phc
20241112@154622.1220 rph5094h6h5g6pa7nvg4ggcthg Query : select st.usalote valor from st where st.ref = '324.1462.00.1'
20241112@154622.1248 rph5094h6h5g6pa7nvg4ggcthg Query : select top 1 st.tabiva ,st.ivaincl ,st.stns ,st.uni2 ,st.familia ,isnull(tx.taxa, 0) txiva ,unidade ,usalote ,epcpond ,noserie ,conversao ,st.texteis from st left join taxasiva tx on st.tabiva = tx.codigo where st.ref = '324.1462.00.1'
20241112@154622.1399 rph5094h6h5g6pa7nvg4ggcthg Query : select 1 valor from information_schema.tables where table_type='base table' and table_name='wstablefields'
20241112@154622.1540 rph5094h6h5g6pa7nvg4ggcthg Query : select fieldkey,fieldname,fieldtype,mandatory from wstablefields where tablename = 'fi' and documentnumber = 39
20241112@154622.1568 rph5094h6h5g6pa7nvg4ggcthg Query : select 1 valor from information_schema.tables where table_type='base table' and table_name='wstablefields'
20241112@154622.1585 rph5094h6h5g6pa7nvg4ggcthg Query : select fieldkey,fieldname,fieldtype,mandatory from wstablefields where tablename = 'fi2' and documentnumber = 39
20241112@154622.1593 rph5094h6h5g6pa7nvg4ggcthg Query : select top 1 convert(numeric(6,2),t.taxa) valor from taxasiva t where t.codigo='2'
20241112@154622.1606 rph5094h6h5g6pa7nvg4ggcthg Query : select sestamp valor from se where ref ='324.1462.00.1' and lote = 'r2100211100a'
20241112@154622.1628 rph5094h6h5g6pa7nvg4ggcthg Query : select 1 valor from information_schema.tables where table_type='base table' and table_name='wstablefields'
20241112@154622.1644 rph5094h6h5g6pa7nvg4ggcthg Query : select fieldkey,fieldname,fieldtype,calcformula from wstablefields where tablename = 'fi2' and documentnumber = 39
20241112@154622.1656 rph5094h6h5g6pa7nvg4ggcthg Query : insert into wsfi2data (fi2stamp,ftstamp ,ousrdata, ousrhora, usrdata,usrhora,ousrinis,usrinis) values ('aut67337405506733784e27','aut67337920446733784e01' ,getdate(),convert(char(8),convert (time,getdate())),getdate(),convert(char(8),convert (time,getdate())),'wsv','wsv')
20241112@154622.1660 rph5094h6h5g6pa7nvg4ggcthg Query : select 1 valor from information_schema.tables where table_type='base table' and table_name='wstablefields'
20241112@154622.1675 rph5094h6h5g6pa7nvg4ggcthg Query : select fieldkey,fieldname,fieldtype,calcformula from wstablefields where tablename = 'fi' and documentnumber = 39
20241112@154622.1707 rph5094h6h5g6pa7nvg4ggcthg Query : insert into wsfidata (fistamp,ousrdata, ousrhora, usrdata,usrhora,ousrinis,usrinis ,qtt ,ftstamp ,epv,pvmoeda ,tabiva,iva,lordem ,ref, design ,lote,armazem,bistamp ) values ('aut67337405506733784e27',getdate(),convert(char(8),convert (time,getdate())),getdate(),convert(char(8),convert (time,getdate())),'wsv','wsv',2.000 ,'aut67337920446733784e01' ,0,0 ,2,23.00,10000,?,?,?,?,?)
20241112@154622.1986 rph5094h6h5g6pa7nvg4ggcthg Query : use flama_phc
20241112@154622.1989 rph5094h6h5g6pa7nvg4ggcthg Query : select st.usalote valor from st where st.ref = '324.4521.00.1'
20241112@154622.2011 rph5094h6h5g6pa7nvg4ggcthg Query : select top 1 st.tabiva ,st.ivaincl ,st.stns ,st.uni2 ,st.familia ,isnull(tx.taxa, 0) txiva ,unidade ,usalote ,epcpond ,noserie ,conversao ,st.texteis from st left join taxasiva tx on st.tabiva = tx.codigo where st.ref = '324.4521.00.1'
20241112@154622.2027 rph5094h6h5g6pa7nvg4ggcthg Query : select 1 valor from information_schema.tables where table_type='base table' and table_name='wstablefields'
20241112@154622.2043 rph5094h6h5g6pa7nvg4ggcthg Query : select fieldkey,fieldname,fieldtype,mandatory from wstablefields where tablename = 'fi' and documentnumber = 39
20241112@154622.2069 rph5094h6h5g6pa7nvg4ggcthg Query : select 1 valor from information_schema.tables where table_type='base table' and table_name='wstablefields'
20241112@154622.2085 rph5094h6h5g6pa7nvg4ggcthg Query : select fieldkey,fieldname,fieldtype,mandatory from wstablefields where tablename = 'fi2' and documentnumber = 39
20241112@154622.2096 rph5094h6h5g6pa7nvg4ggcthg Query : select top 1 convert(numeric(6,2),t.taxa) valor from taxasiva t where t.codigo='2'
20241112@154622.2110 rph5094h6h5g6pa7nvg4ggcthg Query : select sestamp valor from se where ref ='324.4521.00.1' and lote = 'r2400052200a'
20241112@154622.2125 rph5094h6h5g6pa7nvg4ggcthg Query : select 1 valor from information_schema.tables where table_type='base table' and table_name='wstablefields'
20241112@154622.2153 rph5094h6h5g6pa7nvg4ggcthg Query : select fieldkey,fieldname,fieldtype,calcformula from wstablefields where tablename = 'fi2' and documentnumber = 39
20241112@154622.2166 rph5094h6h5g6pa7nvg4ggcthg Query : insert into wsfi2data (fi2stamp,ftstamp ,ousrdata, ousrhora, usrdata,usrhora,ousrinis,usrinis) values ('aut67337822776733784e33','aut67337920446733784e01' ,getdate(),convert(char(8),convert (time,getdate())),getdate(),convert(char(8),convert (time,getdate())),'wsv','wsv')
20241112@154622.2170 rph5094h6h5g6pa7nvg4ggcthg Query : select 1 valor from information_schema.tables where table_type='base table' and table_name='wstablefields'
20241112@154622.2191 rph5094h6h5g6pa7nvg4ggcthg Query : select fieldkey,fieldname,fieldtype,calcformula from wstablefields where tablename = 'fi' and documentnumber = 39
20241112@154622.2220 rph5094h6h5g6pa7nvg4ggcthg Query : insert into wsfidata (fistamp,ousrdata, ousrhora, usrdata,usrhora,ousrinis,usrinis ,qtt ,ftstamp ,epv,pvmoeda ,tabiva,iva,lordem ,ref, design ,lote,armazem,bistamp ) values ('aut67337822776733784e33',getdate(),convert(char(8),convert (time,getdate())),getdate(),convert(char(8),convert (time,getdate())),'wsv','wsv',4.000 ,'aut67337920446733784e01' ,0,0 ,2,23.00,20000,?,?,?,?,?)
20241112@154622.2516 rph5094h6h5g6pa7nvg4ggcthg Query : use flama_phc
20241112@154622.2520 rph5094h6h5g6pa7nvg4ggcthg Query : select st.usalote valor from st where st.ref = '324.4990.00.1'
20241112@154622.2545 rph5094h6h5g6pa7nvg4ggcthg Query : select top 1 st.tabiva ,st.ivaincl ,st.stns ,st.uni2 ,st.familia ,isnull(tx.taxa, 0) txiva ,unidade ,usalote ,epcpond ,noserie ,conversao ,st.texteis from st left join taxasiva tx on st.tabiva = tx.codigo where st.ref = '324.4990.00.1'
20241112@154622.2696 rph5094h6h5g6pa7nvg4ggcthg Query : select 1 valor from information_schema.tables where table_type='base table' and table_name='wstablefields'
20241112@154622.2712 rph5094h6h5g6pa7nvg4ggcthg Query : select fieldkey,fieldname,fieldtype,mandatory from wstablefields where tablename = 'fi' and documentnumber = 39
20241112@154622.2741 rph5094h6h5g6pa7nvg4ggcthg Query : select 1 valor from information_schema.tables where table_type='base table' and table_name='wstablefields'
20241112@154622.2758 rph5094h6h5g6pa7nvg4ggcthg Query : select fieldkey,fieldname,fieldtype,mandatory from wstablefields where tablename = 'fi2' and documentnumber = 39
20241112@154622.2768 rph5094h6h5g6pa7nvg4ggcthg Query : select top 1 convert(numeric(6,2),t.taxa) valor from taxasiva t where t.codigo='2'
20241112@154622.2781 rph5094h6h5g6pa7nvg4ggcthg Query : select sestamp valor from se where ref ='324.4990.00.1' and lote = 'r2100189200a'
20241112@154622.2803 rph5094h6h5g6pa7nvg4ggcthg Query : select 1 valor from information_schema.tables where table_type='base table' and table_name='wstablefields'
20241112@154622.2817 rph5094h6h5g6pa7nvg4ggcthg Query : select fieldkey,fieldname,fieldtype,calcformula from wstablefields where tablename = 'fi2' and documentnumber = 39
20241112@154622.2832 rph5094h6h5g6pa7nvg4ggcthg Query : insert into wsfi2data (fi2stamp,ftstamp ,ousrdata, ousrhora, usrdata,usrhora,ousrinis,usrinis) values ('aut67337866516733784e44','aut67337920446733784e01' ,getdate(),convert(char(8),convert (time,getdate())),getdate(),convert(char(8),convert (time,getdate())),'wsv','wsv')
20241112@154622.2837 rph5094h6h5g6pa7nvg4ggcthg Query : select 1 valor from information_schema.tables where table_type='base table' and table_name='wstablefields'
20241112@154622.2853 rph5094h6h5g6pa7nvg4ggcthg Query : select fieldkey,fieldname,fieldtype,calcformula from wstablefields where tablename = 'fi' and documentnumber = 39
20241112@154622.2885 rph5094h6h5g6pa7nvg4ggcthg Query : insert into wsfidata (fistamp,ousrdata, ousrhora, usrdata,usrhora,ousrinis,usrinis ,qtt ,ftstamp ,epv,pvmoeda ,tabiva,iva,lordem ,ref, design ,lote,armazem,bistamp ) values ('aut67337866516733784e44',getdate(),convert(char(8),convert (time,getdate())),getdate(),convert(char(8),convert (time,getdate())),'wsv','wsv',6.000 ,'aut67337920446733784e01' ,0,0 ,2,23.00,30000,?,?,?,?,?)
20241112@154622.3153 rph5094h6h5g6pa7nvg4ggcthg Query : use flama_phc
20241112@154622.3157 rph5094h6h5g6pa7nvg4ggcthg Query : select st.usalote valor from st where st.ref = '324.966.00.01'
20241112@154622.3182 rph5094h6h5g6pa7nvg4ggcthg Query : select top 1 st.tabiva ,st.ivaincl ,st.stns ,st.uni2 ,st.familia ,isnull(tx.taxa, 0) txiva ,unidade ,usalote ,epcpond ,noserie ,conversao ,st.texteis from st left join taxasiva tx on st.tabiva = tx.codigo where st.ref = '324.966.00.01'
20241112@154622.3331 rph5094h6h5g6pa7nvg4ggcthg Query : select 1 valor from information_schema.tables where table_type='base table' and table_name='wstablefields'
20241112@154622.3347 rph5094h6h5g6pa7nvg4ggcthg Query : select fieldkey,fieldname,fieldtype,mandatory from wstablefields where tablename = 'fi' and documentnumber = 39
20241112@154622.3373 rph5094h6h5g6pa7nvg4ggcthg Query : select 1 valor from information_schema.tables where table_type='base table' and table_name='wstablefields'
20241112@154622.3390 rph5094h6h5g6pa7nvg4ggcthg Query : select fieldkey,fieldname,fieldtype,mandatory from wstablefields where tablename = 'fi2' and documentnumber = 39
20241112@154622.3400 rph5094h6h5g6pa7nvg4ggcthg Query : select top 1 convert(numeric(6,2),t.taxa) valor from taxasiva t where t.codigo='2'
20241112@154622.3413 rph5094h6h5g6pa7nvg4ggcthg Query : select sestamp valor from se where ref ='324.966.00.01' and lote = 'r2400743200a'
20241112@154622.3427 rph5094h6h5g6pa7nvg4ggcthg Query : select 1 valor from information_schema.tables where table_type='base table' and table_name='wstablefields'
20241112@154622.3442 rph5094h6h5g6pa7nvg4ggcthg Query : select fieldkey,fieldname,fieldtype,calcformula from wstablefields where tablename = 'fi2' and documentnumber = 39
20241112@154622.3454 rph5094h6h5g6pa7nvg4ggcthg Query : insert into wsfi2data (fi2stamp,ftstamp ,ousrdata, ousrhora, usrdata,usrhora,ousrinis,usrinis) values ('aut67337714126733784e53','aut67337920446733784e01' ,getdate(),convert(char(8),convert (time,getdate())),getdate(),convert(char(8),convert (time,getdate())),'wsv','wsv')
20241112@154622.3458 rph5094h6h5g6pa7nvg4ggcthg Query : select 1 valor from information_schema.tables where table_type='base table' and table_name='wstablefields'
20241112@154622.3473 rph5094h6h5g6pa7nvg4ggcthg Query : select fieldkey,fieldname,fieldtype,calcformula from wstablefields where tablename = 'fi' and documentnumber = 39
20241112@154622.3502 rph5094h6h5g6pa7nvg4ggcthg Query : insert into wsfidata (fistamp,ousrdata, ousrhora, usrdata,usrhora,ousrinis,usrinis ,qtt ,ftstamp ,epv,pvmoeda ,tabiva,iva,lordem ,ref, design ,lote,armazem,bistamp ) values ('aut67337714126733784e53',getdate(),convert(char(8),convert (time,getdate())),getdate(),convert(char(8),convert (time,getdate())),'wsv','wsv',4.000 ,'aut67337920446733784e01' ,0,0 ,2,23.00,40000,?,?,?,?,?)
20241112@154622.3825 rph5094h6h5g6pa7nvg4ggcthg Query : use flama_phc
20241112@154622.3828 rph5094h6h5g6pa7nvg4ggcthg Query : select st.usalote valor from st where st.ref = '324.691.00.01'
20241112@154622.3851 rph5094h6h5g6pa7nvg4ggcthg Query : select top 1 st.tabiva ,st.ivaincl ,st.stns ,st.uni2 ,st.familia ,isnull(tx.taxa, 0) txiva ,unidade ,usalote ,epcpond ,noserie ,conversao ,st.texteis from st left join taxasiva tx on st.tabiva = tx.codigo where st.ref = '324.691.00.01'
20241112@154622.4005 rph5094h6h5g6pa7nvg4ggcthg Query : select 1 valor from information_schema.tables where table_type='base table' and table_name='wstablefields'
20241112@154622.4023 rph5094h6h5g6pa7nvg4ggcthg Query : select fieldkey,fieldname,fieldtype,mandatory from wstablefields where tablename = 'fi' and documentnumber = 39
20241112@154622.4050 rph5094h6h5g6pa7nvg4ggcthg Query : select 1 valor from information_schema.tables where table_type='base table' and table_name='wstablefields'
20241112@154622.4064 rph5094h6h5g6pa7nvg4ggcthg Query : select fieldkey,fieldname,fieldtype,mandatory from wstablefields where tablename = 'fi2' and documentnumber = 39
20241112@154622.4073 rph5094h6h5g6pa7nvg4ggcthg Query : select top 1 convert(numeric(6,2),t.taxa) valor from taxasiva t where t.codigo='2'
20241112@154622.4085 rph5094h6h5g6pa7nvg4ggcthg Query : select sestamp valor from se where ref ='324.691.00.01' and lote = 'r2400210200a'
20241112@154622.4107 rph5094h6h5g6pa7nvg4ggcthg Query : select 1 valor from information_schema.tables where table_type='base table' and table_name='wstablefields'
20241112@154622.4121 rph5094h6h5g6pa7nvg4ggcthg Query : select fieldkey,fieldname,fieldtype,calcformula from wstablefields where tablename = 'fi2' and documentnumber = 39
20241112@154622.4134 rph5094h6h5g6pa7nvg4ggcthg Query : insert into wsfi2data (fi2stamp,ftstamp ,ousrdata, ousrhora, usrdata,usrhora,ousrinis,usrinis) values ('aut67337989346733784e64','aut67337920446733784e01' ,getdate(),convert(char(8),convert (time,getdate())),getdate(),convert(char(8),convert (time,getdate())),'wsv','wsv')
20241112@154622.4138 rph5094h6h5g6pa7nvg4ggcthg Query : select 1 valor from information_schema.tables where table_type='base table' and table_name='wstablefields'
20241112@154622.4152 rph5094h6h5g6pa7nvg4ggcthg Query : select fieldkey,fieldname,fieldtype,calcformula from wstablefields where tablename = 'fi' and documentnumber = 39
20241112@154622.4181 rph5094h6h5g6pa7nvg4ggcthg Query : insert into wsfidata (fistamp,ousrdata, ousrhora, usrdata,usrhora,ousrinis,usrinis ,qtt ,ftstamp ,epv,pvmoeda ,tabiva,iva,lordem ,ref, design ,lote,armazem,bistamp ) values ('aut67337989346733784e64',getdate(),convert(char(8),convert (time,getdate())),getdate(),convert(char(8),convert (time,getdate())),'wsv','wsv',1.000 ,'aut67337920446733784e01' ,0,0 ,2,23.00,50000,?,?,?,?,?)
20241112@154622.4471 rph5094h6h5g6pa7nvg4ggcthg Query : select 1 valor from information_schema.tables where table_type='base table' and table_name='wstablefields'
20241112@154622.4488 rph5094h6h5g6pa7nvg4ggcthg Query : select fieldkey,fieldname,fieldtype,mandatory from wstablefields where tablename = 'fi' and documentnumber = 39
20241112@154622.4515 rph5094h6h5g6pa7nvg4ggcthg Query : select 1 valor from information_schema.tables where table_type='base table' and table_name='wstablefields'
20241112@154622.4531 rph5094h6h5g6pa7nvg4ggcthg Query : select fieldkey,fieldname,fieldtype,mandatory from wstablefields where tablename = 'fi2' and documentnumber = 39
20241112@154622.4540 rph5094h6h5g6pa7nvg4ggcthg Query : select top 1 convert(numeric(6,2),t.taxa) valor from taxasiva t where t.codigo='2'
20241112@154622.4553 rph5094h6h5g6pa7nvg4ggcthg Query : select 1 valor from information_schema.tables where table_type='base table' and table_name='wstablefields'
20241112@154622.4568 rph5094h6h5g6pa7nvg4ggcthg Query : select fieldkey,fieldname,fieldtype,calcformula from wstablefields where tablename = 'fi2' and documentnumber = 39
20241112@154622.4582 rph5094h6h5g6pa7nvg4ggcthg Query : insert into wsfi2data (fi2stamp,ftstamp ,ousrdata, ousrhora, usrdata,usrhora,ousrinis,usrinis) values ('aut67337298236733784e6f','aut67337920446733784e01' ,getdate(),convert(char(8),convert (time,getdate())),getdate(),convert(char(8),convert (time,getdate())),'wsv','wsv')
20241112@154622.4587 rph5094h6h5g6pa7nvg4ggcthg Query : select 1 valor from information_schema.tables where table_type='base table' and table_name='wstablefields'
20241112@154622.4604 rph5094h6h5g6pa7nvg4ggcthg Query : select fieldkey,fieldname,fieldtype,calcformula from wstablefields where tablename = 'fi' and documentnumber = 39
20241112@154622.4637 rph5094h6h5g6pa7nvg4ggcthg Query : insert into wsfidata (fistamp,ousrdata, ousrhora, usrdata,usrhora,ousrinis,usrinis ,qtt ,ftstamp ,epv,pvmoeda ,tabiva,iva,lordem ,ref, design ,armazem) values ('aut67337298236733784e6f',getdate(),convert(char(8),convert (time,getdate())),getdate(),convert(char(8),convert (time,getdate())),'wsv','wsv',0 ,'aut67337920446733784e01' ,0,0 ,2,23.00,60000,?,?,?)
20241112@154622.4948 rph5094h6h5g6pa7nvg4ggcthg Query : use flama_phc
20241112@154622.4952 rph5094h6h5g6pa7nvg4ggcthg Query : select st.usalote valor from st where st.ref = '324.1862.00.1'
20241112@154622.4977 rph5094h6h5g6pa7nvg4ggcthg Query : select top 1 st.tabiva ,st.ivaincl ,st.stns ,st.uni2 ,st.familia ,isnull(tx.taxa, 0) txiva ,unidade ,usalote ,epcpond ,noserie ,conversao ,st.texteis from st left join taxasiva tx on st.tabiva = tx.codigo where st.ref = '324.1862.00.1'
20241112@154622.5139 rph5094h6h5g6pa7nvg4ggcthg Query : select 1 valor from information_schema.tables where table_type='base table' and table_name='wstablefields'
20241112@154622.5159 rph5094h6h5g6pa7nvg4ggcthg Query : select fieldkey,fieldname,fieldtype,mandatory from wstablefields where tablename = 'fi' and documentnumber = 39
20241112@154622.5188 rph5094h6h5g6pa7nvg4ggcthg Query : select 1 valor from information_schema.tables where table_type='base table' and table_name='wstablefields'
20241112@154622.5206 rph5094h6h5g6pa7nvg4ggcthg Query : select fieldkey,fieldname,fieldtype,mandatory from wstablefields where tablename = 'fi2' and documentnumber = 39
20241112@154622.5216 rph5094h6h5g6pa7nvg4ggcthg Query : select top 1 convert(numeric(6,2),t.taxa) valor from taxasiva t where t.codigo='2'
20241112@154622.5229 rph5094h6h5g6pa7nvg4ggcthg Query : select sestamp valor from se where ref ='324.1862.00.1' and lote = 'r2400440200a'
20241112@154622.5260 rph5094h6h5g6pa7nvg4ggcthg Query : select 1 valor from information_schema.tables where table_type='base table' and table_name='wstablefields'
20241112@154622.5281 rph5094h6h5g6pa7nvg4ggcthg Query : select fieldkey,fieldname,fieldtype,calcformula from wstablefields where tablename = 'fi2' and documentnumber = 39
20241112@154622.5295 rph5094h6h5g6pa7nvg4ggcthg Query : insert into wsfi2data (fi2stamp,ftstamp ,ousrdata, ousrhora, usrdata,usrhora,ousrinis,usrinis) values ('aut67337110796733784e80','aut67337920446733784e01' ,getdate(),convert(char(8),convert (time,getdate())),getdate(),convert(char(8),convert (time,getdate())),'wsv','wsv')
20241112@154622.5300 rph5094h6h5g6pa7nvg4ggcthg Query : select 1 valor from information_schema.tables where table_type='base table' and table_name='wstablefields'
20241112@154622.5316 rph5094h6h5g6pa7nvg4ggcthg Query : select fieldkey,fieldname,fieldtype,calcformula from wstablefields where tablename = 'fi' and documentnumber = 39
20241112@154622.5349 rph5094h6h5g6pa7nvg4ggcthg Query : insert into wsfidata (fistamp,ousrdata, ousrhora, usrdata,usrhora,ousrinis,usrinis ,qtt ,ftstamp ,epv,pvmoeda ,tabiva,iva,lordem ,ref, design ,lote,armazem,bistamp ) values ('aut67337110796733784e80',getdate(),convert(char(8),convert (time,getdate())),getdate(),convert(char(8),convert (time,getdate())),'wsv','wsv',2.000 ,'aut67337920446733784e01' ,0,0 ,2,23.00,80000,?,?,?,?,?)
20241112@154622.5653 rph5094h6h5g6pa7nvg4ggcthg Query : insert into wsftcreationlog (initialftstamp,externalid,creationstatus,documenttypeid,idustamp) values ('aut67337920446733784e01','2407517','wait',39,'adm09112754980.682000002')
20241112@154622.5810 rph5094h6h5g6pa7nvg4ggcthg Query : use flama_phc
20241112@154622.5813 rph5094h6h5g6pa7nvg4ggcthg Query : update u_wsusers set rqsttoken =? where userid ='userls001'
20241112@154622.5852 rph5094h6h5g6pa7nvg4ggcthg Query : select concat(rtrim(relative_path),ltrim(name_new)) as valor from uploadfiles where uploadfile_id='3273';
20241112@154622.5890 rph5094h6h5g6pa7nvg4ggcthg Query : update uploadfiles set whenupdated=current_timestamp where uploadfile_id='3273';
20241112@154622.5941 rph5094h6h5g6pa7nvg4ggcthg Query : select concat(rtrim(relative_path),ltrim(name_new)) as valor from uploadfiles where uploadfile_id='3273';
20241112@154622.5977 rph5094h6h5g6pa7nvg4ggcthg Query : update uploadfiles set whenupdated=current_timestamp where uploadfile_id='3273';
20241112@154622.6521 2hujdh8apchbuok85enp66steg Query : insert into uploadfiles ( name_original, name_new, option_type, relative_path, whencreated ) values ( ?, ?, ?, ?, getdate() )
20241112@154622.6533 2hujdh8apchbuok85enp66steg Query : select uploadfile_id valor from uploadfiles where name_new = ? and option_type = ? 
20241112@154622.6596 2hujdh8apchbuok85enp66steg Query : select concat(rtrim(relative_path),ltrim(name_new)) as valor from uploadfiles where uploadfile_id='3274';
20241112@154622.6661 2hujdh8apchbuok85enp66steg Query : update uploadfiles set whenupdated=current_timestamp where uploadfile_id='3274';
20241112@154622.6752 2hujdh8apchbuok85enp66steg Query : select concat(rtrim(relative_path),ltrim(name_new)) as valor from uploadfiles where uploadfile_id='3274';
20241112@154622.6787 2hujdh8apchbuok85enp66steg Query : update uploadfiles set whenupdated=current_timestamp where uploadfile_id='3274';
20241112@154622.6855 2hujdh8apchbuok85enp66steg Query : use flama_phc
20241112@154622.6859 2hujdh8apchbuok85enp66steg Query : select top 1 secretkey valor from u_wsusers u where u.userid = ? and u.inactivo=0
20241112@154622.6935 2hujdh8apchbuok85enp66steg Query : use flama_phc
20241112@154622.6939 2hujdh8apchbuok85enp66steg Query : select no, estab,szadrsdesc from szadrs where u_coddest=594
20241112@154622.7035 2hujdh8apchbuok85enp66steg Query : select top 1 isnull(design,'') valor from st (nolock) left join stobs (nolock) on st.ref = stobs.ref where st.ref = '304.422.00.07'
20241112@154622.7056 2hujdh8apchbuok85enp66steg Query : select top 1 bistamp valor from bi inner join bo on bo.bostamp=bi.bostamp where bo.ndos =240 and bo.boano =2075 and bo.obrano = 2407518 and bi.ref ='304.422.00.07' and bi.lordem =1
20241112@154622.8087 2hujdh8apchbuok85enp66steg Query : select top 1 isnull(design,'') valor from st (nolock) left join stobs (nolock) on st.ref = stobs.ref where st.ref = '324.678.00.01'
20241112@154622.8263 2hujdh8apchbuok85enp66steg Query : select top 1 bistamp valor from bi inner join bo on bo.bostamp=bi.bostamp where bo.ndos =240 and bo.boano =2075 and bo.obrano = 2407518 and bi.ref ='324.678.00.01' and bi.lordem =3
20241112@154622.8717 2hujdh8apchbuok85enp66steg Query : select top 1 isnull(design,'') valor from st (nolock) left join stobs (nolock) on st.ref = stobs.ref where st.ref = '324.1816.00.1'
20241112@154622.8896 2hujdh8apchbuok85enp66steg Query : select top 1 bistamp valor from bi inner join bo on bo.bostamp=bi.bostamp where bo.ndos =240 and bo.boano =2075 and bo.obrano = 2407518 and bi.ref ='324.1816.00.1' and bi.lordem =4
20241112@154622.9312 2hujdh8apchbuok85enp66steg Query : select top 1 isnull(design,'') valor from st (nolock) left join stobs (nolock) on st.ref = stobs.ref where st.ref = '324.1816.00.1'
20241112@154622.9335 2hujdh8apchbuok85enp66steg Query : select top 1 bistamp valor from bi inner join bo on bo.bostamp=bi.bostamp where bo.ndos =240 and bo.boano =2075 and bo.obrano = 2407518 and bi.ref ='324.1816.00.1' and bi.lordem =4
20241112@154622.9354 2hujdh8apchbuok85enp66steg Query : select top 1 isnull(design,'') valor from st (nolock) left join stobs (nolock) on st.ref = stobs.ref where st.ref = '324.1816.00.1'
20241112@154622.9375 2hujdh8apchbuok85enp66steg Query : select top 1 bistamp valor from bi inner join bo on bo.bostamp=bi.bostamp where bo.ndos =240 and bo.boano =2075 and bo.obrano = 2407518 and bi.ref ='324.1816.00.1' and bi.lordem =5
20241112@154622.9981 2hujdh8apchbuok85enp66steg Query : select top 1 isnull(design,'') valor from st (nolock) left join stobs (nolock) on st.ref = stobs.ref where st.ref = '324.1816.00.1'
20241112@154623.5000 2hujdh8apchbuok85enp66steg Query : select top 1 bistamp valor from bi inner join bo on bo.bostamp=bi.bostamp where bo.ndos =240 and bo.boano =2075 and bo.obrano = 2407518 and bi.ref ='324.1816.00.1' and bi.lordem =5
20241112@154623.2900 2hujdh8apchbuok85enp66steg Query : select top 1 isnull(design,'') valor from st (nolock) left join stobs (nolock) on st.ref = stobs.ref where st.ref = '324.1837.00.1'
20241112@154623.2210 2hujdh8apchbuok85enp66steg Query : select top 1 bistamp valor from bi inner join bo on bo.bostamp=bi.bostamp where bo.ndos =240 and bo.boano =2075 and bo.obrano = 2407518 and bi.ref ='324.1837.00.1' and bi.lordem =6
20241112@154623.5570 2hujdh8apchbuok85enp66steg Query : use flama_phc
20241112@154623.5600 2hujdh8apchbuok85enp66steg Query : select top 1 convert(date,fdata) valor from ft where ndoc = 39 and anulado= 0 and fno>0 order by fdata desc
20241112@154623.5940 2hujdh8apchbuok85enp66steg Query : use flama_phc
20241112@154623.5980 2hujdh8apchbuok85enp66steg Query : select top 1 1 valor from td where td.ndoc = 39
20241112@154623.6380 2hujdh8apchbuok85enp66steg Query : use flama_phc
20241112@154623.6420 2hujdh8apchbuok85enp66steg Query : select lower(descricao) descricao ,case when valor='s' then 1 else 0 end valor from para1 where descricao in ('st_lote','st_usalogifunc', 'st_grelha')
20241112@154623.6770 2hujdh8apchbuok85enp66steg Query : select top 1 manternumero ,assinadoc issigned ,tiposaft ,assinaimp ,nmdos ,td.assinadoc ,'cl' origin ,lancasl stocks ,case when cmsl<50 and td.lancasl=1 then 1 else 0 end entrada ,case when cmsl>50 and td.lancasl=1 then 1 else 0 end saida ,temserie assets ,~semgre usegridfields from td inner join td2 on td.tdstamp=td2.td2stamp where td.ndoc = 1
20241112@154623.7190 2hujdh8apchbuok85enp66steg Query : use flama_phc
20241112@154623.7220 2hujdh8apchbuok85enp66steg Query : select top 1 ~inactivo valor from cl where no = '101226' and estab = 0 order by inactivo desc
20241112@154623.8600 2hujdh8apchbuok85enp66steg Query : use flama_phc
20241112@154623.8640 2hujdh8apchbuok85enp66steg Query : select top 1 tipodoc,regrd from td where ndoc = 39
20241112@154623.8970 2hujdh8apchbuok85enp66steg Query : use flama_phc
20241112@154623.9010 2hujdh8apchbuok85enp66steg Query : select szadrsstamp valor from szadrs where szadrsdesc='espaÇotrans,lda'
20241112@154623.9500 2hujdh8apchbuok85enp66steg Query : use flama_phc
20241112@154623.9530 2hujdh8apchbuok85enp66steg Query : select szadrsstamp valor from szadrs where szadrsdesc='electro pescador, lda.'
20241112@154623.1013 2hujdh8apchbuok85enp66steg Query : use flama_phc
20241112@154623.1017 2hujdh8apchbuok85enp66steg Query : select 1 valor from td where ndoc = 39
20241112@154623.1032 2hujdh8apchbuok85enp66steg Query : select top 1 manternumero, tiposaft, nmdos,td.assinadoc from td where td.ndoc = 39
20241112@154623.1054 2hujdh8apchbuok85enp66steg Query : select 1 valor from information_schema.tables where table_type='base table' and table_name='wstablefields'
20241112@154623.1073 2hujdh8apchbuok85enp66steg Query : select fieldkey,fieldname,fieldtype,mandatory from wstablefields where tablename = 'ft' and documentnumber = 39
20241112@154623.1097 2hujdh8apchbuok85enp66steg Query : select 1 valor from information_schema.tables where table_type='base table' and table_name='wstablefields'
20241112@154623.1116 2hujdh8apchbuok85enp66steg Query : select fieldkey,fieldname,fieldtype,mandatory from wstablefields where tablename = 'ft2' and documentnumber = 39
20241112@154623.1151 2hujdh8apchbuok85enp66steg Query : select 1 valor from information_schema.tables where table_type='base table' and table_name='wstablefields'
20241112@154623.1167 2hujdh8apchbuok85enp66steg Query : select fieldkey,fieldname,fieldtype,mandatory from wstablefields where tablename = 'ft3' and documentnumber = 39
20241112@154623.1185 2hujdh8apchbuok85enp66steg Query : select top 1 ft.fno valor from ft ft where ft.ndoc = 39 and ftano=2024 order by fno desc
20241112@154623.1303 2hujdh8apchbuok85enp66steg Query : select top 1 ft.fno valor from wsftdata ft where ft.ndoc = 39 and ftano=2024 order by fno desc
20241112@154623.1317 2hujdh8apchbuok85enp66steg Query : select 1 valor from information_schema.tables where table_type='base table' and table_name='wstablefields'
20241112@154623.1337 2hujdh8apchbuok85enp66steg Query : select fieldkey,fieldname,fieldtype,calcformula from wstablefields where tablename = 'ft3' and documentnumber = 39
20241112@154623.1355 2hujdh8apchbuok85enp66steg Query : insert into wsft3data (ft3stamp, ousrdata, ousrhora, usrdata,usrhora,ousrinis,usrinis,taxpointdt ) values ('aut67337156246733784f1c' ,getdate(),convert(char(8),convert (time,getdate())),getdate(),convert(char(8),convert (time,getdate())),'wsv','wsv',?)
20241112@154623.1572 2hujdh8apchbuok85enp66steg Query : select 1 valor from information_schema.tables where table_type='base table' and table_name='wstablefields'
20241112@154623.1599 2hujdh8apchbuok85enp66steg Query : select fieldkey,fieldname,fieldtype,calcformula from wstablefields where tablename = 'ft2' and documentnumber = 39
20241112@154623.1777 2hujdh8apchbuok85enp66steg Query : select top 1 bo.u_nomeenv valor from bo where bo.bostamp=''
20241112@154623.1791 2hujdh8apchbuok85enp66steg Query : select top 1 bo.u_moradaen valor from bo where bo.bostamp=''
20241112@154623.1828 2hujdh8apchbuok85enp66steg Query : select top 1 bo.u_codposen valor from bo where bo.bostamp=''
20241112@154623.1844 2hujdh8apchbuok85enp66steg Query : select top 1 bo.u_localenv valor from bo where bo.bostamp=''
20241112@154623.1857 2hujdh8apchbuok85enp66steg Query : select top 1 bo.trab5 valor from bo where bo.bostamp=''
20241112@154623.1886 2hujdh8apchbuok85enp66steg Query : select top 1 bo.serie valor from bo where bo.bostamp=''
20241112@154623.1900 2hujdh8apchbuok85enp66steg Query : insert into wsft2data (ft2stamp, ousrdata,ousrhora, usrdata,usrhora,ousrinis,usrinis,u_nomeenv ,u_moradaen ,u_codposen ,u_localenv ,u_coddest ,u_codby ) values ('aut67337156246733784f1c',getdate(),convert(char(8),convert (time,getdate())),getdate(),convert(char(8),convert (time,getdate())),'wsv','wsv',?,?,?,?,?,?)
20241112@154623.2234 2hujdh8apchbuok85enp66steg Query : select top 1 fno valor from wsftdata order by fno desc
20241112@154623.2267 2hujdh8apchbuok85enp66steg Query : select 1 valor from information_schema.tables where table_type='base table' and table_name='wstablefields'
20241112@154623.2300 2hujdh8apchbuok85enp66steg Query : select fieldkey,fieldname,fieldtype,calcformula from wstablefields where tablename = 'ft' and documentnumber = 39
20241112@154623.2333 2hujdh8apchbuok85enp66steg Query : select 'normal' from dummy
20241112@154623.2370 2hujdh8apchbuok85enp66steg Query : insert into wsftdata (ftstamp, ousrdata,ousrhora, usrdata,usrhora,ousrinis,usrinis,fno,no,estab,fdata,ndoc,moeda,cambio,cambiofixo,ftano,site ,classe ) values ('aut67337156246733784f1c',getdate(),convert(char(8),convert (time,getdate())),getdate(),convert(char(8),convert (time,getdate())),'wsv','wsv',1834,101226,0,'2024-11-12',39,'euro',0,0,2024 ,?,?)
20241112@154623.2716 2hujdh8apchbuok85enp66steg Query : use flama_phc
20241112@154623.2720 2hujdh8apchbuok85enp66steg Query : select st.usalote valor from st where st.ref = '304.422.00.07'
20241112@154623.2743 2hujdh8apchbuok85enp66steg Query : select top 1 st.tabiva ,st.ivaincl ,st.stns ,st.uni2 ,st.familia ,isnull(tx.taxa, 0) txiva ,unidade ,usalote ,epcpond ,noserie ,conversao ,st.texteis from st left join taxasiva tx on st.tabiva = tx.codigo where st.ref = '304.422.00.07'
20241112@154623.2795 2hujdh8apchbuok85enp66steg Query : select 1 valor from information_schema.tables where table_type='base table' and table_name='wstablefields'
20241112@154623.2815 2hujdh8apchbuok85enp66steg Query : select fieldkey,fieldname,fieldtype,mandatory from wstablefields where tablename = 'fi' and documentnumber = 39
20241112@154623.2900 2hujdh8apchbuok85enp66steg Query : select 1 valor from information_schema.tables where table_type='base table' and table_name='wstablefields'
20241112@154623.2919 2hujdh8apchbuok85enp66steg Query : select fieldkey,fieldname,fieldtype,mandatory from wstablefields where tablename = 'fi2' and documentnumber = 39
20241112@154623.2930 2hujdh8apchbuok85enp66steg Query : select top 1 convert(numeric(6,2),t.taxa) valor from taxasiva t where t.codigo='2'
20241112@154623.2946 2hujdh8apchbuok85enp66steg Query : select sestamp valor from se where ref ='304.422.00.07' and lote = '241004'
20241112@154623.2962 2hujdh8apchbuok85enp66steg Query : select 1 valor from information_schema.tables where table_type='base table' and table_name='wstablefields'
20241112@154623.2984 2hujdh8apchbuok85enp66steg Query : select fieldkey,fieldname,fieldtype,calcformula from wstablefields where tablename = 'fi2' and documentnumber = 39
20241112@154623.2998 2hujdh8apchbuok85enp66steg Query : insert into wsfi2data (fi2stamp,ftstamp ,ousrdata, ousrhora, usrdata,usrhora,ousrinis,usrinis) values ('aut67337345516733784f48','aut67337156246733784f1c' ,getdate(),convert(char(8),convert (time,getdate())),getdate(),convert(char(8),convert (time,getdate())),'wsv','wsv')
20241112@154623.3003 2hujdh8apchbuok85enp66steg Query : select 1 valor from information_schema.tables where table_type='base table' and table_name='wstablefields'
20241112@154623.3021 2hujdh8apchbuok85enp66steg Query : select fieldkey,fieldname,fieldtype,calcformula from wstablefields where tablename = 'fi' and documentnumber = 39
20241112@154623.3056 2hujdh8apchbuok85enp66steg Query : insert into wsfidata (fistamp,ousrdata, ousrhora, usrdata,usrhora,ousrinis,usrinis ,qtt ,ftstamp ,epv,pvmoeda ,tabiva,iva,lordem ,ref, design ,lote,armazem,bistamp ) values ('aut67337345516733784f48',getdate(),convert(char(8),convert (time,getdate())),getdate(),convert(char(8),convert (time,getdate())),'wsv','wsv',12.000 ,'aut67337156246733784f1c' ,0,0 ,2,23.00,10000,?,?,?,?,?)
20241112@154623.3385 2hujdh8apchbuok85enp66steg Query : use flama_phc
20241112@154623.3389 2hujdh8apchbuok85enp66steg Query : select st.usalote valor from st where st.ref = '324.678.00.01'
20241112@154623.3416 2hujdh8apchbuok85enp66steg Query : select top 1 st.tabiva ,st.ivaincl ,st.stns ,st.uni2 ,st.familia ,isnull(tx.taxa, 0) txiva ,unidade ,usalote ,epcpond ,noserie ,conversao ,st.texteis from st left join taxasiva tx on st.tabiva = tx.codigo where st.ref = '324.678.00.01'
20241112@154623.3649 2hujdh8apchbuok85enp66steg Query : select 1 valor from information_schema.tables where table_type='base table' and table_name='wstablefields'
20241112@154623.3671 2hujdh8apchbuok85enp66steg Query : select fieldkey,fieldname,fieldtype,mandatory from wstablefields where tablename = 'fi' and documentnumber = 39
20241112@154623.3700 2hujdh8apchbuok85enp66steg Query : select 1 valor from information_schema.tables where table_type='base table' and table_name='wstablefields'
20241112@154623.3718 2hujdh8apchbuok85enp66steg Query : select fieldkey,fieldname,fieldtype,mandatory from wstablefields where tablename = 'fi2' and documentnumber = 39
20241112@154623.3729 2hujdh8apchbuok85enp66steg Query : select top 1 convert(numeric(6,2),t.taxa) valor from taxasiva t where t.codigo='2'
20241112@154623.3744 2hujdh8apchbuok85enp66steg Query : select sestamp valor from se where ref ='324.678.00.01' and lote = 'r2400745200a'
20241112@154623.3763 2hujdh8apchbuok85enp66steg Query : select 1 valor from information_schema.tables where table_type='base table' and table_name='wstablefields'
20241112@154623.3786 2hujdh8apchbuok85enp66steg Query : select fieldkey,fieldname,fieldtype,calcformula from wstablefields where tablename = 'fi2' and documentnumber = 39
20241112@154623.3802 2hujdh8apchbuok85enp66steg Query : insert into wsfi2data (fi2stamp,ftstamp ,ousrdata, ousrhora, usrdata,usrhora,ousrinis,usrinis) values ('aut67337491546733784f5b','aut67337156246733784f1c' ,getdate(),convert(char(8),convert (time,getdate())),getdate(),convert(char(8),convert (time,getdate())),'wsv','wsv')
20241112@154623.3808 2hujdh8apchbuok85enp66steg Query : select 1 valor from information_schema.tables where table_type='base table' and table_name='wstablefields'
20241112@154623.3832 2hujdh8apchbuok85enp66steg Query : select fieldkey,fieldname,fieldtype,calcformula from wstablefields where tablename = 'fi' and documentnumber = 39
20241112@154623.3875 2hujdh8apchbuok85enp66steg Query : insert into wsfidata (fistamp,ousrdata, ousrhora, usrdata,usrhora,ousrinis,usrinis ,qtt ,ftstamp ,epv,pvmoeda ,tabiva,iva,lordem ,ref, design ,lote,armazem,bistamp ) values ('aut67337491546733784f5b',getdate(),convert(char(8),convert (time,getdate())),getdate(),convert(char(8),convert (time,getdate())),'wsv','wsv',4.000 ,'aut67337156246733784f1c' ,0,0 ,2,23.00,20000,?,?,?,?,?)
20241112@154623.4209 2hujdh8apchbuok85enp66steg Query : select 1 valor from information_schema.tables where table_type='base table' and table_name='wstablefields'
20241112@154623.4231 2hujdh8apchbuok85enp66steg Query : select fieldkey,fieldname,fieldtype,mandatory from wstablefields where tablename = 'fi' and documentnumber = 39
20241112@154623.4282 2hujdh8apchbuok85enp66steg Query : select 1 valor from information_schema.tables where table_type='base table' and table_name='wstablefields'
20241112@154623.4303 2hujdh8apchbuok85enp66steg Query : select fieldkey,fieldname,fieldtype,mandatory from wstablefields where tablename = 'fi2' and documentnumber = 39
20241112@154623.4315 2hujdh8apchbuok85enp66steg Query : select top 1 convert(numeric(6,2),t.taxa) valor from taxasiva t where t.codigo='2'
20241112@154623.4329 2hujdh8apchbuok85enp66steg Query : select 1 valor from information_schema.tables where table_type='base table' and table_name='wstablefields'
20241112@154623.4348 2hujdh8apchbuok85enp66steg Query : select fieldkey,fieldname,fieldtype,calcformula from wstablefields where tablename = 'fi2' and documentnumber = 39
20241112@154623.4361 2hujdh8apchbuok85enp66steg Query : insert into wsfi2data (fi2stamp,ftstamp ,ousrdata, ousrhora, usrdata,usrhora,ousrinis,usrinis) values ('aut67337726286733784f69','aut67337156246733784f1c' ,getdate(),convert(char(8),convert (time,getdate())),getdate(),convert(char(8),convert (time,getdate())),'wsv','wsv')
20241112@154623.4366 2hujdh8apchbuok85enp66steg Query : select 1 valor from information_schema.tables where table_type='base table' and table_name='wstablefields'
20241112@154623.4386 2hujdh8apchbuok85enp66steg Query : select fieldkey,fieldname,fieldtype,calcformula from wstablefields where tablename = 'fi' and documentnumber = 39
20241112@154623.4417 2hujdh8apchbuok85enp66steg Query : insert into wsfidata (fistamp,ousrdata, ousrhora, usrdata,usrhora,ousrinis,usrinis ,qtt ,ftstamp ,epv,pvmoeda ,tabiva,iva,lordem ,ref, design ,armazem) values ('aut67337726286733784f69',getdate(),convert(char(8),convert (time,getdate())),getdate(),convert(char(8),convert (time,getdate())),'wsv','wsv',0 ,'aut67337156246733784f1c' ,0,0 ,2,23.00,30000,?,?,?)
20241112@154623.4703 2hujdh8apchbuok85enp66steg Query : use flama_phc
20241112@154623.4707 2hujdh8apchbuok85enp66steg Query : select st.usalote valor from st where st.ref = '324.1816.00.1'
20241112@154623.4730 2hujdh8apchbuok85enp66steg Query : select top 1 st.tabiva ,st.ivaincl ,st.stns ,st.uni2 ,st.familia ,isnull(tx.taxa, 0) txiva ,unidade ,usalote ,epcpond ,noserie ,conversao ,st.texteis from st left join taxasiva tx on st.tabiva = tx.codigo where st.ref = '324.1816.00.1'
20241112@154623.4909 2hujdh8apchbuok85enp66steg Query : select 1 valor from information_schema.tables where table_type='base table' and table_name='wstablefields'
20241112@154623.4927 2hujdh8apchbuok85enp66steg Query : select fieldkey,fieldname,fieldtype,mandatory from wstablefields where tablename = 'fi' and documentnumber = 39
20241112@154623.4955 2hujdh8apchbuok85enp66steg Query : select 1 valor from information_schema.tables where table_type='base table' and table_name='wstablefields'
20241112@154623.4973 2hujdh8apchbuok85enp66steg Query : select fieldkey,fieldname,fieldtype,mandatory from wstablefields where tablename = 'fi2' and documentnumber = 39
20241112@154623.4987 2hujdh8apchbuok85enp66steg Query : select top 1 convert(numeric(6,2),t.taxa) valor from taxasiva t where t.codigo='2'
20241112@154623.5002 2hujdh8apchbuok85enp66steg Query : select sestamp valor from se where ref ='324.1816.00.1' and lote = 'r2400199200a'
20241112@154623.5018 2hujdh8apchbuok85enp66steg Query : select 1 valor from information_schema.tables where table_type='base table' and table_name='wstablefields'
20241112@154623.5036 2hujdh8apchbuok85enp66steg Query : select fieldkey,fieldname,fieldtype,calcformula from wstablefields where tablename = 'fi2' and documentnumber = 39
20241112@154623.5047 2hujdh8apchbuok85enp66steg Query : insert into wsfi2data (fi2stamp,ftstamp ,ousrdata, ousrhora, usrdata,usrhora,ousrinis,usrinis) values ('aut67337244446733784f7a','aut67337156246733784f1c' ,getdate(),convert(char(8),convert (time,getdate())),getdate(),convert(char(8),convert (time,getdate())),'wsv','wsv')
20241112@154623.5051 2hujdh8apchbuok85enp66steg Query : select 1 valor from information_schema.tables where table_type='base table' and table_name='wstablefields'
20241112@154623.5069 2hujdh8apchbuok85enp66steg Query : select fieldkey,fieldname,fieldtype,calcformula from wstablefields where tablename = 'fi' and documentnumber = 39
20241112@154623.5104 2hujdh8apchbuok85enp66steg Query : insert into wsfidata (fistamp,ousrdata, ousrhora, usrdata,usrhora,ousrinis,usrinis ,qtt ,ftstamp ,epv,pvmoeda ,tabiva,iva,lordem ,ref, design ,lote,armazem,bistamp ) values ('aut67337244446733784f7a',getdate(),convert(char(8),convert (time,getdate())),getdate(),convert(char(8),convert (time,getdate())),'wsv','wsv',1.000 ,'aut67337156246733784f1c' ,0,0 ,2,23.00,50000,?,?,?,?,?)
20241112@154623.5412 2hujdh8apchbuok85enp66steg Query : select 1 valor from information_schema.tables where table_type='base table' and table_name='wstablefields'
20241112@154623.5437 2hujdh8apchbuok85enp66steg Query : select fieldkey,fieldname,fieldtype,mandatory from wstablefields where tablename = 'fi' and documentnumber = 39
20241112@154623.5519 2hujdh8apchbuok85enp66steg Query : select 1 valor from information_schema.tables where table_type='base table' and table_name='wstablefields'
20241112@154623.5538 2hujdh8apchbuok85enp66steg Query : select fieldkey,fieldname,fieldtype,mandatory from wstablefields where tablename = 'fi2' and documentnumber = 39
20241112@154623.5550 2hujdh8apchbuok85enp66steg Query : select top 1 convert(numeric(6,2),t.taxa) valor from taxasiva t where t.codigo='2'
20241112@154623.5569 2hujdh8apchbuok85enp66steg Query : select 1 valor from information_schema.tables where table_type='base table' and table_name='wstablefields'
20241112@154623.5607 2hujdh8apchbuok85enp66steg Query : select fieldkey,fieldname,fieldtype,calcformula from wstablefields where tablename = 'fi2' and documentnumber = 39
20241112@154623.5626 2hujdh8apchbuok85enp66steg Query : insert into wsfi2data (fi2stamp,ftstamp ,ousrdata, ousrhora, usrdata,usrhora,ousrinis,usrinis) values ('aut67337696036733784f87','aut67337156246733784f1c' ,getdate(),convert(char(8),convert (time,getdate())),getdate(),convert(char(8),convert (time,getdate())),'wsv','wsv')
20241112@154623.5633 2hujdh8apchbuok85enp66steg Query : select 1 valor from information_schema.tables where table_type='base table' and table_name='wstablefields'
20241112@154623.5657 2hujdh8apchbuok85enp66steg Query : select fieldkey,fieldname,fieldtype,calcformula from wstablefields where tablename = 'fi' and documentnumber = 39
20241112@154623.5697 2hujdh8apchbuok85enp66steg Query : insert into wsfidata (fistamp,ousrdata, ousrhora, usrdata,usrhora,ousrinis,usrinis ,qtt ,ftstamp ,epv,pvmoeda ,tabiva,iva,lordem ,ref, design ,armazem) values ('aut67337696036733784f87',getdate(),convert(char(8),convert (time,getdate())),getdate(),convert(char(8),convert (time,getdate())),'wsv','wsv',0 ,'aut67337156246733784f1c' ,0,0 ,2,23.00,60000,?,?,?)
20241112@154623.5999 2hujdh8apchbuok85enp66steg Query : use flama_phc
20241112@154623.6003 2hujdh8apchbuok85enp66steg Query : select st.usalote valor from st where st.ref = '324.1816.00.1'
20241112@154623.6026 2hujdh8apchbuok85enp66steg Query : select top 1 st.tabiva ,st.ivaincl ,st.stns ,st.uni2 ,st.familia ,isnull(tx.taxa, 0) txiva ,unidade ,usalote ,epcpond ,noserie ,conversao ,st.texteis from st left join taxasiva tx on st.tabiva = tx.codigo where st.ref = '324.1816.00.1'
20241112@154623.6043 2hujdh8apchbuok85enp66steg Query : select 1 valor from information_schema.tables where table_type='base table' and table_name='wstablefields'
20241112@154623.6061 2hujdh8apchbuok85enp66steg Query : select fieldkey,fieldname,fieldtype,mandatory from wstablefields where tablename = 'fi' and documentnumber = 39
20241112@154623.6094 2hujdh8apchbuok85enp66steg Query : select 1 valor from information_schema.tables where table_type='base table' and table_name='wstablefields'
20241112@154623.6111 2hujdh8apchbuok85enp66steg Query : select fieldkey,fieldname,fieldtype,mandatory from wstablefields where tablename = 'fi2' and documentnumber = 39
20241112@154623.6120 2hujdh8apchbuok85enp66steg Query : select top 1 convert(numeric(6,2),t.taxa) valor from taxasiva t where t.codigo='2'
20241112@154623.6138 2hujdh8apchbuok85enp66steg Query : select sestamp valor from se where ref ='324.1816.00.1' and lote = 'r2400199200a'
20241112@154623.6153 2hujdh8apchbuok85enp66steg Query : select 1 valor from information_schema.tables where table_type='base table' and table_name='wstablefields'
20241112@154623.6173 2hujdh8apchbuok85enp66steg Query : select fieldkey,fieldname,fieldtype,calcformula from wstablefields where tablename = 'fi2' and documentnumber = 39
20241112@154623.6185 2hujdh8apchbuok85enp66steg Query : insert into wsfi2data (fi2stamp,ftstamp ,ousrdata, ousrhora, usrdata,usrhora,ousrinis,usrinis) values ('aut67337649326733784f96','aut67337156246733784f1c' ,getdate(),convert(char(8),convert (time,getdate())),getdate(),convert(char(8),convert (time,getdate())),'wsv','wsv')
20241112@154623.6190 2hujdh8apchbuok85enp66steg Query : select 1 valor from information_schema.tables where table_type='base table' and table_name='wstablefields'
20241112@154623.6205 2hujdh8apchbuok85enp66steg Query : select fieldkey,fieldname,fieldtype,calcformula from wstablefields where tablename = 'fi' and documentnumber = 39
20241112@154623.6244 2hujdh8apchbuok85enp66steg Query : insert into wsfidata (fistamp,ousrdata, ousrhora, usrdata,usrhora,ousrinis,usrinis ,qtt ,ftstamp ,epv,pvmoeda ,tabiva,iva,lordem ,ref, design ,lote,armazem,bistamp ) values ('aut67337649326733784f96',getdate(),convert(char(8),convert (time,getdate())),getdate(),convert(char(8),convert (time,getdate())),'wsv','wsv',20.000 ,'aut67337156246733784f1c' ,0,0 ,2,23.00,80000,?,?,?,?,?)
20241112@154623.6609 2hujdh8apchbuok85enp66steg Query : select 1 valor from information_schema.tables where table_type='base table' and table_name='wstablefields'
20241112@154623.6632 2hujdh8apchbuok85enp66steg Query : select fieldkey,fieldname,fieldtype,mandatory from wstablefields where tablename = 'fi' and documentnumber = 39
20241112@154623.6665 2hujdh8apchbuok85enp66steg Query : select 1 valor from information_schema.tables where table_type='base table' and table_name='wstablefields'
20241112@154623.6682 2hujdh8apchbuok85enp66steg Query : select fieldkey,fieldname,fieldtype,mandatory from wstablefields where tablename = 'fi2' and documentnumber = 39
20241112@154623.6692 2hujdh8apchbuok85enp66steg Query : select top 1 convert(numeric(6,2),t.taxa) valor from taxasiva t where t.codigo='2'
20241112@154623.6711 2hujdh8apchbuok85enp66steg Query : select 1 valor from information_schema.tables where table_type='base table' and table_name='wstablefields'
20241112@154623.6727 2hujdh8apchbuok85enp66steg Query : select fieldkey,fieldname,fieldtype,calcformula from wstablefields where tablename = 'fi2' and documentnumber = 39
20241112@154623.6746 2hujdh8apchbuok85enp66steg Query : insert into wsfi2data (fi2stamp,ftstamp ,ousrdata, ousrhora, usrdata,usrhora,ousrinis,usrinis) values ('aut67337883866733784fa3','aut67337156246733784f1c' ,getdate(),convert(char(8),convert (time,getdate())),getdate(),convert(char(8),convert (time,getdate())),'wsv','wsv')
20241112@154623.6751 2hujdh8apchbuok85enp66steg Query : select 1 valor from information_schema.tables where table_type='base table' and table_name='wstablefields'
20241112@154623.6768 2hujdh8apchbuok85enp66steg Query : select fieldkey,fieldname,fieldtype,calcformula from wstablefields where tablename = 'fi' and documentnumber = 39
20241112@154623.6806 2hujdh8apchbuok85enp66steg Query : insert into wsfidata (fistamp,ousrdata, ousrhora, usrdata,usrhora,ousrinis,usrinis ,qtt ,ftstamp ,epv,pvmoeda ,tabiva,iva,lordem ,ref, design ,armazem) values ('aut67337883866733784fa3',getdate(),convert(char(8),convert (time,getdate())),getdate(),convert(char(8),convert (time,getdate())),'wsv','wsv',0 ,'aut67337156246733784f1c' ,0,0 ,2,23.00,90000,?,?,?)
20241112@154623.7114 2hujdh8apchbuok85enp66steg Query : use flama_phc
20241112@154623.7121 2hujdh8apchbuok85enp66steg Query : select st.usalote valor from st where st.ref = '324.1816.00.1'
20241112@154623.7143 2hujdh8apchbuok85enp66steg Query : select top 1 st.tabiva ,st.ivaincl ,st.stns ,st.uni2 ,st.familia ,isnull(tx.taxa, 0) txiva ,unidade ,usalote ,epcpond ,noserie ,conversao ,st.texteis from st left join taxasiva tx on st.tabiva = tx.codigo where st.ref = '324.1816.00.1'
20241112@154623.7158 2hujdh8apchbuok85enp66steg Query : select 1 valor from information_schema.tables where table_type='base table' and table_name='wstablefields'
20241112@154623.7180 2hujdh8apchbuok85enp66steg Query : select fieldkey,fieldname,fieldtype,mandatory from wstablefields where tablename = 'fi' and documentnumber = 39
20241112@154623.7214 2hujdh8apchbuok85enp66steg Query : select 1 valor from information_schema.tables where table_type='base table' and table_name='wstablefields'
20241112@154623.7387 2hujdh8apchbuok85enp66steg Query : select fieldkey,fieldname,fieldtype,mandatory from wstablefields where tablename = 'fi2' and documentnumber = 39
20241112@154623.7399 2hujdh8apchbuok85enp66steg Query : select top 1 convert(numeric(6,2),t.taxa) valor from taxasiva t where t.codigo='2'
20241112@154623.7418 2hujdh8apchbuok85enp66steg Query : select sestamp valor from se where ref ='324.1816.00.1' and lote = 'r2400199200a'
20241112@154623.7433 2hujdh8apchbuok85enp66steg Query : select 1 valor from information_schema.tables where table_type='base table' and table_name='wstablefields'
20241112@154623.7452 2hujdh8apchbuok85enp66steg Query : select fieldkey,fieldname,fieldtype,calcformula from wstablefields where tablename = 'fi2' and documentnumber = 39
20241112@154623.7472 2hujdh8apchbuok85enp66steg Query : insert into wsfi2data (fi2stamp,ftstamp ,ousrdata, ousrhora, usrdata,usrhora,ousrinis,usrinis) values ('aut67337194516733784fb5','aut67337156246733784f1c' ,getdate(),convert(char(8),convert (time,getdate())),getdate(),convert(char(8),convert (time,getdate())),'wsv','wsv')
20241112@154623.7476 2hujdh8apchbuok85enp66steg Query : select 1 valor from information_schema.tables where table_type='base table' and table_name='wstablefields'
20241112@154623.7493 2hujdh8apchbuok85enp66steg Query : select fieldkey,fieldname,fieldtype,calcformula from wstablefields where tablename = 'fi' and documentnumber = 39
20241112@154623.7566 2hujdh8apchbuok85enp66steg Query : insert into wsfidata (fistamp,ousrdata, ousrhora, usrdata,usrhora,ousrinis,usrinis ,qtt ,ftstamp ,epv,pvmoeda ,tabiva,iva,lordem ,ref, design ,lote,armazem,bistamp ) values ('aut67337194516733784fb5',getdate(),convert(char(8),convert (time,getdate())),getdate(),convert(char(8),convert (time,getdate())),'wsv','wsv',2.000 ,'aut67337156246733784f1c' ,0,0 ,2,23.00,110000,?,?,?,?,?)
20241112@154623.8060 2hujdh8apchbuok85enp66steg Query : select 1 valor from information_schema.tables where table_type='base table' and table_name='wstablefields'
20241112@154623.8084 2hujdh8apchbuok85enp66steg Query : select fieldkey,fieldname,fieldtype,mandatory from wstablefields where tablename = 'fi' and documentnumber = 39
20241112@154623.8123 2hujdh8apchbuok85enp66steg Query : select 1 valor from information_schema.tables where table_type='base table' and table_name='wstablefields'
20241112@154623.8144 2hujdh8apchbuok85enp66steg Query : select fieldkey,fieldname,fieldtype,mandatory from wstablefields where tablename = 'fi2' and documentnumber = 39
20241112@154623.8155 2hujdh8apchbuok85enp66steg Query : select top 1 convert(numeric(6,2),t.taxa) valor from taxasiva t where t.codigo='2'
20241112@154623.8173 2hujdh8apchbuok85enp66steg Query : select 1 valor from information_schema.tables where table_type='base table' and table_name='wstablefields'
20241112@154623.8197 2hujdh8apchbuok85enp66steg Query : select fieldkey,fieldname,fieldtype,calcformula from wstablefields where tablename = 'fi2' and documentnumber = 39
20241112@154623.8213 2hujdh8apchbuok85enp66steg Query : insert into wsfi2data (fi2stamp,ftstamp ,ousrdata, ousrhora, usrdata,usrhora,ousrinis,usrinis) values ('aut67337917996733784fc7','aut67337156246733784f1c' ,getdate(),convert(char(8),convert (time,getdate())),getdate(),convert(char(8),convert (time,getdate())),'wsv','wsv')
20241112@154623.8217 2hujdh8apchbuok85enp66steg Query : select 1 valor from information_schema.tables where table_type='base table' and table_name='wstablefields'
20241112@154623.8239 2hujdh8apchbuok85enp66steg Query : select fieldkey,fieldname,fieldtype,calcformula from wstablefields where tablename = 'fi' and documentnumber = 39
20241112@154623.8272 2hujdh8apchbuok85enp66steg Query : insert into wsfidata (fistamp,ousrdata, ousrhora, usrdata,usrhora,ousrinis,usrinis ,qtt ,ftstamp ,epv,pvmoeda ,tabiva,iva,lordem ,ref, design ,armazem) values ('aut67337917996733784fc7',getdate(),convert(char(8),convert (time,getdate())),getdate(),convert(char(8),convert (time,getdate())),'wsv','wsv',0 ,'aut67337156246733784f1c' ,0,0 ,2,23.00,120000,?,?,?)
20241112@154623.8575 2hujdh8apchbuok85enp66steg Query : use flama_phc
20241112@154623.8579 2hujdh8apchbuok85enp66steg Query : select st.usalote valor from st where st.ref = '324.1816.00.1'
20241112@154623.8600 2hujdh8apchbuok85enp66steg Query : select top 1 st.tabiva ,st.ivaincl ,st.stns ,st.uni2 ,st.familia ,isnull(tx.taxa, 0) txiva ,unidade ,usalote ,epcpond ,noserie ,conversao ,st.texteis from st left join taxasiva tx on st.tabiva = tx.codigo where st.ref = '324.1816.00.1'
20241112@154623.8617 2hujdh8apchbuok85enp66steg Query : select 1 valor from information_schema.tables where table_type='base table' and table_name='wstablefields'
20241112@154623.8635 2hujdh8apchbuok85enp66steg Query : select fieldkey,fieldname,fieldtype,mandatory from wstablefields where tablename = 'fi' and documentnumber = 39
20241112@154623.8666 2hujdh8apchbuok85enp66steg Query : select 1 valor from information_schema.tables where table_type='base table' and table_name='wstablefields'
20241112@154623.8685 2hujdh8apchbuok85enp66steg Query : select fieldkey,fieldname,fieldtype,mandatory from wstablefields where tablename = 'fi2' and documentnumber = 39
20241112@154623.8733 2hujdh8apchbuok85enp66steg Query : select top 1 convert(numeric(6,2),t.taxa) valor from taxasiva t where t.codigo='2'
20241112@154623.8746 2hujdh8apchbuok85enp66steg Query : select sestamp valor from se where ref ='324.1816.00.1' and lote = 'r2400199200a'
20241112@154623.8759 2hujdh8apchbuok85enp66steg Query : select 1 valor from information_schema.tables where table_type='base table' and table_name='wstablefields'
20241112@154623.8801 2hujdh8apchbuok85enp66steg Query : select fieldkey,fieldname,fieldtype,calcformula from wstablefields where tablename = 'fi2' and documentnumber = 39
20241112@154623.8816 2hujdh8apchbuok85enp66steg Query : insert into wsfi2data (fi2stamp,ftstamp ,ousrdata, ousrhora, usrdata,usrhora,ousrinis,usrinis) values ('aut67337192316733784fd5','aut67337156246733784f1c' ,getdate(),convert(char(8),convert (time,getdate())),getdate(),convert(char(8),convert (time,getdate())),'wsv','wsv')
20241112@154623.8822 2hujdh8apchbuok85enp66steg Query : select 1 valor from information_schema.tables where table_type='base table' and table_name='wstablefields'
20241112@154623.8851 2hujdh8apchbuok85enp66steg Query : select fieldkey,fieldname,fieldtype,calcformula from wstablefields where tablename = 'fi' and documentnumber = 39
20241112@154623.8890 2hujdh8apchbuok85enp66steg Query : insert into wsfidata (fistamp,ousrdata, ousrhora, usrdata,usrhora,ousrinis,usrinis ,qtt ,ftstamp ,epv,pvmoeda ,tabiva,iva,lordem ,ref, design ,lote,armazem,bistamp ) values ('aut67337192316733784fd5',getdate(),convert(char(8),convert (time,getdate())),getdate(),convert(char(8),convert (time,getdate())),'wsv','wsv',1.000 ,'aut67337156246733784f1c' ,0,0 ,2,23.00,140000,?,?,?,?,?)
20241112@154623.9224 2hujdh8apchbuok85enp66steg Query : select 1 valor from information_schema.tables where table_type='base table' and table_name='wstablefields'
20241112@154623.9245 2hujdh8apchbuok85enp66steg Query : select fieldkey,fieldname,fieldtype,mandatory from wstablefields where tablename = 'fi' and documentnumber = 39
20241112@154623.9277 2hujdh8apchbuok85enp66steg Query : select 1 valor from information_schema.tables where table_type='base table' and table_name='wstablefields'
20241112@154623.9292 2hujdh8apchbuok85enp66steg Query : select fieldkey,fieldname,fieldtype,mandatory from wstablefields where tablename = 'fi2' and documentnumber = 39
20241112@154623.9302 2hujdh8apchbuok85enp66steg Query : select top 1 convert(numeric(6,2),t.taxa) valor from taxasiva t where t.codigo='2'
20241112@154623.9318 2hujdh8apchbuok85enp66steg Query : select 1 valor from information_schema.tables where table_type='base table' and table_name='wstablefields'
20241112@154623.9336 2hujdh8apchbuok85enp66steg Query : select fieldkey,fieldname,fieldtype,calcformula from wstablefields where tablename = 'fi2' and documentnumber = 39
20241112@154623.9353 2hujdh8apchbuok85enp66steg Query : insert into wsfi2data (fi2stamp,ftstamp ,ousrdata, ousrhora, usrdata,usrhora,ousrinis,usrinis) values ('aut67337833486733784fe3','aut67337156246733784f1c' ,getdate(),convert(char(8),convert (time,getdate())),getdate(),convert(char(8),convert (time,getdate())),'wsv','wsv')
20241112@154623.9358 2hujdh8apchbuok85enp66steg Query : select 1 valor from information_schema.tables where table_type='base table' and table_name='wstablefields'
20241112@154623.9376 2hujdh8apchbuok85enp66steg Query : select fieldkey,fieldname,fieldtype,calcformula from wstablefields where tablename = 'fi' and documentnumber = 39
20241112@154623.9409 2hujdh8apchbuok85enp66steg Query : insert into wsfidata (fistamp,ousrdata, ousrhora, usrdata,usrhora,ousrinis,usrinis ,qtt ,ftstamp ,epv,pvmoeda ,tabiva,iva,lordem ,ref, design ,armazem) values ('aut67337833486733784fe3',getdate(),convert(char(8),convert (time,getdate())),getdate(),convert(char(8),convert (time,getdate())),'wsv','wsv',0 ,'aut67337156246733784f1c' ,0,0 ,2,23.00,150000,?,?,?)
20241112@154623.9760 2hujdh8apchbuok85enp66steg Query : use flama_phc
20241112@154623.9764 2hujdh8apchbuok85enp66steg Query : select st.usalote valor from st where st.ref = '324.1837.00.1'
20241112@154623.9830 2hujdh8apchbuok85enp66steg Query : select top 1 st.tabiva ,st.ivaincl ,st.stns ,st.uni2 ,st.familia ,isnull(tx.taxa, 0) txiva ,unidade ,usalote ,epcpond ,noserie ,conversao ,st.texteis from st left join taxasiva tx on st.tabiva = tx.codigo where st.ref = '324.1837.00.1'
20241112@154624.5000 2hujdh8apchbuok85enp66steg Query : select 1 valor from information_schema.tables where table_type='base table' and table_name='wstablefields'
20241112@154624.2200 2hujdh8apchbuok85enp66steg Query : select fieldkey,fieldname,fieldtype,mandatory from wstablefields where tablename = 'fi' and documentnumber = 39
20241112@154624.4800 2hujdh8apchbuok85enp66steg Query : select 1 valor from information_schema.tables where table_type='base table' and table_name='wstablefields'
20241112@154624.6500 2hujdh8apchbuok85enp66steg Query : select fieldkey,fieldname,fieldtype,mandatory from wstablefields where tablename = 'fi2' and documentnumber = 39
20241112@154624.7500 2hujdh8apchbuok85enp66steg Query : select top 1 convert(numeric(6,2),t.taxa) valor from taxasiva t where t.codigo='2'
20241112@154624.9100 2hujdh8apchbuok85enp66steg Query : select sestamp valor from se where ref ='324.1837.00.1' and lote = 'r2400598200a'
20241112@154624.1060 2hujdh8apchbuok85enp66steg Query : select 1 valor from information_schema.tables where table_type='base table' and table_name='wstablefields'
20241112@154624.1250 2hujdh8apchbuok85enp66steg Query : select fieldkey,fieldname,fieldtype,calcformula from wstablefields where tablename = 'fi2' and documentnumber = 39
20241112@154624.1400 2hujdh8apchbuok85enp66steg Query : insert into wsfi2data (fi2stamp,ftstamp ,ousrdata, ousrhora, usrdata,usrhora,ousrinis,usrinis) values ('aut67337286056733785002','aut67337156246733784f1c' ,getdate(),convert(char(8),convert (time,getdate())),getdate(),convert(char(8),convert (time,getdate())),'wsv','wsv')
20241112@154624.1650 2hujdh8apchbuok85enp66steg Query : use flama_phc
20241112@154624.1690 2hujdh8apchbuok85enp66steg Query : select top 1 errorresult result ,errornumber errornumber ,descriptionpt description ,isnull(descriptionen,'') descriptionen ,isnull(descriptionfr,'') descriptionfr from wserrorcodes where errornumber = -116
20241112@154624.2540 2hujdh8apchbuok85enp66steg Query : select concat(rtrim(relative_path),ltrim(name_new)) as valor from uploadfiles where uploadfile_id='3274';
20241112@154624.2940 2hujdh8apchbuok85enp66steg Query : update uploadfiles set whenupdated=current_timestamp where uploadfile_id='3274';
20241112@154624.1340 k320l1t68c4mgtrlq8e12jik12 Query : insert into uploadfiles ( name_original, name_new, option_type, relative_path, whencreated ) values ( ?, ?, ?, ?, getdate() )
20241112@154624.1433 k320l1t68c4mgtrlq8e12jik12 Query : select uploadfile_id valor from uploadfiles where name_new = ? and option_type = ? 
20241112@154624.1988 k320l1t68c4mgtrlq8e12jik12 Query : select concat(rtrim(relative_path),ltrim(name_new)) as valor from uploadfiles where uploadfile_id='3275';
20241112@154624.2742 k320l1t68c4mgtrlq8e12jik12 Query : update uploadfiles set whenupdated=current_timestamp where uploadfile_id='3275';
20241112@154624.3209 k320l1t68c4mgtrlq8e12jik12 Query : select concat(rtrim(relative_path),ltrim(name_new)) as valor from uploadfiles where uploadfile_id='3275';
20241112@154624.3567 k320l1t68c4mgtrlq8e12jik12 Query : update uploadfiles set whenupdated=current_timestamp where uploadfile_id='3275';
20241112@154624.3975 k320l1t68c4mgtrlq8e12jik12 Query : use flama_phc
20241112@154624.4020 k320l1t68c4mgtrlq8e12jik12 Query : select top 1 secretkey valor from u_wsusers u where u.userid = ? and u.inactivo=0
20241112@154624.4707 k320l1t68c4mgtrlq8e12jik12 Query : use flama_phc
20241112@154624.4792 k320l1t68c4mgtrlq8e12jik12 Query : select no, estab,szadrsdesc from szadrs where u_coddest=2448
20241112@154624.6541 k320l1t68c4mgtrlq8e12jik12 Query : select top 1 isnull(design,'') valor from st (nolock) left join stobs (nolock) on st.ref = stobs.ref where st.ref = '304.422.00.07'
20241112@154624.6993 k320l1t68c4mgtrlq8e12jik12 Query : select top 1 bistamp valor from bi inner join bo on bo.bostamp=bi.bostamp where bo.ndos =240 and bo.boano =2075 and bo.obrano = 2407519 and bi.ref ='304.422.00.07' and bi.lordem =1
20241112@154624.8083 k320l1t68c4mgtrlq8e12jik12 Query : select top 1 isnull(design,'') valor from st (nolock) left join stobs (nolock) on st.ref = stobs.ref where st.ref = '304.421.00.04'
20241112@154624.8463 k320l1t68c4mgtrlq8e12jik12 Query : select top 1 bistamp valor from bi inner join bo on bo.bostamp=bi.bostamp where bo.ndos =240 and bo.boano =2075 and bo.obrano = 2407519 and bi.ref ='304.421.00.04' and bi.lordem =2
20241112@154624.9356 k320l1t68c4mgtrlq8e12jik12 Query : select top 1 isnull(design,'') valor from st (nolock) left join stobs (nolock) on st.ref = stobs.ref where st.ref = '324.4970.00.1'
20241112@154624.9657 k320l1t68c4mgtrlq8e12jik12 Query : select top 1 bistamp valor from bi inner join bo on bo.bostamp=bi.bostamp where bo.ndos =240 and bo.boano =2075 and bo.obrano = 2407519 and bi.ref ='324.4970.00.1' and bi.lordem =3
20241112@154625.9810 k320l1t68c4mgtrlq8e12jik12 Query : select top 1 isnull(design,'') valor from st (nolock) left join stobs (nolock) on st.ref = stobs.ref where st.ref = '324.1705.00.1'
20241112@154625.1806 k320l1t68c4mgtrlq8e12jik12 Query : select top 1 bistamp valor from bi inner join bo on bo.bostamp=bi.bostamp where bo.ndos =240 and bo.boano =2075 and bo.obrano = 2407519 and bi.ref ='324.1705.00.1' and bi.lordem =4
20241112@154625.2892 k320l1t68c4mgtrlq8e12jik12 Query : select top 1 isnull(design,'') valor from st (nolock) left join stobs (nolock) on st.ref = stobs.ref where st.ref = '324.1716.00.1'
20241112@154625.3505 k320l1t68c4mgtrlq8e12jik12 Query : select top 1 bistamp valor from bi inner join bo on bo.bostamp=bi.bostamp where bo.ndos =240 and bo.boano =2075 and bo.obrano = 2407519 and bi.ref ='324.1716.00.1' and bi.lordem =5
20241112@154625.4648 k320l1t68c4mgtrlq8e12jik12 Query : use flama_phc
20241112@154625.4703 k320l1t68c4mgtrlq8e12jik12 Query : select top 1 convert(date,fdata) valor from ft where ndoc = 39 and anulado= 0 and fno>0 order by fdata desc
20241112@154625.5159 k320l1t68c4mgtrlq8e12jik12 Query : use flama_phc
20241112@154625.5203 k320l1t68c4mgtrlq8e12jik12 Query : select top 1 1 valor from td where td.ndoc = 39
20241112@154625.5590 k320l1t68c4mgtrlq8e12jik12 Query : use flama_phc
20241112@154625.5629 k320l1t68c4mgtrlq8e12jik12 Query : select lower(descricao) descricao ,case when valor='s' then 1 else 0 end valor from para1 where descricao in ('st_lote','st_usalogifunc', 'st_grelha')
20241112@154625.5941 k320l1t68c4mgtrlq8e12jik12 Query : select top 1 manternumero ,assinadoc issigned ,tiposaft ,assinaimp ,nmdos ,td.assinadoc ,'cl' origin ,lancasl stocks ,case when cmsl<50 and td.lancasl=1 then 1 else 0 end entrada ,case when cmsl>50 and td.lancasl=1 then 1 else 0 end saida ,temserie assets ,~semgre usegridfields from td inner join td2 on td.tdstamp=td2.td2stamp where td.ndoc = 1
20241112@154625.6718 k320l1t68c4mgtrlq8e12jik12 Query : use flama_phc
20241112@154625.6761 k320l1t68c4mgtrlq8e12jik12 Query : select top 1 ~inactivo valor from cl where no = '101889' and estab = 0 order by inactivo desc
20241112@154625.7519 k320l1t68c4mgtrlq8e12jik12 Query : use flama_phc
20241112@154625.7560 k320l1t68c4mgtrlq8e12jik12 Query : select top 1 tipodoc,regrd from td where ndoc = 39
20241112@154625.7777 k320l1t68c4mgtrlq8e12jik12 Query : use flama_phc
20241112@154625.7829 k320l1t68c4mgtrlq8e12jik12 Query : select szadrsstamp valor from szadrs where szadrsdesc='espaÇotrans,lda'
20241112@154625.8410 k320l1t68c4mgtrlq8e12jik12 Query : use flama_phc
20241112@154625.8457 k320l1t68c4mgtrlq8e12jik12 Query : select szadrsstamp valor from szadrs where szadrsdesc='cooplecnorte,crl'
20241112@154625.8904 k320l1t68c4mgtrlq8e12jik12 Query : use flama_phc
20241112@154625.8946 k320l1t68c4mgtrlq8e12jik12 Query : select 1 valor from td where ndoc = 39
20241112@154625.9245 k320l1t68c4mgtrlq8e12jik12 Query : select top 1 manternumero, tiposaft, nmdos,td.assinadoc from td where td.ndoc = 39
20241112@154625.9618 k320l1t68c4mgtrlq8e12jik12 Query : select 1 valor from information_schema.tables where table_type='base table' and table_name='wstablefields'
20241112@154625.9915 k320l1t68c4mgtrlq8e12jik12 Query : select fieldkey,fieldname,fieldtype,mandatory from wstablefields where tablename = 'ft' and documentnumber = 39
20241112@154626.5150 k320l1t68c4mgtrlq8e12jik12 Query : select 1 valor from information_schema.tables where table_type='base table' and table_name='wstablefields'
20241112@154626.9790 k320l1t68c4mgtrlq8e12jik12 Query : select fieldkey,fieldname,fieldtype,mandatory from wstablefields where tablename = 'ft2' and documentnumber = 39
20241112@154626.1648 k320l1t68c4mgtrlq8e12jik12 Query : select 1 valor from information_schema.tables where table_type='base table' and table_name='wstablefields'
20241112@154626.1900 k320l1t68c4mgtrlq8e12jik12 Query : select fieldkey,fieldname,fieldtype,mandatory from wstablefields where tablename = 'ft3' and documentnumber = 39
20241112@154626.2149 k320l1t68c4mgtrlq8e12jik12 Query : select top 1 ft.fno valor from ft ft where ft.ndoc = 39 and ftano=2024 order by fno desc
20241112@154626.2485 k320l1t68c4mgtrlq8e12jik12 Query : select top 1 ft.fno valor from wsftdata ft where ft.ndoc = 39 and ftano=2024 order by fno desc
20241112@154626.2735 k320l1t68c4mgtrlq8e12jik12 Query : select 1 valor from information_schema.tables where table_type='base table' and table_name='wstablefields'
20241112@154626.2988 k320l1t68c4mgtrlq8e12jik12 Query : select fieldkey,fieldname,fieldtype,calcformula from wstablefields where tablename = 'ft3' and documentnumber = 39
20241112@154626.3279 k320l1t68c4mgtrlq8e12jik12 Query : insert into wsft3data (ft3stamp, ousrdata, ousrhora, usrdata,usrhora,ousrinis,usrinis,taxpointdt ) values ('aut67337633016733785234' ,getdate(),convert(char(8),convert (time,getdate())),getdate(),convert(char(8),convert (time,getdate())),'wsv','wsv',?)
20241112@154626.3748 k320l1t68c4mgtrlq8e12jik12 Query : select 1 valor from information_schema.tables where table_type='base table' and table_name='wstablefields'
20241112@154626.3999 k320l1t68c4mgtrlq8e12jik12 Query : select fieldkey,fieldname,fieldtype,calcformula from wstablefields where tablename = 'ft2' and documentnumber = 39
20241112@154626.4704 k320l1t68c4mgtrlq8e12jik12 Query : select top 1 bo.u_nomeenv valor from bo where bo.bostamp=''
20241112@154626.4913 k320l1t68c4mgtrlq8e12jik12 Query : select top 1 bo.u_moradaen valor from bo where bo.bostamp=''
20241112@154626.5119 k320l1t68c4mgtrlq8e12jik12 Query : select top 1 bo.u_codposen valor from bo where bo.bostamp=''
20241112@154626.5336 k320l1t68c4mgtrlq8e12jik12 Query : select top 1 bo.u_localenv valor from bo where bo.bostamp=''
20241112@154626.5544 k320l1t68c4mgtrlq8e12jik12 Query : select top 1 bo.trab5 valor from bo where bo.bostamp=''
20241112@154626.5753 k320l1t68c4mgtrlq8e12jik12 Query : select top 1 bo.serie valor from bo where bo.bostamp=''
20241112@154626.5960 k320l1t68c4mgtrlq8e12jik12 Query : insert into wsft2data (ft2stamp, ousrdata,ousrhora, usrdata,usrhora,ousrinis,usrinis,u_nomeenv ,u_moradaen ,u_codposen ,u_localenv ,u_coddest ,u_codby ) values ('aut67337633016733785234',getdate(),convert(char(8),convert (time,getdate())),getdate(),convert(char(8),convert (time,getdate())),'wsv','wsv',?,?,?,?,?,?)
20241112@154626.6516 k320l1t68c4mgtrlq8e12jik12 Query : select top 1 fno valor from wsftdata order by fno desc
20241112@154626.6775 k320l1t68c4mgtrlq8e12jik12 Query : select 1 valor from information_schema.tables where table_type='base table' and table_name='wstablefields'
20241112@154626.7028 k320l1t68c4mgtrlq8e12jik12 Query : select fieldkey,fieldname,fieldtype,calcformula from wstablefields where tablename = 'ft' and documentnumber = 39
20241112@154626.7565 k320l1t68c4mgtrlq8e12jik12 Query : select 'normal' from dummy
20241112@154626.7910 k320l1t68c4mgtrlq8e12jik12 Query : insert into wsftdata (ftstamp, ousrdata,ousrhora, usrdata,usrhora,ousrinis,usrinis,fno,no,estab,fdata,ndoc,moeda,cambio,cambiofixo,ftano,site ,classe ) values ('aut67337633016733785234',getdate(),convert(char(8),convert (time,getdate())),getdate(),convert(char(8),convert (time,getdate())),'wsv','wsv',1834,101889,0,'2024-11-12',39,'euro',0,0,2024 ,?,?)
20241112@154626.8641 k320l1t68c4mgtrlq8e12jik12 Query : use flama_phc
20241112@154626.8682 k320l1t68c4mgtrlq8e12jik12 Query : select st.usalote valor from st where st.ref = '304.422.00.07'
20241112@154626.9015 k320l1t68c4mgtrlq8e12jik12 Query : select top 1 st.tabiva ,st.ivaincl ,st.stns ,st.uni2 ,st.familia ,isnull(tx.taxa, 0) txiva ,unidade ,usalote ,epcpond ,noserie ,conversao ,st.texteis from st left join taxasiva tx on st.tabiva = tx.codigo where st.ref = '304.422.00.07'
20241112@154626.9272 k320l1t68c4mgtrlq8e12jik12 Query : select 1 valor from information_schema.tables where table_type='base table' and table_name='wstablefields'
20241112@154626.9525 k320l1t68c4mgtrlq8e12jik12 Query : select fieldkey,fieldname,fieldtype,mandatory from wstablefields where tablename = 'fi' and documentnumber = 39
20241112@154627.1030 k320l1t68c4mgtrlq8e12jik12 Query : select 1 valor from information_schema.tables where table_type='base table' and table_name='wstablefields'
20241112@154627.3550 k320l1t68c4mgtrlq8e12jik12 Query : select fieldkey,fieldname,fieldtype,mandatory from wstablefields where tablename = 'fi2' and documentnumber = 39
20241112@154627.5210 k320l1t68c4mgtrlq8e12jik12 Query : select top 1 convert(numeric(6,2),t.taxa) valor from taxasiva t where t.codigo='2'
20241112@154627.7690 k320l1t68c4mgtrlq8e12jik12 Query : select sestamp valor from se where ref ='304.422.00.07' and lote = '241004'
20241112@154627.1018 k320l1t68c4mgtrlq8e12jik12 Query : select 1 valor from information_schema.tables where table_type='base table' and table_name='wstablefields'
20241112@154627.1271 k320l1t68c4mgtrlq8e12jik12 Query : select fieldkey,fieldname,fieldtype,calcformula from wstablefields where tablename = 'fi2' and documentnumber = 39
20241112@154627.1607 k320l1t68c4mgtrlq8e12jik12 Query : insert into wsfi2data (fi2stamp,ftstamp ,ousrdata, ousrhora, usrdata,usrhora,ousrinis,usrinis) values ('aut67337520396733785318','aut67337633016733785234' ,getdate(),convert(char(8),convert (time,getdate())),getdate(),convert(char(8),convert (time,getdate())),'wsv','wsv')
20241112@154627.1651 k320l1t68c4mgtrlq8e12jik12 Query : select 1 valor from information_schema.tables where table_type='base table' and table_name='wstablefields'
20241112@154627.2047 k320l1t68c4mgtrlq8e12jik12 Query : select fieldkey,fieldname,fieldtype,calcformula from wstablefields where tablename = 'fi' and documentnumber = 39
20241112@154627.3924 k320l1t68c4mgtrlq8e12jik12 Query : insert into wsfidata (fistamp,ousrdata, ousrhora, usrdata,usrhora,ousrinis,usrinis ,qtt ,ftstamp ,epv,pvmoeda ,tabiva,iva,lordem ,ref, design ,lote,armazem,bistamp ) values ('aut67337520396733785318',getdate(),convert(char(8),convert (time,getdate())),getdate(),convert(char(8),convert (time,getdate())),'wsv','wsv',4.000 ,'aut67337633016733785234' ,0,0 ,2,23.00,10000,?,?,?,?,?)
20241112@154627.4614 k320l1t68c4mgtrlq8e12jik12 Query : use flama_phc
20241112@154627.4656 k320l1t68c4mgtrlq8e12jik12 Query : select st.usalote valor from st where st.ref = '304.421.00.04'
20241112@154627.4989 k320l1t68c4mgtrlq8e12jik12 Query : select top 1 st.tabiva ,st.ivaincl ,st.stns ,st.uni2 ,st.familia ,isnull(tx.taxa, 0) txiva ,unidade ,usalote ,epcpond ,noserie ,conversao ,st.texteis from st left join taxasiva tx on st.tabiva = tx.codigo where st.ref = '304.421.00.04'
20241112@154627.5240 k320l1t68c4mgtrlq8e12jik12 Query : select 1 valor from information_schema.tables where table_type='base table' and table_name='wstablefields'
20241112@154627.5493 k320l1t68c4mgtrlq8e12jik12 Query : select fieldkey,fieldname,fieldtype,mandatory from wstablefields where tablename = 'fi' and documentnumber = 39
20241112@154627.6085 k320l1t68c4mgtrlq8e12jik12 Query : select 1 valor from information_schema.tables where table_type='base table' and table_name='wstablefields'
20241112@154627.6340 k320l1t68c4mgtrlq8e12jik12 Query : select fieldkey,fieldname,fieldtype,mandatory from wstablefields where tablename = 'fi2' and documentnumber = 39
20241112@154627.6509 k320l1t68c4mgtrlq8e12jik12 Query : select top 1 convert(numeric(6,2),t.taxa) valor from taxasiva t where t.codigo='2'
20241112@154627.6757 k320l1t68c4mgtrlq8e12jik12 Query : select sestamp valor from se where ref ='304.421.00.04' and lote = '241002'
20241112@154627.7008 k320l1t68c4mgtrlq8e12jik12 Query : select 1 valor from information_schema.tables where table_type='base table' and table_name='wstablefields'
20241112@154627.7260 k320l1t68c4mgtrlq8e12jik12 Query : select fieldkey,fieldname,fieldtype,calcformula from wstablefields where tablename = 'fi2' and documentnumber = 39
20241112@154627.7468 k320l1t68c4mgtrlq8e12jik12 Query : insert into wsfi2data (fi2stamp,ftstamp ,ousrdata, ousrhora, usrdata,usrhora,ousrinis,usrinis) values ('aut673379806467337853ab','aut67337633016733785234' ,getdate(),convert(char(8),convert (time,getdate())),getdate(),convert(char(8),convert (time,getdate())),'wsv','wsv')
20241112@154627.7520 k320l1t68c4mgtrlq8e12jik12 Query : select 1 valor from information_schema.tables where table_type='base table' and table_name='wstablefields'
20241112@154627.7795 k320l1t68c4mgtrlq8e12jik12 Query : select fieldkey,fieldname,fieldtype,calcformula from wstablefields where tablename = 'fi' and documentnumber = 39
20241112@154627.8525 k320l1t68c4mgtrlq8e12jik12 Query : insert into wsfidata (fistamp,ousrdata, ousrhora, usrdata,usrhora,ousrinis,usrinis ,qtt ,ftstamp ,epv,pvmoeda ,tabiva,iva,lordem ,ref, design ,lote,armazem,bistamp ) values ('aut673379806467337853ab',getdate(),convert(char(8),convert (time,getdate())),getdate(),convert(char(8),convert (time,getdate())),'wsv','wsv',4.000 ,'aut67337633016733785234' ,0,0 ,2,23.00,20000,?,?,?,?,?)
20241112@154627.9085 k320l1t68c4mgtrlq8e12jik12 Query : select 1 valor from information_schema.tables where table_type='base table' and table_name='wstablefields'
20241112@154627.9338 k320l1t68c4mgtrlq8e12jik12 Query : select fieldkey,fieldname,fieldtype,mandatory from wstablefields where tablename = 'fi' and documentnumber = 39
20241112@154627.9617 k320l1t68c4mgtrlq8e12jik12 Query : select 1 valor from information_schema.tables where table_type='base table' and table_name='wstablefields'
20241112@154627.9634 k320l1t68c4mgtrlq8e12jik12 Query : select fieldkey,fieldname,fieldtype,mandatory from wstablefields where tablename = 'fi2' and documentnumber = 39
20241112@154627.9643 k320l1t68c4mgtrlq8e12jik12 Query : select top 1 convert(numeric(6,2),t.taxa) valor from taxasiva t where t.codigo='2'
20241112@154627.9890 k320l1t68c4mgtrlq8e12jik12 Query : select 1 valor from information_schema.tables where table_type='base table' and table_name='wstablefields'
20241112@154628.1490 k320l1t68c4mgtrlq8e12jik12 Query : select fieldkey,fieldname,fieldtype,calcformula from wstablefields where tablename = 'fi2' and documentnumber = 39
20241112@154628.3580 k320l1t68c4mgtrlq8e12jik12 Query : insert into wsfi2data (fi2stamp,ftstamp ,ousrdata, ousrhora, usrdata,usrhora,ousrinis,usrinis) values ('aut673375428967337853f1','aut67337633016733785234' ,getdate(),convert(char(8),convert (time,getdate())),getdate(),convert(char(8),convert (time,getdate())),'wsv','wsv')
20241112@154628.4020 k320l1t68c4mgtrlq8e12jik12 Query : select 1 valor from information_schema.tables where table_type='base table' and table_name='wstablefields'
20241112@154628.6540 k320l1t68c4mgtrlq8e12jik12 Query : select fieldkey,fieldname,fieldtype,calcformula from wstablefields where tablename = 'fi' and documentnumber = 39
20241112@154628.1274 k320l1t68c4mgtrlq8e12jik12 Query : insert into wsfidata (fistamp,ousrdata, ousrhora, usrdata,usrhora,ousrinis,usrinis ,qtt ,ftstamp ,epv,pvmoeda ,tabiva,iva,lordem ,ref, design ,armazem) values ('aut673375428967337853f1',getdate(),convert(char(8),convert (time,getdate())),getdate(),convert(char(8),convert (time,getdate())),'wsv','wsv',0 ,'aut67337633016733785234' ,0,0 ,2,23.00,30000,?,?,?)
20241112@154628.1926 k320l1t68c4mgtrlq8e12jik12 Query : use flama_phc
20241112@154628.1968 k320l1t68c4mgtrlq8e12jik12 Query : select st.usalote valor from st where st.ref = '324.4970.00.1'
20241112@154628.2302 k320l1t68c4mgtrlq8e12jik12 Query : select top 1 st.tabiva ,st.ivaincl ,st.stns ,st.uni2 ,st.familia ,isnull(tx.taxa, 0) txiva ,unidade ,usalote ,epcpond ,noserie ,conversao ,st.texteis from st left join taxasiva tx on st.tabiva = tx.codigo where st.ref = '324.4970.00.1'
20241112@154628.2552 k320l1t68c4mgtrlq8e12jik12 Query : select 1 valor from information_schema.tables where table_type='base table' and table_name='wstablefields'
20241112@154628.2807 k320l1t68c4mgtrlq8e12jik12 Query : select fieldkey,fieldname,fieldtype,mandatory from wstablefields where tablename = 'fi' and documentnumber = 39
20241112@154628.3410 k320l1t68c4mgtrlq8e12jik12 Query : select 1 valor from information_schema.tables where table_type='base table' and table_name='wstablefields'
20241112@154628.3664 k320l1t68c4mgtrlq8e12jik12 Query : select fieldkey,fieldname,fieldtype,mandatory from wstablefields where tablename = 'fi2' and documentnumber = 39
20241112@154628.3829 k320l1t68c4mgtrlq8e12jik12 Query : select top 1 convert(numeric(6,2),t.taxa) valor from taxasiva t where t.codigo='2'
20241112@154628.4078 k320l1t68c4mgtrlq8e12jik12 Query : select sestamp valor from se where ref ='324.4970.00.1' and lote = 'r2400492200a'
20241112@154628.4336 k320l1t68c4mgtrlq8e12jik12 Query : select 1 valor from information_schema.tables where table_type='base table' and table_name='wstablefields'
20241112@154628.4619 k320l1t68c4mgtrlq8e12jik12 Query : select fieldkey,fieldname,fieldtype,calcformula from wstablefields where tablename = 'fi2' and documentnumber = 39
20241112@154628.4837 k320l1t68c4mgtrlq8e12jik12 Query : insert into wsfi2data (fi2stamp,ftstamp ,ousrdata, ousrhora, usrdata,usrhora,ousrinis,usrinis) values ('aut67337508796733785469','aut67337633016733785234' ,getdate(),convert(char(8),convert (time,getdate())),getdate(),convert(char(8),convert (time,getdate())),'wsv','wsv')
20241112@154628.4882 k320l1t68c4mgtrlq8e12jik12 Query : select 1 valor from information_schema.tables where table_type='base table' and table_name='wstablefields'
20241112@154628.5138 k320l1t68c4mgtrlq8e12jik12 Query : select fieldkey,fieldname,fieldtype,calcformula from wstablefields where tablename = 'fi' and documentnumber = 39
20241112@154628.6853 k320l1t68c4mgtrlq8e12jik12 Query : insert into wsfidata (fistamp,ousrdata, ousrhora, usrdata,usrhora,ousrinis,usrinis ,qtt ,ftstamp ,epv,pvmoeda ,tabiva,iva,lordem ,ref, design ,lote,armazem,bistamp ) values ('aut67337508796733785469',getdate(),convert(char(8),convert (time,getdate())),getdate(),convert(char(8),convert (time,getdate())),'wsv','wsv',4.000 ,'aut67337633016733785234' ,0,0 ,2,23.00,50000,?,?,?,?,?)
20241112@154628.7459 k320l1t68c4mgtrlq8e12jik12 Query : use flama_phc
20241112@154628.7501 k320l1t68c4mgtrlq8e12jik12 Query : select st.usalote valor from st where st.ref = '324.1705.00.1'
20241112@154628.7837 k320l1t68c4mgtrlq8e12jik12 Query : select top 1 st.tabiva ,st.ivaincl ,st.stns ,st.uni2 ,st.familia ,isnull(tx.taxa, 0) txiva ,unidade ,usalote ,epcpond ,noserie ,conversao ,st.texteis from st left join taxasiva tx on st.tabiva = tx.codigo where st.ref = '324.1705.00.1'
20241112@154628.8497 k320l1t68c4mgtrlq8e12jik12 Query : select 1 valor from information_schema.tables where table_type='base table' and table_name='wstablefields'
20241112@154628.8754 k320l1t68c4mgtrlq8e12jik12 Query : select fieldkey,fieldname,fieldtype,mandatory from wstablefields where tablename = 'fi' and documentnumber = 39
20241112@154628.9691 k320l1t68c4mgtrlq8e12jik12 Query : select 1 valor from information_schema.tables where table_type='base table' and table_name='wstablefields'
20241112@154629.1880 k320l1t68c4mgtrlq8e12jik12 Query : select fieldkey,fieldname,fieldtype,mandatory from wstablefields where tablename = 'fi2' and documentnumber = 39
20241112@154629.3910 k320l1t68c4mgtrlq8e12jik12 Query : select top 1 convert(numeric(6,2),t.taxa) valor from taxasiva t where t.codigo='2'
20241112@154629.6380 k320l1t68c4mgtrlq8e12jik12 Query : select sestamp valor from se where ref ='324.1705.00.1' and lote = 'r2400050500a'
20241112@154629.8890 k320l1t68c4mgtrlq8e12jik12 Query : select 1 valor from information_schema.tables where table_type='base table' and table_name='wstablefields'
20241112@154629.1189 k320l1t68c4mgtrlq8e12jik12 Query : select fieldkey,fieldname,fieldtype,calcformula from wstablefields where tablename = 'fi2' and documentnumber = 39
20241112@154629.1485 k320l1t68c4mgtrlq8e12jik12 Query : insert into wsfi2data (fi2stamp,ftstamp ,ousrdata, ousrhora, usrdata,usrhora,ousrinis,usrinis) values ('aut67337552496733785515','aut67337633016733785234' ,getdate(),convert(char(8),convert (time,getdate())),getdate(),convert(char(8),convert (time,getdate())),'wsv','wsv')
20241112@154629.1529 k320l1t68c4mgtrlq8e12jik12 Query : select 1 valor from information_schema.tables where table_type='base table' and table_name='wstablefields'
20241112@154629.1827 k320l1t68c4mgtrlq8e12jik12 Query : select fieldkey,fieldname,fieldtype,calcformula from wstablefields where tablename = 'fi' and documentnumber = 39
20241112@154629.2946 k320l1t68c4mgtrlq8e12jik12 Query : insert into wsfidata (fistamp,ousrdata, ousrhora, usrdata,usrhora,ousrinis,usrinis ,qtt ,ftstamp ,epv,pvmoeda ,tabiva,iva,lordem ,ref, design ,lote,armazem,bistamp ) values ('aut67337552496733785515',getdate(),convert(char(8),convert (time,getdate())),getdate(),convert(char(8),convert (time,getdate())),'wsv','wsv',4.000 ,'aut67337633016733785234' ,0,0 ,2,23.00,60000,?,?,?,?,?)
20241112@154629.4116 k320l1t68c4mgtrlq8e12jik12 Query : use flama_phc
20241112@154629.4199 k320l1t68c4mgtrlq8e12jik12 Query : select st.usalote valor from st where st.ref = '324.1716.00.1'
20241112@154629.5377 k320l1t68c4mgtrlq8e12jik12 Query : select top 1 st.tabiva ,st.ivaincl ,st.stns ,st.uni2 ,st.familia ,isnull(tx.taxa, 0) txiva ,unidade ,usalote ,epcpond ,noserie ,conversao ,st.texteis from st left join taxasiva tx on st.tabiva = tx.codigo where st.ref = '324.1716.00.1'
20241112@154629.6460 k320l1t68c4mgtrlq8e12jik12 Query : select 1 valor from information_schema.tables where table_type='base table' and table_name='wstablefields'
20241112@154629.7115 k320l1t68c4mgtrlq8e12jik12 Query : select fieldkey,fieldname,fieldtype,mandatory from wstablefields where tablename = 'fi' and documentnumber = 39
20241112@154629.8654 k320l1t68c4mgtrlq8e12jik12 Query : select 1 valor from information_schema.tables where table_type='base table' and table_name='wstablefields'
20241112@154630.7510 k320l1t68c4mgtrlq8e12jik12 Query : select fieldkey,fieldname,fieldtype,mandatory from wstablefields where tablename = 'fi2' and documentnumber = 39
20241112@154630.1640 k320l1t68c4mgtrlq8e12jik12 Query : select top 1 convert(numeric(6,2),t.taxa) valor from taxasiva t where t.codigo='2'
20241112@154630.2131 k320l1t68c4mgtrlq8e12jik12 Query : select sestamp valor from se where ref ='324.1716.00.1' and lote = 'r2100312300a'
20241112@154630.2678 k320l1t68c4mgtrlq8e12jik12 Query : select 1 valor from information_schema.tables where table_type='base table' and table_name='wstablefields'
20241112@154630.3219 k320l1t68c4mgtrlq8e12jik12 Query : select fieldkey,fieldname,fieldtype,calcformula from wstablefields where tablename = 'fi2' and documentnumber = 39
20241112@154630.3448 k320l1t68c4mgtrlq8e12jik12 Query : insert into wsfi2data (fi2stamp,ftstamp ,ousrdata, ousrhora, usrdata,usrhora,ousrinis,usrinis) values ('aut67337401396733785641','aut67337633016733785234' ,getdate(),convert(char(8),convert (time,getdate())),getdate(),convert(char(8),convert (time,getdate())),'wsv','wsv')
20241112@154630.3493 k320l1t68c4mgtrlq8e12jik12 Query : select 1 valor from information_schema.tables where table_type='base table' and table_name='wstablefields'
20241112@154630.3905 k320l1t68c4mgtrlq8e12jik12 Query : select fieldkey,fieldname,fieldtype,calcformula from wstablefields where tablename = 'fi' and documentnumber = 39
20241112@154630.5094 k320l1t68c4mgtrlq8e12jik12 Query : insert into wsfidata (fistamp,ousrdata, ousrhora, usrdata,usrhora,ousrinis,usrinis ,qtt ,ftstamp ,epv,pvmoeda ,tabiva,iva,lordem ,ref, design ,lote,armazem,bistamp ) values ('aut67337401396733785641',getdate(),convert(char(8),convert (time,getdate())),getdate(),convert(char(8),convert (time,getdate())),'wsv','wsv',4.000 ,'aut67337633016733785234' ,0,0 ,2,23.00,70000,?,?,?,?,?)
20241112@154630.5819 k320l1t68c4mgtrlq8e12jik12 Query : insert into wsftcreationlog (initialftstamp,externalid,creationstatus,documenttypeid,idustamp) values ('aut67337633016733785234','2407519','wait',39,'adm09112754980.682000002')
20241112@154630.6818 k320l1t68c4mgtrlq8e12jik12 Query : use flama_phc
20241112@154630.6933 k320l1t68c4mgtrlq8e12jik12 Query : update u_wsusers set rqsttoken =? where userid ='userls001'
20241112@154630.8272 k320l1t68c4mgtrlq8e12jik12 Query : select concat(rtrim(relative_path),ltrim(name_new)) as valor from uploadfiles where uploadfile_id='3275';
20241112@154630.9163 k320l1t68c4mgtrlq8e12jik12 Query : update uploadfiles set whenupdated=current_timestamp where uploadfile_id='3275';
20241112@154630.9715 k320l1t68c4mgtrlq8e12jik12 Query : select concat(rtrim(relative_path),ltrim(name_new)) as valor from uploadfiles where uploadfile_id='3275';
20241112@154631.3690 k320l1t68c4mgtrlq8e12jik12 Query : update uploadfiles set whenupdated=current_timestamp where uploadfile_id='3275';

20241112@183303.6357 fmdh3mb9h529k2qh0lctsah631 Query : update uploadfiles set whenupdated=current_timestamp where uploadfile_id='3276';
20241112@183303.6445 fmdh3mb9h529k2qh0lctsah631 Query : select concat(rtrim(relative_path),ltrim(name_new)) as valor from uploadfiles where uploadfile_id='3276';
20241112@183303.6480 fmdh3mb9h529k2qh0lctsah631 Query : update uploadfiles set whenupdated=current_timestamp where uploadfile_id='3276';
20241112@183303.6598 fmdh3mb9h529k2qh0lctsah631 Query : use flama_phc
20241112@183303.6602 fmdh3mb9h529k2qh0lctsah631 Query : select top 1 secretkey valor from u_wsusers u where u.userid = ? and u.inactivo=0
20241112@183303.6683 fmdh3mb9h529k2qh0lctsah631 Query : use flama_phc
20241112@183303.6687 fmdh3mb9h529k2qh0lctsah631 Query : select no, estab,szadrsdesc from szadrs where u_coddest=4197
20241112@183303.6802 fmdh3mb9h529k2qh0lctsah631 Query : select top 1 isnull(design,'') valor from st (nolock) left join stobs (nolock) on st.ref = stobs.ref where st.ref = '324.1670.00.1'
20241112@183303.6993 fmdh3mb9h529k2qh0lctsah631 Query : select top 1 bistamp valor from bi inner join bo on bo.bostamp=bi.bostamp where bo.ndos =240 and bo.boano =2075 and bo.obrano = 2407520 and bi.ref ='324.1670.00.1' and bi.lordem =1
20241112@183303.7349 fmdh3mb9h529k2qh0lctsah631 Query : select top 1 isnull(design,'') valor from st (nolock) left join stobs (nolock) on st.ref = stobs.ref where st.ref = '324.1670.00.1'
20241112@183303.7372 fmdh3mb9h529k2qh0lctsah631 Query : select top 1 bistamp valor from bi inner join bo on bo.bostamp=bi.bostamp where bo.ndos =240 and bo.boano =2075 and bo.obrano = 2407520 and bi.ref ='324.1670.00.1' and bi.lordem =1
20241112@183303.7391 fmdh3mb9h529k2qh0lctsah631 Query : select top 1 isnull(design,'') valor from st (nolock) left join stobs (nolock) on st.ref = stobs.ref where st.ref = '324.1670.00.1'
20241112@183303.7415 fmdh3mb9h529k2qh0lctsah631 Query : select top 1 bistamp valor from bi inner join bo on bo.bostamp=bi.bostamp where bo.ndos =240 and bo.boano =2075 and bo.obrano = 2407520 and bi.ref ='324.1670.00.1' and bi.lordem =2
20241112@183303.7751 fmdh3mb9h529k2qh0lctsah631 Query : select top 1 isnull(design,'') valor from st (nolock) left join stobs (nolock) on st.ref = stobs.ref where st.ref = '324.1608.00.1'
20241112@183303.7805 fmdh3mb9h529k2qh0lctsah631 Query : select top 1 bistamp valor from bi inner join bo on bo.bostamp=bi.bostamp where bo.ndos =240 and bo.boano =2075 and bo.obrano = 2407520 and bi.ref ='324.1608.00.1' and bi.lordem =3
20241112@183303.8150 fmdh3mb9h529k2qh0lctsah631 Query : select top 1 isnull(design,'') valor from st (nolock) left join stobs (nolock) on st.ref = stobs.ref where st.ref = '324.2221.00.1'
20241112@183303.8317 fmdh3mb9h529k2qh0lctsah631 Query : select top 1 bistamp valor from bi inner join bo on bo.bostamp=bi.bostamp where bo.ndos =240 and bo.boano =2075 and bo.obrano = 2407520 and bi.ref ='324.2221.00.1' and bi.lordem =4
20241112@183303.8686 fmdh3mb9h529k2qh0lctsah631 Query : select top 1 isnull(design,'') valor from st (nolock) left join stobs (nolock) on st.ref = stobs.ref where st.ref = '324.2222.00.1'
20241112@183303.8857 fmdh3mb9h529k2qh0lctsah631 Query : select top 1 bistamp valor from bi inner join bo on bo.bostamp=bi.bostamp where bo.ndos =240 and bo.boano =2075 and bo.obrano = 2407520 and bi.ref ='324.2222.00.1' and bi.lordem =6
20241112@183303.9171 fmdh3mb9h529k2qh0lctsah631 Query : select top 1 isnull(design,'') valor from st (nolock) left join stobs (nolock) on st.ref = stobs.ref where st.ref = '324.2223.00.1'
20241112@183303.9656 fmdh3mb9h529k2qh0lctsah631 Query : select top 1 bistamp valor from bi inner join bo on bo.bostamp=bi.bostamp where bo.ndos =240 and bo.boano =2075 and bo.obrano = 2407520 and bi.ref ='324.2223.00.1' and bi.lordem =8
20241112@183304.8000 fmdh3mb9h529k2qh0lctsah631 Query : select top 1 isnull(design,'') valor from st (nolock) left join stobs (nolock) on st.ref = stobs.ref where st.ref = '324.2224.00.1'
20241112@183304.1680 fmdh3mb9h529k2qh0lctsah631 Query : select top 1 bistamp valor from bi inner join bo on bo.bostamp=bi.bostamp where bo.ndos =240 and bo.boano =2075 and bo.obrano = 2407520 and bi.ref ='324.2224.00.1' and bi.lordem =10
20241112@183304.4880 fmdh3mb9h529k2qh0lctsah631 Query : select top 1 isnull(design,'') valor from st (nolock) left join stobs (nolock) on st.ref = stobs.ref where st.ref = '324.1824.00.1'
20241112@183304.5440 fmdh3mb9h529k2qh0lctsah631 Query : select top 1 bistamp valor from bi inner join bo on bo.bostamp=bi.bostamp where bo.ndos =240 and bo.boano =2075 and bo.obrano = 2407520 and bi.ref ='324.1824.00.1' and bi.lordem =12
20241112@183304.9780 fmdh3mb9h529k2qh0lctsah631 Query : select top 1 isnull(design,'') valor from st (nolock) left join stobs (nolock) on st.ref = stobs.ref where st.ref = '324.1824.00.1'
20241112@183304.1023 fmdh3mb9h529k2qh0lctsah631 Query : select top 1 bistamp valor from bi inner join bo on bo.bostamp=bi.bostamp where bo.ndos =240 and bo.boano =2075 and bo.obrano = 2407520 and bi.ref ='324.1824.00.1' and bi.lordem =13
20241112@183304.1384 fmdh3mb9h529k2qh0lctsah631 Query : select top 1 isnull(design,'') valor from st (nolock) left join stobs (nolock) on st.ref = stobs.ref where st.ref = '324.681.00.01'
20241112@183304.1415 fmdh3mb9h529k2qh0lctsah631 Query : select top 1 bistamp valor from bi inner join bo on bo.bostamp=bi.bostamp where bo.ndos =240 and bo.boano =2075 and bo.obrano = 2407520 and bi.ref ='324.681.00.01' and bi.lordem =14
20241112@183304.1718 fmdh3mb9h529k2qh0lctsah631 Query : select top 1 isnull(design,'') valor from st (nolock) left join stobs (nolock) on st.ref = stobs.ref where st.ref = '324.1805.00.1'
20241112@183304.1882 fmdh3mb9h529k2qh0lctsah631 Query : select top 1 bistamp valor from bi inner join bo on bo.bostamp=bi.bostamp where bo.ndos =240 and bo.boano =2075 and bo.obrano = 2407520 and bi.ref ='324.1805.00.1' and bi.lordem =15
20241112@183304.2220 fmdh3mb9h529k2qh0lctsah631 Query : select top 1 isnull(design,'') valor from st (nolock) left join stobs (nolock) on st.ref = stobs.ref where st.ref = '324.1805.00.1'
20241112@183304.2278 fmdh3mb9h529k2qh0lctsah631 Query : select top 1 bistamp valor from bi inner join bo on bo.bostamp=bi.bostamp where bo.ndos =240 and bo.boano =2075 and bo.obrano = 2407520 and bi.ref ='324.1805.00.1' and bi.lordem =16
20241112@183304.2606 fmdh3mb9h529k2qh0lctsah631 Query : use flama_phc
20241112@183304.2610 fmdh3mb9h529k2qh0lctsah631 Query : select top 1 convert(date,fdata) valor from ft where ndoc = 39 and anulado= 0 and fno>0 order by fdata desc
20241112@183304.2666 fmdh3mb9h529k2qh0lctsah631 Query : use flama_phc
20241112@183304.2670 fmdh3mb9h529k2qh0lctsah631 Query : select top 1 1 valor from td where td.ndoc = 39
20241112@183304.2719 fmdh3mb9h529k2qh0lctsah631 Query : use flama_phc
20241112@183304.2723 fmdh3mb9h529k2qh0lctsah631 Query : select lower(descricao) descricao ,case when valor='s' then 1 else 0 end valor from para1 where descricao in ('st_lote','st_usalogifunc', 'st_grelha')
20241112@183304.2772 fmdh3mb9h529k2qh0lctsah631 Query : select top 1 manternumero ,assinadoc issigned ,tiposaft ,assinaimp ,nmdos ,td.assinadoc ,'cl' origin ,lancasl stocks ,case when cmsl<50 and td.lancasl=1 then 1 else 0 end entrada ,case when cmsl>50 and td.lancasl=1 then 1 else 0 end saida ,temserie assets ,~semgre usegridfields from td inner join td2 on td.tdstamp=td2.td2stamp where td.ndoc = 1
20241112@183304.2838 fmdh3mb9h529k2qh0lctsah631 Query : use flama_phc
20241112@183304.2842 fmdh3mb9h529k2qh0lctsah631 Query : select top 1 ~inactivo valor from cl where no = '102085' and estab = 0 order by inactivo desc
20241112@183304.2989 fmdh3mb9h529k2qh0lctsah631 Query : use flama_phc
20241112@183304.2993 fmdh3mb9h529k2qh0lctsah631 Query : select top 1 tipodoc,regrd from td where ndoc = 39
20241112@183304.3049 fmdh3mb9h529k2qh0lctsah631 Query : use flama_phc
20241112@183304.3052 fmdh3mb9h529k2qh0lctsah631 Query : select szadrsstamp valor from szadrs where szadrsdesc='espaÇotrans,lda'
20241112@183304.3110 fmdh3mb9h529k2qh0lctsah631 Query : use flama_phc
20241112@183304.3114 fmdh3mb9h529k2qh0lctsah631 Query : select szadrsstamp valor from szadrs where szadrsdesc='montilectica 2'
20241112@183304.3164 fmdh3mb9h529k2qh0lctsah631 Query : use flama_phc
20241112@183304.3167 fmdh3mb9h529k2qh0lctsah631 Query : select 1 valor from td where ndoc = 39
20241112@183304.3198 fmdh3mb9h529k2qh0lctsah631 Query : select top 1 manternumero, tiposaft, nmdos,td.assinadoc from td where td.ndoc = 39
20241112@183304.3227 fmdh3mb9h529k2qh0lctsah631 Query : select 1 valor from information_schema.tables where table_type='base table' and table_name='wstablefields'
20241112@183304.3297 fmdh3mb9h529k2qh0lctsah631 Query : select fieldkey,fieldname,fieldtype,mandatory from wstablefields where tablename = 'ft' and documentnumber = 39
20241112@183304.3370 fmdh3mb9h529k2qh0lctsah631 Query : select 1 valor from information_schema.tables where table_type='base table' and table_name='wstablefields'
20241112@183304.3401 fmdh3mb9h529k2qh0lctsah631 Query : select fieldkey,fieldname,fieldtype,mandatory from wstablefields where tablename = 'ft2' and documentnumber = 39
20241112@183304.3443 fmdh3mb9h529k2qh0lctsah631 Query : select 1 valor from information_schema.tables where table_type='base table' and table_name='wstablefields'
20241112@183304.3477 fmdh3mb9h529k2qh0lctsah631 Query : select fieldkey,fieldname,fieldtype,mandatory from wstablefields where tablename = 'ft3' and documentnumber = 39
20241112@183304.3493 fmdh3mb9h529k2qh0lctsah631 Query : select top 1 ft.fno valor from ft ft where ft.ndoc = 39 and ftano=2024 order by fno desc
20241112@183304.3595 fmdh3mb9h529k2qh0lctsah631 Query : select top 1 ft.fno valor from wsftdata ft where ft.ndoc = 39 and ftano=2024 order by fno desc
20241112@183304.3626 fmdh3mb9h529k2qh0lctsah631 Query : select 1 valor from information_schema.tables where table_type='base table' and table_name='wstablefields'
20241112@183304.3670 fmdh3mb9h529k2qh0lctsah631 Query : select fieldkey,fieldname,fieldtype,calcformula from wstablefields where tablename = 'ft3' and documentnumber = 39
20241112@183304.3697 fmdh3mb9h529k2qh0lctsah631 Query : insert into wsft3data (ft3stamp, ousrdata, ousrhora, usrdata,usrhora,ousrinis,usrinis,taxpointdt ) values ('aut673395847267339f6055' ,getdate(),convert(char(8),convert (time,getdate())),getdate(),convert(char(8),convert (time,getdate())),'wsv','wsv',?)
20241112@183304.3964 fmdh3mb9h529k2qh0lctsah631 Query : select 1 valor from information_schema.tables where table_type='base table' and table_name='wstablefields'
20241112@183304.3989 fmdh3mb9h529k2qh0lctsah631 Query : select fieldkey,fieldname,fieldtype,calcformula from wstablefields where tablename = 'ft2' and documentnumber = 39
20241112@183304.4041 fmdh3mb9h529k2qh0lctsah631 Query : select top 1 bo.u_nomeenv valor from bo where bo.bostamp=''
20241112@183304.4054 fmdh3mb9h529k2qh0lctsah631 Query : select top 1 bo.u_moradaen valor from bo where bo.bostamp=''
20241112@183304.4068 fmdh3mb9h529k2qh0lctsah631 Query : select top 1 bo.u_codposen valor from bo where bo.bostamp=''
20241112@183304.4100 fmdh3mb9h529k2qh0lctsah631 Query : select top 1 bo.u_localenv valor from bo where bo.bostamp=''
20241112@183304.4119 fmdh3mb9h529k2qh0lctsah631 Query : select top 1 bo.trab5 valor from bo where bo.bostamp=''
20241112@183304.4135 fmdh3mb9h529k2qh0lctsah631 Query : select top 1 bo.serie valor from bo where bo.bostamp=''
20241112@183304.4180 fmdh3mb9h529k2qh0lctsah631 Query : insert into wsft2data (ft2stamp, ousrdata,ousrhora, usrdata,usrhora,ousrinis,usrinis,u_nomeenv ,u_moradaen ,u_codposen ,u_localenv ,u_coddest ,u_codby ) values ('aut673395847267339f6055',getdate(),convert(char(8),convert (time,getdate())),getdate(),convert(char(8),convert (time,getdate())),'wsv','wsv',?,?,?,?,?,?)
20241112@183304.4688 fmdh3mb9h529k2qh0lctsah631 Query : select top 1 fno valor from wsftdata order by fno desc
20241112@183304.4771 fmdh3mb9h529k2qh0lctsah631 Query : select 1 valor from information_schema.tables where table_type='base table' and table_name='wstablefields'
20241112@183304.4798 fmdh3mb9h529k2qh0lctsah631 Query : select fieldkey,fieldname,fieldtype,calcformula from wstablefields where tablename = 'ft' and documentnumber = 39
20241112@183304.4825 fmdh3mb9h529k2qh0lctsah631 Query : select 'normal' from dummy
20241112@183304.4867 fmdh3mb9h529k2qh0lctsah631 Query : insert into wsftdata (ftstamp, ousrdata,ousrhora, usrdata,usrhora,ousrinis,usrinis,fno,no,estab,fdata,ndoc,moeda,cambio,cambiofixo,ftano,site ,classe ) values ('aut673395847267339f6055',getdate(),convert(char(8),convert (time,getdate())),getdate(),convert(char(8),convert (time,getdate())),'wsv','wsv',1835,102085,0,'2024-11-12',39,'euro',0,0,2024 ,?,?)
20241112@183304.5409 fmdh3mb9h529k2qh0lctsah631 Query : use flama_phc
20241112@183304.5413 fmdh3mb9h529k2qh0lctsah631 Query : select st.usalote valor from st where st.ref = '324.1670.00.1'
20241112@183304.5446 fmdh3mb9h529k2qh0lctsah631 Query : select top 1 st.tabiva ,st.ivaincl ,st.stns ,st.uni2 ,st.familia ,isnull(tx.taxa, 0) txiva ,unidade ,usalote ,epcpond ,noserie ,conversao ,st.texteis from st left join taxasiva tx on st.tabiva = tx.codigo where st.ref = '324.1670.00.1'
20241112@183304.5599 fmdh3mb9h529k2qh0lctsah631 Query : select 1 valor from information_schema.tables where table_type='base table' and table_name='wstablefields'
20241112@183304.5617 fmdh3mb9h529k2qh0lctsah631 Query : select fieldkey,fieldname,fieldtype,mandatory from wstablefields where tablename = 'fi' and documentnumber = 39
20241112@183304.5646 fmdh3mb9h529k2qh0lctsah631 Query : select 1 valor from information_schema.tables where table_type='base table' and table_name='wstablefields'
20241112@183304.5662 fmdh3mb9h529k2qh0lctsah631 Query : select fieldkey,fieldname,fieldtype,mandatory from wstablefields where tablename = 'fi2' and documentnumber = 39
20241112@183304.5675 fmdh3mb9h529k2qh0lctsah631 Query : select top 1 convert(numeric(6,2),t.taxa) valor from taxasiva t where t.codigo='2'
20241112@183304.5696 fmdh3mb9h529k2qh0lctsah631 Query : select sestamp valor from se where ref ='324.1670.00.1' and lote = 'r2301213200a'
20241112@183304.5718 fmdh3mb9h529k2qh0lctsah631 Query : select 1 valor from information_schema.tables where table_type='base table' and table_name='wstablefields'
20241112@183304.5733 fmdh3mb9h529k2qh0lctsah631 Query : select fieldkey,fieldname,fieldtype,calcformula from wstablefields where tablename = 'fi2' and documentnumber = 39
20241112@183304.5745 fmdh3mb9h529k2qh0lctsah631 Query : insert into wsfi2data (fi2stamp,ftstamp ,ousrdata, ousrhora, usrdata,usrhora,ousrinis,usrinis) values ('aut673390827867339f608b','aut673395847267339f6055' ,getdate(),convert(char(8),convert (time,getdate())),getdate(),convert(char(8),convert (time,getdate())),'wsv','wsv')
20241112@183304.5767 fmdh3mb9h529k2qh0lctsah631 Query : select 1 valor from information_schema.tables where table_type='base table' and table_name='wstablefields'
20241112@183304.5783 fmdh3mb9h529k2qh0lctsah631 Query : select fieldkey,fieldname,fieldtype,calcformula from wstablefields where tablename = 'fi' and documentnumber = 39
20241112@183304.5844 fmdh3mb9h529k2qh0lctsah631 Query : insert into wsfidata (fistamp,ousrdata, ousrhora, usrdata,usrhora,ousrinis,usrinis ,qtt ,ftstamp ,epv,pvmoeda ,tabiva,iva,lordem ,ref, design ,lote,armazem,bistamp ) values ('aut673390827867339f608b',getdate(),convert(char(8),convert (time,getdate())),getdate(),convert(char(8),convert (time,getdate())),'wsv','wsv',3.000 ,'aut673395847267339f6055' ,0,0 ,2,23.00,10000,?,?,?,?,?)
20241112@183304.6210 fmdh3mb9h529k2qh0lctsah631 Query : use flama_phc
20241112@183304.6231 fmdh3mb9h529k2qh0lctsah631 Query : select st.usalote valor from st where st.ref = '324.1670.00.1'
20241112@183304.6253 fmdh3mb9h529k2qh0lctsah631 Query : select top 1 st.tabiva ,st.ivaincl ,st.stns ,st.uni2 ,st.familia ,isnull(tx.taxa, 0) txiva ,unidade ,usalote ,epcpond ,noserie ,conversao ,st.texteis from st left join taxasiva tx on st.tabiva = tx.codigo where st.ref = '324.1670.00.1'
20241112@183304.6276 fmdh3mb9h529k2qh0lctsah631 Query : select 1 valor from information_schema.tables where table_type='base table' and table_name='wstablefields'
20241112@183304.6292 fmdh3mb9h529k2qh0lctsah631 Query : select fieldkey,fieldname,fieldtype,mandatory from wstablefields where tablename = 'fi' and documentnumber = 39
20241112@183304.6321 fmdh3mb9h529k2qh0lctsah631 Query : select 1 valor from information_schema.tables where table_type='base table' and table_name='wstablefields'
20241112@183304.6338 fmdh3mb9h529k2qh0lctsah631 Query : select fieldkey,fieldname,fieldtype,mandatory from wstablefields where tablename = 'fi2' and documentnumber = 39
20241112@183304.6353 fmdh3mb9h529k2qh0lctsah631 Query : select top 1 convert(numeric(6,2),t.taxa) valor from taxasiva t where t.codigo='2'
20241112@183304.6370 fmdh3mb9h529k2qh0lctsah631 Query : select sestamp valor from se where ref ='324.1670.00.1' and lote = 'r2301213200a'
20241112@183304.6388 fmdh3mb9h529k2qh0lctsah631 Query : select 1 valor from information_schema.tables where table_type='base table' and table_name='wstablefields'
20241112@183304.6411 fmdh3mb9h529k2qh0lctsah631 Query : select fieldkey,fieldname,fieldtype,calcformula from wstablefields where tablename = 'fi2' and documentnumber = 39
20241112@183304.6432 fmdh3mb9h529k2qh0lctsah631 Query : insert into wsfi2data (fi2stamp,ftstamp ,ousrdata, ousrhora, usrdata,usrhora,ousrinis,usrinis) values ('aut673395728367339f609b','aut673395847267339f6055' ,getdate(),convert(char(8),convert (time,getdate())),getdate(),convert(char(8),convert (time,getdate())),'wsv','wsv')
20241112@183304.6438 fmdh3mb9h529k2qh0lctsah631 Query : select 1 valor from information_schema.tables where table_type='base table' and table_name='wstablefields'
20241112@183304.6461 fmdh3mb9h529k2qh0lctsah631 Query : select fieldkey,fieldname,fieldtype,calcformula from wstablefields where tablename = 'fi' and documentnumber = 39
20241112@183304.6501 fmdh3mb9h529k2qh0lctsah631 Query : insert into wsfidata (fistamp,ousrdata, ousrhora, usrdata,usrhora,ousrinis,usrinis ,qtt ,ftstamp ,epv,pvmoeda ,tabiva,iva,lordem ,ref, design ,lote,armazem,bistamp ) values ('aut673395728367339f609b',getdate(),convert(char(8),convert (time,getdate())),getdate(),convert(char(8),convert (time,getdate())),'wsv','wsv',2.000 ,'aut673395847267339f6055' ,0,0 ,2,23.00,20000,?,?,?,?,?)
20241112@183304.6771 fmdh3mb9h529k2qh0lctsah631 Query : use flama_phc
20241112@183304.6774 fmdh3mb9h529k2qh0lctsah631 Query : select st.usalote valor from st where st.ref = '324.1670.00.1'
20241112@183304.6795 fmdh3mb9h529k2qh0lctsah631 Query : select top 1 st.tabiva ,st.ivaincl ,st.stns ,st.uni2 ,st.familia ,isnull(tx.taxa, 0) txiva ,unidade ,usalote ,epcpond ,noserie ,conversao ,st.texteis from st left join taxasiva tx on st.tabiva = tx.codigo where st.ref = '324.1670.00.1'
20241112@183304.6879 fmdh3mb9h529k2qh0lctsah631 Query : select 1 valor from information_schema.tables where table_type='base table' and table_name='wstablefields'
20241112@183304.6897 fmdh3mb9h529k2qh0lctsah631 Query : select fieldkey,fieldname,fieldtype,mandatory from wstablefields where tablename = 'fi' and documentnumber = 39
20241112@183304.6926 fmdh3mb9h529k2qh0lctsah631 Query : select 1 valor from information_schema.tables where table_type='base table' and table_name='wstablefields'
20241112@183304.6941 fmdh3mb9h529k2qh0lctsah631 Query : select fieldkey,fieldname,fieldtype,mandatory from wstablefields where tablename = 'fi2' and documentnumber = 39
20241112@183304.6950 fmdh3mb9h529k2qh0lctsah631 Query : select top 1 convert(numeric(6,2),t.taxa) valor from taxasiva t where t.codigo='2'
20241112@183304.7050 fmdh3mb9h529k2qh0lctsah631 Query : select sestamp valor from se where ref ='324.1670.00.1' and lote = 'r2301213200a'
20241112@183304.7080 fmdh3mb9h529k2qh0lctsah631 Query : select 1 valor from information_schema.tables where table_type='base table' and table_name='wstablefields'
20241112@183304.8310 fmdh3mb9h529k2qh0lctsah631 Query : select fieldkey,fieldname,fieldtype,calcformula from wstablefields where tablename = 'fi2' and documentnumber = 39
20241112@183304.8326 fmdh3mb9h529k2qh0lctsah631 Query : insert into wsfi2data (fi2stamp,ftstamp ,ousrdata, ousrhora, usrdata,usrhora,ousrinis,usrinis) values ('aut673392541667339f60ac','aut673395847267339f6055' ,getdate(),convert(char(8),convert (time,getdate())),getdate(),convert(char(8),convert (time,getdate())),'wsv','wsv')
20241112@183304.8410 fmdh3mb9h529k2qh0lctsah631 Query : select 1 valor from information_schema.tables where table_type='base table' and table_name='wstablefields'
20241112@183304.8595 fmdh3mb9h529k2qh0lctsah631 Query : select fieldkey,fieldname,fieldtype,calcformula from wstablefields where tablename = 'fi' and documentnumber = 39
20241112@183304.8629 fmdh3mb9h529k2qh0lctsah631 Query : insert into wsfidata (fistamp,ousrdata, ousrhora, usrdata,usrhora,ousrinis,usrinis ,qtt ,ftstamp ,epv,pvmoeda ,tabiva,iva,lordem ,ref, design ,lote,armazem,bistamp ) values ('aut673392541667339f60ac',getdate(),convert(char(8),convert (time,getdate())),getdate(),convert(char(8),convert (time,getdate())),'wsv','wsv',1.000 ,'aut673395847267339f6055' ,0,0 ,2,23.00,30000,?,?,?,?,?)
20241112@183304.8905 fmdh3mb9h529k2qh0lctsah631 Query : use flama_phc
20241112@183304.8909 fmdh3mb9h529k2qh0lctsah631 Query : select st.usalote valor from st where st.ref = '324.1608.00.1'
20241112@183304.8942 fmdh3mb9h529k2qh0lctsah631 Query : select top 1 st.tabiva ,st.ivaincl ,st.stns ,st.uni2 ,st.familia ,isnull(tx.taxa, 0) txiva ,unidade ,usalote ,epcpond ,noserie ,conversao ,st.texteis from st left join taxasiva tx on st.tabiva = tx.codigo where st.ref = '324.1608.00.1'
20241112@183304.8971 fmdh3mb9h529k2qh0lctsah631 Query : select 1 valor from information_schema.tables where table_type='base table' and table_name='wstablefields'
20241112@183304.8998 fmdh3mb9h529k2qh0lctsah631 Query : select fieldkey,fieldname,fieldtype,mandatory from wstablefields where tablename = 'fi' and documentnumber = 39
20241112@183304.9032 fmdh3mb9h529k2qh0lctsah631 Query : select 1 valor from information_schema.tables where table_type='base table' and table_name='wstablefields'
20241112@183304.9065 fmdh3mb9h529k2qh0lctsah631 Query : select fieldkey,fieldname,fieldtype,mandatory from wstablefields where tablename = 'fi2' and documentnumber = 39
20241112@183304.9077 fmdh3mb9h529k2qh0lctsah631 Query : select top 1 convert(numeric(6,2),t.taxa) valor from taxasiva t where t.codigo='2'
20241112@183304.9092 fmdh3mb9h529k2qh0lctsah631 Query : select sestamp valor from se where ref ='324.1608.00.1' and lote = 'r2400237100a'
20241112@183304.9121 fmdh3mb9h529k2qh0lctsah631 Query : select 1 valor from information_schema.tables where table_type='base table' and table_name='wstablefields'
20241112@183304.9198 fmdh3mb9h529k2qh0lctsah631 Query : select fieldkey,fieldname,fieldtype,calcformula from wstablefields where tablename = 'fi2' and documentnumber = 39
20241112@183304.9214 fmdh3mb9h529k2qh0lctsah631 Query : insert into wsfi2data (fi2stamp,ftstamp ,ousrdata, ousrhora, usrdata,usrhora,ousrinis,usrinis) values ('aut673393857267339f60de','aut673395847267339f6055' ,getdate(),convert(char(8),convert (time,getdate())),getdate(),convert(char(8),convert (time,getdate())),'wsv','wsv')
20241112@183304.9219 fmdh3mb9h529k2qh0lctsah631 Query : select 1 valor from information_schema.tables where table_type='base table' and table_name='wstablefields'
20241112@183304.9270 fmdh3mb9h529k2qh0lctsah631 Query : select fieldkey,fieldname,fieldtype,calcformula from wstablefields where tablename = 'fi' and documentnumber = 39
20241112@183304.9302 fmdh3mb9h529k2qh0lctsah631 Query : insert into wsfidata (fistamp,ousrdata, ousrhora, usrdata,usrhora,ousrinis,usrinis ,qtt ,ftstamp ,epv,pvmoeda ,tabiva,iva,lordem ,ref, design ,lote,armazem,bistamp ) values ('aut673393857267339f60de',getdate(),convert(char(8),convert (time,getdate())),getdate(),convert(char(8),convert (time,getdate())),'wsv','wsv',6.000 ,'aut673395847267339f6055' ,0,0 ,2,23.00,40000,?,?,?,?,?)
20241112@183304.9588 fmdh3mb9h529k2qh0lctsah631 Query : use flama_phc
20241112@183304.9591 fmdh3mb9h529k2qh0lctsah631 Query : select st.usalote valor from st where st.ref = '324.2221.00.1'
20241112@183304.9620 fmdh3mb9h529k2qh0lctsah631 Query : select top 1 st.tabiva ,st.ivaincl ,st.stns ,st.uni2 ,st.familia ,isnull(tx.taxa, 0) txiva ,unidade ,usalote ,epcpond ,noserie ,conversao ,st.texteis from st left join taxasiva tx on st.tabiva = tx.codigo where st.ref = '324.2221.00.1'
20241112@183304.9869 fmdh3mb9h529k2qh0lctsah631 Query : select 1 valor from information_schema.tables where table_type='base table' and table_name='wstablefields'
20241112@183304.9888 fmdh3mb9h529k2qh0lctsah631 Query : select fieldkey,fieldname,fieldtype,mandatory from wstablefields where tablename = 'fi' and documentnumber = 39
20241112@183304.9919 fmdh3mb9h529k2qh0lctsah631 Query : select 1 valor from information_schema.tables where table_type='base table' and table_name='wstablefields'
20241112@183304.9936 fmdh3mb9h529k2qh0lctsah631 Query : select fieldkey,fieldname,fieldtype,mandatory from wstablefields where tablename = 'fi2' and documentnumber = 39
20241112@183304.9946 fmdh3mb9h529k2qh0lctsah631 Query : select top 1 convert(numeric(6,2),t.taxa) valor from taxasiva t where t.codigo='2'
20241112@183304.9991 fmdh3mb9h529k2qh0lctsah631 Query : select sestamp valor from se where ref ='324.2221.00.1' and lote = 'r2301280100a'
20241112@183305.7000 fmdh3mb9h529k2qh0lctsah631 Query : select 1 valor from information_schema.tables where table_type='base table' and table_name='wstablefields'
20241112@183305.3100 fmdh3mb9h529k2qh0lctsah631 Query : select fieldkey,fieldname,fieldtype,calcformula from wstablefields where tablename = 'fi2' and documentnumber = 39
20241112@183305.4600 fmdh3mb9h529k2qh0lctsah631 Query : insert into wsfi2data (fi2stamp,ftstamp ,ousrdata, ousrhora, usrdata,usrhora,ousrinis,usrinis) values ('aut673395942167339f6100','aut673395847267339f6055' ,getdate(),convert(char(8),convert (time,getdate())),getdate(),convert(char(8),convert (time,getdate())),'wsv','wsv')
20241112@183305.5200 fmdh3mb9h529k2qh0lctsah631 Query : select 1 valor from information_schema.tables where table_type='base table' and table_name='wstablefields'
20241112@183305.1090 fmdh3mb9h529k2qh0lctsah631 Query : select fieldkey,fieldname,fieldtype,calcformula from wstablefields where tablename = 'fi' and documentnumber = 39
20241112@183305.1630 fmdh3mb9h529k2qh0lctsah631 Query : insert into wsfidata (fistamp,ousrdata, ousrhora, usrdata,usrhora,ousrinis,usrinis ,qtt ,ftstamp ,epv,pvmoeda ,tabiva,iva,lordem ,ref, design ,lote,armazem,bistamp ) values ('aut673395942167339f6100',getdate(),convert(char(8),convert (time,getdate())),getdate(),convert(char(8),convert (time,getdate())),'wsv','wsv',4.000 ,'aut673395847267339f6055' ,0,0 ,2,23.00,50000,?,?,?,?,?)
20241112@183305.4340 fmdh3mb9h529k2qh0lctsah631 Query : use flama_phc
20241112@183305.4380 fmdh3mb9h529k2qh0lctsah631 Query : select st.usalote valor from st where st.ref = '324.2222.00.1'
20241112@183305.5140 fmdh3mb9h529k2qh0lctsah631 Query : select top 1 st.tabiva ,st.ivaincl ,st.stns ,st.uni2 ,st.familia ,isnull(tx.taxa, 0) txiva ,unidade ,usalote ,epcpond ,noserie ,conversao ,st.texteis from st left join taxasiva tx on st.tabiva = tx.codigo where st.ref = '324.2222.00.1'
20241112@183305.6810 fmdh3mb9h529k2qh0lctsah631 Query : select 1 valor from information_schema.tables where table_type='base table' and table_name='wstablefields'
20241112@183305.7030 fmdh3mb9h529k2qh0lctsah631 Query : select fieldkey,fieldname,fieldtype,mandatory from wstablefields where tablename = 'fi' and documentnumber = 39
20241112@183305.7970 fmdh3mb9h529k2qh0lctsah631 Query : select 1 valor from information_schema.tables where table_type='base table' and table_name='wstablefields'
20241112@183305.8160 fmdh3mb9h529k2qh0lctsah631 Query : select fieldkey,fieldname,fieldtype,mandatory from wstablefields where tablename = 'fi2' and documentnumber = 39
20241112@183305.8260 fmdh3mb9h529k2qh0lctsah631 Query : select top 1 convert(numeric(6,2),t.taxa) valor from taxasiva t where t.codigo='2'
20241112@183305.8400 fmdh3mb9h529k2qh0lctsah631 Query : select sestamp valor from se where ref ='324.2222.00.1' and lote = 'r2301281400a'
20241112@183305.8740 fmdh3mb9h529k2qh0lctsah631 Query : select 1 valor from information_schema.tables where table_type='base table' and table_name='wstablefields'
20241112@183305.9260 fmdh3mb9h529k2qh0lctsah631 Query : select fieldkey,fieldname,fieldtype,calcformula from wstablefields where tablename = 'fi2' and documentnumber = 39
20241112@183305.9890 fmdh3mb9h529k2qh0lctsah631 Query : insert into wsfi2data (fi2stamp,ftstamp ,ousrdata, ousrhora, usrdata,usrhora,ousrinis,usrinis) values ('aut673397873167339f6115','aut673395847267339f6055' ,getdate(),convert(char(8),convert (time,getdate())),getdate(),convert(char(8),convert (time,getdate())),'wsv','wsv')
20241112@183305.9950 fmdh3mb9h529k2qh0lctsah631 Query : select 1 valor from information_schema.tables where table_type='base table' and table_name='wstablefields'
20241112@183305.1012 fmdh3mb9h529k2qh0lctsah631 Query : select fieldkey,fieldname,fieldtype,calcformula from wstablefields where tablename = 'fi' and documentnumber = 39
20241112@183305.1048 fmdh3mb9h529k2qh0lctsah631 Query : insert into wsfidata (fistamp,ousrdata, ousrhora, usrdata,usrhora,ousrinis,usrinis ,qtt ,ftstamp ,epv,pvmoeda ,tabiva,iva,lordem ,ref, design ,lote,armazem,bistamp ) values ('aut673397873167339f6115',getdate(),convert(char(8),convert (time,getdate())),getdate(),convert(char(8),convert (time,getdate())),'wsv','wsv',4.000 ,'aut673395847267339f6055' ,0,0 ,2,23.00,60000,?,?,?,?,?)
20241112@183305.1320 fmdh3mb9h529k2qh0lctsah631 Query : use flama_phc
20241112@183305.1324 fmdh3mb9h529k2qh0lctsah631 Query : select st.usalote valor from st where st.ref = '324.2223.00.1'
20241112@183305.1405 fmdh3mb9h529k2qh0lctsah631 Query : select top 1 st.tabiva ,st.ivaincl ,st.stns ,st.uni2 ,st.familia ,isnull(tx.taxa, 0) txiva ,unidade ,usalote ,epcpond ,noserie ,conversao ,st.texteis from st left join taxasiva tx on st.tabiva = tx.codigo where st.ref = '324.2223.00.1'
20241112@183305.1599 fmdh3mb9h529k2qh0lctsah631 Query : select 1 valor from information_schema.tables where table_type='base table' and table_name='wstablefields'
20241112@183305.1639 fmdh3mb9h529k2qh0lctsah631 Query : select fieldkey,fieldname,fieldtype,mandatory from wstablefields where tablename = 'fi' and documentnumber = 39
20241112@183305.1674 fmdh3mb9h529k2qh0lctsah631 Query : select 1 valor from information_schema.tables where table_type='base table' and table_name='wstablefields'
20241112@183305.1698 fmdh3mb9h529k2qh0lctsah631 Query : select fieldkey,fieldname,fieldtype,mandatory from wstablefields where tablename = 'fi2' and documentnumber = 39
20241112@183305.1712 fmdh3mb9h529k2qh0lctsah631 Query : select top 1 convert(numeric(6,2),t.taxa) valor from taxasiva t where t.codigo='2'
20241112@183305.1727 fmdh3mb9h529k2qh0lctsah631 Query : select sestamp valor from se where ref ='324.2223.00.1' and lote = 'r2301280100a'
20241112@183305.1764 fmdh3mb9h529k2qh0lctsah631 Query : select 1 valor from information_schema.tables where table_type='base table' and table_name='wstablefields'
20241112@183305.1786 fmdh3mb9h529k2qh0lctsah631 Query : select fieldkey,fieldname,fieldtype,calcformula from wstablefields where tablename = 'fi2' and documentnumber = 39
20241112@183305.1834 fmdh3mb9h529k2qh0lctsah631 Query : insert into wsfi2data (fi2stamp,ftstamp ,ousrdata, ousrhora, usrdata,usrhora,ousrinis,usrinis) values ('aut673392819667339f612b','aut673395847267339f6055' ,getdate(),convert(char(8),convert (time,getdate())),getdate(),convert(char(8),convert (time,getdate())),'wsv','wsv')
20241112@183305.1839 fmdh3mb9h529k2qh0lctsah631 Query : select 1 valor from information_schema.tables where table_type='base table' and table_name='wstablefields'
20241112@183305.1893 fmdh3mb9h529k2qh0lctsah631 Query : select fieldkey,fieldname,fieldtype,calcformula from wstablefields where tablename = 'fi' and documentnumber = 39
20241112@183305.1963 fmdh3mb9h529k2qh0lctsah631 Query : insert into wsfidata (fistamp,ousrdata, ousrhora, usrdata,usrhora,ousrinis,usrinis ,qtt ,ftstamp ,epv,pvmoeda ,tabiva,iva,lordem ,ref, design ,lote,armazem,bistamp ) values ('aut673392819667339f612b',getdate(),convert(char(8),convert (time,getdate())),getdate(),convert(char(8),convert (time,getdate())),'wsv','wsv',4.000 ,'aut673395847267339f6055' ,0,0 ,2,23.00,70000,?,?,?,?,?)
20241112@183305.2330 fmdh3mb9h529k2qh0lctsah631 Query : use flama_phc
20241112@183305.2352 fmdh3mb9h529k2qh0lctsah631 Query : select st.usalote valor from st where st.ref = '324.2224.00.1'
20241112@183305.2376 fmdh3mb9h529k2qh0lctsah631 Query : select top 1 st.tabiva ,st.ivaincl ,st.stns ,st.uni2 ,st.familia ,isnull(tx.taxa, 0) txiva ,unidade ,usalote ,epcpond ,noserie ,conversao ,st.texteis from st left join taxasiva tx on st.tabiva = tx.codigo where st.ref = '324.2224.00.1'
20241112@183305.2527 fmdh3mb9h529k2qh0lctsah631 Query : select 1 valor from information_schema.tables where table_type='base table' and table_name='wstablefields'
20241112@183305.2594 fmdh3mb9h529k2qh0lctsah631 Query : select fieldkey,fieldname,fieldtype,mandatory from wstablefields where tablename = 'fi' and documentnumber = 39
20241112@183305.2639 fmdh3mb9h529k2qh0lctsah631 Query : select 1 valor from information_schema.tables where table_type='base table' and table_name='wstablefields'
20241112@183305.2657 fmdh3mb9h529k2qh0lctsah631 Query : select fieldkey,fieldname,fieldtype,mandatory from wstablefields where tablename = 'fi2' and documentnumber = 39
20241112@183305.2667 fmdh3mb9h529k2qh0lctsah631 Query : select top 1 convert(numeric(6,2),t.taxa) valor from taxasiva t where t.codigo='2'
20241112@183305.2682 fmdh3mb9h529k2qh0lctsah631 Query : select sestamp valor from se where ref ='324.2224.00.1' and lote = 'r2301280100a'
20241112@183305.2702 fmdh3mb9h529k2qh0lctsah631 Query : select 1 valor from information_schema.tables where table_type='base table' and table_name='wstablefields'
20241112@183305.2739 fmdh3mb9h529k2qh0lctsah631 Query : select fieldkey,fieldname,fieldtype,calcformula from wstablefields where tablename = 'fi2' and documentnumber = 39
20241112@183305.2752 fmdh3mb9h529k2qh0lctsah631 Query : insert into wsfi2data (fi2stamp,ftstamp ,ousrdata, ousrhora, usrdata,usrhora,ousrinis,usrinis) values ('aut673393940767339f6141','aut673395847267339f6055' ,getdate(),convert(char(8),convert (time,getdate())),getdate(),convert(char(8),convert (time,getdate())),'wsv','wsv')
20241112@183305.2760 fmdh3mb9h529k2qh0lctsah631 Query : select 1 valor from information_schema.tables where table_type='base table' and table_name='wstablefields'
20241112@183305.2776 fmdh3mb9h529k2qh0lctsah631 Query : select fieldkey,fieldname,fieldtype,calcformula from wstablefields where tablename = 'fi' and documentnumber = 39
20241112@183305.2807 fmdh3mb9h529k2qh0lctsah631 Query : insert into wsfidata (fistamp,ousrdata, ousrhora, usrdata,usrhora,ousrinis,usrinis ,qtt ,ftstamp ,epv,pvmoeda ,tabiva,iva,lordem ,ref, design ,lote,armazem,bistamp ) values ('aut673393940767339f6141',getdate(),convert(char(8),convert (time,getdate())),getdate(),convert(char(8),convert (time,getdate())),'wsv','wsv',4.000 ,'aut673395847267339f6055' ,0,0 ,2,23.00,80000,?,?,?,?,?)
20241112@183305.3076 fmdh3mb9h529k2qh0lctsah631 Query : use flama_phc
20241112@183305.3081 fmdh3mb9h529k2qh0lctsah631 Query : select st.usalote valor from st where st.ref = '324.1824.00.1'
20241112@183305.3117 fmdh3mb9h529k2qh0lctsah631 Query : select top 1 st.tabiva ,st.ivaincl ,st.stns ,st.uni2 ,st.familia ,isnull(tx.taxa, 0) txiva ,unidade ,usalote ,epcpond ,noserie ,conversao ,st.texteis from st left join taxasiva tx on st.tabiva = tx.codigo where st.ref = '324.1824.00.1'
20241112@183305.3139 fmdh3mb9h529k2qh0lctsah631 Query : select 1 valor from information_schema.tables where table_type='base table' and table_name='wstablefields'
20241112@183305.3181 fmdh3mb9h529k2qh0lctsah631 Query : select fieldkey,fieldname,fieldtype,mandatory from wstablefields where tablename = 'fi' and documentnumber = 39
20241112@183305.3221 fmdh3mb9h529k2qh0lctsah631 Query : select 1 valor from information_schema.tables where table_type='base table' and table_name='wstablefields'
20241112@183305.3245 fmdh3mb9h529k2qh0lctsah631 Query : select fieldkey,fieldname,fieldtype,mandatory from wstablefields where tablename = 'fi2' and documentnumber = 39
20241112@183305.3257 fmdh3mb9h529k2qh0lctsah631 Query : select top 1 convert(numeric(6,2),t.taxa) valor from taxasiva t where t.codigo='2'
20241112@183305.3273 fmdh3mb9h529k2qh0lctsah631 Query : select sestamp valor from se where ref ='324.1824.00.1' and lote = 'r2400216200a'
20241112@183305.3289 fmdh3mb9h529k2qh0lctsah631 Query : select 1 valor from information_schema.tables where table_type='base table' and table_name='wstablefields'
20241112@183305.3309 fmdh3mb9h529k2qh0lctsah631 Query : select fieldkey,fieldname,fieldtype,calcformula from wstablefields where tablename = 'fi2' and documentnumber = 39
20241112@183305.3331 fmdh3mb9h529k2qh0lctsah631 Query : insert into wsfi2data (fi2stamp,ftstamp ,ousrdata, ousrhora, usrdata,usrhora,ousrinis,usrinis) values ('aut673395629767339f6150','aut673395847267339f6055' ,getdate(),convert(char(8),convert (time,getdate())),getdate(),convert(char(8),convert (time,getdate())),'wsv','wsv')
20241112@183305.3337 fmdh3mb9h529k2qh0lctsah631 Query : select 1 valor from information_schema.tables where table_type='base table' and table_name='wstablefields'
20241112@183305.3354 fmdh3mb9h529k2qh0lctsah631 Query : select fieldkey,fieldname,fieldtype,calcformula from wstablefields where tablename = 'fi' and documentnumber = 39
20241112@183305.3384 fmdh3mb9h529k2qh0lctsah631 Query : insert into wsfidata (fistamp,ousrdata, ousrhora, usrdata,usrhora,ousrinis,usrinis ,qtt ,ftstamp ,epv,pvmoeda ,tabiva,iva,lordem ,ref, design ,lote,armazem,bistamp ) values ('aut673395629767339f6150',getdate(),convert(char(8),convert (time,getdate())),getdate(),convert(char(8),convert (time,getdate())),'wsv','wsv',7.000 ,'aut673395847267339f6055' ,0,0 ,2,23.00,90000,?,?,?,?,?)
20241112@183305.3671 fmdh3mb9h529k2qh0lctsah631 Query : select 1 valor from information_schema.tables where table_type='base table' and table_name='wstablefields'
20241112@183305.3702 fmdh3mb9h529k2qh0lctsah631 Query : select fieldkey,fieldname,fieldtype,mandatory from wstablefields where tablename = 'fi' and documentnumber = 39
20241112@183305.3750 fmdh3mb9h529k2qh0lctsah631 Query : select 1 valor from information_schema.tables where table_type='base table' and table_name='wstablefields'
20241112@183305.3793 fmdh3mb9h529k2qh0lctsah631 Query : select fieldkey,fieldname,fieldtype,mandatory from wstablefields where tablename = 'fi2' and documentnumber = 39
20241112@183305.3806 fmdh3mb9h529k2qh0lctsah631 Query : select top 1 convert(numeric(6,2),t.taxa) valor from taxasiva t where t.codigo='2'
20241112@183305.3821 fmdh3mb9h529k2qh0lctsah631 Query : select 1 valor from information_schema.tables where table_type='base table' and table_name='wstablefields'
20241112@183305.3839 fmdh3mb9h529k2qh0lctsah631 Query : select fieldkey,fieldname,fieldtype,calcformula from wstablefields where tablename = 'fi2' and documentnumber = 39
20241112@183305.3868 fmdh3mb9h529k2qh0lctsah631 Query : insert into wsfi2data (fi2stamp,ftstamp ,ousrdata, ousrhora, usrdata,usrhora,ousrinis,usrinis) values ('aut673393510467339f615d','aut673395847267339f6055' ,getdate(),convert(char(8),convert (time,getdate())),getdate(),convert(char(8),convert (time,getdate())),'wsv','wsv')
20241112@183305.3874 fmdh3mb9h529k2qh0lctsah631 Query : select 1 valor from information_schema.tables where table_type='base table' and table_name='wstablefields'
20241112@183305.3890 fmdh3mb9h529k2qh0lctsah631 Query : select fieldkey,fieldname,fieldtype,calcformula from wstablefields where tablename = 'fi' and documentnumber = 39
20241112@183305.3964 fmdh3mb9h529k2qh0lctsah631 Query : insert into wsfidata (fistamp,ousrdata, ousrhora, usrdata,usrhora,ousrinis,usrinis ,qtt ,ftstamp ,epv,pvmoeda ,tabiva,iva,lordem ,ref, design ,armazem) values ('aut673393510467339f615d',getdate(),convert(char(8),convert (time,getdate())),getdate(),convert(char(8),convert (time,getdate())),'wsv','wsv',0 ,'aut673395847267339f6055' ,0,0 ,2,23.00,100000,?,?,?)
20241112@183305.4224 fmdh3mb9h529k2qh0lctsah631 Query : use flama_phc
20241112@183305.4228 fmdh3mb9h529k2qh0lctsah631 Query : select st.usalote valor from st where st.ref = '324.1824.00.1'
20241112@183305.4284 fmdh3mb9h529k2qh0lctsah631 Query : select top 1 st.tabiva ,st.ivaincl ,st.stns ,st.uni2 ,st.familia ,isnull(tx.taxa, 0) txiva ,unidade ,usalote ,epcpond ,noserie ,conversao ,st.texteis from st left join taxasiva tx on st.tabiva = tx.codigo where st.ref = '324.1824.00.1'
20241112@183305.4300 fmdh3mb9h529k2qh0lctsah631 Query : select 1 valor from information_schema.tables where table_type='base table' and table_name='wstablefields'
20241112@183305.4319 fmdh3mb9h529k2qh0lctsah631 Query : select fieldkey,fieldname,fieldtype,mandatory from wstablefields where tablename = 'fi' and documentnumber = 39
20241112@183305.4391 fmdh3mb9h529k2qh0lctsah631 Query : select 1 valor from information_schema.tables where table_type='base table' and table_name='wstablefields'
20241112@183305.4407 fmdh3mb9h529k2qh0lctsah631 Query : select fieldkey,fieldname,fieldtype,mandatory from wstablefields where tablename = 'fi2' and documentnumber = 39
20241112@183305.4417 fmdh3mb9h529k2qh0lctsah631 Query : select top 1 convert(numeric(6,2),t.taxa) valor from taxasiva t where t.codigo='2'
20241112@183305.4433 fmdh3mb9h529k2qh0lctsah631 Query : select sestamp valor from se where ref ='324.1824.00.1' and lote = 'r2400216200a'
20241112@183305.4452 fmdh3mb9h529k2qh0lctsah631 Query : select 1 valor from information_schema.tables where table_type='base table' and table_name='wstablefields'
20241112@183305.4469 fmdh3mb9h529k2qh0lctsah631 Query : select fieldkey,fieldname,fieldtype,calcformula from wstablefields where tablename = 'fi2' and documentnumber = 39
20241112@183305.4483 fmdh3mb9h529k2qh0lctsah631 Query : insert into wsfi2data (fi2stamp,ftstamp ,ousrdata, ousrhora, usrdata,usrhora,ousrinis,usrinis) values ('aut673393021767339f616c','aut673395847267339f6055' ,getdate(),convert(char(8),convert (time,getdate())),getdate(),convert(char(8),convert (time,getdate())),'wsv','wsv')
20241112@183305.4488 fmdh3mb9h529k2qh0lctsah631 Query : select 1 valor from information_schema.tables where table_type='base table' and table_name='wstablefields'
20241112@183305.4507 fmdh3mb9h529k2qh0lctsah631 Query : select fieldkey,fieldname,fieldtype,calcformula from wstablefields where tablename = 'fi' and documentnumber = 39
20241112@183305.4560 fmdh3mb9h529k2qh0lctsah631 Query : insert into wsfidata (fistamp,ousrdata, ousrhora, usrdata,usrhora,ousrinis,usrinis ,qtt ,ftstamp ,epv,pvmoeda ,tabiva,iva,lordem ,ref, design ,lote,armazem,bistamp ) values ('aut673393021767339f616c',getdate(),convert(char(8),convert (time,getdate())),getdate(),convert(char(8),convert (time,getdate())),'wsv','wsv',1.000 ,'aut673395847267339f6055' ,0,0 ,2,23.00,120000,?,?,?,?,?)
20241112@183305.4852 fmdh3mb9h529k2qh0lctsah631 Query : select 1 valor from information_schema.tables where table_type='base table' and table_name='wstablefields'
20241112@183305.4891 fmdh3mb9h529k2qh0lctsah631 Query : select fieldkey,fieldname,fieldtype,mandatory from wstablefields where tablename = 'fi' and documentnumber = 39
20241112@183305.4918 fmdh3mb9h529k2qh0lctsah631 Query : select 1 valor from information_schema.tables where table_type='base table' and table_name='wstablefields'
20241112@183305.4936 fmdh3mb9h529k2qh0lctsah631 Query : select fieldkey,fieldname,fieldtype,mandatory from wstablefields where tablename = 'fi2' and documentnumber = 39
20241112@183305.4945 fmdh3mb9h529k2qh0lctsah631 Query : select top 1 convert(numeric(6,2),t.taxa) valor from taxasiva t where t.codigo='2'
20241112@183305.4960 fmdh3mb9h529k2qh0lctsah631 Query : select 1 valor from information_schema.tables where table_type='base table' and table_name='wstablefields'
20241112@183305.5035 fmdh3mb9h529k2qh0lctsah631 Query : select fieldkey,fieldname,fieldtype,calcformula from wstablefields where tablename = 'fi2' and documentnumber = 39
20241112@183305.5048 fmdh3mb9h529k2qh0lctsah631 Query : insert into wsfi2data (fi2stamp,ftstamp ,ousrdata, ousrhora, usrdata,usrhora,ousrinis,usrinis) values ('aut673399304067339f6179','aut673395847267339f6055' ,getdate(),convert(char(8),convert (time,getdate())),getdate(),convert(char(8),convert (time,getdate())),'wsv','wsv')
20241112@183305.5053 fmdh3mb9h529k2qh0lctsah631 Query : select 1 valor from information_schema.tables where table_type='base table' and table_name='wstablefields'
20241112@183305.5111 fmdh3mb9h529k2qh0lctsah631 Query : select fieldkey,fieldname,fieldtype,calcformula from wstablefields where tablename = 'fi' and documentnumber = 39
20241112@183305.5144 fmdh3mb9h529k2qh0lctsah631 Query : insert into wsfidata (fistamp,ousrdata, ousrhora, usrdata,usrhora,ousrinis,usrinis ,qtt ,ftstamp ,epv,pvmoeda ,tabiva,iva,lordem ,ref, design ,armazem) values ('aut673399304067339f6179',getdate(),convert(char(8),convert (time,getdate())),getdate(),convert(char(8),convert (time,getdate())),'wsv','wsv',0 ,'aut673395847267339f6055' ,0,0 ,2,23.00,130000,?,?,?)
20241112@183305.5417 fmdh3mb9h529k2qh0lctsah631 Query : use flama_phc
20241112@183305.5420 fmdh3mb9h529k2qh0lctsah631 Query : select st.usalote valor from st where st.ref = '324.681.00.01'
20241112@183305.5443 fmdh3mb9h529k2qh0lctsah631 Query : select top 1 st.tabiva ,st.ivaincl ,st.stns ,st.uni2 ,st.familia ,isnull(tx.taxa, 0) txiva ,unidade ,usalote ,epcpond ,noserie ,conversao ,st.texteis from st left join taxasiva tx on st.tabiva = tx.codigo where st.ref = '324.681.00.01'
20241112@183305.5467 fmdh3mb9h529k2qh0lctsah631 Query : select 1 valor from information_schema.tables where table_type='base table' and table_name='wstablefields'
20241112@183305.5485 fmdh3mb9h529k2qh0lctsah631 Query : select fieldkey,fieldname,fieldtype,mandatory from wstablefields where tablename = 'fi' and documentnumber = 39
20241112@183305.5513 fmdh3mb9h529k2qh0lctsah631 Query : select 1 valor from information_schema.tables where table_type='base table' and table_name='wstablefields'
20241112@183305.5536 fmdh3mb9h529k2qh0lctsah631 Query : select fieldkey,fieldname,fieldtype,mandatory from wstablefields where tablename = 'fi2' and documentnumber = 39
20241112@183305.5548 fmdh3mb9h529k2qh0lctsah631 Query : select top 1 convert(numeric(6,2),t.taxa) valor from taxasiva t where t.codigo='2'
20241112@183305.5562 fmdh3mb9h529k2qh0lctsah631 Query : select sestamp valor from se where ref ='324.681.00.01' and lote = 'r2400223200a'
20241112@183305.5577 fmdh3mb9h529k2qh0lctsah631 Query : select 1 valor from information_schema.tables where table_type='base table' and table_name='wstablefields'
20241112@183305.5593 fmdh3mb9h529k2qh0lctsah631 Query : select fieldkey,fieldname,fieldtype,calcformula from wstablefields where tablename = 'fi2' and documentnumber = 39
20241112@183305.5606 fmdh3mb9h529k2qh0lctsah631 Query : insert into wsfi2data (fi2stamp,ftstamp ,ousrdata, ousrhora, usrdata,usrhora,ousrinis,usrinis) values ('aut673392527467339f6188','aut673395847267339f6055' ,getdate(),convert(char(8),convert (time,getdate())),getdate(),convert(char(8),convert (time,getdate())),'wsv','wsv')
20241112@183305.5611 fmdh3mb9h529k2qh0lctsah631 Query : select 1 valor from information_schema.tables where table_type='base table' and table_name='wstablefields'
20241112@183305.5630 fmdh3mb9h529k2qh0lctsah631 Query : select fieldkey,fieldname,fieldtype,calcformula from wstablefields where tablename = 'fi' and documentnumber = 39
20241112@183305.5678 fmdh3mb9h529k2qh0lctsah631 Query : insert into wsfidata (fistamp,ousrdata, ousrhora, usrdata,usrhora,ousrinis,usrinis ,qtt ,ftstamp ,epv,pvmoeda ,tabiva,iva,lordem ,ref, design ,lote,armazem,bistamp ) values ('aut673392527467339f6188',getdate(),convert(char(8),convert (time,getdate())),getdate(),convert(char(8),convert (time,getdate())),'wsv','wsv',4.000 ,'aut673395847267339f6055' ,0,0 ,2,23.00,150000,?,?,?,?,?)
20241112@183305.5967 fmdh3mb9h529k2qh0lctsah631 Query : select 1 valor from information_schema.tables where table_type='base table' and table_name='wstablefields'
20241112@183305.6001 fmdh3mb9h529k2qh0lctsah631 Query : select fieldkey,fieldname,fieldtype,mandatory from wstablefields where tablename = 'fi' and documentnumber = 39
20241112@183305.6037 fmdh3mb9h529k2qh0lctsah631 Query : select 1 valor from information_schema.tables where table_type='base table' and table_name='wstablefields'
20241112@183305.6056 fmdh3mb9h529k2qh0lctsah631 Query : select fieldkey,fieldname,fieldtype,mandatory from wstablefields where tablename = 'fi2' and documentnumber = 39
20241112@183305.6066 fmdh3mb9h529k2qh0lctsah631 Query : select top 1 convert(numeric(6,2),t.taxa) valor from taxasiva t where t.codigo='2'
20241112@183305.6111 fmdh3mb9h529k2qh0lctsah631 Query : select 1 valor from information_schema.tables where table_type='base table' and table_name='wstablefields'
20241112@183305.6128 fmdh3mb9h529k2qh0lctsah631 Query : select fieldkey,fieldname,fieldtype,calcformula from wstablefields where tablename = 'fi2' and documentnumber = 39
20241112@183305.6192 fmdh3mb9h529k2qh0lctsah631 Query : insert into wsfi2data (fi2stamp,ftstamp ,ousrdata, ousrhora, usrdata,usrhora,ousrinis,usrinis) values ('aut673390127667339f6195','aut673395847267339f6055' ,getdate(),convert(char(8),convert (time,getdate())),getdate(),convert(char(8),convert (time,getdate())),'wsv','wsv')
20241112@183305.6199 fmdh3mb9h529k2qh0lctsah631 Query : select 1 valor from information_schema.tables where table_type='base table' and table_name='wstablefields'
20241112@183305.6220 fmdh3mb9h529k2qh0lctsah631 Query : select fieldkey,fieldname,fieldtype,calcformula from wstablefields where tablename = 'fi' and documentnumber = 39
20241112@183305.6255 fmdh3mb9h529k2qh0lctsah631 Query : insert into wsfidata (fistamp,ousrdata, ousrhora, usrdata,usrhora,ousrinis,usrinis ,qtt ,ftstamp ,epv,pvmoeda ,tabiva,iva,lordem ,ref, design ,armazem) values ('aut673390127667339f6195',getdate(),convert(char(8),convert (time,getdate())),getdate(),convert(char(8),convert (time,getdate())),'wsv','wsv',0 ,'aut673395847267339f6055' ,0,0 ,2,23.00,160000,?,?,?)
20241112@183305.6515 fmdh3mb9h529k2qh0lctsah631 Query : use flama_phc
20241112@183305.6519 fmdh3mb9h529k2qh0lctsah631 Query : select st.usalote valor from st where st.ref = '324.1805.00.1'
20241112@183305.6546 fmdh3mb9h529k2qh0lctsah631 Query : select top 1 st.tabiva ,st.ivaincl ,st.stns ,st.uni2 ,st.familia ,isnull(tx.taxa, 0) txiva ,unidade ,usalote ,epcpond ,noserie ,conversao ,st.texteis from st left join taxasiva tx on st.tabiva = tx.codigo where st.ref = '324.1805.00.1'
20241112@183305.6716 fmdh3mb9h529k2qh0lctsah631 Query : select 1 valor from information_schema.tables where table_type='base table' and table_name='wstablefields'
20241112@183305.6738 fmdh3mb9h529k2qh0lctsah631 Query : select fieldkey,fieldname,fieldtype,mandatory from wstablefields where tablename = 'fi' and documentnumber = 39
20241112@183305.6807 fmdh3mb9h529k2qh0lctsah631 Query : select 1 valor from information_schema.tables where table_type='base table' and table_name='wstablefields'
20241112@183305.6823 fmdh3mb9h529k2qh0lctsah631 Query : select fieldkey,fieldname,fieldtype,mandatory from wstablefields where tablename = 'fi2' and documentnumber = 39
20241112@183305.6833 fmdh3mb9h529k2qh0lctsah631 Query : select top 1 convert(numeric(6,2),t.taxa) valor from taxasiva t where t.codigo='2'
20241112@183305.6847 fmdh3mb9h529k2qh0lctsah631 Query : select sestamp valor from se where ref ='324.1805.00.1' and lote = 'r2400291200a'
20241112@183305.6869 fmdh3mb9h529k2qh0lctsah631 Query : select 1 valor from information_schema.tables where table_type='base table' and table_name='wstablefields'
20241112@183305.6885 fmdh3mb9h529k2qh0lctsah631 Query : select fieldkey,fieldname,fieldtype,calcformula from wstablefields where tablename = 'fi2' and documentnumber = 39
20241112@183305.6898 fmdh3mb9h529k2qh0lctsah631 Query : insert into wsfi2data (fi2stamp,ftstamp ,ousrdata, ousrhora, usrdata,usrhora,ousrinis,usrinis) values ('aut673396492167339f61a7','aut673395847267339f6055' ,getdate(),convert(char(8),convert (time,getdate())),getdate(),convert(char(8),convert (time,getdate())),'wsv','wsv')
20241112@183305.6903 fmdh3mb9h529k2qh0lctsah631 Query : select 1 valor from information_schema.tables where table_type='base table' and table_name='wstablefields'
20241112@183305.6923 fmdh3mb9h529k2qh0lctsah631 Query : select fieldkey,fieldname,fieldtype,calcformula from wstablefields where tablename = 'fi' and documentnumber = 39
20241112@183305.6955 fmdh3mb9h529k2qh0lctsah631 Query : insert into wsfidata (fistamp,ousrdata, ousrhora, usrdata,usrhora,ousrinis,usrinis ,qtt ,ftstamp ,epv,pvmoeda ,tabiva,iva,lordem ,ref, design ,lote,armazem,bistamp ) values ('aut673396492167339f61a7',getdate(),convert(char(8),convert (time,getdate())),getdate(),convert(char(8),convert (time,getdate())),'wsv','wsv',7.000 ,'aut673395847267339f6055' ,0,0 ,2,23.00,180000,?,?,?,?,?)
20241112@183305.7229 fmdh3mb9h529k2qh0lctsah631 Query : use flama_phc
20241112@183305.7232 fmdh3mb9h529k2qh0lctsah631 Query : select st.usalote valor from st where st.ref = '324.1805.00.1'
20241112@183305.7254 fmdh3mb9h529k2qh0lctsah631 Query : select top 1 st.tabiva ,st.ivaincl ,st.stns ,st.uni2 ,st.familia ,isnull(tx.taxa, 0) txiva ,unidade ,usalote ,epcpond ,noserie ,conversao ,st.texteis from st left join taxasiva tx on st.tabiva = tx.codigo where st.ref = '324.1805.00.1'
20241112@183305.7312 fmdh3mb9h529k2qh0lctsah631 Query : select 1 valor from information_schema.tables where table_type='base table' and table_name='wstablefields'
20241112@183305.7340 fmdh3mb9h529k2qh0lctsah631 Query : select fieldkey,fieldname,fieldtype,mandatory from wstablefields where tablename = 'fi' and documentnumber = 39
20241112@183305.7373 fmdh3mb9h529k2qh0lctsah631 Query : select 1 valor from information_schema.tables where table_type='base table' and table_name='wstablefields'
20241112@183305.7390 fmdh3mb9h529k2qh0lctsah631 Query : select fieldkey,fieldname,fieldtype,mandatory from wstablefields where tablename = 'fi2' and documentnumber = 39
20241112@183305.7401 fmdh3mb9h529k2qh0lctsah631 Query : select top 1 convert(numeric(6,2),t.taxa) valor from taxasiva t where t.codigo='2'
20241112@183305.7416 fmdh3mb9h529k2qh0lctsah631 Query : select sestamp valor from se where ref ='324.1805.00.1' and lote = 'r2400291200a'
20241112@183305.7431 fmdh3mb9h529k2qh0lctsah631 Query : select 1 valor from information_schema.tables where table_type='base table' and table_name='wstablefields'
20241112@183305.7446 fmdh3mb9h529k2qh0lctsah631 Query : select fieldkey,fieldname,fieldtype,calcformula from wstablefields where tablename = 'fi2' and documentnumber = 39
20241112@183305.7459 fmdh3mb9h529k2qh0lctsah631 Query : insert into wsfi2data (fi2stamp,ftstamp ,ousrdata, ousrhora, usrdata,usrhora,ousrinis,usrinis) values ('aut673396948567339f61b5','aut673395847267339f6055' ,getdate(),convert(char(8),convert (time,getdate())),getdate(),convert(char(8),convert (time,getdate())),'wsv','wsv')
20241112@183305.7464 fmdh3mb9h529k2qh0lctsah631 Query : select 1 valor from information_schema.tables where table_type='base table' and table_name='wstablefields'
20241112@183305.7482 fmdh3mb9h529k2qh0lctsah631 Query : select fieldkey,fieldname,fieldtype,calcformula from wstablefields where tablename = 'fi' and documentnumber = 39
20241112@183305.7513 fmdh3mb9h529k2qh0lctsah631 Query : insert into wsfidata (fistamp,ousrdata, ousrhora, usrdata,usrhora,ousrinis,usrinis ,qtt ,ftstamp ,epv,pvmoeda ,tabiva,iva,lordem ,ref, design ,lote,armazem,bistamp ) values ('aut673396948567339f61b5',getdate(),convert(char(8),convert (time,getdate())),getdate(),convert(char(8),convert (time,getdate())),'wsv','wsv',1.000 ,'aut673395847267339f6055' ,0,0 ,2,23.00,190000,?,?,?,?,?)
20241112@183305.7780 fmdh3mb9h529k2qh0lctsah631 Query : insert into wsftcreationlog (initialftstamp,externalid,creationstatus,documenttypeid,idustamp) values ('aut673395847267339f6055','2407520','wait',39,'adm09112754980.682000002')
20241112@183305.7869 fmdh3mb9h529k2qh0lctsah631 Query : use flama_phc
20241112@183305.7873 fmdh3mb9h529k2qh0lctsah631 Query : update u_wsusers set rqsttoken =? where userid ='userls001'
20241112@183305.7906 fmdh3mb9h529k2qh0lctsah631 Query : select concat(rtrim(relative_path),ltrim(name_new)) as valor from uploadfiles where uploadfile_id='3276';
20241112@183305.7956 fmdh3mb9h529k2qh0lctsah631 Query : update uploadfiles set whenupdated=current_timestamp where uploadfile_id='3276';
20241112@183305.8044 fmdh3mb9h529k2qh0lctsah631 Query : select concat(rtrim(relative_path),ltrim(name_new)) as valor from uploadfiles where uploadfile_id='3276';
20241112@183305.8095 fmdh3mb9h529k2qh0lctsah631 Query : update uploadfiles set whenupdated=current_timestamp where uploadfile_id='3276';
20241112@183305.8640 s21d2p71ema7rt734cepaiccrb Query : insert into uploadfiles ( name_original, name_new, option_type, relative_path, whencreated ) values ( ?, ?, ?, ?, getdate() )
20241112@183305.8652 s21d2p71ema7rt734cepaiccrb Query : select uploadfile_id valor from uploadfiles where name_new = ? and option_type = ? 
20241112@183305.8736 s21d2p71ema7rt734cepaiccrb Query : select concat(rtrim(relative_path),ltrim(name_new)) as valor from uploadfiles where uploadfile_id='3277';
20241112@183306.1209 s21d2p71ema7rt734cepaiccrb Query : update uploadfiles set whenupdated=current_timestamp where uploadfile_id='3277';
20241112@183306.1295 s21d2p71ema7rt734cepaiccrb Query : select concat(rtrim(relative_path),ltrim(name_new)) as valor from uploadfiles where uploadfile_id='3277';
20241112@183306.1339 s21d2p71ema7rt734cepaiccrb Query : update uploadfiles set whenupdated=current_timestamp where uploadfile_id='3277';
20241112@183306.1407 s21d2p71ema7rt734cepaiccrb Query : use flama_phc
20241112@183306.1410 s21d2p71ema7rt734cepaiccrb Query : select top 1 secretkey valor from u_wsusers u where u.userid = ? and u.inactivo=0
20241112@183306.1494 s21d2p71ema7rt734cepaiccrb Query : use flama_phc
20241112@183306.1511 s21d2p71ema7rt734cepaiccrb Query : select no, estab,szadrsdesc from szadrs where u_coddest=1246
20241112@183306.1575 s21d2p71ema7rt734cepaiccrb Query : select top 1 isnull(design,'') valor from st (nolock) left join stobs (nolock) on st.ref = stobs.ref where st.ref = '324.1329.00.1'
20241112@183306.1622 s21d2p71ema7rt734cepaiccrb Query : select top 1 bistamp valor from bi inner join bo on bo.bostamp=bi.bostamp where bo.ndos =240 and bo.boano =2075 and bo.obrano = 2407521 and bi.ref ='324.1329.00.1' and bi.lordem =1
20241112@183306.2037 s21d2p71ema7rt734cepaiccrb Query : use flama_phc
20241112@183306.2041 s21d2p71ema7rt734cepaiccrb Query : select top 1 convert(date,fdata) valor from ft where ndoc = 39 and anulado= 0 and fno>0 order by fdata desc
20241112@183306.2079 s21d2p71ema7rt734cepaiccrb Query : use flama_phc
20241112@183306.2083 s21d2p71ema7rt734cepaiccrb Query : select top 1 1 valor from td where td.ndoc = 39
20241112@183306.2148 s21d2p71ema7rt734cepaiccrb Query : use flama_phc
20241112@183306.2151 s21d2p71ema7rt734cepaiccrb Query : select lower(descricao) descricao ,case when valor='s' then 1 else 0 end valor from para1 where descricao in ('st_lote','st_usalogifunc', 'st_grelha')
20241112@183306.2184 s21d2p71ema7rt734cepaiccrb Query : select top 1 manternumero ,assinadoc issigned ,tiposaft ,assinaimp ,nmdos ,td.assinadoc ,'cl' origin ,lancasl stocks ,case when cmsl<50 and td.lancasl=1 then 1 else 0 end entrada ,case when cmsl>50 and td.lancasl=1 then 1 else 0 end saida ,temserie assets ,~semgre usegridfields from td inner join td2 on td.tdstamp=td2.td2stamp where td.ndoc = 1
20241112@183306.2226 s21d2p71ema7rt734cepaiccrb Query : use flama_phc
20241112@183306.2230 s21d2p71ema7rt734cepaiccrb Query : select top 1 ~inactivo valor from cl where no = '102355' and estab = 0 order by inactivo desc
20241112@183306.2270 s21d2p71ema7rt734cepaiccrb Query : use flama_phc
20241112@183306.2274 s21d2p71ema7rt734cepaiccrb Query : select top 1 tipodoc,regrd from td where ndoc = 39
20241112@183306.2309 s21d2p71ema7rt734cepaiccrb Query : use flama_phc
20241112@183306.2313 s21d2p71ema7rt734cepaiccrb Query : select szadrsstamp valor from szadrs where szadrsdesc='espaÇotrans,lda'
20241112@183306.2435 s21d2p71ema7rt734cepaiccrb Query : use flama_phc
20241112@183306.2439 s21d2p71ema7rt734cepaiccrb Query : select szadrsstamp valor from szadrs where szadrsdesc='caetano venancio gato carriÇo'
20241112@183306.2499 s21d2p71ema7rt734cepaiccrb Query : use flama_phc
20241112@183306.2502 s21d2p71ema7rt734cepaiccrb Query : select 1 valor from td where ndoc = 39
20241112@183306.2517 s21d2p71ema7rt734cepaiccrb Query : select top 1 manternumero, tiposaft, nmdos,td.assinadoc from td where td.ndoc = 39
20241112@183306.2597 s21d2p71ema7rt734cepaiccrb Query : select 1 valor from information_schema.tables where table_type='base table' and table_name='wstablefields'
20241112@183306.2671 s21d2p71ema7rt734cepaiccrb Query : select fieldkey,fieldname,fieldtype,mandatory from wstablefields where tablename = 'ft' and documentnumber = 39
20241112@183306.2735 s21d2p71ema7rt734cepaiccrb Query : select 1 valor from information_schema.tables where table_type='base table' and table_name='wstablefields'
20241112@183306.2753 s21d2p71ema7rt734cepaiccrb Query : select fieldkey,fieldname,fieldtype,mandatory from wstablefields where tablename = 'ft2' and documentnumber = 39
20241112@183306.2788 s21d2p71ema7rt734cepaiccrb Query : select 1 valor from information_schema.tables where table_type='base table' and table_name='wstablefields'
20241112@183306.2821 s21d2p71ema7rt734cepaiccrb Query : select fieldkey,fieldname,fieldtype,mandatory from wstablefields where tablename = 'ft3' and documentnumber = 39
20241112@183306.2839 s21d2p71ema7rt734cepaiccrb Query : select top 1 ft.fno valor from ft ft where ft.ndoc = 39 and ftano=2024 order by fno desc
20241112@183306.2934 s21d2p71ema7rt734cepaiccrb Query : select top 1 ft.fno valor from wsftdata ft where ft.ndoc = 39 and ftano=2024 order by fno desc
20241112@183306.2952 s21d2p71ema7rt734cepaiccrb Query : select 1 valor from information_schema.tables where table_type='base table' and table_name='wstablefields'
20241112@183306.2976 s21d2p71ema7rt734cepaiccrb Query : select fieldkey,fieldname,fieldtype,calcformula from wstablefields where tablename = 'ft3' and documentnumber = 39
20241112@183306.2994 s21d2p71ema7rt734cepaiccrb Query : insert into wsft3data (ft3stamp, ousrdata, ousrhora, usrdata,usrhora,ousrinis,usrinis,taxpointdt ) values ('aut673397692767339f6245' ,getdate(),convert(char(8),convert (time,getdate())),getdate(),convert(char(8),convert (time,getdate())),'wsv','wsv',?)
20241112@183306.3194 s21d2p71ema7rt734cepaiccrb Query : select 1 valor from information_schema.tables where table_type='base table' and table_name='wstablefields'
20241112@183306.3215 s21d2p71ema7rt734cepaiccrb Query : select fieldkey,fieldname,fieldtype,calcformula from wstablefields where tablename = 'ft2' and documentnumber = 39
20241112@183306.3253 s21d2p71ema7rt734cepaiccrb Query : select top 1 bo.u_nomeenv valor from bo where bo.bostamp=''
20241112@183306.3297 s21d2p71ema7rt734cepaiccrb Query : select top 1 bo.u_moradaen valor from bo where bo.bostamp=''
20241112@183306.3314 s21d2p71ema7rt734cepaiccrb Query : select top 1 bo.u_codposen valor from bo where bo.bostamp=''
20241112@183306.3336 s21d2p71ema7rt734cepaiccrb Query : select top 1 bo.u_localenv valor from bo where bo.bostamp=''
20241112@183306.3352 s21d2p71ema7rt734cepaiccrb Query : select top 1 bo.trab5 valor from bo where bo.bostamp=''
20241112@183306.3366 s21d2p71ema7rt734cepaiccrb Query : select top 1 bo.serie valor from bo where bo.bostamp=''
20241112@183306.3380 s21d2p71ema7rt734cepaiccrb Query : insert into wsft2data (ft2stamp, ousrdata,ousrhora, usrdata,usrhora,ousrinis,usrinis,u_nomeenv ,u_moradaen ,u_codposen ,u_localenv ,u_coddest ,u_codby ) values ('aut673397692767339f6245',getdate(),convert(char(8),convert (time,getdate())),getdate(),convert(char(8),convert (time,getdate())),'wsv','wsv',?,?,?,?,?,?)
20241112@183306.3670 s21d2p71ema7rt734cepaiccrb Query : select top 1 fno valor from wsftdata order by fno desc
20241112@183306.3700 s21d2p71ema7rt734cepaiccrb Query : select 1 valor from information_schema.tables where table_type='base table' and table_name='wstablefields'
20241112@183306.3723 s21d2p71ema7rt734cepaiccrb Query : select fieldkey,fieldname,fieldtype,calcformula from wstablefields where tablename = 'ft' and documentnumber = 39
20241112@183306.3749 s21d2p71ema7rt734cepaiccrb Query : select 'normal' from dummy
20241112@183306.3768 s21d2p71ema7rt734cepaiccrb Query : insert into wsftdata (ftstamp, ousrdata,ousrhora, usrdata,usrhora,ousrinis,usrinis,fno,no,estab,fdata,ndoc,moeda,cambio,cambiofixo,ftano,site ,classe ) values ('aut673397692767339f6245',getdate(),convert(char(8),convert (time,getdate())),getdate(),convert(char(8),convert (time,getdate())),'wsv','wsv',1836,102355,0,'2024-11-12',39,'euro',0,0,2024 ,?,?)
20241112@183306.4099 s21d2p71ema7rt734cepaiccrb Query : use flama_phc
20241112@183306.4104 s21d2p71ema7rt734cepaiccrb Query : select st.usalote valor from st where st.ref = '324.1329.00.1'
20241112@183306.4128 s21d2p71ema7rt734cepaiccrb Query : select top 1 st.tabiva ,st.ivaincl ,st.stns ,st.uni2 ,st.familia ,isnull(tx.taxa, 0) txiva ,unidade ,usalote ,epcpond ,noserie ,conversao ,st.texteis from st left join taxasiva tx on st.tabiva = tx.codigo where st.ref = '324.1329.00.1'
20241112@183306.4195 s21d2p71ema7rt734cepaiccrb Query : select 1 valor from information_schema.tables where table_type='base table' and table_name='wstablefields'
20241112@183306.4217 s21d2p71ema7rt734cepaiccrb Query : select fieldkey,fieldname,fieldtype,mandatory from wstablefields where tablename = 'fi' and documentnumber = 39
20241112@183306.4260 s21d2p71ema7rt734cepaiccrb Query : select 1 valor from information_schema.tables where table_type='base table' and table_name='wstablefields'
20241112@183306.4279 s21d2p71ema7rt734cepaiccrb Query : select fieldkey,fieldname,fieldtype,mandatory from wstablefields where tablename = 'fi2' and documentnumber = 39
20241112@183306.4291 s21d2p71ema7rt734cepaiccrb Query : select top 1 convert(numeric(6,2),t.taxa) valor from taxasiva t where t.codigo='2'
20241112@183306.4307 s21d2p71ema7rt734cepaiccrb Query : select sestamp valor from se where ref ='324.1329.00.1' and lote = 'r2400496300a'
20241112@183306.4325 s21d2p71ema7rt734cepaiccrb Query : select 1 valor from information_schema.tables where table_type='base table' and table_name='wstablefields'
20241112@183306.4343 s21d2p71ema7rt734cepaiccrb Query : select fieldkey,fieldname,fieldtype,calcformula from wstablefields where tablename = 'fi2' and documentnumber = 39
20241112@183306.4359 s21d2p71ema7rt734cepaiccrb Query : insert into wsfi2data (fi2stamp,ftstamp ,ousrdata, ousrhora, usrdata,usrhora,ousrinis,usrinis) values ('aut673398217867339f6269','aut673397692767339f6245' ,getdate(),convert(char(8),convert (time,getdate())),getdate(),convert(char(8),convert (time,getdate())),'wsv','wsv')
20241112@183306.4365 s21d2p71ema7rt734cepaiccrb Query : select 1 valor from information_schema.tables where table_type='base table' and table_name='wstablefields'
20241112@183306.4382 s21d2p71ema7rt734cepaiccrb Query : select fieldkey,fieldname,fieldtype,calcformula from wstablefields where tablename = 'fi' and documentnumber = 39
20241112@183306.4414 s21d2p71ema7rt734cepaiccrb Query : insert into wsfidata (fistamp,ousrdata, ousrhora, usrdata,usrhora,ousrinis,usrinis ,qtt ,ftstamp ,epv,pvmoeda ,tabiva,iva,lordem ,ref, design ,lote,armazem,bistamp ) values ('aut673398217867339f6269',getdate(),convert(char(8),convert (time,getdate())),getdate(),convert(char(8),convert (time,getdate())),'wsv','wsv',1.000 ,'aut673397692767339f6245' ,0,0 ,2,23.00,10000,?,?,?,?,?)
20241112@183306.4672 s21d2p71ema7rt734cepaiccrb Query : insert into wsftcreationlog (initialftstamp,externalid,creationstatus,documenttypeid,idustamp) values ('aut673397692767339f6245','2407521','wait',39,'adm09112754980.682000002')
20241112@183306.4756 s21d2p71ema7rt734cepaiccrb Query : use flama_phc
20241112@183306.4759 s21d2p71ema7rt734cepaiccrb Query : update u_wsusers set rqsttoken =? where userid ='userls001'
20241112@183306.4796 s21d2p71ema7rt734cepaiccrb Query : select concat(rtrim(relative_path),ltrim(name_new)) as valor from uploadfiles where uploadfile_id='3277';
20241112@183306.4835 s21d2p71ema7rt734cepaiccrb Query : update uploadfiles set whenupdated=current_timestamp where uploadfile_id='3277';
20241112@183306.4888 s21d2p71ema7rt734cepaiccrb Query : select concat(rtrim(relative_path),ltrim(name_new)) as valor from uploadfiles where uploadfile_id='3277';
20241112@183306.4922 s21d2p71ema7rt734cepaiccrb Query : update uploadfiles set whenupdated=current_timestamp where uploadfile_id='3277';
20241112@183306.6696 uqqd1eucivjs7sr3noa8edl5ee Query : insert into uploadfiles ( name_original, name_new, option_type, relative_path, whencreated ) values ( ?, ?, ?, ?, getdate() )
20241112@183306.6778 uqqd1eucivjs7sr3noa8edl5ee Query : select uploadfile_id valor from uploadfiles where name_new = ? and option_type = ? 
20241112@183306.7262 uqqd1eucivjs7sr3noa8edl5ee Query : select concat(rtrim(relative_path),ltrim(name_new)) as valor from uploadfiles where uploadfile_id='3278';
20241112@183306.7644 uqqd1eucivjs7sr3noa8edl5ee Query : update uploadfiles set whenupdated=current_timestamp where uploadfile_id='3278';
20241112@183306.8001 uqqd1eucivjs7sr3noa8edl5ee Query : select concat(rtrim(relative_path),ltrim(name_new)) as valor from uploadfiles where uploadfile_id='3278';
20241112@183306.8314 uqqd1eucivjs7sr3noa8edl5ee Query : update uploadfiles set whenupdated=current_timestamp where uploadfile_id='3278';
20241112@183306.8828 uqqd1eucivjs7sr3noa8edl5ee Query : use flama_phc
20241112@183306.8870 uqqd1eucivjs7sr3noa8edl5ee Query : select top 1 secretkey valor from u_wsusers u where u.userid = ? and u.inactivo=0
20241112@183306.9770 uqqd1eucivjs7sr3noa8edl5ee Query : use flama_phc
20241112@183306.9813 uqqd1eucivjs7sr3noa8edl5ee Query : select no, estab,szadrsdesc from szadrs where u_coddest=2138
20241112@183307.2120 uqqd1eucivjs7sr3noa8edl5ee Query : select top 1 isnull(design,'') valor from st (nolock) left join stobs (nolock) on st.ref = stobs.ref where st.ref = '324.1834.00.1'
20241112@183307.8210 uqqd1eucivjs7sr3noa8edl5ee Query : select top 1 bistamp valor from bi inner join bo on bo.bostamp=bi.bostamp where bo.ndos =240 and bo.boano =2075 and bo.obrano = 2407524 and bi.ref ='324.1834.00.1' and bi.lordem =1
20241112@183307.1740 uqqd1eucivjs7sr3noa8edl5ee Query : select top 1 isnull(design,'') valor from st (nolock) left join stobs (nolock) on st.ref = stobs.ref where st.ref = '324.1406.00.1'
20241112@183307.2297 uqqd1eucivjs7sr3noa8edl5ee Query : select top 1 bistamp valor from bi inner join bo on bo.bostamp=bi.bostamp where bo.ndos =240 and bo.boano =2075 and bo.obrano = 2407524 and bi.ref ='324.1406.00.1' and bi.lordem =2
20241112@183307.3143 uqqd1eucivjs7sr3noa8edl5ee Query : select top 1 isnull(design,'') valor from st (nolock) left join stobs (nolock) on st.ref = stobs.ref where st.ref = '324.2066.00.1'
20241112@183307.3713 uqqd1eucivjs7sr3noa8edl5ee Query : select top 1 bistamp valor from bi inner join bo on bo.bostamp=bi.bostamp where bo.ndos =240 and bo.boano =2075 and bo.obrano = 2407524 and bi.ref ='324.2066.00.1' and bi.lordem =3
20241112@183307.4540 uqqd1eucivjs7sr3noa8edl5ee Query : select top 1 isnull(design,'') valor from st (nolock) left join stobs (nolock) on st.ref = stobs.ref where st.ref = '324.2028.00.2'
20241112@183307.5073 uqqd1eucivjs7sr3noa8edl5ee Query : select top 1 bistamp valor from bi inner join bo on bo.bostamp=bi.bostamp where bo.ndos =240 and bo.boano =2075 and bo.obrano = 2407524 and bi.ref ='324.2028.00.2' and bi.lordem =4
20241112@183307.6169 uqqd1eucivjs7sr3noa8edl5ee Query : select top 1 isnull(design,'') valor from st (nolock) left join stobs (nolock) on st.ref = stobs.ref where st.ref = '324.4960.00.1'
20241112@183307.7443 uqqd1eucivjs7sr3noa8edl5ee Query : select top 1 bistamp valor from bi inner join bo on bo.bostamp=bi.bostamp where bo.ndos =240 and bo.boano =2075 and bo.obrano = 2407524 and bi.ref ='324.4960.00.1' and bi.lordem =5
20241112@183307.9147 uqqd1eucivjs7sr3noa8edl5ee Query : select top 1 isnull(design,'') valor from st (nolock) left join stobs (nolock) on st.ref = stobs.ref where st.ref = '324.2041.00.1'
20241112@183308.5920 uqqd1eucivjs7sr3noa8edl5ee Query : select top 1 bistamp valor from bi inner join bo on bo.bostamp=bi.bostamp where bo.ndos =240 and bo.boano =2075 and bo.obrano = 2407524 and bi.ref ='324.2041.00.1' and bi.lordem =6
20241112@183308.2729 uqqd1eucivjs7sr3noa8edl5ee Query : select top 1 isnull(design,'') valor from st (nolock) left join stobs (nolock) on st.ref = stobs.ref where st.ref = '324.1646.00.1'
20241112@183308.3486 uqqd1eucivjs7sr3noa8edl5ee Query : select top 1 bistamp valor from bi inner join bo on bo.bostamp=bi.bostamp where bo.ndos =240 and bo.boano =2075 and bo.obrano = 2407524 and bi.ref ='324.1646.00.1' and bi.lordem =7
20241112@183308.4773 uqqd1eucivjs7sr3noa8edl5ee Query : select top 1 isnull(design,'') valor from st (nolock) left join stobs (nolock) on st.ref = stobs.ref where st.ref = '324.2160.00.1'
20241112@183308.6025 uqqd1eucivjs7sr3noa8edl5ee Query : select top 1 bistamp valor from bi inner join bo on bo.bostamp=bi.bostamp where bo.ndos =240 and bo.boano =2075 and bo.obrano = 2407524 and bi.ref ='324.2160.00.1' and bi.lordem =8
20241112@183308.7730 uqqd1eucivjs7sr3noa8edl5ee Query : select top 1 isnull(design,'') valor from st (nolock) left join stobs (nolock) on st.ref = stobs.ref where st.ref = '324.1832.00.2'
20241112@183308.8761 uqqd1eucivjs7sr3noa8edl5ee Query : select top 1 bistamp valor from bi inner join bo on bo.bostamp=bi.bostamp where bo.ndos =240 and bo.boano =2075 and bo.obrano = 2407524 and bi.ref ='324.1832.00.2' and bi.lordem =9
20241112@183309.4780 uqqd1eucivjs7sr3noa8edl5ee Query : select top 1 isnull(design,'') valor from st (nolock) left join stobs (nolock) on st.ref = stobs.ref where st.ref = '324.1832.00.2'
20241112@183309.1017 uqqd1eucivjs7sr3noa8edl5ee Query : select top 1 bistamp valor from bi inner join bo on bo.bostamp=bi.bostamp where bo.ndos =240 and bo.boano =2075 and bo.obrano = 2407524 and bi.ref ='324.1832.00.2' and bi.lordem =9
20241112@183309.1395 uqqd1eucivjs7sr3noa8edl5ee Query : select top 1 isnull(design,'') valor from st (nolock) left join stobs (nolock) on st.ref = stobs.ref where st.ref = '324.1833.00.2'
20241112@183309.2604 uqqd1eucivjs7sr3noa8edl5ee Query : select top 1 bistamp valor from bi inner join bo on bo.bostamp=bi.bostamp where bo.ndos =240 and bo.boano =2075 and bo.obrano = 2407524 and bi.ref ='324.1833.00.2' and bi.lordem =10
20241112@183309.3957 uqqd1eucivjs7sr3noa8edl5ee Query : select top 1 isnull(design,'') valor from st (nolock) left join stobs (nolock) on st.ref = stobs.ref where st.ref = '324.945.00.01'
20241112@183309.4983 uqqd1eucivjs7sr3noa8edl5ee Query : select top 1 bistamp valor from bi inner join bo on bo.bostamp=bi.bostamp where bo.ndos =240 and bo.boano =2075 and bo.obrano = 2407524 and bi.ref ='324.945.00.01' and bi.lordem =11
20241112@183309.7005 uqqd1eucivjs7sr3noa8edl5ee Query : select top 1 isnull(design,'') valor from st (nolock) left join stobs (nolock) on st.ref = stobs.ref where st.ref = '324.946.00.01'
20241112@183309.8504 uqqd1eucivjs7sr3noa8edl5ee Query : select top 1 bistamp valor from bi inner join bo on bo.bostamp=bi.bostamp where bo.ndos =240 and bo.boano =2075 and bo.obrano = 2407524 and bi.ref ='324.946.00.01' and bi.lordem =12
20241112@183309.9744 uqqd1eucivjs7sr3noa8edl5ee Query : select top 1 isnull(design,'') valor from st (nolock) left join stobs (nolock) on st.ref = stobs.ref where st.ref = '324.675.00.01'
20241112@183310.7990 uqqd1eucivjs7sr3noa8edl5ee Query : select top 1 bistamp valor from bi inner join bo on bo.bostamp=bi.bostamp where bo.ndos =240 and bo.boano =2075 and bo.obrano = 2407524 and bi.ref ='324.675.00.01' and bi.lordem =13
20241112@183310.2111 uqqd1eucivjs7sr3noa8edl5ee Query : select top 1 isnull(design,'') valor from st (nolock) left join stobs (nolock) on st.ref = stobs.ref where st.ref = '324.675.00.01'
20241112@183310.2645 uqqd1eucivjs7sr3noa8edl5ee Query : select top 1 bistamp valor from bi inner join bo on bo.bostamp=bi.bostamp where bo.ndos =240 and bo.boano =2075 and bo.obrano = 2407524 and bi.ref ='324.675.00.01' and bi.lordem =13
20241112@183310.3074 uqqd1eucivjs7sr3noa8edl5ee Query : select top 1 isnull(design,'') valor from st (nolock) left join stobs (nolock) on st.ref = stobs.ref where st.ref = '324.729.00.01'
20241112@183310.4364 uqqd1eucivjs7sr3noa8edl5ee Query : select top 1 bistamp valor from bi inner join bo on bo.bostamp=bi.bostamp where bo.ndos =240 and bo.boano =2075 and bo.obrano = 2407524 and bi.ref ='324.729.00.01' and bi.lordem =14
20241112@183310.5642 uqqd1eucivjs7sr3noa8edl5ee Query : use flama_phc
20241112@183310.5724 uqqd1eucivjs7sr3noa8edl5ee Query : select top 1 convert(date,fdata) valor from ft where ndoc = 39 and anulado= 0 and fno>0 order by fdata desc
20241112@183310.6945 uqqd1eucivjs7sr3noa8edl5ee Query : use flama_phc
20241112@183310.7190 uqqd1eucivjs7sr3noa8edl5ee Query : select top 1 1 valor from td where td.ndoc = 39
20241112@183310.8228 uqqd1eucivjs7sr3noa8edl5ee Query : use flama_phc
20241112@183310.8391 uqqd1eucivjs7sr3noa8edl5ee Query : select lower(descricao) descricao ,case when valor='s' then 1 else 0 end valor from para1 where descricao in ('st_lote','st_usalogifunc', 'st_grelha')
20241112@183310.9842 uqqd1eucivjs7sr3noa8edl5ee Query : select top 1 manternumero ,assinadoc issigned ,tiposaft ,assinaimp ,nmdos ,td.assinadoc ,'cl' origin ,lancasl stocks ,case when cmsl<50 and td.lancasl=1 then 1 else 0 end entrada ,case when cmsl>50 and td.lancasl=1 then 1 else 0 end saida ,temserie assets ,~semgre usegridfields from td inner join td2 on td.tdstamp=td2.td2stamp where td.ndoc = 1
20241112@183311.9300 uqqd1eucivjs7sr3noa8edl5ee Query : use flama_phc
20241112@183311.1058 uqqd1eucivjs7sr3noa8edl5ee Query : select top 1 ~inactivo valor from cl where no = '100404' and estab = 0 order by inactivo desc
20241112@183311.2319 uqqd1eucivjs7sr3noa8edl5ee Query : use flama_phc
20241112@183311.2404 uqqd1eucivjs7sr3noa8edl5ee Query : select top 1 tipodoc,regrd from td where ndoc = 39
20241112@183311.3887 uqqd1eucivjs7sr3noa8edl5ee Query : use flama_phc
20241112@183311.3973 uqqd1eucivjs7sr3noa8edl5ee Query : select szadrsstamp valor from szadrs where szadrsdesc='espaÇotrans,lda'
20241112@183311.5005 uqqd1eucivjs7sr3noa8edl5ee Query : use flama_phc
20241112@183311.5088 uqqd1eucivjs7sr3noa8edl5ee Query : select szadrsstamp valor from szadrs where szadrsdesc='bitranlis, agentes transitára'
20241112@183311.6673 uqqd1eucivjs7sr3noa8edl5ee Query : use flama_phc
20241112@183311.6758 uqqd1eucivjs7sr3noa8edl5ee Query : select 1 valor from td where ndoc = 39
20241112@183311.7585 uqqd1eucivjs7sr3noa8edl5ee Query : select top 1 manternumero, tiposaft, nmdos,td.assinadoc from td where td.ndoc = 39
20241112@183311.8584 uqqd1eucivjs7sr3noa8edl5ee Query : select 1 valor from information_schema.tables where table_type='base table' and table_name='wstablefields'
20241112@183311.9329 uqqd1eucivjs7sr3noa8edl5ee Query : select fieldkey,fieldname,fieldtype,mandatory from wstablefields where tablename = 'ft' and documentnumber = 39
20241112@183312.1620 uqqd1eucivjs7sr3noa8edl5ee Query : select 1 valor from information_schema.tables where table_type='base table' and table_name='wstablefields'
20241112@183312.6860 uqqd1eucivjs7sr3noa8edl5ee Query : select fieldkey,fieldname,fieldtype,mandatory from wstablefields where tablename = 'ft2' and documentnumber = 39
20241112@183312.2447 uqqd1eucivjs7sr3noa8edl5ee Query : select 1 valor from information_schema.tables where table_type='base table' and table_name='wstablefields'
20241112@183312.4323 uqqd1eucivjs7sr3noa8edl5ee Query : select fieldkey,fieldname,fieldtype,mandatory from wstablefields where tablename = 'ft3' and documentnumber = 39
20241112@183312.4855 uqqd1eucivjs7sr3noa8edl5ee Query : select top 1 ft.fno valor from ft ft where ft.ndoc = 39 and ftano=2024 order by fno desc
20241112@183312.5849 uqqd1eucivjs7sr3noa8edl5ee Query : select top 1 ft.fno valor from wsftdata ft where ft.ndoc = 39 and ftano=2024 order by fno desc
20241112@183312.6424 uqqd1eucivjs7sr3noa8edl5ee Query : select 1 valor from information_schema.tables where table_type='base table' and table_name='wstablefields'
20241112@183312.7062 uqqd1eucivjs7sr3noa8edl5ee Query : select fieldkey,fieldname,fieldtype,calcformula from wstablefields where tablename = 'ft3' and documentnumber = 39
20241112@183312.7981 uqqd1eucivjs7sr3noa8edl5ee Query : insert into wsft3data (ft3stamp, ousrdata, ousrhora, usrdata,usrhora,ousrinis,usrinis,taxpointdt ) values ('aut673392118167339f6876' ,getdate(),convert(char(8),convert (time,getdate())),getdate(),convert(char(8),convert (time,getdate())),'wsv','wsv',?)
20241112@183312.8706 uqqd1eucivjs7sr3noa8edl5ee Query : select 1 valor from information_schema.tables where table_type='base table' and table_name='wstablefields'
20241112@183312.9247 uqqd1eucivjs7sr3noa8edl5ee Query : select fieldkey,fieldname,fieldtype,calcformula from wstablefields where tablename = 'ft2' and documentnumber = 39
20241112@183313.1062 uqqd1eucivjs7sr3noa8edl5ee Query : select top 1 bo.u_nomeenv valor from bo where bo.bostamp=''
20241112@183313.1898 uqqd1eucivjs7sr3noa8edl5ee Query : select top 1 bo.u_moradaen valor from bo where bo.bostamp=''
20241112@183313.2542 uqqd1eucivjs7sr3noa8edl5ee Query : select top 1 bo.u_codposen valor from bo where bo.bostamp=''
20241112@183313.3228 uqqd1eucivjs7sr3noa8edl5ee Query : select top 1 bo.u_localenv valor from bo where bo.bostamp=''
20241112@183313.3706 uqqd1eucivjs7sr3noa8edl5ee Query : select top 1 bo.trab5 valor from bo where bo.bostamp=''
20241112@183313.4275 uqqd1eucivjs7sr3noa8edl5ee Query : select top 1 bo.serie valor from bo where bo.bostamp=''
20241112@183313.4696 uqqd1eucivjs7sr3noa8edl5ee Query : insert into wsft2data (ft2stamp, ousrdata,ousrhora, usrdata,usrhora,ousrinis,usrinis,u_nomeenv ,u_moradaen ,u_codposen ,u_localenv ,u_coddest ,u_codby ) values ('aut673392118167339f6876',getdate(),convert(char(8),convert (time,getdate())),getdate(),convert(char(8),convert (time,getdate())),'wsv','wsv',?,?,?,?,?,?)
20241112@183313.5664 uqqd1eucivjs7sr3noa8edl5ee Query : select top 1 fno valor from wsftdata order by fno desc
20241112@183313.6262 uqqd1eucivjs7sr3noa8edl5ee Query : select 1 valor from information_schema.tables where table_type='base table' and table_name='wstablefields'
20241112@183313.6758 uqqd1eucivjs7sr3noa8edl5ee Query : select fieldkey,fieldname,fieldtype,calcformula from wstablefields where tablename = 'ft' and documentnumber = 39
20241112@183313.7832 uqqd1eucivjs7sr3noa8edl5ee Query : select 'normal' from dummy
20241112@183313.8407 uqqd1eucivjs7sr3noa8edl5ee Query : insert into wsftdata (ftstamp, ousrdata,ousrhora, usrdata,usrhora,ousrinis,usrinis,fno,no,estab,fdata,ndoc,moeda,cambio,cambiofixo,ftano,site ,classe ) values ('aut673392118167339f6876',getdate(),convert(char(8),convert (time,getdate())),getdate(),convert(char(8),convert (time,getdate())),'wsv','wsv',1837,100404,0,'2024-11-12',39,'euro',0,0,2024 ,?,?)
20241112@183313.9707 uqqd1eucivjs7sr3noa8edl5ee Query : use flama_phc
20241112@183313.9790 uqqd1eucivjs7sr3noa8edl5ee Query : select st.usalote valor from st where st.ref = '324.1834.00.1'
20241112@183314.5430 uqqd1eucivjs7sr3noa8edl5ee Query : select top 1 st.tabiva ,st.ivaincl ,st.stns ,st.uni2 ,st.familia ,isnull(tx.taxa, 0) txiva ,unidade ,usalote ,epcpond ,noserie ,conversao ,st.texteis from st left join taxasiva tx on st.tabiva = tx.codigo where st.ref = '324.1834.00.1'
20241112@183314.1655 uqqd1eucivjs7sr3noa8edl5ee Query : select 1 valor from information_schema.tables where table_type='base table' and table_name='wstablefields'
20241112@183314.2162 uqqd1eucivjs7sr3noa8edl5ee Query : select fieldkey,fieldname,fieldtype,mandatory from wstablefields where tablename = 'fi' and documentnumber = 39
20241112@183314.3945 uqqd1eucivjs7sr3noa8edl5ee Query : select 1 valor from information_schema.tables where table_type='base table' and table_name='wstablefields'
20241112@183314.5059 uqqd1eucivjs7sr3noa8edl5ee Query : select fieldkey,fieldname,fieldtype,mandatory from wstablefields where tablename = 'fi2' and documentnumber = 39
20241112@183314.5401 uqqd1eucivjs7sr3noa8edl5ee Query : select top 1 convert(numeric(6,2),t.taxa) valor from taxasiva t where t.codigo='2'
20241112@183314.6666 uqqd1eucivjs7sr3noa8edl5ee Query : select sestamp valor from se where ref ='324.1834.00.1' and lote = 'r2400214200a'
20241112@183314.7229 uqqd1eucivjs7sr3noa8edl5ee Query : select 1 valor from information_schema.tables where table_type='base table' and table_name='wstablefields'
20241112@183314.7736 uqqd1eucivjs7sr3noa8edl5ee Query : select fieldkey,fieldname,fieldtype,calcformula from wstablefields where tablename = 'fi2' and documentnumber = 39
20241112@183314.8353 uqqd1eucivjs7sr3noa8edl5ee Query : insert into wsfi2data (fi2stamp,ftstamp ,ousrdata, ousrhora, usrdata,usrhora,ousrinis,usrinis) values ('aut673392020367339f6ab0','aut673392118167339f6876' ,getdate(),convert(char(8),convert (time,getdate())),getdate(),convert(char(8),convert (time,getdate())),'wsv','wsv')
20241112@183314.8440 uqqd1eucivjs7sr3noa8edl5ee Query : select 1 valor from information_schema.tables where table_type='base table' and table_name='wstablefields'
20241112@183314.9341 uqqd1eucivjs7sr3noa8edl5ee Query : select fieldkey,fieldname,fieldtype,calcformula from wstablefields where tablename = 'fi' and documentnumber = 39
20241112@183315.1402 uqqd1eucivjs7sr3noa8edl5ee Query : insert into wsfidata (fistamp,ousrdata, ousrhora, usrdata,usrhora,ousrinis,usrinis ,qtt ,ftstamp ,epv,pvmoeda ,tabiva,iva,lordem ,ref, design ,lote,armazem,bistamp ) values ('aut673392020367339f6ab0',getdate(),convert(char(8),convert (time,getdate())),getdate(),convert(char(8),convert (time,getdate())),'wsv','wsv',2.000 ,'aut673392118167339f6876' ,0,0 ,2,23.00,10000,?,?,?,?,?)
20241112@183315.2809 uqqd1eucivjs7sr3noa8edl5ee Query : select 1 valor from information_schema.tables where table_type='base table' and table_name='wstablefields'
20241112@183315.3558 uqqd1eucivjs7sr3noa8edl5ee Query : select fieldkey,fieldname,fieldtype,mandatory from wstablefields where tablename = 'fi' and documentnumber = 39
20241112@183315.5344 uqqd1eucivjs7sr3noa8edl5ee Query : select 1 valor from information_schema.tables where table_type='base table' and table_name='wstablefields'
20241112@183315.5840 uqqd1eucivjs7sr3noa8edl5ee Query : select fieldkey,fieldname,fieldtype,mandatory from wstablefields where tablename = 'fi2' and documentnumber = 39
20241112@183315.6168 uqqd1eucivjs7sr3noa8edl5ee Query : select top 1 convert(numeric(6,2),t.taxa) valor from taxasiva t where t.codigo='2'
20241112@183315.6670 uqqd1eucivjs7sr3noa8edl5ee Query : select 1 valor from information_schema.tables where table_type='base table' and table_name='wstablefields'
20241112@183315.7167 uqqd1eucivjs7sr3noa8edl5ee Query : select fieldkey,fieldname,fieldtype,calcformula from wstablefields where tablename = 'fi2' and documentnumber = 39
20241112@183315.7916 uqqd1eucivjs7sr3noa8edl5ee Query : insert into wsfi2data (fi2stamp,ftstamp ,ousrdata, ousrhora, usrdata,usrhora,ousrinis,usrinis) values ('aut673392848067339f6ba2','aut673392118167339f6876' ,getdate(),convert(char(8),convert (time,getdate())),getdate(),convert(char(8),convert (time,getdate())),'wsv','wsv')
20241112@183315.8000 uqqd1eucivjs7sr3noa8edl5ee Query : select 1 valor from information_schema.tables where table_type='base table' and table_name='wstablefields'
20241112@183315.8746 uqqd1eucivjs7sr3noa8edl5ee Query : select fieldkey,fieldname,fieldtype,calcformula from wstablefields where tablename = 'fi' and documentnumber = 39
20241112@183316.2840 uqqd1eucivjs7sr3noa8edl5ee Query : insert into wsfidata (fistamp,ousrdata, ousrhora, usrdata,usrhora,ousrinis,usrinis ,qtt ,ftstamp ,epv,pvmoeda ,tabiva,iva,lordem ,ref, design ,armazem) values ('aut673392848067339f6ba2',getdate(),convert(char(8),convert (time,getdate())),getdate(),convert(char(8),convert (time,getdate())),'wsv','wsv',0 ,'aut673392118167339f6876' ,0,0 ,2,23.00,20000,?,?,?)
20241112@183316.1355 uqqd1eucivjs7sr3noa8edl5ee Query : use flama_phc
20241112@183316.1438 uqqd1eucivjs7sr3noa8edl5ee Query : select st.usalote valor from st where st.ref = '324.1406.00.1'
20241112@183316.2240 uqqd1eucivjs7sr3noa8edl5ee Query : select top 1 st.tabiva ,st.ivaincl ,st.stns ,st.uni2 ,st.familia ,isnull(tx.taxa, 0) txiva ,unidade ,usalote ,epcpond ,noserie ,conversao ,st.texteis from st left join taxasiva tx on st.tabiva = tx.codigo where st.ref = '324.1406.00.1'
20241112@183316.3596 uqqd1eucivjs7sr3noa8edl5ee Query : select 1 valor from information_schema.tables where table_type='base table' and table_name='wstablefields'
20241112@183316.4142 uqqd1eucivjs7sr3noa8edl5ee Query : select fieldkey,fieldname,fieldtype,mandatory from wstablefields where tablename = 'fi' and documentnumber = 39
20241112@183316.5960 uqqd1eucivjs7sr3noa8edl5ee Query : select 1 valor from information_schema.tables where table_type='base table' and table_name='wstablefields'
20241112@183316.6516 uqqd1eucivjs7sr3noa8edl5ee Query : select fieldkey,fieldname,fieldtype,mandatory from wstablefields where tablename = 'fi2' and documentnumber = 39
20241112@183316.7026 uqqd1eucivjs7sr3noa8edl5ee Query : select top 1 convert(numeric(6,2),t.taxa) valor from taxasiva t where t.codigo='2'
20241112@183316.7580 uqqd1eucivjs7sr3noa8edl5ee Query : select sestamp valor from se where ref ='324.1406.00.1' and lote = 'r2400744200a'
20241112@183316.8074 uqqd1eucivjs7sr3noa8edl5ee Query : select 1 valor from information_schema.tables where table_type='base table' and table_name='wstablefields'
20241112@183316.8577 uqqd1eucivjs7sr3noa8edl5ee Query : select fieldkey,fieldname,fieldtype,calcformula from wstablefields where tablename = 'fi2' and documentnumber = 39
20241112@183316.9047 uqqd1eucivjs7sr3noa8edl5ee Query : insert into wsfi2data (fi2stamp,ftstamp ,ousrdata, ousrhora, usrdata,usrhora,ousrinis,usrinis) values ('aut673392415667339f6cc5','aut673392118167339f6876' ,getdate(),convert(char(8),convert (time,getdate())),getdate(),convert(char(8),convert (time,getdate())),'wsv','wsv')
20241112@183316.9136 uqqd1eucivjs7sr3noa8edl5ee Query : select 1 valor from information_schema.tables where table_type='base table' and table_name='wstablefields'
20241112@183316.9692 uqqd1eucivjs7sr3noa8edl5ee Query : select fieldkey,fieldname,fieldtype,calcformula from wstablefields where tablename = 'fi' and documentnumber = 39
20241112@183317.1174 uqqd1eucivjs7sr3noa8edl5ee Query : insert into wsfidata (fistamp,ousrdata, ousrhora, usrdata,usrhora,ousrinis,usrinis ,qtt ,ftstamp ,epv,pvmoeda ,tabiva,iva,lordem ,ref, design ,lote,armazem,bistamp ) values ('aut673392415667339f6cc5',getdate(),convert(char(8),convert (time,getdate())),getdate(),convert(char(8),convert (time,getdate())),'wsv','wsv',6.000 ,'aut673392118167339f6876' ,0,0 ,2,23.00,40000,?,?,?,?,?)
20241112@183317.2423 uqqd1eucivjs7sr3noa8edl5ee Query : use flama_phc
20241112@183317.2631 uqqd1eucivjs7sr3noa8edl5ee Query : select st.usalote valor from st where st.ref = '324.2066.00.1'
20241112@183317.5258 uqqd1eucivjs7sr3noa8edl5ee Query : select top 1 st.tabiva ,st.ivaincl ,st.stns ,st.uni2 ,st.familia ,isnull(tx.taxa, 0) txiva ,unidade ,usalote ,epcpond ,noserie ,conversao ,st.texteis from st left join taxasiva tx on st.tabiva = tx.codigo where st.ref = '324.2066.00.1'
20241112@183317.6840 uqqd1eucivjs7sr3noa8edl5ee Query : select 1 valor from information_schema.tables where table_type='base table' and table_name='wstablefields'
20241112@183317.7548 uqqd1eucivjs7sr3noa8edl5ee Query : select fieldkey,fieldname,fieldtype,mandatory from wstablefields where tablename = 'fi' and documentnumber = 39
20241112@183317.9181 uqqd1eucivjs7sr3noa8edl5ee Query : select 1 valor from information_schema.tables where table_type='base table' and table_name='wstablefields'
20241112@183317.9965 uqqd1eucivjs7sr3noa8edl5ee Query : select fieldkey,fieldname,fieldtype,mandatory from wstablefields where tablename = 'fi2' and documentnumber = 39
20241112@183318.2290 uqqd1eucivjs7sr3noa8edl5ee Query : select top 1 convert(numeric(6,2),t.taxa) valor from taxasiva t where t.codigo='2'
20241112@183318.1100 uqqd1eucivjs7sr3noa8edl5ee Query : select sestamp valor from se where ref ='324.2066.00.1' and lote = 'r2400051100a'
20241112@183318.1595 uqqd1eucivjs7sr3noa8edl5ee Query : select 1 valor from information_schema.tables where table_type='base table' and table_name='wstablefields'
20241112@183318.2099 uqqd1eucivjs7sr3noa8edl5ee Query : select fieldkey,fieldname,fieldtype,calcformula from wstablefields where tablename = 'fi2' and documentnumber = 39
20241112@183318.2642 uqqd1eucivjs7sr3noa8edl5ee Query : insert into wsfi2data (fi2stamp,ftstamp ,ousrdata, ousrhora, usrdata,usrhora,ousrinis,usrinis) values ('aut673392036367339f6e26','aut673392118167339f6876' ,getdate(),convert(char(8),convert (time,getdate())),getdate(),convert(char(8),convert (time,getdate())),'wsv','wsv')
20241112@183318.2727 uqqd1eucivjs7sr3noa8edl5ee Query : select 1 valor from information_schema.tables where table_type='base table' and table_name='wstablefields'
20241112@183318.3278 uqqd1eucivjs7sr3noa8edl5ee Query : select fieldkey,fieldname,fieldtype,calcformula from wstablefields where tablename = 'fi' and documentnumber = 39
20241112@183318.4956 uqqd1eucivjs7sr3noa8edl5ee Query : insert into wsfidata (fistamp,ousrdata, ousrhora, usrdata,usrhora,ousrinis,usrinis ,qtt ,ftstamp ,epv,pvmoeda ,tabiva,iva,lordem ,ref, design ,lote,armazem,bistamp ) values ('aut673392036367339f6e26',getdate(),convert(char(8),convert (time,getdate())),getdate(),convert(char(8),convert (time,getdate())),'wsv','wsv',6.000 ,'aut673392118167339f6876' ,0,0 ,2,23.00,50000,?,?,?,?,?)
20241112@183318.6193 uqqd1eucivjs7sr3noa8edl5ee Query : select 1 valor from information_schema.tables where table_type='base table' and table_name='wstablefields'
20241112@183318.6814 uqqd1eucivjs7sr3noa8edl5ee Query : select fieldkey,fieldname,fieldtype,mandatory from wstablefields where tablename = 'fi' and documentnumber = 39
20241112@183318.8155 uqqd1eucivjs7sr3noa8edl5ee Query : select 1 valor from information_schema.tables where table_type='base table' and table_name='wstablefields'
20241112@183318.8884 uqqd1eucivjs7sr3noa8edl5ee Query : select fieldkey,fieldname,fieldtype,mandatory from wstablefields where tablename = 'fi2' and documentnumber = 39
20241112@183318.9218 uqqd1eucivjs7sr3noa8edl5ee Query : select top 1 convert(numeric(6,2),t.taxa) valor from taxasiva t where t.codigo='2'
20241112@183318.9712 uqqd1eucivjs7sr3noa8edl5ee Query : select 1 valor from information_schema.tables where table_type='base table' and table_name='wstablefields'
20241112@183319.2130 uqqd1eucivjs7sr3noa8edl5ee Query : select fieldkey,fieldname,fieldtype,calcformula from wstablefields where tablename = 'fi2' and documentnumber = 39
20241112@183319.9960 uqqd1eucivjs7sr3noa8edl5ee Query : insert into wsfi2data (fi2stamp,ftstamp ,ousrdata, ousrhora, usrdata,usrhora,ousrinis,usrinis) values ('aut673391541567339f6eed','aut673392118167339f6876' ,getdate(),convert(char(8),convert (time,getdate())),getdate(),convert(char(8),convert (time,getdate())),'wsv','wsv')
20241112@183319.1163 uqqd1eucivjs7sr3noa8edl5ee Query : select 1 valor from information_schema.tables where table_type='base table' and table_name='wstablefields'
20241112@183319.2255 uqqd1eucivjs7sr3noa8edl5ee Query : select fieldkey,fieldname,fieldtype,calcformula from wstablefields where tablename = 'fi' and documentnumber = 39
20241112@183319.3742 uqqd1eucivjs7sr3noa8edl5ee Query : insert into wsfidata (fistamp,ousrdata, ousrhora, usrdata,usrhora,ousrinis,usrinis ,qtt ,ftstamp ,epv,pvmoeda ,tabiva,iva,lordem ,ref, design ,armazem) values ('aut673391541567339f6eed',getdate(),convert(char(8),convert (time,getdate())),getdate(),convert(char(8),convert (time,getdate())),'wsv','wsv',0 ,'aut673392118167339f6876' ,0,0 ,2,23.00,60000,?,?,?)
20241112@183319.4817 uqqd1eucivjs7sr3noa8edl5ee Query : use flama_phc
20241112@183319.4900 uqqd1eucivjs7sr3noa8edl5ee Query : select st.usalote valor from st where st.ref = '324.2028.00.2'
20241112@183319.7840 uqqd1eucivjs7sr3noa8edl5ee Query : select top 1 st.tabiva ,st.ivaincl ,st.stns ,st.uni2 ,st.familia ,isnull(tx.taxa, 0) txiva ,unidade ,usalote ,epcpond ,noserie ,conversao ,st.texteis from st left join taxasiva tx on st.tabiva = tx.codigo where st.ref = '324.2028.00.2'
20241112@183319.9007 uqqd1eucivjs7sr3noa8edl5ee Query : select 1 valor from information_schema.tables where table_type='base table' and table_name='wstablefields'
20241112@183319.9873 uqqd1eucivjs7sr3noa8edl5ee Query : select fieldkey,fieldname,fieldtype,mandatory from wstablefields where tablename = 'fi' and documentnumber = 39
20241112@183320.1843 uqqd1eucivjs7sr3noa8edl5ee Query : select 1 valor from information_schema.tables where table_type='base table' and table_name='wstablefields'
20241112@183320.2430 uqqd1eucivjs7sr3noa8edl5ee Query : select fieldkey,fieldname,fieldtype,mandatory from wstablefields where tablename = 'fi2' and documentnumber = 39
20241112@183320.3049 uqqd1eucivjs7sr3noa8edl5ee Query : select top 1 convert(numeric(6,2),t.taxa) valor from taxasiva t where t.codigo='2'
20241112@183320.3724 uqqd1eucivjs7sr3noa8edl5ee Query : select sestamp valor from se where ref ='324.2028.00.2' and lote = 'r2100875100a'
20241112@183320.4239 uqqd1eucivjs7sr3noa8edl5ee Query : select 1 valor from information_schema.tables where table_type='base table' and table_name='wstablefields'
20241112@183320.4748 uqqd1eucivjs7sr3noa8edl5ee Query : select fieldkey,fieldname,fieldtype,calcformula from wstablefields where tablename = 'fi2' and documentnumber = 39
20241112@183320.5297 uqqd1eucivjs7sr3noa8edl5ee Query : insert into wsfi2data (fi2stamp,ftstamp ,ousrdata, ousrhora, usrdata,usrhora,ousrinis,usrinis) values ('aut673398534167339f7067','aut673392118167339f6876' ,getdate(),convert(char(8),convert (time,getdate())),getdate(),convert(char(8),convert (time,getdate())),'wsv','wsv')
20241112@183320.5382 uqqd1eucivjs7sr3noa8edl5ee Query : select 1 valor from information_schema.tables where table_type='base table' and table_name='wstablefields'
20241112@183320.5881 uqqd1eucivjs7sr3noa8edl5ee Query : select fieldkey,fieldname,fieldtype,calcformula from wstablefields where tablename = 'fi' and documentnumber = 39
20241112@183320.7873 uqqd1eucivjs7sr3noa8edl5ee Query : insert into wsfidata (fistamp,ousrdata, ousrhora, usrdata,usrhora,ousrinis,usrinis ,qtt ,ftstamp ,epv,pvmoeda ,tabiva,iva,lordem ,ref, design ,lote,armazem,bistamp ) values ('aut673398534167339f7067',getdate(),convert(char(8),convert (time,getdate())),getdate(),convert(char(8),convert (time,getdate())),'wsv','wsv',4.000 ,'aut673392118167339f6876' ,0,0 ,2,23.00,80000,?,?,?,?,?)
20241112@183320.9522 uqqd1eucivjs7sr3noa8edl5ee Query : select 1 valor from information_schema.tables where table_type='base table' and table_name='wstablefields'
20241112@183321.1050 uqqd1eucivjs7sr3noa8edl5ee Query : select fieldkey,fieldname,fieldtype,mandatory from wstablefields where tablename = 'fi' and documentnumber = 39
20241112@183321.1702 uqqd1eucivjs7sr3noa8edl5ee Query : select 1 valor from information_schema.tables where table_type='base table' and table_name='wstablefields'
20241112@183321.2201 uqqd1eucivjs7sr3noa8edl5ee Query : select fieldkey,fieldname,fieldtype,mandatory from wstablefields where tablename = 'fi2' and documentnumber = 39
20241112@183321.2534 uqqd1eucivjs7sr3noa8edl5ee Query : select top 1 convert(numeric(6,2),t.taxa) valor from taxasiva t where t.codigo='2'
20241112@183321.3350 uqqd1eucivjs7sr3noa8edl5ee Query : select 1 valor from information_schema.tables where table_type='base table' and table_name='wstablefields'
20241112@183321.3848 uqqd1eucivjs7sr3noa8edl5ee Query : select fieldkey,fieldname,fieldtype,calcformula from wstablefields where tablename = 'fi2' and documentnumber = 39
20241112@183321.4380 uqqd1eucivjs7sr3noa8edl5ee Query : insert into wsfi2data (fi2stamp,ftstamp ,ousrdata, ousrhora, usrdata,usrhora,ousrinis,usrinis) values ('aut673390339167339f7151','aut673392118167339f6876' ,getdate(),convert(char(8),convert (time,getdate())),getdate(),convert(char(8),convert (time,getdate())),'wsv','wsv')
20241112@183321.4466 uqqd1eucivjs7sr3noa8edl5ee Query : select 1 valor from information_schema.tables where table_type='base table' and table_name='wstablefields'
20241112@183321.4968 uqqd1eucivjs7sr3noa8edl5ee Query : select fieldkey,fieldname,fieldtype,calcformula from wstablefields where tablename = 'fi' and documentnumber = 39
20241112@183321.6330 uqqd1eucivjs7sr3noa8edl5ee Query : insert into wsfidata (fistamp,ousrdata, ousrhora, usrdata,usrhora,ousrinis,usrinis ,qtt ,ftstamp ,epv,pvmoeda ,tabiva,iva,lordem ,ref, design ,armazem) values ('aut673390339167339f7151',getdate(),convert(char(8),convert (time,getdate())),getdate(),convert(char(8),convert (time,getdate())),'wsv','wsv',0 ,'aut673392118167339f6876' ,0,0 ,2,23.00,90000,?,?,?)
20241112@183321.7575 uqqd1eucivjs7sr3noa8edl5ee Query : use flama_phc
20241112@183321.7699 uqqd1eucivjs7sr3noa8edl5ee Query : select st.usalote valor from st where st.ref = '324.4960.00.1'
20241112@183321.8549 uqqd1eucivjs7sr3noa8edl5ee Query : select top 1 st.tabiva ,st.ivaincl ,st.stns ,st.uni2 ,st.familia ,isnull(tx.taxa, 0) txiva ,unidade ,usalote ,epcpond ,noserie ,conversao ,st.texteis from st left join taxasiva tx on st.tabiva = tx.codigo where st.ref = '324.4960.00.1'
20241112@183321.9519 uqqd1eucivjs7sr3noa8edl5ee Query : select 1 valor from information_schema.tables where table_type='base table' and table_name='wstablefields'
20241112@183322.6600 uqqd1eucivjs7sr3noa8edl5ee Query : select fieldkey,fieldname,fieldtype,mandatory from wstablefields where tablename = 'fi' and documentnumber = 39
20241112@183322.1515 uqqd1eucivjs7sr3noa8edl5ee Query : select 1 valor from information_schema.tables where table_type='base table' and table_name='wstablefields'
20241112@183322.2097 uqqd1eucivjs7sr3noa8edl5ee Query : select fieldkey,fieldname,fieldtype,mandatory from wstablefields where tablename = 'fi2' and documentnumber = 39
20241112@183322.2554 uqqd1eucivjs7sr3noa8edl5ee Query : select top 1 convert(numeric(6,2),t.taxa) valor from taxasiva t where t.codigo='2'
20241112@183322.3442 uqqd1eucivjs7sr3noa8edl5ee Query : select sestamp valor from se where ref ='324.4960.00.1' and lote = 'r2100754100a'
20241112@183322.4093 uqqd1eucivjs7sr3noa8edl5ee Query : select 1 valor from information_schema.tables where table_type='base table' and table_name='wstablefields'
20241112@183322.4837 uqqd1eucivjs7sr3noa8edl5ee Query : select fieldkey,fieldname,fieldtype,calcformula from wstablefields where tablename = 'fi2' and documentnumber = 39
20241112@183322.5575 uqqd1eucivjs7sr3noa8edl5ee Query : insert into wsfi2data (fi2stamp,ftstamp ,ousrdata, ousrhora, usrdata,usrhora,ousrinis,usrinis) values ('aut673391242267339f7263','aut673392118167339f6876' ,getdate(),convert(char(8),convert (time,getdate())),getdate(),convert(char(8),convert (time,getdate())),'wsv','wsv')
20241112@183322.5964 uqqd1eucivjs7sr3noa8edl5ee Query : select 1 valor from information_schema.tables where table_type='base table' and table_name='wstablefields'
20241112@183322.6469 uqqd1eucivjs7sr3noa8edl5ee Query : select fieldkey,fieldname,fieldtype,calcformula from wstablefields where tablename = 'fi' and documentnumber = 39
20241112@183322.8142 uqqd1eucivjs7sr3noa8edl5ee Query : insert into wsfidata (fistamp,ousrdata, ousrhora, usrdata,usrhora,ousrinis,usrinis ,qtt ,ftstamp ,epv,pvmoeda ,tabiva,iva,lordem ,ref, design ,lote,armazem,bistamp ) values ('aut673391242267339f7263',getdate(),convert(char(8),convert (time,getdate())),getdate(),convert(char(8),convert (time,getdate())),'wsv','wsv',6.000 ,'aut673392118167339f6876' ,0,0 ,2,23.00,110000,?,?,?,?,?)
20241112@183322.9382 uqqd1eucivjs7sr3noa8edl5ee Query : use flama_phc
20241112@183322.9465 uqqd1eucivjs7sr3noa8edl5ee Query : select st.usalote valor from st where st.ref = '324.2041.00.1'
20241112@183323.3420 uqqd1eucivjs7sr3noa8edl5ee Query : select top 1 st.tabiva ,st.ivaincl ,st.stns ,st.uni2 ,st.familia ,isnull(tx.taxa, 0) txiva ,unidade ,usalote ,epcpond ,noserie ,conversao ,st.texteis from st left join taxasiva tx on st.tabiva = tx.codigo where st.ref = '324.2041.00.1'
20241112@183323.1278 uqqd1eucivjs7sr3noa8edl5ee Query : select 1 valor from information_schema.tables where table_type='base table' and table_name='wstablefields'
20241112@183323.1876 uqqd1eucivjs7sr3noa8edl5ee Query : select fieldkey,fieldname,fieldtype,mandatory from wstablefields where tablename = 'fi' and documentnumber = 39
20241112@183323.3790 uqqd1eucivjs7sr3noa8edl5ee Query : select 1 valor from information_schema.tables where table_type='base table' and table_name='wstablefields'
20241112@183323.4449 uqqd1eucivjs7sr3noa8edl5ee Query : select fieldkey,fieldname,fieldtype,mandatory from wstablefields where tablename = 'fi2' and documentnumber = 39
20241112@183323.4779 uqqd1eucivjs7sr3noa8edl5ee Query : select top 1 convert(numeric(6,2),t.taxa) valor from taxasiva t where t.codigo='2'
20241112@183323.5440 uqqd1eucivjs7sr3noa8edl5ee Query : select sestamp valor from se where ref ='324.2041.00.1' and lote = 'r2100232100a'
20241112@183323.5942 uqqd1eucivjs7sr3noa8edl5ee Query : select 1 valor from information_schema.tables where table_type='base table' and table_name='wstablefields'
20241112@183323.6564 uqqd1eucivjs7sr3noa8edl5ee Query : select fieldkey,fieldname,fieldtype,calcformula from wstablefields where tablename = 'fi2' and documentnumber = 39
20241112@183323.7223 uqqd1eucivjs7sr3noa8edl5ee Query : insert into wsfi2data (fi2stamp,ftstamp ,ousrdata, ousrhora, usrdata,usrhora,ousrinis,usrinis) values ('aut673393365867339f7391','aut673392118167339f6876' ,getdate(),convert(char(8),convert (time,getdate())),getdate(),convert(char(8),convert (time,getdate())),'wsv','wsv')
20241112@183323.7337 uqqd1eucivjs7sr3noa8edl5ee Query : select 1 valor from information_schema.tables where table_type='base table' and table_name='wstablefields'
20241112@183323.7849 uqqd1eucivjs7sr3noa8edl5ee Query : select fieldkey,fieldname,fieldtype,calcformula from wstablefields where tablename = 'fi' and documentnumber = 39
20241112@183323.9523 uqqd1eucivjs7sr3noa8edl5ee Query : insert into wsfidata (fistamp,ousrdata, ousrhora, usrdata,usrhora,ousrinis,usrinis ,qtt ,ftstamp ,epv,pvmoeda ,tabiva,iva,lordem ,ref, design ,lote,armazem,bistamp ) values ('aut673393365867339f7391',getdate(),convert(char(8),convert (time,getdate())),getdate(),convert(char(8),convert (time,getdate())),'wsv','wsv',6.000 ,'aut673392118167339f6876' ,0,0 ,2,23.00,120000,?,?,?,?,?)
20241112@183324.1759 uqqd1eucivjs7sr3noa8edl5ee Query : select 1 valor from information_schema.tables where table_type='base table' and table_name='wstablefields'
20241112@183324.2533 uqqd1eucivjs7sr3noa8edl5ee Query : select fieldkey,fieldname,fieldtype,mandatory from wstablefields where tablename = 'fi' and documentnumber = 39
20241112@183324.4003 uqqd1eucivjs7sr3noa8edl5ee Query : select 1 valor from information_schema.tables where table_type='base table' and table_name='wstablefields'
20241112@183324.4902 uqqd1eucivjs7sr3noa8edl5ee Query : select fieldkey,fieldname,fieldtype,mandatory from wstablefields where tablename = 'fi2' and documentnumber = 39
20241112@183324.5231 uqqd1eucivjs7sr3noa8edl5ee Query : select top 1 convert(numeric(6,2),t.taxa) valor from taxasiva t where t.codigo='2'
20241112@183324.5781 uqqd1eucivjs7sr3noa8edl5ee Query : select 1 valor from information_schema.tables where table_type='base table' and table_name='wstablefields'
20241112@183324.6281 uqqd1eucivjs7sr3noa8edl5ee Query : select fieldkey,fieldname,fieldtype,calcformula from wstablefields where tablename = 'fi2' and documentnumber = 39
20241112@183324.6702 uqqd1eucivjs7sr3noa8edl5ee Query : insert into wsfi2data (fi2stamp,ftstamp ,ousrdata, ousrhora, usrdata,usrhora,ousrinis,usrinis) values ('aut673396434467339f748d','aut673392118167339f6876' ,getdate(),convert(char(8),convert (time,getdate())),getdate(),convert(char(8),convert (time,getdate())),'wsv','wsv')
20241112@183324.6786 uqqd1eucivjs7sr3noa8edl5ee Query : select 1 valor from information_schema.tables where table_type='base table' and table_name='wstablefields'
20241112@183324.7284 uqqd1eucivjs7sr3noa8edl5ee Query : select fieldkey,fieldname,fieldtype,calcformula from wstablefields where tablename = 'fi' and documentnumber = 39
20241112@183324.8853 uqqd1eucivjs7sr3noa8edl5ee Query : insert into wsfidata (fistamp,ousrdata, ousrhora, usrdata,usrhora,ousrinis,usrinis ,qtt ,ftstamp ,epv,pvmoeda ,tabiva,iva,lordem ,ref, design ,armazem) values ('aut673396434467339f748d',getdate(),convert(char(8),convert (time,getdate())),getdate(),convert(char(8),convert (time,getdate())),'wsv','wsv',0 ,'aut673392118167339f6876' ,0,0 ,2,23.00,130000,?,?,?)
20241112@183324.9956 uqqd1eucivjs7sr3noa8edl5ee Query : use flama_phc
20241112@183325.9200 uqqd1eucivjs7sr3noa8edl5ee Query : select st.usalote valor from st where st.ref = '324.1646.00.1'
20241112@183325.7610 uqqd1eucivjs7sr3noa8edl5ee Query : select top 1 st.tabiva ,st.ivaincl ,st.stns ,st.uni2 ,st.familia ,isnull(tx.taxa, 0) txiva ,unidade ,usalote ,epcpond ,noserie ,conversao ,st.texteis from st left join taxasiva tx on st.tabiva = tx.codigo where st.ref = '324.1646.00.1'
20241112@183325.1660 uqqd1eucivjs7sr3noa8edl5ee Query : select 1 valor from information_schema.tables where table_type='base table' and table_name='wstablefields'
20241112@183325.2303 uqqd1eucivjs7sr3noa8edl5ee Query : select fieldkey,fieldname,fieldtype,mandatory from wstablefields where tablename = 'fi' and documentnumber = 39
20241112@183325.3887 uqqd1eucivjs7sr3noa8edl5ee Query : select 1 valor from information_schema.tables where table_type='base table' and table_name='wstablefields'
20241112@183325.4414 uqqd1eucivjs7sr3noa8edl5ee Query : select fieldkey,fieldname,fieldtype,mandatory from wstablefields where tablename = 'fi2' and documentnumber = 39
20241112@183325.4782 uqqd1eucivjs7sr3noa8edl5ee Query : select top 1 convert(numeric(6,2),t.taxa) valor from taxasiva t where t.codigo='2'
20241112@183325.5545 uqqd1eucivjs7sr3noa8edl5ee Query : select sestamp valor from se where ref ='324.1646.00.1' and lote = 'r2400725100a'
20241112@183325.7097 uqqd1eucivjs7sr3noa8edl5ee Query : select 1 valor from information_schema.tables where table_type='base table' and table_name='wstablefields'
20241112@183325.7771 uqqd1eucivjs7sr3noa8edl5ee Query : select fieldkey,fieldname,fieldtype,calcformula from wstablefields where tablename = 'fi2' and documentnumber = 39
20241112@183325.8350 uqqd1eucivjs7sr3noa8edl5ee Query : insert into wsfi2data (fi2stamp,ftstamp ,ousrdata, ousrhora, usrdata,usrhora,ousrinis,usrinis) values ('aut673392265067339f75ad','aut673392118167339f6876' ,getdate(),convert(char(8),convert (time,getdate())),getdate(),convert(char(8),convert (time,getdate())),'wsv','wsv')
20241112@183325.8437 uqqd1eucivjs7sr3noa8edl5ee Query : select 1 valor from information_schema.tables where table_type='base table' and table_name='wstablefields'
20241112@183325.8937 uqqd1eucivjs7sr3noa8edl5ee Query : select fieldkey,fieldname,fieldtype,calcformula from wstablefields where tablename = 'fi' and documentnumber = 39
20241112@183326.2120 uqqd1eucivjs7sr3noa8edl5ee Query : insert into wsfidata (fistamp,ousrdata, ousrhora, usrdata,usrhora,ousrinis,usrinis ,qtt ,ftstamp ,epv,pvmoeda ,tabiva,iva,lordem ,ref, design ,lote,armazem,bistamp ) values ('aut673392265067339f75ad',getdate(),convert(char(8),convert (time,getdate())),getdate(),convert(char(8),convert (time,getdate())),'wsv','wsv',2.000 ,'aut673392118167339f6876' ,0,0 ,2,23.00,150000,?,?,?,?,?)
20241112@183326.1261 uqqd1eucivjs7sr3noa8edl5ee Query : use flama_phc
20241112@183326.1343 uqqd1eucivjs7sr3noa8edl5ee Query : select st.usalote valor from st where st.ref = '324.2160.00.1'
20241112@183326.2052 uqqd1eucivjs7sr3noa8edl5ee Query : select top 1 st.tabiva ,st.ivaincl ,st.stns ,st.uni2 ,st.familia ,isnull(tx.taxa, 0) txiva ,unidade ,usalote ,epcpond ,noserie ,conversao ,st.texteis from st left join taxasiva tx on st.tabiva = tx.codigo where st.ref = '324.2160.00.1'
20241112@183326.3346 uqqd1eucivjs7sr3noa8edl5ee Query : select 1 valor from information_schema.tables where table_type='base table' and table_name='wstablefields'
20241112@183326.3887 uqqd1eucivjs7sr3noa8edl5ee Query : select fieldkey,fieldname,fieldtype,mandatory from wstablefields where tablename = 'fi' and documentnumber = 39
20241112@183326.5315 uqqd1eucivjs7sr3noa8edl5ee Query : select 1 valor from information_schema.tables where table_type='base table' and table_name='wstablefields'
20241112@183326.6049 uqqd1eucivjs7sr3noa8edl5ee Query : select fieldkey,fieldname,fieldtype,mandatory from wstablefields where tablename = 'fi2' and documentnumber = 39
20241112@183326.6426 uqqd1eucivjs7sr3noa8edl5ee Query : select top 1 convert(numeric(6,2),t.taxa) valor from taxasiva t where t.codigo='2'
20241112@183326.6959 uqqd1eucivjs7sr3noa8edl5ee Query : select sestamp valor from se where ref ='324.2160.00.1' and lote = 'r2300936200a'
20241112@183326.7389 uqqd1eucivjs7sr3noa8edl5ee Query : select 1 valor from information_schema.tables where table_type='base table' and table_name='wstablefields'
20241112@183326.7721 uqqd1eucivjs7sr3noa8edl5ee Query : select fieldkey,fieldname,fieldtype,calcformula from wstablefields where tablename = 'fi2' and documentnumber = 39
20241112@183326.7976 uqqd1eucivjs7sr3noa8edl5ee Query : insert into wsfi2data (fi2stamp,ftstamp ,ousrdata, ousrhora, usrdata,usrhora,ousrinis,usrinis) values ('aut673390433067339f76b4','aut673392118167339f6876' ,getdate(),convert(char(8),convert (time,getdate())),getdate(),convert(char(8),convert (time,getdate())),'wsv','wsv')
20241112@183326.8029 uqqd1eucivjs7sr3noa8edl5ee Query : select 1 valor from information_schema.tables where table_type='base table' and table_name='wstablefields'
20241112@183326.8687 uqqd1eucivjs7sr3noa8edl5ee Query : select fieldkey,fieldname,fieldtype,calcformula from wstablefields where tablename = 'fi' and documentnumber = 39
20241112@183327.6490 uqqd1eucivjs7sr3noa8edl5ee Query : insert into wsfidata (fistamp,ousrdata, ousrhora, usrdata,usrhora,ousrinis,usrinis ,qtt ,ftstamp ,epv,pvmoeda ,tabiva,iva,lordem ,ref, design ,lote,armazem,bistamp ) values ('aut673390433067339f76b4',getdate(),convert(char(8),convert (time,getdate())),getdate(),convert(char(8),convert (time,getdate())),'wsv','wsv',2.000 ,'aut673392118167339f6876' ,0,0 ,2,23.00,160000,?,?,?,?,?)
20241112@183327.1601 uqqd1eucivjs7sr3noa8edl5ee Query : use flama_phc
20241112@183327.1967 uqqd1eucivjs7sr3noa8edl5ee Query : select st.usalote valor from st where st.ref = '324.1832.00.2'
20241112@183327.3504 uqqd1eucivjs7sr3noa8edl5ee Query : select top 1 st.tabiva ,st.ivaincl ,st.stns ,st.uni2 ,st.familia ,isnull(tx.taxa, 0) txiva ,unidade ,usalote ,epcpond ,noserie ,conversao ,st.texteis from st left join taxasiva tx on st.tabiva = tx.codigo where st.ref = '324.1832.00.2'
20241112@183327.5114 uqqd1eucivjs7sr3noa8edl5ee Query : select 1 valor from information_schema.tables where table_type='base table' and table_name='wstablefields'
20241112@183327.5819 uqqd1eucivjs7sr3noa8edl5ee Query : select fieldkey,fieldname,fieldtype,mandatory from wstablefields where tablename = 'fi' and documentnumber = 39
20241112@183327.7706 uqqd1eucivjs7sr3noa8edl5ee Query : select 1 valor from information_schema.tables where table_type='base table' and table_name='wstablefields'
20241112@183327.8204 uqqd1eucivjs7sr3noa8edl5ee Query : select fieldkey,fieldname,fieldtype,mandatory from wstablefields where tablename = 'fi2' and documentnumber = 39
20241112@183327.8533 uqqd1eucivjs7sr3noa8edl5ee Query : select top 1 convert(numeric(6,2),t.taxa) valor from taxasiva t where t.codigo='2'
20241112@183327.9328 uqqd1eucivjs7sr3noa8edl5ee Query : select sestamp valor from se where ref ='324.1832.00.2' and lote = 'r2301257100a'
20241112@183327.9823 uqqd1eucivjs7sr3noa8edl5ee Query : select 1 valor from information_schema.tables where table_type='base table' and table_name='wstablefields'
20241112@183328.3320 uqqd1eucivjs7sr3noa8edl5ee Query : select fieldkey,fieldname,fieldtype,calcformula from wstablefields where tablename = 'fi2' and documentnumber = 39
20241112@183328.7900 uqqd1eucivjs7sr3noa8edl5ee Query : insert into wsfi2data (fi2stamp,ftstamp ,ousrdata, ousrhora, usrdata,usrhora,ousrinis,usrinis) values ('aut673390720167339f77ef','aut673392118167339f6876' ,getdate(),convert(char(8),convert (time,getdate())),getdate(),convert(char(8),convert (time,getdate())),'wsv','wsv')
20241112@183328.8740 uqqd1eucivjs7sr3noa8edl5ee Query : select 1 valor from information_schema.tables where table_type='base table' and table_name='wstablefields'
20241112@183328.1373 uqqd1eucivjs7sr3noa8edl5ee Query : select fieldkey,fieldname,fieldtype,calcformula from wstablefields where tablename = 'fi' and documentnumber = 39
20241112@183328.2653 uqqd1eucivjs7sr3noa8edl5ee Query : insert into wsfidata (fistamp,ousrdata, ousrhora, usrdata,usrhora,ousrinis,usrinis ,qtt ,ftstamp ,epv,pvmoeda ,tabiva,iva,lordem ,ref, design ,lote,armazem,bistamp ) values ('aut673390720167339f77ef',getdate(),convert(char(8),convert (time,getdate())),getdate(),convert(char(8),convert (time,getdate())),'wsv','wsv',1.000 ,'aut673392118167339f6876' ,0,0 ,2,23.00,170000,?,?,?,?,?)
20241112@183328.4335 uqqd1eucivjs7sr3noa8edl5ee Query : select 1 valor from information_schema.tables where table_type='base table' and table_name='wstablefields'
20241112@183328.4954 uqqd1eucivjs7sr3noa8edl5ee Query : select fieldkey,fieldname,fieldtype,mandatory from wstablefields where tablename = 'fi' and documentnumber = 39
20241112@183328.6516 uqqd1eucivjs7sr3noa8edl5ee Query : select 1 valor from information_schema.tables where table_type='base table' and table_name='wstablefields'
20241112@183328.7038 uqqd1eucivjs7sr3noa8edl5ee Query : select fieldkey,fieldname,fieldtype,mandatory from wstablefields where tablename = 'fi2' and documentnumber = 39
20241112@183328.7531 uqqd1eucivjs7sr3noa8edl5ee Query : select top 1 convert(numeric(6,2),t.taxa) valor from taxasiva t where t.codigo='2'
20241112@183328.8306 uqqd1eucivjs7sr3noa8edl5ee Query : select 1 valor from information_schema.tables where table_type='base table' and table_name='wstablefields'
20241112@183328.8810 uqqd1eucivjs7sr3noa8edl5ee Query : select fieldkey,fieldname,fieldtype,calcformula from wstablefields where tablename = 'fi2' and documentnumber = 39
20241112@183328.9396 uqqd1eucivjs7sr3noa8edl5ee Query : insert into wsfi2data (fi2stamp,ftstamp ,ousrdata, ousrhora, usrdata,usrhora,ousrinis,usrinis) values ('aut673394656967339f78ca','aut673392118167339f6876' ,getdate(),convert(char(8),convert (time,getdate())),getdate(),convert(char(8),convert (time,getdate())),'wsv','wsv')
20241112@183328.9520 uqqd1eucivjs7sr3noa8edl5ee Query : select 1 valor from information_schema.tables where table_type='base table' and table_name='wstablefields'
20241112@183329.2100 uqqd1eucivjs7sr3noa8edl5ee Query : select fieldkey,fieldname,fieldtype,calcformula from wstablefields where tablename = 'fi' and documentnumber = 39
20241112@183329.1721 uqqd1eucivjs7sr3noa8edl5ee Query : insert into wsfidata (fistamp,ousrdata, ousrhora, usrdata,usrhora,ousrinis,usrinis ,qtt ,ftstamp ,epv,pvmoeda ,tabiva,iva,lordem ,ref, design ,armazem) values ('aut673394656967339f78ca',getdate(),convert(char(8),convert (time,getdate())),getdate(),convert(char(8),convert (time,getdate())),'wsv','wsv',0 ,'aut673392118167339f6876' ,0,0 ,2,23.00,180000,?,?,?)
20241112@183329.2794 uqqd1eucivjs7sr3noa8edl5ee Query : use flama_phc
20241112@183329.2924 uqqd1eucivjs7sr3noa8edl5ee Query : select st.usalote valor from st where st.ref = '324.1832.00.2'
20241112@183329.3668 uqqd1eucivjs7sr3noa8edl5ee Query : select top 1 st.tabiva ,st.ivaincl ,st.stns ,st.uni2 ,st.familia ,isnull(tx.taxa, 0) txiva ,unidade ,usalote ,epcpond ,noserie ,conversao ,st.texteis from st left join taxasiva tx on st.tabiva = tx.codigo where st.ref = '324.1832.00.2'
20241112@183329.4164 uqqd1eucivjs7sr3noa8edl5ee Query : select 1 valor from information_schema.tables where table_type='base table' and table_name='wstablefields'
20241112@183329.5037 uqqd1eucivjs7sr3noa8edl5ee Query : select fieldkey,fieldname,fieldtype,mandatory from wstablefields where tablename = 'fi' and documentnumber = 39
20241112@183329.6233 uqqd1eucivjs7sr3noa8edl5ee Query : select 1 valor from information_schema.tables where table_type='base table' and table_name='wstablefields'
20241112@183329.7361 uqqd1eucivjs7sr3noa8edl5ee Query : select fieldkey,fieldname,fieldtype,mandatory from wstablefields where tablename = 'fi2' and documentnumber = 39
20241112@183329.7694 uqqd1eucivjs7sr3noa8edl5ee Query : select top 1 convert(numeric(6,2),t.taxa) valor from taxasiva t where t.codigo='2'
20241112@183329.8330 uqqd1eucivjs7sr3noa8edl5ee Query : select sestamp valor from se where ref ='324.1832.00.2' and lote = 'r2301257100a'
20241112@183329.9054 uqqd1eucivjs7sr3noa8edl5ee Query : select 1 valor from information_schema.tables where table_type='base table' and table_name='wstablefields'
20241112@183329.9590 uqqd1eucivjs7sr3noa8edl5ee Query : select fieldkey,fieldname,fieldtype,calcformula from wstablefields where tablename = 'fi2' and documentnumber = 39
20241112@183330.4130 uqqd1eucivjs7sr3noa8edl5ee Query : insert into wsfi2data (fi2stamp,ftstamp ,ousrdata, ousrhora, usrdata,usrhora,ousrinis,usrinis) values ('aut673395718167339f79dd','aut673392118167339f6876' ,getdate(),convert(char(8),convert (time,getdate())),getdate(),convert(char(8),convert (time,getdate())),'wsv','wsv')
20241112@183330.5020 uqqd1eucivjs7sr3noa8edl5ee Query : select 1 valor from information_schema.tables where table_type='base table' and table_name='wstablefields'
20241112@183330.1162 uqqd1eucivjs7sr3noa8edl5ee Query : select fieldkey,fieldname,fieldtype,calcformula from wstablefields where tablename = 'fi' and documentnumber = 39
20241112@183330.3844 uqqd1eucivjs7sr3noa8edl5ee Query : insert into wsfidata (fistamp,ousrdata, ousrhora, usrdata,usrhora,ousrinis,usrinis ,qtt ,ftstamp ,epv,pvmoeda ,tabiva,iva,lordem ,ref, design ,lote,armazem,bistamp ) values ('aut673395718167339f79dd',getdate(),convert(char(8),convert (time,getdate())),getdate(),convert(char(8),convert (time,getdate())),'wsv','wsv',1.000 ,'aut673392118167339f6876' ,0,0 ,2,23.00,200000,?,?,?,?,?)
20241112@183330.5692 uqqd1eucivjs7sr3noa8edl5ee Query : select 1 valor from information_schema.tables where table_type='base table' and table_name='wstablefields'
20241112@183330.6247 uqqd1eucivjs7sr3noa8edl5ee Query : select fieldkey,fieldname,fieldtype,mandatory from wstablefields where tablename = 'fi' and documentnumber = 39
20241112@183330.7649 uqqd1eucivjs7sr3noa8edl5ee Query : select 1 valor from information_schema.tables where table_type='base table' and table_name='wstablefields'
20241112@183330.8192 uqqd1eucivjs7sr3noa8edl5ee Query : select fieldkey,fieldname,fieldtype,mandatory from wstablefields where tablename = 'fi2' and documentnumber = 39
20241112@183330.9091 uqqd1eucivjs7sr3noa8edl5ee Query : select top 1 convert(numeric(6,2),t.taxa) valor from taxasiva t where t.codigo='2'
20241112@183330.9825 uqqd1eucivjs7sr3noa8edl5ee Query : select 1 valor from information_schema.tables where table_type='base table' and table_name='wstablefields'
20241112@183331.3990 uqqd1eucivjs7sr3noa8edl5ee Query : select fieldkey,fieldname,fieldtype,calcformula from wstablefields where tablename = 'fi2' and documentnumber = 39
20241112@183331.9010 uqqd1eucivjs7sr3noa8edl5ee Query : insert into wsfi2data (fi2stamp,ftstamp ,ousrdata, ousrhora, usrdata,usrhora,ousrinis,usrinis) values ('aut673397916667339f7aef','aut673392118167339f6876' ,getdate(),convert(char(8),convert (time,getdate())),getdate(),convert(char(8),convert (time,getdate())),'wsv','wsv')
20241112@183331.1268 uqqd1eucivjs7sr3noa8edl5ee Query : select 1 valor from information_schema.tables where table_type='base table' and table_name='wstablefields'
20241112@183331.2019 uqqd1eucivjs7sr3noa8edl5ee Query : select fieldkey,fieldname,fieldtype,calcformula from wstablefields where tablename = 'fi' and documentnumber = 39
20241112@183331.3717 uqqd1eucivjs7sr3noa8edl5ee Query : insert into wsfidata (fistamp,ousrdata, ousrhora, usrdata,usrhora,ousrinis,usrinis ,qtt ,ftstamp ,epv,pvmoeda ,tabiva,iva,lordem ,ref, design ,armazem) values ('aut673397916667339f7aef',getdate(),convert(char(8),convert (time,getdate())),getdate(),convert(char(8),convert (time,getdate())),'wsv','wsv',0 ,'aut673392118167339f6876' ,0,0 ,2,23.00,210000,?,?,?)
20241112@183331.5515 uqqd1eucivjs7sr3noa8edl5ee Query : use flama_phc
20241112@183331.5631 uqqd1eucivjs7sr3noa8edl5ee Query : select st.usalote valor from st where st.ref = '324.1833.00.2'
20241112@183331.6658 uqqd1eucivjs7sr3noa8edl5ee Query : select top 1 st.tabiva ,st.ivaincl ,st.stns ,st.uni2 ,st.familia ,isnull(tx.taxa, 0) txiva ,unidade ,usalote ,epcpond ,noserie ,conversao ,st.texteis from st left join taxasiva tx on st.tabiva = tx.codigo where st.ref = '324.1833.00.2'
20241112@183331.8235 uqqd1eucivjs7sr3noa8edl5ee Query : select 1 valor from information_schema.tables where table_type='base table' and table_name='wstablefields'
20241112@183331.9090 uqqd1eucivjs7sr3noa8edl5ee Query : select fieldkey,fieldname,fieldtype,mandatory from wstablefields where tablename = 'fi' and documentnumber = 39
20241112@183332.1152 uqqd1eucivjs7sr3noa8edl5ee Query : select 1 valor from information_schema.tables where table_type='base table' and table_name='wstablefields'
20241112@183332.1694 uqqd1eucivjs7sr3noa8edl5ee Query : select fieldkey,fieldname,fieldtype,mandatory from wstablefields where tablename = 'fi2' and documentnumber = 39
20241112@183332.2023 uqqd1eucivjs7sr3noa8edl5ee Query : select top 1 convert(numeric(6,2),t.taxa) valor from taxasiva t where t.codigo='2'
20241112@183332.2659 uqqd1eucivjs7sr3noa8edl5ee Query : select sestamp valor from se where ref ='324.1833.00.2' and lote = 'r2301257100a'
20241112@183332.3249 uqqd1eucivjs7sr3noa8edl5ee Query : select 1 valor from information_schema.tables where table_type='base table' and table_name='wstablefields'
20241112@183332.3752 uqqd1eucivjs7sr3noa8edl5ee Query : select fieldkey,fieldname,fieldtype,calcformula from wstablefields where tablename = 'fi2' and documentnumber = 39
20241112@183332.4497 uqqd1eucivjs7sr3noa8edl5ee Query : insert into wsfi2data (fi2stamp,ftstamp ,ousrdata, ousrhora, usrdata,usrhora,ousrinis,usrinis) values ('aut673399276667339f7c4f','aut673392118167339f6876' ,getdate(),convert(char(8),convert (time,getdate())),getdate(),convert(char(8),convert (time,getdate())),'wsv','wsv')
20241112@183332.4665 uqqd1eucivjs7sr3noa8edl5ee Query : select 1 valor from information_schema.tables where table_type='base table' and table_name='wstablefields'
20241112@183332.5209 uqqd1eucivjs7sr3noa8edl5ee Query : select fieldkey,fieldname,fieldtype,calcformula from wstablefields where tablename = 'fi' and documentnumber = 39
20241112@183332.7081 uqqd1eucivjs7sr3noa8edl5ee Query : insert into wsfidata (fistamp,ousrdata, ousrhora, usrdata,usrhora,ousrinis,usrinis ,qtt ,ftstamp ,epv,pvmoeda ,tabiva,iva,lordem ,ref, design ,lote,armazem,bistamp ) values ('aut673399276667339f7c4f',getdate(),convert(char(8),convert (time,getdate())),getdate(),convert(char(8),convert (time,getdate())),'wsv','wsv',2.000 ,'aut673392118167339f6876' ,0,0 ,2,23.00,230000,?,?,?,?,?)
20241112@183332.8171 uqqd1eucivjs7sr3noa8edl5ee Query : use flama_phc
20241112@183332.8255 uqqd1eucivjs7sr3noa8edl5ee Query : select st.usalote valor from st where st.ref = '324.945.00.01'
20241112@183332.8939 uqqd1eucivjs7sr3noa8edl5ee Query : select top 1 st.tabiva ,st.ivaincl ,st.stns ,st.uni2 ,st.familia ,isnull(tx.taxa, 0) txiva ,unidade ,usalote ,epcpond ,noserie ,conversao ,st.texteis from st left join taxasiva tx on st.tabiva = tx.codigo where st.ref = '324.945.00.01'
20241112@183333.6630 uqqd1eucivjs7sr3noa8edl5ee Query : select 1 valor from information_schema.tables where table_type='base table' and table_name='wstablefields'
20241112@183333.1939 uqqd1eucivjs7sr3noa8edl5ee Query : select fieldkey,fieldname,fieldtype,mandatory from wstablefields where tablename = 'fi' and documentnumber = 39
20241112@183333.3333 uqqd1eucivjs7sr3noa8edl5ee Query : select 1 valor from information_schema.tables where table_type='base table' and table_name='wstablefields'
20241112@183333.4294 uqqd1eucivjs7sr3noa8edl5ee Query : select fieldkey,fieldname,fieldtype,mandatory from wstablefields where tablename = 'fi2' and documentnumber = 39
20241112@183333.4663 uqqd1eucivjs7sr3noa8edl5ee Query : select top 1 convert(numeric(6,2),t.taxa) valor from taxasiva t where t.codigo='2'
20241112@183333.5240 uqqd1eucivjs7sr3noa8edl5ee Query : select sestamp valor from se where ref ='324.945.00.01' and lote = 'r2400091100a'
20241112@183333.5951 uqqd1eucivjs7sr3noa8edl5ee Query : select 1 valor from information_schema.tables where table_type='base table' and table_name='wstablefields'
20241112@183333.6487 uqqd1eucivjs7sr3noa8edl5ee Query : select fieldkey,fieldname,fieldtype,calcformula from wstablefields where tablename = 'fi2' and documentnumber = 39
20241112@183333.7038 uqqd1eucivjs7sr3noa8edl5ee Query : insert into wsfi2data (fi2stamp,ftstamp ,ousrdata, ousrhora, usrdata,usrhora,ousrinis,usrinis) values ('aut673398418867339f7d91','aut673392118167339f6876' ,getdate(),convert(char(8),convert (time,getdate())),getdate(),convert(char(8),convert (time,getdate())),'wsv','wsv')
20241112@183333.7327 uqqd1eucivjs7sr3noa8edl5ee Query : select 1 valor from information_schema.tables where table_type='base table' and table_name='wstablefields'
20241112@183333.7986 uqqd1eucivjs7sr3noa8edl5ee Query : select fieldkey,fieldname,fieldtype,calcformula from wstablefields where tablename = 'fi' and documentnumber = 39
20241112@183333.9594 uqqd1eucivjs7sr3noa8edl5ee Query : insert into wsfidata (fistamp,ousrdata, ousrhora, usrdata,usrhora,ousrinis,usrinis ,qtt ,ftstamp ,epv,pvmoeda ,tabiva,iva,lordem ,ref, design ,lote,armazem,bistamp ) values ('aut673398418867339f7d91',getdate(),convert(char(8),convert (time,getdate())),getdate(),convert(char(8),convert (time,getdate())),'wsv','wsv',4.000 ,'aut673392118167339f6876' ,0,0 ,2,23.00,240000,?,?,?,?,?)
20241112@183334.8250 uqqd1eucivjs7sr3noa8edl5ee Query : use flama_phc
20241112@183334.9620 uqqd1eucivjs7sr3noa8edl5ee Query : select st.usalote valor from st where st.ref = '324.946.00.01'
20241112@183334.1867 uqqd1eucivjs7sr3noa8edl5ee Query : select top 1 st.tabiva ,st.ivaincl ,st.stns ,st.uni2 ,st.familia ,isnull(tx.taxa, 0) txiva ,unidade ,usalote ,epcpond ,noserie ,conversao ,st.texteis from st left join taxasiva tx on st.tabiva = tx.codigo where st.ref = '324.946.00.01'
20241112@183334.3496 uqqd1eucivjs7sr3noa8edl5ee Query : select 1 valor from information_schema.tables where table_type='base table' and table_name='wstablefields'
20241112@183334.3992 uqqd1eucivjs7sr3noa8edl5ee Query : select fieldkey,fieldname,fieldtype,mandatory from wstablefields where tablename = 'fi' and documentnumber = 39
20241112@183334.5300 uqqd1eucivjs7sr3noa8edl5ee Query : select 1 valor from information_schema.tables where table_type='base table' and table_name='wstablefields'
20241112@183334.5797 uqqd1eucivjs7sr3noa8edl5ee Query : select fieldkey,fieldname,fieldtype,mandatory from wstablefields where tablename = 'fi2' and documentnumber = 39
20241112@183334.6213 uqqd1eucivjs7sr3noa8edl5ee Query : select top 1 convert(numeric(6,2),t.taxa) valor from taxasiva t where t.codigo='2'
20241112@183334.7198 uqqd1eucivjs7sr3noa8edl5ee Query : select sestamp valor from se where ref ='324.946.00.01' and lote = 'r2300941200a'
20241112@183334.7668 uqqd1eucivjs7sr3noa8edl5ee Query : select 1 valor from information_schema.tables where table_type='base table' and table_name='wstablefields'
20241112@183334.8767 uqqd1eucivjs7sr3noa8edl5ee Query : select fieldkey,fieldname,fieldtype,calcformula from wstablefields where tablename = 'fi2' and documentnumber = 39
20241112@183334.9214 uqqd1eucivjs7sr3noa8edl5ee Query : insert into wsfi2data (fi2stamp,ftstamp ,ousrdata, ousrhora, usrdata,usrhora,ousrinis,usrinis) values ('aut673399257467339f7ebb','aut673392118167339f6876' ,getdate(),convert(char(8),convert (time,getdate())),getdate(),convert(char(8),convert (time,getdate())),'wsv','wsv')
20241112@183334.9297 uqqd1eucivjs7sr3noa8edl5ee Query : select 1 valor from information_schema.tables where table_type='base table' and table_name='wstablefields'
20241112@183335.9400 uqqd1eucivjs7sr3noa8edl5ee Query : select fieldkey,fieldname,fieldtype,calcformula from wstablefields where tablename = 'fi' and documentnumber = 39
20241112@183335.1719 uqqd1eucivjs7sr3noa8edl5ee Query : insert into wsfidata (fistamp,ousrdata, ousrhora, usrdata,usrhora,ousrinis,usrinis ,qtt ,ftstamp ,epv,pvmoeda ,tabiva,iva,lordem ,ref, design ,lote,armazem,bistamp ) values ('aut673399257467339f7ebb',getdate(),convert(char(8),convert (time,getdate())),getdate(),convert(char(8),convert (time,getdate())),'wsv','wsv',4.000 ,'aut673392118167339f6876' ,0,0 ,2,23.00,250000,?,?,?,?,?)
20241112@183335.2889 uqqd1eucivjs7sr3noa8edl5ee Query : use flama_phc
20241112@183335.2973 uqqd1eucivjs7sr3noa8edl5ee Query : select st.usalote valor from st where st.ref = '324.675.00.01'
20241112@183335.4300 uqqd1eucivjs7sr3noa8edl5ee Query : select top 1 st.tabiva ,st.ivaincl ,st.stns ,st.uni2 ,st.familia ,isnull(tx.taxa, 0) txiva ,unidade ,usalote ,epcpond ,noserie ,conversao ,st.texteis from st left join taxasiva tx on st.tabiva = tx.codigo where st.ref = '324.675.00.01'
20241112@183335.5914 uqqd1eucivjs7sr3noa8edl5ee Query : select 1 valor from information_schema.tables where table_type='base table' and table_name='wstablefields'
20241112@183335.6414 uqqd1eucivjs7sr3noa8edl5ee Query : select fieldkey,fieldname,fieldtype,mandatory from wstablefields where tablename = 'fi' and documentnumber = 39
20241112@183335.7920 uqqd1eucivjs7sr3noa8edl5ee Query : select 1 valor from information_schema.tables where table_type='base table' and table_name='wstablefields'
20241112@183335.8779 uqqd1eucivjs7sr3noa8edl5ee Query : select fieldkey,fieldname,fieldtype,mandatory from wstablefields where tablename = 'fi2' and documentnumber = 39
20241112@183335.9564 uqqd1eucivjs7sr3noa8edl5ee Query : select top 1 convert(numeric(6,2),t.taxa) valor from taxasiva t where t.codigo='2'
20241112@183336.5900 uqqd1eucivjs7sr3noa8edl5ee Query : select sestamp valor from se where ref ='324.675.00.01' and lote = 'r2400407200a'
20241112@183336.5880 uqqd1eucivjs7sr3noa8edl5ee Query : select 1 valor from information_schema.tables where table_type='base table' and table_name='wstablefields'
20241112@183336.1785 uqqd1eucivjs7sr3noa8edl5ee Query : select fieldkey,fieldname,fieldtype,calcformula from wstablefields where tablename = 'fi2' and documentnumber = 39
20241112@183336.2198 uqqd1eucivjs7sr3noa8edl5ee Query : insert into wsfi2data (fi2stamp,ftstamp ,ousrdata, ousrhora, usrdata,usrhora,ousrinis,usrinis) values ('aut673398277667339f800e','aut673392118167339f6876' ,getdate(),convert(char(8),convert (time,getdate())),getdate(),convert(char(8),convert (time,getdate())),'wsv','wsv')
20241112@183336.2282 uqqd1eucivjs7sr3noa8edl5ee Query : select 1 valor from information_schema.tables where table_type='base table' and table_name='wstablefields'
20241112@183336.3135 uqqd1eucivjs7sr3noa8edl5ee Query : select fieldkey,fieldname,fieldtype,calcformula from wstablefields where tablename = 'fi' and documentnumber = 39
20241112@183336.4370 uqqd1eucivjs7sr3noa8edl5ee Query : insert into wsfidata (fistamp,ousrdata, ousrhora, usrdata,usrhora,ousrinis,usrinis ,qtt ,ftstamp ,epv,pvmoeda ,tabiva,iva,lordem ,ref, design ,lote,armazem,bistamp ) values ('aut673398277667339f800e',getdate(),convert(char(8),convert (time,getdate())),getdate(),convert(char(8),convert (time,getdate())),'wsv','wsv',1.000 ,'aut673392118167339f6876' ,0,0 ,2,23.00,260000,?,?,?,?,?)
20241112@183336.5584 uqqd1eucivjs7sr3noa8edl5ee Query : select 1 valor from information_schema.tables where table_type='base table' and table_name='wstablefields'
20241112@183336.6082 uqqd1eucivjs7sr3noa8edl5ee Query : select fieldkey,fieldname,fieldtype,mandatory from wstablefields where tablename = 'fi' and documentnumber = 39
20241112@183336.7651 uqqd1eucivjs7sr3noa8edl5ee Query : select 1 valor from information_schema.tables where table_type='base table' and table_name='wstablefields'
20241112@183336.8559 uqqd1eucivjs7sr3noa8edl5ee Query : select fieldkey,fieldname,fieldtype,mandatory from wstablefields where tablename = 'fi2' and documentnumber = 39
20241112@183336.8959 uqqd1eucivjs7sr3noa8edl5ee Query : select top 1 convert(numeric(6,2),t.taxa) valor from taxasiva t where t.codigo='2'
20241112@183336.9575 uqqd1eucivjs7sr3noa8edl5ee Query : select 1 valor from information_schema.tables where table_type='base table' and table_name='wstablefields'
20241112@183337.9310 uqqd1eucivjs7sr3noa8edl5ee Query : select fieldkey,fieldname,fieldtype,calcformula from wstablefields where tablename = 'fi2' and documentnumber = 39
20241112@183337.2193 uqqd1eucivjs7sr3noa8edl5ee Query : insert into wsfi2data (fi2stamp,ftstamp ,ousrdata, ousrhora, usrdata,usrhora,ousrinis,usrinis) values ('aut673395974167339f80e9','aut673392118167339f6876' ,getdate(),convert(char(8),convert (time,getdate())),getdate(),convert(char(8),convert (time,getdate())),'wsv','wsv')
20241112@183337.2320 uqqd1eucivjs7sr3noa8edl5ee Query : select 1 valor from information_schema.tables where table_type='base table' and table_name='wstablefields'
20241112@183337.2941 uqqd1eucivjs7sr3noa8edl5ee Query : select fieldkey,fieldname,fieldtype,calcformula from wstablefields where tablename = 'fi' and documentnumber = 39
20241112@183337.4466 uqqd1eucivjs7sr3noa8edl5ee Query : insert into wsfidata (fistamp,ousrdata, ousrhora, usrdata,usrhora,ousrinis,usrinis ,qtt ,ftstamp ,epv,pvmoeda ,tabiva,iva,lordem ,ref, design ,armazem) values ('aut673395974167339f80e9',getdate(),convert(char(8),convert (time,getdate())),getdate(),convert(char(8),convert (time,getdate())),'wsv','wsv',0 ,'aut673392118167339f6876' ,0,0 ,2,23.00,270000,?,?,?)
20241112@183337.5513 uqqd1eucivjs7sr3noa8edl5ee Query : use flama_phc
20241112@183337.5595 uqqd1eucivjs7sr3noa8edl5ee Query : select st.usalote valor from st where st.ref = '324.675.00.01'
20241112@183337.6257 uqqd1eucivjs7sr3noa8edl5ee Query : select top 1 st.tabiva ,st.ivaincl ,st.stns ,st.uni2 ,st.familia ,isnull(tx.taxa, 0) txiva ,unidade ,usalote ,epcpond ,noserie ,conversao ,st.texteis from st left join taxasiva tx on st.tabiva = tx.codigo where st.ref = '324.675.00.01'
20241112@183337.7490 uqqd1eucivjs7sr3noa8edl5ee Query : select 1 valor from information_schema.tables where table_type='base table' and table_name='wstablefields'
20241112@183337.7989 uqqd1eucivjs7sr3noa8edl5ee Query : select fieldkey,fieldname,fieldtype,mandatory from wstablefields where tablename = 'fi' and documentnumber = 39
20241112@183337.9140 uqqd1eucivjs7sr3noa8edl5ee Query : select 1 valor from information_schema.tables where table_type='base table' and table_name='wstablefields'
20241112@183337.9643 uqqd1eucivjs7sr3noa8edl5ee Query : select fieldkey,fieldname,fieldtype,mandatory from wstablefields where tablename = 'fi2' and documentnumber = 39
20241112@183338.1380 uqqd1eucivjs7sr3noa8edl5ee Query : select top 1 convert(numeric(6,2),t.taxa) valor from taxasiva t where t.codigo='2'
20241112@183338.8920 uqqd1eucivjs7sr3noa8edl5ee Query : select sestamp valor from se where ref ='324.675.00.01' and lote = 'r2400407200a'
20241112@183338.1391 uqqd1eucivjs7sr3noa8edl5ee Query : select 1 valor from information_schema.tables where table_type='base table' and table_name='wstablefields'
20241112@183338.2626 uqqd1eucivjs7sr3noa8edl5ee Query : select fieldkey,fieldname,fieldtype,calcformula from wstablefields where tablename = 'fi2' and documentnumber = 39
20241112@183338.3062 uqqd1eucivjs7sr3noa8edl5ee Query : insert into wsfi2data (fi2stamp,ftstamp ,ousrdata, ousrhora, usrdata,usrhora,ousrinis,usrinis) values ('aut673394711767339f8221','aut673392118167339f6876' ,getdate(),convert(char(8),convert (time,getdate())),getdate(),convert(char(8),convert (time,getdate())),'wsv','wsv')
20241112@183338.3146 uqqd1eucivjs7sr3noa8edl5ee Query : select 1 valor from information_schema.tables where table_type='base table' and table_name='wstablefields'
20241112@183338.4541 uqqd1eucivjs7sr3noa8edl5ee Query : select fieldkey,fieldname,fieldtype,calcformula from wstablefields where tablename = 'fi' and documentnumber = 39
20241112@183338.6402 uqqd1eucivjs7sr3noa8edl5ee Query : insert into wsfidata (fistamp,ousrdata, ousrhora, usrdata,usrhora,ousrinis,usrinis ,qtt ,ftstamp ,epv,pvmoeda ,tabiva,iva,lordem ,ref, design ,lote,armazem,bistamp ) values ('aut673394711767339f8221',getdate(),convert(char(8),convert (time,getdate())),getdate(),convert(char(8),convert (time,getdate())),'wsv','wsv',1.000 ,'aut673392118167339f6876' ,0,0 ,2,23.00,290000,?,?,?,?,?)
20241112@183338.7825 uqqd1eucivjs7sr3noa8edl5ee Query : select 1 valor from information_schema.tables where table_type='base table' and table_name='wstablefields'
20241112@183338.8932 uqqd1eucivjs7sr3noa8edl5ee Query : select fieldkey,fieldname,fieldtype,mandatory from wstablefields where tablename = 'fi' and documentnumber = 39
20241112@183339.5800 uqqd1eucivjs7sr3noa8edl5ee Query : select 1 valor from information_schema.tables where table_type='base table' and table_name='wstablefields'
20241112@183339.1283 uqqd1eucivjs7sr3noa8edl5ee Query : select fieldkey,fieldname,fieldtype,mandatory from wstablefields where tablename = 'fi2' and documentnumber = 39
20241112@183339.2017 uqqd1eucivjs7sr3noa8edl5ee Query : select top 1 convert(numeric(6,2),t.taxa) valor from taxasiva t where t.codigo='2'
20241112@183339.2515 uqqd1eucivjs7sr3noa8edl5ee Query : select 1 valor from information_schema.tables where table_type='base table' and table_name='wstablefields'
20241112@183339.3153 uqqd1eucivjs7sr3noa8edl5ee Query : select fieldkey,fieldname,fieldtype,calcformula from wstablefields where tablename = 'fi2' and documentnumber = 39
20241112@183339.4099 uqqd1eucivjs7sr3noa8edl5ee Query : insert into wsfi2data (fi2stamp,ftstamp ,ousrdata, ousrhora, usrdata,usrhora,ousrinis,usrinis) values ('aut673393308667339f833d','aut673392118167339f6876' ,getdate(),convert(char(8),convert (time,getdate())),getdate(),convert(char(8),convert (time,getdate())),'wsv','wsv')
20241112@183339.4183 uqqd1eucivjs7sr3noa8edl5ee Query : select 1 valor from information_schema.tables where table_type='base table' and table_name='wstablefields'
20241112@183339.4685 uqqd1eucivjs7sr3noa8edl5ee Query : select fieldkey,fieldname,fieldtype,calcformula from wstablefields where tablename = 'fi' and documentnumber = 39
20241112@183339.6253 uqqd1eucivjs7sr3noa8edl5ee Query : insert into wsfidata (fistamp,ousrdata, ousrhora, usrdata,usrhora,ousrinis,usrinis ,qtt ,ftstamp ,epv,pvmoeda ,tabiva,iva,lordem ,ref, design ,armazem) values ('aut673393308667339f833d',getdate(),convert(char(8),convert (time,getdate())),getdate(),convert(char(8),convert (time,getdate())),'wsv','wsv',0 ,'aut673392118167339f6876' ,0,0 ,2,23.00,300000,?,?,?)
20241112@183339.7315 uqqd1eucivjs7sr3noa8edl5ee Query : use flama_phc
20241112@183339.7428 uqqd1eucivjs7sr3noa8edl5ee Query : select st.usalote valor from st where st.ref = '324.729.00.01'
20241112@183339.8087 uqqd1eucivjs7sr3noa8edl5ee Query : select top 1 st.tabiva ,st.ivaincl ,st.stns ,st.uni2 ,st.familia ,isnull(tx.taxa, 0) txiva ,unidade ,usalote ,epcpond ,noserie ,conversao ,st.texteis from st left join taxasiva tx on st.tabiva = tx.codigo where st.ref = '324.729.00.01'
20241112@183339.9432 uqqd1eucivjs7sr3noa8edl5ee Query : select 1 valor from information_schema.tables where table_type='base table' and table_name='wstablefields'
20241112@183339.9929 uqqd1eucivjs7sr3noa8edl5ee Query : select fieldkey,fieldname,fieldtype,mandatory from wstablefields where tablename = 'fi' and documentnumber = 39
20241112@183340.1423 uqqd1eucivjs7sr3noa8edl5ee Query : select 1 valor from information_schema.tables where table_type='base table' and table_name='wstablefields'
20241112@183340.2355 uqqd1eucivjs7sr3noa8edl5ee Query : select fieldkey,fieldname,fieldtype,mandatory from wstablefields where tablename = 'fi2' and documentnumber = 39
20241112@183340.2846 uqqd1eucivjs7sr3noa8edl5ee Query : select top 1 convert(numeric(6,2),t.taxa) valor from taxasiva t where t.codigo='2'
20241112@183340.3494 uqqd1eucivjs7sr3noa8edl5ee Query : select sestamp valor from se where ref ='324.729.00.01' and lote = 'r2400238100a'
20241112@183340.3990 uqqd1eucivjs7sr3noa8edl5ee Query : select 1 valor from information_schema.tables where table_type='base table' and table_name='wstablefields'
20241112@183340.4816 uqqd1eucivjs7sr3noa8edl5ee Query : select fieldkey,fieldname,fieldtype,calcformula from wstablefields where tablename = 'fi2' and documentnumber = 39
20241112@183340.5556 uqqd1eucivjs7sr3noa8edl5ee Query : insert into wsfi2data (fi2stamp,ftstamp ,ousrdata, ousrhora, usrdata,usrhora,ousrinis,usrinis) values ('aut673391529567339f8461','aut673392118167339f6876' ,getdate(),convert(char(8),convert (time,getdate())),getdate(),convert(char(8),convert (time,getdate())),'wsv','wsv')
20241112@183340.5640 uqqd1eucivjs7sr3noa8edl5ee Query : select 1 valor from information_schema.tables where table_type='base table' and table_name='wstablefields'
20241112@183340.6137 uqqd1eucivjs7sr3noa8edl5ee Query : select fieldkey,fieldname,fieldtype,calcformula from wstablefields where tablename = 'fi' and documentnumber = 39
20241112@183340.7429 uqqd1eucivjs7sr3noa8edl5ee Query : insert into wsfidata (fistamp,ousrdata, ousrhora, usrdata,usrhora,ousrinis,usrinis ,qtt ,ftstamp ,epv,pvmoeda ,tabiva,iva,lordem ,ref, design ,lote,armazem,bistamp ) values ('aut673391529567339f8461',getdate(),convert(char(8),convert (time,getdate())),getdate(),convert(char(8),convert (time,getdate())),'wsv','wsv',8.000 ,'aut673392118167339f6876' ,0,0 ,2,23.00,320000,?,?,?,?,?)
20241112@183341.4430 uqqd1eucivjs7sr3noa8edl5ee Query : select 1 valor from information_schema.tables where table_type='base table' and table_name='wstablefields'
20241112@183341.9390 uqqd1eucivjs7sr3noa8edl5ee Query : select fieldkey,fieldname,fieldtype,mandatory from wstablefields where tablename = 'fi' and documentnumber = 39
20241112@183341.2083 uqqd1eucivjs7sr3noa8edl5ee Query : select 1 valor from information_schema.tables where table_type='base table' and table_name='wstablefields'
20241112@183341.2762 uqqd1eucivjs7sr3noa8edl5ee Query : select fieldkey,fieldname,fieldtype,mandatory from wstablefields where tablename = 'fi2' and documentnumber = 39
20241112@183341.3111 uqqd1eucivjs7sr3noa8edl5ee Query : select top 1 convert(numeric(6,2),t.taxa) valor from taxasiva t where t.codigo='2'
20241112@183341.4864 uqqd1eucivjs7sr3noa8edl5ee Query : select 1 valor from information_schema.tables where table_type='base table' and table_name='wstablefields'
20241112@183341.5383 uqqd1eucivjs7sr3noa8edl5ee Query : select fieldkey,fieldname,fieldtype,calcformula from wstablefields where tablename = 'fi2' and documentnumber = 39
20241112@183341.5956 uqqd1eucivjs7sr3noa8edl5ee Query : insert into wsfi2data (fi2stamp,ftstamp ,ousrdata, ousrhora, usrdata,usrhora,ousrinis,usrinis) values ('aut673398470467339f8576','aut673392118167339f6876' ,getdate(),convert(char(8),convert (time,getdate())),getdate(),convert(char(8),convert (time,getdate())),'wsv','wsv')
20241112@183341.6040 uqqd1eucivjs7sr3noa8edl5ee Query : select 1 valor from information_schema.tables where table_type='base table' and table_name='wstablefields'
20241112@183341.6541 uqqd1eucivjs7sr3noa8edl5ee Query : select fieldkey,fieldname,fieldtype,calcformula from wstablefields where tablename = 'fi' and documentnumber = 39
20241112@183341.7176 uqqd1eucivjs7sr3noa8edl5ee Query : insert into wsfidata (fistamp,ousrdata, ousrhora, usrdata,usrhora,ousrinis,usrinis ,qtt ,ftstamp ,epv,pvmoeda ,tabiva,iva,lordem ,ref, design ,armazem) values ('aut673398470467339f8576',getdate(),convert(char(8),convert (time,getdate())),getdate(),convert(char(8),convert (time,getdate())),'wsv','wsv',0 ,'aut673392118167339f6876' ,0,0 ,2,23.00,330000,?,?,?)
20241112@183341.8171 uqqd1eucivjs7sr3noa8edl5ee Query : insert into wsftcreationlog (initialftstamp,externalid,creationstatus,documenttypeid,idustamp) values ('aut673392118167339f6876','2407524','wait',39,'adm09112754980.682000002')
20241112@183341.8796 uqqd1eucivjs7sr3noa8edl5ee Query : use flama_phc
20241112@183341.8837 uqqd1eucivjs7sr3noa8edl5ee Query : update u_wsusers set rqsttoken =? where userid ='userls001'
20241112@183341.9085 uqqd1eucivjs7sr3noa8edl5ee Query : select concat(rtrim(relative_path),ltrim(name_new)) as valor from uploadfiles where uploadfile_id='3278';
20241112@183341.9464 uqqd1eucivjs7sr3noa8edl5ee Query : update uploadfiles set whenupdated=current_timestamp where uploadfile_id='3278';
20241112@183341.9740 uqqd1eucivjs7sr3noa8edl5ee Query : select concat(rtrim(relative_path),ltrim(name_new)) as valor from uploadfiles where uploadfile_id='3278';
20241112@183342.4700 uqqd1eucivjs7sr3noa8edl5ee Query : update uploadfiles set whenupdated=current_timestamp where uploadfile_id='3278';

20241113@084711.6490 h5k5bdsunnhc37mgeonlqjtgn6 Query : update uploadfiles set whenupdated=current_timestamp where uploadfile_id='3279';
20241113@084711.6564 h5k5bdsunnhc37mgeonlqjtgn6 Query : select concat(rtrim(relative_path),ltrim(name_new)) as valor from uploadfiles where uploadfile_id='3279';
20241113@084711.6594 h5k5bdsunnhc37mgeonlqjtgn6 Query : update uploadfiles set whenupdated=current_timestamp where uploadfile_id='3279';
20241113@084711.6644 h5k5bdsunnhc37mgeonlqjtgn6 Query : use flama_phc
20241113@084711.6648 h5k5bdsunnhc37mgeonlqjtgn6 Query : select top 1 secretkey valor from u_wsusers u where u.userid = ? and u.inactivo=0
20241113@084711.6746 h5k5bdsunnhc37mgeonlqjtgn6 Query : select top 1 isnull(design,'') valor from st (nolock) where st.ref = '304.4861.00.1'
20241113@084711.6878 h5k5bdsunnhc37mgeonlqjtgn6 Query : select top 1 bistamp valor from bi inner join bo on bo.bostamp=bi.bostamp where bo.ndos =005 and bo.boano =2024 and bo.obrano = 0000552 and bi.ref ='304.4861.00.1' and bi.lordem =10000
20241113@084711.7230 h5k5bdsunnhc37mgeonlqjtgn6 Query : select bi.edebito ,bi.desconto ,bi.desc2 ,bi.desc3 ,bi.desc4 ,bi.obranome ,bi.bostamp ,bo.moeda ,bi.vumoeda ,isnull(bi.vumoeda/nullif(bi.edebito,0),1) cambio ,bi.tabiva from bi inner join bo on bi.bostamp = bo.bostamp where bi.bistamp = 'az24111251141,987000001 ' 
20241113@084711.7543 h5k5bdsunnhc37mgeonlqjtgn6 Query : use flama_phc
20241113@084711.7546 h5k5bdsunnhc37mgeonlqjtgn6 Query : select top 1 1 valor from ts where ts.ndos = 61
20241113@084711.7638 h5k5bdsunnhc37mgeonlqjtgn6 Query : use flama_phc
20241113@084711.7642 h5k5bdsunnhc37mgeonlqjtgn6 Query : select lower(descricao) descricao ,case when valor='s' then 1 else 0 end valor from para1 where descricao in ('st_lote','st_usalogifunc', 'st_grelha')
20241113@084711.7750 h5k5bdsunnhc37mgeonlqjtgn6 Query : select top 1 assinadoc issigned ,ts.stocks ,ts.bdempresas origin ,case when (cmstocks between 1 and 50 or cm2stocks between 1 and 50 ) then 1 else 0 end entrada ,case when cmstocks>50 or (cm2stocks>50 and trfa =1) then 1 else 0 end saida ,stneg validatestock ,tiposaft ,veserie useserialnumber ,foserie assetin ,ftserie assetout ,veserie assets ,trfarm assetstransfer ,grelha usegridfields from ts inner join ts2 on ts.tsstamp=ts2.ts2stamp where ts.ndos =61
20241113@084711.7913 h5k5bdsunnhc37mgeonlqjtgn6 Query : use flama_phc
20241113@084711.7917 h5k5bdsunnhc37mgeonlqjtgn6 Query : select top 1 ~inactivo valor from fl where no = '2' and estab = 2 order by inactivo desc
20241113@084711.8055 h5k5bdsunnhc37mgeonlqjtgn6 Query : use flama_phc
20241113@084711.8059 h5k5bdsunnhc37mgeonlqjtgn6 Query : select top 1 errorresult result ,errornumber errornumber ,descriptionpt description ,isnull(descriptionen,'') descriptionen ,isnull(descriptionfr,'') descriptionfr from wserrorcodes where errornumber = -230
20241113@084711.8153 h5k5bdsunnhc37mgeonlqjtgn6 Query : select concat(rtrim(relative_path),ltrim(name_new)) as valor from uploadfiles where uploadfile_id='3279';
20241113@084711.8197 h5k5bdsunnhc37mgeonlqjtgn6 Query : update uploadfiles set whenupdated=current_timestamp where uploadfile_id='3279';

20241113@132613.9183 ch0uoobrviah9obng6bgo6oq98 Query : update uploadfiles set whenupdated=current_timestamp where uploadfile_id='3280';
20241113@132613.9242 ch0uoobrviah9obng6bgo6oq98 Query : select concat(rtrim(relative_path),ltrim(name_new)) as valor from uploadfiles where uploadfile_id='3280';
20241113@132613.9273 ch0uoobrviah9obng6bgo6oq98 Query : update uploadfiles set whenupdated=current_timestamp where uploadfile_id='3280';
20241113@132613.9342 ch0uoobrviah9obng6bgo6oq98 Query : use flama_phc
20241113@132613.9345 ch0uoobrviah9obng6bgo6oq98 Query : select top 1 secretkey valor from u_wsusers u where u.userid = ? and u.inactivo=0
20241113@132613.9414 ch0uoobrviah9obng6bgo6oq98 Query : use flama_phc
20241113@132613.9417 ch0uoobrviah9obng6bgo6oq98 Query : select no, estab,szadrsdesc from szadrs where u_coddest=2138
20241113@132613.9506 ch0uoobrviah9obng6bgo6oq98 Query : select top 1 isnull(design,'') valor from st (nolock) left join stobs (nolock) on st.ref = stobs.ref where st.ref = '324.1816.00.1'
20241113@132613.9657 ch0uoobrviah9obng6bgo6oq98 Query : select top 1 isnull(design,'') valor from st (nolock) left join stobs (nolock) on st.ref = stobs.ref where st.ref = '324.1816.00.1'
20241113@132613.9727 ch0uoobrviah9obng6bgo6oq98 Query : select top 1 isnull(design,'') valor from st (nolock) left join stobs (nolock) on st.ref = stobs.ref where st.ref = '324.1816.00.1'
20241113@132613.9815 ch0uoobrviah9obng6bgo6oq98 Query : use flama_phc
20241113@132613.9818 ch0uoobrviah9obng6bgo6oq98 Query : select top 1 convert(date,fdata) valor from ft where ndoc = 39 and anulado= 0 and fno>0 order by fdata desc
20241113@132614.1580 ch0uoobrviah9obng6bgo6oq98 Query : use flama_phc
20241113@132614.1620 ch0uoobrviah9obng6bgo6oq98 Query : select top 1 1 valor from td where td.ndoc = 39
20241113@132614.2570 ch0uoobrviah9obng6bgo6oq98 Query : use flama_phc
20241113@132614.2600 ch0uoobrviah9obng6bgo6oq98 Query : select lower(descricao) descricao ,case when valor='s' then 1 else 0 end valor from para1 where descricao in ('st_lote','st_usalogifunc', 'st_grelha')
20241113@132614.4750 ch0uoobrviah9obng6bgo6oq98 Query : select top 1 manternumero ,assinadoc issigned ,tiposaft ,assinaimp ,nmdos ,td.assinadoc ,'cl' origin ,lancasl stocks ,case when cmsl<50 and td.lancasl=1 then 1 else 0 end entrada ,case when cmsl>50 and td.lancasl=1 then 1 else 0 end saida ,temserie assets ,~semgre usegridfields from td inner join td2 on td.tdstamp=td2.td2stamp where td.ndoc = 1
20241113@132614.7110 ch0uoobrviah9obng6bgo6oq98 Query : use flama_phc
20241113@132614.7140 ch0uoobrviah9obng6bgo6oq98 Query : select top 1 ~inactivo valor from cl where no = '100404' and estab = 0 order by inactivo desc
20241113@132614.8730 ch0uoobrviah9obng6bgo6oq98 Query : use flama_phc
20241113@132614.9160 ch0uoobrviah9obng6bgo6oq98 Query : select top 1 tipodoc,regrd from td where ndoc = 39
20241113@132614.1121 ch0uoobrviah9obng6bgo6oq98 Query : use flama_phc
20241113@132614.1125 ch0uoobrviah9obng6bgo6oq98 Query : select szadrsstamp valor from szadrs where szadrsdesc='espaÇotrans,lda'
20241113@132614.1201 ch0uoobrviah9obng6bgo6oq98 Query : use flama_phc
20241113@132614.1203 ch0uoobrviah9obng6bgo6oq98 Query : select szadrsstamp valor from szadrs where szadrsdesc='bitranlis, agentes transitára'
20241113@132614.1402 ch0uoobrviah9obng6bgo6oq98 Query : use flama_phc
20241113@132614.1426 ch0uoobrviah9obng6bgo6oq98 Query : select 1 valor from td where ndoc = 39
20241113@132614.1511 ch0uoobrviah9obng6bgo6oq98 Query : select top 1 manternumero, tiposaft, nmdos,td.assinadoc from td where td.ndoc = 39
20241113@132614.1572 ch0uoobrviah9obng6bgo6oq98 Query : select 1 valor from information_schema.tables where table_type='base table' and table_name='wstablefields'
20241113@132614.1913 ch0uoobrviah9obng6bgo6oq98 Query : select fieldkey,fieldname,fieldtype,mandatory from wstablefields where tablename = 'ft' and documentnumber = 39
20241113@132614.2048 ch0uoobrviah9obng6bgo6oq98 Query : select 1 valor from information_schema.tables where table_type='base table' and table_name='wstablefields'
20241113@132614.2065 ch0uoobrviah9obng6bgo6oq98 Query : select fieldkey,fieldname,fieldtype,mandatory from wstablefields where tablename = 'ft2' and documentnumber = 39
20241113@132614.2099 ch0uoobrviah9obng6bgo6oq98 Query : select 1 valor from information_schema.tables where table_type='base table' and table_name='wstablefields'
20241113@132614.2114 ch0uoobrviah9obng6bgo6oq98 Query : select fieldkey,fieldname,fieldtype,mandatory from wstablefields where tablename = 'ft3' and documentnumber = 39
20241113@132614.2127 ch0uoobrviah9obng6bgo6oq98 Query : select top 1 ft.fno valor from ft ft where ft.ndoc = 39 and ftano=2024 order by fno desc
20241113@132614.2333 ch0uoobrviah9obng6bgo6oq98 Query : select top 1 ft.fno valor from wsftdata ft where ft.ndoc = 39 and ftano=2024 order by fno desc
20241113@132614.2454 ch0uoobrviah9obng6bgo6oq98 Query : select 1 valor from information_schema.tables where table_type='base table' and table_name='wstablefields'
20241113@132614.2471 ch0uoobrviah9obng6bgo6oq98 Query : select fieldkey,fieldname,fieldtype,calcformula from wstablefields where tablename = 'ft3' and documentnumber = 39
20241113@132614.2522 ch0uoobrviah9obng6bgo6oq98 Query : insert into wsft3data (ft3stamp, ousrdata, ousrhora, usrdata,usrhora,ousrinis,usrinis,taxpointdt ) values ('aut6734a168906734a8f633' ,getdate(),convert(char(8),convert (time,getdate())),getdate(),convert(char(8),convert (time,getdate())),'wsv','wsv',?)
20241113@132614.2878 ch0uoobrviah9obng6bgo6oq98 Query : select 1 valor from information_schema.tables where table_type='base table' and table_name='wstablefields'
20241113@132614.2904 ch0uoobrviah9obng6bgo6oq98 Query : select fieldkey,fieldname,fieldtype,calcformula from wstablefields where tablename = 'ft2' and documentnumber = 39
20241113@132614.2941 ch0uoobrviah9obng6bgo6oq98 Query : select top 1 bo.u_nomeenv valor from bo where bo.bostamp=''
20241113@132614.3040 ch0uoobrviah9obng6bgo6oq98 Query : select top 1 bo.u_moradaen valor from bo where bo.bostamp=''
20241113@132614.3113 ch0uoobrviah9obng6bgo6oq98 Query : select top 1 bo.u_codposen valor from bo where bo.bostamp=''
20241113@132614.3192 ch0uoobrviah9obng6bgo6oq98 Query : select top 1 bo.u_localenv valor from bo where bo.bostamp=''
20241113@132614.3310 ch0uoobrviah9obng6bgo6oq98 Query : select top 1 bo.trab5 valor from bo where bo.bostamp=''
20241113@132614.3393 ch0uoobrviah9obng6bgo6oq98 Query : select top 1 bo.serie valor from bo where bo.bostamp=''
20241113@132614.3467 ch0uoobrviah9obng6bgo6oq98 Query : insert into wsft2data (ft2stamp, ousrdata,ousrhora, usrdata,usrhora,ousrinis,usrinis,u_nomeenv ,u_moradaen ,u_codposen ,u_localenv ,u_coddest ,u_codby ) values ('aut6734a168906734a8f633',getdate(),convert(char(8),convert (time,getdate())),getdate(),convert(char(8),convert (time,getdate())),'wsv','wsv',?,?,?,?,?,?)
20241113@132614.4150 ch0uoobrviah9obng6bgo6oq98 Query : select top 1 fno valor from wsftdata order by fno desc
20241113@132614.4242 ch0uoobrviah9obng6bgo6oq98 Query : select 1 valor from information_schema.tables where table_type='base table' and table_name='wstablefields'
20241113@132614.4257 ch0uoobrviah9obng6bgo6oq98 Query : select fieldkey,fieldname,fieldtype,calcformula from wstablefields where tablename = 'ft' and documentnumber = 39
20241113@132614.4280 ch0uoobrviah9obng6bgo6oq98 Query : select 'normal' from dummy
20241113@132614.4324 ch0uoobrviah9obng6bgo6oq98 Query : insert into wsftdata (ftstamp, ousrdata,ousrhora, usrdata,usrhora,ousrinis,usrinis,fno,no,estab,fdata,ndoc,moeda,cambio,cambiofixo,ftano,site ,classe ) values ('aut6734a168906734a8f633',getdate(),convert(char(8),convert (time,getdate())),getdate(),convert(char(8),convert (time,getdate())),'wsv','wsv',1838,100404,0,'2024-11-13',39,'euro',0,0,2024 ,?,?)
20241113@132614.6048 ch0uoobrviah9obng6bgo6oq98 Query : use flama_phc
20241113@132614.6051 ch0uoobrviah9obng6bgo6oq98 Query : select st.usalote valor from st where st.ref = '324.1816.00.1'
20241113@132614.6178 ch0uoobrviah9obng6bgo6oq98 Query : select top 1 st.tabiva ,st.ivaincl ,st.stns ,st.uni2 ,st.familia ,isnull(tx.taxa, 0) txiva ,unidade ,usalote ,epcpond ,noserie ,conversao ,st.texteis from st left join taxasiva tx on st.tabiva = tx.codigo where st.ref = '324.1816.00.1'
20241113@132614.6309 ch0uoobrviah9obng6bgo6oq98 Query : select 1 valor from information_schema.tables where table_type='base table' and table_name='wstablefields'
20241113@132614.6328 ch0uoobrviah9obng6bgo6oq98 Query : select fieldkey,fieldname,fieldtype,mandatory from wstablefields where tablename = 'fi' and documentnumber = 39
20241113@132614.6356 ch0uoobrviah9obng6bgo6oq98 Query : select 1 valor from information_schema.tables where table_type='base table' and table_name='wstablefields'
20241113@132614.6376 ch0uoobrviah9obng6bgo6oq98 Query : select fieldkey,fieldname,fieldtype,mandatory from wstablefields where tablename = 'fi2' and documentnumber = 39
20241113@132614.6388 ch0uoobrviah9obng6bgo6oq98 Query : select top 1 convert(numeric(6,2),t.taxa) valor from taxasiva t where t.codigo='2'
20241113@132614.6441 ch0uoobrviah9obng6bgo6oq98 Query : select sestamp valor from se where ref ='324.1816.00.1' and lote = 'r2400199200a'
20241113@132614.6587 ch0uoobrviah9obng6bgo6oq98 Query : select 1 valor from information_schema.tables where table_type='base table' and table_name='wstablefields'
20241113@132614.6602 ch0uoobrviah9obng6bgo6oq98 Query : select fieldkey,fieldname,fieldtype,calcformula from wstablefields where tablename = 'fi2' and documentnumber = 39
20241113@132614.6660 ch0uoobrviah9obng6bgo6oq98 Query : insert into wsfi2data (fi2stamp,ftstamp ,ousrdata, ousrhora, usrdata,usrhora,ousrinis,usrinis) values ('aut6734a380086734a8f6a0','aut6734a168906734a8f633' ,getdate(),convert(char(8),convert (time,getdate())),getdate(),convert(char(8),convert (time,getdate())),'wsv','wsv')
20241113@132614.6852 ch0uoobrviah9obng6bgo6oq98 Query : select 1 valor from information_schema.tables where table_type='base table' and table_name='wstablefields'
20241113@132614.6989 ch0uoobrviah9obng6bgo6oq98 Query : select fieldkey,fieldname,fieldtype,calcformula from wstablefields where tablename = 'fi' and documentnumber = 39
20241113@132614.7017 ch0uoobrviah9obng6bgo6oq98 Query : insert into wsfidata (fistamp,ousrdata, ousrhora, usrdata,usrhora,ousrinis,usrinis ,qtt ,ftstamp ,epv,pvmoeda ,tabiva,iva,lordem ,ref, design ,lote,armazem) values ('aut6734a380086734a8f6a0',getdate(),convert(char(8),convert (time,getdate())),getdate(),convert(char(8),convert (time,getdate())),'wsv','wsv',20.000 ,'aut6734a168906734a8f633' ,0,0 ,2,23.00,10000,?,?,?,?)
20241113@132614.7929 ch0uoobrviah9obng6bgo6oq98 Query : select 1 valor from information_schema.tables where table_type='base table' and table_name='wstablefields'
20241113@132614.7945 ch0uoobrviah9obng6bgo6oq98 Query : select fieldkey,fieldname,fieldtype,mandatory from wstablefields where tablename = 'fi' and documentnumber = 39
20241113@132614.7970 ch0uoobrviah9obng6bgo6oq98 Query : select 1 valor from information_schema.tables where table_type='base table' and table_name='wstablefields'
20241113@132614.7985 ch0uoobrviah9obng6bgo6oq98 Query : select fieldkey,fieldname,fieldtype,mandatory from wstablefields where tablename = 'fi2' and documentnumber = 39
20241113@132614.7993 ch0uoobrviah9obng6bgo6oq98 Query : select top 1 convert(numeric(6,2),t.taxa) valor from taxasiva t where t.codigo='2'
20241113@132614.8005 ch0uoobrviah9obng6bgo6oq98 Query : select 1 valor from information_schema.tables where table_type='base table' and table_name='wstablefields'
20241113@132614.8019 ch0uoobrviah9obng6bgo6oq98 Query : select fieldkey,fieldname,fieldtype,calcformula from wstablefields where tablename = 'fi2' and documentnumber = 39
20241113@132614.8032 ch0uoobrviah9obng6bgo6oq98 Query : insert into wsfi2data (fi2stamp,ftstamp ,ousrdata, ousrhora, usrdata,usrhora,ousrinis,usrinis) values ('aut6734a371486734a8f6c3','aut6734a168906734a8f633' ,getdate(),convert(char(8),convert (time,getdate())),getdate(),convert(char(8),convert (time,getdate())),'wsv','wsv')
20241113@132614.8036 ch0uoobrviah9obng6bgo6oq98 Query : select 1 valor from information_schema.tables where table_type='base table' and table_name='wstablefields'
20241113@132614.8050 ch0uoobrviah9obng6bgo6oq98 Query : select fieldkey,fieldname,fieldtype,calcformula from wstablefields where tablename = 'fi' and documentnumber = 39
20241113@132614.8079 ch0uoobrviah9obng6bgo6oq98 Query : insert into wsfidata (fistamp,ousrdata, ousrhora, usrdata,usrhora,ousrinis,usrinis ,qtt ,ftstamp ,epv,pvmoeda ,tabiva,iva,lordem ,ref, design ,armazem) values ('aut6734a371486734a8f6c3',getdate(),convert(char(8),convert (time,getdate())),getdate(),convert(char(8),convert (time,getdate())),'wsv','wsv',0 ,'aut6734a168906734a8f633' ,0,0 ,2,23.00,20000,?,?,?)
20241113@132614.8530 ch0uoobrviah9obng6bgo6oq98 Query : use flama_phc
20241113@132614.8533 ch0uoobrviah9obng6bgo6oq98 Query : select st.usalote valor from st where st.ref = '324.1816.00.1'
20241113@132614.8552 ch0uoobrviah9obng6bgo6oq98 Query : select top 1 st.tabiva ,st.ivaincl ,st.stns ,st.uni2 ,st.familia ,isnull(tx.taxa, 0) txiva ,unidade ,usalote ,epcpond ,noserie ,conversao ,st.texteis from st left join taxasiva tx on st.tabiva = tx.codigo where st.ref = '324.1816.00.1'
20241113@132614.8566 ch0uoobrviah9obng6bgo6oq98 Query : select 1 valor from information_schema.tables where table_type='base table' and table_name='wstablefields'
20241113@132614.8583 ch0uoobrviah9obng6bgo6oq98 Query : select fieldkey,fieldname,fieldtype,mandatory from wstablefields where tablename = 'fi' and documentnumber = 39
20241113@132614.8609 ch0uoobrviah9obng6bgo6oq98 Query : select 1 valor from information_schema.tables where table_type='base table' and table_name='wstablefields'
20241113@132614.8624 ch0uoobrviah9obng6bgo6oq98 Query : select fieldkey,fieldname,fieldtype,mandatory from wstablefields where tablename = 'fi2' and documentnumber = 39
20241113@132614.8633 ch0uoobrviah9obng6bgo6oq98 Query : select top 1 convert(numeric(6,2),t.taxa) valor from taxasiva t where t.codigo='2'
20241113@132614.8645 ch0uoobrviah9obng6bgo6oq98 Query : select sestamp valor from se where ref ='324.1816.00.1' and lote = 'r2400199200a'
20241113@132614.8657 ch0uoobrviah9obng6bgo6oq98 Query : select 1 valor from information_schema.tables where table_type='base table' and table_name='wstablefields'
20241113@132614.8671 ch0uoobrviah9obng6bgo6oq98 Query : select fieldkey,fieldname,fieldtype,calcformula from wstablefields where tablename = 'fi2' and documentnumber = 39
20241113@132614.8682 ch0uoobrviah9obng6bgo6oq98 Query : insert into wsfi2data (fi2stamp,ftstamp ,ousrdata, ousrhora, usrdata,usrhora,ousrinis,usrinis) values ('aut6734a606716734a8f6d3','aut6734a168906734a8f633' ,getdate(),convert(char(8),convert (time,getdate())),getdate(),convert(char(8),convert (time,getdate())),'wsv','wsv')
20241113@132614.8686 ch0uoobrviah9obng6bgo6oq98 Query : select 1 valor from information_schema.tables where table_type='base table' and table_name='wstablefields'
20241113@132614.8700 ch0uoobrviah9obng6bgo6oq98 Query : select fieldkey,fieldname,fieldtype,calcformula from wstablefields where tablename = 'fi' and documentnumber = 39
20241113@132614.8728 ch0uoobrviah9obng6bgo6oq98 Query : insert into wsfidata (fistamp,ousrdata, ousrhora, usrdata,usrhora,ousrinis,usrinis ,qtt ,ftstamp ,epv,pvmoeda ,tabiva,iva,lordem ,ref, design ,lote,armazem) values ('aut6734a606716734a8f6d3',getdate(),convert(char(8),convert (time,getdate())),getdate(),convert(char(8),convert (time,getdate())),'wsv','wsv',20.000 ,'aut6734a168906734a8f633' ,0,0 ,2,23.00,40000,?,?,?,?)
20241113@132614.9001 ch0uoobrviah9obng6bgo6oq98 Query : select 1 valor from information_schema.tables where table_type='base table' and table_name='wstablefields'
20241113@132614.9017 ch0uoobrviah9obng6bgo6oq98 Query : select fieldkey,fieldname,fieldtype,mandatory from wstablefields where tablename = 'fi' and documentnumber = 39
20241113@132614.9045 ch0uoobrviah9obng6bgo6oq98 Query : select 1 valor from information_schema.tables where table_type='base table' and table_name='wstablefields'
20241113@132614.9059 ch0uoobrviah9obng6bgo6oq98 Query : select fieldkey,fieldname,fieldtype,mandatory from wstablefields where tablename = 'fi2' and documentnumber = 39
20241113@132614.9066 ch0uoobrviah9obng6bgo6oq98 Query : select top 1 convert(numeric(6,2),t.taxa) valor from taxasiva t where t.codigo='2'
20241113@132614.9079 ch0uoobrviah9obng6bgo6oq98 Query : select 1 valor from information_schema.tables where table_type='base table' and table_name='wstablefields'
20241113@132614.9094 ch0uoobrviah9obng6bgo6oq98 Query : select fieldkey,fieldname,fieldtype,calcformula from wstablefields where tablename = 'fi2' and documentnumber = 39
20241113@132614.9105 ch0uoobrviah9obng6bgo6oq98 Query : insert into wsfi2data (fi2stamp,ftstamp ,ousrdata, ousrhora, usrdata,usrhora,ousrinis,usrinis) values ('aut6734a518086734a8f6dd','aut6734a168906734a8f633' ,getdate(),convert(char(8),convert (time,getdate())),getdate(),convert(char(8),convert (time,getdate())),'wsv','wsv')
20241113@132614.9110 ch0uoobrviah9obng6bgo6oq98 Query : select 1 valor from information_schema.tables where table_type='base table' and table_name='wstablefields'
20241113@132614.9130 ch0uoobrviah9obng6bgo6oq98 Query : select fieldkey,fieldname,fieldtype,calcformula from wstablefields where tablename = 'fi' and documentnumber = 39
20241113@132614.9158 ch0uoobrviah9obng6bgo6oq98 Query : insert into wsfidata (fistamp,ousrdata, ousrhora, usrdata,usrhora,ousrinis,usrinis ,qtt ,ftstamp ,epv,pvmoeda ,tabiva,iva,lordem ,ref, design ,armazem) values ('aut6734a518086734a8f6dd',getdate(),convert(char(8),convert (time,getdate())),getdate(),convert(char(8),convert (time,getdate())),'wsv','wsv',0 ,'aut6734a168906734a8f633' ,0,0 ,2,23.00,50000,?,?,?)
20241113@132614.9410 ch0uoobrviah9obng6bgo6oq98 Query : use flama_phc
20241113@132614.9413 ch0uoobrviah9obng6bgo6oq98 Query : select st.usalote valor from st where st.ref = '324.1816.00.1'
20241113@132614.9433 ch0uoobrviah9obng6bgo6oq98 Query : select top 1 st.tabiva ,st.ivaincl ,st.stns ,st.uni2 ,st.familia ,isnull(tx.taxa, 0) txiva ,unidade ,usalote ,epcpond ,noserie ,conversao ,st.texteis from st left join taxasiva tx on st.tabiva = tx.codigo where st.ref = '324.1816.00.1'
20241113@132614.9447 ch0uoobrviah9obng6bgo6oq98 Query : select 1 valor from information_schema.tables where table_type='base table' and table_name='wstablefields'
20241113@132614.9472 ch0uoobrviah9obng6bgo6oq98 Query : select fieldkey,fieldname,fieldtype,mandatory from wstablefields where tablename = 'fi' and documentnumber = 39
20241113@132614.9497 ch0uoobrviah9obng6bgo6oq98 Query : select 1 valor from information_schema.tables where table_type='base table' and table_name='wstablefields'
20241113@132614.9511 ch0uoobrviah9obng6bgo6oq98 Query : select fieldkey,fieldname,fieldtype,mandatory from wstablefields where tablename = 'fi2' and documentnumber = 39
20241113@132614.9519 ch0uoobrviah9obng6bgo6oq98 Query : select top 1 convert(numeric(6,2),t.taxa) valor from taxasiva t where t.codigo='2'
20241113@132614.9532 ch0uoobrviah9obng6bgo6oq98 Query : select sestamp valor from se where ref ='324.1816.00.1' and lote = 'r2400199200a'
20241113@132614.9545 ch0uoobrviah9obng6bgo6oq98 Query : select 1 valor from information_schema.tables where table_type='base table' and table_name='wstablefields'
20241113@132614.9559 ch0uoobrviah9obng6bgo6oq98 Query : select fieldkey,fieldname,fieldtype,calcformula from wstablefields where tablename = 'fi2' and documentnumber = 39
20241113@132614.9570 ch0uoobrviah9obng6bgo6oq98 Query : insert into wsfi2data (fi2stamp,ftstamp ,ousrdata, ousrhora, usrdata,usrhora,ousrinis,usrinis) values ('aut6734a408446734a8f6e9','aut6734a168906734a8f633' ,getdate(),convert(char(8),convert (time,getdate())),getdate(),convert(char(8),convert (time,getdate())),'wsv','wsv')
20241113@132614.9574 ch0uoobrviah9obng6bgo6oq98 Query : select 1 valor from information_schema.tables where table_type='base table' and table_name='wstablefields'
20241113@132614.9592 ch0uoobrviah9obng6bgo6oq98 Query : select fieldkey,fieldname,fieldtype,calcformula from wstablefields where tablename = 'fi' and documentnumber = 39
20241113@132614.9619 ch0uoobrviah9obng6bgo6oq98 Query : insert into wsfidata (fistamp,ousrdata, ousrhora, usrdata,usrhora,ousrinis,usrinis ,qtt ,ftstamp ,epv,pvmoeda ,tabiva,iva,lordem ,ref, design ,lote,armazem) values ('aut6734a408446734a8f6e9',getdate(),convert(char(8),convert (time,getdate())),getdate(),convert(char(8),convert (time,getdate())),'wsv','wsv',20.000 ,'aut6734a168906734a8f633' ,0,0 ,2,23.00,70000,?,?,?,?)
20241113@132614.9872 ch0uoobrviah9obng6bgo6oq98 Query : select 1 valor from information_schema.tables where table_type='base table' and table_name='wstablefields'
20241113@132614.9888 ch0uoobrviah9obng6bgo6oq98 Query : select fieldkey,fieldname,fieldtype,mandatory from wstablefields where tablename = 'fi' and documentnumber = 39
20241113@132614.9924 ch0uoobrviah9obng6bgo6oq98 Query : select 1 valor from information_schema.tables where table_type='base table' and table_name='wstablefields'
20241113@132614.9938 ch0uoobrviah9obng6bgo6oq98 Query : select fieldkey,fieldname,fieldtype,mandatory from wstablefields where tablename = 'fi2' and documentnumber = 39
20241113@132614.9946 ch0uoobrviah9obng6bgo6oq98 Query : select top 1 convert(numeric(6,2),t.taxa) valor from taxasiva t where t.codigo='2'
20241113@132614.9957 ch0uoobrviah9obng6bgo6oq98 Query : select 1 valor from information_schema.tables where table_type='base table' and table_name='wstablefields'
20241113@132614.9972 ch0uoobrviah9obng6bgo6oq98 Query : select fieldkey,fieldname,fieldtype,calcformula from wstablefields where tablename = 'fi2' and documentnumber = 39
20241113@132614.9984 ch0uoobrviah9obng6bgo6oq98 Query : insert into wsfi2data (fi2stamp,ftstamp ,ousrdata, ousrhora, usrdata,usrhora,ousrinis,usrinis) values ('aut6734a598226734a8f6f3','aut6734a168906734a8f633' ,getdate(),convert(char(8),convert (time,getdate())),getdate(),convert(char(8),convert (time,getdate())),'wsv','wsv')
20241113@132614.9988 ch0uoobrviah9obng6bgo6oq98 Query : select 1 valor from information_schema.tables where table_type='base table' and table_name='wstablefields'
20241113@132615.2000 ch0uoobrviah9obng6bgo6oq98 Query : select fieldkey,fieldname,fieldtype,calcformula from wstablefields where tablename = 'fi' and documentnumber = 39
20241113@132615.3000 ch0uoobrviah9obng6bgo6oq98 Query : insert into wsfidata (fistamp,ousrdata, ousrhora, usrdata,usrhora,ousrinis,usrinis ,qtt ,ftstamp ,epv,pvmoeda ,tabiva,iva,lordem ,ref, design ,armazem) values ('aut6734a598226734a8f6f3',getdate(),convert(char(8),convert (time,getdate())),getdate(),convert(char(8),convert (time,getdate())),'wsv','wsv',0 ,'aut6734a168906734a8f633' ,0,0 ,2,23.00,80000,?,?,?)
20241113@132615.3050 ch0uoobrviah9obng6bgo6oq98 Query : insert into wsftcreationlog (initialftstamp,externalid,creationstatus,documenttypeid,idustamp) values ('aut6734a168906734a8f633','2407544','wait',39,'adm09112754980.682000002')
20241113@132615.4060 ch0uoobrviah9obng6bgo6oq98 Query : use flama_phc
20241113@132615.4090 ch0uoobrviah9obng6bgo6oq98 Query : update u_wsusers set rqsttoken =? where userid ='userls001'
20241113@132615.4380 ch0uoobrviah9obng6bgo6oq98 Query : select concat(rtrim(relative_path),ltrim(name_new)) as valor from uploadfiles where uploadfile_id='3280';
20241113@132615.4710 ch0uoobrviah9obng6bgo6oq98 Query : update uploadfiles set whenupdated=current_timestamp where uploadfile_id='3280';
20241113@132615.5140 ch0uoobrviah9obng6bgo6oq98 Query : select concat(rtrim(relative_path),ltrim(name_new)) as valor from uploadfiles where uploadfile_id='3280';
20241113@132615.5450 ch0uoobrviah9obng6bgo6oq98 Query : update uploadfiles set whenupdated=current_timestamp where uploadfile_id='3280';

20241113@151615.3296 17jnqoj5krmdkcv038t309vkmr Query : update uploadfiles set whenupdated=current_timestamp where uploadfile_id='3281';
20241113@151615.3354 17jnqoj5krmdkcv038t309vkmr Query : select concat(rtrim(relative_path),ltrim(name_new)) as valor from uploadfiles where uploadfile_id='3281';
20241113@151615.3386 17jnqoj5krmdkcv038t309vkmr Query : update uploadfiles set whenupdated=current_timestamp where uploadfile_id='3281';
20241113@151615.3450 17jnqoj5krmdkcv038t309vkmr Query : use flama_phc
20241113@151615.3454 17jnqoj5krmdkcv038t309vkmr Query : select top 1 secretkey valor from u_wsusers u where u.userid = ? and u.inactivo=0
20241113@151615.3557 17jnqoj5krmdkcv038t309vkmr Query : use flama_phc
20241113@151615.3561 17jnqoj5krmdkcv038t309vkmr Query : select no, estab,szadrsdesc from szadrs where u_coddest=1397
20241113@151615.3657 17jnqoj5krmdkcv038t309vkmr Query : select top 1 isnull(design,'') valor from st (nolock) left join stobs (nolock) on st.ref = stobs.ref where st.ref = '324.1816.00.1'
20241113@151615.3683 17jnqoj5krmdkcv038t309vkmr Query : select top 1 bistamp valor from bi inner join bo on bo.bostamp=bi.bostamp where bo.ndos =240 and bo.boano =2075 and bo.obrano = 2407543 and bi.ref ='324.1816.00.1' and bi.lordem =1
20241113@151615.4022 17jnqoj5krmdkcv038t309vkmr Query : select top 1 isnull(design,'') valor from st (nolock) left join stobs (nolock) on st.ref = stobs.ref where st.ref = '324.1816.00.1'
20241113@151615.4042 17jnqoj5krmdkcv038t309vkmr Query : select top 1 bistamp valor from bi inner join bo on bo.bostamp=bi.bostamp where bo.ndos =240 and bo.boano =2075 and bo.obrano = 2407543 and bi.ref ='324.1816.00.1' and bi.lordem =2
20241113@151615.4628 17jnqoj5krmdkcv038t309vkmr Query : use flama_phc
20241113@151615.4631 17jnqoj5krmdkcv038t309vkmr Query : select top 1 convert(date,fdata) valor from ft where ndoc = 39 and anulado= 0 and fno>0 order by fdata desc
20241113@151615.4669 17jnqoj5krmdkcv038t309vkmr Query : use flama_phc
20241113@151615.4672 17jnqoj5krmdkcv038t309vkmr Query : select top 1 1 valor from td where td.ndoc = 39
20241113@151615.4705 17jnqoj5krmdkcv038t309vkmr Query : use flama_phc
20241113@151615.4708 17jnqoj5krmdkcv038t309vkmr Query : select lower(descricao) descricao ,case when valor='s' then 1 else 0 end valor from para1 where descricao in ('st_lote','st_usalogifunc', 'st_grelha')
20241113@151615.4783 17jnqoj5krmdkcv038t309vkmr Query : select top 1 manternumero ,assinadoc issigned ,tiposaft ,assinaimp ,nmdos ,td.assinadoc ,'cl' origin ,lancasl stocks ,case when cmsl<50 and td.lancasl=1 then 1 else 0 end entrada ,case when cmsl>50 and td.lancasl=1 then 1 else 0 end saida ,temserie assets ,~semgre usegridfields from td inner join td2 on td.tdstamp=td2.td2stamp where td.ndoc = 1
20241113@151615.4832 17jnqoj5krmdkcv038t309vkmr Query : use flama_phc
20241113@151615.4835 17jnqoj5krmdkcv038t309vkmr Query : select top 1 ~inactivo valor from cl where no = '102346' and estab = 0 order by inactivo desc
20241113@151615.4970 17jnqoj5krmdkcv038t309vkmr Query : use flama_phc
20241113@151615.4973 17jnqoj5krmdkcv038t309vkmr Query : select top 1 tipodoc,regrd from td where ndoc = 39
20241113@151615.5020 17jnqoj5krmdkcv038t309vkmr Query : use flama_phc
20241113@151615.5023 17jnqoj5krmdkcv038t309vkmr Query : select szadrsstamp valor from szadrs where szadrsdesc='espaÇotrans,lda'
20241113@151615.5072 17jnqoj5krmdkcv038t309vkmr Query : use flama_phc
20241113@151615.5075 17jnqoj5krmdkcv038t309vkmr Query : select szadrsstamp valor from szadrs where szadrsdesc='m.borges, unipessoal, lda.'
20241113@151615.5122 17jnqoj5krmdkcv038t309vkmr Query : use flama_phc
20241113@151615.5125 17jnqoj5krmdkcv038t309vkmr Query : select 1 valor from td where ndoc = 39
20241113@151615.5194 17jnqoj5krmdkcv038t309vkmr Query : select top 1 manternumero, tiposaft, nmdos,td.assinadoc from td where td.ndoc = 39
20241113@151615.5212 17jnqoj5krmdkcv038t309vkmr Query : select 1 valor from information_schema.tables where table_type='base table' and table_name='wstablefields'
20241113@151615.5241 17jnqoj5krmdkcv038t309vkmr Query : select fieldkey,fieldname,fieldtype,mandatory from wstablefields where tablename = 'ft' and documentnumber = 39
20241113@151615.5287 17jnqoj5krmdkcv038t309vkmr Query : select 1 valor from information_schema.tables where table_type='base table' and table_name='wstablefields'
20241113@151615.5302 17jnqoj5krmdkcv038t309vkmr Query : select fieldkey,fieldname,fieldtype,mandatory from wstablefields where tablename = 'ft2' and documentnumber = 39
20241113@151615.5331 17jnqoj5krmdkcv038t309vkmr Query : select 1 valor from information_schema.tables where table_type='base table' and table_name='wstablefields'
20241113@151615.5346 17jnqoj5krmdkcv038t309vkmr Query : select fieldkey,fieldname,fieldtype,mandatory from wstablefields where tablename = 'ft3' and documentnumber = 39
20241113@151615.5368 17jnqoj5krmdkcv038t309vkmr Query : select top 1 ft.fno valor from ft ft where ft.ndoc = 39 and ftano=2024 order by fno desc
20241113@151615.5428 17jnqoj5krmdkcv038t309vkmr Query : select top 1 ft.fno valor from wsftdata ft where ft.ndoc = 39 and ftano=2024 order by fno desc
20241113@151615.5458 17jnqoj5krmdkcv038t309vkmr Query : select 1 valor from information_schema.tables where table_type='base table' and table_name='wstablefields'
20241113@151615.5474 17jnqoj5krmdkcv038t309vkmr Query : select fieldkey,fieldname,fieldtype,calcformula from wstablefields where tablename = 'ft3' and documentnumber = 39
20241113@151615.5498 17jnqoj5krmdkcv038t309vkmr Query : insert into wsft3data (ft3stamp, ousrdata, ousrhora, usrdata,usrhora,ousrinis,usrinis,taxpointdt ) values ('aut6734c130766734c2bf83' ,getdate(),convert(char(8),convert (time,getdate())),getdate(),convert(char(8),convert (time,getdate())),'wsv','wsv',?)
20241113@151615.5832 17jnqoj5krmdkcv038t309vkmr Query : select 1 valor from information_schema.tables where table_type='base table' and table_name='wstablefields'
20241113@151615.5850 17jnqoj5krmdkcv038t309vkmr Query : select fieldkey,fieldname,fieldtype,calcformula from wstablefields where tablename = 'ft2' and documentnumber = 39
20241113@151615.5883 17jnqoj5krmdkcv038t309vkmr Query : select top 1 bo.u_nomeenv valor from bo where bo.bostamp=''
20241113@151615.5895 17jnqoj5krmdkcv038t309vkmr Query : select top 1 bo.u_moradaen valor from bo where bo.bostamp=''
20241113@151615.5906 17jnqoj5krmdkcv038t309vkmr Query : select top 1 bo.u_codposen valor from bo where bo.bostamp=''
20241113@151615.5917 17jnqoj5krmdkcv038t309vkmr Query : select top 1 bo.u_localenv valor from bo where bo.bostamp=''
20241113@151615.5928 17jnqoj5krmdkcv038t309vkmr Query : select top 1 bo.trab5 valor from bo where bo.bostamp=''
20241113@151615.5939 17jnqoj5krmdkcv038t309vkmr Query : select top 1 bo.serie valor from bo where bo.bostamp=''
20241113@151615.5950 17jnqoj5krmdkcv038t309vkmr Query : insert into wsft2data (ft2stamp, ousrdata,ousrhora, usrdata,usrhora,ousrinis,usrinis,u_nomeenv ,u_moradaen ,u_codposen ,u_localenv ,u_coddest ,u_codby ) values ('aut6734c130766734c2bf83',getdate(),convert(char(8),convert (time,getdate())),getdate(),convert(char(8),convert (time,getdate())),'wsv','wsv',?,?,?,?,?,?)
20241113@151615.6672 17jnqoj5krmdkcv038t309vkmr Query : select top 1 fno valor from wsftdata order by fno desc
20241113@151615.6707 17jnqoj5krmdkcv038t309vkmr Query : select 1 valor from information_schema.tables where table_type='base table' and table_name='wstablefields'
20241113@151615.6723 17jnqoj5krmdkcv038t309vkmr Query : select fieldkey,fieldname,fieldtype,calcformula from wstablefields where tablename = 'ft' and documentnumber = 39
20241113@151615.6744 17jnqoj5krmdkcv038t309vkmr Query : select 'normal' from dummy
20241113@151615.6775 17jnqoj5krmdkcv038t309vkmr Query : insert into wsftdata (ftstamp, ousrdata,ousrhora, usrdata,usrhora,ousrinis,usrinis,fno,no,estab,fdata,ndoc,moeda,cambio,cambiofixo,ftano,site ,classe ) values ('aut6734c130766734c2bf83',getdate(),convert(char(8),convert (time,getdate())),getdate(),convert(char(8),convert (time,getdate())),'wsv','wsv',1839,102346,0,'2024-11-13',39,'euro',0,0,2024 ,?,?)
20241113@151615.7360 17jnqoj5krmdkcv038t309vkmr Query : use flama_phc
20241113@151615.7363 17jnqoj5krmdkcv038t309vkmr Query : select st.usalote valor from st where st.ref = '324.1816.00.1'
20241113@151615.7391 17jnqoj5krmdkcv038t309vkmr Query : select top 1 st.tabiva ,st.ivaincl ,st.stns ,st.uni2 ,st.familia ,isnull(tx.taxa, 0) txiva ,unidade ,usalote ,epcpond ,noserie ,conversao ,st.texteis from st left join taxasiva tx on st.tabiva = tx.codigo where st.ref = '324.1816.00.1'
20241113@151615.7409 17jnqoj5krmdkcv038t309vkmr Query : select 1 valor from information_schema.tables where table_type='base table' and table_name='wstablefields'
20241113@151615.7425 17jnqoj5krmdkcv038t309vkmr Query : select fieldkey,fieldname,fieldtype,mandatory from wstablefields where tablename = 'fi' and documentnumber = 39
20241113@151615.7454 17jnqoj5krmdkcv038t309vkmr Query : select 1 valor from information_schema.tables where table_type='base table' and table_name='wstablefields'
20241113@151615.7469 17jnqoj5krmdkcv038t309vkmr Query : select fieldkey,fieldname,fieldtype,mandatory from wstablefields where tablename = 'fi2' and documentnumber = 39
20241113@151615.7477 17jnqoj5krmdkcv038t309vkmr Query : select top 1 convert(numeric(6,2),t.taxa) valor from taxasiva t where t.codigo='2'
20241113@151615.7495 17jnqoj5krmdkcv038t309vkmr Query : select sestamp valor from se where ref ='324.1816.00.1' and lote = 'r2400199200a'
20241113@151615.7522 17jnqoj5krmdkcv038t309vkmr Query : select 1 valor from information_schema.tables where table_type='base table' and table_name='wstablefields'
20241113@151615.7538 17jnqoj5krmdkcv038t309vkmr Query : select fieldkey,fieldname,fieldtype,calcformula from wstablefields where tablename = 'fi2' and documentnumber = 39
20241113@151615.7550 17jnqoj5krmdkcv038t309vkmr Query : insert into wsfi2data (fi2stamp,ftstamp ,ousrdata, ousrhora, usrdata,usrhora,ousrinis,usrinis) values ('aut6734c027776734c2bfb7','aut6734c130766734c2bf83' ,getdate(),convert(char(8),convert (time,getdate())),getdate(),convert(char(8),convert (time,getdate())),'wsv','wsv')
20241113@151615.7566 17jnqoj5krmdkcv038t309vkmr Query : select 1 valor from information_schema.tables where table_type='base table' and table_name='wstablefields'
20241113@151615.7596 17jnqoj5krmdkcv038t309vkmr Query : select fieldkey,fieldname,fieldtype,calcformula from wstablefields where tablename = 'fi' and documentnumber = 39
20241113@151615.7626 17jnqoj5krmdkcv038t309vkmr Query : insert into wsfidata (fistamp,ousrdata, ousrhora, usrdata,usrhora,ousrinis,usrinis ,qtt ,ftstamp ,epv,pvmoeda ,tabiva,iva,lordem ,ref, design ,lote,armazem,bistamp ) values ('aut6734c027776734c2bfb7',getdate(),convert(char(8),convert (time,getdate())),getdate(),convert(char(8),convert (time,getdate())),'wsv','wsv',7.000 ,'aut6734c130766734c2bf83' ,0,0 ,2,23.00,10000,?,?,?,?,?)
20241113@151615.8288 17jnqoj5krmdkcv038t309vkmr Query : select 1 valor from information_schema.tables where table_type='base table' and table_name='wstablefields'
20241113@151615.8307 17jnqoj5krmdkcv038t309vkmr Query : select fieldkey,fieldname,fieldtype,mandatory from wstablefields where tablename = 'fi' and documentnumber = 39
20241113@151615.8338 17jnqoj5krmdkcv038t309vkmr Query : select 1 valor from information_schema.tables where table_type='base table' and table_name='wstablefields'
20241113@151615.8353 17jnqoj5krmdkcv038t309vkmr Query : select fieldkey,fieldname,fieldtype,mandatory from wstablefields where tablename = 'fi2' and documentnumber = 39
20241113@151615.8362 17jnqoj5krmdkcv038t309vkmr Query : select top 1 convert(numeric(6,2),t.taxa) valor from taxasiva t where t.codigo='2'
20241113@151615.8373 17jnqoj5krmdkcv038t309vkmr Query : select 1 valor from information_schema.tables where table_type='base table' and table_name='wstablefields'
20241113@151615.8391 17jnqoj5krmdkcv038t309vkmr Query : select fieldkey,fieldname,fieldtype,calcformula from wstablefields where tablename = 'fi2' and documentnumber = 39
20241113@151615.8413 17jnqoj5krmdkcv038t309vkmr Query : insert into wsfi2data (fi2stamp,ftstamp ,ousrdata, ousrhora, usrdata,usrhora,ousrinis,usrinis) values ('aut6734c492856734c2bfcc','aut6734c130766734c2bf83' ,getdate(),convert(char(8),convert (time,getdate())),getdate(),convert(char(8),convert (time,getdate())),'wsv','wsv')
20241113@151615.8417 17jnqoj5krmdkcv038t309vkmr Query : select 1 valor from information_schema.tables where table_type='base table' and table_name='wstablefields'
20241113@151615.8432 17jnqoj5krmdkcv038t309vkmr Query : select fieldkey,fieldname,fieldtype,calcformula from wstablefields where tablename = 'fi' and documentnumber = 39
20241113@151615.8462 17jnqoj5krmdkcv038t309vkmr Query : insert into wsfidata (fistamp,ousrdata, ousrhora, usrdata,usrhora,ousrinis,usrinis ,qtt ,ftstamp ,epv,pvmoeda ,tabiva,iva,lordem ,ref, design ,armazem) values ('aut6734c492856734c2bfcc',getdate(),convert(char(8),convert (time,getdate())),getdate(),convert(char(8),convert (time,getdate())),'wsv','wsv',0 ,'aut6734c130766734c2bf83' ,0,0 ,2,23.00,20000,?,?,?)
20241113@151615.8773 17jnqoj5krmdkcv038t309vkmr Query : use flama_phc
20241113@151615.8776 17jnqoj5krmdkcv038t309vkmr Query : select st.usalote valor from st where st.ref = '324.1816.00.1'
20241113@151615.8814 17jnqoj5krmdkcv038t309vkmr Query : select top 1 st.tabiva ,st.ivaincl ,st.stns ,st.uni2 ,st.familia ,isnull(tx.taxa, 0) txiva ,unidade ,usalote ,epcpond ,noserie ,conversao ,st.texteis from st left join taxasiva tx on st.tabiva = tx.codigo where st.ref = '324.1816.00.1'
20241113@151615.8831 17jnqoj5krmdkcv038t309vkmr Query : select 1 valor from information_schema.tables where table_type='base table' and table_name='wstablefields'
20241113@151615.8865 17jnqoj5krmdkcv038t309vkmr Query : select fieldkey,fieldname,fieldtype,mandatory from wstablefields where tablename = 'fi' and documentnumber = 39
20241113@151615.8908 17jnqoj5krmdkcv038t309vkmr Query : select 1 valor from information_schema.tables where table_type='base table' and table_name='wstablefields'
20241113@151615.8925 17jnqoj5krmdkcv038t309vkmr Query : select fieldkey,fieldname,fieldtype,mandatory from wstablefields where tablename = 'fi2' and documentnumber = 39
20241113@151615.8935 17jnqoj5krmdkcv038t309vkmr Query : select top 1 convert(numeric(6,2),t.taxa) valor from taxasiva t where t.codigo='2'
20241113@151615.8950 17jnqoj5krmdkcv038t309vkmr Query : select sestamp valor from se where ref ='324.1816.00.1' and lote = 'r2400199200a'
20241113@151615.8964 17jnqoj5krmdkcv038t309vkmr Query : select 1 valor from information_schema.tables where table_type='base table' and table_name='wstablefields'
20241113@151615.8982 17jnqoj5krmdkcv038t309vkmr Query : select fieldkey,fieldname,fieldtype,calcformula from wstablefields where tablename = 'fi2' and documentnumber = 39
20241113@151615.9000 17jnqoj5krmdkcv038t309vkmr Query : insert into wsfi2data (fi2stamp,ftstamp ,ousrdata, ousrhora, usrdata,usrhora,ousrinis,usrinis) values ('aut6734c039186734c2bfda','aut6734c130766734c2bf83' ,getdate(),convert(char(8),convert (time,getdate())),getdate(),convert(char(8),convert (time,getdate())),'wsv','wsv')
20241113@151615.9005 17jnqoj5krmdkcv038t309vkmr Query : select 1 valor from information_schema.tables where table_type='base table' and table_name='wstablefields'
20241113@151615.9023 17jnqoj5krmdkcv038t309vkmr Query : select fieldkey,fieldname,fieldtype,calcformula from wstablefields where tablename = 'fi' and documentnumber = 39
20241113@151615.9059 17jnqoj5krmdkcv038t309vkmr Query : insert into wsfidata (fistamp,ousrdata, ousrhora, usrdata,usrhora,ousrinis,usrinis ,qtt ,ftstamp ,epv,pvmoeda ,tabiva,iva,lordem ,ref, design ,lote,armazem,bistamp ) values ('aut6734c039186734c2bfda',getdate(),convert(char(8),convert (time,getdate())),getdate(),convert(char(8),convert (time,getdate())),'wsv','wsv',1.000 ,'aut6734c130766734c2bf83' ,0,0 ,2,23.00,40000,?,?,?,?,?)
20241113@151615.9413 17jnqoj5krmdkcv038t309vkmr Query : select 1 valor from information_schema.tables where table_type='base table' and table_name='wstablefields'
20241113@151615.9433 17jnqoj5krmdkcv038t309vkmr Query : select fieldkey,fieldname,fieldtype,mandatory from wstablefields where tablename = 'fi' and documentnumber = 39
20241113@151615.9461 17jnqoj5krmdkcv038t309vkmr Query : select 1 valor from information_schema.tables where table_type='base table' and table_name='wstablefields'
20241113@151615.9493 17jnqoj5krmdkcv038t309vkmr Query : select fieldkey,fieldname,fieldtype,mandatory from wstablefields where tablename = 'fi2' and documentnumber = 39
20241113@151615.9505 17jnqoj5krmdkcv038t309vkmr Query : select top 1 convert(numeric(6,2),t.taxa) valor from taxasiva t where t.codigo='2'
20241113@151615.9519 17jnqoj5krmdkcv038t309vkmr Query : select 1 valor from information_schema.tables where table_type='base table' and table_name='wstablefields'
20241113@151615.9533 17jnqoj5krmdkcv038t309vkmr Query : select fieldkey,fieldname,fieldtype,calcformula from wstablefields where tablename = 'fi2' and documentnumber = 39
20241113@151615.9556 17jnqoj5krmdkcv038t309vkmr Query : insert into wsfi2data (fi2stamp,ftstamp ,ousrdata, ousrhora, usrdata,usrhora,ousrinis,usrinis) values ('aut6734c957036734c2bfe8','aut6734c130766734c2bf83' ,getdate(),convert(char(8),convert (time,getdate())),getdate(),convert(char(8),convert (time,getdate())),'wsv','wsv')
20241113@151615.9560 17jnqoj5krmdkcv038t309vkmr Query : select 1 valor from information_schema.tables where table_type='base table' and table_name='wstablefields'
20241113@151615.9576 17jnqoj5krmdkcv038t309vkmr Query : select fieldkey,fieldname,fieldtype,calcformula from wstablefields where tablename = 'fi' and documentnumber = 39
20241113@151615.9616 17jnqoj5krmdkcv038t309vkmr Query : insert into wsfidata (fistamp,ousrdata, ousrhora, usrdata,usrhora,ousrinis,usrinis ,qtt ,ftstamp ,epv,pvmoeda ,tabiva,iva,lordem ,ref, design ,armazem) values ('aut6734c957036734c2bfe8',getdate(),convert(char(8),convert (time,getdate())),getdate(),convert(char(8),convert (time,getdate())),'wsv','wsv',0 ,'aut6734c130766734c2bf83' ,0,0 ,2,23.00,50000,?,?,?)
20241113@151616.1270 17jnqoj5krmdkcv038t309vkmr Query : insert into wsftcreationlog (initialftstamp,externalid,creationstatus,documenttypeid,idustamp) values ('aut6734c130766734c2bf83','2407543','wait',39,'adm09112754980.682000002')
20241113@151616.2190 17jnqoj5krmdkcv038t309vkmr Query : use flama_phc
20241113@151616.2230 17jnqoj5krmdkcv038t309vkmr Query : update u_wsusers set rqsttoken =? where userid ='userls001'
20241113@151616.2580 17jnqoj5krmdkcv038t309vkmr Query : select concat(rtrim(relative_path),ltrim(name_new)) as valor from uploadfiles where uploadfile_id='3281';
20241113@151616.3070 17jnqoj5krmdkcv038t309vkmr Query : update uploadfiles set whenupdated=current_timestamp where uploadfile_id='3281';
20241113@151616.3590 17jnqoj5krmdkcv038t309vkmr Query : select concat(rtrim(relative_path),ltrim(name_new)) as valor from uploadfiles where uploadfile_id='3281';
20241113@151616.4000 17jnqoj5krmdkcv038t309vkmr Query : update uploadfiles set whenupdated=current_timestamp where uploadfile_id='3281';
20241113@151616.1025 bcm5snv3blp7vh31b64updrqr4 Query : insert into uploadfiles ( name_original, name_new, option_type, relative_path, whencreated ) values ( ?, ?, ?, ?, getdate() )
20241113@151616.1036 bcm5snv3blp7vh31b64updrqr4 Query : select uploadfile_id valor from uploadfiles where name_new = ? and option_type = ? 
20241113@151616.1107 bcm5snv3blp7vh31b64updrqr4 Query : select concat(rtrim(relative_path),ltrim(name_new)) as valor from uploadfiles where uploadfile_id='3282';
20241113@151616.1171 bcm5snv3blp7vh31b64updrqr4 Query : update uploadfiles set whenupdated=current_timestamp where uploadfile_id='3282';
