20241118@141850.7129 8bbksf38fdo2mskdcgjhhotkd2 Query : insert into wsfidata (fistamp,ousrdata, ousrhora, usrdata,usrhora,ousrinis,usrinis ,qtt ,ftstamp ,epv,pvmoeda ,tabiva,iva,lordem ,ref, design ,lote,armazem,bistamp ) values ('aut673b455404673b4cca87',getdate(),convert(char(8),convert (time,getdate())),getdate(),convert(char(8),convert (time,getdate())),'wsv','wsv',24.000 ,'aut673b460031673b4cb71f' ,0,0 ,2,23.00,1000000,?,?,?,?,?)
20241118@141850.7826 8bbksf38fdo2mskdcgjhhotkd2 Query : select 1 valor from information_schema.tables where table_type='base table' and table_name='wstablefields'
20241118@141850.8077 8bbksf38fdo2mskdcgjhhotkd2 Query : select fieldkey,fieldname,fieldtype,mandatory from wstablefields where tablename = 'fi' and documentnumber = 39
20241118@141850.8655 8bbksf38fdo2mskdcgjhhotkd2 Query : select 1 valor from information_schema.tables where table_type='base table' and table_name='wstablefields'
20241118@141850.8909 8bbksf38fdo2mskdcgjhhotkd2 Query : select fieldkey,fieldname,fieldtype,mandatory from wstablefields where tablename = 'fi2' and documentnumber = 39
20241118@141850.9074 8bbksf38fdo2mskdcgjhhotkd2 Query : select top 1 convert(numeric(6,2),t.taxa) valor from taxasiva t where t.codigo='2'
20241118@141850.9321 8bbksf38fdo2mskdcgjhhotkd2 Query : select 1 valor from information_schema.tables where table_type='base table' and table_name='wstablefields'
20241118@141851.1800 8bbksf38fdo2mskdcgjhhotkd2 Query : select fieldkey,fieldname,fieldtype,calcformula from wstablefields where tablename = 'fi2' and documentnumber = 39
20241118@141851.7590 8bbksf38fdo2mskdcgjhhotkd2 Query : insert into wsfi2data (fi2stamp,ftstamp ,ousrdata, ousrhora, usrdata,usrhora,ousrinis,usrinis) values ('aut673b475473673b4ccae3','aut673b460031673b4cb71f' ,getdate(),convert(char(8),convert (time,getdate())),getdate(),convert(char(8),convert (time,getdate())),'wsv','wsv')
20241118@141851.8030 8bbksf38fdo2mskdcgjhhotkd2 Query : select 1 valor from information_schema.tables where table_type='base table' and table_name='wstablefields'
20241118@141851.1055 8bbksf38fdo2mskdcgjhhotkd2 Query : select fieldkey,fieldname,fieldtype,calcformula from wstablefields where tablename = 'fi' and documentnumber = 39
20241118@141851.1674 8bbksf38fdo2mskdcgjhhotkd2 Query : insert into wsfidata (fistamp,ousrdata, ousrhora, usrdata,usrhora,ousrinis,usrinis ,qtt ,ftstamp ,epv,pvmoeda ,tabiva,iva,lordem ,ref, design ,armazem) values ('aut673b475473673b4ccae3',getdate(),convert(char(8),convert (time,getdate())),getdate(),convert(char(8),convert (time,getdate())),'wsv','wsv',0 ,'aut673b460031673b4cb71f' ,0,0 ,2,23.00,1010000,?,?,?)
20241118@141851.2277 8bbksf38fdo2mskdcgjhhotkd2 Query : use flama_phc
20241118@141851.2319 8bbksf38fdo2mskdcgjhhotkd2 Query : select st.usalote valor from st where st.ref = '324.646.00.01'
20241118@141851.2527 8bbksf38fdo2mskdcgjhhotkd2 Query : select top 1 st.tabiva ,st.ivaincl ,st.stns ,st.uni2 ,st.familia ,isnull(tx.taxa, 0) txiva ,unidade ,usalote ,epcpond ,noserie ,conversao ,st.texteis from st left join taxasiva tx on st.tabiva = tx.codigo where st.ref = '324.646.00.01'
20241118@141851.2544 8bbksf38fdo2mskdcgjhhotkd2 Query : select 1 valor from information_schema.tables where table_type='base table' and table_name='wstablefields'
20241118@141851.2758 8bbksf38fdo2mskdcgjhhotkd2 Query : select fieldkey,fieldname,fieldtype,mandatory from wstablefields where tablename = 'fi' and documentnumber = 39
20241118@141851.2898 8bbksf38fdo2mskdcgjhhotkd2 Query : select 1 valor from information_schema.tables where table_type='base table' and table_name='wstablefields'
20241118@141851.3209 8bbksf38fdo2mskdcgjhhotkd2 Query : select fieldkey,fieldname,fieldtype,mandatory from wstablefields where tablename = 'fi2' and documentnumber = 39
20241118@141851.3377 8bbksf38fdo2mskdcgjhhotkd2 Query : select top 1 convert(numeric(6,2),t.taxa) valor from taxasiva t where t.codigo='2'
20241118@141851.3623 8bbksf38fdo2mskdcgjhhotkd2 Query : select sestamp valor from se where ref ='324.646.00.01' and lote = 'r2400228100a'
20241118@141851.3872 8bbksf38fdo2mskdcgjhhotkd2 Query : select 1 valor from information_schema.tables where table_type='base table' and table_name='wstablefields'
20241118@141851.4124 8bbksf38fdo2mskdcgjhhotkd2 Query : select fieldkey,fieldname,fieldtype,calcformula from wstablefields where tablename = 'fi2' and documentnumber = 39
20241118@141851.4332 8bbksf38fdo2mskdcgjhhotkd2 Query : insert into wsfi2data (fi2stamp,ftstamp ,ousrdata, ousrhora, usrdata,usrhora,ousrinis,usrinis) values ('aut673b490098673b4ccb5e','aut673b460031673b4cb71f' ,getdate(),convert(char(8),convert (time,getdate())),getdate(),convert(char(8),convert (time,getdate())),'wsv','wsv')
20241118@141851.4376 8bbksf38fdo2mskdcgjhhotkd2 Query : select 1 valor from information_schema.tables where table_type='base table' and table_name='wstablefields'
20241118@141851.4629 8bbksf38fdo2mskdcgjhhotkd2 Query : select fieldkey,fieldname,fieldtype,calcformula from wstablefields where tablename = 'fi' and documentnumber = 39
20241118@141851.6314 8bbksf38fdo2mskdcgjhhotkd2 Query : insert into wsfidata (fistamp,ousrdata, ousrhora, usrdata,usrhora,ousrinis,usrinis ,qtt ,ftstamp ,epv,pvmoeda ,tabiva,iva,lordem ,ref, design ,lote,armazem,bistamp ) values ('aut673b490098673b4ccb5e',getdate(),convert(char(8),convert (time,getdate())),getdate(),convert(char(8),convert (time,getdate())),'wsv','wsv',24.000 ,'aut673b460031673b4cb71f' ,0,0 ,2,23.00,1030000,?,?,?,?,?)
20241118@141851.7005 8bbksf38fdo2mskdcgjhhotkd2 Query : select 1 valor from information_schema.tables where table_type='base table' and table_name='wstablefields'
20241118@141851.7259 8bbksf38fdo2mskdcgjhhotkd2 Query : select fieldkey,fieldname,fieldtype,mandatory from wstablefields where tablename = 'fi' and documentnumber = 39
20241118@141851.7838 8bbksf38fdo2mskdcgjhhotkd2 Query : select 1 valor from information_schema.tables where table_type='base table' and table_name='wstablefields'
20241118@141851.8090 8bbksf38fdo2mskdcgjhhotkd2 Query : select fieldkey,fieldname,fieldtype,mandatory from wstablefields where tablename = 'fi2' and documentnumber = 39
20241118@141851.8256 8bbksf38fdo2mskdcgjhhotkd2 Query : select top 1 convert(numeric(6,2),t.taxa) valor from taxasiva t where t.codigo='2'
20241118@141851.8508 8bbksf38fdo2mskdcgjhhotkd2 Query : select 1 valor from information_schema.tables where table_type='base table' and table_name='wstablefields'
20241118@141851.8764 8bbksf38fdo2mskdcgjhhotkd2 Query : select fieldkey,fieldname,fieldtype,calcformula from wstablefields where tablename = 'fi2' and documentnumber = 39
20241118@141851.8972 8bbksf38fdo2mskdcgjhhotkd2 Query : insert into wsfi2data (fi2stamp,ftstamp ,ousrdata, ousrhora, usrdata,usrhora,ousrinis,usrinis) values ('aut673b411297673b4ccbcf','aut673b460031673b4cb71f' ,getdate(),convert(char(8),convert (time,getdate())),getdate(),convert(char(8),convert (time,getdate())),'wsv','wsv')
20241118@141851.9016 8bbksf38fdo2mskdcgjhhotkd2 Query : select 1 valor from information_schema.tables where table_type='base table' and table_name='wstablefields'
20241118@141851.9269 8bbksf38fdo2mskdcgjhhotkd2 Query : select fieldkey,fieldname,fieldtype,calcformula from wstablefields where tablename = 'fi' and documentnumber = 39
20241118@141851.9888 8bbksf38fdo2mskdcgjhhotkd2 Query : insert into wsfidata (fistamp,ousrdata, ousrhora, usrdata,usrhora,ousrinis,usrinis ,qtt ,ftstamp ,epv,pvmoeda ,tabiva,iva,lordem ,ref, design ,armazem) values ('aut673b411297673b4ccbcf',getdate(),convert(char(8),convert (time,getdate())),getdate(),convert(char(8),convert (time,getdate())),'wsv','wsv',0 ,'aut673b460031673b4cb71f' ,0,0 ,2,23.00,1040000,?,?,?)
20241118@141852.4910 8bbksf38fdo2mskdcgjhhotkd2 Query : use flama_phc
20241118@141852.5330 8bbksf38fdo2mskdcgjhhotkd2 Query : select st.usalote valor from st where st.ref = '324.646.00.01'
20241118@141852.8650 8bbksf38fdo2mskdcgjhhotkd2 Query : select top 1 st.tabiva ,st.ivaincl ,st.stns ,st.uni2 ,st.familia ,isnull(tx.taxa, 0) txiva ,unidade ,usalote ,epcpond ,noserie ,conversao ,st.texteis from st left join taxasiva tx on st.tabiva = tx.codigo where st.ref = '324.646.00.01'
20241118@141852.1116 8bbksf38fdo2mskdcgjhhotkd2 Query : select 1 valor from information_schema.tables where table_type='base table' and table_name='wstablefields'
20241118@141852.1860 8bbksf38fdo2mskdcgjhhotkd2 Query : select fieldkey,fieldname,fieldtype,mandatory from wstablefields where tablename = 'fi' and documentnumber = 39
20241118@141852.2804 8bbksf38fdo2mskdcgjhhotkd2 Query : select 1 valor from information_schema.tables where table_type='base table' and table_name='wstablefields'
20241118@141852.2983 8bbksf38fdo2mskdcgjhhotkd2 Query : select fieldkey,fieldname,fieldtype,mandatory from wstablefields where tablename = 'fi2' and documentnumber = 39
20241118@141852.2996 8bbksf38fdo2mskdcgjhhotkd2 Query : select top 1 convert(numeric(6,2),t.taxa) valor from taxasiva t where t.codigo='2'
20241118@141852.3371 8bbksf38fdo2mskdcgjhhotkd2 Query : select sestamp valor from se where ref ='324.646.00.01' and lote = 'r2400228100a'
20241118@141852.3619 8bbksf38fdo2mskdcgjhhotkd2 Query : select 1 valor from information_schema.tables where table_type='base table' and table_name='wstablefields'
20241118@141852.3878 8bbksf38fdo2mskdcgjhhotkd2 Query : select fieldkey,fieldname,fieldtype,calcformula from wstablefields where tablename = 'fi2' and documentnumber = 39
20241118@141852.4085 8bbksf38fdo2mskdcgjhhotkd2 Query : insert into wsfi2data (fi2stamp,ftstamp ,ousrdata, ousrhora, usrdata,usrhora,ousrinis,usrinis) values ('aut673b480929673b4ccc58','aut673b460031673b4cb71f' ,getdate(),convert(char(8),convert (time,getdate())),getdate(),convert(char(8),convert (time,getdate())),'wsv','wsv')
20241118@141852.4129 8bbksf38fdo2mskdcgjhhotkd2 Query : select 1 valor from information_schema.tables where table_type='base table' and table_name='wstablefields'
20241118@141852.4383 8bbksf38fdo2mskdcgjhhotkd2 Query : select fieldkey,fieldname,fieldtype,calcformula from wstablefields where tablename = 'fi' and documentnumber = 39
20241118@141852.5006 8bbksf38fdo2mskdcgjhhotkd2 Query : insert into wsfidata (fistamp,ousrdata, ousrhora, usrdata,usrhora,ousrinis,usrinis ,qtt ,ftstamp ,epv,pvmoeda ,tabiva,iva,lordem ,ref, design ,lote,armazem,bistamp ) values ('aut673b480929673b4ccc58',getdate(),convert(char(8),convert (time,getdate())),getdate(),convert(char(8),convert (time,getdate())),'wsv','wsv',24.000 ,'aut673b460031673b4cb71f' ,0,0 ,2,23.00,1060000,?,?,?,?,?)
20241118@141852.5692 8bbksf38fdo2mskdcgjhhotkd2 Query : select 1 valor from information_schema.tables where table_type='base table' and table_name='wstablefields'
20241118@141852.5945 8bbksf38fdo2mskdcgjhhotkd2 Query : select fieldkey,fieldname,fieldtype,mandatory from wstablefields where tablename = 'fi' and documentnumber = 39
20241118@141852.6523 8bbksf38fdo2mskdcgjhhotkd2 Query : select 1 valor from information_schema.tables where table_type='base table' and table_name='wstablefields'
20241118@141852.6778 8bbksf38fdo2mskdcgjhhotkd2 Query : select fieldkey,fieldname,fieldtype,mandatory from wstablefields where tablename = 'fi2' and documentnumber = 39
20241118@141852.6945 8bbksf38fdo2mskdcgjhhotkd2 Query : select top 1 convert(numeric(6,2),t.taxa) valor from taxasiva t where t.codigo='2'
20241118@141852.7204 8bbksf38fdo2mskdcgjhhotkd2 Query : select 1 valor from information_schema.tables where table_type='base table' and table_name='wstablefields'
20241118@141852.7459 8bbksf38fdo2mskdcgjhhotkd2 Query : select fieldkey,fieldname,fieldtype,calcformula from wstablefields where tablename = 'fi2' and documentnumber = 39
20241118@141852.7668 8bbksf38fdo2mskdcgjhhotkd2 Query : insert into wsfi2data (fi2stamp,ftstamp ,ousrdata, ousrhora, usrdata,usrhora,ousrinis,usrinis) values ('aut673b443180673b4cccaf','aut673b460031673b4cb71f' ,getdate(),convert(char(8),convert (time,getdate())),getdate(),convert(char(8),convert (time,getdate())),'wsv','wsv')
20241118@141852.7711 8bbksf38fdo2mskdcgjhhotkd2 Query : select 1 valor from information_schema.tables where table_type='base table' and table_name='wstablefields'
20241118@141852.7964 8bbksf38fdo2mskdcgjhhotkd2 Query : select fieldkey,fieldname,fieldtype,calcformula from wstablefields where tablename = 'fi' and documentnumber = 39
20241118@141852.8585 8bbksf38fdo2mskdcgjhhotkd2 Query : insert into wsfidata (fistamp,ousrdata, ousrhora, usrdata,usrhora,ousrinis,usrinis ,qtt ,ftstamp ,epv,pvmoeda ,tabiva,iva,lordem ,ref, design ,armazem) values ('aut673b443180673b4cccaf',getdate(),convert(char(8),convert (time,getdate())),getdate(),convert(char(8),convert (time,getdate())),'wsv','wsv',0 ,'aut673b460031673b4cb71f' ,0,0 ,2,23.00,1070000,?,?,?)
20241118@141852.9268 8bbksf38fdo2mskdcgjhhotkd2 Query : use flama_phc
20241118@141852.9309 8bbksf38fdo2mskdcgjhhotkd2 Query : select st.usalote valor from st where st.ref = '324.646.00.01'
20241118@141852.9641 8bbksf38fdo2mskdcgjhhotkd2 Query : select top 1 st.tabiva ,st.ivaincl ,st.stns ,st.uni2 ,st.familia ,isnull(tx.taxa, 0) txiva ,unidade ,usalote ,epcpond ,noserie ,conversao ,st.texteis from st left join taxasiva tx on st.tabiva = tx.codigo where st.ref = '324.646.00.01'
20241118@141852.9891 8bbksf38fdo2mskdcgjhhotkd2 Query : select 1 valor from information_schema.tables where table_type='base table' and table_name='wstablefields'
20241118@141853.4750 8bbksf38fdo2mskdcgjhhotkd2 Query : select fieldkey,fieldname,fieldtype,mandatory from wstablefields where tablename = 'fi' and documentnumber = 39
20241118@141853.1669 8bbksf38fdo2mskdcgjhhotkd2 Query : select 1 valor from information_schema.tables where table_type='base table' and table_name='wstablefields'
20241118@141853.1922 8bbksf38fdo2mskdcgjhhotkd2 Query : select fieldkey,fieldname,fieldtype,mandatory from wstablefields where tablename = 'fi2' and documentnumber = 39
20241118@141853.2088 8bbksf38fdo2mskdcgjhhotkd2 Query : select top 1 convert(numeric(6,2),t.taxa) valor from taxasiva t where t.codigo='2'
20241118@141853.2215 8bbksf38fdo2mskdcgjhhotkd2 Query : select sestamp valor from se where ref ='324.646.00.01' and lote = 'r2400228100a'
20241118@141853.2231 8bbksf38fdo2mskdcgjhhotkd2 Query : select 1 valor from information_schema.tables where table_type='base table' and table_name='wstablefields'
20241118@141853.2446 8bbksf38fdo2mskdcgjhhotkd2 Query : select fieldkey,fieldname,fieldtype,calcformula from wstablefields where tablename = 'fi2' and documentnumber = 39
20241118@141853.2578 8bbksf38fdo2mskdcgjhhotkd2 Query : insert into wsfi2data (fi2stamp,ftstamp ,ousrdata, ousrhora, usrdata,usrhora,ousrinis,usrinis) values ('aut673b401083673b4ccd36','aut673b460031673b4cb71f' ,getdate(),convert(char(8),convert (time,getdate())),getdate(),convert(char(8),convert (time,getdate())),'wsv','wsv')
20241118@141853.2583 8bbksf38fdo2mskdcgjhhotkd2 Query : select 1 valor from information_schema.tables where table_type='base table' and table_name='wstablefields'
20241118@141853.2782 8bbksf38fdo2mskdcgjhhotkd2 Query : select fieldkey,fieldname,fieldtype,calcformula from wstablefields where tablename = 'fi' and documentnumber = 39
20241118@141853.3401 8bbksf38fdo2mskdcgjhhotkd2 Query : insert into wsfidata (fistamp,ousrdata, ousrhora, usrdata,usrhora,ousrinis,usrinis ,qtt ,ftstamp ,epv,pvmoeda ,tabiva,iva,lordem ,ref, design ,lote,armazem,bistamp ) values ('aut673b401083673b4ccd36',getdate(),convert(char(8),convert (time,getdate())),getdate(),convert(char(8),convert (time,getdate())),'wsv','wsv',24.000 ,'aut673b460031673b4cb71f' ,0,0 ,2,23.00,1090000,?,?,?,?,?)
20241118@141853.4086 8bbksf38fdo2mskdcgjhhotkd2 Query : select 1 valor from information_schema.tables where table_type='base table' and table_name='wstablefields'
20241118@141853.4340 8bbksf38fdo2mskdcgjhhotkd2 Query : select fieldkey,fieldname,fieldtype,mandatory from wstablefields where tablename = 'fi' and documentnumber = 39
20241118@141853.4917 8bbksf38fdo2mskdcgjhhotkd2 Query : select 1 valor from information_schema.tables where table_type='base table' and table_name='wstablefields'
20241118@141853.5169 8bbksf38fdo2mskdcgjhhotkd2 Query : select fieldkey,fieldname,fieldtype,mandatory from wstablefields where tablename = 'fi2' and documentnumber = 39
20241118@141853.5334 8bbksf38fdo2mskdcgjhhotkd2 Query : select top 1 convert(numeric(6,2),t.taxa) valor from taxasiva t where t.codigo='2'
20241118@141853.5582 8bbksf38fdo2mskdcgjhhotkd2 Query : select 1 valor from information_schema.tables where table_type='base table' and table_name='wstablefields'
20241118@141853.5834 8bbksf38fdo2mskdcgjhhotkd2 Query : select fieldkey,fieldname,fieldtype,calcformula from wstablefields where tablename = 'fi2' and documentnumber = 39
20241118@141853.6041 8bbksf38fdo2mskdcgjhhotkd2 Query : insert into wsfi2data (fi2stamp,ftstamp ,ousrdata, ousrhora, usrdata,usrhora,ousrinis,usrinis) values ('aut673b464909673b4ccd88','aut673b460031673b4cb71f' ,getdate(),convert(char(8),convert (time,getdate())),getdate(),convert(char(8),convert (time,getdate())),'wsv','wsv')
20241118@141853.6084 8bbksf38fdo2mskdcgjhhotkd2 Query : select 1 valor from information_schema.tables where table_type='base table' and table_name='wstablefields'
20241118@141853.7584 8bbksf38fdo2mskdcgjhhotkd2 Query : select fieldkey,fieldname,fieldtype,calcformula from wstablefields where tablename = 'fi' and documentnumber = 39
20241118@141853.8204 8bbksf38fdo2mskdcgjhhotkd2 Query : insert into wsfidata (fistamp,ousrdata, ousrhora, usrdata,usrhora,ousrinis,usrinis ,qtt ,ftstamp ,epv,pvmoeda ,tabiva,iva,lordem ,ref, design ,armazem) values ('aut673b464909673b4ccd88',getdate(),convert(char(8),convert (time,getdate())),getdate(),convert(char(8),convert (time,getdate())),'wsv','wsv',0 ,'aut673b460031673b4cb71f' ,0,0 ,2,23.00,1100000,?,?,?)
20241118@141853.8794 8bbksf38fdo2mskdcgjhhotkd2 Query : use flama_phc
20241118@141853.8835 8bbksf38fdo2mskdcgjhhotkd2 Query : select st.usalote valor from st where st.ref = '324.646.00.01'
20241118@141853.9167 8bbksf38fdo2mskdcgjhhotkd2 Query : select top 1 st.tabiva ,st.ivaincl ,st.stns ,st.uni2 ,st.familia ,isnull(tx.taxa, 0) txiva ,unidade ,usalote ,epcpond ,noserie ,conversao ,st.texteis from st left join taxasiva tx on st.tabiva = tx.codigo where st.ref = '324.646.00.01'
20241118@141853.9418 8bbksf38fdo2mskdcgjhhotkd2 Query : select 1 valor from information_schema.tables where table_type='base table' and table_name='wstablefields'
20241118@141853.9669 8bbksf38fdo2mskdcgjhhotkd2 Query : select fieldkey,fieldname,fieldtype,mandatory from wstablefields where tablename = 'fi' and documentnumber = 39
20241118@141854.2460 8bbksf38fdo2mskdcgjhhotkd2 Query : select 1 valor from information_schema.tables where table_type='base table' and table_name='wstablefields'
20241118@141854.5010 8bbksf38fdo2mskdcgjhhotkd2 Query : select fieldkey,fieldname,fieldtype,mandatory from wstablefields where tablename = 'fi2' and documentnumber = 39
20241118@141854.6670 8bbksf38fdo2mskdcgjhhotkd2 Query : select top 1 convert(numeric(6,2),t.taxa) valor from taxasiva t where t.codigo='2'
20241118@141854.9140 8bbksf38fdo2mskdcgjhhotkd2 Query : select sestamp valor from se where ref ='324.646.00.01' and lote = 'r2400228100a'
20241118@141854.1162 8bbksf38fdo2mskdcgjhhotkd2 Query : select 1 valor from information_schema.tables where table_type='base table' and table_name='wstablefields'
20241118@141854.1339 8bbksf38fdo2mskdcgjhhotkd2 Query : select fieldkey,fieldname,fieldtype,calcformula from wstablefields where tablename = 'fi2' and documentnumber = 39
20241118@141854.1357 8bbksf38fdo2mskdcgjhhotkd2 Query : insert into wsfi2data (fi2stamp,ftstamp ,ousrdata, ousrhora, usrdata,usrhora,ousrinis,usrinis) values ('aut673b474410673b4cce1c','aut673b460031673b4cb71f' ,getdate(),convert(char(8),convert (time,getdate())),getdate(),convert(char(8),convert (time,getdate())),'wsv','wsv')
20241118@141854.1401 8bbksf38fdo2mskdcgjhhotkd2 Query : select 1 valor from information_schema.tables where table_type='base table' and table_name='wstablefields'
20241118@141854.1653 8bbksf38fdo2mskdcgjhhotkd2 Query : select fieldkey,fieldname,fieldtype,calcformula from wstablefields where tablename = 'fi' and documentnumber = 39
20241118@141854.1916 8bbksf38fdo2mskdcgjhhotkd2 Query : insert into wsfidata (fistamp,ousrdata, ousrhora, usrdata,usrhora,ousrinis,usrinis ,qtt ,ftstamp ,epv,pvmoeda ,tabiva,iva,lordem ,ref, design ,lote,armazem,bistamp ) values ('aut673b474410673b4cce1c',getdate(),convert(char(8),convert (time,getdate())),getdate(),convert(char(8),convert (time,getdate())),'wsv','wsv',24.000 ,'aut673b460031673b4cb71f' ,0,0 ,2,23.00,1120000,?,?,?,?,?)
20241118@141854.2653 8bbksf38fdo2mskdcgjhhotkd2 Query : select 1 valor from information_schema.tables where table_type='base table' and table_name='wstablefields'
20241118@141854.2904 8bbksf38fdo2mskdcgjhhotkd2 Query : select fieldkey,fieldname,fieldtype,mandatory from wstablefields where tablename = 'fi' and documentnumber = 39
20241118@141854.3482 8bbksf38fdo2mskdcgjhhotkd2 Query : select 1 valor from information_schema.tables where table_type='base table' and table_name='wstablefields'
20241118@141854.3736 8bbksf38fdo2mskdcgjhhotkd2 Query : select fieldkey,fieldname,fieldtype,mandatory from wstablefields where tablename = 'fi2' and documentnumber = 39
20241118@141854.3905 8bbksf38fdo2mskdcgjhhotkd2 Query : select top 1 convert(numeric(6,2),t.taxa) valor from taxasiva t where t.codigo='2'
20241118@141854.4151 8bbksf38fdo2mskdcgjhhotkd2 Query : select 1 valor from information_schema.tables where table_type='base table' and table_name='wstablefields'
20241118@141854.4406 8bbksf38fdo2mskdcgjhhotkd2 Query : select fieldkey,fieldname,fieldtype,calcformula from wstablefields where tablename = 'fi2' and documentnumber = 39
20241118@141854.4615 8bbksf38fdo2mskdcgjhhotkd2 Query : insert into wsfi2data (fi2stamp,ftstamp ,ousrdata, ousrhora, usrdata,usrhora,ousrinis,usrinis) values ('aut673b411533673b4cce65','aut673b460031673b4cb71f' ,getdate(),convert(char(8),convert (time,getdate())),getdate(),convert(char(8),convert (time,getdate())),'wsv','wsv')
20241118@141854.4659 8bbksf38fdo2mskdcgjhhotkd2 Query : select 1 valor from information_schema.tables where table_type='base table' and table_name='wstablefields'
20241118@141854.4913 8bbksf38fdo2mskdcgjhhotkd2 Query : select fieldkey,fieldname,fieldtype,calcformula from wstablefields where tablename = 'fi' and documentnumber = 39
20241118@141854.5534 8bbksf38fdo2mskdcgjhhotkd2 Query : insert into wsfidata (fistamp,ousrdata, ousrhora, usrdata,usrhora,ousrinis,usrinis ,qtt ,ftstamp ,epv,pvmoeda ,tabiva,iva,lordem ,ref, design ,armazem) values ('aut673b411533673b4cce65',getdate(),convert(char(8),convert (time,getdate())),getdate(),convert(char(8),convert (time,getdate())),'wsv','wsv',0 ,'aut673b460031673b4cb71f' ,0,0 ,2,23.00,1130000,?,?,?)
20241118@141854.6214 8bbksf38fdo2mskdcgjhhotkd2 Query : use flama_phc
20241118@141854.6256 8bbksf38fdo2mskdcgjhhotkd2 Query : select st.usalote valor from st where st.ref = '324.646.00.01'
20241118@141854.7564 8bbksf38fdo2mskdcgjhhotkd2 Query : select top 1 st.tabiva ,st.ivaincl ,st.stns ,st.uni2 ,st.familia ,isnull(tx.taxa, 0) txiva ,unidade ,usalote ,epcpond ,noserie ,conversao ,st.texteis from st left join taxasiva tx on st.tabiva = tx.codigo where st.ref = '324.646.00.01'
20241118@141854.8007 8bbksf38fdo2mskdcgjhhotkd2 Query : select 1 valor from information_schema.tables where table_type='base table' and table_name='wstablefields'
20241118@141854.8261 8bbksf38fdo2mskdcgjhhotkd2 Query : select fieldkey,fieldname,fieldtype,mandatory from wstablefields where tablename = 'fi' and documentnumber = 39
20241118@141854.8844 8bbksf38fdo2mskdcgjhhotkd2 Query : select 1 valor from information_schema.tables where table_type='base table' and table_name='wstablefields'
20241118@141854.9097 8bbksf38fdo2mskdcgjhhotkd2 Query : select fieldkey,fieldname,fieldtype,mandatory from wstablefields where tablename = 'fi2' and documentnumber = 39
20241118@141854.9263 8bbksf38fdo2mskdcgjhhotkd2 Query : select top 1 convert(numeric(6,2),t.taxa) valor from taxasiva t where t.codigo='2'
20241118@141854.9514 8bbksf38fdo2mskdcgjhhotkd2 Query : select sestamp valor from se where ref ='324.646.00.01' and lote = 'r2400228100a'
20241118@141854.9765 8bbksf38fdo2mskdcgjhhotkd2 Query : select 1 valor from information_schema.tables where table_type='base table' and table_name='wstablefields'
20241118@141855.1700 8bbksf38fdo2mskdcgjhhotkd2 Query : select fieldkey,fieldname,fieldtype,calcformula from wstablefields where tablename = 'fi2' and documentnumber = 39
20241118@141855.2270 8bbksf38fdo2mskdcgjhhotkd2 Query : insert into wsfi2data (fi2stamp,ftstamp ,ousrdata, ousrhora, usrdata,usrhora,ousrinis,usrinis) values ('aut673b406483673b4cceee','aut673b460031673b4cb71f' ,getdate(),convert(char(8),convert (time,getdate())),getdate(),convert(char(8),convert (time,getdate())),'wsv','wsv')
20241118@141855.2700 8bbksf38fdo2mskdcgjhhotkd2 Query : select 1 valor from information_schema.tables where table_type='base table' and table_name='wstablefields'
20241118@141855.5280 8bbksf38fdo2mskdcgjhhotkd2 Query : select fieldkey,fieldname,fieldtype,calcformula from wstablefields where tablename = 'fi' and documentnumber = 39
20241118@141855.1159 8bbksf38fdo2mskdcgjhhotkd2 Query : insert into wsfidata (fistamp,ousrdata, ousrhora, usrdata,usrhora,ousrinis,usrinis ,qtt ,ftstamp ,epv,pvmoeda ,tabiva,iva,lordem ,ref, design ,lote,armazem,bistamp ) values ('aut673b406483673b4cceee',getdate(),convert(char(8),convert (time,getdate())),getdate(),convert(char(8),convert (time,getdate())),'wsv','wsv',24.000 ,'aut673b460031673b4cb71f' ,0,0 ,2,23.00,1150000,?,?,?,?,?)
20241118@141855.1936 8bbksf38fdo2mskdcgjhhotkd2 Query : select 1 valor from information_schema.tables where table_type='base table' and table_name='wstablefields'
20241118@141855.2192 8bbksf38fdo2mskdcgjhhotkd2 Query : select fieldkey,fieldname,fieldtype,mandatory from wstablefields where tablename = 'fi' and documentnumber = 39
20241118@141855.2773 8bbksf38fdo2mskdcgjhhotkd2 Query : select 1 valor from information_schema.tables where table_type='base table' and table_name='wstablefields'
20241118@141855.3026 8bbksf38fdo2mskdcgjhhotkd2 Query : select fieldkey,fieldname,fieldtype,mandatory from wstablefields where tablename = 'fi2' and documentnumber = 39
20241118@141855.3192 8bbksf38fdo2mskdcgjhhotkd2 Query : select top 1 convert(numeric(6,2),t.taxa) valor from taxasiva t where t.codigo='2'
20241118@141855.3441 8bbksf38fdo2mskdcgjhhotkd2 Query : select 1 valor from information_schema.tables where table_type='base table' and table_name='wstablefields'
20241118@141855.3694 8bbksf38fdo2mskdcgjhhotkd2 Query : select fieldkey,fieldname,fieldtype,calcformula from wstablefields where tablename = 'fi2' and documentnumber = 39
20241118@141855.3902 8bbksf38fdo2mskdcgjhhotkd2 Query : insert into wsfi2data (fi2stamp,ftstamp ,ousrdata, ousrhora, usrdata,usrhora,ousrinis,usrinis) values ('aut673b499148673b4ccf54','aut673b460031673b4cb71f' ,getdate(),convert(char(8),convert (time,getdate())),getdate(),convert(char(8),convert (time,getdate())),'wsv','wsv')
20241118@141855.3946 8bbksf38fdo2mskdcgjhhotkd2 Query : select 1 valor from information_schema.tables where table_type='base table' and table_name='wstablefields'
20241118@141855.4200 8bbksf38fdo2mskdcgjhhotkd2 Query : select fieldkey,fieldname,fieldtype,calcformula from wstablefields where tablename = 'fi' and documentnumber = 39
20241118@141855.4818 8bbksf38fdo2mskdcgjhhotkd2 Query : insert into wsfidata (fistamp,ousrdata, ousrhora, usrdata,usrhora,ousrinis,usrinis ,qtt ,ftstamp ,epv,pvmoeda ,tabiva,iva,lordem ,ref, design ,armazem) values ('aut673b499148673b4ccf54',getdate(),convert(char(8),convert (time,getdate())),getdate(),convert(char(8),convert (time,getdate())),'wsv','wsv',0 ,'aut673b460031673b4cb71f' ,0,0 ,2,23.00,1160000,?,?,?)
20241118@141855.5482 8bbksf38fdo2mskdcgjhhotkd2 Query : use flama_phc
20241118@141855.5523 8bbksf38fdo2mskdcgjhhotkd2 Query : select st.usalote valor from st where st.ref = '324.646.00.01'
20241118@141855.5857 8bbksf38fdo2mskdcgjhhotkd2 Query : select top 1 st.tabiva ,st.ivaincl ,st.stns ,st.uni2 ,st.familia ,isnull(tx.taxa, 0) txiva ,unidade ,usalote ,epcpond ,noserie ,conversao ,st.texteis from st left join taxasiva tx on st.tabiva = tx.codigo where st.ref = '324.646.00.01'
20241118@141855.6106 8bbksf38fdo2mskdcgjhhotkd2 Query : select 1 valor from information_schema.tables where table_type='base table' and table_name='wstablefields'
20241118@141855.6362 8bbksf38fdo2mskdcgjhhotkd2 Query : select fieldkey,fieldname,fieldtype,mandatory from wstablefields where tablename = 'fi' and documentnumber = 39
20241118@141855.6946 8bbksf38fdo2mskdcgjhhotkd2 Query : select 1 valor from information_schema.tables where table_type='base table' and table_name='wstablefields'
20241118@141855.7199 8bbksf38fdo2mskdcgjhhotkd2 Query : select fieldkey,fieldname,fieldtype,mandatory from wstablefields where tablename = 'fi2' and documentnumber = 39
20241118@141855.7366 8bbksf38fdo2mskdcgjhhotkd2 Query : select top 1 convert(numeric(6,2),t.taxa) valor from taxasiva t where t.codigo='2'
20241118@141855.7617 8bbksf38fdo2mskdcgjhhotkd2 Query : select sestamp valor from se where ref ='324.646.00.01' and lote = 'r2400228100a'
20241118@141855.7868 8bbksf38fdo2mskdcgjhhotkd2 Query : select 1 valor from information_schema.tables where table_type='base table' and table_name='wstablefields'
20241118@141855.8124 8bbksf38fdo2mskdcgjhhotkd2 Query : select fieldkey,fieldname,fieldtype,calcformula from wstablefields where tablename = 'fi2' and documentnumber = 39
20241118@141855.8333 8bbksf38fdo2mskdcgjhhotkd2 Query : insert into wsfi2data (fi2stamp,ftstamp ,ousrdata, ousrhora, usrdata,usrhora,ousrinis,usrinis) values ('aut673b478653673b4ccfc0','aut673b460031673b4cb71f' ,getdate(),convert(char(8),convert (time,getdate())),getdate(),convert(char(8),convert (time,getdate())),'wsv','wsv')
20241118@141855.8376 8bbksf38fdo2mskdcgjhhotkd2 Query : select 1 valor from information_schema.tables where table_type='base table' and table_name='wstablefields'
20241118@141855.8632 8bbksf38fdo2mskdcgjhhotkd2 Query : select fieldkey,fieldname,fieldtype,calcformula from wstablefields where tablename = 'fi' and documentnumber = 39
20241118@141855.9267 8bbksf38fdo2mskdcgjhhotkd2 Query : insert into wsfidata (fistamp,ousrdata, ousrhora, usrdata,usrhora,ousrinis,usrinis ,qtt ,ftstamp ,epv,pvmoeda ,tabiva,iva,lordem ,ref, design ,lote,armazem,bistamp ) values ('aut673b478653673b4ccfc0',getdate(),convert(char(8),convert (time,getdate())),getdate(),convert(char(8),convert (time,getdate())),'wsv','wsv',24.000 ,'aut673b460031673b4cb71f' ,0,0 ,2,23.00,1180000,?,?,?,?,?)
20241118@141856.6360 8bbksf38fdo2mskdcgjhhotkd2 Query : select 1 valor from information_schema.tables where table_type='base table' and table_name='wstablefields'
20241118@141856.1343 8bbksf38fdo2mskdcgjhhotkd2 Query : select fieldkey,fieldname,fieldtype,mandatory from wstablefields where tablename = 'fi' and documentnumber = 39
20241118@141856.1928 8bbksf38fdo2mskdcgjhhotkd2 Query : select 1 valor from information_schema.tables where table_type='base table' and table_name='wstablefields'
20241118@141856.2181 8bbksf38fdo2mskdcgjhhotkd2 Query : select fieldkey,fieldname,fieldtype,mandatory from wstablefields where tablename = 'fi2' and documentnumber = 39
20241118@141856.2347 8bbksf38fdo2mskdcgjhhotkd2 Query : select top 1 convert(numeric(6,2),t.taxa) valor from taxasiva t where t.codigo='2'
20241118@141856.2595 8bbksf38fdo2mskdcgjhhotkd2 Query : select 1 valor from information_schema.tables where table_type='base table' and table_name='wstablefields'
20241118@141856.2851 8bbksf38fdo2mskdcgjhhotkd2 Query : select fieldkey,fieldname,fieldtype,calcformula from wstablefields where tablename = 'fi2' and documentnumber = 39
20241118@141856.3061 8bbksf38fdo2mskdcgjhhotkd2 Query : insert into wsfi2data (fi2stamp,ftstamp ,ousrdata, ousrhora, usrdata,usrhora,ousrinis,usrinis) values ('aut673b494964673b4cd03f','aut673b460031673b4cb71f' ,getdate(),convert(char(8),convert (time,getdate())),getdate(),convert(char(8),convert (time,getdate())),'wsv','wsv')
20241118@141856.3105 8bbksf38fdo2mskdcgjhhotkd2 Query : select 1 valor from information_schema.tables where table_type='base table' and table_name='wstablefields'
20241118@141856.3360 8bbksf38fdo2mskdcgjhhotkd2 Query : select fieldkey,fieldname,fieldtype,calcformula from wstablefields where tablename = 'fi' and documentnumber = 39
20241118@141856.3985 8bbksf38fdo2mskdcgjhhotkd2 Query : insert into wsfidata (fistamp,ousrdata, ousrhora, usrdata,usrhora,ousrinis,usrinis ,qtt ,ftstamp ,epv,pvmoeda ,tabiva,iva,lordem ,ref, design ,armazem) values ('aut673b494964673b4cd03f',getdate(),convert(char(8),convert (time,getdate())),getdate(),convert(char(8),convert (time,getdate())),'wsv','wsv',0 ,'aut673b460031673b4cb71f' ,0,0 ,2,23.00,1190000,?,?,?)
20241118@141856.4727 8bbksf38fdo2mskdcgjhhotkd2 Query : use flama_phc
20241118@141856.4769 8bbksf38fdo2mskdcgjhhotkd2 Query : select st.usalote valor from st where st.ref = '324.646.00.01'
20241118@141856.5100 8bbksf38fdo2mskdcgjhhotkd2 Query : select top 1 st.tabiva ,st.ivaincl ,st.stns ,st.uni2 ,st.familia ,isnull(tx.taxa, 0) txiva ,unidade ,usalote ,epcpond ,noserie ,conversao ,st.texteis from st left join taxasiva tx on st.tabiva = tx.codigo where st.ref = '324.646.00.01'
20241118@141856.5352 8bbksf38fdo2mskdcgjhhotkd2 Query : select 1 valor from information_schema.tables where table_type='base table' and table_name='wstablefields'
20241118@141856.5609 8bbksf38fdo2mskdcgjhhotkd2 Query : select fieldkey,fieldname,fieldtype,mandatory from wstablefields where tablename = 'fi' and documentnumber = 39
20241118@141856.6196 8bbksf38fdo2mskdcgjhhotkd2 Query : select 1 valor from information_schema.tables where table_type='base table' and table_name='wstablefields'
20241118@141856.6461 8bbksf38fdo2mskdcgjhhotkd2 Query : select fieldkey,fieldname,fieldtype,mandatory from wstablefields where tablename = 'fi2' and documentnumber = 39
20241118@141856.6631 8bbksf38fdo2mskdcgjhhotkd2 Query : select top 1 convert(numeric(6,2),t.taxa) valor from taxasiva t where t.codigo='2'
20241118@141856.6884 8bbksf38fdo2mskdcgjhhotkd2 Query : select sestamp valor from se where ref ='324.646.00.01' and lote = 'r2400228100a'
20241118@141856.7134 8bbksf38fdo2mskdcgjhhotkd2 Query : select 1 valor from information_schema.tables where table_type='base table' and table_name='wstablefields'
20241118@141856.7392 8bbksf38fdo2mskdcgjhhotkd2 Query : select fieldkey,fieldname,fieldtype,calcformula from wstablefields where tablename = 'fi2' and documentnumber = 39
20241118@141856.9607 8bbksf38fdo2mskdcgjhhotkd2 Query : insert into wsfi2data (fi2stamp,ftstamp ,ousrdata, ousrhora, usrdata,usrhora,ousrinis,usrinis) values ('aut673b486786673b4cd0ae','aut673b460031673b4cb71f' ,getdate(),convert(char(8),convert (time,getdate())),getdate(),convert(char(8),convert (time,getdate())),'wsv','wsv')
20241118@141856.9653 8bbksf38fdo2mskdcgjhhotkd2 Query : select 1 valor from information_schema.tables where table_type='base table' and table_name='wstablefields'
20241118@141856.9917 8bbksf38fdo2mskdcgjhhotkd2 Query : select fieldkey,fieldname,fieldtype,calcformula from wstablefields where tablename = 'fi' and documentnumber = 39
20241118@141857.5520 8bbksf38fdo2mskdcgjhhotkd2 Query : insert into wsfidata (fistamp,ousrdata, ousrhora, usrdata,usrhora,ousrinis,usrinis ,qtt ,ftstamp ,epv,pvmoeda ,tabiva,iva,lordem ,ref, design ,lote,armazem,bistamp ) values ('aut673b486786673b4cd0ae',getdate(),convert(char(8),convert (time,getdate())),getdate(),convert(char(8),convert (time,getdate())),'wsv','wsv',24.000 ,'aut673b460031673b4cb71f' ,0,0 ,2,23.00,1210000,?,?,?,?,?)
20241118@141857.1391 8bbksf38fdo2mskdcgjhhotkd2 Query : select 1 valor from information_schema.tables where table_type='base table' and table_name='wstablefields'
20241118@141857.1651 8bbksf38fdo2mskdcgjhhotkd2 Query : select fieldkey,fieldname,fieldtype,mandatory from wstablefields where tablename = 'fi' and documentnumber = 39
20241118@141857.2235 8bbksf38fdo2mskdcgjhhotkd2 Query : select 1 valor from information_schema.tables where table_type='base table' and table_name='wstablefields'
20241118@141857.2494 8bbksf38fdo2mskdcgjhhotkd2 Query : select fieldkey,fieldname,fieldtype,mandatory from wstablefields where tablename = 'fi2' and documentnumber = 39
20241118@141857.2661 8bbksf38fdo2mskdcgjhhotkd2 Query : select top 1 convert(numeric(6,2),t.taxa) valor from taxasiva t where t.codigo='2'
20241118@141857.2910 8bbksf38fdo2mskdcgjhhotkd2 Query : select 1 valor from information_schema.tables where table_type='base table' and table_name='wstablefields'
20241118@141857.3164 8bbksf38fdo2mskdcgjhhotkd2 Query : select fieldkey,fieldname,fieldtype,calcformula from wstablefields where tablename = 'fi2' and documentnumber = 39
20241118@141857.3372 8bbksf38fdo2mskdcgjhhotkd2 Query : insert into wsfi2data (fi2stamp,ftstamp ,ousrdata, ousrhora, usrdata,usrhora,ousrinis,usrinis) values ('aut673b412178673b4cd147','aut673b460031673b4cb71f' ,getdate(),convert(char(8),convert (time,getdate())),getdate(),convert(char(8),convert (time,getdate())),'wsv','wsv')
20241118@141857.3416 8bbksf38fdo2mskdcgjhhotkd2 Query : select 1 valor from information_schema.tables where table_type='base table' and table_name='wstablefields'
20241118@141857.3669 8bbksf38fdo2mskdcgjhhotkd2 Query : select fieldkey,fieldname,fieldtype,calcformula from wstablefields where tablename = 'fi' and documentnumber = 39
20241118@141857.4292 8bbksf38fdo2mskdcgjhhotkd2 Query : insert into wsfidata (fistamp,ousrdata, ousrhora, usrdata,usrhora,ousrinis,usrinis ,qtt ,ftstamp ,epv,pvmoeda ,tabiva,iva,lordem ,ref, design ,armazem) values ('aut673b412178673b4cd147',getdate(),convert(char(8),convert (time,getdate())),getdate(),convert(char(8),convert (time,getdate())),'wsv','wsv',0 ,'aut673b460031673b4cb71f' ,0,0 ,2,23.00,1220000,?,?,?)
20241118@141857.4962 8bbksf38fdo2mskdcgjhhotkd2 Query : use flama_phc
20241118@141857.5003 8bbksf38fdo2mskdcgjhhotkd2 Query : select st.usalote valor from st where st.ref = '324.646.00.01'
20241118@141857.5336 8bbksf38fdo2mskdcgjhhotkd2 Query : select top 1 st.tabiva ,st.ivaincl ,st.stns ,st.uni2 ,st.familia ,isnull(tx.taxa, 0) txiva ,unidade ,usalote ,epcpond ,noserie ,conversao ,st.texteis from st left join taxasiva tx on st.tabiva = tx.codigo where st.ref = '324.646.00.01'
20241118@141857.5586 8bbksf38fdo2mskdcgjhhotkd2 Query : select 1 valor from information_schema.tables where table_type='base table' and table_name='wstablefields'
20241118@141857.5839 8bbksf38fdo2mskdcgjhhotkd2 Query : select fieldkey,fieldname,fieldtype,mandatory from wstablefields where tablename = 'fi' and documentnumber = 39
20241118@141857.7627 8bbksf38fdo2mskdcgjhhotkd2 Query : select 1 valor from information_schema.tables where table_type='base table' and table_name='wstablefields'
20241118@141857.7879 8bbksf38fdo2mskdcgjhhotkd2 Query : select fieldkey,fieldname,fieldtype,mandatory from wstablefields where tablename = 'fi2' and documentnumber = 39
20241118@141857.8045 8bbksf38fdo2mskdcgjhhotkd2 Query : select top 1 convert(numeric(6,2),t.taxa) valor from taxasiva t where t.codigo='2'
20241118@141857.8291 8bbksf38fdo2mskdcgjhhotkd2 Query : select sestamp valor from se where ref ='324.646.00.01' and lote = 'r2400228100a'
20241118@141857.8542 8bbksf38fdo2mskdcgjhhotkd2 Query : select 1 valor from information_schema.tables where table_type='base table' and table_name='wstablefields'
20241118@141857.8794 8bbksf38fdo2mskdcgjhhotkd2 Query : select fieldkey,fieldname,fieldtype,calcformula from wstablefields where tablename = 'fi2' and documentnumber = 39
20241118@141857.9000 8bbksf38fdo2mskdcgjhhotkd2 Query : insert into wsfi2data (fi2stamp,ftstamp ,ousrdata, ousrhora, usrdata,usrhora,ousrinis,usrinis) values ('aut673b488150673b4cd1d0','aut673b460031673b4cb71f' ,getdate(),convert(char(8),convert (time,getdate())),getdate(),convert(char(8),convert (time,getdate())),'wsv','wsv')
20241118@141857.9046 8bbksf38fdo2mskdcgjhhotkd2 Query : select 1 valor from information_schema.tables where table_type='base table' and table_name='wstablefields'
20241118@141857.9349 8bbksf38fdo2mskdcgjhhotkd2 Query : select fieldkey,fieldname,fieldtype,calcformula from wstablefields where tablename = 'fi' and documentnumber = 39
20241118@141857.9971 8bbksf38fdo2mskdcgjhhotkd2 Query : insert into wsfidata (fistamp,ousrdata, ousrhora, usrdata,usrhora,ousrinis,usrinis ,qtt ,ftstamp ,epv,pvmoeda ,tabiva,iva,lordem ,ref, design ,lote,armazem,bistamp ) values ('aut673b488150673b4cd1d0',getdate(),convert(char(8),convert (time,getdate())),getdate(),convert(char(8),convert (time,getdate())),'wsv','wsv',24.000 ,'aut673b460031673b4cb71f' ,0,0 ,2,23.00,1240000,?,?,?,?,?)
20241118@141858.7350 8bbksf38fdo2mskdcgjhhotkd2 Query : select 1 valor from information_schema.tables where table_type='base table' and table_name='wstablefields'
20241118@141858.9890 8bbksf38fdo2mskdcgjhhotkd2 Query : select fieldkey,fieldname,fieldtype,mandatory from wstablefields where tablename = 'fi' and documentnumber = 39
20241118@141858.1572 8bbksf38fdo2mskdcgjhhotkd2 Query : select 1 valor from information_schema.tables where table_type='base table' and table_name='wstablefields'
20241118@141858.1824 8bbksf38fdo2mskdcgjhhotkd2 Query : select fieldkey,fieldname,fieldtype,mandatory from wstablefields where tablename = 'fi2' and documentnumber = 39
20241118@141858.1990 8bbksf38fdo2mskdcgjhhotkd2 Query : select top 1 convert(numeric(6,2),t.taxa) valor from taxasiva t where t.codigo='2'
20241118@141858.2245 8bbksf38fdo2mskdcgjhhotkd2 Query : select 1 valor from information_schema.tables where table_type='base table' and table_name='wstablefields'
20241118@141858.2497 8bbksf38fdo2mskdcgjhhotkd2 Query : select fieldkey,fieldname,fieldtype,calcformula from wstablefields where tablename = 'fi2' and documentnumber = 39
20241118@141858.2703 8bbksf38fdo2mskdcgjhhotkd2 Query : insert into wsfi2data (fi2stamp,ftstamp ,ousrdata, ousrhora, usrdata,usrhora,ousrinis,usrinis) values ('aut673b499232673b4cd236','aut673b460031673b4cb71f' ,getdate(),convert(char(8),convert (time,getdate())),getdate(),convert(char(8),convert (time,getdate())),'wsv','wsv')
20241118@141858.2746 8bbksf38fdo2mskdcgjhhotkd2 Query : select 1 valor from information_schema.tables where table_type='base table' and table_name='wstablefields'
20241118@141858.3001 8bbksf38fdo2mskdcgjhhotkd2 Query : select fieldkey,fieldname,fieldtype,calcformula from wstablefields where tablename = 'fi' and documentnumber = 39
20241118@141858.3621 8bbksf38fdo2mskdcgjhhotkd2 Query : insert into wsfidata (fistamp,ousrdata, ousrhora, usrdata,usrhora,ousrinis,usrinis ,qtt ,ftstamp ,epv,pvmoeda ,tabiva,iva,lordem ,ref, design ,armazem) values ('aut673b499232673b4cd236',getdate(),convert(char(8),convert (time,getdate())),getdate(),convert(char(8),convert (time,getdate())),'wsv','wsv',0 ,'aut673b460031673b4cb71f' ,0,0 ,2,23.00,1250000,?,?,?)
20241118@141858.4282 8bbksf38fdo2mskdcgjhhotkd2 Query : use flama_phc
20241118@141858.4324 8bbksf38fdo2mskdcgjhhotkd2 Query : select st.usalote valor from st where st.ref = '324.646.00.01'
20241118@141858.4656 8bbksf38fdo2mskdcgjhhotkd2 Query : select top 1 st.tabiva ,st.ivaincl ,st.stns ,st.uni2 ,st.familia ,isnull(tx.taxa, 0) txiva ,unidade ,usalote ,epcpond ,noserie ,conversao ,st.texteis from st left join taxasiva tx on st.tabiva = tx.codigo where st.ref = '324.646.00.01'
20241118@141858.4904 8bbksf38fdo2mskdcgjhhotkd2 Query : select 1 valor from information_schema.tables where table_type='base table' and table_name='wstablefields'
20241118@141858.5157 8bbksf38fdo2mskdcgjhhotkd2 Query : select fieldkey,fieldname,fieldtype,mandatory from wstablefields where tablename = 'fi' and documentnumber = 39
20241118@141858.5734 8bbksf38fdo2mskdcgjhhotkd2 Query : select 1 valor from information_schema.tables where table_type='base table' and table_name='wstablefields'
20241118@141858.5987 8bbksf38fdo2mskdcgjhhotkd2 Query : select fieldkey,fieldname,fieldtype,mandatory from wstablefields where tablename = 'fi2' and documentnumber = 39
20241118@141858.6235 8bbksf38fdo2mskdcgjhhotkd2 Query : select top 1 convert(numeric(6,2),t.taxa) valor from taxasiva t where t.codigo='2'
20241118@141858.6491 8bbksf38fdo2mskdcgjhhotkd2 Query : select sestamp valor from se where ref ='324.646.00.01' and lote = 'r2400228100a'
20241118@141858.6740 8bbksf38fdo2mskdcgjhhotkd2 Query : select 1 valor from information_schema.tables where table_type='base table' and table_name='wstablefields'
20241118@141858.6992 8bbksf38fdo2mskdcgjhhotkd2 Query : select fieldkey,fieldname,fieldtype,calcformula from wstablefields where tablename = 'fi2' and documentnumber = 39
20241118@141858.7202 8bbksf38fdo2mskdcgjhhotkd2 Query : insert into wsfi2data (fi2stamp,ftstamp ,ousrdata, ousrhora, usrdata,usrhora,ousrinis,usrinis) values ('aut673b458246673b4cd2a4','aut673b460031673b4cb71f' ,getdate(),convert(char(8),convert (time,getdate())),getdate(),convert(char(8),convert (time,getdate())),'wsv','wsv')
20241118@141858.7245 8bbksf38fdo2mskdcgjhhotkd2 Query : select 1 valor from information_schema.tables where table_type='base table' and table_name='wstablefields'
20241118@141858.7497 8bbksf38fdo2mskdcgjhhotkd2 Query : select fieldkey,fieldname,fieldtype,calcformula from wstablefields where tablename = 'fi' and documentnumber = 39
20241118@141858.8116 8bbksf38fdo2mskdcgjhhotkd2 Query : insert into wsfidata (fistamp,ousrdata, ousrhora, usrdata,usrhora,ousrinis,usrinis ,qtt ,ftstamp ,epv,pvmoeda ,tabiva,iva,lordem ,ref, design ,lote,armazem,bistamp ) values ('aut673b458246673b4cd2a4',getdate(),convert(char(8),convert (time,getdate())),getdate(),convert(char(8),convert (time,getdate())),'wsv','wsv',24.000 ,'aut673b460031673b4cb71f' ,0,0 ,2,23.00,1270000,?,?,?,?,?)
20241118@141858.9975 8bbksf38fdo2mskdcgjhhotkd2 Query : select 1 valor from information_schema.tables where table_type='base table' and table_name='wstablefields'
20241118@141859.2260 8bbksf38fdo2mskdcgjhhotkd2 Query : select fieldkey,fieldname,fieldtype,mandatory from wstablefields where tablename = 'fi' and documentnumber = 39
20241118@141859.8060 8bbksf38fdo2mskdcgjhhotkd2 Query : select 1 valor from information_schema.tables where table_type='base table' and table_name='wstablefields'
20241118@141859.1060 8bbksf38fdo2mskdcgjhhotkd2 Query : select fieldkey,fieldname,fieldtype,mandatory from wstablefields where tablename = 'fi2' and documentnumber = 39
20241118@141859.1226 8bbksf38fdo2mskdcgjhhotkd2 Query : select top 1 convert(numeric(6,2),t.taxa) valor from taxasiva t where t.codigo='2'
20241118@141859.1475 8bbksf38fdo2mskdcgjhhotkd2 Query : select 1 valor from information_schema.tables where table_type='base table' and table_name='wstablefields'
20241118@141859.1729 8bbksf38fdo2mskdcgjhhotkd2 Query : select fieldkey,fieldname,fieldtype,calcformula from wstablefields where tablename = 'fi2' and documentnumber = 39
20241118@141859.1937 8bbksf38fdo2mskdcgjhhotkd2 Query : insert into wsfi2data (fi2stamp,ftstamp ,ousrdata, ousrhora, usrdata,usrhora,ousrinis,usrinis) values ('aut673b451040673b4cd324','aut673b460031673b4cb71f' ,getdate(),convert(char(8),convert (time,getdate())),getdate(),convert(char(8),convert (time,getdate())),'wsv','wsv')
20241118@141859.1980 8bbksf38fdo2mskdcgjhhotkd2 Query : select 1 valor from information_schema.tables where table_type='base table' and table_name='wstablefields'
20241118@141859.2233 8bbksf38fdo2mskdcgjhhotkd2 Query : select fieldkey,fieldname,fieldtype,calcformula from wstablefields where tablename = 'fi' and documentnumber = 39
20241118@141859.2853 8bbksf38fdo2mskdcgjhhotkd2 Query : insert into wsfidata (fistamp,ousrdata, ousrhora, usrdata,usrhora,ousrinis,usrinis ,qtt ,ftstamp ,epv,pvmoeda ,tabiva,iva,lordem ,ref, design ,armazem) values ('aut673b451040673b4cd324',getdate(),convert(char(8),convert (time,getdate())),getdate(),convert(char(8),convert (time,getdate())),'wsv','wsv',0 ,'aut673b460031673b4cb71f' ,0,0 ,2,23.00,1280000,?,?,?)
20241118@141859.3457 8bbksf38fdo2mskdcgjhhotkd2 Query : insert into wsftcreationlog (initialftstamp,externalid,creationstatus,documenttypeid,idustamp) values ('aut673b460031673b4cb71f','2407631','wait',39,'adm09112754980.682000002')
20241118@141859.4090 8bbksf38fdo2mskdcgjhhotkd2 Query : use flama_phc
20241118@141859.4133 8bbksf38fdo2mskdcgjhhotkd2 Query : update u_wsusers set rqsttoken =? where userid ='userls001'
20241118@141859.4382 8bbksf38fdo2mskdcgjhhotkd2 Query : select concat(rtrim(relative_path),ltrim(name_new)) as valor from uploadfiles where uploadfile_id='3363';
20241118@141859.4692 8bbksf38fdo2mskdcgjhhotkd2 Query : update uploadfiles set whenupdated=current_timestamp where uploadfile_id='3363';
20241118@141859.6257 8bbksf38fdo2mskdcgjhhotkd2 Query : select concat(rtrim(relative_path),ltrim(name_new)) as valor from uploadfiles where uploadfile_id='3363';
20241118@141859.6579 8bbksf38fdo2mskdcgjhhotkd2 Query : update uploadfiles set whenupdated=current_timestamp where uploadfile_id='3363';
20241118@141859.7859 fp9gcc7h0q4ha4bheo3eph9kg8 Query : insert into uploadfiles ( name_original, name_new, option_type, relative_path, whencreated ) values ( ?, ?, ?, ?, getdate() )
20241118@141859.7870 fp9gcc7h0q4ha4bheo3eph9kg8 Query : select uploadfile_id valor from uploadfiles where name_new = ? and option_type = ? 
20241118@141859.7963 fp9gcc7h0q4ha4bheo3eph9kg8 Query : select concat(rtrim(relative_path),ltrim(name_new)) as valor from uploadfiles where uploadfile_id='3364';
20241118@141859.8063 fp9gcc7h0q4ha4bheo3eph9kg8 Query : update uploadfiles set whenupdated=current_timestamp where uploadfile_id='3364';
20241118@141859.8150 fp9gcc7h0q4ha4bheo3eph9kg8 Query : select concat(rtrim(relative_path),ltrim(name_new)) as valor from uploadfiles where uploadfile_id='3364';
20241118@141859.8200 fp9gcc7h0q4ha4bheo3eph9kg8 Query : update uploadfiles set whenupdated=current_timestamp where uploadfile_id='3364';
20241118@141859.8306 fp9gcc7h0q4ha4bheo3eph9kg8 Query : use flama_phc
20241118@141859.8310 fp9gcc7h0q4ha4bheo3eph9kg8 Query : select top 1 secretkey valor from u_wsusers u where u.userid = ? and u.inactivo=0
20241118@141859.8382 fp9gcc7h0q4ha4bheo3eph9kg8 Query : use flama_phc
20241118@141859.8385 fp9gcc7h0q4ha4bheo3eph9kg8 Query : select no, estab,szadrsdesc from szadrs where u_coddest=6737
20241118@141859.8573 fp9gcc7h0q4ha4bheo3eph9kg8 Query : select top 1 isnull(design,'') valor from st (nolock) left join stobs (nolock) on st.ref = stobs.ref where st.ref = '328.9345.00.1'
20241118@141859.9045 fp9gcc7h0q4ha4bheo3eph9kg8 Query : select top 1 bistamp valor from bi inner join bo on bo.bostamp=bi.bostamp where bo.ndos =240 and bo.boano =2076 and bo.obrano = 2407641 and bi.ref ='328.9345.00.1' and bi.lordem =1
20241118@141859.9545 fp9gcc7h0q4ha4bheo3eph9kg8 Query : use flama_phc
20241118@141859.9588 fp9gcc7h0q4ha4bheo3eph9kg8 Query : select top 1 convert(date,fdata) valor from ft where ndoc = 39 and anulado= 0 and fno>0 order by fdata desc
20241118@141859.9717 fp9gcc7h0q4ha4bheo3eph9kg8 Query : use flama_phc
20241118@141859.9722 fp9gcc7h0q4ha4bheo3eph9kg8 Query : select top 1 1 valor from td where td.ndoc = 39
20241118@141859.9779 fp9gcc7h0q4ha4bheo3eph9kg8 Query : use flama_phc
20241118@141859.9783 fp9gcc7h0q4ha4bheo3eph9kg8 Query : select lower(descricao) descricao ,case when valor='s' then 1 else 0 end valor from para1 where descricao in ('st_lote','st_usalogifunc', 'st_grelha')
20241118@141859.9818 fp9gcc7h0q4ha4bheo3eph9kg8 Query : select top 1 manternumero ,assinadoc issigned ,tiposaft ,assinaimp ,nmdos ,td.assinadoc ,'cl' origin ,lancasl stocks ,case when cmsl<50 and td.lancasl=1 then 1 else 0 end entrada ,case when cmsl>50 and td.lancasl=1 then 1 else 0 end saida ,temserie assets ,~semgre usegridfields from td inner join td2 on td.tdstamp=td2.td2stamp where td.ndoc = 1
20241118@141859.9862 fp9gcc7h0q4ha4bheo3eph9kg8 Query : use flama_phc
20241118@141859.9866 fp9gcc7h0q4ha4bheo3eph9kg8 Query : select top 1 ~inactivo valor from cl where no = '100810' and estab = 0 order by inactivo desc
20241118@141900.1100 fp9gcc7h0q4ha4bheo3eph9kg8 Query : use flama_phc
20241118@141900.1500 fp9gcc7h0q4ha4bheo3eph9kg8 Query : select top 1 tipodoc,regrd from td where ndoc = 39
20241118@141900.9600 fp9gcc7h0q4ha4bheo3eph9kg8 Query : use flama_phc
20241118@141900.1340 fp9gcc7h0q4ha4bheo3eph9kg8 Query : select szadrsstamp valor from szadrs where szadrsdesc='espaÇotrans,lda'
20241118@141900.2830 fp9gcc7h0q4ha4bheo3eph9kg8 Query : use flama_phc
20241118@141900.3350 fp9gcc7h0q4ha4bheo3eph9kg8 Query : select szadrsstamp valor from szadrs where szadrsdesc='100810 - worten-plaza large formats rainha'
20241118@141900.4670 fp9gcc7h0q4ha4bheo3eph9kg8 Query : use flama_phc
20241118@141900.4730 fp9gcc7h0q4ha4bheo3eph9kg8 Query : select 1 valor from td where ndoc = 39
20241118@141900.4960 fp9gcc7h0q4ha4bheo3eph9kg8 Query : select top 1 manternumero, tiposaft, nmdos,td.assinadoc from td where td.ndoc = 39
20241118@141900.6020 fp9gcc7h0q4ha4bheo3eph9kg8 Query : select 1 valor from information_schema.tables where table_type='base table' and table_name='wstablefields'
20241118@141900.6210 fp9gcc7h0q4ha4bheo3eph9kg8 Query : select fieldkey,fieldname,fieldtype,mandatory from wstablefields where tablename = 'ft' and documentnumber = 39
20241118@141900.6430 fp9gcc7h0q4ha4bheo3eph9kg8 Query : select 1 valor from information_schema.tables where table_type='base table' and table_name='wstablefields'
20241118@141900.6660 fp9gcc7h0q4ha4bheo3eph9kg8 Query : select fieldkey,fieldname,fieldtype,mandatory from wstablefields where tablename = 'ft2' and documentnumber = 39
20241118@141900.6990 fp9gcc7h0q4ha4bheo3eph9kg8 Query : select 1 valor from information_schema.tables where table_type='base table' and table_name='wstablefields'
20241118@141900.7160 fp9gcc7h0q4ha4bheo3eph9kg8 Query : select fieldkey,fieldname,fieldtype,mandatory from wstablefields where tablename = 'ft3' and documentnumber = 39
20241118@141900.7300 fp9gcc7h0q4ha4bheo3eph9kg8 Query : select top 1 ft.fno valor from ft ft where ft.ndoc = 39 and ftano=2024 order by fno desc
20241118@141900.8070 fp9gcc7h0q4ha4bheo3eph9kg8 Query : select top 1 ft.fno valor from wsftdata ft where ft.ndoc = 39 and ftano=2024 order by fno desc
20241118@141900.8240 fp9gcc7h0q4ha4bheo3eph9kg8 Query : select 1 valor from information_schema.tables where table_type='base table' and table_name='wstablefields'
20241118@141900.8430 fp9gcc7h0q4ha4bheo3eph9kg8 Query : select fieldkey,fieldname,fieldtype,calcformula from wstablefields where tablename = 'ft3' and documentnumber = 39
20241118@141900.8620 fp9gcc7h0q4ha4bheo3eph9kg8 Query : insert into wsft3data (ft3stamp, ousrdata, ousrhora, usrdata,usrhora,ousrinis,usrinis,taxpointdt ) values ('aut673b497972673b4cd411' ,getdate(),convert(char(8),convert (time,getdate())),getdate(),convert(char(8),convert (time,getdate())),'wsv','wsv',?)
20241118@141900.1080 fp9gcc7h0q4ha4bheo3eph9kg8 Query : select 1 valor from information_schema.tables where table_type='base table' and table_name='wstablefields'
20241118@141900.1100 fp9gcc7h0q4ha4bheo3eph9kg8 Query : select fieldkey,fieldname,fieldtype,calcformula from wstablefields where tablename = 'ft2' and documentnumber = 39
20241118@141900.1139 fp9gcc7h0q4ha4bheo3eph9kg8 Query : select top 1 bo.u_nomeenv valor from bo where bo.bostamp=''
20241118@141900.1154 fp9gcc7h0q4ha4bheo3eph9kg8 Query : select top 1 bo.u_moradaen valor from bo where bo.bostamp=''
20241118@141900.1173 fp9gcc7h0q4ha4bheo3eph9kg8 Query : select top 1 bo.u_codposen valor from bo where bo.bostamp=''
20241118@141900.1186 fp9gcc7h0q4ha4bheo3eph9kg8 Query : select top 1 bo.u_localenv valor from bo where bo.bostamp=''
20241118@141900.1199 fp9gcc7h0q4ha4bheo3eph9kg8 Query : select top 1 bo.trab5 valor from bo where bo.bostamp=''
20241118@141900.1212 fp9gcc7h0q4ha4bheo3eph9kg8 Query : select top 1 bo.serie valor from bo where bo.bostamp=''
20241118@141900.1226 fp9gcc7h0q4ha4bheo3eph9kg8 Query : insert into wsft2data (ft2stamp, ousrdata,ousrhora, usrdata,usrhora,ousrinis,usrinis,u_nomeenv ,u_moradaen ,u_codposen ,u_localenv ,u_coddest ,u_codby ) values ('aut673b497972673b4cd411',getdate(),convert(char(8),convert (time,getdate())),getdate(),convert(char(8),convert (time,getdate())),'wsv','wsv',?,?,?,?,?,?)
20241118@141900.1547 fp9gcc7h0q4ha4bheo3eph9kg8 Query : select top 1 fno valor from wsftdata order by fno desc
20241118@141900.1578 fp9gcc7h0q4ha4bheo3eph9kg8 Query : select 1 valor from information_schema.tables where table_type='base table' and table_name='wstablefields'
20241118@141900.1596 fp9gcc7h0q4ha4bheo3eph9kg8 Query : select fieldkey,fieldname,fieldtype,calcformula from wstablefields where tablename = 'ft' and documentnumber = 39
20241118@141900.1625 fp9gcc7h0q4ha4bheo3eph9kg8 Query : select 'normal' from dummy
20241118@141900.1648 fp9gcc7h0q4ha4bheo3eph9kg8 Query : insert into wsftdata (ftstamp, ousrdata,ousrhora, usrdata,usrhora,ousrinis,usrinis,fno,no,estab,fdata,ndoc,moeda,cambio,cambiofixo,ftano,site ,classe ) values ('aut673b497972673b4cd411',getdate(),convert(char(8),convert (time,getdate())),getdate(),convert(char(8),convert (time,getdate())),'wsv','wsv',1915,100810,0,'2024-11-18',39,'euro',0,0,2024 ,?,?)
20241118@141900.1986 fp9gcc7h0q4ha4bheo3eph9kg8 Query : use flama_phc
20241118@141900.1990 fp9gcc7h0q4ha4bheo3eph9kg8 Query : select st.usalote valor from st where st.ref = '328.9345.00.1'
20241118@141900.2023 fp9gcc7h0q4ha4bheo3eph9kg8 Query : select top 1 st.tabiva ,st.ivaincl ,st.stns ,st.uni2 ,st.familia ,isnull(tx.taxa, 0) txiva ,unidade ,usalote ,epcpond ,noserie ,conversao ,st.texteis from st left join taxasiva tx on st.tabiva = tx.codigo where st.ref = '328.9345.00.1'
20241118@141900.2248 fp9gcc7h0q4ha4bheo3eph9kg8 Query : select 1 valor from information_schema.tables where table_type='base table' and table_name='wstablefields'
20241118@141900.2281 fp9gcc7h0q4ha4bheo3eph9kg8 Query : select fieldkey,fieldname,fieldtype,mandatory from wstablefields where tablename = 'fi' and documentnumber = 39
20241118@141900.2308 fp9gcc7h0q4ha4bheo3eph9kg8 Query : select 1 valor from information_schema.tables where table_type='base table' and table_name='wstablefields'
20241118@141900.2335 fp9gcc7h0q4ha4bheo3eph9kg8 Query : select fieldkey,fieldname,fieldtype,mandatory from wstablefields where tablename = 'fi2' and documentnumber = 39
20241118@141900.2344 fp9gcc7h0q4ha4bheo3eph9kg8 Query : select top 1 convert(numeric(6,2),t.taxa) valor from taxasiva t where t.codigo='2'
20241118@141900.2358 fp9gcc7h0q4ha4bheo3eph9kg8 Query : select sestamp valor from se where ref ='328.9345.00.1' and lote = 'r2101101300a'
20241118@141900.2396 fp9gcc7h0q4ha4bheo3eph9kg8 Query : select 1 valor from information_schema.tables where table_type='base table' and table_name='wstablefields'
20241118@141900.2414 fp9gcc7h0q4ha4bheo3eph9kg8 Query : select fieldkey,fieldname,fieldtype,calcformula from wstablefields where tablename = 'fi2' and documentnumber = 39
20241118@141900.2429 fp9gcc7h0q4ha4bheo3eph9kg8 Query : insert into wsfi2data (fi2stamp,ftstamp ,ousrdata, ousrhora, usrdata,usrhora,ousrinis,usrinis) values ('aut673b437210673b4cd43a','aut673b497972673b4cd411' ,getdate(),convert(char(8),convert (time,getdate())),getdate(),convert(char(8),convert (time,getdate())),'wsv','wsv')
20241118@141900.2435 fp9gcc7h0q4ha4bheo3eph9kg8 Query : select 1 valor from information_schema.tables where table_type='base table' and table_name='wstablefields'
20241118@141900.2451 fp9gcc7h0q4ha4bheo3eph9kg8 Query : select fieldkey,fieldname,fieldtype,calcformula from wstablefields where tablename = 'fi' and documentnumber = 39
20241118@141900.2487 fp9gcc7h0q4ha4bheo3eph9kg8 Query : insert into wsfidata (fistamp,ousrdata, ousrhora, usrdata,usrhora,ousrinis,usrinis ,qtt ,ftstamp ,epv,pvmoeda ,tabiva,iva,lordem ,ref, design ,lote,armazem,bistamp ) values ('aut673b437210673b4cd43a',getdate(),convert(char(8),convert (time,getdate())),getdate(),convert(char(8),convert (time,getdate())),'wsv','wsv',1.000 ,'aut673b497972673b4cd411' ,0,0 ,2,23.00,10000,?,?,?,?,?)
20241118@141900.2827 fp9gcc7h0q4ha4bheo3eph9kg8 Query : select 1 valor from information_schema.tables where table_type='base table' and table_name='wstablefields'
20241118@141900.2844 fp9gcc7h0q4ha4bheo3eph9kg8 Query : select fieldkey,fieldname,fieldtype,mandatory from wstablefields where tablename = 'fi' and documentnumber = 39
20241118@141900.2871 fp9gcc7h0q4ha4bheo3eph9kg8 Query : select 1 valor from information_schema.tables where table_type='base table' and table_name='wstablefields'
20241118@141900.2886 fp9gcc7h0q4ha4bheo3eph9kg8 Query : select fieldkey,fieldname,fieldtype,mandatory from wstablefields where tablename = 'fi2' and documentnumber = 39
20241118@141900.2912 fp9gcc7h0q4ha4bheo3eph9kg8 Query : select top 1 convert(numeric(6,2),t.taxa) valor from taxasiva t where t.codigo='2'
20241118@141900.2924 fp9gcc7h0q4ha4bheo3eph9kg8 Query : select 1 valor from information_schema.tables where table_type='base table' and table_name='wstablefields'
20241118@141900.2938 fp9gcc7h0q4ha4bheo3eph9kg8 Query : select fieldkey,fieldname,fieldtype,calcformula from wstablefields where tablename = 'fi2' and documentnumber = 39
20241118@141900.2967 fp9gcc7h0q4ha4bheo3eph9kg8 Query : insert into wsfi2data (fi2stamp,ftstamp ,ousrdata, ousrhora, usrdata,usrhora,ousrinis,usrinis) values ('aut673b459376673b4cd447','aut673b497972673b4cd411' ,getdate(),convert(char(8),convert (time,getdate())),getdate(),convert(char(8),convert (time,getdate())),'wsv','wsv')
20241118@141900.2974 fp9gcc7h0q4ha4bheo3eph9kg8 Query : select 1 valor from information_schema.tables where table_type='base table' and table_name='wstablefields'
20241118@141900.2989 fp9gcc7h0q4ha4bheo3eph9kg8 Query : select fieldkey,fieldname,fieldtype,calcformula from wstablefields where tablename = 'fi' and documentnumber = 39
20241118@141900.3017 fp9gcc7h0q4ha4bheo3eph9kg8 Query : insert into wsfidata (fistamp,ousrdata, ousrhora, usrdata,usrhora,ousrinis,usrinis ,qtt ,ftstamp ,epv,pvmoeda ,tabiva,iva,lordem ,ref, design ,armazem) values ('aut673b459376673b4cd447',getdate(),convert(char(8),convert (time,getdate())),getdate(),convert(char(8),convert (time,getdate())),'wsv','wsv',0 ,'aut673b497972673b4cd411' ,0,0 ,2,23.00,20000,?,?,?)
20241118@141900.3335 fp9gcc7h0q4ha4bheo3eph9kg8 Query : insert into wsftcreationlog (initialftstamp,externalid,creationstatus,documenttypeid,idustamp) values ('aut673b497972673b4cd411','2407641','wait',39,'adm09112754980.682000002')
20241118@141900.3409 fp9gcc7h0q4ha4bheo3eph9kg8 Query : use flama_phc
20241118@141900.3412 fp9gcc7h0q4ha4bheo3eph9kg8 Query : update u_wsusers set rqsttoken =? where userid ='userls001'
20241118@141900.3449 fp9gcc7h0q4ha4bheo3eph9kg8 Query : select concat(rtrim(relative_path),ltrim(name_new)) as valor from uploadfiles where uploadfile_id='3364';
20241118@141900.3485 fp9gcc7h0q4ha4bheo3eph9kg8 Query : update uploadfiles set whenupdated=current_timestamp where uploadfile_id='3364';
20241118@141900.3643 fp9gcc7h0q4ha4bheo3eph9kg8 Query : select concat(rtrim(relative_path),ltrim(name_new)) as valor from uploadfiles where uploadfile_id='3364';
20241118@141900.3681 fp9gcc7h0q4ha4bheo3eph9kg8 Query : update uploadfiles set whenupdated=current_timestamp where uploadfile_id='3364';
20241118@141900.6118 bs5ur6l01no7gkej589lvq7071 Query : insert into uploadfiles ( name_original, name_new, option_type, relative_path, whencreated ) values ( ?, ?, ?, ?, getdate() )
20241118@141900.6236 bs5ur6l01no7gkej589lvq7071 Query : select uploadfile_id valor from uploadfiles where name_new = ? and option_type = ? 
20241118@141900.6593 bs5ur6l01no7gkej589lvq7071 Query : select concat(rtrim(relative_path),ltrim(name_new)) as valor from uploadfiles where uploadfile_id='3365';
20241118@141900.6673 bs5ur6l01no7gkej589lvq7071 Query : update uploadfiles set whenupdated=current_timestamp where uploadfile_id='3365';
20241118@141900.6768 bs5ur6l01no7gkej589lvq7071 Query : select concat(rtrim(relative_path),ltrim(name_new)) as valor from uploadfiles where uploadfile_id='3365';
20241118@141900.6919 bs5ur6l01no7gkej589lvq7071 Query : update uploadfiles set whenupdated=current_timestamp where uploadfile_id='3365';
20241118@141900.6987 bs5ur6l01no7gkej589lvq7071 Query : use flama_phc
20241118@141900.6992 bs5ur6l01no7gkej589lvq7071 Query : select top 1 secretkey valor from u_wsusers u where u.userid = ? and u.inactivo=0
20241118@141900.7057 bs5ur6l01no7gkej589lvq7071 Query : use flama_phc
20241118@141900.7060 bs5ur6l01no7gkej589lvq7071 Query : select no, estab,szadrsdesc from szadrs where u_coddest=9388
20241118@141900.7206 bs5ur6l01no7gkej589lvq7071 Query : select top 1 isnull(design,'') valor from st (nolock) left join stobs (nolock) on st.ref = stobs.ref where st.ref = '324.678.00.01'
20241118@141900.7465 bs5ur6l01no7gkej589lvq7071 Query : select top 1 bistamp valor from bi inner join bo on bo.bostamp=bi.bostamp where bo.ndos =240 and bo.boano =2076 and bo.obrano = 2407642 and bi.ref ='324.678.00.01' and bi.lordem =1
20241118@141900.7906 bs5ur6l01no7gkej589lvq7071 Query : select top 1 isnull(design,'') valor from st (nolock) left join stobs (nolock) on st.ref = stobs.ref where st.ref = '324.678.00.01'
20241118@141900.8054 bs5ur6l01no7gkej589lvq7071 Query : select top 1 bistamp valor from bi inner join bo on bo.bostamp=bi.bostamp where bo.ndos =240 and bo.boano =2076 and bo.obrano = 2407642 and bi.ref ='324.678.00.01' and bi.lordem =1
20241118@141900.8534 bs5ur6l01no7gkej589lvq7071 Query : use flama_phc
20241118@141900.8767 bs5ur6l01no7gkej589lvq7071 Query : select top 1 convert(date,fdata) valor from ft where ndoc = 39 and anulado= 0 and fno>0 order by fdata desc
20241118@141900.8855 bs5ur6l01no7gkej589lvq7071 Query : use flama_phc
20241118@141900.8859 bs5ur6l01no7gkej589lvq7071 Query : select top 1 1 valor from td where td.ndoc = 39
20241118@141900.8896 bs5ur6l01no7gkej589lvq7071 Query : use flama_phc
20241118@141900.8904 bs5ur6l01no7gkej589lvq7071 Query : select lower(descricao) descricao ,case when valor='s' then 1 else 0 end valor from para1 where descricao in ('st_lote','st_usalogifunc', 'st_grelha')
20241118@141900.8934 bs5ur6l01no7gkej589lvq7071 Query : select top 1 manternumero ,assinadoc issigned ,tiposaft ,assinaimp ,nmdos ,td.assinadoc ,'cl' origin ,lancasl stocks ,case when cmsl<50 and td.lancasl=1 then 1 else 0 end entrada ,case when cmsl>50 and td.lancasl=1 then 1 else 0 end saida ,temserie assets ,~semgre usegridfields from td inner join td2 on td.tdstamp=td2.td2stamp where td.ndoc = 1
20241118@141900.8973 bs5ur6l01no7gkej589lvq7071 Query : use flama_phc
20241118@141900.8976 bs5ur6l01no7gkej589lvq7071 Query : select top 1 ~inactivo valor from cl where no = '101621' and estab = 0 order by inactivo desc
20241118@141900.9123 bs5ur6l01no7gkej589lvq7071 Query : use flama_phc
20241118@141900.9128 bs5ur6l01no7gkej589lvq7071 Query : select top 1 tipodoc,regrd from td where ndoc = 39
20241118@141900.9174 bs5ur6l01no7gkej589lvq7071 Query : use flama_phc
20241118@141900.9179 bs5ur6l01no7gkej589lvq7071 Query : select szadrsstamp valor from szadrs where szadrsdesc='espaÇotrans,lda'
20241118@141900.9225 bs5ur6l01no7gkej589lvq7071 Query : use flama_phc
20241118@141900.9229 bs5ur6l01no7gkej589lvq7071 Query : select szadrsstamp valor from szadrs where szadrsdesc='j.o.m.,lda- penafiel'
20241118@141900.9288 bs5ur6l01no7gkej589lvq7071 Query : use flama_phc
20241118@141900.9292 bs5ur6l01no7gkej589lvq7071 Query : select 1 valor from td where ndoc = 39
20241118@141900.9307 bs5ur6l01no7gkej589lvq7071 Query : select top 1 manternumero, tiposaft, nmdos,td.assinadoc from td where td.ndoc = 39
20241118@141900.9321 bs5ur6l01no7gkej589lvq7071 Query : select 1 valor from information_schema.tables where table_type='base table' and table_name='wstablefields'
20241118@141900.9339 bs5ur6l01no7gkej589lvq7071 Query : select fieldkey,fieldname,fieldtype,mandatory from wstablefields where tablename = 'ft' and documentnumber = 39
20241118@141900.9358 bs5ur6l01no7gkej589lvq7071 Query : select 1 valor from information_schema.tables where table_type='base table' and table_name='wstablefields'
20241118@141900.9387 bs5ur6l01no7gkej589lvq7071 Query : select fieldkey,fieldname,fieldtype,mandatory from wstablefields where tablename = 'ft2' and documentnumber = 39
20241118@141900.9416 bs5ur6l01no7gkej589lvq7071 Query : select 1 valor from information_schema.tables where table_type='base table' and table_name='wstablefields'
20241118@141900.9446 bs5ur6l01no7gkej589lvq7071 Query : select fieldkey,fieldname,fieldtype,mandatory from wstablefields where tablename = 'ft3' and documentnumber = 39
20241118@141900.9459 bs5ur6l01no7gkej589lvq7071 Query : select top 1 ft.fno valor from ft ft where ft.ndoc = 39 and ftano=2024 order by fno desc
20241118@141900.9528 bs5ur6l01no7gkej589lvq7071 Query : select top 1 ft.fno valor from wsftdata ft where ft.ndoc = 39 and ftano=2024 order by fno desc
20241118@141900.9541 bs5ur6l01no7gkej589lvq7071 Query : select 1 valor from information_schema.tables where table_type='base table' and table_name='wstablefields'
20241118@141900.9556 bs5ur6l01no7gkej589lvq7071 Query : select fieldkey,fieldname,fieldtype,calcformula from wstablefields where tablename = 'ft3' and documentnumber = 39
20241118@141900.9821 bs5ur6l01no7gkej589lvq7071 Query : insert into wsft3data (ft3stamp, ousrdata, ousrhora, usrdata,usrhora,ousrinis,usrinis,taxpointdt ) values ('aut673b483970673b4cd4e6' ,getdate(),convert(char(8),convert (time,getdate())),getdate(),convert(char(8),convert (time,getdate())),'wsv','wsv',?)
20241118@141901.1750 bs5ur6l01no7gkej589lvq7071 Query : select 1 valor from information_schema.tables where table_type='base table' and table_name='wstablefields'
20241118@141901.6420 bs5ur6l01no7gkej589lvq7071 Query : select fieldkey,fieldname,fieldtype,calcformula from wstablefields where tablename = 'ft2' and documentnumber = 39
20241118@141901.1512 bs5ur6l01no7gkej589lvq7071 Query : select top 1 bo.u_nomeenv valor from bo where bo.bostamp=''
20241118@141901.1561 bs5ur6l01no7gkej589lvq7071 Query : select top 1 bo.u_moradaen valor from bo where bo.bostamp=''
20241118@141901.1585 bs5ur6l01no7gkej589lvq7071 Query : select top 1 bo.u_codposen valor from bo where bo.bostamp=''
20241118@141901.1605 bs5ur6l01no7gkej589lvq7071 Query : select top 1 bo.u_localenv valor from bo where bo.bostamp=''
20241118@141901.1618 bs5ur6l01no7gkej589lvq7071 Query : select top 1 bo.trab5 valor from bo where bo.bostamp=''
20241118@141901.1631 bs5ur6l01no7gkej589lvq7071 Query : select top 1 bo.serie valor from bo where bo.bostamp=''
20241118@141901.1721 bs5ur6l01no7gkej589lvq7071 Query : insert into wsft2data (ft2stamp, ousrdata,ousrhora, usrdata,usrhora,ousrinis,usrinis,u_nomeenv ,u_moradaen ,u_codposen ,u_localenv ,u_coddest ,u_codby ) values ('aut673b483970673b4cd4e6',getdate(),convert(char(8),convert (time,getdate())),getdate(),convert(char(8),convert (time,getdate())),'wsv','wsv',?,?,?,?,?,?)
20241118@141901.2113 bs5ur6l01no7gkej589lvq7071 Query : select top 1 fno valor from wsftdata order by fno desc
20241118@141901.2144 bs5ur6l01no7gkej589lvq7071 Query : select 1 valor from information_schema.tables where table_type='base table' and table_name='wstablefields'
20241118@141901.2162 bs5ur6l01no7gkej589lvq7071 Query : select fieldkey,fieldname,fieldtype,calcformula from wstablefields where tablename = 'ft' and documentnumber = 39
20241118@141901.2210 bs5ur6l01no7gkej589lvq7071 Query : select 'normal' from dummy
20241118@141901.2228 bs5ur6l01no7gkej589lvq7071 Query : insert into wsftdata (ftstamp, ousrdata,ousrhora, usrdata,usrhora,ousrinis,usrinis,fno,no,estab,fdata,ndoc,moeda,cambio,cambiofixo,ftano,site ,classe ) values ('aut673b483970673b4cd4e6',getdate(),convert(char(8),convert (time,getdate())),getdate(),convert(char(8),convert (time,getdate())),'wsv','wsv',1916,101621,0,'2024-11-18',39,'euro',0,0,2024 ,?,?)
20241118@141901.2576 bs5ur6l01no7gkej589lvq7071 Query : use flama_phc
20241118@141901.2579 bs5ur6l01no7gkej589lvq7071 Query : select st.usalote valor from st where st.ref = '324.678.00.01'
20241118@141901.2611 bs5ur6l01no7gkej589lvq7071 Query : select top 1 st.tabiva ,st.ivaincl ,st.stns ,st.uni2 ,st.familia ,isnull(tx.taxa, 0) txiva ,unidade ,usalote ,epcpond ,noserie ,conversao ,st.texteis from st left join taxasiva tx on st.tabiva = tx.codigo where st.ref = '324.678.00.01'
20241118@141901.2789 bs5ur6l01no7gkej589lvq7071 Query : select 1 valor from information_schema.tables where table_type='base table' and table_name='wstablefields'
20241118@141901.2809 bs5ur6l01no7gkej589lvq7071 Query : select fieldkey,fieldname,fieldtype,mandatory from wstablefields where tablename = 'fi' and documentnumber = 39
20241118@141901.2866 bs5ur6l01no7gkej589lvq7071 Query : select 1 valor from information_schema.tables where table_type='base table' and table_name='wstablefields'
20241118@141901.2896 bs5ur6l01no7gkej589lvq7071 Query : select fieldkey,fieldname,fieldtype,mandatory from wstablefields where tablename = 'fi2' and documentnumber = 39
20241118@141901.2905 bs5ur6l01no7gkej589lvq7071 Query : select top 1 convert(numeric(6,2),t.taxa) valor from taxasiva t where t.codigo='2'
20241118@141901.2919 bs5ur6l01no7gkej589lvq7071 Query : select sestamp valor from se where ref ='324.678.00.01' and lote = 'r2400745200a'
20241118@141901.2939 bs5ur6l01no7gkej589lvq7071 Query : select 1 valor from information_schema.tables where table_type='base table' and table_name='wstablefields'
20241118@141901.2965 bs5ur6l01no7gkej589lvq7071 Query : select fieldkey,fieldname,fieldtype,calcformula from wstablefields where tablename = 'fi2' and documentnumber = 39
20241118@141901.2990 bs5ur6l01no7gkej589lvq7071 Query : insert into wsfi2data (fi2stamp,ftstamp ,ousrdata, ousrhora, usrdata,usrhora,ousrinis,usrinis) values ('aut673b498673673b4cd547','aut673b483970673b4cd4e6' ,getdate(),convert(char(8),convert (time,getdate())),getdate(),convert(char(8),convert (time,getdate())),'wsv','wsv')
20241118@141901.2998 bs5ur6l01no7gkej589lvq7071 Query : select 1 valor from information_schema.tables where table_type='base table' and table_name='wstablefields'
20241118@141901.3111 bs5ur6l01no7gkej589lvq7071 Query : select fieldkey,fieldname,fieldtype,calcformula from wstablefields where tablename = 'fi' and documentnumber = 39
20241118@141901.3161 bs5ur6l01no7gkej589lvq7071 Query : insert into wsfidata (fistamp,ousrdata, ousrhora, usrdata,usrhora,ousrinis,usrinis ,qtt ,ftstamp ,epv,pvmoeda ,tabiva,iva,lordem ,ref, design ,lote,armazem,bistamp ) values ('aut673b498673673b4cd547',getdate(),convert(char(8),convert (time,getdate())),getdate(),convert(char(8),convert (time,getdate())),'wsv','wsv',7.000 ,'aut673b483970673b4cd4e6' ,0,0 ,2,23.00,10000,?,?,?,?,?)
20241118@141901.3571 bs5ur6l01no7gkej589lvq7071 Query : select 1 valor from information_schema.tables where table_type='base table' and table_name='wstablefields'
20241118@141901.3885 bs5ur6l01no7gkej589lvq7071 Query : select fieldkey,fieldname,fieldtype,mandatory from wstablefields where tablename = 'fi' and documentnumber = 39
20241118@141901.3914 bs5ur6l01no7gkej589lvq7071 Query : select 1 valor from information_schema.tables where table_type='base table' and table_name='wstablefields'
20241118@141901.3932 bs5ur6l01no7gkej589lvq7071 Query : select fieldkey,fieldname,fieldtype,mandatory from wstablefields where tablename = 'fi2' and documentnumber = 39
20241118@141901.3941 bs5ur6l01no7gkej589lvq7071 Query : select top 1 convert(numeric(6,2),t.taxa) valor from taxasiva t where t.codigo='2'
20241118@141901.3954 bs5ur6l01no7gkej589lvq7071 Query : select 1 valor from information_schema.tables where table_type='base table' and table_name='wstablefields'
20241118@141901.3971 bs5ur6l01no7gkej589lvq7071 Query : select fieldkey,fieldname,fieldtype,calcformula from wstablefields where tablename = 'fi2' and documentnumber = 39
20241118@141901.3983 bs5ur6l01no7gkej589lvq7071 Query : insert into wsfi2data (fi2stamp,ftstamp ,ousrdata, ousrhora, usrdata,usrhora,ousrinis,usrinis) values ('aut673b433525673b4cd560','aut673b483970673b4cd4e6' ,getdate(),convert(char(8),convert (time,getdate())),getdate(),convert(char(8),convert (time,getdate())),'wsv','wsv')
20241118@141901.3987 bs5ur6l01no7gkej589lvq7071 Query : select 1 valor from information_schema.tables where table_type='base table' and table_name='wstablefields'
20241118@141901.4002 bs5ur6l01no7gkej589lvq7071 Query : select fieldkey,fieldname,fieldtype,calcformula from wstablefields where tablename = 'fi' and documentnumber = 39
20241118@141901.4033 bs5ur6l01no7gkej589lvq7071 Query : insert into wsfidata (fistamp,ousrdata, ousrhora, usrdata,usrhora,ousrinis,usrinis ,qtt ,ftstamp ,epv,pvmoeda ,tabiva,iva,lordem ,ref, design ,armazem) values ('aut673b433525673b4cd560',getdate(),convert(char(8),convert (time,getdate())),getdate(),convert(char(8),convert (time,getdate())),'wsv','wsv',0 ,'aut673b483970673b4cd4e6' ,0,0 ,2,23.00,20000,?,?,?)
20241118@141901.4679 bs5ur6l01no7gkej589lvq7071 Query : use flama_phc
20241118@141901.4693 bs5ur6l01no7gkej589lvq7071 Query : select st.usalote valor from st where st.ref = '324.678.00.01'
20241118@141901.4790 bs5ur6l01no7gkej589lvq7071 Query : select top 1 st.tabiva ,st.ivaincl ,st.stns ,st.uni2 ,st.familia ,isnull(tx.taxa, 0) txiva ,unidade ,usalote ,epcpond ,noserie ,conversao ,st.texteis from st left join taxasiva tx on st.tabiva = tx.codigo where st.ref = '324.678.00.01'
20241118@141901.4808 bs5ur6l01no7gkej589lvq7071 Query : select 1 valor from information_schema.tables where table_type='base table' and table_name='wstablefields'
20241118@141901.4827 bs5ur6l01no7gkej589lvq7071 Query : select fieldkey,fieldname,fieldtype,mandatory from wstablefields where tablename = 'fi' and documentnumber = 39
20241118@141901.4867 bs5ur6l01no7gkej589lvq7071 Query : select 1 valor from information_schema.tables where table_type='base table' and table_name='wstablefields'
20241118@141901.4892 bs5ur6l01no7gkej589lvq7071 Query : select fieldkey,fieldname,fieldtype,mandatory from wstablefields where tablename = 'fi2' and documentnumber = 39
20241118@141901.4914 bs5ur6l01no7gkej589lvq7071 Query : select top 1 convert(numeric(6,2),t.taxa) valor from taxasiva t where t.codigo='2'
20241118@141901.4931 bs5ur6l01no7gkej589lvq7071 Query : select sestamp valor from se where ref ='324.678.00.01' and lote = 'r2400745200a'
20241118@141901.4947 bs5ur6l01no7gkej589lvq7071 Query : select 1 valor from information_schema.tables where table_type='base table' and table_name='wstablefields'
20241118@141901.4963 bs5ur6l01no7gkej589lvq7071 Query : select fieldkey,fieldname,fieldtype,calcformula from wstablefields where tablename = 'fi2' and documentnumber = 39
20241118@141901.4976 bs5ur6l01no7gkej589lvq7071 Query : insert into wsfi2data (fi2stamp,ftstamp ,ousrdata, ousrhora, usrdata,usrhora,ousrinis,usrinis) values ('aut673b420114673b4cd578','aut673b483970673b4cd4e6' ,getdate(),convert(char(8),convert (time,getdate())),getdate(),convert(char(8),convert (time,getdate())),'wsv','wsv')
20241118@141901.4981 bs5ur6l01no7gkej589lvq7071 Query : select 1 valor from information_schema.tables where table_type='base table' and table_name='wstablefields'
20241118@141901.4997 bs5ur6l01no7gkej589lvq7071 Query : select fieldkey,fieldname,fieldtype,calcformula from wstablefields where tablename = 'fi' and documentnumber = 39
20241118@141901.5052 bs5ur6l01no7gkej589lvq7071 Query : insert into wsfidata (fistamp,ousrdata, ousrhora, usrdata,usrhora,ousrinis,usrinis ,qtt ,ftstamp ,epv,pvmoeda ,tabiva,iva,lordem ,ref, design ,lote,armazem,bistamp ) values ('aut673b420114673b4cd578',getdate(),convert(char(8),convert (time,getdate())),getdate(),convert(char(8),convert (time,getdate())),'wsv','wsv',1.000 ,'aut673b483970673b4cd4e6' ,0,0 ,2,23.00,40000,?,?,?,?,?)
20241118@141901.5380 bs5ur6l01no7gkej589lvq7071 Query : select 1 valor from information_schema.tables where table_type='base table' and table_name='wstablefields'
20241118@141901.5399 bs5ur6l01no7gkej589lvq7071 Query : select fieldkey,fieldname,fieldtype,mandatory from wstablefields where tablename = 'fi' and documentnumber = 39
20241118@141901.5446 bs5ur6l01no7gkej589lvq7071 Query : select 1 valor from information_schema.tables where table_type='base table' and table_name='wstablefields'
20241118@141901.5464 bs5ur6l01no7gkej589lvq7071 Query : select fieldkey,fieldname,fieldtype,mandatory from wstablefields where tablename = 'fi2' and documentnumber = 39
20241118@141901.5511 bs5ur6l01no7gkej589lvq7071 Query : select top 1 convert(numeric(6,2),t.taxa) valor from taxasiva t where t.codigo='2'
20241118@141901.5526 bs5ur6l01no7gkej589lvq7071 Query : select 1 valor from information_schema.tables where table_type='base table' and table_name='wstablefields'
20241118@141901.5568 bs5ur6l01no7gkej589lvq7071 Query : select fieldkey,fieldname,fieldtype,calcformula from wstablefields where tablename = 'fi2' and documentnumber = 39
20241118@141901.5583 bs5ur6l01no7gkej589lvq7071 Query : insert into wsfi2data (fi2stamp,ftstamp ,ousrdata, ousrhora, usrdata,usrhora,ousrinis,usrinis) values ('aut673b499477673b4cd586','aut673b483970673b4cd4e6' ,getdate(),convert(char(8),convert (time,getdate())),getdate(),convert(char(8),convert (time,getdate())),'wsv','wsv')
20241118@141901.5589 bs5ur6l01no7gkej589lvq7071 Query : select 1 valor from information_schema.tables where table_type='base table' and table_name='wstablefields'
20241118@141901.5607 bs5ur6l01no7gkej589lvq7071 Query : select fieldkey,fieldname,fieldtype,calcformula from wstablefields where tablename = 'fi' and documentnumber = 39
20241118@141901.5689 bs5ur6l01no7gkej589lvq7071 Query : insert into wsfidata (fistamp,ousrdata, ousrhora, usrdata,usrhora,ousrinis,usrinis ,qtt ,ftstamp ,epv,pvmoeda ,tabiva,iva,lordem ,ref, design ,armazem) values ('aut673b499477673b4cd586',getdate(),convert(char(8),convert (time,getdate())),getdate(),convert(char(8),convert (time,getdate())),'wsv','wsv',0 ,'aut673b483970673b4cd4e6' ,0,0 ,2,23.00,50000,?,?,?)
20241118@141901.6008 bs5ur6l01no7gkej589lvq7071 Query : insert into wsftcreationlog (initialftstamp,externalid,creationstatus,documenttypeid,idustamp) values ('aut673b483970673b4cd4e6','2407642','wait',39,'adm09112754980.682000002')
20241118@141901.6127 bs5ur6l01no7gkej589lvq7071 Query : use flama_phc
20241118@141901.6131 bs5ur6l01no7gkej589lvq7071 Query : update u_wsusers set rqsttoken =? where userid ='userls001'
20241118@141901.6166 bs5ur6l01no7gkej589lvq7071 Query : select concat(rtrim(relative_path),ltrim(name_new)) as valor from uploadfiles where uploadfile_id='3365';
20241118@141901.6213 bs5ur6l01no7gkej589lvq7071 Query : update uploadfiles set whenupdated=current_timestamp where uploadfile_id='3365';
20241118@141901.6299 bs5ur6l01no7gkej589lvq7071 Query : select concat(rtrim(relative_path),ltrim(name_new)) as valor from uploadfiles where uploadfile_id='3365';
20241118@141901.6390 bs5ur6l01no7gkej589lvq7071 Query : update uploadfiles set whenupdated=current_timestamp where uploadfile_id='3365';

20241118@150645.9740 o90rmcobp4bvp7fl1ane8qqjog Query : update uploadfiles set whenupdated=current_timestamp where uploadfile_id='3366';
20241118@150645.1045 o90rmcobp4bvp7fl1ane8qqjog Query : select concat(rtrim(relative_path),ltrim(name_new)) as valor from uploadfiles where uploadfile_id='3366';
20241118@150645.1134 o90rmcobp4bvp7fl1ane8qqjog Query : update uploadfiles set whenupdated=current_timestamp where uploadfile_id='3366';
20241118@150645.1250 o90rmcobp4bvp7fl1ane8qqjog Query : use flama_phc
20241118@150645.1254 o90rmcobp4bvp7fl1ane8qqjog Query : select top 1 secretkey valor from u_wsusers u where u.userid = ? and u.inactivo=0
20241118@150645.1358 o90rmcobp4bvp7fl1ane8qqjog Query : use flama_phc
20241118@150645.1361 o90rmcobp4bvp7fl1ane8qqjog Query : select no, estab,szadrsdesc from szadrs where u_coddest=9159
20241118@150645.1433 o90rmcobp4bvp7fl1ane8qqjog Query : select top 1 isnull(design,'') valor from st (nolock) left join stobs (nolock) on st.ref = stobs.ref where st.ref = '324.646.00.01'
20241118@150645.1456 o90rmcobp4bvp7fl1ane8qqjog Query : select top 1 isnull(design,'') valor from st (nolock) left join stobs (nolock) on st.ref = stobs.ref where st.ref = '324.646.00.01'
20241118@150645.1477 o90rmcobp4bvp7fl1ane8qqjog Query : select top 1 isnull(design,'') valor from st (nolock) left join stobs (nolock) on st.ref = stobs.ref where st.ref = '324.646.00.01'
20241118@150645.1500 o90rmcobp4bvp7fl1ane8qqjog Query : select top 1 isnull(design,'') valor from st (nolock) left join stobs (nolock) on st.ref = stobs.ref where st.ref = '324.646.00.01'
20241118@150645.1518 o90rmcobp4bvp7fl1ane8qqjog Query : select top 1 isnull(design,'') valor from st (nolock) left join stobs (nolock) on st.ref = stobs.ref where st.ref = '324.646.00.01'
20241118@150645.1537 o90rmcobp4bvp7fl1ane8qqjog Query : select top 1 isnull(design,'') valor from st (nolock) left join stobs (nolock) on st.ref = stobs.ref where st.ref = '324.646.00.01'
20241118@150645.1555 o90rmcobp4bvp7fl1ane8qqjog Query : select top 1 isnull(design,'') valor from st (nolock) left join stobs (nolock) on st.ref = stobs.ref where st.ref = '324.646.00.01'
20241118@150645.1577 o90rmcobp4bvp7fl1ane8qqjog Query : select top 1 isnull(design,'') valor from st (nolock) left join stobs (nolock) on st.ref = stobs.ref where st.ref = '324.646.00.01'
20241118@150645.1611 o90rmcobp4bvp7fl1ane8qqjog Query : select top 1 isnull(design,'') valor from st (nolock) left join stobs (nolock) on st.ref = stobs.ref where st.ref = '324.646.00.01'
20241118@150645.1630 o90rmcobp4bvp7fl1ane8qqjog Query : select top 1 isnull(design,'') valor from st (nolock) left join stobs (nolock) on st.ref = stobs.ref where st.ref = '324.646.00.01'
20241118@150645.1648 o90rmcobp4bvp7fl1ane8qqjog Query : select top 1 isnull(design,'') valor from st (nolock) left join stobs (nolock) on st.ref = stobs.ref where st.ref = '324.646.00.01'
20241118@150645.1678 o90rmcobp4bvp7fl1ane8qqjog Query : select top 1 isnull(design,'') valor from st (nolock) left join stobs (nolock) on st.ref = stobs.ref where st.ref = '324.646.00.01'
20241118@150645.1696 o90rmcobp4bvp7fl1ane8qqjog Query : select top 1 isnull(design,'') valor from st (nolock) left join stobs (nolock) on st.ref = stobs.ref where st.ref = '324.646.00.01'
20241118@150645.1714 o90rmcobp4bvp7fl1ane8qqjog Query : select top 1 isnull(design,'') valor from st (nolock) left join stobs (nolock) on st.ref = stobs.ref where st.ref = '324.646.00.01'
20241118@150645.1835 o90rmcobp4bvp7fl1ane8qqjog Query : select top 1 isnull(design,'') valor from st (nolock) left join stobs (nolock) on st.ref = stobs.ref where st.ref = '324.646.00.01'
20241118@150645.1987 o90rmcobp4bvp7fl1ane8qqjog Query : select top 1 isnull(design,'') valor from st (nolock) left join stobs (nolock) on st.ref = stobs.ref where st.ref = '324.646.00.01'
20241118@150645.2008 o90rmcobp4bvp7fl1ane8qqjog Query : select top 1 isnull(design,'') valor from st (nolock) left join stobs (nolock) on st.ref = stobs.ref where st.ref = '324.646.00.01'
20241118@150645.2029 o90rmcobp4bvp7fl1ane8qqjog Query : select top 1 isnull(design,'') valor from st (nolock) left join stobs (nolock) on st.ref = stobs.ref where st.ref = '324.646.00.01'
20241118@150645.2053 o90rmcobp4bvp7fl1ane8qqjog Query : select top 1 isnull(design,'') valor from st (nolock) left join stobs (nolock) on st.ref = stobs.ref where st.ref = '324.646.00.01'
20241118@150645.2074 o90rmcobp4bvp7fl1ane8qqjog Query : select top 1 isnull(design,'') valor from st (nolock) left join stobs (nolock) on st.ref = stobs.ref where st.ref = '324.646.00.01'
20241118@150645.2098 o90rmcobp4bvp7fl1ane8qqjog Query : select top 1 isnull(design,'') valor from st (nolock) left join stobs (nolock) on st.ref = stobs.ref where st.ref = '324.646.00.01'
20241118@150645.2118 o90rmcobp4bvp7fl1ane8qqjog Query : select top 1 isnull(design,'') valor from st (nolock) left join stobs (nolock) on st.ref = stobs.ref where st.ref = '324.646.00.01'
20241118@150645.2142 o90rmcobp4bvp7fl1ane8qqjog Query : use flama_phc
20241118@150645.2151 o90rmcobp4bvp7fl1ane8qqjog Query : select top 1 convert(date,fdata) valor from ft where ndoc = 39 and anulado= 0 and fno>0 order by fdata desc
20241118@150645.2192 o90rmcobp4bvp7fl1ane8qqjog Query : use flama_phc
20241118@150645.2198 o90rmcobp4bvp7fl1ane8qqjog Query : select top 1 1 valor from td where td.ndoc = 39
20241118@150645.2323 o90rmcobp4bvp7fl1ane8qqjog Query : use flama_phc
20241118@150645.2327 o90rmcobp4bvp7fl1ane8qqjog Query : select lower(descricao) descricao ,case when valor='s' then 1 else 0 end valor from para1 where descricao in ('st_lote','st_usalogifunc', 'st_grelha')
20241118@150645.2368 o90rmcobp4bvp7fl1ane8qqjog Query : select top 1 manternumero ,assinadoc issigned ,tiposaft ,assinaimp ,nmdos ,td.assinadoc ,'cl' origin ,lancasl stocks ,case when cmsl<50 and td.lancasl=1 then 1 else 0 end entrada ,case when cmsl>50 and td.lancasl=1 then 1 else 0 end saida ,temserie assets ,~semgre usegridfields from td inner join td2 on td.tdstamp=td2.td2stamp where td.ndoc = 1
20241118@150645.2407 o90rmcobp4bvp7fl1ane8qqjog Query : use flama_phc
20241118@150645.2411 o90rmcobp4bvp7fl1ane8qqjog Query : select top 1 ~inactivo valor from cl where no = '102943' and estab = 0 order by inactivo desc
20241118@150645.2449 o90rmcobp4bvp7fl1ane8qqjog Query : use flama_phc
20241118@150645.2453 o90rmcobp4bvp7fl1ane8qqjog Query : select top 1 tipodoc,regrd from td where ndoc = 39
20241118@150645.2485 o90rmcobp4bvp7fl1ane8qqjog Query : use flama_phc
20241118@150645.2488 o90rmcobp4bvp7fl1ane8qqjog Query : select szadrsstamp valor from szadrs where szadrsdesc='espaÇotrans,lda'
20241118@150645.2597 o90rmcobp4bvp7fl1ane8qqjog Query : use flama_phc
20241118@150645.2606 o90rmcobp4bvp7fl1ane8qqjog Query : select szadrsstamp valor from szadrs where szadrsdesc='pll-plataformalogistica lisboa norte'
20241118@150645.2822 o90rmcobp4bvp7fl1ane8qqjog Query : use flama_phc
20241118@150645.2825 o90rmcobp4bvp7fl1ane8qqjog Query : select 1 valor from td where ndoc = 39
20241118@150645.2995 o90rmcobp4bvp7fl1ane8qqjog Query : select top 1 manternumero, tiposaft, nmdos,td.assinadoc from td where td.ndoc = 39
20241118@150645.3012 o90rmcobp4bvp7fl1ane8qqjog Query : select 1 valor from information_schema.tables where table_type='base table' and table_name='wstablefields'
20241118@150645.3032 o90rmcobp4bvp7fl1ane8qqjog Query : select fieldkey,fieldname,fieldtype,mandatory from wstablefields where tablename = 'ft' and documentnumber = 39
20241118@150645.3058 o90rmcobp4bvp7fl1ane8qqjog Query : select 1 valor from information_schema.tables where table_type='base table' and table_name='wstablefields'
20241118@150645.3077 o90rmcobp4bvp7fl1ane8qqjog Query : select fieldkey,fieldname,fieldtype,mandatory from wstablefields where tablename = 'ft2' and documentnumber = 39
20241118@150645.3106 o90rmcobp4bvp7fl1ane8qqjog Query : select 1 valor from information_schema.tables where table_type='base table' and table_name='wstablefields'
20241118@150645.3123 o90rmcobp4bvp7fl1ane8qqjog Query : select fieldkey,fieldname,fieldtype,mandatory from wstablefields where tablename = 'ft3' and documentnumber = 39
20241118@150645.3136 o90rmcobp4bvp7fl1ane8qqjog Query : select top 1 ft.fno valor from ft ft where ft.ndoc = 39 and ftano=2024 order by fno desc
20241118@150645.3199 o90rmcobp4bvp7fl1ane8qqjog Query : select top 1 ft.fno valor from wsftdata ft where ft.ndoc = 39 and ftano=2024 order by fno desc
20241118@150645.3214 o90rmcobp4bvp7fl1ane8qqjog Query : select 1 valor from information_schema.tables where table_type='base table' and table_name='wstablefields'
20241118@150645.3230 o90rmcobp4bvp7fl1ane8qqjog Query : select fieldkey,fieldname,fieldtype,calcformula from wstablefields where tablename = 'ft3' and documentnumber = 39
20241118@150645.3250 o90rmcobp4bvp7fl1ane8qqjog Query : insert into wsft3data (ft3stamp, ousrdata, ousrhora, usrdata,usrhora,ousrinis,usrinis,taxpointdt ) values ('aut673b510475673b58054c' ,getdate(),convert(char(8),convert (time,getdate())),getdate(),convert(char(8),convert (time,getdate())),'wsv','wsv',?)
20241118@150645.3470 o90rmcobp4bvp7fl1ane8qqjog Query : select 1 valor from information_schema.tables where table_type='base table' and table_name='wstablefields'
20241118@150645.3495 o90rmcobp4bvp7fl1ane8qqjog Query : select fieldkey,fieldname,fieldtype,calcformula from wstablefields where tablename = 'ft2' and documentnumber = 39
20241118@150645.3535 o90rmcobp4bvp7fl1ane8qqjog Query : select top 1 bo.u_nomeenv valor from bo where bo.bostamp=''
20241118@150645.3548 o90rmcobp4bvp7fl1ane8qqjog Query : select top 1 bo.u_moradaen valor from bo where bo.bostamp=''
20241118@150645.3561 o90rmcobp4bvp7fl1ane8qqjog Query : select top 1 bo.u_codposen valor from bo where bo.bostamp=''
20241118@150645.3578 o90rmcobp4bvp7fl1ane8qqjog Query : select top 1 bo.u_localenv valor from bo where bo.bostamp=''
20241118@150645.3590 o90rmcobp4bvp7fl1ane8qqjog Query : select top 1 bo.trab5 valor from bo where bo.bostamp=''
20241118@150645.3604 o90rmcobp4bvp7fl1ane8qqjog Query : select top 1 bo.serie valor from bo where bo.bostamp=''
20241118@150645.3619 o90rmcobp4bvp7fl1ane8qqjog Query : insert into wsft2data (ft2stamp, ousrdata,ousrhora, usrdata,usrhora,ousrinis,usrinis,u_nomeenv ,u_moradaen ,u_codposen ,u_localenv ,u_coddest ,u_codby ) values ('aut673b510475673b58054c',getdate(),convert(char(8),convert (time,getdate())),getdate(),convert(char(8),convert (time,getdate())),'wsv','wsv',?,?,?,?,?,?)
20241118@150645.3921 o90rmcobp4bvp7fl1ane8qqjog Query : select top 1 fno valor from wsftdata order by fno desc
20241118@150645.3998 o90rmcobp4bvp7fl1ane8qqjog Query : select 1 valor from information_schema.tables where table_type='base table' and table_name='wstablefields'
20241118@150645.4017 o90rmcobp4bvp7fl1ane8qqjog Query : select fieldkey,fieldname,fieldtype,calcformula from wstablefields where tablename = 'ft' and documentnumber = 39
20241118@150645.4041 o90rmcobp4bvp7fl1ane8qqjog Query : select 'normal' from dummy
20241118@150645.4059 o90rmcobp4bvp7fl1ane8qqjog Query : insert into wsftdata (ftstamp, ousrdata,ousrhora, usrdata,usrhora,ousrinis,usrinis,fno,no,estab,fdata,ndoc,moeda,cambio,cambiofixo,ftano,site ,classe ) values ('aut673b510475673b58054c',getdate(),convert(char(8),convert (time,getdate())),getdate(),convert(char(8),convert (time,getdate())),'wsv','wsv',1917,102943,0,'2024-11-18',39,'euro',0,0,2024 ,?,?)
20241118@150645.4995 o90rmcobp4bvp7fl1ane8qqjog Query : use flama_phc
20241118@150645.5042 o90rmcobp4bvp7fl1ane8qqjog Query : select st.usalote valor from st where st.ref = '324.646.00.01'
20241118@150645.5277 o90rmcobp4bvp7fl1ane8qqjog Query : select top 1 st.tabiva ,st.ivaincl ,st.stns ,st.uni2 ,st.familia ,isnull(tx.taxa, 0) txiva ,unidade ,usalote ,epcpond ,noserie ,conversao ,st.texteis from st left join taxasiva tx on st.tabiva = tx.codigo where st.ref = '324.646.00.01'
20241118@150645.5294 o90rmcobp4bvp7fl1ane8qqjog Query : select 1 valor from information_schema.tables where table_type='base table' and table_name='wstablefields'
20241118@150645.5315 o90rmcobp4bvp7fl1ane8qqjog Query : select fieldkey,fieldname,fieldtype,mandatory from wstablefields where tablename = 'fi' and documentnumber = 39
20241118@150645.5346 o90rmcobp4bvp7fl1ane8qqjog Query : select 1 valor from information_schema.tables where table_type='base table' and table_name='wstablefields'
20241118@150645.5486 o90rmcobp4bvp7fl1ane8qqjog Query : select fieldkey,fieldname,fieldtype,mandatory from wstablefields where tablename = 'fi2' and documentnumber = 39
20241118@150645.5544 o90rmcobp4bvp7fl1ane8qqjog Query : select top 1 convert(numeric(6,2),t.taxa) valor from taxasiva t where t.codigo='2'
20241118@150645.5561 o90rmcobp4bvp7fl1ane8qqjog Query : select sestamp valor from se where ref ='324.646.00.01' and lote = 'r2400228100a'
20241118@150645.5576 o90rmcobp4bvp7fl1ane8qqjog Query : select 1 valor from information_schema.tables where table_type='base table' and table_name='wstablefields'
20241118@150645.5594 o90rmcobp4bvp7fl1ane8qqjog Query : select fieldkey,fieldname,fieldtype,calcformula from wstablefields where tablename = 'fi2' and documentnumber = 39
20241118@150645.5612 o90rmcobp4bvp7fl1ane8qqjog Query : insert into wsfi2data (fi2stamp,ftstamp ,ousrdata, ousrhora, usrdata,usrhora,ousrinis,usrinis) values ('aut673b566037673b580588','aut673b510475673b58054c' ,getdate(),convert(char(8),convert (time,getdate())),getdate(),convert(char(8),convert (time,getdate())),'wsv','wsv')
20241118@150645.5623 o90rmcobp4bvp7fl1ane8qqjog Query : select 1 valor from information_schema.tables where table_type='base table' and table_name='wstablefields'
20241118@150645.5671 o90rmcobp4bvp7fl1ane8qqjog Query : select fieldkey,fieldname,fieldtype,calcformula from wstablefields where tablename = 'fi' and documentnumber = 39
20241118@150645.5714 o90rmcobp4bvp7fl1ane8qqjog Query : insert into wsfidata (fistamp,ousrdata, ousrhora, usrdata,usrhora,ousrinis,usrinis ,qtt ,ftstamp ,epv,pvmoeda ,tabiva,iva,lordem ,ref, design ,lote,armazem) values ('aut673b566037673b580588',getdate(),convert(char(8),convert (time,getdate())),getdate(),convert(char(8),convert (time,getdate())),'wsv','wsv',18.000 ,'aut673b510475673b58054c' ,0,0 ,2,23.00,10000,?,?,?,?)
20241118@150645.6300 o90rmcobp4bvp7fl1ane8qqjog Query : select 1 valor from information_schema.tables where table_type='base table' and table_name='wstablefields'
20241118@150645.6322 o90rmcobp4bvp7fl1ane8qqjog Query : select fieldkey,fieldname,fieldtype,mandatory from wstablefields where tablename = 'fi' and documentnumber = 39
20241118@150645.6359 o90rmcobp4bvp7fl1ane8qqjog Query : select 1 valor from information_schema.tables where table_type='base table' and table_name='wstablefields'
20241118@150645.6377 o90rmcobp4bvp7fl1ane8qqjog Query : select fieldkey,fieldname,fieldtype,mandatory from wstablefields where tablename = 'fi2' and documentnumber = 39
20241118@150645.6390 o90rmcobp4bvp7fl1ane8qqjog Query : select top 1 convert(numeric(6,2),t.taxa) valor from taxasiva t where t.codigo='2'
20241118@150645.6406 o90rmcobp4bvp7fl1ane8qqjog Query : select 1 valor from information_schema.tables where table_type='base table' and table_name='wstablefields'
20241118@150645.6428 o90rmcobp4bvp7fl1ane8qqjog Query : select fieldkey,fieldname,fieldtype,calcformula from wstablefields where tablename = 'fi2' and documentnumber = 39
20241118@150645.6443 o90rmcobp4bvp7fl1ane8qqjog Query : insert into wsfi2data (fi2stamp,ftstamp ,ousrdata, ousrhora, usrdata,usrhora,ousrinis,usrinis) values ('aut673b533403673b58059c','aut673b510475673b58054c' ,getdate(),convert(char(8),convert (time,getdate())),getdate(),convert(char(8),convert (time,getdate())),'wsv','wsv')
20241118@150645.6453 o90rmcobp4bvp7fl1ane8qqjog Query : select 1 valor from information_schema.tables where table_type='base table' and table_name='wstablefields'
20241118@150645.6475 o90rmcobp4bvp7fl1ane8qqjog Query : select fieldkey,fieldname,fieldtype,calcformula from wstablefields where tablename = 'fi' and documentnumber = 39
20241118@150645.6510 o90rmcobp4bvp7fl1ane8qqjog Query : insert into wsfidata (fistamp,ousrdata, ousrhora, usrdata,usrhora,ousrinis,usrinis ,qtt ,ftstamp ,epv,pvmoeda ,tabiva,iva,lordem ,ref, design ,armazem) values ('aut673b533403673b58059c',getdate(),convert(char(8),convert (time,getdate())),getdate(),convert(char(8),convert (time,getdate())),'wsv','wsv',0 ,'aut673b510475673b58054c' ,0,0 ,2,23.00,20000,?,?,?)
20241118@150645.6832 o90rmcobp4bvp7fl1ane8qqjog Query : use flama_phc
20241118@150645.6835 o90rmcobp4bvp7fl1ane8qqjog Query : select st.usalote valor from st where st.ref = '324.646.00.01'
20241118@150645.6857 o90rmcobp4bvp7fl1ane8qqjog Query : select top 1 st.tabiva ,st.ivaincl ,st.stns ,st.uni2 ,st.familia ,isnull(tx.taxa, 0) txiva ,unidade ,usalote ,epcpond ,noserie ,conversao ,st.texteis from st left join taxasiva tx on st.tabiva = tx.codigo where st.ref = '324.646.00.01'
20241118@150645.6873 o90rmcobp4bvp7fl1ane8qqjog Query : select 1 valor from information_schema.tables where table_type='base table' and table_name='wstablefields'
20241118@150645.6893 o90rmcobp4bvp7fl1ane8qqjog Query : select fieldkey,fieldname,fieldtype,mandatory from wstablefields where tablename = 'fi' and documentnumber = 39
20241118@150645.7228 o90rmcobp4bvp7fl1ane8qqjog Query : select 1 valor from information_schema.tables where table_type='base table' and table_name='wstablefields'
20241118@150645.7250 o90rmcobp4bvp7fl1ane8qqjog Query : select fieldkey,fieldname,fieldtype,mandatory from wstablefields where tablename = 'fi2' and documentnumber = 39
20241118@150645.7261 o90rmcobp4bvp7fl1ane8qqjog Query : select top 1 convert(numeric(6,2),t.taxa) valor from taxasiva t where t.codigo='2'
20241118@150645.7277 o90rmcobp4bvp7fl1ane8qqjog Query : select sestamp valor from se where ref ='324.646.00.01' and lote = 'r2400228100a'
20241118@150645.7291 o90rmcobp4bvp7fl1ane8qqjog Query : select 1 valor from information_schema.tables where table_type='base table' and table_name='wstablefields'
20241118@150645.7309 o90rmcobp4bvp7fl1ane8qqjog Query : select fieldkey,fieldname,fieldtype,calcformula from wstablefields where tablename = 'fi2' and documentnumber = 39
20241118@150645.7323 o90rmcobp4bvp7fl1ane8qqjog Query : insert into wsfi2data (fi2stamp,ftstamp ,ousrdata, ousrhora, usrdata,usrhora,ousrinis,usrinis) values ('aut673b503210673b5805b2','aut673b510475673b58054c' ,getdate(),convert(char(8),convert (time,getdate())),getdate(),convert(char(8),convert (time,getdate())),'wsv','wsv')
20241118@150645.7328 o90rmcobp4bvp7fl1ane8qqjog Query : select 1 valor from information_schema.tables where table_type='base table' and table_name='wstablefields'
20241118@150645.7347 o90rmcobp4bvp7fl1ane8qqjog Query : select fieldkey,fieldname,fieldtype,calcformula from wstablefields where tablename = 'fi' and documentnumber = 39
20241118@150645.7381 o90rmcobp4bvp7fl1ane8qqjog Query : insert into wsfidata (fistamp,ousrdata, ousrhora, usrdata,usrhora,ousrinis,usrinis ,qtt ,ftstamp ,epv,pvmoeda ,tabiva,iva,lordem ,ref, design ,lote,armazem) values ('aut673b503210673b5805b2',getdate(),convert(char(8),convert (time,getdate())),getdate(),convert(char(8),convert (time,getdate())),'wsv','wsv',2.000 ,'aut673b510475673b58054c' ,0,0 ,2,23.00,40000,?,?,?,?)
20241118@150645.7730 o90rmcobp4bvp7fl1ane8qqjog Query : select 1 valor from information_schema.tables where table_type='base table' and table_name='wstablefields'
20241118@150645.7787 o90rmcobp4bvp7fl1ane8qqjog Query : select fieldkey,fieldname,fieldtype,mandatory from wstablefields where tablename = 'fi' and documentnumber = 39
20241118@150645.7829 o90rmcobp4bvp7fl1ane8qqjog Query : select 1 valor from information_schema.tables where table_type='base table' and table_name='wstablefields'
20241118@150645.7846 o90rmcobp4bvp7fl1ane8qqjog Query : select fieldkey,fieldname,fieldtype,mandatory from wstablefields where tablename = 'fi2' and documentnumber = 39
20241118@150645.7854 o90rmcobp4bvp7fl1ane8qqjog Query : select top 1 convert(numeric(6,2),t.taxa) valor from taxasiva t where t.codigo='2'
20241118@150645.7899 o90rmcobp4bvp7fl1ane8qqjog Query : select 1 valor from information_schema.tables where table_type='base table' and table_name='wstablefields'
20241118@150645.7992 o90rmcobp4bvp7fl1ane8qqjog Query : select fieldkey,fieldname,fieldtype,calcformula from wstablefields where tablename = 'fi2' and documentnumber = 39
20241118@150645.8008 o90rmcobp4bvp7fl1ane8qqjog Query : insert into wsfi2data (fi2stamp,ftstamp ,ousrdata, ousrhora, usrdata,usrhora,ousrinis,usrinis) values ('aut673b577781673b5805c0','aut673b510475673b58054c' ,getdate(),convert(char(8),convert (time,getdate())),getdate(),convert(char(8),convert (time,getdate())),'wsv','wsv')
20241118@150645.8012 o90rmcobp4bvp7fl1ane8qqjog Query : select 1 valor from information_schema.tables where table_type='base table' and table_name='wstablefields'
20241118@150645.8028 o90rmcobp4bvp7fl1ane8qqjog Query : select fieldkey,fieldname,fieldtype,calcformula from wstablefields where tablename = 'fi' and documentnumber = 39
20241118@150645.8063 o90rmcobp4bvp7fl1ane8qqjog Query : insert into wsfidata (fistamp,ousrdata, ousrhora, usrdata,usrhora,ousrinis,usrinis ,qtt ,ftstamp ,epv,pvmoeda ,tabiva,iva,lordem ,ref, design ,armazem) values ('aut673b577781673b5805c0',getdate(),convert(char(8),convert (time,getdate())),getdate(),convert(char(8),convert (time,getdate())),'wsv','wsv',0 ,'aut673b510475673b58054c' ,0,0 ,2,23.00,50000,?,?,?)
20241118@150645.8414 o90rmcobp4bvp7fl1ane8qqjog Query : use flama_phc
20241118@150645.8417 o90rmcobp4bvp7fl1ane8qqjog Query : select st.usalote valor from st where st.ref = '324.646.00.01'
20241118@150645.8436 o90rmcobp4bvp7fl1ane8qqjog Query : select top 1 st.tabiva ,st.ivaincl ,st.stns ,st.uni2 ,st.familia ,isnull(tx.taxa, 0) txiva ,unidade ,usalote ,epcpond ,noserie ,conversao ,st.texteis from st left join taxasiva tx on st.tabiva = tx.codigo where st.ref = '324.646.00.01'
20241118@150645.8451 o90rmcobp4bvp7fl1ane8qqjog Query : select 1 valor from information_schema.tables where table_type='base table' and table_name='wstablefields'
20241118@150645.8469 o90rmcobp4bvp7fl1ane8qqjog Query : select fieldkey,fieldname,fieldtype,mandatory from wstablefields where tablename = 'fi' and documentnumber = 39
20241118@150645.8494 o90rmcobp4bvp7fl1ane8qqjog Query : select 1 valor from information_schema.tables where table_type='base table' and table_name='wstablefields'
20241118@150645.8512 o90rmcobp4bvp7fl1ane8qqjog Query : select fieldkey,fieldname,fieldtype,mandatory from wstablefields where tablename = 'fi2' and documentnumber = 39
20241118@150645.8520 o90rmcobp4bvp7fl1ane8qqjog Query : select top 1 convert(numeric(6,2),t.taxa) valor from taxasiva t where t.codigo='2'
20241118@150645.8535 o90rmcobp4bvp7fl1ane8qqjog Query : select sestamp valor from se where ref ='324.646.00.01' and lote = 'r2400228100a'
20241118@150645.8551 o90rmcobp4bvp7fl1ane8qqjog Query : select 1 valor from information_schema.tables where table_type='base table' and table_name='wstablefields'
20241118@150645.8568 o90rmcobp4bvp7fl1ane8qqjog Query : select fieldkey,fieldname,fieldtype,calcformula from wstablefields where tablename = 'fi2' and documentnumber = 39
20241118@150645.8580 o90rmcobp4bvp7fl1ane8qqjog Query : insert into wsfi2data (fi2stamp,ftstamp ,ousrdata, ousrhora, usrdata,usrhora,ousrinis,usrinis) values ('aut673b504620673b5805d0','aut673b510475673b58054c' ,getdate(),convert(char(8),convert (time,getdate())),getdate(),convert(char(8),convert (time,getdate())),'wsv','wsv')
20241118@150645.8585 o90rmcobp4bvp7fl1ane8qqjog Query : select 1 valor from information_schema.tables where table_type='base table' and table_name='wstablefields'
20241118@150645.8606 o90rmcobp4bvp7fl1ane8qqjog Query : select fieldkey,fieldname,fieldtype,calcformula from wstablefields where tablename = 'fi' and documentnumber = 39
20241118@150645.8637 o90rmcobp4bvp7fl1ane8qqjog Query : insert into wsfidata (fistamp,ousrdata, ousrhora, usrdata,usrhora,ousrinis,usrinis ,qtt ,ftstamp ,epv,pvmoeda ,tabiva,iva,lordem ,ref, design ,lote,armazem) values ('aut673b504620673b5805d0',getdate(),convert(char(8),convert (time,getdate())),getdate(),convert(char(8),convert (time,getdate())),'wsv','wsv',24.000 ,'aut673b510475673b58054c' ,0,0 ,2,23.00,70000,?,?,?,?)
20241118@150645.9039 o90rmcobp4bvp7fl1ane8qqjog Query : select 1 valor from information_schema.tables where table_type='base table' and table_name='wstablefields'
20241118@150645.9061 o90rmcobp4bvp7fl1ane8qqjog Query : select fieldkey,fieldname,fieldtype,mandatory from wstablefields where tablename = 'fi' and documentnumber = 39
20241118@150645.9089 o90rmcobp4bvp7fl1ane8qqjog Query : select 1 valor from information_schema.tables where table_type='base table' and table_name='wstablefields'
20241118@150645.9107 o90rmcobp4bvp7fl1ane8qqjog Query : select fieldkey,fieldname,fieldtype,mandatory from wstablefields where tablename = 'fi2' and documentnumber = 39
20241118@150645.9115 o90rmcobp4bvp7fl1ane8qqjog Query : select top 1 convert(numeric(6,2),t.taxa) valor from taxasiva t where t.codigo='2'
20241118@150645.9128 o90rmcobp4bvp7fl1ane8qqjog Query : select 1 valor from information_schema.tables where table_type='base table' and table_name='wstablefields'
20241118@150645.9143 o90rmcobp4bvp7fl1ane8qqjog Query : select fieldkey,fieldname,fieldtype,calcformula from wstablefields where tablename = 'fi2' and documentnumber = 39
20241118@150645.9158 o90rmcobp4bvp7fl1ane8qqjog Query : insert into wsfi2data (fi2stamp,ftstamp ,ousrdata, ousrhora, usrdata,usrhora,ousrinis,usrinis) values ('aut673b537339673b5805de','aut673b510475673b58054c' ,getdate(),convert(char(8),convert (time,getdate())),getdate(),convert(char(8),convert (time,getdate())),'wsv','wsv')
20241118@150645.9163 o90rmcobp4bvp7fl1ane8qqjog Query : select 1 valor from information_schema.tables where table_type='base table' and table_name='wstablefields'
20241118@150645.9211 o90rmcobp4bvp7fl1ane8qqjog Query : select fieldkey,fieldname,fieldtype,calcformula from wstablefields where tablename = 'fi' and documentnumber = 39
20241118@150645.9847 o90rmcobp4bvp7fl1ane8qqjog Query : insert into wsfidata (fistamp,ousrdata, ousrhora, usrdata,usrhora,ousrinis,usrinis ,qtt ,ftstamp ,epv,pvmoeda ,tabiva,iva,lordem ,ref, design ,armazem) values ('aut673b537339673b5805de',getdate(),convert(char(8),convert (time,getdate())),getdate(),convert(char(8),convert (time,getdate())),'wsv','wsv',0 ,'aut673b510475673b58054c' ,0,0 ,2,23.00,80000,?,?,?)
20241118@150646.2450 o90rmcobp4bvp7fl1ane8qqjog Query : use flama_phc
20241118@150646.3510 o90rmcobp4bvp7fl1ane8qqjog Query : select st.usalote valor from st where st.ref = '324.646.00.01'
20241118@150646.4170 o90rmcobp4bvp7fl1ane8qqjog Query : select top 1 st.tabiva ,st.ivaincl ,st.stns ,st.uni2 ,st.familia ,isnull(tx.taxa, 0) txiva ,unidade ,usalote ,epcpond ,noserie ,conversao ,st.texteis from st left join taxasiva tx on st.tabiva = tx.codigo where st.ref = '324.646.00.01'
20241118@150646.4470 o90rmcobp4bvp7fl1ane8qqjog Query : select 1 valor from information_schema.tables where table_type='base table' and table_name='wstablefields'
20241118@150646.4660 o90rmcobp4bvp7fl1ane8qqjog Query : select fieldkey,fieldname,fieldtype,mandatory from wstablefields where tablename = 'fi' and documentnumber = 39
20241118@150646.5060 o90rmcobp4bvp7fl1ane8qqjog Query : select 1 valor from information_schema.tables where table_type='base table' and table_name='wstablefields'
20241118@150646.5450 o90rmcobp4bvp7fl1ane8qqjog Query : select fieldkey,fieldname,fieldtype,mandatory from wstablefields where tablename = 'fi2' and documentnumber = 39
20241118@150646.5560 o90rmcobp4bvp7fl1ane8qqjog Query : select top 1 convert(numeric(6,2),t.taxa) valor from taxasiva t where t.codigo='2'
20241118@150646.5780 o90rmcobp4bvp7fl1ane8qqjog Query : select sestamp valor from se where ref ='324.646.00.01' and lote = 'r2400228100a'
20241118@150646.5970 o90rmcobp4bvp7fl1ane8qqjog Query : select 1 valor from information_schema.tables where table_type='base table' and table_name='wstablefields'
20241118@150646.6230 o90rmcobp4bvp7fl1ane8qqjog Query : select fieldkey,fieldname,fieldtype,calcformula from wstablefields where tablename = 'fi2' and documentnumber = 39
20241118@150646.6390 o90rmcobp4bvp7fl1ane8qqjog Query : insert into wsfi2data (fi2stamp,ftstamp ,ousrdata, ousrhora, usrdata,usrhora,ousrinis,usrinis) values ('aut673b597021673b58060e','aut673b510475673b58054c' ,getdate(),convert(char(8),convert (time,getdate())),getdate(),convert(char(8),convert (time,getdate())),'wsv','wsv')
20241118@150646.6440 o90rmcobp4bvp7fl1ane8qqjog Query : select 1 valor from information_schema.tables where table_type='base table' and table_name='wstablefields'
20241118@150646.7640 o90rmcobp4bvp7fl1ane8qqjog Query : select fieldkey,fieldname,fieldtype,calcformula from wstablefields where tablename = 'fi' and documentnumber = 39
20241118@150646.8430 o90rmcobp4bvp7fl1ane8qqjog Query : insert into wsfidata (fistamp,ousrdata, ousrhora, usrdata,usrhora,ousrinis,usrinis ,qtt ,ftstamp ,epv,pvmoeda ,tabiva,iva,lordem ,ref, design ,lote,armazem) values ('aut673b597021673b58060e',getdate(),convert(char(8),convert (time,getdate())),getdate(),convert(char(8),convert (time,getdate())),'wsv','wsv',24.000 ,'aut673b510475673b58054c' ,0,0 ,2,23.00,100000,?,?,?,?)
20241118@150646.1182 o90rmcobp4bvp7fl1ane8qqjog Query : select 1 valor from information_schema.tables where table_type='base table' and table_name='wstablefields'
20241118@150646.1234 o90rmcobp4bvp7fl1ane8qqjog Query : select fieldkey,fieldname,fieldtype,mandatory from wstablefields where tablename = 'fi' and documentnumber = 39
20241118@150646.1269 o90rmcobp4bvp7fl1ane8qqjog Query : select 1 valor from information_schema.tables where table_type='base table' and table_name='wstablefields'
20241118@150646.1287 o90rmcobp4bvp7fl1ane8qqjog Query : select fieldkey,fieldname,fieldtype,mandatory from wstablefields where tablename = 'fi2' and documentnumber = 39
20241118@150646.1314 o90rmcobp4bvp7fl1ane8qqjog Query : select top 1 convert(numeric(6,2),t.taxa) valor from taxasiva t where t.codigo='2'
20241118@150646.1326 o90rmcobp4bvp7fl1ane8qqjog Query : select 1 valor from information_schema.tables where table_type='base table' and table_name='wstablefields'
20241118@150646.1388 o90rmcobp4bvp7fl1ane8qqjog Query : select fieldkey,fieldname,fieldtype,calcformula from wstablefields where tablename = 'fi2' and documentnumber = 39
20241118@150646.1405 o90rmcobp4bvp7fl1ane8qqjog Query : insert into wsfi2data (fi2stamp,ftstamp ,ousrdata, ousrhora, usrdata,usrhora,ousrinis,usrinis) values ('aut673b527400673b580620','aut673b510475673b58054c' ,getdate(),convert(char(8),convert (time,getdate())),getdate(),convert(char(8),convert (time,getdate())),'wsv','wsv')
20241118@150646.1410 o90rmcobp4bvp7fl1ane8qqjog Query : select 1 valor from information_schema.tables where table_type='base table' and table_name='wstablefields'
20241118@150646.1426 o90rmcobp4bvp7fl1ane8qqjog Query : select fieldkey,fieldname,fieldtype,calcformula from wstablefields where tablename = 'fi' and documentnumber = 39
20241118@150646.1465 o90rmcobp4bvp7fl1ane8qqjog Query : insert into wsfidata (fistamp,ousrdata, ousrhora, usrdata,usrhora,ousrinis,usrinis ,qtt ,ftstamp ,epv,pvmoeda ,tabiva,iva,lordem ,ref, design ,armazem) values ('aut673b527400673b580620',getdate(),convert(char(8),convert (time,getdate())),getdate(),convert(char(8),convert (time,getdate())),'wsv','wsv',0 ,'aut673b510475673b58054c' ,0,0 ,2,23.00,110000,?,?,?)
20241118@150646.1819 o90rmcobp4bvp7fl1ane8qqjog Query : use flama_phc
20241118@150646.1822 o90rmcobp4bvp7fl1ane8qqjog Query : select st.usalote valor from st where st.ref = '324.646.00.01'
20241118@150646.1858 o90rmcobp4bvp7fl1ane8qqjog Query : select top 1 st.tabiva ,st.ivaincl ,st.stns ,st.uni2 ,st.familia ,isnull(tx.taxa, 0) txiva ,unidade ,usalote ,epcpond ,noserie ,conversao ,st.texteis from st left join taxasiva tx on st.tabiva = tx.codigo where st.ref = '324.646.00.01'
20241118@150646.1889 o90rmcobp4bvp7fl1ane8qqjog Query : select 1 valor from information_schema.tables where table_type='base table' and table_name='wstablefields'
20241118@150646.1908 o90rmcobp4bvp7fl1ane8qqjog Query : select fieldkey,fieldname,fieldtype,mandatory from wstablefields where tablename = 'fi' and documentnumber = 39
20241118@150646.1940 o90rmcobp4bvp7fl1ane8qqjog Query : select 1 valor from information_schema.tables where table_type='base table' and table_name='wstablefields'
20241118@150646.1981 o90rmcobp4bvp7fl1ane8qqjog Query : select fieldkey,fieldname,fieldtype,mandatory from wstablefields where tablename = 'fi2' and documentnumber = 39
20241118@150646.1999 o90rmcobp4bvp7fl1ane8qqjog Query : select top 1 convert(numeric(6,2),t.taxa) valor from taxasiva t where t.codigo='2'
20241118@150646.2030 o90rmcobp4bvp7fl1ane8qqjog Query : select sestamp valor from se where ref ='324.646.00.01' and lote = 'r2400228100a'
20241118@150646.2049 o90rmcobp4bvp7fl1ane8qqjog Query : select 1 valor from information_schema.tables where table_type='base table' and table_name='wstablefields'
20241118@150646.2079 o90rmcobp4bvp7fl1ane8qqjog Query : select fieldkey,fieldname,fieldtype,calcformula from wstablefields where tablename = 'fi2' and documentnumber = 39
20241118@150646.2096 o90rmcobp4bvp7fl1ane8qqjog Query : insert into wsfi2data (fi2stamp,ftstamp ,ousrdata, ousrhora, usrdata,usrhora,ousrinis,usrinis) values ('aut673b544296673b580632','aut673b510475673b58054c' ,getdate(),convert(char(8),convert (time,getdate())),getdate(),convert(char(8),convert (time,getdate())),'wsv','wsv')
20241118@150646.2102 o90rmcobp4bvp7fl1ane8qqjog Query : select 1 valor from information_schema.tables where table_type='base table' and table_name='wstablefields'
20241118@150646.2129 o90rmcobp4bvp7fl1ane8qqjog Query : select fieldkey,fieldname,fieldtype,calcformula from wstablefields where tablename = 'fi' and documentnumber = 39
20241118@150646.2220 o90rmcobp4bvp7fl1ane8qqjog Query : insert into wsfidata (fistamp,ousrdata, ousrhora, usrdata,usrhora,ousrinis,usrinis ,qtt ,ftstamp ,epv,pvmoeda ,tabiva,iva,lordem ,ref, design ,lote,armazem) values ('aut673b544296673b580632',getdate(),convert(char(8),convert (time,getdate())),getdate(),convert(char(8),convert (time,getdate())),'wsv','wsv',24.000 ,'aut673b510475673b58054c' ,0,0 ,2,23.00,130000,?,?,?,?)
20241118@150646.2557 o90rmcobp4bvp7fl1ane8qqjog Query : select 1 valor from information_schema.tables where table_type='base table' and table_name='wstablefields'
20241118@150646.2584 o90rmcobp4bvp7fl1ane8qqjog Query : select fieldkey,fieldname,fieldtype,mandatory from wstablefields where tablename = 'fi' and documentnumber = 39
20241118@150646.2655 o90rmcobp4bvp7fl1ane8qqjog Query : select 1 valor from information_schema.tables where table_type='base table' and table_name='wstablefields'
20241118@150646.2675 o90rmcobp4bvp7fl1ane8qqjog Query : select fieldkey,fieldname,fieldtype,mandatory from wstablefields where tablename = 'fi2' and documentnumber = 39
20241118@150646.2686 o90rmcobp4bvp7fl1ane8qqjog Query : select top 1 convert(numeric(6,2),t.taxa) valor from taxasiva t where t.codigo='2'
20241118@150646.2716 o90rmcobp4bvp7fl1ane8qqjog Query : select 1 valor from information_schema.tables where table_type='base table' and table_name='wstablefields'
20241118@150646.2741 o90rmcobp4bvp7fl1ane8qqjog Query : select fieldkey,fieldname,fieldtype,calcformula from wstablefields where tablename = 'fi2' and documentnumber = 39
20241118@150646.2763 o90rmcobp4bvp7fl1ane8qqjog Query : insert into wsfi2data (fi2stamp,ftstamp ,ousrdata, ousrhora, usrdata,usrhora,ousrinis,usrinis) values ('aut673b544605673b580642','aut673b510475673b58054c' ,getdate(),convert(char(8),convert (time,getdate())),getdate(),convert(char(8),convert (time,getdate())),'wsv','wsv')
20241118@150646.2767 o90rmcobp4bvp7fl1ane8qqjog Query : select 1 valor from information_schema.tables where table_type='base table' and table_name='wstablefields'
20241118@150646.2784 o90rmcobp4bvp7fl1ane8qqjog Query : select fieldkey,fieldname,fieldtype,calcformula from wstablefields where tablename = 'fi' and documentnumber = 39
20241118@150646.2846 o90rmcobp4bvp7fl1ane8qqjog Query : insert into wsfidata (fistamp,ousrdata, ousrhora, usrdata,usrhora,ousrinis,usrinis ,qtt ,ftstamp ,epv,pvmoeda ,tabiva,iva,lordem ,ref, design ,armazem) values ('aut673b544605673b580642',getdate(),convert(char(8),convert (time,getdate())),getdate(),convert(char(8),convert (time,getdate())),'wsv','wsv',0 ,'aut673b510475673b58054c' ,0,0 ,2,23.00,140000,?,?,?)
20241118@150646.3154 o90rmcobp4bvp7fl1ane8qqjog Query : use flama_phc
20241118@150646.3157 o90rmcobp4bvp7fl1ane8qqjog Query : select st.usalote valor from st where st.ref = '324.646.00.01'
20241118@150646.3206 o90rmcobp4bvp7fl1ane8qqjog Query : select top 1 st.tabiva ,st.ivaincl ,st.stns ,st.uni2 ,st.familia ,isnull(tx.taxa, 0) txiva ,unidade ,usalote ,epcpond ,noserie ,conversao ,st.texteis from st left join taxasiva tx on st.tabiva = tx.codigo where st.ref = '324.646.00.01'
20241118@150646.3233 o90rmcobp4bvp7fl1ane8qqjog Query : select 1 valor from information_schema.tables where table_type='base table' and table_name='wstablefields'
20241118@150646.3261 o90rmcobp4bvp7fl1ane8qqjog Query : select fieldkey,fieldname,fieldtype,mandatory from wstablefields where tablename = 'fi' and documentnumber = 39
20241118@150646.3332 o90rmcobp4bvp7fl1ane8qqjog Query : select 1 valor from information_schema.tables where table_type='base table' and table_name='wstablefields'
20241118@150646.3383 o90rmcobp4bvp7fl1ane8qqjog Query : select fieldkey,fieldname,fieldtype,mandatory from wstablefields where tablename = 'fi2' and documentnumber = 39
20241118@150646.3394 o90rmcobp4bvp7fl1ane8qqjog Query : select top 1 convert(numeric(6,2),t.taxa) valor from taxasiva t where t.codigo='2'
20241118@150646.3420 o90rmcobp4bvp7fl1ane8qqjog Query : select sestamp valor from se where ref ='324.646.00.01' and lote = 'r2400228100a'
20241118@150646.3439 o90rmcobp4bvp7fl1ane8qqjog Query : select 1 valor from information_schema.tables where table_type='base table' and table_name='wstablefields'
20241118@150646.3456 o90rmcobp4bvp7fl1ane8qqjog Query : select fieldkey,fieldname,fieldtype,calcformula from wstablefields where tablename = 'fi2' and documentnumber = 39
20241118@150646.3470 o90rmcobp4bvp7fl1ane8qqjog Query : insert into wsfi2data (fi2stamp,ftstamp ,ousrdata, ousrhora, usrdata,usrhora,ousrinis,usrinis) values ('aut673b508470673b580653','aut673b510475673b58054c' ,getdate(),convert(char(8),convert (time,getdate())),getdate(),convert(char(8),convert (time,getdate())),'wsv','wsv')
20241118@150646.3475 o90rmcobp4bvp7fl1ane8qqjog Query : select 1 valor from information_schema.tables where table_type='base table' and table_name='wstablefields'
20241118@150646.3489 o90rmcobp4bvp7fl1ane8qqjog Query : select fieldkey,fieldname,fieldtype,calcformula from wstablefields where tablename = 'fi' and documentnumber = 39
20241118@150646.3576 o90rmcobp4bvp7fl1ane8qqjog Query : insert into wsfidata (fistamp,ousrdata, ousrhora, usrdata,usrhora,ousrinis,usrinis ,qtt ,ftstamp ,epv,pvmoeda ,tabiva,iva,lordem ,ref, design ,lote,armazem) values ('aut673b508470673b580653',getdate(),convert(char(8),convert (time,getdate())),getdate(),convert(char(8),convert (time,getdate())),'wsv','wsv',24.000 ,'aut673b510475673b58054c' ,0,0 ,2,23.00,160000,?,?,?,?)
20241118@150646.3897 o90rmcobp4bvp7fl1ane8qqjog Query : select 1 valor from information_schema.tables where table_type='base table' and table_name='wstablefields'
20241118@150646.3920 o90rmcobp4bvp7fl1ane8qqjog Query : select fieldkey,fieldname,fieldtype,mandatory from wstablefields where tablename = 'fi' and documentnumber = 39
20241118@150646.3957 o90rmcobp4bvp7fl1ane8qqjog Query : select 1 valor from information_schema.tables where table_type='base table' and table_name='wstablefields'
20241118@150646.3983 o90rmcobp4bvp7fl1ane8qqjog Query : select fieldkey,fieldname,fieldtype,mandatory from wstablefields where tablename = 'fi2' and documentnumber = 39
20241118@150646.3996 o90rmcobp4bvp7fl1ane8qqjog Query : select top 1 convert(numeric(6,2),t.taxa) valor from taxasiva t where t.codigo='2'
20241118@150646.4011 o90rmcobp4bvp7fl1ane8qqjog Query : select 1 valor from information_schema.tables where table_type='base table' and table_name='wstablefields'
20241118@150646.4066 o90rmcobp4bvp7fl1ane8qqjog Query : select fieldkey,fieldname,fieldtype,calcformula from wstablefields where tablename = 'fi2' and documentnumber = 39
20241118@150646.4081 o90rmcobp4bvp7fl1ane8qqjog Query : insert into wsfi2data (fi2stamp,ftstamp ,ousrdata, ousrhora, usrdata,usrhora,ousrinis,usrinis) values ('aut673b569034673b580661','aut673b510475673b58054c' ,getdate(),convert(char(8),convert (time,getdate())),getdate(),convert(char(8),convert (time,getdate())),'wsv','wsv')
20241118@150646.4087 o90rmcobp4bvp7fl1ane8qqjog Query : select 1 valor from information_schema.tables where table_type='base table' and table_name='wstablefields'
20241118@150646.4121 o90rmcobp4bvp7fl1ane8qqjog Query : select fieldkey,fieldname,fieldtype,calcformula from wstablefields where tablename = 'fi' and documentnumber = 39
20241118@150646.4156 o90rmcobp4bvp7fl1ane8qqjog Query : insert into wsfidata (fistamp,ousrdata, ousrhora, usrdata,usrhora,ousrinis,usrinis ,qtt ,ftstamp ,epv,pvmoeda ,tabiva,iva,lordem ,ref, design ,armazem) values ('aut673b569034673b580661',getdate(),convert(char(8),convert (time,getdate())),getdate(),convert(char(8),convert (time,getdate())),'wsv','wsv',0 ,'aut673b510475673b58054c' ,0,0 ,2,23.00,170000,?,?,?)
20241118@150646.4593 o90rmcobp4bvp7fl1ane8qqjog Query : use flama_phc
20241118@150646.4597 o90rmcobp4bvp7fl1ane8qqjog Query : select st.usalote valor from st where st.ref = '324.646.00.01'
20241118@150646.4622 o90rmcobp4bvp7fl1ane8qqjog Query : select top 1 st.tabiva ,st.ivaincl ,st.stns ,st.uni2 ,st.familia ,isnull(tx.taxa, 0) txiva ,unidade ,usalote ,epcpond ,noserie ,conversao ,st.texteis from st left join taxasiva tx on st.tabiva = tx.codigo where st.ref = '324.646.00.01'
20241118@150646.4636 o90rmcobp4bvp7fl1ane8qqjog Query : select 1 valor from information_schema.tables where table_type='base table' and table_name='wstablefields'
20241118@150646.4656 o90rmcobp4bvp7fl1ane8qqjog Query : select fieldkey,fieldname,fieldtype,mandatory from wstablefields where tablename = 'fi' and documentnumber = 39
20241118@150646.4703 o90rmcobp4bvp7fl1ane8qqjog Query : select 1 valor from information_schema.tables where table_type='base table' and table_name='wstablefields'
20241118@150646.4769 o90rmcobp4bvp7fl1ane8qqjog Query : select fieldkey,fieldname,fieldtype,mandatory from wstablefields where tablename = 'fi2' and documentnumber = 39
20241118@150646.4779 o90rmcobp4bvp7fl1ane8qqjog Query : select top 1 convert(numeric(6,2),t.taxa) valor from taxasiva t where t.codigo='2'
20241118@150646.4818 o90rmcobp4bvp7fl1ane8qqjog Query : select sestamp valor from se where ref ='324.646.00.01' and lote = 'r2400228100a'
20241118@150646.4843 o90rmcobp4bvp7fl1ane8qqjog Query : select 1 valor from information_schema.tables where table_type='base table' and table_name='wstablefields'
20241118@150646.4864 o90rmcobp4bvp7fl1ane8qqjog Query : select fieldkey,fieldname,fieldtype,calcformula from wstablefields where tablename = 'fi2' and documentnumber = 39
20241118@150646.4887 o90rmcobp4bvp7fl1ane8qqjog Query : insert into wsfi2data (fi2stamp,ftstamp ,ousrdata, ousrhora, usrdata,usrhora,ousrinis,usrinis) values ('aut673b576160673b580676','aut673b510475673b58054c' ,getdate(),convert(char(8),convert (time,getdate())),getdate(),convert(char(8),convert (time,getdate())),'wsv','wsv')
20241118@150646.4893 o90rmcobp4bvp7fl1ane8qqjog Query : select 1 valor from information_schema.tables where table_type='base table' and table_name='wstablefields'
20241118@150646.4910 o90rmcobp4bvp7fl1ane8qqjog Query : select fieldkey,fieldname,fieldtype,calcformula from wstablefields where tablename = 'fi' and documentnumber = 39
20241118@150646.4985 o90rmcobp4bvp7fl1ane8qqjog Query : insert into wsfidata (fistamp,ousrdata, ousrhora, usrdata,usrhora,ousrinis,usrinis ,qtt ,ftstamp ,epv,pvmoeda ,tabiva,iva,lordem ,ref, design ,lote,armazem) values ('aut673b576160673b580676',getdate(),convert(char(8),convert (time,getdate())),getdate(),convert(char(8),convert (time,getdate())),'wsv','wsv',24.000 ,'aut673b510475673b58054c' ,0,0 ,2,23.00,190000,?,?,?,?)
20241118@150646.5336 o90rmcobp4bvp7fl1ane8qqjog Query : select 1 valor from information_schema.tables where table_type='base table' and table_name='wstablefields'
20241118@150646.5362 o90rmcobp4bvp7fl1ane8qqjog Query : select fieldkey,fieldname,fieldtype,mandatory from wstablefields where tablename = 'fi' and documentnumber = 39
20241118@150646.5414 o90rmcobp4bvp7fl1ane8qqjog Query : select 1 valor from information_schema.tables where table_type='base table' and table_name='wstablefields'
20241118@150646.5440 o90rmcobp4bvp7fl1ane8qqjog Query : select fieldkey,fieldname,fieldtype,mandatory from wstablefields where tablename = 'fi2' and documentnumber = 39
20241118@150646.5450 o90rmcobp4bvp7fl1ane8qqjog Query : select top 1 convert(numeric(6,2),t.taxa) valor from taxasiva t where t.codigo='2'
20241118@150646.5465 o90rmcobp4bvp7fl1ane8qqjog Query : select 1 valor from information_schema.tables where table_type='base table' and table_name='wstablefields'
20241118@150646.5526 o90rmcobp4bvp7fl1ane8qqjog Query : select fieldkey,fieldname,fieldtype,calcformula from wstablefields where tablename = 'fi2' and documentnumber = 39
20241118@150646.5543 o90rmcobp4bvp7fl1ane8qqjog Query : insert into wsfi2data (fi2stamp,ftstamp ,ousrdata, ousrhora, usrdata,usrhora,ousrinis,usrinis) values ('aut673b531729673b580685','aut673b510475673b58054c' ,getdate(),convert(char(8),convert (time,getdate())),getdate(),convert(char(8),convert (time,getdate())),'wsv','wsv')
20241118@150646.5548 o90rmcobp4bvp7fl1ane8qqjog Query : select 1 valor from information_schema.tables where table_type='base table' and table_name='wstablefields'
20241118@150646.5564 o90rmcobp4bvp7fl1ane8qqjog Query : select fieldkey,fieldname,fieldtype,calcformula from wstablefields where tablename = 'fi' and documentnumber = 39
20241118@150646.5595 o90rmcobp4bvp7fl1ane8qqjog Query : insert into wsfidata (fistamp,ousrdata, ousrhora, usrdata,usrhora,ousrinis,usrinis ,qtt ,ftstamp ,epv,pvmoeda ,tabiva,iva,lordem ,ref, design ,armazem) values ('aut673b531729673b580685',getdate(),convert(char(8),convert (time,getdate())),getdate(),convert(char(8),convert (time,getdate())),'wsv','wsv',0 ,'aut673b510475673b58054c' ,0,0 ,2,23.00,200000,?,?,?)
20241118@150646.5940 o90rmcobp4bvp7fl1ane8qqjog Query : use flama_phc
20241118@150646.5947 o90rmcobp4bvp7fl1ane8qqjog Query : select st.usalote valor from st where st.ref = '324.646.00.01'
20241118@150646.5970 o90rmcobp4bvp7fl1ane8qqjog Query : select top 1 st.tabiva ,st.ivaincl ,st.stns ,st.uni2 ,st.familia ,isnull(tx.taxa, 0) txiva ,unidade ,usalote ,epcpond ,noserie ,conversao ,st.texteis from st left join taxasiva tx on st.tabiva = tx.codigo where st.ref = '324.646.00.01'
20241118@150646.5987 o90rmcobp4bvp7fl1ane8qqjog Query : select 1 valor from information_schema.tables where table_type='base table' and table_name='wstablefields'
20241118@150646.6016 o90rmcobp4bvp7fl1ane8qqjog Query : select fieldkey,fieldname,fieldtype,mandatory from wstablefields where tablename = 'fi' and documentnumber = 39
20241118@150646.6053 o90rmcobp4bvp7fl1ane8qqjog Query : select 1 valor from information_schema.tables where table_type='base table' and table_name='wstablefields'
20241118@150646.6078 o90rmcobp4bvp7fl1ane8qqjog Query : select fieldkey,fieldname,fieldtype,mandatory from wstablefields where tablename = 'fi2' and documentnumber = 39
20241118@150646.6098 o90rmcobp4bvp7fl1ane8qqjog Query : select top 1 convert(numeric(6,2),t.taxa) valor from taxasiva t where t.codigo='2'
20241118@150646.6135 o90rmcobp4bvp7fl1ane8qqjog Query : select sestamp valor from se where ref ='324.646.00.01' and lote = 'r2400228100a'
20241118@150646.6163 o90rmcobp4bvp7fl1ane8qqjog Query : select 1 valor from information_schema.tables where table_type='base table' and table_name='wstablefields'
20241118@150646.6195 o90rmcobp4bvp7fl1ane8qqjog Query : select fieldkey,fieldname,fieldtype,calcformula from wstablefields where tablename = 'fi2' and documentnumber = 39
20241118@150646.6220 o90rmcobp4bvp7fl1ane8qqjog Query : insert into wsfi2data (fi2stamp,ftstamp ,ousrdata, ousrhora, usrdata,usrhora,ousrinis,usrinis) values ('aut673b575307673b580696','aut673b510475673b58054c' ,getdate(),convert(char(8),convert (time,getdate())),getdate(),convert(char(8),convert (time,getdate())),'wsv','wsv')
20241118@150646.6225 o90rmcobp4bvp7fl1ane8qqjog Query : select 1 valor from information_schema.tables where table_type='base table' and table_name='wstablefields'
20241118@150646.6244 o90rmcobp4bvp7fl1ane8qqjog Query : select fieldkey,fieldname,fieldtype,calcformula from wstablefields where tablename = 'fi' and documentnumber = 39
20241118@150646.6326 o90rmcobp4bvp7fl1ane8qqjog Query : insert into wsfidata (fistamp,ousrdata, ousrhora, usrdata,usrhora,ousrinis,usrinis ,qtt ,ftstamp ,epv,pvmoeda ,tabiva,iva,lordem ,ref, design ,lote,armazem) values ('aut673b575307673b580696',getdate(),convert(char(8),convert (time,getdate())),getdate(),convert(char(8),convert (time,getdate())),'wsv','wsv',24.000 ,'aut673b510475673b58054c' ,0,0 ,2,23.00,220000,?,?,?,?)
20241118@150646.6701 o90rmcobp4bvp7fl1ane8qqjog Query : select 1 valor from information_schema.tables where table_type='base table' and table_name='wstablefields'
20241118@150646.6724 o90rmcobp4bvp7fl1ane8qqjog Query : select fieldkey,fieldname,fieldtype,mandatory from wstablefields where tablename = 'fi' and documentnumber = 39
20241118@150646.6763 o90rmcobp4bvp7fl1ane8qqjog Query : select 1 valor from information_schema.tables where table_type='base table' and table_name='wstablefields'
20241118@150646.6777 o90rmcobp4bvp7fl1ane8qqjog Query : select fieldkey,fieldname,fieldtype,mandatory from wstablefields where tablename = 'fi2' and documentnumber = 39
20241118@150646.6785 o90rmcobp4bvp7fl1ane8qqjog Query : select top 1 convert(numeric(6,2),t.taxa) valor from taxasiva t where t.codigo='2'
20241118@150646.6803 o90rmcobp4bvp7fl1ane8qqjog Query : select 1 valor from information_schema.tables where table_type='base table' and table_name='wstablefields'
20241118@150646.6885 o90rmcobp4bvp7fl1ane8qqjog Query : select fieldkey,fieldname,fieldtype,calcformula from wstablefields where tablename = 'fi2' and documentnumber = 39
20241118@150646.6903 o90rmcobp4bvp7fl1ane8qqjog Query : insert into wsfi2data (fi2stamp,ftstamp ,ousrdata, ousrhora, usrdata,usrhora,ousrinis,usrinis) values ('aut673b565907673b5806a6','aut673b510475673b58054c' ,getdate(),convert(char(8),convert (time,getdate())),getdate(),convert(char(8),convert (time,getdate())),'wsv','wsv')
20241118@150646.6907 o90rmcobp4bvp7fl1ane8qqjog Query : select 1 valor from information_schema.tables where table_type='base table' and table_name='wstablefields'
20241118@150646.6955 o90rmcobp4bvp7fl1ane8qqjog Query : select fieldkey,fieldname,fieldtype,calcformula from wstablefields where tablename = 'fi' and documentnumber = 39
20241118@150646.7279 o90rmcobp4bvp7fl1ane8qqjog Query : insert into wsfidata (fistamp,ousrdata, ousrhora, usrdata,usrhora,ousrinis,usrinis ,qtt ,ftstamp ,epv,pvmoeda ,tabiva,iva,lordem ,ref, design ,armazem) values ('aut673b565907673b5806a6',getdate(),convert(char(8),convert (time,getdate())),getdate(),convert(char(8),convert (time,getdate())),'wsv','wsv',0 ,'aut673b510475673b58054c' ,0,0 ,2,23.00,230000,?,?,?)
20241118@150646.7604 o90rmcobp4bvp7fl1ane8qqjog Query : use flama_phc
20241118@150646.7608 o90rmcobp4bvp7fl1ane8qqjog Query : select st.usalote valor from st where st.ref = '324.646.00.01'
20241118@150646.7685 o90rmcobp4bvp7fl1ane8qqjog Query : select top 1 st.tabiva ,st.ivaincl ,st.stns ,st.uni2 ,st.familia ,isnull(tx.taxa, 0) txiva ,unidade ,usalote ,epcpond ,noserie ,conversao ,st.texteis from st left join taxasiva tx on st.tabiva = tx.codigo where st.ref = '324.646.00.01'
20241118@150646.7734 o90rmcobp4bvp7fl1ane8qqjog Query : select 1 valor from information_schema.tables where table_type='base table' and table_name='wstablefields'
20241118@150646.7788 o90rmcobp4bvp7fl1ane8qqjog Query : select fieldkey,fieldname,fieldtype,mandatory from wstablefields where tablename = 'fi' and documentnumber = 39
20241118@150646.7852 o90rmcobp4bvp7fl1ane8qqjog Query : select 1 valor from information_schema.tables where table_type='base table' and table_name='wstablefields'
20241118@150646.7868 o90rmcobp4bvp7fl1ane8qqjog Query : select fieldkey,fieldname,fieldtype,mandatory from wstablefields where tablename = 'fi2' and documentnumber = 39
20241118@150646.7882 o90rmcobp4bvp7fl1ane8qqjog Query : select top 1 convert(numeric(6,2),t.taxa) valor from taxasiva t where t.codigo='2'
20241118@150646.7961 o90rmcobp4bvp7fl1ane8qqjog Query : select sestamp valor from se where ref ='324.646.00.01' and lote = 'r2400228100a'
20241118@150646.7980 o90rmcobp4bvp7fl1ane8qqjog Query : select 1 valor from information_schema.tables where table_type='base table' and table_name='wstablefields'
20241118@150646.7999 o90rmcobp4bvp7fl1ane8qqjog Query : select fieldkey,fieldname,fieldtype,calcformula from wstablefields where tablename = 'fi2' and documentnumber = 39
20241118@150646.8023 o90rmcobp4bvp7fl1ane8qqjog Query : insert into wsfi2data (fi2stamp,ftstamp ,ousrdata, ousrhora, usrdata,usrhora,ousrinis,usrinis) values ('aut673b526827673b5806c2','aut673b510475673b58054c' ,getdate(),convert(char(8),convert (time,getdate())),getdate(),convert(char(8),convert (time,getdate())),'wsv','wsv')
20241118@150646.8028 o90rmcobp4bvp7fl1ane8qqjog Query : select 1 valor from information_schema.tables where table_type='base table' and table_name='wstablefields'
20241118@150646.8071 o90rmcobp4bvp7fl1ane8qqjog Query : select fieldkey,fieldname,fieldtype,calcformula from wstablefields where tablename = 'fi' and documentnumber = 39
20241118@150646.8106 o90rmcobp4bvp7fl1ane8qqjog Query : insert into wsfidata (fistamp,ousrdata, ousrhora, usrdata,usrhora,ousrinis,usrinis ,qtt ,ftstamp ,epv,pvmoeda ,tabiva,iva,lordem ,ref, design ,lote,armazem) values ('aut673b526827673b5806c2',getdate(),convert(char(8),convert (time,getdate())),getdate(),convert(char(8),convert (time,getdate())),'wsv','wsv',24.000 ,'aut673b510475673b58054c' ,0,0 ,2,23.00,250000,?,?,?,?)
20241118@150646.8461 o90rmcobp4bvp7fl1ane8qqjog Query : select 1 valor from information_schema.tables where table_type='base table' and table_name='wstablefields'
20241118@150646.8544 o90rmcobp4bvp7fl1ane8qqjog Query : select fieldkey,fieldname,fieldtype,mandatory from wstablefields where tablename = 'fi' and documentnumber = 39
20241118@150646.8591 o90rmcobp4bvp7fl1ane8qqjog Query : select 1 valor from information_schema.tables where table_type='base table' and table_name='wstablefields'
20241118@150646.8610 o90rmcobp4bvp7fl1ane8qqjog Query : select fieldkey,fieldname,fieldtype,mandatory from wstablefields where tablename = 'fi2' and documentnumber = 39
20241118@150646.8657 o90rmcobp4bvp7fl1ane8qqjog Query : select top 1 convert(numeric(6,2),t.taxa) valor from taxasiva t where t.codigo='2'
20241118@150646.8672 o90rmcobp4bvp7fl1ane8qqjog Query : select 1 valor from information_schema.tables where table_type='base table' and table_name='wstablefields'
20241118@150646.8693 o90rmcobp4bvp7fl1ane8qqjog Query : select fieldkey,fieldname,fieldtype,calcformula from wstablefields where tablename = 'fi2' and documentnumber = 39
20241118@150646.8712 o90rmcobp4bvp7fl1ane8qqjog Query : insert into wsfi2data (fi2stamp,ftstamp ,ousrdata, ousrhora, usrdata,usrhora,ousrinis,usrinis) values ('aut673b515593673b5806d3','aut673b510475673b58054c' ,getdate(),convert(char(8),convert (time,getdate())),getdate(),convert(char(8),convert (time,getdate())),'wsv','wsv')
20241118@150646.8717 o90rmcobp4bvp7fl1ane8qqjog Query : select 1 valor from information_schema.tables where table_type='base table' and table_name='wstablefields'
20241118@150646.8742 o90rmcobp4bvp7fl1ane8qqjog Query : select fieldkey,fieldname,fieldtype,calcformula from wstablefields where tablename = 'fi' and documentnumber = 39
20241118@150646.8847 o90rmcobp4bvp7fl1ane8qqjog Query : insert into wsfidata (fistamp,ousrdata, ousrhora, usrdata,usrhora,ousrinis,usrinis ,qtt ,ftstamp ,epv,pvmoeda ,tabiva,iva,lordem ,ref, design ,armazem) values ('aut673b515593673b5806d3',getdate(),convert(char(8),convert (time,getdate())),getdate(),convert(char(8),convert (time,getdate())),'wsv','wsv',0 ,'aut673b510475673b58054c' ,0,0 ,2,23.00,260000,?,?,?)
20241118@150646.9189 o90rmcobp4bvp7fl1ane8qqjog Query : use flama_phc
20241118@150646.9203 o90rmcobp4bvp7fl1ane8qqjog Query : select st.usalote valor from st where st.ref = '324.646.00.01'
20241118@150646.9291 o90rmcobp4bvp7fl1ane8qqjog Query : select top 1 st.tabiva ,st.ivaincl ,st.stns ,st.uni2 ,st.familia ,isnull(tx.taxa, 0) txiva ,unidade ,usalote ,epcpond ,noserie ,conversao ,st.texteis from st left join taxasiva tx on st.tabiva = tx.codigo where st.ref = '324.646.00.01'
20241118@150646.9319 o90rmcobp4bvp7fl1ane8qqjog Query : select 1 valor from information_schema.tables where table_type='base table' and table_name='wstablefields'
20241118@150646.9341 o90rmcobp4bvp7fl1ane8qqjog Query : select fieldkey,fieldname,fieldtype,mandatory from wstablefields where tablename = 'fi' and documentnumber = 39
20241118@150646.9405 o90rmcobp4bvp7fl1ane8qqjog Query : select 1 valor from information_schema.tables where table_type='base table' and table_name='wstablefields'
20241118@150646.9419 o90rmcobp4bvp7fl1ane8qqjog Query : select fieldkey,fieldname,fieldtype,mandatory from wstablefields where tablename = 'fi2' and documentnumber = 39
20241118@150646.9433 o90rmcobp4bvp7fl1ane8qqjog Query : select top 1 convert(numeric(6,2),t.taxa) valor from taxasiva t where t.codigo='2'
20241118@150646.9446 o90rmcobp4bvp7fl1ane8qqjog Query : select sestamp valor from se where ref ='324.646.00.01' and lote = 'r2400228100a'
20241118@150646.9489 o90rmcobp4bvp7fl1ane8qqjog Query : select 1 valor from information_schema.tables where table_type='base table' and table_name='wstablefields'
20241118@150646.9507 o90rmcobp4bvp7fl1ane8qqjog Query : select fieldkey,fieldname,fieldtype,calcformula from wstablefields where tablename = 'fi2' and documentnumber = 39
20241118@150646.9519 o90rmcobp4bvp7fl1ane8qqjog Query : insert into wsfi2data (fi2stamp,ftstamp ,ousrdata, ousrhora, usrdata,usrhora,ousrinis,usrinis) values ('aut673b505201673b5806e7','aut673b510475673b58054c' ,getdate(),convert(char(8),convert (time,getdate())),getdate(),convert(char(8),convert (time,getdate())),'wsv','wsv')
20241118@150646.9523 o90rmcobp4bvp7fl1ane8qqjog Query : select 1 valor from information_schema.tables where table_type='base table' and table_name='wstablefields'
20241118@150646.9579 o90rmcobp4bvp7fl1ane8qqjog Query : select fieldkey,fieldname,fieldtype,calcformula from wstablefields where tablename = 'fi' and documentnumber = 39
20241118@150646.9616 o90rmcobp4bvp7fl1ane8qqjog Query : insert into wsfidata (fistamp,ousrdata, ousrhora, usrdata,usrhora,ousrinis,usrinis ,qtt ,ftstamp ,epv,pvmoeda ,tabiva,iva,lordem ,ref, design ,lote,armazem) values ('aut673b505201673b5806e7',getdate(),convert(char(8),convert (time,getdate())),getdate(),convert(char(8),convert (time,getdate())),'wsv','wsv',24.000 ,'aut673b510475673b58054c' ,0,0 ,2,23.00,280000,?,?,?,?)
20241118@150646.9953 o90rmcobp4bvp7fl1ane8qqjog Query : select 1 valor from information_schema.tables where table_type='base table' and table_name='wstablefields'
20241118@150646.9970 o90rmcobp4bvp7fl1ane8qqjog Query : select fieldkey,fieldname,fieldtype,mandatory from wstablefields where tablename = 'fi' and documentnumber = 39
20241118@150646.9996 o90rmcobp4bvp7fl1ane8qqjog Query : select 1 valor from information_schema.tables where table_type='base table' and table_name='wstablefields'
20241118@150647.1200 o90rmcobp4bvp7fl1ane8qqjog Query : select fieldkey,fieldname,fieldtype,mandatory from wstablefields where tablename = 'fi2' and documentnumber = 39
20241118@150647.3200 o90rmcobp4bvp7fl1ane8qqjog Query : select top 1 convert(numeric(6,2),t.taxa) valor from taxasiva t where t.codigo='2'
20241118@150647.4600 o90rmcobp4bvp7fl1ane8qqjog Query : select 1 valor from information_schema.tables where table_type='base table' and table_name='wstablefields'
20241118@150647.6200 o90rmcobp4bvp7fl1ane8qqjog Query : select fieldkey,fieldname,fieldtype,calcformula from wstablefields where tablename = 'fi2' and documentnumber = 39
20241118@150647.1150 o90rmcobp4bvp7fl1ane8qqjog Query : insert into wsfi2data (fi2stamp,ftstamp ,ousrdata, ousrhora, usrdata,usrhora,ousrinis,usrinis) values ('aut673b517003673b580701','aut673b510475673b58054c' ,getdate(),convert(char(8),convert (time,getdate())),getdate(),convert(char(8),convert (time,getdate())),'wsv','wsv')
20241118@150647.1290 o90rmcobp4bvp7fl1ane8qqjog Query : select 1 valor from information_schema.tables where table_type='base table' and table_name='wstablefields'
20241118@150647.1520 o90rmcobp4bvp7fl1ane8qqjog Query : select fieldkey,fieldname,fieldtype,calcformula from wstablefields where tablename = 'fi' and documentnumber = 39
20241118@150647.2240 o90rmcobp4bvp7fl1ane8qqjog Query : insert into wsfidata (fistamp,ousrdata, ousrhora, usrdata,usrhora,ousrinis,usrinis ,qtt ,ftstamp ,epv,pvmoeda ,tabiva,iva,lordem ,ref, design ,armazem) values ('aut673b517003673b580701',getdate(),convert(char(8),convert (time,getdate())),getdate(),convert(char(8),convert (time,getdate())),'wsv','wsv',0 ,'aut673b510475673b58054c' ,0,0 ,2,23.00,290000,?,?,?)
20241118@150647.5740 o90rmcobp4bvp7fl1ane8qqjog Query : use flama_phc
20241118@150647.5770 o90rmcobp4bvp7fl1ane8qqjog Query : select st.usalote valor from st where st.ref = '324.646.00.01'
20241118@150647.6990 o90rmcobp4bvp7fl1ane8qqjog Query : select top 1 st.tabiva ,st.ivaincl ,st.stns ,st.uni2 ,st.familia ,isnull(tx.taxa, 0) txiva ,unidade ,usalote ,epcpond ,noserie ,conversao ,st.texteis from st left join taxasiva tx on st.tabiva = tx.codigo where st.ref = '324.646.00.01'
20241118@150647.7450 o90rmcobp4bvp7fl1ane8qqjog Query : select 1 valor from information_schema.tables where table_type='base table' and table_name='wstablefields'
20241118@150647.7900 o90rmcobp4bvp7fl1ane8qqjog Query : select fieldkey,fieldname,fieldtype,mandatory from wstablefields where tablename = 'fi' and documentnumber = 39
20241118@150647.9270 o90rmcobp4bvp7fl1ane8qqjog Query : select 1 valor from information_schema.tables where table_type='base table' and table_name='wstablefields'
20241118@150647.9550 o90rmcobp4bvp7fl1ane8qqjog Query : select fieldkey,fieldname,fieldtype,mandatory from wstablefields where tablename = 'fi2' and documentnumber = 39
20241118@150647.9790 o90rmcobp4bvp7fl1ane8qqjog Query : select top 1 convert(numeric(6,2),t.taxa) valor from taxasiva t where t.codigo='2'
20241118@150647.1047 o90rmcobp4bvp7fl1ane8qqjog Query : select sestamp valor from se where ref ='324.646.00.01' and lote = 'r2400228100a'
20241118@150647.1066 o90rmcobp4bvp7fl1ane8qqjog Query : select 1 valor from information_schema.tables where table_type='base table' and table_name='wstablefields'
20241118@150647.1083 o90rmcobp4bvp7fl1ane8qqjog Query : select fieldkey,fieldname,fieldtype,calcformula from wstablefields where tablename = 'fi2' and documentnumber = 39
20241118@150647.1097 o90rmcobp4bvp7fl1ane8qqjog Query : insert into wsfi2data (fi2stamp,ftstamp ,ousrdata, ousrhora, usrdata,usrhora,ousrinis,usrinis) values ('aut673b536896673b58071a','aut673b510475673b58054c' ,getdate(),convert(char(8),convert (time,getdate())),getdate(),convert(char(8),convert (time,getdate())),'wsv','wsv')
20241118@150647.1102 o90rmcobp4bvp7fl1ane8qqjog Query : select 1 valor from information_schema.tables where table_type='base table' and table_name='wstablefields'
20241118@150647.1116 o90rmcobp4bvp7fl1ane8qqjog Query : select fieldkey,fieldname,fieldtype,calcformula from wstablefields where tablename = 'fi' and documentnumber = 39
20241118@150647.1191 o90rmcobp4bvp7fl1ane8qqjog Query : insert into wsfidata (fistamp,ousrdata, ousrhora, usrdata,usrhora,ousrinis,usrinis ,qtt ,ftstamp ,epv,pvmoeda ,tabiva,iva,lordem ,ref, design ,lote,armazem) values ('aut673b536896673b58071a',getdate(),convert(char(8),convert (time,getdate())),getdate(),convert(char(8),convert (time,getdate())),'wsv','wsv',24.000 ,'aut673b510475673b58054c' ,0,0 ,2,23.00,310000,?,?,?,?)
20241118@150647.1503 o90rmcobp4bvp7fl1ane8qqjog Query : select 1 valor from information_schema.tables where table_type='base table' and table_name='wstablefields'
20241118@150647.1549 o90rmcobp4bvp7fl1ane8qqjog Query : select fieldkey,fieldname,fieldtype,mandatory from wstablefields where tablename = 'fi' and documentnumber = 39
20241118@150647.1614 o90rmcobp4bvp7fl1ane8qqjog Query : select 1 valor from information_schema.tables where table_type='base table' and table_name='wstablefields'
20241118@150647.1644 o90rmcobp4bvp7fl1ane8qqjog Query : select fieldkey,fieldname,fieldtype,mandatory from wstablefields where tablename = 'fi2' and documentnumber = 39
20241118@150647.1688 o90rmcobp4bvp7fl1ane8qqjog Query : select top 1 convert(numeric(6,2),t.taxa) valor from taxasiva t where t.codigo='2'
20241118@150647.1726 o90rmcobp4bvp7fl1ane8qqjog Query : select 1 valor from information_schema.tables where table_type='base table' and table_name='wstablefields'
20241118@150647.1764 o90rmcobp4bvp7fl1ane8qqjog Query : select fieldkey,fieldname,fieldtype,calcformula from wstablefields where tablename = 'fi2' and documentnumber = 39
20241118@150647.1776 o90rmcobp4bvp7fl1ane8qqjog Query : insert into wsfi2data (fi2stamp,ftstamp ,ousrdata, ousrhora, usrdata,usrhora,ousrinis,usrinis) values ('aut673b535163673b58072a','aut673b510475673b58054c' ,getdate(),convert(char(8),convert (time,getdate())),getdate(),convert(char(8),convert (time,getdate())),'wsv','wsv')
20241118@150647.1786 o90rmcobp4bvp7fl1ane8qqjog Query : select 1 valor from information_schema.tables where table_type='base table' and table_name='wstablefields'
20241118@150647.1800 o90rmcobp4bvp7fl1ane8qqjog Query : select fieldkey,fieldname,fieldtype,calcformula from wstablefields where tablename = 'fi' and documentnumber = 39
20241118@150647.1884 o90rmcobp4bvp7fl1ane8qqjog Query : insert into wsfidata (fistamp,ousrdata, ousrhora, usrdata,usrhora,ousrinis,usrinis ,qtt ,ftstamp ,epv,pvmoeda ,tabiva,iva,lordem ,ref, design ,armazem) values ('aut673b535163673b58072a',getdate(),convert(char(8),convert (time,getdate())),getdate(),convert(char(8),convert (time,getdate())),'wsv','wsv',0 ,'aut673b510475673b58054c' ,0,0 ,2,23.00,320000,?,?,?)
20241118@150647.2196 o90rmcobp4bvp7fl1ane8qqjog Query : use flama_phc
20241118@150647.2199 o90rmcobp4bvp7fl1ane8qqjog Query : select st.usalote valor from st where st.ref = '324.646.00.01'
20241118@150647.2233 o90rmcobp4bvp7fl1ane8qqjog Query : select top 1 st.tabiva ,st.ivaincl ,st.stns ,st.uni2 ,st.familia ,isnull(tx.taxa, 0) txiva ,unidade ,usalote ,epcpond ,noserie ,conversao ,st.texteis from st left join taxasiva tx on st.tabiva = tx.codigo where st.ref = '324.646.00.01'
20241118@150647.2258 o90rmcobp4bvp7fl1ane8qqjog Query : select 1 valor from information_schema.tables where table_type='base table' and table_name='wstablefields'
20241118@150647.2277 o90rmcobp4bvp7fl1ane8qqjog Query : select fieldkey,fieldname,fieldtype,mandatory from wstablefields where tablename = 'fi' and documentnumber = 39
20241118@150647.2346 o90rmcobp4bvp7fl1ane8qqjog Query : select 1 valor from information_schema.tables where table_type='base table' and table_name='wstablefields'
20241118@150647.2390 o90rmcobp4bvp7fl1ane8qqjog Query : select fieldkey,fieldname,fieldtype,mandatory from wstablefields where tablename = 'fi2' and documentnumber = 39
20241118@150647.2401 o90rmcobp4bvp7fl1ane8qqjog Query : select top 1 convert(numeric(6,2),t.taxa) valor from taxasiva t where t.codigo='2'
20241118@150647.2416 o90rmcobp4bvp7fl1ane8qqjog Query : select sestamp valor from se where ref ='324.646.00.01' and lote = 'r2400228100a'
20241118@150647.2429 o90rmcobp4bvp7fl1ane8qqjog Query : select 1 valor from information_schema.tables where table_type='base table' and table_name='wstablefields'
20241118@150647.2539 o90rmcobp4bvp7fl1ane8qqjog Query : select fieldkey,fieldname,fieldtype,calcformula from wstablefields where tablename = 'fi2' and documentnumber = 39
20241118@150647.2586 o90rmcobp4bvp7fl1ane8qqjog Query : insert into wsfi2data (fi2stamp,ftstamp ,ousrdata, ousrhora, usrdata,usrhora,ousrinis,usrinis) values ('aut673b595891673b58073b','aut673b510475673b58054c' ,getdate(),convert(char(8),convert (time,getdate())),getdate(),convert(char(8),convert (time,getdate())),'wsv','wsv')
20241118@150647.2590 o90rmcobp4bvp7fl1ane8qqjog Query : select 1 valor from information_schema.tables where table_type='base table' and table_name='wstablefields'
20241118@150647.2609 o90rmcobp4bvp7fl1ane8qqjog Query : select fieldkey,fieldname,fieldtype,calcformula from wstablefields where tablename = 'fi' and documentnumber = 39
20241118@150647.2649 o90rmcobp4bvp7fl1ane8qqjog Query : insert into wsfidata (fistamp,ousrdata, ousrhora, usrdata,usrhora,ousrinis,usrinis ,qtt ,ftstamp ,epv,pvmoeda ,tabiva,iva,lordem ,ref, design ,lote,armazem) values ('aut673b595891673b58073b',getdate(),convert(char(8),convert (time,getdate())),getdate(),convert(char(8),convert (time,getdate())),'wsv','wsv',24.000 ,'aut673b510475673b58054c' ,0,0 ,2,23.00,340000,?,?,?,?)
20241118@150647.3088 o90rmcobp4bvp7fl1ane8qqjog Query : select 1 valor from information_schema.tables where table_type='base table' and table_name='wstablefields'
20241118@150647.3106 o90rmcobp4bvp7fl1ane8qqjog Query : select fieldkey,fieldname,fieldtype,mandatory from wstablefields where tablename = 'fi' and documentnumber = 39
20241118@150647.3229 o90rmcobp4bvp7fl1ane8qqjog Query : select 1 valor from information_schema.tables where table_type='base table' and table_name='wstablefields'
20241118@150647.3248 o90rmcobp4bvp7fl1ane8qqjog Query : select fieldkey,fieldname,fieldtype,mandatory from wstablefields where tablename = 'fi2' and documentnumber = 39
20241118@150647.3346 o90rmcobp4bvp7fl1ane8qqjog Query : select top 1 convert(numeric(6,2),t.taxa) valor from taxasiva t where t.codigo='2'
20241118@150647.3361 o90rmcobp4bvp7fl1ane8qqjog Query : select 1 valor from information_schema.tables where table_type='base table' and table_name='wstablefields'
20241118@150647.3378 o90rmcobp4bvp7fl1ane8qqjog Query : select fieldkey,fieldname,fieldtype,calcformula from wstablefields where tablename = 'fi2' and documentnumber = 39
20241118@150647.3412 o90rmcobp4bvp7fl1ane8qqjog Query : insert into wsfi2data (fi2stamp,ftstamp ,ousrdata, ousrhora, usrdata,usrhora,ousrinis,usrinis) values ('aut673b563134673b580752','aut673b510475673b58054c' ,getdate(),convert(char(8),convert (time,getdate())),getdate(),convert(char(8),convert (time,getdate())),'wsv','wsv')
20241118@150647.3417 o90rmcobp4bvp7fl1ane8qqjog Query : select 1 valor from information_schema.tables where table_type='base table' and table_name='wstablefields'
20241118@150647.3432 o90rmcobp4bvp7fl1ane8qqjog Query : select fieldkey,fieldname,fieldtype,calcformula from wstablefields where tablename = 'fi' and documentnumber = 39
20241118@150647.3545 o90rmcobp4bvp7fl1ane8qqjog Query : insert into wsfidata (fistamp,ousrdata, ousrhora, usrdata,usrhora,ousrinis,usrinis ,qtt ,ftstamp ,epv,pvmoeda ,tabiva,iva,lordem ,ref, design ,armazem) values ('aut673b563134673b580752',getdate(),convert(char(8),convert (time,getdate())),getdate(),convert(char(8),convert (time,getdate())),'wsv','wsv',0 ,'aut673b510475673b58054c' ,0,0 ,2,23.00,350000,?,?,?)
20241118@150647.3873 o90rmcobp4bvp7fl1ane8qqjog Query : use flama_phc
20241118@150647.3877 o90rmcobp4bvp7fl1ane8qqjog Query : select st.usalote valor from st where st.ref = '324.646.00.01'
20241118@150647.3922 o90rmcobp4bvp7fl1ane8qqjog Query : select top 1 st.tabiva ,st.ivaincl ,st.stns ,st.uni2 ,st.familia ,isnull(tx.taxa, 0) txiva ,unidade ,usalote ,epcpond ,noserie ,conversao ,st.texteis from st left join taxasiva tx on st.tabiva = tx.codigo where st.ref = '324.646.00.01'
20241118@150647.4049 o90rmcobp4bvp7fl1ane8qqjog Query : select 1 valor from information_schema.tables where table_type='base table' and table_name='wstablefields'
20241118@150647.4067 o90rmcobp4bvp7fl1ane8qqjog Query : select fieldkey,fieldname,fieldtype,mandatory from wstablefields where tablename = 'fi' and documentnumber = 39
20241118@150647.4105 o90rmcobp4bvp7fl1ane8qqjog Query : select 1 valor from information_schema.tables where table_type='base table' and table_name='wstablefields'
20241118@150647.4120 o90rmcobp4bvp7fl1ane8qqjog Query : select fieldkey,fieldname,fieldtype,mandatory from wstablefields where tablename = 'fi2' and documentnumber = 39
20241118@150647.4172 o90rmcobp4bvp7fl1ane8qqjog Query : select top 1 convert(numeric(6,2),t.taxa) valor from taxasiva t where t.codigo='2'
20241118@150647.4344 o90rmcobp4bvp7fl1ane8qqjog Query : select sestamp valor from se where ref ='324.646.00.01' and lote = 'r2400228100a'
20241118@150647.4436 o90rmcobp4bvp7fl1ane8qqjog Query : select 1 valor from information_schema.tables where table_type='base table' and table_name='wstablefields'
20241118@150647.4565 o90rmcobp4bvp7fl1ane8qqjog Query : select fieldkey,fieldname,fieldtype,calcformula from wstablefields where tablename = 'fi2' and documentnumber = 39
20241118@150647.4577 o90rmcobp4bvp7fl1ane8qqjog Query : insert into wsfi2data (fi2stamp,ftstamp ,ousrdata, ousrhora, usrdata,usrhora,ousrinis,usrinis) values ('aut673b594225673b58076c','aut673b510475673b58054c' ,getdate(),convert(char(8),convert (time,getdate())),getdate(),convert(char(8),convert (time,getdate())),'wsv','wsv')
20241118@150647.4582 o90rmcobp4bvp7fl1ane8qqjog Query : select 1 valor from information_schema.tables where table_type='base table' and table_name='wstablefields'
20241118@150647.4643 o90rmcobp4bvp7fl1ane8qqjog Query : select fieldkey,fieldname,fieldtype,calcformula from wstablefields where tablename = 'fi' and documentnumber = 39
20241118@150647.4741 o90rmcobp4bvp7fl1ane8qqjog Query : insert into wsfidata (fistamp,ousrdata, ousrhora, usrdata,usrhora,ousrinis,usrinis ,qtt ,ftstamp ,epv,pvmoeda ,tabiva,iva,lordem ,ref, design ,lote,armazem) values ('aut673b594225673b58076c',getdate(),convert(char(8),convert (time,getdate())),getdate(),convert(char(8),convert (time,getdate())),'wsv','wsv',24.000 ,'aut673b510475673b58054c' ,0,0 ,2,23.00,370000,?,?,?,?)
20241118@150647.5132 o90rmcobp4bvp7fl1ane8qqjog Query : select 1 valor from information_schema.tables where table_type='base table' and table_name='wstablefields'
20241118@150647.5150 o90rmcobp4bvp7fl1ane8qqjog Query : select fieldkey,fieldname,fieldtype,mandatory from wstablefields where tablename = 'fi' and documentnumber = 39
20241118@150647.5192 o90rmcobp4bvp7fl1ane8qqjog Query : select 1 valor from information_schema.tables where table_type='base table' and table_name='wstablefields'
20241118@150647.5239 o90rmcobp4bvp7fl1ane8qqjog Query : select fieldkey,fieldname,fieldtype,mandatory from wstablefields where tablename = 'fi2' and documentnumber = 39
20241118@150647.5249 o90rmcobp4bvp7fl1ane8qqjog Query : select top 1 convert(numeric(6,2),t.taxa) valor from taxasiva t where t.codigo='2'
20241118@150647.5262 o90rmcobp4bvp7fl1ane8qqjog Query : select 1 valor from information_schema.tables where table_type='base table' and table_name='wstablefields'
20241118@150647.5285 o90rmcobp4bvp7fl1ane8qqjog Query : select fieldkey,fieldname,fieldtype,calcformula from wstablefields where tablename = 'fi2' and documentnumber = 39
20241118@150647.5297 o90rmcobp4bvp7fl1ane8qqjog Query : insert into wsfi2data (fi2stamp,ftstamp ,ousrdata, ousrhora, usrdata,usrhora,ousrinis,usrinis) values ('aut673b544508673b580780','aut673b510475673b58054c' ,getdate(),convert(char(8),convert (time,getdate())),getdate(),convert(char(8),convert (time,getdate())),'wsv','wsv')
20241118@150647.5302 o90rmcobp4bvp7fl1ane8qqjog Query : select 1 valor from information_schema.tables where table_type='base table' and table_name='wstablefields'
20241118@150647.5317 o90rmcobp4bvp7fl1ane8qqjog Query : select fieldkey,fieldname,fieldtype,calcformula from wstablefields where tablename = 'fi' and documentnumber = 39
20241118@150647.5388 o90rmcobp4bvp7fl1ane8qqjog Query : insert into wsfidata (fistamp,ousrdata, ousrhora, usrdata,usrhora,ousrinis,usrinis ,qtt ,ftstamp ,epv,pvmoeda ,tabiva,iva,lordem ,ref, design ,armazem) values ('aut673b544508673b580780',getdate(),convert(char(8),convert (time,getdate())),getdate(),convert(char(8),convert (time,getdate())),'wsv','wsv',0 ,'aut673b510475673b58054c' ,0,0 ,2,23.00,380000,?,?,?)
20241118@150647.5681 o90rmcobp4bvp7fl1ane8qqjog Query : use flama_phc
20241118@150647.5746 o90rmcobp4bvp7fl1ane8qqjog Query : select st.usalote valor from st where st.ref = '324.646.00.01'
20241118@150647.5768 o90rmcobp4bvp7fl1ane8qqjog Query : select top 1 st.tabiva ,st.ivaincl ,st.stns ,st.uni2 ,st.familia ,isnull(tx.taxa, 0) txiva ,unidade ,usalote ,epcpond ,noserie ,conversao ,st.texteis from st left join taxasiva tx on st.tabiva = tx.codigo where st.ref = '324.646.00.01'
20241118@150647.5831 o90rmcobp4bvp7fl1ane8qqjog Query : select 1 valor from information_schema.tables where table_type='base table' and table_name='wstablefields'
20241118@150647.5849 o90rmcobp4bvp7fl1ane8qqjog Query : select fieldkey,fieldname,fieldtype,mandatory from wstablefields where tablename = 'fi' and documentnumber = 39
20241118@150647.5877 o90rmcobp4bvp7fl1ane8qqjog Query : select 1 valor from information_schema.tables where table_type='base table' and table_name='wstablefields'
20241118@150647.5892 o90rmcobp4bvp7fl1ane8qqjog Query : select fieldkey,fieldname,fieldtype,mandatory from wstablefields where tablename = 'fi2' and documentnumber = 39
20241118@150647.5906 o90rmcobp4bvp7fl1ane8qqjog Query : select top 1 convert(numeric(6,2),t.taxa) valor from taxasiva t where t.codigo='2'
20241118@150647.5964 o90rmcobp4bvp7fl1ane8qqjog Query : select sestamp valor from se where ref ='324.646.00.01' and lote = 'r2400228100a'
20241118@150647.6000 o90rmcobp4bvp7fl1ane8qqjog Query : select 1 valor from information_schema.tables where table_type='base table' and table_name='wstablefields'
20241118@150647.6076 o90rmcobp4bvp7fl1ane8qqjog Query : select fieldkey,fieldname,fieldtype,calcformula from wstablefields where tablename = 'fi2' and documentnumber = 39
20241118@150647.6088 o90rmcobp4bvp7fl1ane8qqjog Query : insert into wsfi2data (fi2stamp,ftstamp ,ousrdata, ousrhora, usrdata,usrhora,ousrinis,usrinis) values ('aut673b544805673b580792','aut673b510475673b58054c' ,getdate(),convert(char(8),convert (time,getdate())),getdate(),convert(char(8),convert (time,getdate())),'wsv','wsv')
20241118@150647.6093 o90rmcobp4bvp7fl1ane8qqjog Query : select 1 valor from information_schema.tables where table_type='base table' and table_name='wstablefields'
20241118@150647.6108 o90rmcobp4bvp7fl1ane8qqjog Query : select fieldkey,fieldname,fieldtype,calcformula from wstablefields where tablename = 'fi' and documentnumber = 39
20241118@150647.6165 o90rmcobp4bvp7fl1ane8qqjog Query : insert into wsfidata (fistamp,ousrdata, ousrhora, usrdata,usrhora,ousrinis,usrinis ,qtt ,ftstamp ,epv,pvmoeda ,tabiva,iva,lordem ,ref, design ,lote,armazem) values ('aut673b544805673b580792',getdate(),convert(char(8),convert (time,getdate())),getdate(),convert(char(8),convert (time,getdate())),'wsv','wsv',24.000 ,'aut673b510475673b58054c' ,0,0 ,2,23.00,400000,?,?,?,?)
20241118@150647.6481 o90rmcobp4bvp7fl1ane8qqjog Query : select 1 valor from information_schema.tables where table_type='base table' and table_name='wstablefields'
20241118@150647.6499 o90rmcobp4bvp7fl1ane8qqjog Query : select fieldkey,fieldname,fieldtype,mandatory from wstablefields where tablename = 'fi' and documentnumber = 39
20241118@150647.6561 o90rmcobp4bvp7fl1ane8qqjog Query : select 1 valor from information_schema.tables where table_type='base table' and table_name='wstablefields'
20241118@150647.6578 o90rmcobp4bvp7fl1ane8qqjog Query : select fieldkey,fieldname,fieldtype,mandatory from wstablefields where tablename = 'fi2' and documentnumber = 39
20241118@150647.6587 o90rmcobp4bvp7fl1ane8qqjog Query : select top 1 convert(numeric(6,2),t.taxa) valor from taxasiva t where t.codigo='2'
20241118@150647.6600 o90rmcobp4bvp7fl1ane8qqjog Query : select 1 valor from information_schema.tables where table_type='base table' and table_name='wstablefields'
20241118@150647.6617 o90rmcobp4bvp7fl1ane8qqjog Query : select fieldkey,fieldname,fieldtype,calcformula from wstablefields where tablename = 'fi2' and documentnumber = 39
20241118@150647.6629 o90rmcobp4bvp7fl1ane8qqjog Query : insert into wsfi2data (fi2stamp,ftstamp ,ousrdata, ousrhora, usrdata,usrhora,ousrinis,usrinis) values ('aut673b512100673b5807a1','aut673b510475673b58054c' ,getdate(),convert(char(8),convert (time,getdate())),getdate(),convert(char(8),convert (time,getdate())),'wsv','wsv')
20241118@150647.6634 o90rmcobp4bvp7fl1ane8qqjog Query : select 1 valor from information_schema.tables where table_type='base table' and table_name='wstablefields'
20241118@150647.6649 o90rmcobp4bvp7fl1ane8qqjog Query : select fieldkey,fieldname,fieldtype,calcformula from wstablefields where tablename = 'fi' and documentnumber = 39
20241118@150647.6680 o90rmcobp4bvp7fl1ane8qqjog Query : insert into wsfidata (fistamp,ousrdata, ousrhora, usrdata,usrhora,ousrinis,usrinis ,qtt ,ftstamp ,epv,pvmoeda ,tabiva,iva,lordem ,ref, design ,armazem) values ('aut673b512100673b5807a1',getdate(),convert(char(8),convert (time,getdate())),getdate(),convert(char(8),convert (time,getdate())),'wsv','wsv',0 ,'aut673b510475673b58054c' ,0,0 ,2,23.00,410000,?,?,?)
20241118@150647.6980 o90rmcobp4bvp7fl1ane8qqjog Query : use flama_phc
20241118@150647.6984 o90rmcobp4bvp7fl1ane8qqjog Query : select st.usalote valor from st where st.ref = '324.646.00.01'
20241118@150647.7056 o90rmcobp4bvp7fl1ane8qqjog Query : select top 1 st.tabiva ,st.ivaincl ,st.stns ,st.uni2 ,st.familia ,isnull(tx.taxa, 0) txiva ,unidade ,usalote ,epcpond ,noserie ,conversao ,st.texteis from st left join taxasiva tx on st.tabiva = tx.codigo where st.ref = '324.646.00.01'
20241118@150647.7115 o90rmcobp4bvp7fl1ane8qqjog Query : select 1 valor from information_schema.tables where table_type='base table' and table_name='wstablefields'
20241118@150647.7133 o90rmcobp4bvp7fl1ane8qqjog Query : select fieldkey,fieldname,fieldtype,mandatory from wstablefields where tablename = 'fi' and documentnumber = 39
20241118@150647.7187 o90rmcobp4bvp7fl1ane8qqjog Query : select 1 valor from information_schema.tables where table_type='base table' and table_name='wstablefields'
20241118@150647.7203 o90rmcobp4bvp7fl1ane8qqjog Query : select fieldkey,fieldname,fieldtype,mandatory from wstablefields where tablename = 'fi2' and documentnumber = 39
20241118@150647.7211 o90rmcobp4bvp7fl1ane8qqjog Query : select top 1 convert(numeric(6,2),t.taxa) valor from taxasiva t where t.codigo='2'
20241118@150647.7252 o90rmcobp4bvp7fl1ane8qqjog Query : select sestamp valor from se where ref ='324.646.00.01' and lote = 'r2400228100a'
20241118@150647.7264 o90rmcobp4bvp7fl1ane8qqjog Query : select 1 valor from information_schema.tables where table_type='base table' and table_name='wstablefields'
20241118@150647.7279 o90rmcobp4bvp7fl1ane8qqjog Query : select fieldkey,fieldname,fieldtype,calcformula from wstablefields where tablename = 'fi2' and documentnumber = 39
20241118@150647.7300 o90rmcobp4bvp7fl1ane8qqjog Query : insert into wsfi2data (fi2stamp,ftstamp ,ousrdata, ousrhora, usrdata,usrhora,ousrinis,usrinis) values ('aut673b506591673b5807b1','aut673b510475673b58054c' ,getdate(),convert(char(8),convert (time,getdate())),getdate(),convert(char(8),convert (time,getdate())),'wsv','wsv')
20241118@150647.7304 o90rmcobp4bvp7fl1ane8qqjog Query : select 1 valor from information_schema.tables where table_type='base table' and table_name='wstablefields'
20241118@150647.7318 o90rmcobp4bvp7fl1ane8qqjog Query : select fieldkey,fieldname,fieldtype,calcformula from wstablefields where tablename = 'fi' and documentnumber = 39
20241118@150647.7368 o90rmcobp4bvp7fl1ane8qqjog Query : insert into wsfidata (fistamp,ousrdata, ousrhora, usrdata,usrhora,ousrinis,usrinis ,qtt ,ftstamp ,epv,pvmoeda ,tabiva,iva,lordem ,ref, design ,lote,armazem) values ('aut673b506591673b5807b1',getdate(),convert(char(8),convert (time,getdate())),getdate(),convert(char(8),convert (time,getdate())),'wsv','wsv',24.000 ,'aut673b510475673b58054c' ,0,0 ,2,23.00,430000,?,?,?,?)
20241118@150647.7651 o90rmcobp4bvp7fl1ane8qqjog Query : select 1 valor from information_schema.tables where table_type='base table' and table_name='wstablefields'
20241118@150647.7667 o90rmcobp4bvp7fl1ane8qqjog Query : select fieldkey,fieldname,fieldtype,mandatory from wstablefields where tablename = 'fi' and documentnumber = 39
20241118@150647.7717 o90rmcobp4bvp7fl1ane8qqjog Query : select 1 valor from information_schema.tables where table_type='base table' and table_name='wstablefields'
20241118@150647.7731 o90rmcobp4bvp7fl1ane8qqjog Query : select fieldkey,fieldname,fieldtype,mandatory from wstablefields where tablename = 'fi2' and documentnumber = 39
20241118@150647.7739 o90rmcobp4bvp7fl1ane8qqjog Query : select top 1 convert(numeric(6,2),t.taxa) valor from taxasiva t where t.codigo='2'
20241118@150647.7759 o90rmcobp4bvp7fl1ane8qqjog Query : select 1 valor from information_schema.tables where table_type='base table' and table_name='wstablefields'
20241118@150647.7782 o90rmcobp4bvp7fl1ane8qqjog Query : select fieldkey,fieldname,fieldtype,calcformula from wstablefields where tablename = 'fi2' and documentnumber = 39
20241118@150647.7802 o90rmcobp4bvp7fl1ane8qqjog Query : insert into wsfi2data (fi2stamp,ftstamp ,ousrdata, ousrhora, usrdata,usrhora,ousrinis,usrinis) values ('aut673b564145673b5807bd','aut673b510475673b58054c' ,getdate(),convert(char(8),convert (time,getdate())),getdate(),convert(char(8),convert (time,getdate())),'wsv','wsv')
20241118@150647.7806 o90rmcobp4bvp7fl1ane8qqjog Query : select 1 valor from information_schema.tables where table_type='base table' and table_name='wstablefields'
20241118@150647.7820 o90rmcobp4bvp7fl1ane8qqjog Query : select fieldkey,fieldname,fieldtype,calcformula from wstablefields where tablename = 'fi' and documentnumber = 39
20241118@150647.7859 o90rmcobp4bvp7fl1ane8qqjog Query : insert into wsfidata (fistamp,ousrdata, ousrhora, usrdata,usrhora,ousrinis,usrinis ,qtt ,ftstamp ,epv,pvmoeda ,tabiva,iva,lordem ,ref, design ,armazem) values ('aut673b564145673b5807bd',getdate(),convert(char(8),convert (time,getdate())),getdate(),convert(char(8),convert (time,getdate())),'wsv','wsv',0 ,'aut673b510475673b58054c' ,0,0 ,2,23.00,440000,?,?,?)
20241118@150647.8176 o90rmcobp4bvp7fl1ane8qqjog Query : use flama_phc
20241118@150647.8181 o90rmcobp4bvp7fl1ane8qqjog Query : select st.usalote valor from st where st.ref = '324.646.00.01'
20241118@150647.8259 o90rmcobp4bvp7fl1ane8qqjog Query : select top 1 st.tabiva ,st.ivaincl ,st.stns ,st.uni2 ,st.familia ,isnull(tx.taxa, 0) txiva ,unidade ,usalote ,epcpond ,noserie ,conversao ,st.texteis from st left join taxasiva tx on st.tabiva = tx.codigo where st.ref = '324.646.00.01'
20241118@150647.8302 o90rmcobp4bvp7fl1ane8qqjog Query : select 1 valor from information_schema.tables where table_type='base table' and table_name='wstablefields'
20241118@150647.8321 o90rmcobp4bvp7fl1ane8qqjog Query : select fieldkey,fieldname,fieldtype,mandatory from wstablefields where tablename = 'fi' and documentnumber = 39
20241118@150647.8373 o90rmcobp4bvp7fl1ane8qqjog Query : select 1 valor from information_schema.tables where table_type='base table' and table_name='wstablefields'
20241118@150647.8390 o90rmcobp4bvp7fl1ane8qqjog Query : select fieldkey,fieldname,fieldtype,mandatory from wstablefields where tablename = 'fi2' and documentnumber = 39
20241118@150647.8405 o90rmcobp4bvp7fl1ane8qqjog Query : select top 1 convert(numeric(6,2),t.taxa) valor from taxasiva t where t.codigo='2'
20241118@150647.8447 o90rmcobp4bvp7fl1ane8qqjog Query : select sestamp valor from se where ref ='324.646.00.01' and lote = 'r2400228100a'
20241118@150647.8869 o90rmcobp4bvp7fl1ane8qqjog Query : select 1 valor from information_schema.tables where table_type='base table' and table_name='wstablefields'
20241118@150647.9495 o90rmcobp4bvp7fl1ane8qqjog Query : select fieldkey,fieldname,fieldtype,calcformula from wstablefields where tablename = 'fi2' and documentnumber = 39
20241118@150647.9914 o90rmcobp4bvp7fl1ane8qqjog Query : insert into wsfi2data (fi2stamp,ftstamp ,ousrdata, ousrhora, usrdata,usrhora,ousrinis,usrinis) values ('aut673b524113673b5807d8','aut673b510475673b58054c' ,getdate(),convert(char(8),convert (time,getdate())),getdate(),convert(char(8),convert (time,getdate())),'wsv','wsv')
20241118@150647.9920 o90rmcobp4bvp7fl1ane8qqjog Query : select 1 valor from information_schema.tables where table_type='base table' and table_name='wstablefields'
20241118@150647.9939 o90rmcobp4bvp7fl1ane8qqjog Query : select fieldkey,fieldname,fieldtype,calcformula from wstablefields where tablename = 'fi' and documentnumber = 39
20241118@150647.9971 o90rmcobp4bvp7fl1ane8qqjog Query : insert into wsfidata (fistamp,ousrdata, ousrhora, usrdata,usrhora,ousrinis,usrinis ,qtt ,ftstamp ,epv,pvmoeda ,tabiva,iva,lordem ,ref, design ,lote,armazem) values ('aut673b524113673b5807d8',getdate(),convert(char(8),convert (time,getdate())),getdate(),convert(char(8),convert (time,getdate())),'wsv','wsv',24.000 ,'aut673b510475673b58054c' ,0,0 ,2,23.00,460000,?,?,?,?)
20241118@150648.2750 o90rmcobp4bvp7fl1ane8qqjog Query : select 1 valor from information_schema.tables where table_type='base table' and table_name='wstablefields'
20241118@150648.2910 o90rmcobp4bvp7fl1ane8qqjog Query : select fieldkey,fieldname,fieldtype,mandatory from wstablefields where tablename = 'fi' and documentnumber = 39
20241118@150648.3180 o90rmcobp4bvp7fl1ane8qqjog Query : select 1 valor from information_schema.tables where table_type='base table' and table_name='wstablefields'
20241118@150648.3330 o90rmcobp4bvp7fl1ane8qqjog Query : select fieldkey,fieldname,fieldtype,mandatory from wstablefields where tablename = 'fi2' and documentnumber = 39
20241118@150648.3650 o90rmcobp4bvp7fl1ane8qqjog Query : select top 1 convert(numeric(6,2),t.taxa) valor from taxasiva t where t.codigo='2'
20241118@150648.3770 o90rmcobp4bvp7fl1ane8qqjog Query : select 1 valor from information_schema.tables where table_type='base table' and table_name='wstablefields'
20241118@150648.3920 o90rmcobp4bvp7fl1ane8qqjog Query : select fieldkey,fieldname,fieldtype,calcformula from wstablefields where tablename = 'fi2' and documentnumber = 39
20241118@150648.4030 o90rmcobp4bvp7fl1ane8qqjog Query : insert into wsfi2data (fi2stamp,ftstamp ,ousrdata, ousrhora, usrdata,usrhora,ousrinis,usrinis) values ('aut673b513056673b580809','aut673b510475673b58054c' ,getdate(),convert(char(8),convert (time,getdate())),getdate(),convert(char(8),convert (time,getdate())),'wsv','wsv')
20241118@150648.4080 o90rmcobp4bvp7fl1ane8qqjog Query : select 1 valor from information_schema.tables where table_type='base table' and table_name='wstablefields'
20241118@150648.4220 o90rmcobp4bvp7fl1ane8qqjog Query : select fieldkey,fieldname,fieldtype,calcformula from wstablefields where tablename = 'fi' and documentnumber = 39
20241118@150648.4500 o90rmcobp4bvp7fl1ane8qqjog Query : insert into wsfidata (fistamp,ousrdata, ousrhora, usrdata,usrhora,ousrinis,usrinis ,qtt ,ftstamp ,epv,pvmoeda ,tabiva,iva,lordem ,ref, design ,armazem) values ('aut673b513056673b580809',getdate(),convert(char(8),convert (time,getdate())),getdate(),convert(char(8),convert (time,getdate())),'wsv','wsv',0 ,'aut673b510475673b58054c' ,0,0 ,2,23.00,470000,?,?,?)
20241118@150648.7310 o90rmcobp4bvp7fl1ane8qqjog Query : use flama_phc
20241118@150648.7350 o90rmcobp4bvp7fl1ane8qqjog Query : select st.usalote valor from st where st.ref = '324.646.00.01'
20241118@150648.7550 o90rmcobp4bvp7fl1ane8qqjog Query : select top 1 st.tabiva ,st.ivaincl ,st.stns ,st.uni2 ,st.familia ,isnull(tx.taxa, 0) txiva ,unidade ,usalote ,epcpond ,noserie ,conversao ,st.texteis from st left join taxasiva tx on st.tabiva = tx.codigo where st.ref = '324.646.00.01'
20241118@150648.7690 o90rmcobp4bvp7fl1ane8qqjog Query : select 1 valor from information_schema.tables where table_type='base table' and table_name='wstablefields'
20241118@150648.7840 o90rmcobp4bvp7fl1ane8qqjog Query : select fieldkey,fieldname,fieldtype,mandatory from wstablefields where tablename = 'fi' and documentnumber = 39
20241118@150648.8090 o90rmcobp4bvp7fl1ane8qqjog Query : select 1 valor from information_schema.tables where table_type='base table' and table_name='wstablefields'
20241118@150648.8240 o90rmcobp4bvp7fl1ane8qqjog Query : select fieldkey,fieldname,fieldtype,mandatory from wstablefields where tablename = 'fi2' and documentnumber = 39
20241118@150648.8330 o90rmcobp4bvp7fl1ane8qqjog Query : select top 1 convert(numeric(6,2),t.taxa) valor from taxasiva t where t.codigo='2'
20241118@150648.8440 o90rmcobp4bvp7fl1ane8qqjog Query : select sestamp valor from se where ref ='324.646.00.01' and lote = 'r2400228100a'
20241118@150648.8570 o90rmcobp4bvp7fl1ane8qqjog Query : select 1 valor from information_schema.tables where table_type='base table' and table_name='wstablefields'
20241118@150648.8710 o90rmcobp4bvp7fl1ane8qqjog Query : select fieldkey,fieldname,fieldtype,calcformula from wstablefields where tablename = 'fi2' and documentnumber = 39
20241118@150648.8820 o90rmcobp4bvp7fl1ane8qqjog Query : insert into wsfi2data (fi2stamp,ftstamp ,ousrdata, ousrhora, usrdata,usrhora,ousrinis,usrinis) values ('aut673b502421673b580814','aut673b510475673b58054c' ,getdate(),convert(char(8),convert (time,getdate())),getdate(),convert(char(8),convert (time,getdate())),'wsv','wsv')
20241118@150648.8870 o90rmcobp4bvp7fl1ane8qqjog Query : select 1 valor from information_schema.tables where table_type='base table' and table_name='wstablefields'
20241118@150648.9050 o90rmcobp4bvp7fl1ane8qqjog Query : select fieldkey,fieldname,fieldtype,calcformula from wstablefields where tablename = 'fi' and documentnumber = 39
20241118@150648.9330 o90rmcobp4bvp7fl1ane8qqjog Query : insert into wsfidata (fistamp,ousrdata, ousrhora, usrdata,usrhora,ousrinis,usrinis ,qtt ,ftstamp ,epv,pvmoeda ,tabiva,iva,lordem ,ref, design ,lote,armazem) values ('aut673b502421673b580814',getdate(),convert(char(8),convert (time,getdate())),getdate(),convert(char(8),convert (time,getdate())),'wsv','wsv',24.000 ,'aut673b510475673b58054c' ,0,0 ,2,23.00,490000,?,?,?,?)
20241118@150648.1219 o90rmcobp4bvp7fl1ane8qqjog Query : select 1 valor from information_schema.tables where table_type='base table' and table_name='wstablefields'
20241118@150648.1236 o90rmcobp4bvp7fl1ane8qqjog Query : select fieldkey,fieldname,fieldtype,mandatory from wstablefields where tablename = 'fi' and documentnumber = 39
20241118@150648.1261 o90rmcobp4bvp7fl1ane8qqjog Query : select 1 valor from information_schema.tables where table_type='base table' and table_name='wstablefields'
20241118@150648.1276 o90rmcobp4bvp7fl1ane8qqjog Query : select fieldkey,fieldname,fieldtype,mandatory from wstablefields where tablename = 'fi2' and documentnumber = 39
20241118@150648.1285 o90rmcobp4bvp7fl1ane8qqjog Query : select top 1 convert(numeric(6,2),t.taxa) valor from taxasiva t where t.codigo='2'
20241118@150648.1298 o90rmcobp4bvp7fl1ane8qqjog Query : select 1 valor from information_schema.tables where table_type='base table' and table_name='wstablefields'
20241118@150648.1312 o90rmcobp4bvp7fl1ane8qqjog Query : select fieldkey,fieldname,fieldtype,calcformula from wstablefields where tablename = 'fi2' and documentnumber = 39
20241118@150648.1323 o90rmcobp4bvp7fl1ane8qqjog Query : insert into wsfi2data (fi2stamp,ftstamp ,ousrdata, ousrhora, usrdata,usrhora,ousrinis,usrinis) values ('aut673b534750673b58081f','aut673b510475673b58054c' ,getdate(),convert(char(8),convert (time,getdate())),getdate(),convert(char(8),convert (time,getdate())),'wsv','wsv')
20241118@150648.1334 o90rmcobp4bvp7fl1ane8qqjog Query : select 1 valor from information_schema.tables where table_type='base table' and table_name='wstablefields'
20241118@150648.1350 o90rmcobp4bvp7fl1ane8qqjog Query : select fieldkey,fieldname,fieldtype,calcformula from wstablefields where tablename = 'fi' and documentnumber = 39
20241118@150648.1380 o90rmcobp4bvp7fl1ane8qqjog Query : insert into wsfidata (fistamp,ousrdata, ousrhora, usrdata,usrhora,ousrinis,usrinis ,qtt ,ftstamp ,epv,pvmoeda ,tabiva,iva,lordem ,ref, design ,armazem) values ('aut673b534750673b58081f',getdate(),convert(char(8),convert (time,getdate())),getdate(),convert(char(8),convert (time,getdate())),'wsv','wsv',0 ,'aut673b510475673b58054c' ,0,0 ,2,23.00,500000,?,?,?)
20241118@150648.1676 o90rmcobp4bvp7fl1ane8qqjog Query : use flama_phc
20241118@150648.1679 o90rmcobp4bvp7fl1ane8qqjog Query : select st.usalote valor from st where st.ref = '324.646.00.01'
20241118@150648.1699 o90rmcobp4bvp7fl1ane8qqjog Query : select top 1 st.tabiva ,st.ivaincl ,st.stns ,st.uni2 ,st.familia ,isnull(tx.taxa, 0) txiva ,unidade ,usalote ,epcpond ,noserie ,conversao ,st.texteis from st left join taxasiva tx on st.tabiva = tx.codigo where st.ref = '324.646.00.01'
20241118@150648.1713 o90rmcobp4bvp7fl1ane8qqjog Query : select 1 valor from information_schema.tables where table_type='base table' and table_name='wstablefields'
20241118@150648.1729 o90rmcobp4bvp7fl1ane8qqjog Query : select fieldkey,fieldname,fieldtype,mandatory from wstablefields where tablename = 'fi' and documentnumber = 39
20241118@150648.1754 o90rmcobp4bvp7fl1ane8qqjog Query : select 1 valor from information_schema.tables where table_type='base table' and table_name='wstablefields'
20241118@150648.1768 o90rmcobp4bvp7fl1ane8qqjog Query : select fieldkey,fieldname,fieldtype,mandatory from wstablefields where tablename = 'fi2' and documentnumber = 39
20241118@150648.1777 o90rmcobp4bvp7fl1ane8qqjog Query : select top 1 convert(numeric(6,2),t.taxa) valor from taxasiva t where t.codigo='2'
20241118@150648.1788 o90rmcobp4bvp7fl1ane8qqjog Query : select sestamp valor from se where ref ='324.646.00.01' and lote = 'r2400228100a'
20241118@150648.1801 o90rmcobp4bvp7fl1ane8qqjog Query : select 1 valor from information_schema.tables where table_type='base table' and table_name='wstablefields'
20241118@150648.1815 o90rmcobp4bvp7fl1ane8qqjog Query : select fieldkey,fieldname,fieldtype,calcformula from wstablefields where tablename = 'fi2' and documentnumber = 39
20241118@150648.1827 o90rmcobp4bvp7fl1ane8qqjog Query : insert into wsfi2data (fi2stamp,ftstamp ,ousrdata, ousrhora, usrdata,usrhora,ousrinis,usrinis) values ('aut673b521115673b58082b','aut673b510475673b58054c' ,getdate(),convert(char(8),convert (time,getdate())),getdate(),convert(char(8),convert (time,getdate())),'wsv','wsv')
20241118@150648.1831 o90rmcobp4bvp7fl1ane8qqjog Query : select 1 valor from information_schema.tables where table_type='base table' and table_name='wstablefields'
20241118@150648.1846 o90rmcobp4bvp7fl1ane8qqjog Query : select fieldkey,fieldname,fieldtype,calcformula from wstablefields where tablename = 'fi' and documentnumber = 39
20241118@150648.1873 o90rmcobp4bvp7fl1ane8qqjog Query : insert into wsfidata (fistamp,ousrdata, ousrhora, usrdata,usrhora,ousrinis,usrinis ,qtt ,ftstamp ,epv,pvmoeda ,tabiva,iva,lordem ,ref, design ,lote,armazem) values ('aut673b521115673b58082b',getdate(),convert(char(8),convert (time,getdate())),getdate(),convert(char(8),convert (time,getdate())),'wsv','wsv',24.000 ,'aut673b510475673b58054c' ,0,0 ,2,23.00,520000,?,?,?,?)
20241118@150648.2162 o90rmcobp4bvp7fl1ane8qqjog Query : select 1 valor from information_schema.tables where table_type='base table' and table_name='wstablefields'
20241118@150648.2178 o90rmcobp4bvp7fl1ane8qqjog Query : select fieldkey,fieldname,fieldtype,mandatory from wstablefields where tablename = 'fi' and documentnumber = 39
20241118@150648.2202 o90rmcobp4bvp7fl1ane8qqjog Query : select 1 valor from information_schema.tables where table_type='base table' and table_name='wstablefields'
20241118@150648.2216 o90rmcobp4bvp7fl1ane8qqjog Query : select fieldkey,fieldname,fieldtype,mandatory from wstablefields where tablename = 'fi2' and documentnumber = 39
20241118@150648.2224 o90rmcobp4bvp7fl1ane8qqjog Query : select top 1 convert(numeric(6,2),t.taxa) valor from taxasiva t where t.codigo='2'
20241118@150648.2236 o90rmcobp4bvp7fl1ane8qqjog Query : select 1 valor from information_schema.tables where table_type='base table' and table_name='wstablefields'
20241118@150648.2250 o90rmcobp4bvp7fl1ane8qqjog Query : select fieldkey,fieldname,fieldtype,calcformula from wstablefields where tablename = 'fi2' and documentnumber = 39
20241118@150648.2261 o90rmcobp4bvp7fl1ane8qqjog Query : insert into wsfi2data (fi2stamp,ftstamp ,ousrdata, ousrhora, usrdata,usrhora,ousrinis,usrinis) values ('aut673b510536673b580836','aut673b510475673b58054c' ,getdate(),convert(char(8),convert (time,getdate())),getdate(),convert(char(8),convert (time,getdate())),'wsv','wsv')
20241118@150648.2266 o90rmcobp4bvp7fl1ane8qqjog Query : select 1 valor from information_schema.tables where table_type='base table' and table_name='wstablefields'
20241118@150648.2280 o90rmcobp4bvp7fl1ane8qqjog Query : select fieldkey,fieldname,fieldtype,calcformula from wstablefields where tablename = 'fi' and documentnumber = 39
20241118@150648.2314 o90rmcobp4bvp7fl1ane8qqjog Query : insert into wsfidata (fistamp,ousrdata, ousrhora, usrdata,usrhora,ousrinis,usrinis ,qtt ,ftstamp ,epv,pvmoeda ,tabiva,iva,lordem ,ref, design ,armazem) values ('aut673b510536673b580836',getdate(),convert(char(8),convert (time,getdate())),getdate(),convert(char(8),convert (time,getdate())),'wsv','wsv',0 ,'aut673b510475673b58054c' ,0,0 ,2,23.00,530000,?,?,?)
20241118@150648.2654 o90rmcobp4bvp7fl1ane8qqjog Query : use flama_phc
20241118@150648.2657 o90rmcobp4bvp7fl1ane8qqjog Query : select st.usalote valor from st where st.ref = '324.646.00.01'
20241118@150648.2677 o90rmcobp4bvp7fl1ane8qqjog Query : select top 1 st.tabiva ,st.ivaincl ,st.stns ,st.uni2 ,st.familia ,isnull(tx.taxa, 0) txiva ,unidade ,usalote ,epcpond ,noserie ,conversao ,st.texteis from st left join taxasiva tx on st.tabiva = tx.codigo where st.ref = '324.646.00.01'
20241118@150648.2691 o90rmcobp4bvp7fl1ane8qqjog Query : select 1 valor from information_schema.tables where table_type='base table' and table_name='wstablefields'
20241118@150648.2707 o90rmcobp4bvp7fl1ane8qqjog Query : select fieldkey,fieldname,fieldtype,mandatory from wstablefields where tablename = 'fi' and documentnumber = 39
20241118@150648.2731 o90rmcobp4bvp7fl1ane8qqjog Query : select 1 valor from information_schema.tables where table_type='base table' and table_name='wstablefields'
20241118@150648.2746 o90rmcobp4bvp7fl1ane8qqjog Query : select fieldkey,fieldname,fieldtype,mandatory from wstablefields where tablename = 'fi2' and documentnumber = 39
20241118@150648.2755 o90rmcobp4bvp7fl1ane8qqjog Query : select top 1 convert(numeric(6,2),t.taxa) valor from taxasiva t where t.codigo='2'
20241118@150648.2767 o90rmcobp4bvp7fl1ane8qqjog Query : select sestamp valor from se where ref ='324.646.00.01' and lote = 'r2400228100a'
20241118@150648.2780 o90rmcobp4bvp7fl1ane8qqjog Query : select 1 valor from information_schema.tables where table_type='base table' and table_name='wstablefields'
20241118@150648.2797 o90rmcobp4bvp7fl1ane8qqjog Query : select fieldkey,fieldname,fieldtype,calcformula from wstablefields where tablename = 'fi2' and documentnumber = 39
20241118@150648.2809 o90rmcobp4bvp7fl1ane8qqjog Query : insert into wsfi2data (fi2stamp,ftstamp ,ousrdata, ousrhora, usrdata,usrhora,ousrinis,usrinis) values ('aut673b537594673b580843','aut673b510475673b58054c' ,getdate(),convert(char(8),convert (time,getdate())),getdate(),convert(char(8),convert (time,getdate())),'wsv','wsv')
20241118@150648.2813 o90rmcobp4bvp7fl1ane8qqjog Query : select 1 valor from information_schema.tables where table_type='base table' and table_name='wstablefields'
20241118@150648.2827 o90rmcobp4bvp7fl1ane8qqjog Query : select fieldkey,fieldname,fieldtype,calcformula from wstablefields where tablename = 'fi' and documentnumber = 39
20241118@150648.2855 o90rmcobp4bvp7fl1ane8qqjog Query : insert into wsfidata (fistamp,ousrdata, ousrhora, usrdata,usrhora,ousrinis,usrinis ,qtt ,ftstamp ,epv,pvmoeda ,tabiva,iva,lordem ,ref, design ,lote,armazem) values ('aut673b537594673b580843',getdate(),convert(char(8),convert (time,getdate())),getdate(),convert(char(8),convert (time,getdate())),'wsv','wsv',24.000 ,'aut673b510475673b58054c' ,0,0 ,2,23.00,550000,?,?,?,?)
20241118@150648.3144 o90rmcobp4bvp7fl1ane8qqjog Query : select 1 valor from information_schema.tables where table_type='base table' and table_name='wstablefields'
20241118@150648.3162 o90rmcobp4bvp7fl1ane8qqjog Query : select fieldkey,fieldname,fieldtype,mandatory from wstablefields where tablename = 'fi' and documentnumber = 39
20241118@150648.3186 o90rmcobp4bvp7fl1ane8qqjog Query : select 1 valor from information_schema.tables where table_type='base table' and table_name='wstablefields'
20241118@150648.3200 o90rmcobp4bvp7fl1ane8qqjog Query : select fieldkey,fieldname,fieldtype,mandatory from wstablefields where tablename = 'fi2' and documentnumber = 39
20241118@150648.3208 o90rmcobp4bvp7fl1ane8qqjog Query : select top 1 convert(numeric(6,2),t.taxa) valor from taxasiva t where t.codigo='2'
20241118@150648.3220 o90rmcobp4bvp7fl1ane8qqjog Query : select 1 valor from information_schema.tables where table_type='base table' and table_name='wstablefields'
20241118@150648.3234 o90rmcobp4bvp7fl1ane8qqjog Query : select fieldkey,fieldname,fieldtype,calcformula from wstablefields where tablename = 'fi2' and documentnumber = 39
20241118@150648.3248 o90rmcobp4bvp7fl1ane8qqjog Query : insert into wsfi2data (fi2stamp,ftstamp ,ousrdata, ousrhora, usrdata,usrhora,ousrinis,usrinis) values ('aut673b525195673b58084e','aut673b510475673b58054c' ,getdate(),convert(char(8),convert (time,getdate())),getdate(),convert(char(8),convert (time,getdate())),'wsv','wsv')
20241118@150648.3253 o90rmcobp4bvp7fl1ane8qqjog Query : select 1 valor from information_schema.tables where table_type='base table' and table_name='wstablefields'
20241118@150648.3269 o90rmcobp4bvp7fl1ane8qqjog Query : select fieldkey,fieldname,fieldtype,calcformula from wstablefields where tablename = 'fi' and documentnumber = 39
20241118@150648.3298 o90rmcobp4bvp7fl1ane8qqjog Query : insert into wsfidata (fistamp,ousrdata, ousrhora, usrdata,usrhora,ousrinis,usrinis ,qtt ,ftstamp ,epv,pvmoeda ,tabiva,iva,lordem ,ref, design ,armazem) values ('aut673b525195673b58084e',getdate(),convert(char(8),convert (time,getdate())),getdate(),convert(char(8),convert (time,getdate())),'wsv','wsv',0 ,'aut673b510475673b58054c' ,0,0 ,2,23.00,560000,?,?,?)
20241118@150648.3578 o90rmcobp4bvp7fl1ane8qqjog Query : use flama_phc
20241118@150648.3581 o90rmcobp4bvp7fl1ane8qqjog Query : select st.usalote valor from st where st.ref = '324.646.00.01'
20241118@150648.3601 o90rmcobp4bvp7fl1ane8qqjog Query : select top 1 st.tabiva ,st.ivaincl ,st.stns ,st.uni2 ,st.familia ,isnull(tx.taxa, 0) txiva ,unidade ,usalote ,epcpond ,noserie ,conversao ,st.texteis from st left join taxasiva tx on st.tabiva = tx.codigo where st.ref = '324.646.00.01'
20241118@150648.3616 o90rmcobp4bvp7fl1ane8qqjog Query : select 1 valor from information_schema.tables where table_type='base table' and table_name='wstablefields'
20241118@150648.3632 o90rmcobp4bvp7fl1ane8qqjog Query : select fieldkey,fieldname,fieldtype,mandatory from wstablefields where tablename = 'fi' and documentnumber = 39
20241118@150648.3658 o90rmcobp4bvp7fl1ane8qqjog Query : select 1 valor from information_schema.tables where table_type='base table' and table_name='wstablefields'
20241118@150648.3673 o90rmcobp4bvp7fl1ane8qqjog Query : select fieldkey,fieldname,fieldtype,mandatory from wstablefields where tablename = 'fi2' and documentnumber = 39
20241118@150648.3682 o90rmcobp4bvp7fl1ane8qqjog Query : select top 1 convert(numeric(6,2),t.taxa) valor from taxasiva t where t.codigo='2'
20241118@150648.3694 o90rmcobp4bvp7fl1ane8qqjog Query : select sestamp valor from se where ref ='324.646.00.01' and lote = 'r2400228100a'
20241118@150648.3718 o90rmcobp4bvp7fl1ane8qqjog Query : select 1 valor from information_schema.tables where table_type='base table' and table_name='wstablefields'
20241118@150648.3733 o90rmcobp4bvp7fl1ane8qqjog Query : select fieldkey,fieldname,fieldtype,calcformula from wstablefields where tablename = 'fi2' and documentnumber = 39
20241118@150648.3746 o90rmcobp4bvp7fl1ane8qqjog Query : insert into wsfi2data (fi2stamp,ftstamp ,ousrdata, ousrhora, usrdata,usrhora,ousrinis,usrinis) values ('aut673b502021673b58085a','aut673b510475673b58054c' ,getdate(),convert(char(8),convert (time,getdate())),getdate(),convert(char(8),convert (time,getdate())),'wsv','wsv')
20241118@150648.3750 o90rmcobp4bvp7fl1ane8qqjog Query : select 1 valor from information_schema.tables where table_type='base table' and table_name='wstablefields'
20241118@150648.3764 o90rmcobp4bvp7fl1ane8qqjog Query : select fieldkey,fieldname,fieldtype,calcformula from wstablefields where tablename = 'fi' and documentnumber = 39
20241118@150648.3791 o90rmcobp4bvp7fl1ane8qqjog Query : insert into wsfidata (fistamp,ousrdata, ousrhora, usrdata,usrhora,ousrinis,usrinis ,qtt ,ftstamp ,epv,pvmoeda ,tabiva,iva,lordem ,ref, design ,lote,armazem) values ('aut673b502021673b58085a',getdate(),convert(char(8),convert (time,getdate())),getdate(),convert(char(8),convert (time,getdate())),'wsv','wsv',24.000 ,'aut673b510475673b58054c' ,0,0 ,2,23.00,580000,?,?,?,?)
20241118@150648.4065 o90rmcobp4bvp7fl1ane8qqjog Query : select 1 valor from information_schema.tables where table_type='base table' and table_name='wstablefields'
20241118@150648.4082 o90rmcobp4bvp7fl1ane8qqjog Query : select fieldkey,fieldname,fieldtype,mandatory from wstablefields where tablename = 'fi' and documentnumber = 39
20241118@150648.4107 o90rmcobp4bvp7fl1ane8qqjog Query : select 1 valor from information_schema.tables where table_type='base table' and table_name='wstablefields'
20241118@150648.4122 o90rmcobp4bvp7fl1ane8qqjog Query : select fieldkey,fieldname,fieldtype,mandatory from wstablefields where tablename = 'fi2' and documentnumber = 39
20241118@150648.4130 o90rmcobp4bvp7fl1ane8qqjog Query : select top 1 convert(numeric(6,2),t.taxa) valor from taxasiva t where t.codigo='2'
20241118@150648.4143 o90rmcobp4bvp7fl1ane8qqjog Query : select 1 valor from information_schema.tables where table_type='base table' and table_name='wstablefields'
20241118@150648.4158 o90rmcobp4bvp7fl1ane8qqjog Query : select fieldkey,fieldname,fieldtype,calcformula from wstablefields where tablename = 'fi2' and documentnumber = 39
20241118@150648.4169 o90rmcobp4bvp7fl1ane8qqjog Query : insert into wsfi2data (fi2stamp,ftstamp ,ousrdata, ousrhora, usrdata,usrhora,ousrinis,usrinis) values ('aut673b543758673b580865','aut673b510475673b58054c' ,getdate(),convert(char(8),convert (time,getdate())),getdate(),convert(char(8),convert (time,getdate())),'wsv','wsv')
20241118@150648.4173 o90rmcobp4bvp7fl1ane8qqjog Query : select 1 valor from information_schema.tables where table_type='base table' and table_name='wstablefields'
20241118@150648.4188 o90rmcobp4bvp7fl1ane8qqjog Query : select fieldkey,fieldname,fieldtype,calcformula from wstablefields where tablename = 'fi' and documentnumber = 39
20241118@150648.4216 o90rmcobp4bvp7fl1ane8qqjog Query : insert into wsfidata (fistamp,ousrdata, ousrhora, usrdata,usrhora,ousrinis,usrinis ,qtt ,ftstamp ,epv,pvmoeda ,tabiva,iva,lordem ,ref, design ,armazem) values ('aut673b543758673b580865',getdate(),convert(char(8),convert (time,getdate())),getdate(),convert(char(8),convert (time,getdate())),'wsv','wsv',0 ,'aut673b510475673b58054c' ,0,0 ,2,23.00,590000,?,?,?)
20241118@150648.4481 o90rmcobp4bvp7fl1ane8qqjog Query : use flama_phc
20241118@150648.4484 o90rmcobp4bvp7fl1ane8qqjog Query : select st.usalote valor from st where st.ref = '324.646.00.01'
20241118@150648.4503 o90rmcobp4bvp7fl1ane8qqjog Query : select top 1 st.tabiva ,st.ivaincl ,st.stns ,st.uni2 ,st.familia ,isnull(tx.taxa, 0) txiva ,unidade ,usalote ,epcpond ,noserie ,conversao ,st.texteis from st left join taxasiva tx on st.tabiva = tx.codigo where st.ref = '324.646.00.01'
20241118@150648.4517 o90rmcobp4bvp7fl1ane8qqjog Query : select 1 valor from information_schema.tables where table_type='base table' and table_name='wstablefields'
20241118@150648.4533 o90rmcobp4bvp7fl1ane8qqjog Query : select fieldkey,fieldname,fieldtype,mandatory from wstablefields where tablename = 'fi' and documentnumber = 39
20241118@150648.4558 o90rmcobp4bvp7fl1ane8qqjog Query : select 1 valor from information_schema.tables where table_type='base table' and table_name='wstablefields'
20241118@150648.4574 o90rmcobp4bvp7fl1ane8qqjog Query : select fieldkey,fieldname,fieldtype,mandatory from wstablefields where tablename = 'fi2' and documentnumber = 39
20241118@150648.4583 o90rmcobp4bvp7fl1ane8qqjog Query : select top 1 convert(numeric(6,2),t.taxa) valor from taxasiva t where t.codigo='2'
20241118@150648.4597 o90rmcobp4bvp7fl1ane8qqjog Query : select sestamp valor from se where ref ='324.646.00.01' and lote = 'r2400228100a'
20241118@150648.4610 o90rmcobp4bvp7fl1ane8qqjog Query : select 1 valor from information_schema.tables where table_type='base table' and table_name='wstablefields'
20241118@150648.4626 o90rmcobp4bvp7fl1ane8qqjog Query : select fieldkey,fieldname,fieldtype,calcformula from wstablefields where tablename = 'fi2' and documentnumber = 39
20241118@150648.4638 o90rmcobp4bvp7fl1ane8qqjog Query : insert into wsfi2data (fi2stamp,ftstamp ,ousrdata, ousrhora, usrdata,usrhora,ousrinis,usrinis) values ('aut673b517998673b580870','aut673b510475673b58054c' ,getdate(),convert(char(8),convert (time,getdate())),getdate(),convert(char(8),convert (time,getdate())),'wsv','wsv')
20241118@150648.4642 o90rmcobp4bvp7fl1ane8qqjog Query : select 1 valor from information_schema.tables where table_type='base table' and table_name='wstablefields'
20241118@150648.4660 o90rmcobp4bvp7fl1ane8qqjog Query : select fieldkey,fieldname,fieldtype,calcformula from wstablefields where tablename = 'fi' and documentnumber = 39
20241118@150648.4688 o90rmcobp4bvp7fl1ane8qqjog Query : insert into wsfidata (fistamp,ousrdata, ousrhora, usrdata,usrhora,ousrinis,usrinis ,qtt ,ftstamp ,epv,pvmoeda ,tabiva,iva,lordem ,ref, design ,lote,armazem) values ('aut673b517998673b580870',getdate(),convert(char(8),convert (time,getdate())),getdate(),convert(char(8),convert (time,getdate())),'wsv','wsv',24.000 ,'aut673b510475673b58054c' ,0,0 ,2,23.00,610000,?,?,?,?)
20241118@150648.4973 o90rmcobp4bvp7fl1ane8qqjog Query : select 1 valor from information_schema.tables where table_type='base table' and table_name='wstablefields'
20241118@150648.4990 o90rmcobp4bvp7fl1ane8qqjog Query : select fieldkey,fieldname,fieldtype,mandatory from wstablefields where tablename = 'fi' and documentnumber = 39
20241118@150648.5017 o90rmcobp4bvp7fl1ane8qqjog Query : select 1 valor from information_schema.tables where table_type='base table' and table_name='wstablefields'
20241118@150648.5032 o90rmcobp4bvp7fl1ane8qqjog Query : select fieldkey,fieldname,fieldtype,mandatory from wstablefields where tablename = 'fi2' and documentnumber = 39
20241118@150648.5042 o90rmcobp4bvp7fl1ane8qqjog Query : select top 1 convert(numeric(6,2),t.taxa) valor from taxasiva t where t.codigo='2'
20241118@150648.5056 o90rmcobp4bvp7fl1ane8qqjog Query : select 1 valor from information_schema.tables where table_type='base table' and table_name='wstablefields'
20241118@150648.5071 o90rmcobp4bvp7fl1ane8qqjog Query : select fieldkey,fieldname,fieldtype,calcformula from wstablefields where tablename = 'fi2' and documentnumber = 39
20241118@150648.5083 o90rmcobp4bvp7fl1ane8qqjog Query : insert into wsfi2data (fi2stamp,ftstamp ,ousrdata, ousrhora, usrdata,usrhora,ousrinis,usrinis) values ('aut673b578437673b58087b','aut673b510475673b58054c' ,getdate(),convert(char(8),convert (time,getdate())),getdate(),convert(char(8),convert (time,getdate())),'wsv','wsv')
20241118@150648.5088 o90rmcobp4bvp7fl1ane8qqjog Query : select 1 valor from information_schema.tables where table_type='base table' and table_name='wstablefields'
20241118@150648.5103 o90rmcobp4bvp7fl1ane8qqjog Query : select fieldkey,fieldname,fieldtype,calcformula from wstablefields where tablename = 'fi' and documentnumber = 39
20241118@150648.5132 o90rmcobp4bvp7fl1ane8qqjog Query : insert into wsfidata (fistamp,ousrdata, ousrhora, usrdata,usrhora,ousrinis,usrinis ,qtt ,ftstamp ,epv,pvmoeda ,tabiva,iva,lordem ,ref, design ,armazem) values ('aut673b578437673b58087b',getdate(),convert(char(8),convert (time,getdate())),getdate(),convert(char(8),convert (time,getdate())),'wsv','wsv',0 ,'aut673b510475673b58054c' ,0,0 ,2,23.00,620000,?,?,?)
20241118@150648.5403 o90rmcobp4bvp7fl1ane8qqjog Query : use flama_phc
20241118@150648.5407 o90rmcobp4bvp7fl1ane8qqjog Query : select st.usalote valor from st where st.ref = '324.646.00.01'
20241118@150648.5427 o90rmcobp4bvp7fl1ane8qqjog Query : select top 1 st.tabiva ,st.ivaincl ,st.stns ,st.uni2 ,st.familia ,isnull(tx.taxa, 0) txiva ,unidade ,usalote ,epcpond ,noserie ,conversao ,st.texteis from st left join taxasiva tx on st.tabiva = tx.codigo where st.ref = '324.646.00.01'
20241118@150648.5441 o90rmcobp4bvp7fl1ane8qqjog Query : select 1 valor from information_schema.tables where table_type='base table' and table_name='wstablefields'
20241118@150648.5457 o90rmcobp4bvp7fl1ane8qqjog Query : select fieldkey,fieldname,fieldtype,mandatory from wstablefields where tablename = 'fi' and documentnumber = 39
20241118@150648.5483 o90rmcobp4bvp7fl1ane8qqjog Query : select 1 valor from information_schema.tables where table_type='base table' and table_name='wstablefields'
20241118@150648.5499 o90rmcobp4bvp7fl1ane8qqjog Query : select fieldkey,fieldname,fieldtype,mandatory from wstablefields where tablename = 'fi2' and documentnumber = 39
20241118@150648.5684 o90rmcobp4bvp7fl1ane8qqjog Query : select top 1 convert(numeric(6,2),t.taxa) valor from taxasiva t where t.codigo='2'
20241118@150648.5706 o90rmcobp4bvp7fl1ane8qqjog Query : select sestamp valor from se where ref ='324.646.00.01' and lote = 'r2400228100a'
20241118@150648.5719 o90rmcobp4bvp7fl1ane8qqjog Query : select 1 valor from information_schema.tables where table_type='base table' and table_name='wstablefields'
20241118@150648.5737 o90rmcobp4bvp7fl1ane8qqjog Query : select fieldkey,fieldname,fieldtype,calcformula from wstablefields where tablename = 'fi2' and documentnumber = 39
20241118@150648.5750 o90rmcobp4bvp7fl1ane8qqjog Query : insert into wsfi2data (fi2stamp,ftstamp ,ousrdata, ousrhora, usrdata,usrhora,ousrinis,usrinis) values ('aut673b513955673b58088b','aut673b510475673b58054c' ,getdate(),convert(char(8),convert (time,getdate())),getdate(),convert(char(8),convert (time,getdate())),'wsv','wsv')
20241118@150648.5755 o90rmcobp4bvp7fl1ane8qqjog Query : select 1 valor from information_schema.tables where table_type='base table' and table_name='wstablefields'
20241118@150648.5770 o90rmcobp4bvp7fl1ane8qqjog Query : select fieldkey,fieldname,fieldtype,calcformula from wstablefields where tablename = 'fi' and documentnumber = 39
20241118@150648.5889 o90rmcobp4bvp7fl1ane8qqjog Query : insert into wsfidata (fistamp,ousrdata, ousrhora, usrdata,usrhora,ousrinis,usrinis ,qtt ,ftstamp ,epv,pvmoeda ,tabiva,iva,lordem ,ref, design ,lote,armazem) values ('aut673b513955673b58088b',getdate(),convert(char(8),convert (time,getdate())),getdate(),convert(char(8),convert (time,getdate())),'wsv','wsv',24.000 ,'aut673b510475673b58054c' ,0,0 ,2,23.00,640000,?,?,?,?)
20241118@150648.6200 o90rmcobp4bvp7fl1ane8qqjog Query : select 1 valor from information_schema.tables where table_type='base table' and table_name='wstablefields'
20241118@150648.6217 o90rmcobp4bvp7fl1ane8qqjog Query : select fieldkey,fieldname,fieldtype,mandatory from wstablefields where tablename = 'fi' and documentnumber = 39
20241118@150648.6241 o90rmcobp4bvp7fl1ane8qqjog Query : select 1 valor from information_schema.tables where table_type='base table' and table_name='wstablefields'
20241118@150648.6350 o90rmcobp4bvp7fl1ane8qqjog Query : select fieldkey,fieldname,fieldtype,mandatory from wstablefields where tablename = 'fi2' and documentnumber = 39
20241118@150648.6404 o90rmcobp4bvp7fl1ane8qqjog Query : select top 1 convert(numeric(6,2),t.taxa) valor from taxasiva t where t.codigo='2'
20241118@150648.6417 o90rmcobp4bvp7fl1ane8qqjog Query : select 1 valor from information_schema.tables where table_type='base table' and table_name='wstablefields'
20241118@150648.6433 o90rmcobp4bvp7fl1ane8qqjog Query : select fieldkey,fieldname,fieldtype,calcformula from wstablefields where tablename = 'fi2' and documentnumber = 39
20241118@150648.6459 o90rmcobp4bvp7fl1ane8qqjog Query : insert into wsfi2data (fi2stamp,ftstamp ,ousrdata, ousrhora, usrdata,usrhora,ousrinis,usrinis) values ('aut673b589023673b58089c','aut673b510475673b58054c' ,getdate(),convert(char(8),convert (time,getdate())),getdate(),convert(char(8),convert (time,getdate())),'wsv','wsv')
20241118@150648.6463 o90rmcobp4bvp7fl1ane8qqjog Query : select 1 valor from information_schema.tables where table_type='base table' and table_name='wstablefields'
20241118@150648.6479 o90rmcobp4bvp7fl1ane8qqjog Query : select fieldkey,fieldname,fieldtype,calcformula from wstablefields where tablename = 'fi' and documentnumber = 39
20241118@150648.6508 o90rmcobp4bvp7fl1ane8qqjog Query : insert into wsfidata (fistamp,ousrdata, ousrhora, usrdata,usrhora,ousrinis,usrinis ,qtt ,ftstamp ,epv,pvmoeda ,tabiva,iva,lordem ,ref, design ,armazem) values ('aut673b589023673b58089c',getdate(),convert(char(8),convert (time,getdate())),getdate(),convert(char(8),convert (time,getdate())),'wsv','wsv',0 ,'aut673b510475673b58054c' ,0,0 ,2,23.00,650000,?,?,?)
20241118@150648.6887 o90rmcobp4bvp7fl1ane8qqjog Query : insert into wsftcreationlog (initialftstamp,externalid,creationstatus,documenttypeid,idustamp) values ('aut673b510475673b58054c','24012613','wait',39,'adm09112754980.682000002')
20241118@150648.7009 o90rmcobp4bvp7fl1ane8qqjog Query : use flama_phc
20241118@150648.7013 o90rmcobp4bvp7fl1ane8qqjog Query : update u_wsusers set rqsttoken =? where userid ='userls001'
20241118@150648.7042 o90rmcobp4bvp7fl1ane8qqjog Query : select concat(rtrim(relative_path),ltrim(name_new)) as valor from uploadfiles where uploadfile_id='3366';
20241118@150648.7079 o90rmcobp4bvp7fl1ane8qqjog Query : update uploadfiles set whenupdated=current_timestamp where uploadfile_id='3366';
20241118@150648.7126 o90rmcobp4bvp7fl1ane8qqjog Query : select concat(rtrim(relative_path),ltrim(name_new)) as valor from uploadfiles where uploadfile_id='3366';
20241118@150648.7177 o90rmcobp4bvp7fl1ane8qqjog Query : update uploadfiles set whenupdated=current_timestamp where uploadfile_id='3366';

20241118@155145.8496 7p29tc0vm4g4geburfg3gnsrrd Query : update uploadfiles set whenupdated=current_timestamp where uploadfile_id='3367';
20241118@155145.8558 7p29tc0vm4g4geburfg3gnsrrd Query : select concat(rtrim(relative_path),ltrim(name_new)) as valor from uploadfiles where uploadfile_id='3367';
20241118@155145.8592 7p29tc0vm4g4geburfg3gnsrrd Query : update uploadfiles set whenupdated=current_timestamp where uploadfile_id='3367';
20241118@155145.8649 7p29tc0vm4g4geburfg3gnsrrd Query : use flama_phc
20241118@155145.8653 7p29tc0vm4g4geburfg3gnsrrd Query : select top 1 secretkey valor from u_wsusers u where u.userid = ? and u.inactivo=0
20241118@155145.8777 7p29tc0vm4g4geburfg3gnsrrd Query : use flama_phc
20241118@155145.8781 7p29tc0vm4g4geburfg3gnsrrd Query : select no, estab,szadrsdesc from szadrs where u_coddest=9159
20241118@155145.8828 7p29tc0vm4g4geburfg3gnsrrd Query : select top 1 isnull(design,'') valor from st (nolock) left join stobs (nolock) on st.ref = stobs.ref where st.ref = '324.645.00.01'
20241118@155145.8848 7p29tc0vm4g4geburfg3gnsrrd Query : select top 1 isnull(design,'') valor from st (nolock) left join stobs (nolock) on st.ref = stobs.ref where st.ref = '324.645.00.01'
20241118@155145.8869 7p29tc0vm4g4geburfg3gnsrrd Query : select top 1 isnull(design,'') valor from st (nolock) left join stobs (nolock) on st.ref = stobs.ref where st.ref = '324.645.00.01'
20241118@155145.8940 7p29tc0vm4g4geburfg3gnsrrd Query : select top 1 isnull(design,'') valor from st (nolock) left join stobs (nolock) on st.ref = stobs.ref where st.ref = '324.645.00.01'
20241118@155145.8961 7p29tc0vm4g4geburfg3gnsrrd Query : select top 1 isnull(design,'') valor from st (nolock) left join stobs (nolock) on st.ref = stobs.ref where st.ref = '324.645.00.01'
20241118@155145.8982 7p29tc0vm4g4geburfg3gnsrrd Query : select top 1 isnull(design,'') valor from st (nolock) left join stobs (nolock) on st.ref = stobs.ref where st.ref = '324.645.00.01'
20241118@155145.9001 7p29tc0vm4g4geburfg3gnsrrd Query : select top 1 isnull(design,'') valor from st (nolock) left join stobs (nolock) on st.ref = stobs.ref where st.ref = '324.645.00.01'
20241118@155145.9020 7p29tc0vm4g4geburfg3gnsrrd Query : select top 1 isnull(design,'') valor from st (nolock) left join stobs (nolock) on st.ref = stobs.ref where st.ref = '324.645.00.01'
20241118@155145.9040 7p29tc0vm4g4geburfg3gnsrrd Query : select top 1 isnull(design,'') valor from st (nolock) left join stobs (nolock) on st.ref = stobs.ref where st.ref = '324.645.00.01'
20241118@155145.9060 7p29tc0vm4g4geburfg3gnsrrd Query : select top 1 isnull(design,'') valor from st (nolock) left join stobs (nolock) on st.ref = stobs.ref where st.ref = '324.645.00.01'
20241118@155145.9081 7p29tc0vm4g4geburfg3gnsrrd Query : select top 1 isnull(design,'') valor from st (nolock) left join stobs (nolock) on st.ref = stobs.ref where st.ref = '324.645.00.01'
20241118@155145.9105 7p29tc0vm4g4geburfg3gnsrrd Query : select top 1 isnull(design,'') valor from st (nolock) left join stobs (nolock) on st.ref = stobs.ref where st.ref = '324.645.00.01'
20241118@155145.9124 7p29tc0vm4g4geburfg3gnsrrd Query : select top 1 isnull(design,'') valor from st (nolock) left join stobs (nolock) on st.ref = stobs.ref where st.ref = '324.645.00.01'
20241118@155145.9276 7p29tc0vm4g4geburfg3gnsrrd Query : select top 1 isnull(design,'') valor from st (nolock) left join stobs (nolock) on st.ref = stobs.ref where st.ref = '324.645.00.01'
20241118@155145.9296 7p29tc0vm4g4geburfg3gnsrrd Query : select top 1 isnull(design,'') valor from st (nolock) left join stobs (nolock) on st.ref = stobs.ref where st.ref = '324.645.00.01'
20241118@155145.9315 7p29tc0vm4g4geburfg3gnsrrd Query : select top 1 isnull(design,'') valor from st (nolock) left join stobs (nolock) on st.ref = stobs.ref where st.ref = '324.645.00.01'
20241118@155145.9336 7p29tc0vm4g4geburfg3gnsrrd Query : select top 1 isnull(design,'') valor from st (nolock) left join stobs (nolock) on st.ref = stobs.ref where st.ref = '324.645.00.01'
20241118@155145.9356 7p29tc0vm4g4geburfg3gnsrrd Query : select top 1 isnull(design,'') valor from st (nolock) left join stobs (nolock) on st.ref = stobs.ref where st.ref = '324.645.00.01'
20241118@155145.9388 7p29tc0vm4g4geburfg3gnsrrd Query : select top 1 isnull(design,'') valor from st (nolock) left join stobs (nolock) on st.ref = stobs.ref where st.ref = '324.645.00.01'
20241118@155145.9409 7p29tc0vm4g4geburfg3gnsrrd Query : select top 1 isnull(design,'') valor from st (nolock) left join stobs (nolock) on st.ref = stobs.ref where st.ref = '324.645.00.01'
20241118@155145.9429 7p29tc0vm4g4geburfg3gnsrrd Query : select top 1 isnull(design,'') valor from st (nolock) left join stobs (nolock) on st.ref = stobs.ref where st.ref = '324.645.00.01'
20241118@155145.9451 7p29tc0vm4g4geburfg3gnsrrd Query : use flama_phc
20241118@155145.9454 7p29tc0vm4g4geburfg3gnsrrd Query : select top 1 convert(date,fdata) valor from ft where ndoc = 39 and anulado= 0 and fno>0 order by fdata desc
20241118@155145.9716 7p29tc0vm4g4geburfg3gnsrrd Query : use flama_phc
20241118@155145.9720 7p29tc0vm4g4geburfg3gnsrrd Query : select top 1 1 valor from td where td.ndoc = 39
20241118@155145.9838 7p29tc0vm4g4geburfg3gnsrrd Query : use flama_phc
20241118@155145.9842 7p29tc0vm4g4geburfg3gnsrrd Query : select lower(descricao) descricao ,case when valor='s' then 1 else 0 end valor from para1 where descricao in ('st_lote','st_usalogifunc', 'st_grelha')
20241118@155145.9915 7p29tc0vm4g4geburfg3gnsrrd Query : select top 1 manternumero ,assinadoc issigned ,tiposaft ,assinaimp ,nmdos ,td.assinadoc ,'cl' origin ,lancasl stocks ,case when cmsl<50 and td.lancasl=1 then 1 else 0 end entrada ,case when cmsl>50 and td.lancasl=1 then 1 else 0 end saida ,temserie assets ,~semgre usegridfields from td inner join td2 on td.tdstamp=td2.td2stamp where td.ndoc = 1
20241118@155146.5000 7p29tc0vm4g4geburfg3gnsrrd Query : use flama_phc
20241118@155146.5400 7p29tc0vm4g4geburfg3gnsrrd Query : select top 1 ~inactivo valor from cl where no = '102943' and estab = 0 order by inactivo desc
20241118@155146.8400 7p29tc0vm4g4geburfg3gnsrrd Query : use flama_phc
20241118@155146.8700 7p29tc0vm4g4geburfg3gnsrrd Query : select top 1 tipodoc,regrd from td where ndoc = 39
20241118@155146.1940 7p29tc0vm4g4geburfg3gnsrrd Query : use flama_phc
20241118@155146.1970 7p29tc0vm4g4geburfg3gnsrrd Query : select szadrsstamp valor from szadrs where szadrsdesc='espaÇotrans,lda'
20241118@155146.2390 7p29tc0vm4g4geburfg3gnsrrd Query : use flama_phc
20241118@155146.2430 7p29tc0vm4g4geburfg3gnsrrd Query : select szadrsstamp valor from szadrs where szadrsdesc='pll-plataformalogistica lisboa norte'
20241118@155146.2880 7p29tc0vm4g4geburfg3gnsrrd Query : use flama_phc
20241118@155146.2910 7p29tc0vm4g4geburfg3gnsrrd Query : select 1 valor from td where ndoc = 39
20241118@155146.3700 7p29tc0vm4g4geburfg3gnsrrd Query : select top 1 manternumero, tiposaft, nmdos,td.assinadoc from td where td.ndoc = 39
20241118@155146.4400 7p29tc0vm4g4geburfg3gnsrrd Query : select 1 valor from information_schema.tables where table_type='base table' and table_name='wstablefields'
20241118@155146.7780 7p29tc0vm4g4geburfg3gnsrrd Query : select fieldkey,fieldname,fieldtype,mandatory from wstablefields where tablename = 'ft' and documentnumber = 39
20241118@155146.8350 7p29tc0vm4g4geburfg3gnsrrd Query : select 1 valor from information_schema.tables where table_type='base table' and table_name='wstablefields'
20241118@155146.8500 7p29tc0vm4g4geburfg3gnsrrd Query : select fieldkey,fieldname,fieldtype,mandatory from wstablefields where tablename = 'ft2' and documentnumber = 39
20241118@155146.8770 7p29tc0vm4g4geburfg3gnsrrd Query : select 1 valor from information_schema.tables where table_type='base table' and table_name='wstablefields'
20241118@155146.8910 7p29tc0vm4g4geburfg3gnsrrd Query : select fieldkey,fieldname,fieldtype,mandatory from wstablefields where tablename = 'ft3' and documentnumber = 39
20241118@155146.9040 7p29tc0vm4g4geburfg3gnsrrd Query : select top 1 ft.fno valor from ft ft where ft.ndoc = 39 and ftano=2024 order by fno desc
20241118@155146.1096 7p29tc0vm4g4geburfg3gnsrrd Query : select top 1 ft.fno valor from wsftdata ft where ft.ndoc = 39 and ftano=2024 order by fno desc
20241118@155146.1201 7p29tc0vm4g4geburfg3gnsrrd Query : select 1 valor from information_schema.tables where table_type='base table' and table_name='wstablefields'
20241118@155146.1216 7p29tc0vm4g4geburfg3gnsrrd Query : select fieldkey,fieldname,fieldtype,calcformula from wstablefields where tablename = 'ft3' and documentnumber = 39
20241118@155146.1257 7p29tc0vm4g4geburfg3gnsrrd Query : insert into wsft3data (ft3stamp, ousrdata, ousrhora, usrdata,usrhora,ousrinis,usrinis,taxpointdt ) values ('aut673b644229673b629216' ,getdate(),convert(char(8),convert (time,getdate())),getdate(),convert(char(8),convert (time,getdate())),'wsv','wsv',?)
20241118@155146.1449 7p29tc0vm4g4geburfg3gnsrrd Query : select 1 valor from information_schema.tables where table_type='base table' and table_name='wstablefields'
20241118@155146.1467 7p29tc0vm4g4geburfg3gnsrrd Query : select fieldkey,fieldname,fieldtype,calcformula from wstablefields where tablename = 'ft2' and documentnumber = 39
20241118@155146.1513 7p29tc0vm4g4geburfg3gnsrrd Query : select top 1 bo.u_nomeenv valor from bo where bo.bostamp=''
20241118@155146.1614 7p29tc0vm4g4geburfg3gnsrrd Query : select top 1 bo.u_moradaen valor from bo where bo.bostamp=''
20241118@155146.1696 7p29tc0vm4g4geburfg3gnsrrd Query : select top 1 bo.u_codposen valor from bo where bo.bostamp=''
20241118@155146.1774 7p29tc0vm4g4geburfg3gnsrrd Query : select top 1 bo.u_localenv valor from bo where bo.bostamp=''
20241118@155146.1852 7p29tc0vm4g4geburfg3gnsrrd Query : select top 1 bo.trab5 valor from bo where bo.bostamp=''
20241118@155146.1927 7p29tc0vm4g4geburfg3gnsrrd Query : select top 1 bo.serie valor from bo where bo.bostamp=''
20241118@155146.2003 7p29tc0vm4g4geburfg3gnsrrd Query : insert into wsft2data (ft2stamp, ousrdata,ousrhora, usrdata,usrhora,ousrinis,usrinis,u_nomeenv ,u_moradaen ,u_codposen ,u_localenv ,u_coddest ,u_codby ) values ('aut673b644229673b629216',getdate(),convert(char(8),convert (time,getdate())),getdate(),convert(char(8),convert (time,getdate())),'wsv','wsv',?,?,?,?,?,?)
20241118@155146.2269 7p29tc0vm4g4geburfg3gnsrrd Query : select top 1 fno valor from wsftdata order by fno desc
20241118@155146.2560 7p29tc0vm4g4geburfg3gnsrrd Query : select 1 valor from information_schema.tables where table_type='base table' and table_name='wstablefields'
20241118@155146.2596 7p29tc0vm4g4geburfg3gnsrrd Query : select fieldkey,fieldname,fieldtype,calcformula from wstablefields where tablename = 'ft' and documentnumber = 39
20241118@155146.2620 7p29tc0vm4g4geburfg3gnsrrd Query : select 'normal' from dummy
20241118@155146.2672 7p29tc0vm4g4geburfg3gnsrrd Query : insert into wsftdata (ftstamp, ousrdata,ousrhora, usrdata,usrhora,ousrinis,usrinis,fno,no,estab,fdata,ndoc,moeda,cambio,cambiofixo,ftano,site ,classe ) values ('aut673b644229673b629216',getdate(),convert(char(8),convert (time,getdate())),getdate(),convert(char(8),convert (time,getdate())),'wsv','wsv',1918,102943,0,'2024-11-18',39,'euro',0,0,2024 ,?,?)
20241118@155146.3217 7p29tc0vm4g4geburfg3gnsrrd Query : use flama_phc
20241118@155146.3220 7p29tc0vm4g4geburfg3gnsrrd Query : select st.usalote valor from st where st.ref = '324.645.00.01'
20241118@155146.3473 7p29tc0vm4g4geburfg3gnsrrd Query : select top 1 st.tabiva ,st.ivaincl ,st.stns ,st.uni2 ,st.familia ,isnull(tx.taxa, 0) txiva ,unidade ,usalote ,epcpond ,noserie ,conversao ,st.texteis from st left join taxasiva tx on st.tabiva = tx.codigo where st.ref = '324.645.00.01'
20241118@155146.3488 7p29tc0vm4g4geburfg3gnsrrd Query : select 1 valor from information_schema.tables where table_type='base table' and table_name='wstablefields'
20241118@155146.3509 7p29tc0vm4g4geburfg3gnsrrd Query : select fieldkey,fieldname,fieldtype,mandatory from wstablefields where tablename = 'fi' and documentnumber = 39
20241118@155146.3537 7p29tc0vm4g4geburfg3gnsrrd Query : select 1 valor from information_schema.tables where table_type='base table' and table_name='wstablefields'
20241118@155146.3554 7p29tc0vm4g4geburfg3gnsrrd Query : select fieldkey,fieldname,fieldtype,mandatory from wstablefields where tablename = 'fi2' and documentnumber = 39
20241118@155146.3564 7p29tc0vm4g4geburfg3gnsrrd Query : select top 1 convert(numeric(6,2),t.taxa) valor from taxasiva t where t.codigo='2'
20241118@155146.3619 7p29tc0vm4g4geburfg3gnsrrd Query : select sestamp valor from se where ref ='324.645.00.01' and lote = 'r2400228200a'
20241118@155146.3636 7p29tc0vm4g4geburfg3gnsrrd Query : select 1 valor from information_schema.tables where table_type='base table' and table_name='wstablefields'
20241118@155146.3653 7p29tc0vm4g4geburfg3gnsrrd Query : select fieldkey,fieldname,fieldtype,calcformula from wstablefields where tablename = 'fi2' and documentnumber = 39
20241118@155146.3666 7p29tc0vm4g4geburfg3gnsrrd Query : insert into wsfi2data (fi2stamp,ftstamp ,ousrdata, ousrhora, usrdata,usrhora,ousrinis,usrinis) values ('aut673b642897673b629258','aut673b644229673b629216' ,getdate(),convert(char(8),convert (time,getdate())),getdate(),convert(char(8),convert (time,getdate())),'wsv','wsv')
20241118@155146.3710 7p29tc0vm4g4geburfg3gnsrrd Query : select 1 valor from information_schema.tables where table_type='base table' and table_name='wstablefields'
20241118@155146.3725 7p29tc0vm4g4geburfg3gnsrrd Query : select fieldkey,fieldname,fieldtype,calcformula from wstablefields where tablename = 'fi' and documentnumber = 39
20241118@155146.3751 7p29tc0vm4g4geburfg3gnsrrd Query : insert into wsfidata (fistamp,ousrdata, ousrhora, usrdata,usrhora,ousrinis,usrinis ,qtt ,ftstamp ,epv,pvmoeda ,tabiva,iva,lordem ,ref, design ,lote,armazem) values ('aut673b642897673b629258',getdate(),convert(char(8),convert (time,getdate())),getdate(),convert(char(8),convert (time,getdate())),'wsv','wsv',20.000 ,'aut673b644229673b629216' ,0,0 ,2,23.00,10000,?,?,?,?)
20241118@155146.4038 7p29tc0vm4g4geburfg3gnsrrd Query : select 1 valor from information_schema.tables where table_type='base table' and table_name='wstablefields'
20241118@155146.4054 7p29tc0vm4g4geburfg3gnsrrd Query : select fieldkey,fieldname,fieldtype,mandatory from wstablefields where tablename = 'fi' and documentnumber = 39
20241118@155146.4078 7p29tc0vm4g4geburfg3gnsrrd Query : select 1 valor from information_schema.tables where table_type='base table' and table_name='wstablefields'
20241118@155146.4092 7p29tc0vm4g4geburfg3gnsrrd Query : select fieldkey,fieldname,fieldtype,mandatory from wstablefields where tablename = 'fi2' and documentnumber = 39
20241118@155146.4101 7p29tc0vm4g4geburfg3gnsrrd Query : select top 1 convert(numeric(6,2),t.taxa) valor from taxasiva t where t.codigo='2'
20241118@155146.4112 7p29tc0vm4g4geburfg3gnsrrd Query : select 1 valor from information_schema.tables where table_type='base table' and table_name='wstablefields'
20241118@155146.4125 7p29tc0vm4g4geburfg3gnsrrd Query : select fieldkey,fieldname,fieldtype,calcformula from wstablefields where tablename = 'fi2' and documentnumber = 39
20241118@155146.4136 7p29tc0vm4g4geburfg3gnsrrd Query : insert into wsfi2data (fi2stamp,ftstamp ,ousrdata, ousrhora, usrdata,usrhora,ousrinis,usrinis) values ('aut673b678688673b629264','aut673b644229673b629216' ,getdate(),convert(char(8),convert (time,getdate())),getdate(),convert(char(8),convert (time,getdate())),'wsv','wsv')
20241118@155146.4140 7p29tc0vm4g4geburfg3gnsrrd Query : select 1 valor from information_schema.tables where table_type='base table' and table_name='wstablefields'
20241118@155146.4154 7p29tc0vm4g4geburfg3gnsrrd Query : select fieldkey,fieldname,fieldtype,calcformula from wstablefields where tablename = 'fi' and documentnumber = 39
20241118@155146.4178 7p29tc0vm4g4geburfg3gnsrrd Query : insert into wsfidata (fistamp,ousrdata, ousrhora, usrdata,usrhora,ousrinis,usrinis ,qtt ,ftstamp ,epv,pvmoeda ,tabiva,iva,lordem ,ref, design ,armazem) values ('aut673b678688673b629264',getdate(),convert(char(8),convert (time,getdate())),getdate(),convert(char(8),convert (time,getdate())),'wsv','wsv',0 ,'aut673b644229673b629216' ,0,0 ,2,23.00,20000,?,?,?)
20241118@155146.4462 7p29tc0vm4g4geburfg3gnsrrd Query : use flama_phc
20241118@155146.4465 7p29tc0vm4g4geburfg3gnsrrd Query : select st.usalote valor from st where st.ref = '324.645.00.01'
20241118@155146.4484 7p29tc0vm4g4geburfg3gnsrrd Query : select top 1 st.tabiva ,st.ivaincl ,st.stns ,st.uni2 ,st.familia ,isnull(tx.taxa, 0) txiva ,unidade ,usalote ,epcpond ,noserie ,conversao ,st.texteis from st left join taxasiva tx on st.tabiva = tx.codigo where st.ref = '324.645.00.01'
20241118@155146.4499 7p29tc0vm4g4geburfg3gnsrrd Query : select 1 valor from information_schema.tables where table_type='base table' and table_name='wstablefields'
20241118@155146.4514 7p29tc0vm4g4geburfg3gnsrrd Query : select fieldkey,fieldname,fieldtype,mandatory from wstablefields where tablename = 'fi' and documentnumber = 39
20241118@155146.4539 7p29tc0vm4g4geburfg3gnsrrd Query : select 1 valor from information_schema.tables where table_type='base table' and table_name='wstablefields'
20241118@155146.4556 7p29tc0vm4g4geburfg3gnsrrd Query : select fieldkey,fieldname,fieldtype,mandatory from wstablefields where tablename = 'fi2' and documentnumber = 39
20241118@155146.4565 7p29tc0vm4g4geburfg3gnsrrd Query : select top 1 convert(numeric(6,2),t.taxa) valor from taxasiva t where t.codigo='2'
20241118@155146.4579 7p29tc0vm4g4geburfg3gnsrrd Query : select sestamp valor from se where ref ='324.645.00.01' and lote = 'r2400228200a'
20241118@155146.4592 7p29tc0vm4g4geburfg3gnsrrd Query : select 1 valor from information_schema.tables where table_type='base table' and table_name='wstablefields'
20241118@155146.4627 7p29tc0vm4g4geburfg3gnsrrd Query : select fieldkey,fieldname,fieldtype,calcformula from wstablefields where tablename = 'fi2' and documentnumber = 39
20241118@155146.4640 7p29tc0vm4g4geburfg3gnsrrd Query : insert into wsfi2data (fi2stamp,ftstamp ,ousrdata, ousrhora, usrdata,usrhora,ousrinis,usrinis) values ('aut673b608892673b629270','aut673b644229673b629216' ,getdate(),convert(char(8),convert (time,getdate())),getdate(),convert(char(8),convert (time,getdate())),'wsv','wsv')
20241118@155146.4653 7p29tc0vm4g4geburfg3gnsrrd Query : select 1 valor from information_schema.tables where table_type='base table' and table_name='wstablefields'
20241118@155146.4673 7p29tc0vm4g4geburfg3gnsrrd Query : select fieldkey,fieldname,fieldtype,calcformula from wstablefields where tablename = 'fi' and documentnumber = 39
20241118@155146.4707 7p29tc0vm4g4geburfg3gnsrrd Query : insert into wsfidata (fistamp,ousrdata, ousrhora, usrdata,usrhora,ousrinis,usrinis ,qtt ,ftstamp ,epv,pvmoeda ,tabiva,iva,lordem ,ref, design ,lote,armazem) values ('aut673b608892673b629270',getdate(),convert(char(8),convert (time,getdate())),getdate(),convert(char(8),convert (time,getdate())),'wsv','wsv',24.000 ,'aut673b644229673b629216' ,0,0 ,2,23.00,40000,?,?,?,?)
20241118@155146.5011 7p29tc0vm4g4geburfg3gnsrrd Query : select 1 valor from information_schema.tables where table_type='base table' and table_name='wstablefields'
20241118@155146.5027 7p29tc0vm4g4geburfg3gnsrrd Query : select fieldkey,fieldname,fieldtype,mandatory from wstablefields where tablename = 'fi' and documentnumber = 39
20241118@155146.5054 7p29tc0vm4g4geburfg3gnsrrd Query : select 1 valor from information_schema.tables where table_type='base table' and table_name='wstablefields'
20241118@155146.5068 7p29tc0vm4g4geburfg3gnsrrd Query : select fieldkey,fieldname,fieldtype,mandatory from wstablefields where tablename = 'fi2' and documentnumber = 39
20241118@155146.5076 7p29tc0vm4g4geburfg3gnsrrd Query : select top 1 convert(numeric(6,2),t.taxa) valor from taxasiva t where t.codigo='2'
20241118@155146.5088 7p29tc0vm4g4geburfg3gnsrrd Query : select 1 valor from information_schema.tables where table_type='base table' and table_name='wstablefields'
20241118@155146.5106 7p29tc0vm4g4geburfg3gnsrrd Query : select fieldkey,fieldname,fieldtype,calcformula from wstablefields where tablename = 'fi2' and documentnumber = 39
20241118@155146.5119 7p29tc0vm4g4geburfg3gnsrrd Query : insert into wsfi2data (fi2stamp,ftstamp ,ousrdata, ousrhora, usrdata,usrhora,ousrinis,usrinis) values ('aut673b641045673b62927c','aut673b644229673b629216' ,getdate(),convert(char(8),convert (time,getdate())),getdate(),convert(char(8),convert (time,getdate())),'wsv','wsv')
20241118@155146.5124 7p29tc0vm4g4geburfg3gnsrrd Query : select 1 valor from information_schema.tables where table_type='base table' and table_name='wstablefields'
20241118@155146.5144 7p29tc0vm4g4geburfg3gnsrrd Query : select fieldkey,fieldname,fieldtype,calcformula from wstablefields where tablename = 'fi' and documentnumber = 39
20241118@155146.5175 7p29tc0vm4g4geburfg3gnsrrd Query : insert into wsfidata (fistamp,ousrdata, ousrhora, usrdata,usrhora,ousrinis,usrinis ,qtt ,ftstamp ,epv,pvmoeda ,tabiva,iva,lordem ,ref, design ,armazem) values ('aut673b641045673b62927c',getdate(),convert(char(8),convert (time,getdate())),getdate(),convert(char(8),convert (time,getdate())),'wsv','wsv',0 ,'aut673b644229673b629216' ,0,0 ,2,23.00,50000,?,?,?)
20241118@155146.5449 7p29tc0vm4g4geburfg3gnsrrd Query : use flama_phc
20241118@155146.5452 7p29tc0vm4g4geburfg3gnsrrd Query : select st.usalote valor from st where st.ref = '324.645.00.01'
20241118@155146.5472 7p29tc0vm4g4geburfg3gnsrrd Query : select top 1 st.tabiva ,st.ivaincl ,st.stns ,st.uni2 ,st.familia ,isnull(tx.taxa, 0) txiva ,unidade ,usalote ,epcpond ,noserie ,conversao ,st.texteis from st left join taxasiva tx on st.tabiva = tx.codigo where st.ref = '324.645.00.01'
20241118@155146.5486 7p29tc0vm4g4geburfg3gnsrrd Query : select 1 valor from information_schema.tables where table_type='base table' and table_name='wstablefields'
20241118@155146.5502 7p29tc0vm4g4geburfg3gnsrrd Query : select fieldkey,fieldname,fieldtype,mandatory from wstablefields where tablename = 'fi' and documentnumber = 39
20241118@155146.5526 7p29tc0vm4g4geburfg3gnsrrd Query : select 1 valor from information_schema.tables where table_type='base table' and table_name='wstablefields'
20241118@155146.5539 7p29tc0vm4g4geburfg3gnsrrd Query : select fieldkey,fieldname,fieldtype,mandatory from wstablefields where tablename = 'fi2' and documentnumber = 39
20241118@155146.5547 7p29tc0vm4g4geburfg3gnsrrd Query : select top 1 convert(numeric(6,2),t.taxa) valor from taxasiva t where t.codigo='2'
20241118@155146.5559 7p29tc0vm4g4geburfg3gnsrrd Query : select sestamp valor from se where ref ='324.645.00.01' and lote = 'r2400228200a'
20241118@155146.5572 7p29tc0vm4g4geburfg3gnsrrd Query : select 1 valor from information_schema.tables where table_type='base table' and table_name='wstablefields'
20241118@155146.5585 7p29tc0vm4g4geburfg3gnsrrd Query : select fieldkey,fieldname,fieldtype,calcformula from wstablefields where tablename = 'fi2' and documentnumber = 39
20241118@155146.5597 7p29tc0vm4g4geburfg3gnsrrd Query : insert into wsfi2data (fi2stamp,ftstamp ,ousrdata, ousrhora, usrdata,usrhora,ousrinis,usrinis) values ('aut673b678371673b629288','aut673b644229673b629216' ,getdate(),convert(char(8),convert (time,getdate())),getdate(),convert(char(8),convert (time,getdate())),'wsv','wsv')
20241118@155146.5601 7p29tc0vm4g4geburfg3gnsrrd Query : select 1 valor from information_schema.tables where table_type='base table' and table_name='wstablefields'
20241118@155146.5615 7p29tc0vm4g4geburfg3gnsrrd Query : select fieldkey,fieldname,fieldtype,calcformula from wstablefields where tablename = 'fi' and documentnumber = 39
20241118@155146.5642 7p29tc0vm4g4geburfg3gnsrrd Query : insert into wsfidata (fistamp,ousrdata, ousrhora, usrdata,usrhora,ousrinis,usrinis ,qtt ,ftstamp ,epv,pvmoeda ,tabiva,iva,lordem ,ref, design ,lote,armazem) values ('aut673b678371673b629288',getdate(),convert(char(8),convert (time,getdate())),getdate(),convert(char(8),convert (time,getdate())),'wsv','wsv',24.000 ,'aut673b644229673b629216' ,0,0 ,2,23.00,70000,?,?,?,?)
20241118@155146.5915 7p29tc0vm4g4geburfg3gnsrrd Query : select 1 valor from information_schema.tables where table_type='base table' and table_name='wstablefields'
20241118@155146.5930 7p29tc0vm4g4geburfg3gnsrrd Query : select fieldkey,fieldname,fieldtype,mandatory from wstablefields where tablename = 'fi' and documentnumber = 39
20241118@155146.5956 7p29tc0vm4g4geburfg3gnsrrd Query : select 1 valor from information_schema.tables where table_type='base table' and table_name='wstablefields'
20241118@155146.5970 7p29tc0vm4g4geburfg3gnsrrd Query : select fieldkey,fieldname,fieldtype,mandatory from wstablefields where tablename = 'fi2' and documentnumber = 39
20241118@155146.5981 7p29tc0vm4g4geburfg3gnsrrd Query : select top 1 convert(numeric(6,2),t.taxa) valor from taxasiva t where t.codigo='2'
20241118@155146.5994 7p29tc0vm4g4geburfg3gnsrrd Query : select 1 valor from information_schema.tables where table_type='base table' and table_name='wstablefields'
20241118@155146.6008 7p29tc0vm4g4geburfg3gnsrrd Query : select fieldkey,fieldname,fieldtype,calcformula from wstablefields where tablename = 'fi2' and documentnumber = 39
20241118@155146.6020 7p29tc0vm4g4geburfg3gnsrrd Query : insert into wsfi2data (fi2stamp,ftstamp ,ousrdata, ousrhora, usrdata,usrhora,ousrinis,usrinis) values ('aut673b667815673b629292','aut673b644229673b629216' ,getdate(),convert(char(8),convert (time,getdate())),getdate(),convert(char(8),convert (time,getdate())),'wsv','wsv')
20241118@155146.6023 7p29tc0vm4g4geburfg3gnsrrd Query : select 1 valor from information_schema.tables where table_type='base table' and table_name='wstablefields'
20241118@155146.6037 7p29tc0vm4g4geburfg3gnsrrd Query : select fieldkey,fieldname,fieldtype,calcformula from wstablefields where tablename = 'fi' and documentnumber = 39
20241118@155146.6067 7p29tc0vm4g4geburfg3gnsrrd Query : insert into wsfidata (fistamp,ousrdata, ousrhora, usrdata,usrhora,ousrinis,usrinis ,qtt ,ftstamp ,epv,pvmoeda ,tabiva,iva,lordem ,ref, design ,armazem) values ('aut673b667815673b629292',getdate(),convert(char(8),convert (time,getdate())),getdate(),convert(char(8),convert (time,getdate())),'wsv','wsv',0 ,'aut673b644229673b629216' ,0,0 ,2,23.00,80000,?,?,?)
20241118@155146.6393 7p29tc0vm4g4geburfg3gnsrrd Query : use flama_phc
20241118@155146.6396 7p29tc0vm4g4geburfg3gnsrrd Query : select st.usalote valor from st where st.ref = '324.645.00.01'
20241118@155146.6417 7p29tc0vm4g4geburfg3gnsrrd Query : select top 1 st.tabiva ,st.ivaincl ,st.stns ,st.uni2 ,st.familia ,isnull(tx.taxa, 0) txiva ,unidade ,usalote ,epcpond ,noserie ,conversao ,st.texteis from st left join taxasiva tx on st.tabiva = tx.codigo where st.ref = '324.645.00.01'
20241118@155146.6431 7p29tc0vm4g4geburfg3gnsrrd Query : select 1 valor from information_schema.tables where table_type='base table' and table_name='wstablefields'
20241118@155146.6447 7p29tc0vm4g4geburfg3gnsrrd Query : select fieldkey,fieldname,fieldtype,mandatory from wstablefields where tablename = 'fi' and documentnumber = 39
20241118@155146.6473 7p29tc0vm4g4geburfg3gnsrrd Query : select 1 valor from information_schema.tables where table_type='base table' and table_name='wstablefields'
20241118@155146.6487 7p29tc0vm4g4geburfg3gnsrrd Query : select fieldkey,fieldname,fieldtype,mandatory from wstablefields where tablename = 'fi2' and documentnumber = 39
20241118@155146.6496 7p29tc0vm4g4geburfg3gnsrrd Query : select top 1 convert(numeric(6,2),t.taxa) valor from taxasiva t where t.codigo='2'
20241118@155146.6507 7p29tc0vm4g4geburfg3gnsrrd Query : select sestamp valor from se where ref ='324.645.00.01' and lote = 'r2400228200a'
20241118@155146.6573 7p29tc0vm4g4geburfg3gnsrrd Query : select 1 valor from information_schema.tables where table_type='base table' and table_name='wstablefields'
20241118@155146.6588 7p29tc0vm4g4geburfg3gnsrrd Query : select fieldkey,fieldname,fieldtype,calcformula from wstablefields where tablename = 'fi2' and documentnumber = 39
20241118@155146.6600 7p29tc0vm4g4geburfg3gnsrrd Query : insert into wsfi2data (fi2stamp,ftstamp ,ousrdata, ousrhora, usrdata,usrhora,ousrinis,usrinis) values ('aut673b626123673b6292a0','aut673b644229673b629216' ,getdate(),convert(char(8),convert (time,getdate())),getdate(),convert(char(8),convert (time,getdate())),'wsv','wsv')
20241118@155146.6605 7p29tc0vm4g4geburfg3gnsrrd Query : select 1 valor from information_schema.tables where table_type='base table' and table_name='wstablefields'
20241118@155146.6620 7p29tc0vm4g4geburfg3gnsrrd Query : select fieldkey,fieldname,fieldtype,calcformula from wstablefields where tablename = 'fi' and documentnumber = 39
20241118@155146.6670 7p29tc0vm4g4geburfg3gnsrrd Query : insert into wsfidata (fistamp,ousrdata, ousrhora, usrdata,usrhora,ousrinis,usrinis ,qtt ,ftstamp ,epv,pvmoeda ,tabiva,iva,lordem ,ref, design ,lote,armazem) values ('aut673b626123673b6292a0',getdate(),convert(char(8),convert (time,getdate())),getdate(),convert(char(8),convert (time,getdate())),'wsv','wsv',24.000 ,'aut673b644229673b629216' ,0,0 ,2,23.00,100000,?,?,?,?)
20241118@155146.6962 7p29tc0vm4g4geburfg3gnsrrd Query : select 1 valor from information_schema.tables where table_type='base table' and table_name='wstablefields'
20241118@155146.6978 7p29tc0vm4g4geburfg3gnsrrd Query : select fieldkey,fieldname,fieldtype,mandatory from wstablefields where tablename = 'fi' and documentnumber = 39
20241118@155146.7003 7p29tc0vm4g4geburfg3gnsrrd Query : select 1 valor from information_schema.tables where table_type='base table' and table_name='wstablefields'
20241118@155146.7018 7p29tc0vm4g4geburfg3gnsrrd Query : select fieldkey,fieldname,fieldtype,mandatory from wstablefields where tablename = 'fi2' and documentnumber = 39
20241118@155146.7026 7p29tc0vm4g4geburfg3gnsrrd Query : select top 1 convert(numeric(6,2),t.taxa) valor from taxasiva t where t.codigo='2'
20241118@155146.7039 7p29tc0vm4g4geburfg3gnsrrd Query : select 1 valor from information_schema.tables where table_type='base table' and table_name='wstablefields'
20241118@155146.7053 7p29tc0vm4g4geburfg3gnsrrd Query : select fieldkey,fieldname,fieldtype,calcformula from wstablefields where tablename = 'fi2' and documentnumber = 39
20241118@155146.7064 7p29tc0vm4g4geburfg3gnsrrd Query : insert into wsfi2data (fi2stamp,ftstamp ,ousrdata, ousrhora, usrdata,usrhora,ousrinis,usrinis) values ('aut673b618069673b6292ab','aut673b644229673b629216' ,getdate(),convert(char(8),convert (time,getdate())),getdate(),convert(char(8),convert (time,getdate())),'wsv','wsv')
20241118@155146.7068 7p29tc0vm4g4geburfg3gnsrrd Query : select 1 valor from information_schema.tables where table_type='base table' and table_name='wstablefields'
20241118@155146.7082 7p29tc0vm4g4geburfg3gnsrrd Query : select fieldkey,fieldname,fieldtype,calcformula from wstablefields where tablename = 'fi' and documentnumber = 39
20241118@155146.7109 7p29tc0vm4g4geburfg3gnsrrd Query : insert into wsfidata (fistamp,ousrdata, ousrhora, usrdata,usrhora,ousrinis,usrinis ,qtt ,ftstamp ,epv,pvmoeda ,tabiva,iva,lordem ,ref, design ,armazem) values ('aut673b618069673b6292ab',getdate(),convert(char(8),convert (time,getdate())),getdate(),convert(char(8),convert (time,getdate())),'wsv','wsv',0 ,'aut673b644229673b629216' ,0,0 ,2,23.00,110000,?,?,?)
20241118@155146.7382 7p29tc0vm4g4geburfg3gnsrrd Query : use flama_phc
20241118@155146.7385 7p29tc0vm4g4geburfg3gnsrrd Query : select st.usalote valor from st where st.ref = '324.645.00.01'
20241118@155146.7404 7p29tc0vm4g4geburfg3gnsrrd Query : select top 1 st.tabiva ,st.ivaincl ,st.stns ,st.uni2 ,st.familia ,isnull(tx.taxa, 0) txiva ,unidade ,usalote ,epcpond ,noserie ,conversao ,st.texteis from st left join taxasiva tx on st.tabiva = tx.codigo where st.ref = '324.645.00.01'
20241118@155146.7417 7p29tc0vm4g4geburfg3gnsrrd Query : select 1 valor from information_schema.tables where table_type='base table' and table_name='wstablefields'
20241118@155146.7432 7p29tc0vm4g4geburfg3gnsrrd Query : select fieldkey,fieldname,fieldtype,mandatory from wstablefields where tablename = 'fi' and documentnumber = 39
20241118@155146.7458 7p29tc0vm4g4geburfg3gnsrrd Query : select 1 valor from information_schema.tables where table_type='base table' and table_name='wstablefields'
20241118@155146.7472 7p29tc0vm4g4geburfg3gnsrrd Query : select fieldkey,fieldname,fieldtype,mandatory from wstablefields where tablename = 'fi2' and documentnumber = 39
20241118@155146.7481 7p29tc0vm4g4geburfg3gnsrrd Query : select top 1 convert(numeric(6,2),t.taxa) valor from taxasiva t where t.codigo='2'
20241118@155146.7493 7p29tc0vm4g4geburfg3gnsrrd Query : select sestamp valor from se where ref ='324.645.00.01' and lote = 'r2400228200a'
20241118@155146.7505 7p29tc0vm4g4geburfg3gnsrrd Query : select 1 valor from information_schema.tables where table_type='base table' and table_name='wstablefields'
20241118@155146.7519 7p29tc0vm4g4geburfg3gnsrrd Query : select fieldkey,fieldname,fieldtype,calcformula from wstablefields where tablename = 'fi2' and documentnumber = 39
20241118@155146.7530 7p29tc0vm4g4geburfg3gnsrrd Query : insert into wsfi2data (fi2stamp,ftstamp ,ousrdata, ousrhora, usrdata,usrhora,ousrinis,usrinis) values ('aut673b622963673b6292b7','aut673b644229673b629216' ,getdate(),convert(char(8),convert (time,getdate())),getdate(),convert(char(8),convert (time,getdate())),'wsv','wsv')
20241118@155146.7534 7p29tc0vm4g4geburfg3gnsrrd Query : select 1 valor from information_schema.tables where table_type='base table' and table_name='wstablefields'
20241118@155146.7549 7p29tc0vm4g4geburfg3gnsrrd Query : select fieldkey,fieldname,fieldtype,calcformula from wstablefields where tablename = 'fi' and documentnumber = 39
20241118@155146.7580 7p29tc0vm4g4geburfg3gnsrrd Query : insert into wsfidata (fistamp,ousrdata, ousrhora, usrdata,usrhora,ousrinis,usrinis ,qtt ,ftstamp ,epv,pvmoeda ,tabiva,iva,lordem ,ref, design ,lote,armazem) values ('aut673b622963673b6292b7',getdate(),convert(char(8),convert (time,getdate())),getdate(),convert(char(8),convert (time,getdate())),'wsv','wsv',24.000 ,'aut673b644229673b629216' ,0,0 ,2,23.00,130000,?,?,?,?)
20241118@155146.7892 7p29tc0vm4g4geburfg3gnsrrd Query : select 1 valor from information_schema.tables where table_type='base table' and table_name='wstablefields'
20241118@155146.7908 7p29tc0vm4g4geburfg3gnsrrd Query : select fieldkey,fieldname,fieldtype,mandatory from wstablefields where tablename = 'fi' and documentnumber = 39
20241118@155146.7952 7p29tc0vm4g4geburfg3gnsrrd Query : select 1 valor from information_schema.tables where table_type='base table' and table_name='wstablefields'
20241118@155146.7966 7p29tc0vm4g4geburfg3gnsrrd Query : select fieldkey,fieldname,fieldtype,mandatory from wstablefields where tablename = 'fi2' and documentnumber = 39
20241118@155146.7974 7p29tc0vm4g4geburfg3gnsrrd Query : select top 1 convert(numeric(6,2),t.taxa) valor from taxasiva t where t.codigo='2'
20241118@155146.7985 7p29tc0vm4g4geburfg3gnsrrd Query : select 1 valor from information_schema.tables where table_type='base table' and table_name='wstablefields'
20241118@155146.8000 7p29tc0vm4g4geburfg3gnsrrd Query : select fieldkey,fieldname,fieldtype,calcformula from wstablefields where tablename = 'fi2' and documentnumber = 39
20241118@155146.8012 7p29tc0vm4g4geburfg3gnsrrd Query : insert into wsfi2data (fi2stamp,ftstamp ,ousrdata, ousrhora, usrdata,usrhora,ousrinis,usrinis) values ('aut673b697650673b6292c2','aut673b644229673b629216' ,getdate(),convert(char(8),convert (time,getdate())),getdate(),convert(char(8),convert (time,getdate())),'wsv','wsv')
20241118@155146.8016 7p29tc0vm4g4geburfg3gnsrrd Query : select 1 valor from information_schema.tables where table_type='base table' and table_name='wstablefields'
20241118@155146.8031 7p29tc0vm4g4geburfg3gnsrrd Query : select fieldkey,fieldname,fieldtype,calcformula from wstablefields where tablename = 'fi' and documentnumber = 39
20241118@155146.8062 7p29tc0vm4g4geburfg3gnsrrd Query : insert into wsfidata (fistamp,ousrdata, ousrhora, usrdata,usrhora,ousrinis,usrinis ,qtt ,ftstamp ,epv,pvmoeda ,tabiva,iva,lordem ,ref, design ,armazem) values ('aut673b697650673b6292c2',getdate(),convert(char(8),convert (time,getdate())),getdate(),convert(char(8),convert (time,getdate())),'wsv','wsv',0 ,'aut673b644229673b629216' ,0,0 ,2,23.00,140000,?,?,?)
20241118@155146.8355 7p29tc0vm4g4geburfg3gnsrrd Query : use flama_phc
20241118@155146.8358 7p29tc0vm4g4geburfg3gnsrrd Query : select st.usalote valor from st where st.ref = '324.645.00.01'
20241118@155146.8376 7p29tc0vm4g4geburfg3gnsrrd Query : select top 1 st.tabiva ,st.ivaincl ,st.stns ,st.uni2 ,st.familia ,isnull(tx.taxa, 0) txiva ,unidade ,usalote ,epcpond ,noserie ,conversao ,st.texteis from st left join taxasiva tx on st.tabiva = tx.codigo where st.ref = '324.645.00.01'
20241118@155146.8391 7p29tc0vm4g4geburfg3gnsrrd Query : select 1 valor from information_schema.tables where table_type='base table' and table_name='wstablefields'
20241118@155146.8406 7p29tc0vm4g4geburfg3gnsrrd Query : select fieldkey,fieldname,fieldtype,mandatory from wstablefields where tablename = 'fi' and documentnumber = 39
20241118@155146.8430 7p29tc0vm4g4geburfg3gnsrrd Query : select 1 valor from information_schema.tables where table_type='base table' and table_name='wstablefields'
20241118@155146.8445 7p29tc0vm4g4geburfg3gnsrrd Query : select fieldkey,fieldname,fieldtype,mandatory from wstablefields where tablename = 'fi2' and documentnumber = 39
20241118@155146.8453 7p29tc0vm4g4geburfg3gnsrrd Query : select top 1 convert(numeric(6,2),t.taxa) valor from taxasiva t where t.codigo='2'
20241118@155146.8464 7p29tc0vm4g4geburfg3gnsrrd Query : select sestamp valor from se where ref ='324.645.00.01' and lote = 'r2400228200a'
20241118@155146.8476 7p29tc0vm4g4geburfg3gnsrrd Query : select 1 valor from information_schema.tables where table_type='base table' and table_name='wstablefields'
20241118@155146.8491 7p29tc0vm4g4geburfg3gnsrrd Query : select fieldkey,fieldname,fieldtype,calcformula from wstablefields where tablename = 'fi2' and documentnumber = 39
20241118@155146.8502 7p29tc0vm4g4geburfg3gnsrrd Query : insert into wsfi2data (fi2stamp,ftstamp ,ousrdata, ousrhora, usrdata,usrhora,ousrinis,usrinis) values ('aut673b623902673b6292ce','aut673b644229673b629216' ,getdate(),convert(char(8),convert (time,getdate())),getdate(),convert(char(8),convert (time,getdate())),'wsv','wsv')
20241118@155146.8506 7p29tc0vm4g4geburfg3gnsrrd Query : select 1 valor from information_schema.tables where table_type='base table' and table_name='wstablefields'
20241118@155146.8520 7p29tc0vm4g4geburfg3gnsrrd Query : select fieldkey,fieldname,fieldtype,calcformula from wstablefields where tablename = 'fi' and documentnumber = 39
20241118@155146.8547 7p29tc0vm4g4geburfg3gnsrrd Query : insert into wsfidata (fistamp,ousrdata, ousrhora, usrdata,usrhora,ousrinis,usrinis ,qtt ,ftstamp ,epv,pvmoeda ,tabiva,iva,lordem ,ref, design ,lote,armazem) values ('aut673b623902673b6292ce',getdate(),convert(char(8),convert (time,getdate())),getdate(),convert(char(8),convert (time,getdate())),'wsv','wsv',24.000 ,'aut673b644229673b629216' ,0,0 ,2,23.00,160000,?,?,?,?)
20241118@155146.8828 7p29tc0vm4g4geburfg3gnsrrd Query : select 1 valor from information_schema.tables where table_type='base table' and table_name='wstablefields'
20241118@155146.8845 7p29tc0vm4g4geburfg3gnsrrd Query : select fieldkey,fieldname,fieldtype,mandatory from wstablefields where tablename = 'fi' and documentnumber = 39
20241118@155146.8873 7p29tc0vm4g4geburfg3gnsrrd Query : select 1 valor from information_schema.tables where table_type='base table' and table_name='wstablefields'
20241118@155146.8888 7p29tc0vm4g4geburfg3gnsrrd Query : select fieldkey,fieldname,fieldtype,mandatory from wstablefields where tablename = 'fi2' and documentnumber = 39
20241118@155146.8897 7p29tc0vm4g4geburfg3gnsrrd Query : select top 1 convert(numeric(6,2),t.taxa) valor from taxasiva t where t.codigo='2'
20241118@155146.8909 7p29tc0vm4g4geburfg3gnsrrd Query : select 1 valor from information_schema.tables where table_type='base table' and table_name='wstablefields'
20241118@155146.8925 7p29tc0vm4g4geburfg3gnsrrd Query : select fieldkey,fieldname,fieldtype,calcformula from wstablefields where tablename = 'fi2' and documentnumber = 39
20241118@155146.8937 7p29tc0vm4g4geburfg3gnsrrd Query : insert into wsfi2data (fi2stamp,ftstamp ,ousrdata, ousrhora, usrdata,usrhora,ousrinis,usrinis) values ('aut673b651542673b6292d9','aut673b644229673b629216' ,getdate(),convert(char(8),convert (time,getdate())),getdate(),convert(char(8),convert (time,getdate())),'wsv','wsv')
20241118@155146.8943 7p29tc0vm4g4geburfg3gnsrrd Query : select 1 valor from information_schema.tables where table_type='base table' and table_name='wstablefields'
20241118@155146.8957 7p29tc0vm4g4geburfg3gnsrrd Query : select fieldkey,fieldname,fieldtype,calcformula from wstablefields where tablename = 'fi' and documentnumber = 39
20241118@155146.8984 7p29tc0vm4g4geburfg3gnsrrd Query : insert into wsfidata (fistamp,ousrdata, ousrhora, usrdata,usrhora,ousrinis,usrinis ,qtt ,ftstamp ,epv,pvmoeda ,tabiva,iva,lordem ,ref, design ,armazem) values ('aut673b651542673b6292d9',getdate(),convert(char(8),convert (time,getdate())),getdate(),convert(char(8),convert (time,getdate())),'wsv','wsv',0 ,'aut673b644229673b629216' ,0,0 ,2,23.00,170000,?,?,?)
20241118@155146.9267 7p29tc0vm4g4geburfg3gnsrrd Query : use flama_phc
20241118@155146.9270 7p29tc0vm4g4geburfg3gnsrrd Query : select st.usalote valor from st where st.ref = '324.645.00.01'
20241118@155146.9289 7p29tc0vm4g4geburfg3gnsrrd Query : select top 1 st.tabiva ,st.ivaincl ,st.stns ,st.uni2 ,st.familia ,isnull(tx.taxa, 0) txiva ,unidade ,usalote ,epcpond ,noserie ,conversao ,st.texteis from st left join taxasiva tx on st.tabiva = tx.codigo where st.ref = '324.645.00.01'
20241118@155146.9319 7p29tc0vm4g4geburfg3gnsrrd Query : select 1 valor from information_schema.tables where table_type='base table' and table_name='wstablefields'
20241118@155146.9338 7p29tc0vm4g4geburfg3gnsrrd Query : select fieldkey,fieldname,fieldtype,mandatory from wstablefields where tablename = 'fi' and documentnumber = 39
20241118@155146.9384 7p29tc0vm4g4geburfg3gnsrrd Query : select 1 valor from information_schema.tables where table_type='base table' and table_name='wstablefields'
20241118@155146.9400 7p29tc0vm4g4geburfg3gnsrrd Query : select fieldkey,fieldname,fieldtype,mandatory from wstablefields where tablename = 'fi2' and documentnumber = 39
20241118@155146.9408 7p29tc0vm4g4geburfg3gnsrrd Query : select top 1 convert(numeric(6,2),t.taxa) valor from taxasiva t where t.codigo='2'
20241118@155146.9420 7p29tc0vm4g4geburfg3gnsrrd Query : select sestamp valor from se where ref ='324.645.00.01' and lote = 'r2400228200a'
20241118@155146.9432 7p29tc0vm4g4geburfg3gnsrrd Query : select 1 valor from information_schema.tables where table_type='base table' and table_name='wstablefields'
20241118@155146.9447 7p29tc0vm4g4geburfg3gnsrrd Query : select fieldkey,fieldname,fieldtype,calcformula from wstablefields where tablename = 'fi2' and documentnumber = 39
20241118@155146.9459 7p29tc0vm4g4geburfg3gnsrrd Query : insert into wsfi2data (fi2stamp,ftstamp ,ousrdata, ousrhora, usrdata,usrhora,ousrinis,usrinis) values ('aut673b690587673b6292e6','aut673b644229673b629216' ,getdate(),convert(char(8),convert (time,getdate())),getdate(),convert(char(8),convert (time,getdate())),'wsv','wsv')
20241118@155146.9464 7p29tc0vm4g4geburfg3gnsrrd Query : select 1 valor from information_schema.tables where table_type='base table' and table_name='wstablefields'
20241118@155146.9478 7p29tc0vm4g4geburfg3gnsrrd Query : select fieldkey,fieldname,fieldtype,calcformula from wstablefields where tablename = 'fi' and documentnumber = 39
20241118@155146.9519 7p29tc0vm4g4geburfg3gnsrrd Query : insert into wsfidata (fistamp,ousrdata, ousrhora, usrdata,usrhora,ousrinis,usrinis ,qtt ,ftstamp ,epv,pvmoeda ,tabiva,iva,lordem ,ref, design ,lote,armazem) values ('aut673b690587673b6292e6',getdate(),convert(char(8),convert (time,getdate())),getdate(),convert(char(8),convert (time,getdate())),'wsv','wsv',24.000 ,'aut673b644229673b629216' ,0,0 ,2,23.00,190000,?,?,?,?)
20241118@155146.9799 7p29tc0vm4g4geburfg3gnsrrd Query : select 1 valor from information_schema.tables where table_type='base table' and table_name='wstablefields'
20241118@155146.9816 7p29tc0vm4g4geburfg3gnsrrd Query : select fieldkey,fieldname,fieldtype,mandatory from wstablefields where tablename = 'fi' and documentnumber = 39
20241118@155146.9842 7p29tc0vm4g4geburfg3gnsrrd Query : select 1 valor from information_schema.tables where table_type='base table' and table_name='wstablefields'
20241118@155146.9858 7p29tc0vm4g4geburfg3gnsrrd Query : select fieldkey,fieldname,fieldtype,mandatory from wstablefields where tablename = 'fi2' and documentnumber = 39
20241118@155146.9866 7p29tc0vm4g4geburfg3gnsrrd Query : select top 1 convert(numeric(6,2),t.taxa) valor from taxasiva t where t.codigo='2'
20241118@155146.9878 7p29tc0vm4g4geburfg3gnsrrd Query : select 1 valor from information_schema.tables where table_type='base table' and table_name='wstablefields'
20241118@155146.9894 7p29tc0vm4g4geburfg3gnsrrd Query : select fieldkey,fieldname,fieldtype,calcformula from wstablefields where tablename = 'fi2' and documentnumber = 39
20241118@155146.9905 7p29tc0vm4g4geburfg3gnsrrd Query : insert into wsfi2data (fi2stamp,ftstamp ,ousrdata, ousrhora, usrdata,usrhora,ousrinis,usrinis) values ('aut673b690488673b6292f1','aut673b644229673b629216' ,getdate(),convert(char(8),convert (time,getdate())),getdate(),convert(char(8),convert (time,getdate())),'wsv','wsv')
20241118@155146.9910 7p29tc0vm4g4geburfg3gnsrrd Query : select 1 valor from information_schema.tables where table_type='base table' and table_name='wstablefields'
20241118@155146.9924 7p29tc0vm4g4geburfg3gnsrrd Query : select fieldkey,fieldname,fieldtype,calcformula from wstablefields where tablename = 'fi' and documentnumber = 39
20241118@155146.9953 7p29tc0vm4g4geburfg3gnsrrd Query : insert into wsfidata (fistamp,ousrdata, ousrhora, usrdata,usrhora,ousrinis,usrinis ,qtt ,ftstamp ,epv,pvmoeda ,tabiva,iva,lordem ,ref, design ,armazem) values ('aut673b690488673b6292f1',getdate(),convert(char(8),convert (time,getdate())),getdate(),convert(char(8),convert (time,getdate())),'wsv','wsv',0 ,'aut673b644229673b629216' ,0,0 ,2,23.00,200000,?,?,?)
20241118@155147.2240 7p29tc0vm4g4geburfg3gnsrrd Query : use flama_phc
20241118@155147.2280 7p29tc0vm4g4geburfg3gnsrrd Query : select st.usalote valor from st where st.ref = '324.645.00.01'
20241118@155147.2470 7p29tc0vm4g4geburfg3gnsrrd Query : select top 1 st.tabiva ,st.ivaincl ,st.stns ,st.uni2 ,st.familia ,isnull(tx.taxa, 0) txiva ,unidade ,usalote ,epcpond ,noserie ,conversao ,st.texteis from st left join taxasiva tx on st.tabiva = tx.codigo where st.ref = '324.645.00.01'
20241118@155147.2610 7p29tc0vm4g4geburfg3gnsrrd Query : select 1 valor from information_schema.tables where table_type='base table' and table_name='wstablefields'
20241118@155147.2770 7p29tc0vm4g4geburfg3gnsrrd Query : select fieldkey,fieldname,fieldtype,mandatory from wstablefields where tablename = 'fi' and documentnumber = 39
20241118@155147.3020 7p29tc0vm4g4geburfg3gnsrrd Query : select 1 valor from information_schema.tables where table_type='base table' and table_name='wstablefields'
20241118@155147.3160 7p29tc0vm4g4geburfg3gnsrrd Query : select fieldkey,fieldname,fieldtype,mandatory from wstablefields where tablename = 'fi2' and documentnumber = 39
20241118@155147.3250 7p29tc0vm4g4geburfg3gnsrrd Query : select top 1 convert(numeric(6,2),t.taxa) valor from taxasiva t where t.codigo='2'
20241118@155147.3370 7p29tc0vm4g4geburfg3gnsrrd Query : select sestamp valor from se where ref ='324.645.00.01' and lote = 'r2400228200a'
20241118@155147.3960 7p29tc0vm4g4geburfg3gnsrrd Query : select 1 valor from information_schema.tables where table_type='base table' and table_name='wstablefields'
20241118@155147.4100 7p29tc0vm4g4geburfg3gnsrrd Query : select fieldkey,fieldname,fieldtype,calcformula from wstablefields where tablename = 'fi2' and documentnumber = 39
20241118@155147.4210 7p29tc0vm4g4geburfg3gnsrrd Query : insert into wsfi2data (fi2stamp,ftstamp ,ousrdata, ousrhora, usrdata,usrhora,ousrinis,usrinis) values ('aut673b664419673b629309','aut673b644229673b629216' ,getdate(),convert(char(8),convert (time,getdate())),getdate(),convert(char(8),convert (time,getdate())),'wsv','wsv')
20241118@155147.4250 7p29tc0vm4g4geburfg3gnsrrd Query : select 1 valor from information_schema.tables where table_type='base table' and table_name='wstablefields'
20241118@155147.4390 7p29tc0vm4g4geburfg3gnsrrd Query : select fieldkey,fieldname,fieldtype,calcformula from wstablefields where tablename = 'fi' and documentnumber = 39
20241118@155147.4690 7p29tc0vm4g4geburfg3gnsrrd Query : insert into wsfidata (fistamp,ousrdata, ousrhora, usrdata,usrhora,ousrinis,usrinis ,qtt ,ftstamp ,epv,pvmoeda ,tabiva,iva,lordem ,ref, design ,lote,armazem) values ('aut673b664419673b629309',getdate(),convert(char(8),convert (time,getdate())),getdate(),convert(char(8),convert (time,getdate())),'wsv','wsv',24.000 ,'aut673b644229673b629216' ,0,0 ,2,23.00,220000,?,?,?,?)
20241118@155147.8060 7p29tc0vm4g4geburfg3gnsrrd Query : select 1 valor from information_schema.tables where table_type='base table' and table_name='wstablefields'
20241118@155147.8330 7p29tc0vm4g4geburfg3gnsrrd Query : select fieldkey,fieldname,fieldtype,mandatory from wstablefields where tablename = 'fi' and documentnumber = 39
20241118@155147.8600 7p29tc0vm4g4geburfg3gnsrrd Query : select 1 valor from information_schema.tables where table_type='base table' and table_name='wstablefields'
20241118@155147.8740 7p29tc0vm4g4geburfg3gnsrrd Query : select fieldkey,fieldname,fieldtype,mandatory from wstablefields where tablename = 'fi2' and documentnumber = 39
20241118@155147.8830 7p29tc0vm4g4geburfg3gnsrrd Query : select top 1 convert(numeric(6,2),t.taxa) valor from taxasiva t where t.codigo='2'
20241118@155147.8950 7p29tc0vm4g4geburfg3gnsrrd Query : select 1 valor from information_schema.tables where table_type='base table' and table_name='wstablefields'
20241118@155147.9100 7p29tc0vm4g4geburfg3gnsrrd Query : select fieldkey,fieldname,fieldtype,calcformula from wstablefields where tablename = 'fi2' and documentnumber = 39
20241118@155147.9210 7p29tc0vm4g4geburfg3gnsrrd Query : insert into wsfi2data (fi2stamp,ftstamp ,ousrdata, ousrhora, usrdata,usrhora,ousrinis,usrinis) values ('aut673b665778673b629315','aut673b644229673b629216' ,getdate(),convert(char(8),convert (time,getdate())),getdate(),convert(char(8),convert (time,getdate())),'wsv','wsv')
20241118@155147.9260 7p29tc0vm4g4geburfg3gnsrrd Query : select 1 valor from information_schema.tables where table_type='base table' and table_name='wstablefields'
20241118@155147.9410 7p29tc0vm4g4geburfg3gnsrrd Query : select fieldkey,fieldname,fieldtype,calcformula from wstablefields where tablename = 'fi' and documentnumber = 39
20241118@155147.9700 7p29tc0vm4g4geburfg3gnsrrd Query : insert into wsfidata (fistamp,ousrdata, ousrhora, usrdata,usrhora,ousrinis,usrinis ,qtt ,ftstamp ,epv,pvmoeda ,tabiva,iva,lordem ,ref, design ,armazem) values ('aut673b665778673b629315',getdate(),convert(char(8),convert (time,getdate())),getdate(),convert(char(8),convert (time,getdate())),'wsv','wsv',0 ,'aut673b644229673b629216' ,0,0 ,2,23.00,230000,?,?,?)
20241118@155147.1256 7p29tc0vm4g4geburfg3gnsrrd Query : use flama_phc
20241118@155147.1259 7p29tc0vm4g4geburfg3gnsrrd Query : select st.usalote valor from st where st.ref = '324.645.00.01'
20241118@155147.1279 7p29tc0vm4g4geburfg3gnsrrd Query : select top 1 st.tabiva ,st.ivaincl ,st.stns ,st.uni2 ,st.familia ,isnull(tx.taxa, 0) txiva ,unidade ,usalote ,epcpond ,noserie ,conversao ,st.texteis from st left join taxasiva tx on st.tabiva = tx.codigo where st.ref = '324.645.00.01'
20241118@155147.1294 7p29tc0vm4g4geburfg3gnsrrd Query : select 1 valor from information_schema.tables where table_type='base table' and table_name='wstablefields'
20241118@155147.1310 7p29tc0vm4g4geburfg3gnsrrd Query : select fieldkey,fieldname,fieldtype,mandatory from wstablefields where tablename = 'fi' and documentnumber = 39
20241118@155147.1335 7p29tc0vm4g4geburfg3gnsrrd Query : select 1 valor from information_schema.tables where table_type='base table' and table_name='wstablefields'
20241118@155147.1349 7p29tc0vm4g4geburfg3gnsrrd Query : select fieldkey,fieldname,fieldtype,mandatory from wstablefields where tablename = 'fi2' and documentnumber = 39
20241118@155147.1358 7p29tc0vm4g4geburfg3gnsrrd Query : select top 1 convert(numeric(6,2),t.taxa) valor from taxasiva t where t.codigo='2'
20241118@155147.1369 7p29tc0vm4g4geburfg3gnsrrd Query : select sestamp valor from se where ref ='324.645.00.01' and lote = 'r2400228200a'
20241118@155147.1381 7p29tc0vm4g4geburfg3gnsrrd Query : select 1 valor from information_schema.tables where table_type='base table' and table_name='wstablefields'
20241118@155147.1396 7p29tc0vm4g4geburfg3gnsrrd Query : select fieldkey,fieldname,fieldtype,calcformula from wstablefields where tablename = 'fi2' and documentnumber = 39
20241118@155147.1408 7p29tc0vm4g4geburfg3gnsrrd Query : insert into wsfi2data (fi2stamp,ftstamp ,ousrdata, ousrhora, usrdata,usrhora,ousrinis,usrinis) values ('aut673b675924673b629321','aut673b644229673b629216' ,getdate(),convert(char(8),convert (time,getdate())),getdate(),convert(char(8),convert (time,getdate())),'wsv','wsv')
20241118@155147.1416 7p29tc0vm4g4geburfg3gnsrrd Query : select 1 valor from information_schema.tables where table_type='base table' and table_name='wstablefields'
20241118@155147.1431 7p29tc0vm4g4geburfg3gnsrrd Query : select fieldkey,fieldname,fieldtype,calcformula from wstablefields where tablename = 'fi' and documentnumber = 39
20241118@155147.1460 7p29tc0vm4g4geburfg3gnsrrd Query : insert into wsfidata (fistamp,ousrdata, ousrhora, usrdata,usrhora,ousrinis,usrinis ,qtt ,ftstamp ,epv,pvmoeda ,tabiva,iva,lordem ,ref, design ,lote,armazem) values ('aut673b675924673b629321',getdate(),convert(char(8),convert (time,getdate())),getdate(),convert(char(8),convert (time,getdate())),'wsv','wsv',24.000 ,'aut673b644229673b629216' ,0,0 ,2,23.00,250000,?,?,?,?)
20241118@155147.1760 7p29tc0vm4g4geburfg3gnsrrd Query : select 1 valor from information_schema.tables where table_type='base table' and table_name='wstablefields'
20241118@155147.1776 7p29tc0vm4g4geburfg3gnsrrd Query : select fieldkey,fieldname,fieldtype,mandatory from wstablefields where tablename = 'fi' and documentnumber = 39
20241118@155147.1801 7p29tc0vm4g4geburfg3gnsrrd Query : select 1 valor from information_schema.tables where table_type='base table' and table_name='wstablefields'
20241118@155147.1816 7p29tc0vm4g4geburfg3gnsrrd Query : select fieldkey,fieldname,fieldtype,mandatory from wstablefields where tablename = 'fi2' and documentnumber = 39
20241118@155147.1824 7p29tc0vm4g4geburfg3gnsrrd Query : select top 1 convert(numeric(6,2),t.taxa) valor from taxasiva t where t.codigo='2'
20241118@155147.1836 7p29tc0vm4g4geburfg3gnsrrd Query : select 1 valor from information_schema.tables where table_type='base table' and table_name='wstablefields'
20241118@155147.1851 7p29tc0vm4g4geburfg3gnsrrd Query : select fieldkey,fieldname,fieldtype,calcformula from wstablefields where tablename = 'fi2' and documentnumber = 39
20241118@155147.1862 7p29tc0vm4g4geburfg3gnsrrd Query : insert into wsfi2data (fi2stamp,ftstamp ,ousrdata, ousrhora, usrdata,usrhora,ousrinis,usrinis) values ('aut673b683910673b62932c','aut673b644229673b629216' ,getdate(),convert(char(8),convert (time,getdate())),getdate(),convert(char(8),convert (time,getdate())),'wsv','wsv')
20241118@155147.1867 7p29tc0vm4g4geburfg3gnsrrd Query : select 1 valor from information_schema.tables where table_type='base table' and table_name='wstablefields'
20241118@155147.1880 7p29tc0vm4g4geburfg3gnsrrd Query : select fieldkey,fieldname,fieldtype,calcformula from wstablefields where tablename = 'fi' and documentnumber = 39
20241118@155147.1908 7p29tc0vm4g4geburfg3gnsrrd Query : insert into wsfidata (fistamp,ousrdata, ousrhora, usrdata,usrhora,ousrinis,usrinis ,qtt ,ftstamp ,epv,pvmoeda ,tabiva,iva,lordem ,ref, design ,armazem) values ('aut673b683910673b62932c',getdate(),convert(char(8),convert (time,getdate())),getdate(),convert(char(8),convert (time,getdate())),'wsv','wsv',0 ,'aut673b644229673b629216' ,0,0 ,2,23.00,260000,?,?,?)
20241118@155147.2214 7p29tc0vm4g4geburfg3gnsrrd Query : use flama_phc
20241118@155147.2217 7p29tc0vm4g4geburfg3gnsrrd Query : select st.usalote valor from st where st.ref = '324.645.00.01'
20241118@155147.2236 7p29tc0vm4g4geburfg3gnsrrd Query : select top 1 st.tabiva ,st.ivaincl ,st.stns ,st.uni2 ,st.familia ,isnull(tx.taxa, 0) txiva ,unidade ,usalote ,epcpond ,noserie ,conversao ,st.texteis from st left join taxasiva tx on st.tabiva = tx.codigo where st.ref = '324.645.00.01'
20241118@155147.2250 7p29tc0vm4g4geburfg3gnsrrd Query : select 1 valor from information_schema.tables where table_type='base table' and table_name='wstablefields'
20241118@155147.2265 7p29tc0vm4g4geburfg3gnsrrd Query : select fieldkey,fieldname,fieldtype,mandatory from wstablefields where tablename = 'fi' and documentnumber = 39
20241118@155147.2293 7p29tc0vm4g4geburfg3gnsrrd Query : select 1 valor from information_schema.tables where table_type='base table' and table_name='wstablefields'
20241118@155147.2308 7p29tc0vm4g4geburfg3gnsrrd Query : select fieldkey,fieldname,fieldtype,mandatory from wstablefields where tablename = 'fi2' and documentnumber = 39
20241118@155147.2318 7p29tc0vm4g4geburfg3gnsrrd Query : select top 1 convert(numeric(6,2),t.taxa) valor from taxasiva t where t.codigo='2'
20241118@155147.2330 7p29tc0vm4g4geburfg3gnsrrd Query : select sestamp valor from se where ref ='324.645.00.01' and lote = 'r2400228200a'
20241118@155147.2344 7p29tc0vm4g4geburfg3gnsrrd Query : select 1 valor from information_schema.tables where table_type='base table' and table_name='wstablefields'
20241118@155147.2359 7p29tc0vm4g4geburfg3gnsrrd Query : select fieldkey,fieldname,fieldtype,calcformula from wstablefields where tablename = 'fi2' and documentnumber = 39
20241118@155147.2371 7p29tc0vm4g4geburfg3gnsrrd Query : insert into wsfi2data (fi2stamp,ftstamp ,ousrdata, ousrhora, usrdata,usrhora,ousrinis,usrinis) values ('aut673b684056673b629339','aut673b644229673b629216' ,getdate(),convert(char(8),convert (time,getdate())),getdate(),convert(char(8),convert (time,getdate())),'wsv','wsv')
20241118@155147.2375 7p29tc0vm4g4geburfg3gnsrrd Query : select 1 valor from information_schema.tables where table_type='base table' and table_name='wstablefields'
20241118@155147.2390 7p29tc0vm4g4geburfg3gnsrrd Query : select fieldkey,fieldname,fieldtype,calcformula from wstablefields where tablename = 'fi' and documentnumber = 39
20241118@155147.2419 7p29tc0vm4g4geburfg3gnsrrd Query : insert into wsfidata (fistamp,ousrdata, ousrhora, usrdata,usrhora,ousrinis,usrinis ,qtt ,ftstamp ,epv,pvmoeda ,tabiva,iva,lordem ,ref, design ,lote,armazem) values ('aut673b684056673b629339',getdate(),convert(char(8),convert (time,getdate())),getdate(),convert(char(8),convert (time,getdate())),'wsv','wsv',24.000 ,'aut673b644229673b629216' ,0,0 ,2,23.00,280000,?,?,?,?)
20241118@155147.2722 7p29tc0vm4g4geburfg3gnsrrd Query : select 1 valor from information_schema.tables where table_type='base table' and table_name='wstablefields'
20241118@155147.2739 7p29tc0vm4g4geburfg3gnsrrd Query : select fieldkey,fieldname,fieldtype,mandatory from wstablefields where tablename = 'fi' and documentnumber = 39
20241118@155147.2764 7p29tc0vm4g4geburfg3gnsrrd Query : select 1 valor from information_schema.tables where table_type='base table' and table_name='wstablefields'
20241118@155147.2778 7p29tc0vm4g4geburfg3gnsrrd Query : select fieldkey,fieldname,fieldtype,mandatory from wstablefields where tablename = 'fi2' and documentnumber = 39
20241118@155147.2787 7p29tc0vm4g4geburfg3gnsrrd Query : select top 1 convert(numeric(6,2),t.taxa) valor from taxasiva t where t.codigo='2'
20241118@155147.2800 7p29tc0vm4g4geburfg3gnsrrd Query : select 1 valor from information_schema.tables where table_type='base table' and table_name='wstablefields'
20241118@155147.2815 7p29tc0vm4g4geburfg3gnsrrd Query : select fieldkey,fieldname,fieldtype,calcformula from wstablefields where tablename = 'fi2' and documentnumber = 39
20241118@155147.2827 7p29tc0vm4g4geburfg3gnsrrd Query : insert into wsfi2data (fi2stamp,ftstamp ,ousrdata, ousrhora, usrdata,usrhora,ousrinis,usrinis) values ('aut673b628767673b629344','aut673b644229673b629216' ,getdate(),convert(char(8),convert (time,getdate())),getdate(),convert(char(8),convert (time,getdate())),'wsv','wsv')
20241118@155147.2831 7p29tc0vm4g4geburfg3gnsrrd Query : select 1 valor from information_schema.tables where table_type='base table' and table_name='wstablefields'
20241118@155147.2846 7p29tc0vm4g4geburfg3gnsrrd Query : select fieldkey,fieldname,fieldtype,calcformula from wstablefields where tablename = 'fi' and documentnumber = 39
20241118@155147.2873 7p29tc0vm4g4geburfg3gnsrrd Query : insert into wsfidata (fistamp,ousrdata, ousrhora, usrdata,usrhora,ousrinis,usrinis ,qtt ,ftstamp ,epv,pvmoeda ,tabiva,iva,lordem ,ref, design ,armazem) values ('aut673b628767673b629344',getdate(),convert(char(8),convert (time,getdate())),getdate(),convert(char(8),convert (time,getdate())),'wsv','wsv',0 ,'aut673b644229673b629216' ,0,0 ,2,23.00,290000,?,?,?)
20241118@155147.3141 7p29tc0vm4g4geburfg3gnsrrd Query : use flama_phc
20241118@155147.3144 7p29tc0vm4g4geburfg3gnsrrd Query : select st.usalote valor from st where st.ref = '324.645.00.01'
20241118@155147.3164 7p29tc0vm4g4geburfg3gnsrrd Query : select top 1 st.tabiva ,st.ivaincl ,st.stns ,st.uni2 ,st.familia ,isnull(tx.taxa, 0) txiva ,unidade ,usalote ,epcpond ,noserie ,conversao ,st.texteis from st left join taxasiva tx on st.tabiva = tx.codigo where st.ref = '324.645.00.01'
20241118@155147.3178 7p29tc0vm4g4geburfg3gnsrrd Query : select 1 valor from information_schema.tables where table_type='base table' and table_name='wstablefields'
20241118@155147.3194 7p29tc0vm4g4geburfg3gnsrrd Query : select fieldkey,fieldname,fieldtype,mandatory from wstablefields where tablename = 'fi' and documentnumber = 39
20241118@155147.3218 7p29tc0vm4g4geburfg3gnsrrd Query : select 1 valor from information_schema.tables where table_type='base table' and table_name='wstablefields'
20241118@155147.3232 7p29tc0vm4g4geburfg3gnsrrd Query : select fieldkey,fieldname,fieldtype,mandatory from wstablefields where tablename = 'fi2' and documentnumber = 39
20241118@155147.3241 7p29tc0vm4g4geburfg3gnsrrd Query : select top 1 convert(numeric(6,2),t.taxa) valor from taxasiva t where t.codigo='2'
20241118@155147.3256 7p29tc0vm4g4geburfg3gnsrrd Query : select sestamp valor from se where ref ='324.645.00.01' and lote = 'r2400228200a'
20241118@155147.3269 7p29tc0vm4g4geburfg3gnsrrd Query : select 1 valor from information_schema.tables where table_type='base table' and table_name='wstablefields'
20241118@155147.3284 7p29tc0vm4g4geburfg3gnsrrd Query : select fieldkey,fieldname,fieldtype,calcformula from wstablefields where tablename = 'fi2' and documentnumber = 39
20241118@155147.3315 7p29tc0vm4g4geburfg3gnsrrd Query : insert into wsfi2data (fi2stamp,ftstamp ,ousrdata, ousrhora, usrdata,usrhora,ousrinis,usrinis) values ('aut673b639891673b62934f','aut673b644229673b629216' ,getdate(),convert(char(8),convert (time,getdate())),getdate(),convert(char(8),convert (time,getdate())),'wsv','wsv')
20241118@155147.3320 7p29tc0vm4g4geburfg3gnsrrd Query : select 1 valor from information_schema.tables where table_type='base table' and table_name='wstablefields'
20241118@155147.3335 7p29tc0vm4g4geburfg3gnsrrd Query : select fieldkey,fieldname,fieldtype,calcformula from wstablefields where tablename = 'fi' and documentnumber = 39
20241118@155147.3363 7p29tc0vm4g4geburfg3gnsrrd Query : insert into wsfidata (fistamp,ousrdata, ousrhora, usrdata,usrhora,ousrinis,usrinis ,qtt ,ftstamp ,epv,pvmoeda ,tabiva,iva,lordem ,ref, design ,lote,armazem) values ('aut673b639891673b62934f',getdate(),convert(char(8),convert (time,getdate())),getdate(),convert(char(8),convert (time,getdate())),'wsv','wsv',24.000 ,'aut673b644229673b629216' ,0,0 ,2,23.00,310000,?,?,?,?)
20241118@155147.3661 7p29tc0vm4g4geburfg3gnsrrd Query : select 1 valor from information_schema.tables where table_type='base table' and table_name='wstablefields'
20241118@155147.3678 7p29tc0vm4g4geburfg3gnsrrd Query : select fieldkey,fieldname,fieldtype,mandatory from wstablefields where tablename = 'fi' and documentnumber = 39
20241118@155147.3705 7p29tc0vm4g4geburfg3gnsrrd Query : select 1 valor from information_schema.tables where table_type='base table' and table_name='wstablefields'
20241118@155147.3719 7p29tc0vm4g4geburfg3gnsrrd Query : select fieldkey,fieldname,fieldtype,mandatory from wstablefields where tablename = 'fi2' and documentnumber = 39
20241118@155147.3728 7p29tc0vm4g4geburfg3gnsrrd Query : select top 1 convert(numeric(6,2),t.taxa) valor from taxasiva t where t.codigo='2'
20241118@155147.3755 7p29tc0vm4g4geburfg3gnsrrd Query : select 1 valor from information_schema.tables where table_type='base table' and table_name='wstablefields'
20241118@155147.3771 7p29tc0vm4g4geburfg3gnsrrd Query : select fieldkey,fieldname,fieldtype,calcformula from wstablefields where tablename = 'fi2' and documentnumber = 39
20241118@155147.3787 7p29tc0vm4g4geburfg3gnsrrd Query : insert into wsfi2data (fi2stamp,ftstamp ,ousrdata, ousrhora, usrdata,usrhora,ousrinis,usrinis) values ('aut673b603748673b62935b','aut673b644229673b629216' ,getdate(),convert(char(8),convert (time,getdate())),getdate(),convert(char(8),convert (time,getdate())),'wsv','wsv')
20241118@155147.3791 7p29tc0vm4g4geburfg3gnsrrd Query : select 1 valor from information_schema.tables where table_type='base table' and table_name='wstablefields'
20241118@155147.3807 7p29tc0vm4g4geburfg3gnsrrd Query : select fieldkey,fieldname,fieldtype,calcformula from wstablefields where tablename = 'fi' and documentnumber = 39
20241118@155147.3834 7p29tc0vm4g4geburfg3gnsrrd Query : insert into wsfidata (fistamp,ousrdata, ousrhora, usrdata,usrhora,ousrinis,usrinis ,qtt ,ftstamp ,epv,pvmoeda ,tabiva,iva,lordem ,ref, design ,armazem) values ('aut673b603748673b62935b',getdate(),convert(char(8),convert (time,getdate())),getdate(),convert(char(8),convert (time,getdate())),'wsv','wsv',0 ,'aut673b644229673b629216' ,0,0 ,2,23.00,320000,?,?,?)
20241118@155147.4118 7p29tc0vm4g4geburfg3gnsrrd Query : use flama_phc
20241118@155147.4122 7p29tc0vm4g4geburfg3gnsrrd Query : select st.usalote valor from st where st.ref = '324.645.00.01'
20241118@155147.4142 7p29tc0vm4g4geburfg3gnsrrd Query : select top 1 st.tabiva ,st.ivaincl ,st.stns ,st.uni2 ,st.familia ,isnull(tx.taxa, 0) txiva ,unidade ,usalote ,epcpond ,noserie ,conversao ,st.texteis from st left join taxasiva tx on st.tabiva = tx.codigo where st.ref = '324.645.00.01'
20241118@155147.4156 7p29tc0vm4g4geburfg3gnsrrd Query : select 1 valor from information_schema.tables where table_type='base table' and table_name='wstablefields'
20241118@155147.4172 7p29tc0vm4g4geburfg3gnsrrd Query : select fieldkey,fieldname,fieldtype,mandatory from wstablefields where tablename = 'fi' and documentnumber = 39
20241118@155147.4197 7p29tc0vm4g4geburfg3gnsrrd Query : select 1 valor from information_schema.tables where table_type='base table' and table_name='wstablefields'
20241118@155147.4212 7p29tc0vm4g4geburfg3gnsrrd Query : select fieldkey,fieldname,fieldtype,mandatory from wstablefields where tablename = 'fi2' and documentnumber = 39
20241118@155147.4220 7p29tc0vm4g4geburfg3gnsrrd Query : select top 1 convert(numeric(6,2),t.taxa) valor from taxasiva t where t.codigo='2'
20241118@155147.4232 7p29tc0vm4g4geburfg3gnsrrd Query : select sestamp valor from se where ref ='324.645.00.01' and lote = 'r2400228200a'
20241118@155147.4244 7p29tc0vm4g4geburfg3gnsrrd Query : select 1 valor from information_schema.tables where table_type='base table' and table_name='wstablefields'
20241118@155147.4258 7p29tc0vm4g4geburfg3gnsrrd Query : select fieldkey,fieldname,fieldtype,calcformula from wstablefields where tablename = 'fi2' and documentnumber = 39
20241118@155147.4269 7p29tc0vm4g4geburfg3gnsrrd Query : insert into wsfi2data (fi2stamp,ftstamp ,ousrdata, ousrhora, usrdata,usrhora,ousrinis,usrinis) values ('aut673b615278673b629367','aut673b644229673b629216' ,getdate(),convert(char(8),convert (time,getdate())),getdate(),convert(char(8),convert (time,getdate())),'wsv','wsv')
20241118@155147.4273 7p29tc0vm4g4geburfg3gnsrrd Query : select 1 valor from information_schema.tables where table_type='base table' and table_name='wstablefields'
20241118@155147.4287 7p29tc0vm4g4geburfg3gnsrrd Query : select fieldkey,fieldname,fieldtype,calcformula from wstablefields where tablename = 'fi' and documentnumber = 39
20241118@155147.4315 7p29tc0vm4g4geburfg3gnsrrd Query : insert into wsfidata (fistamp,ousrdata, ousrhora, usrdata,usrhora,ousrinis,usrinis ,qtt ,ftstamp ,epv,pvmoeda ,tabiva,iva,lordem ,ref, design ,lote,armazem) values ('aut673b615278673b629367',getdate(),convert(char(8),convert (time,getdate())),getdate(),convert(char(8),convert (time,getdate())),'wsv','wsv',24.000 ,'aut673b644229673b629216' ,0,0 ,2,23.00,340000,?,?,?,?)
20241118@155147.4628 7p29tc0vm4g4geburfg3gnsrrd Query : select 1 valor from information_schema.tables where table_type='base table' and table_name='wstablefields'
20241118@155147.4644 7p29tc0vm4g4geburfg3gnsrrd Query : select fieldkey,fieldname,fieldtype,mandatory from wstablefields where tablename = 'fi' and documentnumber = 39
20241118@155147.4669 7p29tc0vm4g4geburfg3gnsrrd Query : select 1 valor from information_schema.tables where table_type='base table' and table_name='wstablefields'
20241118@155147.4685 7p29tc0vm4g4geburfg3gnsrrd Query : select fieldkey,fieldname,fieldtype,mandatory from wstablefields where tablename = 'fi2' and documentnumber = 39
20241118@155147.4693 7p29tc0vm4g4geburfg3gnsrrd Query : select top 1 convert(numeric(6,2),t.taxa) valor from taxasiva t where t.codigo='2'
20241118@155147.4704 7p29tc0vm4g4geburfg3gnsrrd Query : select 1 valor from information_schema.tables where table_type='base table' and table_name='wstablefields'
20241118@155147.4718 7p29tc0vm4g4geburfg3gnsrrd Query : select fieldkey,fieldname,fieldtype,calcformula from wstablefields where tablename = 'fi2' and documentnumber = 39
20241118@155147.4729 7p29tc0vm4g4geburfg3gnsrrd Query : insert into wsfi2data (fi2stamp,ftstamp ,ousrdata, ousrhora, usrdata,usrhora,ousrinis,usrinis) values ('aut673b649944673b629372','aut673b644229673b629216' ,getdate(),convert(char(8),convert (time,getdate())),getdate(),convert(char(8),convert (time,getdate())),'wsv','wsv')
20241118@155147.4733 7p29tc0vm4g4geburfg3gnsrrd Query : select 1 valor from information_schema.tables where table_type='base table' and table_name='wstablefields'
20241118@155147.4747 7p29tc0vm4g4geburfg3gnsrrd Query : select fieldkey,fieldname,fieldtype,calcformula from wstablefields where tablename = 'fi' and documentnumber = 39
20241118@155147.4773 7p29tc0vm4g4geburfg3gnsrrd Query : insert into wsfidata (fistamp,ousrdata, ousrhora, usrdata,usrhora,ousrinis,usrinis ,qtt ,ftstamp ,epv,pvmoeda ,tabiva,iva,lordem ,ref, design ,armazem) values ('aut673b649944673b629372',getdate(),convert(char(8),convert (time,getdate())),getdate(),convert(char(8),convert (time,getdate())),'wsv','wsv',0 ,'aut673b644229673b629216' ,0,0 ,2,23.00,350000,?,?,?)
20241118@155147.5056 7p29tc0vm4g4geburfg3gnsrrd Query : use flama_phc
20241118@155147.5059 7p29tc0vm4g4geburfg3gnsrrd Query : select st.usalote valor from st where st.ref = '324.645.00.01'
20241118@155147.5077 7p29tc0vm4g4geburfg3gnsrrd Query : select top 1 st.tabiva ,st.ivaincl ,st.stns ,st.uni2 ,st.familia ,isnull(tx.taxa, 0) txiva ,unidade ,usalote ,epcpond ,noserie ,conversao ,st.texteis from st left join taxasiva tx on st.tabiva = tx.codigo where st.ref = '324.645.00.01'
20241118@155147.5091 7p29tc0vm4g4geburfg3gnsrrd Query : select 1 valor from information_schema.tables where table_type='base table' and table_name='wstablefields'
20241118@155147.5106 7p29tc0vm4g4geburfg3gnsrrd Query : select fieldkey,fieldname,fieldtype,mandatory from wstablefields where tablename = 'fi' and documentnumber = 39
20241118@155147.5129 7p29tc0vm4g4geburfg3gnsrrd Query : select 1 valor from information_schema.tables where table_type='base table' and table_name='wstablefields'
20241118@155147.5143 7p29tc0vm4g4geburfg3gnsrrd Query : select fieldkey,fieldname,fieldtype,mandatory from wstablefields where tablename = 'fi2' and documentnumber = 39
20241118@155147.5151 7p29tc0vm4g4geburfg3gnsrrd Query : select top 1 convert(numeric(6,2),t.taxa) valor from taxasiva t where t.codigo='2'
20241118@155147.5165 7p29tc0vm4g4geburfg3gnsrrd Query : select sestamp valor from se where ref ='324.645.00.01' and lote = 'r2400228200a'
20241118@155147.5177 7p29tc0vm4g4geburfg3gnsrrd Query : select 1 valor from information_schema.tables where table_type='base table' and table_name='wstablefields'
20241118@155147.5191 7p29tc0vm4g4geburfg3gnsrrd Query : select fieldkey,fieldname,fieldtype,calcformula from wstablefields where tablename = 'fi2' and documentnumber = 39
20241118@155147.5201 7p29tc0vm4g4geburfg3gnsrrd Query : insert into wsfi2data (fi2stamp,ftstamp ,ousrdata, ousrhora, usrdata,usrhora,ousrinis,usrinis) values ('aut673b695471673b62937e','aut673b644229673b629216' ,getdate(),convert(char(8),convert (time,getdate())),getdate(),convert(char(8),convert (time,getdate())),'wsv','wsv')
20241118@155147.5206 7p29tc0vm4g4geburfg3gnsrrd Query : select 1 valor from information_schema.tables where table_type='base table' and table_name='wstablefields'
20241118@155147.5220 7p29tc0vm4g4geburfg3gnsrrd Query : select fieldkey,fieldname,fieldtype,calcformula from wstablefields where tablename = 'fi' and documentnumber = 39
20241118@155147.5246 7p29tc0vm4g4geburfg3gnsrrd Query : insert into wsfidata (fistamp,ousrdata, ousrhora, usrdata,usrhora,ousrinis,usrinis ,qtt ,ftstamp ,epv,pvmoeda ,tabiva,iva,lordem ,ref, design ,lote,armazem) values ('aut673b695471673b62937e',getdate(),convert(char(8),convert (time,getdate())),getdate(),convert(char(8),convert (time,getdate())),'wsv','wsv',24.000 ,'aut673b644229673b629216' ,0,0 ,2,23.00,370000,?,?,?,?)
20241118@155147.5584 7p29tc0vm4g4geburfg3gnsrrd Query : select 1 valor from information_schema.tables where table_type='base table' and table_name='wstablefields'
20241118@155147.5600 7p29tc0vm4g4geburfg3gnsrrd Query : select fieldkey,fieldname,fieldtype,mandatory from wstablefields where tablename = 'fi' and documentnumber = 39
20241118@155147.5626 7p29tc0vm4g4geburfg3gnsrrd Query : select 1 valor from information_schema.tables where table_type='base table' and table_name='wstablefields'
20241118@155147.5641 7p29tc0vm4g4geburfg3gnsrrd Query : select fieldkey,fieldname,fieldtype,mandatory from wstablefields where tablename = 'fi2' and documentnumber = 39
20241118@155147.5650 7p29tc0vm4g4geburfg3gnsrrd Query : select top 1 convert(numeric(6,2),t.taxa) valor from taxasiva t where t.codigo='2'
20241118@155147.5684 7p29tc0vm4g4geburfg3gnsrrd Query : select 1 valor from information_schema.tables where table_type='base table' and table_name='wstablefields'
20241118@155147.5701 7p29tc0vm4g4geburfg3gnsrrd Query : select fieldkey,fieldname,fieldtype,calcformula from wstablefields where tablename = 'fi2' and documentnumber = 39
20241118@155147.5712 7p29tc0vm4g4geburfg3gnsrrd Query : insert into wsfi2data (fi2stamp,ftstamp ,ousrdata, ousrhora, usrdata,usrhora,ousrinis,usrinis) values ('aut673b619643673b62938a','aut673b644229673b629216' ,getdate(),convert(char(8),convert (time,getdate())),getdate(),convert(char(8),convert (time,getdate())),'wsv','wsv')
20241118@155147.5716 7p29tc0vm4g4geburfg3gnsrrd Query : select 1 valor from information_schema.tables where table_type='base table' and table_name='wstablefields'
20241118@155147.5746 7p29tc0vm4g4geburfg3gnsrrd Query : select fieldkey,fieldname,fieldtype,calcformula from wstablefields where tablename = 'fi' and documentnumber = 39
20241118@155147.5774 7p29tc0vm4g4geburfg3gnsrrd Query : insert into wsfidata (fistamp,ousrdata, ousrhora, usrdata,usrhora,ousrinis,usrinis ,qtt ,ftstamp ,epv,pvmoeda ,tabiva,iva,lordem ,ref, design ,armazem) values ('aut673b619643673b62938a',getdate(),convert(char(8),convert (time,getdate())),getdate(),convert(char(8),convert (time,getdate())),'wsv','wsv',0 ,'aut673b644229673b629216' ,0,0 ,2,23.00,380000,?,?,?)
20241118@155147.6040 7p29tc0vm4g4geburfg3gnsrrd Query : use flama_phc
20241118@155147.6043 7p29tc0vm4g4geburfg3gnsrrd Query : select st.usalote valor from st where st.ref = '324.645.00.01'
20241118@155147.6062 7p29tc0vm4g4geburfg3gnsrrd Query : select top 1 st.tabiva ,st.ivaincl ,st.stns ,st.uni2 ,st.familia ,isnull(tx.taxa, 0) txiva ,unidade ,usalote ,epcpond ,noserie ,conversao ,st.texteis from st left join taxasiva tx on st.tabiva = tx.codigo where st.ref = '324.645.00.01'
20241118@155147.6075 7p29tc0vm4g4geburfg3gnsrrd Query : select 1 valor from information_schema.tables where table_type='base table' and table_name='wstablefields'
20241118@155147.6091 7p29tc0vm4g4geburfg3gnsrrd Query : select fieldkey,fieldname,fieldtype,mandatory from wstablefields where tablename = 'fi' and documentnumber = 39
20241118@155147.6115 7p29tc0vm4g4geburfg3gnsrrd Query : select 1 valor from information_schema.tables where table_type='base table' and table_name='wstablefields'
20241118@155147.6129 7p29tc0vm4g4geburfg3gnsrrd Query : select fieldkey,fieldname,fieldtype,mandatory from wstablefields where tablename = 'fi2' and documentnumber = 39
20241118@155147.6137 7p29tc0vm4g4geburfg3gnsrrd Query : select top 1 convert(numeric(6,2),t.taxa) valor from taxasiva t where t.codigo='2'
20241118@155147.6149 7p29tc0vm4g4geburfg3gnsrrd Query : select sestamp valor from se where ref ='324.645.00.01' and lote = 'r2400228200a'
20241118@155147.6161 7p29tc0vm4g4geburfg3gnsrrd Query : select 1 valor from information_schema.tables where table_type='base table' and table_name='wstablefields'
20241118@155147.6175 7p29tc0vm4g4geburfg3gnsrrd Query : select fieldkey,fieldname,fieldtype,calcformula from wstablefields where tablename = 'fi2' and documentnumber = 39
20241118@155147.6186 7p29tc0vm4g4geburfg3gnsrrd Query : insert into wsfi2data (fi2stamp,ftstamp ,ousrdata, ousrhora, usrdata,usrhora,ousrinis,usrinis) values ('aut673b638952673b629396','aut673b644229673b629216' ,getdate(),convert(char(8),convert (time,getdate())),getdate(),convert(char(8),convert (time,getdate())),'wsv','wsv')
20241118@155147.6191 7p29tc0vm4g4geburfg3gnsrrd Query : select 1 valor from information_schema.tables where table_type='base table' and table_name='wstablefields'
20241118@155147.6205 7p29tc0vm4g4geburfg3gnsrrd Query : select fieldkey,fieldname,fieldtype,calcformula from wstablefields where tablename = 'fi' and documentnumber = 39
20241118@155147.6231 7p29tc0vm4g4geburfg3gnsrrd Query : insert into wsfidata (fistamp,ousrdata, ousrhora, usrdata,usrhora,ousrinis,usrinis ,qtt ,ftstamp ,epv,pvmoeda ,tabiva,iva,lordem ,ref, design ,lote,armazem) values ('aut673b638952673b629396',getdate(),convert(char(8),convert (time,getdate())),getdate(),convert(char(8),convert (time,getdate())),'wsv','wsv',24.000 ,'aut673b644229673b629216' ,0,0 ,2,23.00,400000,?,?,?,?)
20241118@155147.6513 7p29tc0vm4g4geburfg3gnsrrd Query : select 1 valor from information_schema.tables where table_type='base table' and table_name='wstablefields'
20241118@155147.6528 7p29tc0vm4g4geburfg3gnsrrd Query : select fieldkey,fieldname,fieldtype,mandatory from wstablefields where tablename = 'fi' and documentnumber = 39
20241118@155147.6555 7p29tc0vm4g4geburfg3gnsrrd Query : select 1 valor from information_schema.tables where table_type='base table' and table_name='wstablefields'
20241118@155147.6569 7p29tc0vm4g4geburfg3gnsrrd Query : select fieldkey,fieldname,fieldtype,mandatory from wstablefields where tablename = 'fi2' and documentnumber = 39
20241118@155147.6578 7p29tc0vm4g4geburfg3gnsrrd Query : select top 1 convert(numeric(6,2),t.taxa) valor from taxasiva t where t.codigo='2'
20241118@155147.6590 7p29tc0vm4g4geburfg3gnsrrd Query : select 1 valor from information_schema.tables where table_type='base table' and table_name='wstablefields'
20241118@155147.6603 7p29tc0vm4g4geburfg3gnsrrd Query : select fieldkey,fieldname,fieldtype,calcformula from wstablefields where tablename = 'fi2' and documentnumber = 39
20241118@155147.6615 7p29tc0vm4g4geburfg3gnsrrd Query : insert into wsfi2data (fi2stamp,ftstamp ,ousrdata, ousrhora, usrdata,usrhora,ousrinis,usrinis) values ('aut673b607860673b6293a0','aut673b644229673b629216' ,getdate(),convert(char(8),convert (time,getdate())),getdate(),convert(char(8),convert (time,getdate())),'wsv','wsv')
20241118@155147.6619 7p29tc0vm4g4geburfg3gnsrrd Query : select 1 valor from information_schema.tables where table_type='base table' and table_name='wstablefields'
20241118@155147.6633 7p29tc0vm4g4geburfg3gnsrrd Query : select fieldkey,fieldname,fieldtype,calcformula from wstablefields where tablename = 'fi' and documentnumber = 39
20241118@155147.6663 7p29tc0vm4g4geburfg3gnsrrd Query : insert into wsfidata (fistamp,ousrdata, ousrhora, usrdata,usrhora,ousrinis,usrinis ,qtt ,ftstamp ,epv,pvmoeda ,tabiva,iva,lordem ,ref, design ,armazem) values ('aut673b607860673b6293a0',getdate(),convert(char(8),convert (time,getdate())),getdate(),convert(char(8),convert (time,getdate())),'wsv','wsv',0 ,'aut673b644229673b629216' ,0,0 ,2,23.00,410000,?,?,?)
20241118@155147.7803 7p29tc0vm4g4geburfg3gnsrrd Query : use flama_phc
20241118@155147.8065 7p29tc0vm4g4geburfg3gnsrrd Query : select st.usalote valor from st where st.ref = '324.645.00.01'
20241118@155147.8386 7p29tc0vm4g4geburfg3gnsrrd Query : select top 1 st.tabiva ,st.ivaincl ,st.stns ,st.uni2 ,st.familia ,isnull(tx.taxa, 0) txiva ,unidade ,usalote ,epcpond ,noserie ,conversao ,st.texteis from st left join taxasiva tx on st.tabiva = tx.codigo where st.ref = '324.645.00.01'
20241118@155147.8431 7p29tc0vm4g4geburfg3gnsrrd Query : select 1 valor from information_schema.tables where table_type='base table' and table_name='wstablefields'
20241118@155147.8448 7p29tc0vm4g4geburfg3gnsrrd Query : select fieldkey,fieldname,fieldtype,mandatory from wstablefields where tablename = 'fi' and documentnumber = 39
20241118@155147.8506 7p29tc0vm4g4geburfg3gnsrrd Query : select 1 valor from information_schema.tables where table_type='base table' and table_name='wstablefields'
20241118@155147.8522 7p29tc0vm4g4geburfg3gnsrrd Query : select fieldkey,fieldname,fieldtype,mandatory from wstablefields where tablename = 'fi2' and documentnumber = 39
20241118@155147.8532 7p29tc0vm4g4geburfg3gnsrrd Query : select top 1 convert(numeric(6,2),t.taxa) valor from taxasiva t where t.codigo='2'
20241118@155147.8547 7p29tc0vm4g4geburfg3gnsrrd Query : select sestamp valor from se where ref ='324.645.00.01' and lote = 'r2400228200a'
20241118@155147.8562 7p29tc0vm4g4geburfg3gnsrrd Query : select 1 valor from information_schema.tables where table_type='base table' and table_name='wstablefields'
20241118@155147.8629 7p29tc0vm4g4geburfg3gnsrrd Query : select fieldkey,fieldname,fieldtype,calcformula from wstablefields where tablename = 'fi2' and documentnumber = 39
20241118@155147.8642 7p29tc0vm4g4geburfg3gnsrrd Query : insert into wsfi2data (fi2stamp,ftstamp ,ousrdata, ousrhora, usrdata,usrhora,ousrinis,usrinis) values ('aut673b672615673b6293d1','aut673b644229673b629216' ,getdate(),convert(char(8),convert (time,getdate())),getdate(),convert(char(8),convert (time,getdate())),'wsv','wsv')
20241118@155147.8646 7p29tc0vm4g4geburfg3gnsrrd Query : select 1 valor from information_schema.tables where table_type='base table' and table_name='wstablefields'
20241118@155147.8680 7p29tc0vm4g4geburfg3gnsrrd Query : select fieldkey,fieldname,fieldtype,calcformula from wstablefields where tablename = 'fi' and documentnumber = 39
20241118@155147.8715 7p29tc0vm4g4geburfg3gnsrrd Query : insert into wsfidata (fistamp,ousrdata, ousrhora, usrdata,usrhora,ousrinis,usrinis ,qtt ,ftstamp ,epv,pvmoeda ,tabiva,iva,lordem ,ref, design ,lote,armazem) values ('aut673b672615673b6293d1',getdate(),convert(char(8),convert (time,getdate())),getdate(),convert(char(8),convert (time,getdate())),'wsv','wsv',24.000 ,'aut673b644229673b629216' ,0,0 ,2,23.00,430000,?,?,?,?)
20241118@155147.9001 7p29tc0vm4g4geburfg3gnsrrd Query : select 1 valor from information_schema.tables where table_type='base table' and table_name='wstablefields'
20241118@155147.9018 7p29tc0vm4g4geburfg3gnsrrd Query : select fieldkey,fieldname,fieldtype,mandatory from wstablefields where tablename = 'fi' and documentnumber = 39
20241118@155147.9046 7p29tc0vm4g4geburfg3gnsrrd Query : select 1 valor from information_schema.tables where table_type='base table' and table_name='wstablefields'
20241118@155147.9078 7p29tc0vm4g4geburfg3gnsrrd Query : select fieldkey,fieldname,fieldtype,mandatory from wstablefields where tablename = 'fi2' and documentnumber = 39
20241118@155147.9087 7p29tc0vm4g4geburfg3gnsrrd Query : select top 1 convert(numeric(6,2),t.taxa) valor from taxasiva t where t.codigo='2'
20241118@155147.9100 7p29tc0vm4g4geburfg3gnsrrd Query : select 1 valor from information_schema.tables where table_type='base table' and table_name='wstablefields'
20241118@155147.9125 7p29tc0vm4g4geburfg3gnsrrd Query : select fieldkey,fieldname,fieldtype,calcformula from wstablefields where tablename = 'fi2' and documentnumber = 39
20241118@155147.9158 7p29tc0vm4g4geburfg3gnsrrd Query : insert into wsfi2data (fi2stamp,ftstamp ,ousrdata, ousrhora, usrdata,usrhora,ousrinis,usrinis) values ('aut673b681302673b6293de','aut673b644229673b629216' ,getdate(),convert(char(8),convert (time,getdate())),getdate(),convert(char(8),convert (time,getdate())),'wsv','wsv')
20241118@155147.9163 7p29tc0vm4g4geburfg3gnsrrd Query : select 1 valor from information_schema.tables where table_type='base table' and table_name='wstablefields'
20241118@155147.9182 7p29tc0vm4g4geburfg3gnsrrd Query : select fieldkey,fieldname,fieldtype,calcformula from wstablefields where tablename = 'fi' and documentnumber = 39
20241118@155147.9213 7p29tc0vm4g4geburfg3gnsrrd Query : insert into wsfidata (fistamp,ousrdata, ousrhora, usrdata,usrhora,ousrinis,usrinis ,qtt ,ftstamp ,epv,pvmoeda ,tabiva,iva,lordem ,ref, design ,armazem) values ('aut673b681302673b6293de',getdate(),convert(char(8),convert (time,getdate())),getdate(),convert(char(8),convert (time,getdate())),'wsv','wsv',0 ,'aut673b644229673b629216' ,0,0 ,2,23.00,440000,?,?,?)
20241118@155147.9553 7p29tc0vm4g4geburfg3gnsrrd Query : use flama_phc
20241118@155147.9557 7p29tc0vm4g4geburfg3gnsrrd Query : select st.usalote valor from st where st.ref = '324.645.00.01'
20241118@155147.9600 7p29tc0vm4g4geburfg3gnsrrd Query : select top 1 st.tabiva ,st.ivaincl ,st.stns ,st.uni2 ,st.familia ,isnull(tx.taxa, 0) txiva ,unidade ,usalote ,epcpond ,noserie ,conversao ,st.texteis from st left join taxasiva tx on st.tabiva = tx.codigo where st.ref = '324.645.00.01'
20241118@155147.9647 7p29tc0vm4g4geburfg3gnsrrd Query : select 1 valor from information_schema.tables where table_type='base table' and table_name='wstablefields'
20241118@155147.9664 7p29tc0vm4g4geburfg3gnsrrd Query : select fieldkey,fieldname,fieldtype,mandatory from wstablefields where tablename = 'fi' and documentnumber = 39
20241118@155147.9932 7p29tc0vm4g4geburfg3gnsrrd Query : select 1 valor from information_schema.tables where table_type='base table' and table_name='wstablefields'
20241118@155147.9977 7p29tc0vm4g4geburfg3gnsrrd Query : select fieldkey,fieldname,fieldtype,mandatory from wstablefields where tablename = 'fi2' and documentnumber = 39
20241118@155147.9998 7p29tc0vm4g4geburfg3gnsrrd Query : select top 1 convert(numeric(6,2),t.taxa) valor from taxasiva t where t.codigo='2'
20241118@155148.1100 7p29tc0vm4g4geburfg3gnsrrd Query : select sestamp valor from se where ref ='324.645.00.01' and lote = 'r2400228200a'
20241118@155148.4900 7p29tc0vm4g4geburfg3gnsrrd Query : select 1 valor from information_schema.tables where table_type='base table' and table_name='wstablefields'
20241118@155148.8200 7p29tc0vm4g4geburfg3gnsrrd Query : select fieldkey,fieldname,fieldtype,calcformula from wstablefields where tablename = 'fi2' and documentnumber = 39
20241118@155148.1080 7p29tc0vm4g4geburfg3gnsrrd Query : insert into wsfi2data (fi2stamp,ftstamp ,ousrdata, ousrhora, usrdata,usrhora,ousrinis,usrinis) values ('aut673b664903673b629401','aut673b644229673b629216' ,getdate(),convert(char(8),convert (time,getdate())),getdate(),convert(char(8),convert (time,getdate())),'wsv','wsv')
20241118@155148.1640 7p29tc0vm4g4geburfg3gnsrrd Query : select 1 valor from information_schema.tables where table_type='base table' and table_name='wstablefields'
20241118@155148.3160 7p29tc0vm4g4geburfg3gnsrrd Query : select fieldkey,fieldname,fieldtype,calcformula from wstablefields where tablename = 'fi' and documentnumber = 39
20241118@155148.4180 7p29tc0vm4g4geburfg3gnsrrd Query : insert into wsfidata (fistamp,ousrdata, ousrhora, usrdata,usrhora,ousrinis,usrinis ,qtt ,ftstamp ,epv,pvmoeda ,tabiva,iva,lordem ,ref, design ,lote,armazem) values ('aut673b664903673b629401',getdate(),convert(char(8),convert (time,getdate())),getdate(),convert(char(8),convert (time,getdate())),'wsv','wsv',24.000 ,'aut673b644229673b629216' ,0,0 ,2,23.00,460000,?,?,?,?)
20241118@155148.7290 7p29tc0vm4g4geburfg3gnsrrd Query : select 1 valor from information_schema.tables where table_type='base table' and table_name='wstablefields'
20241118@155148.7560 7p29tc0vm4g4geburfg3gnsrrd Query : select fieldkey,fieldname,fieldtype,mandatory from wstablefields where tablename = 'fi' and documentnumber = 39
20241118@155148.7970 7p29tc0vm4g4geburfg3gnsrrd Query : select 1 valor from information_schema.tables where table_type='base table' and table_name='wstablefields'
20241118@155148.8110 7p29tc0vm4g4geburfg3gnsrrd Query : select fieldkey,fieldname,fieldtype,mandatory from wstablefields where tablename = 'fi2' and documentnumber = 39
20241118@155148.8390 7p29tc0vm4g4geburfg3gnsrrd Query : select top 1 convert(numeric(6,2),t.taxa) valor from taxasiva t where t.codigo='2'
20241118@155148.8780 7p29tc0vm4g4geburfg3gnsrrd Query : select 1 valor from information_schema.tables where table_type='base table' and table_name='wstablefields'
20241118@155148.9000 7p29tc0vm4g4geburfg3gnsrrd Query : select fieldkey,fieldname,fieldtype,calcformula from wstablefields where tablename = 'fi2' and documentnumber = 39
20241118@155148.9120 7p29tc0vm4g4geburfg3gnsrrd Query : insert into wsfi2data (fi2stamp,ftstamp ,ousrdata, ousrhora, usrdata,usrhora,ousrinis,usrinis) values ('aut673b614745673b629415','aut673b644229673b629216' ,getdate(),convert(char(8),convert (time,getdate())),getdate(),convert(char(8),convert (time,getdate())),'wsv','wsv')
20241118@155148.9160 7p29tc0vm4g4geburfg3gnsrrd Query : select 1 valor from information_schema.tables where table_type='base table' and table_name='wstablefields'
20241118@155148.9350 7p29tc0vm4g4geburfg3gnsrrd Query : select fieldkey,fieldname,fieldtype,calcformula from wstablefields where tablename = 'fi' and documentnumber = 39
20241118@155148.9690 7p29tc0vm4g4geburfg3gnsrrd Query : insert into wsfidata (fistamp,ousrdata, ousrhora, usrdata,usrhora,ousrinis,usrinis ,qtt ,ftstamp ,epv,pvmoeda ,tabiva,iva,lordem ,ref, design ,armazem) values ('aut673b614745673b629415',getdate(),convert(char(8),convert (time,getdate())),getdate(),convert(char(8),convert (time,getdate())),'wsv','wsv',0 ,'aut673b644229673b629216' ,0,0 ,2,23.00,470000,?,?,?)
20241118@155148.1263 7p29tc0vm4g4geburfg3gnsrrd Query : use flama_phc
20241118@155148.1266 7p29tc0vm4g4geburfg3gnsrrd Query : select st.usalote valor from st where st.ref = '324.645.00.01'
20241118@155148.1295 7p29tc0vm4g4geburfg3gnsrrd Query : select top 1 st.tabiva ,st.ivaincl ,st.stns ,st.uni2 ,st.familia ,isnull(tx.taxa, 0) txiva ,unidade ,usalote ,epcpond ,noserie ,conversao ,st.texteis from st left join taxasiva tx on st.tabiva = tx.codigo where st.ref = '324.645.00.01'
20241118@155148.1355 7p29tc0vm4g4geburfg3gnsrrd Query : select 1 valor from information_schema.tables where table_type='base table' and table_name='wstablefields'
20241118@155148.1372 7p29tc0vm4g4geburfg3gnsrrd Query : select fieldkey,fieldname,fieldtype,mandatory from wstablefields where tablename = 'fi' and documentnumber = 39
20241118@155148.1425 7p29tc0vm4g4geburfg3gnsrrd Query : select 1 valor from information_schema.tables where table_type='base table' and table_name='wstablefields'
20241118@155148.1440 7p29tc0vm4g4geburfg3gnsrrd Query : select fieldkey,fieldname,fieldtype,mandatory from wstablefields where tablename = 'fi2' and documentnumber = 39
20241118@155148.1457 7p29tc0vm4g4geburfg3gnsrrd Query : select top 1 convert(numeric(6,2),t.taxa) valor from taxasiva t where t.codigo='2'
20241118@155148.1470 7p29tc0vm4g4geburfg3gnsrrd Query : select sestamp valor from se where ref ='324.645.00.01' and lote = 'r2400228200a'
20241118@155148.1482 7p29tc0vm4g4geburfg3gnsrrd Query : select 1 valor from information_schema.tables where table_type='base table' and table_name='wstablefields'
20241118@155148.1502 7p29tc0vm4g4geburfg3gnsrrd Query : select fieldkey,fieldname,fieldtype,calcformula from wstablefields where tablename = 'fi2' and documentnumber = 39
20241118@155148.1513 7p29tc0vm4g4geburfg3gnsrrd Query : insert into wsfi2data (fi2stamp,ftstamp ,ousrdata, ousrhora, usrdata,usrhora,ousrinis,usrinis) values ('aut673b605977673b629424','aut673b644229673b629216' ,getdate(),convert(char(8),convert (time,getdate())),getdate(),convert(char(8),convert (time,getdate())),'wsv','wsv')
20241118@155148.1518 7p29tc0vm4g4geburfg3gnsrrd Query : select 1 valor from information_schema.tables where table_type='base table' and table_name='wstablefields'
20241118@155148.1543 7p29tc0vm4g4geburfg3gnsrrd Query : select fieldkey,fieldname,fieldtype,calcformula from wstablefields where tablename = 'fi' and documentnumber = 39
20241118@155148.1598 7p29tc0vm4g4geburfg3gnsrrd Query : insert into wsfidata (fistamp,ousrdata, ousrhora, usrdata,usrhora,ousrinis,usrinis ,qtt ,ftstamp ,epv,pvmoeda ,tabiva,iva,lordem ,ref, design ,lote,armazem) values ('aut673b605977673b629424',getdate(),convert(char(8),convert (time,getdate())),getdate(),convert(char(8),convert (time,getdate())),'wsv','wsv',24.000 ,'aut673b644229673b629216' ,0,0 ,2,23.00,490000,?,?,?,?)
20241118@155148.1921 7p29tc0vm4g4geburfg3gnsrrd Query : select 1 valor from information_schema.tables where table_type='base table' and table_name='wstablefields'
20241118@155148.2031 7p29tc0vm4g4geburfg3gnsrrd Query : select fieldkey,fieldname,fieldtype,mandatory from wstablefields where tablename = 'fi' and documentnumber = 39
20241118@155148.2203 7p29tc0vm4g4geburfg3gnsrrd Query : select 1 valor from information_schema.tables where table_type='base table' and table_name='wstablefields'
20241118@155148.2276 7p29tc0vm4g4geburfg3gnsrrd Query : select fieldkey,fieldname,fieldtype,mandatory from wstablefields where tablename = 'fi2' and documentnumber = 39
20241118@155148.2285 7p29tc0vm4g4geburfg3gnsrrd Query : select top 1 convert(numeric(6,2),t.taxa) valor from taxasiva t where t.codigo='2'
20241118@155148.2321 7p29tc0vm4g4geburfg3gnsrrd Query : select 1 valor from information_schema.tables where table_type='base table' and table_name='wstablefields'
20241118@155148.2347 7p29tc0vm4g4geburfg3gnsrrd Query : select fieldkey,fieldname,fieldtype,calcformula from wstablefields where tablename = 'fi2' and documentnumber = 39
20241118@155148.2487 7p29tc0vm4g4geburfg3gnsrrd Query : insert into wsfi2data (fi2stamp,ftstamp ,ousrdata, ousrhora, usrdata,usrhora,ousrinis,usrinis) values ('aut673b682829673b629438','aut673b644229673b629216' ,getdate(),convert(char(8),convert (time,getdate())),getdate(),convert(char(8),convert (time,getdate())),'wsv','wsv')
20241118@155148.2614 7p29tc0vm4g4geburfg3gnsrrd Query : select 1 valor from information_schema.tables where table_type='base table' and table_name='wstablefields'
20241118@155148.2643 7p29tc0vm4g4geburfg3gnsrrd Query : select fieldkey,fieldname,fieldtype,calcformula from wstablefields where tablename = 'fi' and documentnumber = 39
20241118@155148.2679 7p29tc0vm4g4geburfg3gnsrrd Query : insert into wsfidata (fistamp,ousrdata, ousrhora, usrdata,usrhora,ousrinis,usrinis ,qtt ,ftstamp ,epv,pvmoeda ,tabiva,iva,lordem ,ref, design ,armazem) values ('aut673b682829673b629438',getdate(),convert(char(8),convert (time,getdate())),getdate(),convert(char(8),convert (time,getdate())),'wsv','wsv',0 ,'aut673b644229673b629216' ,0,0 ,2,23.00,500000,?,?,?)
20241118@155148.2965 7p29tc0vm4g4geburfg3gnsrrd Query : use flama_phc
20241118@155148.3016 7p29tc0vm4g4geburfg3gnsrrd Query : select st.usalote valor from st where st.ref = '324.645.00.01'
20241118@155148.3211 7p29tc0vm4g4geburfg3gnsrrd Query : select top 1 st.tabiva ,st.ivaincl ,st.stns ,st.uni2 ,st.familia ,isnull(tx.taxa, 0) txiva ,unidade ,usalote ,epcpond ,noserie ,conversao ,st.texteis from st left join taxasiva tx on st.tabiva = tx.codigo where st.ref = '324.645.00.01'
20241118@155148.3229 7p29tc0vm4g4geburfg3gnsrrd Query : select 1 valor from information_schema.tables where table_type='base table' and table_name='wstablefields'
20241118@155148.3269 7p29tc0vm4g4geburfg3gnsrrd Query : select fieldkey,fieldname,fieldtype,mandatory from wstablefields where tablename = 'fi' and documentnumber = 39
20241118@155148.3321 7p29tc0vm4g4geburfg3gnsrrd Query : select 1 valor from information_schema.tables where table_type='base table' and table_name='wstablefields'
20241118@155148.3339 7p29tc0vm4g4geburfg3gnsrrd Query : select fieldkey,fieldname,fieldtype,mandatory from wstablefields where tablename = 'fi2' and documentnumber = 39
20241118@155148.3347 7p29tc0vm4g4geburfg3gnsrrd Query : select top 1 convert(numeric(6,2),t.taxa) valor from taxasiva t where t.codigo='2'
20241118@155148.3358 7p29tc0vm4g4geburfg3gnsrrd Query : select sestamp valor from se where ref ='324.645.00.01' and lote = 'r2400228200a'
20241118@155148.3411 7p29tc0vm4g4geburfg3gnsrrd Query : select 1 valor from information_schema.tables where table_type='base table' and table_name='wstablefields'
20241118@155148.3448 7p29tc0vm4g4geburfg3gnsrrd Query : select fieldkey,fieldname,fieldtype,calcformula from wstablefields where tablename = 'fi2' and documentnumber = 39
20241118@155148.3474 7p29tc0vm4g4geburfg3gnsrrd Query : insert into wsfi2data (fi2stamp,ftstamp ,ousrdata, ousrhora, usrdata,usrhora,ousrinis,usrinis) values ('aut673b693181673b629453','aut673b644229673b629216' ,getdate(),convert(char(8),convert (time,getdate())),getdate(),convert(char(8),convert (time,getdate())),'wsv','wsv')
20241118@155148.3479 7p29tc0vm4g4geburfg3gnsrrd Query : select 1 valor from information_schema.tables where table_type='base table' and table_name='wstablefields'
20241118@155148.3502 7p29tc0vm4g4geburfg3gnsrrd Query : select fieldkey,fieldname,fieldtype,calcformula from wstablefields where tablename = 'fi' and documentnumber = 39
20241118@155148.3531 7p29tc0vm4g4geburfg3gnsrrd Query : insert into wsfidata (fistamp,ousrdata, ousrhora, usrdata,usrhora,ousrinis,usrinis ,qtt ,ftstamp ,epv,pvmoeda ,tabiva,iva,lordem ,ref, design ,lote,armazem) values ('aut673b693181673b629453',getdate(),convert(char(8),convert (time,getdate())),getdate(),convert(char(8),convert (time,getdate())),'wsv','wsv',24.000 ,'aut673b644229673b629216' ,0,0 ,2,23.00,520000,?,?,?,?)
20241118@155148.3849 7p29tc0vm4g4geburfg3gnsrrd Query : select 1 valor from information_schema.tables where table_type='base table' and table_name='wstablefields'
20241118@155148.3896 7p29tc0vm4g4geburfg3gnsrrd Query : select fieldkey,fieldname,fieldtype,mandatory from wstablefields where tablename = 'fi' and documentnumber = 39
20241118@155148.3930 7p29tc0vm4g4geburfg3gnsrrd Query : select 1 valor from information_schema.tables where table_type='base table' and table_name='wstablefields'
20241118@155148.3967 7p29tc0vm4g4geburfg3gnsrrd Query : select fieldkey,fieldname,fieldtype,mandatory from wstablefields where tablename = 'fi2' and documentnumber = 39
20241118@155148.3980 7p29tc0vm4g4geburfg3gnsrrd Query : select top 1 convert(numeric(6,2),t.taxa) valor from taxasiva t where t.codigo='2'
20241118@155148.4027 7p29tc0vm4g4geburfg3gnsrrd Query : select 1 valor from information_schema.tables where table_type='base table' and table_name='wstablefields'
20241118@155148.4050 7p29tc0vm4g4geburfg3gnsrrd Query : select fieldkey,fieldname,fieldtype,calcformula from wstablefields where tablename = 'fi2' and documentnumber = 39
20241118@155148.4106 7p29tc0vm4g4geburfg3gnsrrd Query : insert into wsfi2data (fi2stamp,ftstamp ,ousrdata, ousrhora, usrdata,usrhora,ousrinis,usrinis) values ('aut673b617277673b629462','aut673b644229673b629216' ,getdate(),convert(char(8),convert (time,getdate())),getdate(),convert(char(8),convert (time,getdate())),'wsv','wsv')
20241118@155148.4111 7p29tc0vm4g4geburfg3gnsrrd Query : select 1 valor from information_schema.tables where table_type='base table' and table_name='wstablefields'
20241118@155148.4127 7p29tc0vm4g4geburfg3gnsrrd Query : select fieldkey,fieldname,fieldtype,calcformula from wstablefields where tablename = 'fi' and documentnumber = 39
20241118@155148.4217 7p29tc0vm4g4geburfg3gnsrrd Query : insert into wsfidata (fistamp,ousrdata, ousrhora, usrdata,usrhora,ousrinis,usrinis ,qtt ,ftstamp ,epv,pvmoeda ,tabiva,iva,lordem ,ref, design ,armazem) values ('aut673b617277673b629462',getdate(),convert(char(8),convert (time,getdate())),getdate(),convert(char(8),convert (time,getdate())),'wsv','wsv',0 ,'aut673b644229673b629216' ,0,0 ,2,23.00,530000,?,?,?)
20241118@155148.4504 7p29tc0vm4g4geburfg3gnsrrd Query : use flama_phc
20241118@155148.4507 7p29tc0vm4g4geburfg3gnsrrd Query : select st.usalote valor from st where st.ref = '324.645.00.01'
20241118@155148.4528 7p29tc0vm4g4geburfg3gnsrrd Query : select top 1 st.tabiva ,st.ivaincl ,st.stns ,st.uni2 ,st.familia ,isnull(tx.taxa, 0) txiva ,unidade ,usalote ,epcpond ,noserie ,conversao ,st.texteis from st left join taxasiva tx on st.tabiva = tx.codigo where st.ref = '324.645.00.01'
20241118@155148.4546 7p29tc0vm4g4geburfg3gnsrrd Query : select 1 valor from information_schema.tables where table_type='base table' and table_name='wstablefields'
20241118@155148.4586 7p29tc0vm4g4geburfg3gnsrrd Query : select fieldkey,fieldname,fieldtype,mandatory from wstablefields where tablename = 'fi' and documentnumber = 39
20241118@155148.4624 7p29tc0vm4g4geburfg3gnsrrd Query : select 1 valor from information_schema.tables where table_type='base table' and table_name='wstablefields'
20241118@155148.4644 7p29tc0vm4g4geburfg3gnsrrd Query : select fieldkey,fieldname,fieldtype,mandatory from wstablefields where tablename = 'fi2' and documentnumber = 39
20241118@155148.4653 7p29tc0vm4g4geburfg3gnsrrd Query : select top 1 convert(numeric(6,2),t.taxa) valor from taxasiva t where t.codigo='2'
20241118@155148.4707 7p29tc0vm4g4geburfg3gnsrrd Query : select sestamp valor from se where ref ='324.645.00.01' and lote = 'r2400228200a'
20241118@155148.4720 7p29tc0vm4g4geburfg3gnsrrd Query : select 1 valor from information_schema.tables where table_type='base table' and table_name='wstablefields'
20241118@155148.4748 7p29tc0vm4g4geburfg3gnsrrd Query : select fieldkey,fieldname,fieldtype,calcformula from wstablefields where tablename = 'fi2' and documentnumber = 39
20241118@155148.4772 7p29tc0vm4g4geburfg3gnsrrd Query : insert into wsfi2data (fi2stamp,ftstamp ,ousrdata, ousrhora, usrdata,usrhora,ousrinis,usrinis) values ('aut673b620598673b629473','aut673b644229673b629216' ,getdate(),convert(char(8),convert (time,getdate())),getdate(),convert(char(8),convert (time,getdate())),'wsv','wsv')
20241118@155148.4780 7p29tc0vm4g4geburfg3gnsrrd Query : select 1 valor from information_schema.tables where table_type='base table' and table_name='wstablefields'
20241118@155148.4796 7p29tc0vm4g4geburfg3gnsrrd Query : select fieldkey,fieldname,fieldtype,calcformula from wstablefields where tablename = 'fi' and documentnumber = 39
20241118@155148.4889 7p29tc0vm4g4geburfg3gnsrrd Query : insert into wsfidata (fistamp,ousrdata, ousrhora, usrdata,usrhora,ousrinis,usrinis ,qtt ,ftstamp ,epv,pvmoeda ,tabiva,iva,lordem ,ref, design ,lote,armazem) values ('aut673b620598673b629473',getdate(),convert(char(8),convert (time,getdate())),getdate(),convert(char(8),convert (time,getdate())),'wsv','wsv',24.000 ,'aut673b644229673b629216' ,0,0 ,2,23.00,550000,?,?,?,?)
20241118@155148.5206 7p29tc0vm4g4geburfg3gnsrrd Query : select 1 valor from information_schema.tables where table_type='base table' and table_name='wstablefields'
20241118@155148.5320 7p29tc0vm4g4geburfg3gnsrrd Query : select fieldkey,fieldname,fieldtype,mandatory from wstablefields where tablename = 'fi' and documentnumber = 39
20241118@155148.5610 7p29tc0vm4g4geburfg3gnsrrd Query : select 1 valor from information_schema.tables where table_type='base table' and table_name='wstablefields'
20241118@155148.5636 7p29tc0vm4g4geburfg3gnsrrd Query : select fieldkey,fieldname,fieldtype,mandatory from wstablefields where tablename = 'fi2' and documentnumber = 39
20241118@155148.5645 7p29tc0vm4g4geburfg3gnsrrd Query : select top 1 convert(numeric(6,2),t.taxa) valor from taxasiva t where t.codigo='2'
20241118@155148.5666 7p29tc0vm4g4geburfg3gnsrrd Query : select 1 valor from information_schema.tables where table_type='base table' and table_name='wstablefields'
20241118@155148.5697 7p29tc0vm4g4geburfg3gnsrrd Query : select fieldkey,fieldname,fieldtype,calcformula from wstablefields where tablename = 'fi2' and documentnumber = 39
20241118@155148.5719 7p29tc0vm4g4geburfg3gnsrrd Query : insert into wsfi2data (fi2stamp,ftstamp ,ousrdata, ousrhora, usrdata,usrhora,ousrinis,usrinis) values ('aut673b646706673b62948a','aut673b644229673b629216' ,getdate(),convert(char(8),convert (time,getdate())),getdate(),convert(char(8),convert (time,getdate())),'wsv','wsv')
20241118@155148.5726 7p29tc0vm4g4geburfg3gnsrrd Query : select 1 valor from information_schema.tables where table_type='base table' and table_name='wstablefields'
20241118@155148.5854 7p29tc0vm4g4geburfg3gnsrrd Query : select fieldkey,fieldname,fieldtype,calcformula from wstablefields where tablename = 'fi' and documentnumber = 39
20241118@155148.6021 7p29tc0vm4g4geburfg3gnsrrd Query : insert into wsfidata (fistamp,ousrdata, ousrhora, usrdata,usrhora,ousrinis,usrinis ,qtt ,ftstamp ,epv,pvmoeda ,tabiva,iva,lordem ,ref, design ,armazem) values ('aut673b646706673b62948a',getdate(),convert(char(8),convert (time,getdate())),getdate(),convert(char(8),convert (time,getdate())),'wsv','wsv',0 ,'aut673b644229673b629216' ,0,0 ,2,23.00,560000,?,?,?)
20241118@155148.6356 7p29tc0vm4g4geburfg3gnsrrd Query : use flama_phc
20241118@155148.6359 7p29tc0vm4g4geburfg3gnsrrd Query : select st.usalote valor from st where st.ref = '324.645.00.01'
20241118@155148.6379 7p29tc0vm4g4geburfg3gnsrrd Query : select top 1 st.tabiva ,st.ivaincl ,st.stns ,st.uni2 ,st.familia ,isnull(tx.taxa, 0) txiva ,unidade ,usalote ,epcpond ,noserie ,conversao ,st.texteis from st left join taxasiva tx on st.tabiva = tx.codigo where st.ref = '324.645.00.01'
20241118@155148.6402 7p29tc0vm4g4geburfg3gnsrrd Query : select 1 valor from information_schema.tables where table_type='base table' and table_name='wstablefields'
20241118@155148.6428 7p29tc0vm4g4geburfg3gnsrrd Query : select fieldkey,fieldname,fieldtype,mandatory from wstablefields where tablename = 'fi' and documentnumber = 39
20241118@155148.6743 7p29tc0vm4g4geburfg3gnsrrd Query : select 1 valor from information_schema.tables where table_type='base table' and table_name='wstablefields'
20241118@155148.6760 7p29tc0vm4g4geburfg3gnsrrd Query : select fieldkey,fieldname,fieldtype,mandatory from wstablefields where tablename = 'fi2' and documentnumber = 39
20241118@155148.6770 7p29tc0vm4g4geburfg3gnsrrd Query : select top 1 convert(numeric(6,2),t.taxa) valor from taxasiva t where t.codigo='2'
20241118@155148.6781 7p29tc0vm4g4geburfg3gnsrrd Query : select sestamp valor from se where ref ='324.645.00.01' and lote = 'r2400228200a'
20241118@155148.6796 7p29tc0vm4g4geburfg3gnsrrd Query : select 1 valor from information_schema.tables where table_type='base table' and table_name='wstablefields'
20241118@155148.6817 7p29tc0vm4g4geburfg3gnsrrd Query : select fieldkey,fieldname,fieldtype,calcformula from wstablefields where tablename = 'fi2' and documentnumber = 39
20241118@155148.6829 7p29tc0vm4g4geburfg3gnsrrd Query : insert into wsfi2data (fi2stamp,ftstamp ,ousrdata, ousrhora, usrdata,usrhora,ousrinis,usrinis) values ('aut673b690903673b6294a5','aut673b644229673b629216' ,getdate(),convert(char(8),convert (time,getdate())),getdate(),convert(char(8),convert (time,getdate())),'wsv','wsv')
20241118@155148.6834 7p29tc0vm4g4geburfg3gnsrrd Query : select 1 valor from information_schema.tables where table_type='base table' and table_name='wstablefields'
20241118@155148.6852 7p29tc0vm4g4geburfg3gnsrrd Query : select fieldkey,fieldname,fieldtype,calcformula from wstablefields where tablename = 'fi' and documentnumber = 39
20241118@155148.6882 7p29tc0vm4g4geburfg3gnsrrd Query : insert into wsfidata (fistamp,ousrdata, ousrhora, usrdata,usrhora,ousrinis,usrinis ,qtt ,ftstamp ,epv,pvmoeda ,tabiva,iva,lordem ,ref, design ,lote,armazem) values ('aut673b690903673b6294a5',getdate(),convert(char(8),convert (time,getdate())),getdate(),convert(char(8),convert (time,getdate())),'wsv','wsv',24.000 ,'aut673b644229673b629216' ,0,0 ,2,23.00,580000,?,?,?,?)
20241118@155148.7194 7p29tc0vm4g4geburfg3gnsrrd Query : select 1 valor from information_schema.tables where table_type='base table' and table_name='wstablefields'
20241118@155148.7213 7p29tc0vm4g4geburfg3gnsrrd Query : select fieldkey,fieldname,fieldtype,mandatory from wstablefields where tablename = 'fi' and documentnumber = 39
20241118@155148.7244 7p29tc0vm4g4geburfg3gnsrrd Query : select 1 valor from information_schema.tables where table_type='base table' and table_name='wstablefields'
20241118@155148.7259 7p29tc0vm4g4geburfg3gnsrrd Query : select fieldkey,fieldname,fieldtype,mandatory from wstablefields where tablename = 'fi2' and documentnumber = 39
20241118@155148.7268 7p29tc0vm4g4geburfg3gnsrrd Query : select top 1 convert(numeric(6,2),t.taxa) valor from taxasiva t where t.codigo='2'
20241118@155148.7285 7p29tc0vm4g4geburfg3gnsrrd Query : select 1 valor from information_schema.tables where table_type='base table' and table_name='wstablefields'
20241118@155148.7300 7p29tc0vm4g4geburfg3gnsrrd Query : select fieldkey,fieldname,fieldtype,calcformula from wstablefields where tablename = 'fi2' and documentnumber = 39
20241118@155148.7337 7p29tc0vm4g4geburfg3gnsrrd Query : insert into wsfi2data (fi2stamp,ftstamp ,ousrdata, ousrhora, usrdata,usrhora,ousrinis,usrinis) values ('aut673b699363673b6294b1','aut673b644229673b629216' ,getdate(),convert(char(8),convert (time,getdate())),getdate(),convert(char(8),convert (time,getdate())),'wsv','wsv')
20241118@155148.7342 7p29tc0vm4g4geburfg3gnsrrd Query : select 1 valor from information_schema.tables where table_type='base table' and table_name='wstablefields'
20241118@155148.7356 7p29tc0vm4g4geburfg3gnsrrd Query : select fieldkey,fieldname,fieldtype,calcformula from wstablefields where tablename = 'fi' and documentnumber = 39
20241118@155148.7387 7p29tc0vm4g4geburfg3gnsrrd Query : insert into wsfidata (fistamp,ousrdata, ousrhora, usrdata,usrhora,ousrinis,usrinis ,qtt ,ftstamp ,epv,pvmoeda ,tabiva,iva,lordem ,ref, design ,armazem) values ('aut673b699363673b6294b1',getdate(),convert(char(8),convert (time,getdate())),getdate(),convert(char(8),convert (time,getdate())),'wsv','wsv',0 ,'aut673b644229673b629216' ,0,0 ,2,23.00,590000,?,?,?)
20241118@155148.7690 7p29tc0vm4g4geburfg3gnsrrd Query : use flama_phc
20241118@155148.7693 7p29tc0vm4g4geburfg3gnsrrd Query : select st.usalote valor from st where st.ref = '324.645.00.01'
20241118@155148.7719 7p29tc0vm4g4geburfg3gnsrrd Query : select top 1 st.tabiva ,st.ivaincl ,st.stns ,st.uni2 ,st.familia ,isnull(tx.taxa, 0) txiva ,unidade ,usalote ,epcpond ,noserie ,conversao ,st.texteis from st left join taxasiva tx on st.tabiva = tx.codigo where st.ref = '324.645.00.01'
20241118@155148.7733 7p29tc0vm4g4geburfg3gnsrrd Query : select 1 valor from information_schema.tables where table_type='base table' and table_name='wstablefields'
20241118@155148.7749 7p29tc0vm4g4geburfg3gnsrrd Query : select fieldkey,fieldname,fieldtype,mandatory from wstablefields where tablename = 'fi' and documentnumber = 39
20241118@155148.7813 7p29tc0vm4g4geburfg3gnsrrd Query : select 1 valor from information_schema.tables where table_type='base table' and table_name='wstablefields'
20241118@155148.7856 7p29tc0vm4g4geburfg3gnsrrd Query : select fieldkey,fieldname,fieldtype,mandatory from wstablefields where tablename = 'fi2' and documentnumber = 39
20241118@155148.7882 7p29tc0vm4g4geburfg3gnsrrd Query : select top 1 convert(numeric(6,2),t.taxa) valor from taxasiva t where t.codigo='2'
20241118@155148.7924 7p29tc0vm4g4geburfg3gnsrrd Query : select sestamp valor from se where ref ='324.645.00.01' and lote = 'r2400228200a'
20241118@155148.7938 7p29tc0vm4g4geburfg3gnsrrd Query : select 1 valor from information_schema.tables where table_type='base table' and table_name='wstablefields'
20241118@155148.8047 7p29tc0vm4g4geburfg3gnsrrd Query : select fieldkey,fieldname,fieldtype,calcformula from wstablefields where tablename = 'fi2' and documentnumber = 39
20241118@155148.8061 7p29tc0vm4g4geburfg3gnsrrd Query : insert into wsfi2data (fi2stamp,ftstamp ,ousrdata, ousrhora, usrdata,usrhora,ousrinis,usrinis) values ('aut673b649354673b6294c1','aut673b644229673b629216' ,getdate(),convert(char(8),convert (time,getdate())),getdate(),convert(char(8),convert (time,getdate())),'wsv','wsv')
20241118@155148.8066 7p29tc0vm4g4geburfg3gnsrrd Query : select 1 valor from information_schema.tables where table_type='base table' and table_name='wstablefields'
20241118@155148.8083 7p29tc0vm4g4geburfg3gnsrrd Query : select fieldkey,fieldname,fieldtype,calcformula from wstablefields where tablename = 'fi' and documentnumber = 39
20241118@155148.8221 7p29tc0vm4g4geburfg3gnsrrd Query : insert into wsfidata (fistamp,ousrdata, ousrhora, usrdata,usrhora,ousrinis,usrinis ,qtt ,ftstamp ,epv,pvmoeda ,tabiva,iva,lordem ,ref, design ,lote,armazem) values ('aut673b649354673b6294c1',getdate(),convert(char(8),convert (time,getdate())),getdate(),convert(char(8),convert (time,getdate())),'wsv','wsv',24.000 ,'aut673b644229673b629216' ,0,0 ,2,23.00,610000,?,?,?,?)
20241118@155148.8605 7p29tc0vm4g4geburfg3gnsrrd Query : select 1 valor from information_schema.tables where table_type='base table' and table_name='wstablefields'
20241118@155148.8644 7p29tc0vm4g4geburfg3gnsrrd Query : select fieldkey,fieldname,fieldtype,mandatory from wstablefields where tablename = 'fi' and documentnumber = 39
20241118@155148.8670 7p29tc0vm4g4geburfg3gnsrrd Query : select 1 valor from information_schema.tables where table_type='base table' and table_name='wstablefields'
20241118@155148.8687 7p29tc0vm4g4geburfg3gnsrrd Query : select fieldkey,fieldname,fieldtype,mandatory from wstablefields where tablename = 'fi2' and documentnumber = 39
20241118@155148.8697 7p29tc0vm4g4geburfg3gnsrrd Query : select top 1 convert(numeric(6,2),t.taxa) valor from taxasiva t where t.codigo='2'
20241118@155148.8710 7p29tc0vm4g4geburfg3gnsrrd Query : select 1 valor from information_schema.tables where table_type='base table' and table_name='wstablefields'
20241118@155148.8726 7p29tc0vm4g4geburfg3gnsrrd Query : select fieldkey,fieldname,fieldtype,calcformula from wstablefields where tablename = 'fi2' and documentnumber = 39
20241118@155148.8738 7p29tc0vm4g4geburfg3gnsrrd Query : insert into wsfi2data (fi2stamp,ftstamp ,ousrdata, ousrhora, usrdata,usrhora,ousrinis,usrinis) values ('aut673b602106673b6294d4','aut673b644229673b629216' ,getdate(),convert(char(8),convert (time,getdate())),getdate(),convert(char(8),convert (time,getdate())),'wsv','wsv')
20241118@155148.8781 7p29tc0vm4g4geburfg3gnsrrd Query : select 1 valor from information_schema.tables where table_type='base table' and table_name='wstablefields'
20241118@155148.8819 7p29tc0vm4g4geburfg3gnsrrd Query : select fieldkey,fieldname,fieldtype,calcformula from wstablefields where tablename = 'fi' and documentnumber = 39
20241118@155148.8918 7p29tc0vm4g4geburfg3gnsrrd Query : insert into wsfidata (fistamp,ousrdata, ousrhora, usrdata,usrhora,ousrinis,usrinis ,qtt ,ftstamp ,epv,pvmoeda ,tabiva,iva,lordem ,ref, design ,armazem) values ('aut673b602106673b6294d4',getdate(),convert(char(8),convert (time,getdate())),getdate(),convert(char(8),convert (time,getdate())),'wsv','wsv',0 ,'aut673b644229673b629216' ,0,0 ,2,23.00,620000,?,?,?)
20241118@155148.9253 7p29tc0vm4g4geburfg3gnsrrd Query : insert into wsftcreationlog (initialftstamp,externalid,creationstatus,documenttypeid,idustamp) values ('aut673b644229673b629216','24012611','wait',39,'adm09112754980.682000002')
20241118@155148.9509 7p29tc0vm4g4geburfg3gnsrrd Query : use flama_phc
20241118@155148.9512 7p29tc0vm4g4geburfg3gnsrrd Query : update u_wsusers set rqsttoken =? where userid ='userls001'
20241118@155148.9541 7p29tc0vm4g4geburfg3gnsrrd Query : select concat(rtrim(relative_path),ltrim(name_new)) as valor from uploadfiles where uploadfile_id='3367';
20241118@155148.9577 7p29tc0vm4g4geburfg3gnsrrd Query : update uploadfiles set whenupdated=current_timestamp where uploadfile_id='3367';
20241118@155148.9622 7p29tc0vm4g4geburfg3gnsrrd Query : select concat(rtrim(relative_path),ltrim(name_new)) as valor from uploadfiles where uploadfile_id='3367';
20241118@155148.9649 7p29tc0vm4g4geburfg3gnsrrd Query : update uploadfiles set whenupdated=current_timestamp where uploadfile_id='3367';

20241119@074554.3293 h0qhug20tgbeodpbj4879db9le Query : update uploadfiles set whenupdated=current_timestamp where uploadfile_id='3368';
20241119@074554.3719 h0qhug20tgbeodpbj4879db9le Query : select concat(rtrim(relative_path),ltrim(name_new)) as valor from uploadfiles where uploadfile_id='3368';
20241119@074554.4028 h0qhug20tgbeodpbj4879db9le Query : update uploadfiles set whenupdated=current_timestamp where uploadfile_id='3368';
20241119@074554.4435 h0qhug20tgbeodpbj4879db9le Query : use flama_phc
20241119@074554.4485 h0qhug20tgbeodpbj4879db9le Query : select top 1 secretkey valor from u_wsusers u where u.userid = ? and u.inactivo=0
20241119@074554.5296 h0qhug20tgbeodpbj4879db9le Query : use flama_phc
20241119@074554.5337 h0qhug20tgbeodpbj4879db9le Query : select no, estab,szadrsdesc from szadrs where u_coddest=227
20241119@074554.5937 h0qhug20tgbeodpbj4879db9le Query : select top 1 isnull(design,'') valor from st (nolock) left join stobs (nolock) on st.ref = stobs.ref where st.ref = '324.736.00.01'
20241119@074554.6447 h0qhug20tgbeodpbj4879db9le Query : select top 1 bistamp valor from bi inner join bo on bo.bostamp=bi.bostamp where bo.ndos =240 and bo.boano =2076 and bo.obrano = 2407657 and bi.ref ='324.736.00.01' and bi.lordem =2
20241119@074554.7394 h0qhug20tgbeodpbj4879db9le Query : select top 1 isnull(design,'') valor from st (nolock) left join stobs (nolock) on st.ref = stobs.ref where st.ref = '324.736.00.01'
20241119@074554.7683 h0qhug20tgbeodpbj4879db9le Query : select top 1 bistamp valor from bi inner join bo on bo.bostamp=bi.bostamp where bo.ndos =240 and bo.boano =2076 and bo.obrano = 2407657 and bi.ref ='324.736.00.01' and bi.lordem =2
20241119@074554.7892 h0qhug20tgbeodpbj4879db9le Query : use flama_phc
20241119@074554.7934 h0qhug20tgbeodpbj4879db9le Query : select top 1 convert(date,fdata) valor from ft where ndoc = 39 and anulado= 0 and fno>0 order by fdata desc
20241119@074554.8887 h0qhug20tgbeodpbj4879db9le Query : use flama_phc
20241119@074554.8929 h0qhug20tgbeodpbj4879db9le Query : select top 1 1 valor from td where td.ndoc = 39
20241119@074554.9634 h0qhug20tgbeodpbj4879db9le Query : use flama_phc
20241119@074554.9691 h0qhug20tgbeodpbj4879db9le Query : select lower(descricao) descricao ,case when valor='s' then 1 else 0 end valor from para1 where descricao in ('st_lote','st_usalogifunc', 'st_grelha')
20241119@074555.4690 h0qhug20tgbeodpbj4879db9le Query : select top 1 manternumero ,assinadoc issigned ,tiposaft ,assinaimp ,nmdos ,td.assinadoc ,'cl' origin ,lancasl stocks ,case when cmsl<50 and td.lancasl=1 then 1 else 0 end entrada ,case when cmsl>50 and td.lancasl=1 then 1 else 0 end saida ,temserie assets ,~semgre usegridfields from td inner join td2 on td.tdstamp=td2.td2stamp where td.ndoc = 1
20241119@074555.1418 h0qhug20tgbeodpbj4879db9le Query : use flama_phc
20241119@074555.1460 h0qhug20tgbeodpbj4879db9le Query : select top 1 ~inactivo valor from cl where no = '100041' and estab = 0 order by inactivo desc
20241119@074555.2099 h0qhug20tgbeodpbj4879db9le Query : use flama_phc
20241119@074555.2141 h0qhug20tgbeodpbj4879db9le Query : select top 1 tipodoc,regrd from td where ndoc = 39
20241119@074555.2626 h0qhug20tgbeodpbj4879db9le Query : use flama_phc
20241119@074555.2668 h0qhug20tgbeodpbj4879db9le Query : select szadrsstamp valor from szadrs where szadrsdesc='espaÇotrans,lda'
20241119@074555.3211 h0qhug20tgbeodpbj4879db9le Query : use flama_phc
20241119@074555.3255 h0qhug20tgbeodpbj4879db9le Query : select szadrsstamp valor from szadrs where szadrsdesc='radiobela som, lda'
20241119@074555.4995 h0qhug20tgbeodpbj4879db9le Query : use flama_phc
20241119@074555.5037 h0qhug20tgbeodpbj4879db9le Query : select 1 valor from td where ndoc = 39
20241119@074555.5534 h0qhug20tgbeodpbj4879db9le Query : select top 1 manternumero, tiposaft, nmdos,td.assinadoc from td where td.ndoc = 39
20241119@074555.5931 h0qhug20tgbeodpbj4879db9le Query : select 1 valor from information_schema.tables where table_type='base table' and table_name='wstablefields'
20241119@074555.6927 h0qhug20tgbeodpbj4879db9le Query : select fieldkey,fieldname,fieldtype,mandatory from wstablefields where tablename = 'ft' and documentnumber = 39
20241119@074555.7578 h0qhug20tgbeodpbj4879db9le Query : select 1 valor from information_schema.tables where table_type='base table' and table_name='wstablefields'
20241119@074555.7832 h0qhug20tgbeodpbj4879db9le Query : select fieldkey,fieldname,fieldtype,mandatory from wstablefields where tablename = 'ft2' and documentnumber = 39
20241119@074555.8503 h0qhug20tgbeodpbj4879db9le Query : select 1 valor from information_schema.tables where table_type='base table' and table_name='wstablefields'
20241119@074555.8758 h0qhug20tgbeodpbj4879db9le Query : select fieldkey,fieldname,fieldtype,mandatory from wstablefields where tablename = 'ft3' and documentnumber = 39
20241119@074555.9071 h0qhug20tgbeodpbj4879db9le Query : select top 1 ft.fno valor from ft ft where ft.ndoc = 39 and ftano=2024 order by fno desc
20241119@074556.9080 h0qhug20tgbeodpbj4879db9le Query : select top 1 ft.fno valor from wsftdata ft where ft.ndoc = 39 and ftano=2024 order by fno desc
20241119@074556.1422 h0qhug20tgbeodpbj4879db9le Query : select 1 valor from information_schema.tables where table_type='base table' and table_name='wstablefields'
20241119@074556.1674 h0qhug20tgbeodpbj4879db9le Query : select fieldkey,fieldname,fieldtype,calcformula from wstablefields where tablename = 'ft3' and documentnumber = 39
20241119@074556.1997 h0qhug20tgbeodpbj4879db9le Query : insert into wsft3data (ft3stamp, ousrdata, ousrhora, usrdata,usrhora,ousrinis,usrinis,taxpointdt ) values ('aut673c460122673c4233dd' ,getdate(),convert(char(8),convert (time,getdate())),getdate(),convert(char(8),convert (time,getdate())),'wsv','wsv',?)
20241119@074556.3505 h0qhug20tgbeodpbj4879db9le Query : select 1 valor from information_schema.tables where table_type='base table' and table_name='wstablefields'
20241119@074556.3823 h0qhug20tgbeodpbj4879db9le Query : select fieldkey,fieldname,fieldtype,calcformula from wstablefields where tablename = 'ft2' and documentnumber = 39
20241119@074556.4527 h0qhug20tgbeodpbj4879db9le Query : select top 1 bo.u_nomeenv valor from bo where bo.bostamp=''
20241119@074556.4931 h0qhug20tgbeodpbj4879db9le Query : select top 1 bo.u_moradaen valor from bo where bo.bostamp=''
20241119@074556.5314 h0qhug20tgbeodpbj4879db9le Query : select top 1 bo.u_codposen valor from bo where bo.bostamp=''
20241119@074556.5644 h0qhug20tgbeodpbj4879db9le Query : select top 1 bo.u_localenv valor from bo where bo.bostamp=''
20241119@074556.5968 h0qhug20tgbeodpbj4879db9le Query : select top 1 bo.trab5 valor from bo where bo.bostamp=''
20241119@074556.6297 h0qhug20tgbeodpbj4879db9le Query : select top 1 bo.serie valor from bo where bo.bostamp=''
20241119@074556.6691 h0qhug20tgbeodpbj4879db9le Query : insert into wsft2data (ft2stamp, ousrdata,ousrhora, usrdata,usrhora,ousrinis,usrinis,u_nomeenv ,u_moradaen ,u_codposen ,u_localenv ,u_coddest ,u_codby ) values ('aut673c460122673c4233dd',getdate(),convert(char(8),convert (time,getdate())),getdate(),convert(char(8),convert (time,getdate())),'wsv','wsv',?,?,?,?,?,?)
20241119@074557.3059 h0qhug20tgbeodpbj4879db9le Query : select top 1 fno valor from wsftdata order by fno desc
20241119@074557.3475 h0qhug20tgbeodpbj4879db9le Query : select 1 valor from information_schema.tables where table_type='base table' and table_name='wstablefields'
20241119@074557.3762 h0qhug20tgbeodpbj4879db9le Query : select fieldkey,fieldname,fieldtype,calcformula from wstablefields where tablename = 'ft' and documentnumber = 39
20241119@074557.4222 h0qhug20tgbeodpbj4879db9le Query : select 'normal' from dummy
20241119@074557.4629 h0qhug20tgbeodpbj4879db9le Query : insert into wsftdata (ftstamp, ousrdata,ousrhora, usrdata,usrhora,ousrinis,usrinis,fno,no,estab,fdata,ndoc,moeda,cambio,cambiofixo,ftano,site ,classe ) values ('aut673c460122673c4233dd',getdate(),convert(char(8),convert (time,getdate())),getdate(),convert(char(8),convert (time,getdate())),'wsv','wsv',1919,100041,0,'2024-11-19',39,'euro',0,0,2024 ,?,?)
20241119@074558.1090 h0qhug20tgbeodpbj4879db9le Query : use flama_phc
20241119@074558.1510 h0qhug20tgbeodpbj4879db9le Query : select st.usalote valor from st where st.ref = '324.736.00.01'
20241119@074558.6940 h0qhug20tgbeodpbj4879db9le Query : select top 1 st.tabiva ,st.ivaincl ,st.stns ,st.uni2 ,st.familia ,isnull(tx.taxa, 0) txiva ,unidade ,usalote ,epcpond ,noserie ,conversao ,st.texteis from st left join taxasiva tx on st.tabiva = tx.codigo where st.ref = '324.736.00.01'
20241119@074558.1286 h0qhug20tgbeodpbj4879db9le Query : select 1 valor from information_schema.tables where table_type='base table' and table_name='wstablefields'
20241119@074558.1541 h0qhug20tgbeodpbj4879db9le Query : select fieldkey,fieldname,fieldtype,mandatory from wstablefields where tablename = 'fi' and documentnumber = 39
20241119@074558.2120 h0qhug20tgbeodpbj4879db9le Query : select 1 valor from information_schema.tables where table_type='base table' and table_name='wstablefields'
20241119@074558.2453 h0qhug20tgbeodpbj4879db9le Query : select fieldkey,fieldname,fieldtype,mandatory from wstablefields where tablename = 'fi2' and documentnumber = 39
20241119@074558.3237 h0qhug20tgbeodpbj4879db9le Query : select top 1 convert(numeric(6,2),t.taxa) valor from taxasiva t where t.codigo='2'
20241119@074558.4017 h0qhug20tgbeodpbj4879db9le Query : select sestamp valor from se where ref ='324.736.00.01' and lote = 'r2400239300a'
20241119@074558.4358 h0qhug20tgbeodpbj4879db9le Query : select 1 valor from information_schema.tables where table_type='base table' and table_name='wstablefields'
20241119@074558.4611 h0qhug20tgbeodpbj4879db9le Query : select fieldkey,fieldname,fieldtype,calcformula from wstablefields where tablename = 'fi2' and documentnumber = 39
20241119@074558.4847 h0qhug20tgbeodpbj4879db9le Query : insert into wsfi2data (fi2stamp,ftstamp ,ousrdata, ousrhora, usrdata,usrhora,ousrinis,usrinis) values ('aut673c490904673c42366a','aut673c460122673c4233dd' ,getdate(),convert(char(8),convert (time,getdate())),getdate(),convert(char(8),convert (time,getdate())),'wsv','wsv')
20241119@074558.5264 h0qhug20tgbeodpbj4879db9le Query : select 1 valor from information_schema.tables where table_type='base table' and table_name='wstablefields'
20241119@074558.5519 h0qhug20tgbeodpbj4879db9le Query : select fieldkey,fieldname,fieldtype,calcformula from wstablefields where tablename = 'fi' and documentnumber = 39
20241119@074558.6161 h0qhug20tgbeodpbj4879db9le Query : insert into wsfidata (fistamp,ousrdata, ousrhora, usrdata,usrhora,ousrinis,usrinis ,qtt ,ftstamp ,epv,pvmoeda ,tabiva,iva,lordem ,ref, design ,lote,armazem,bistamp ) values ('aut673c490904673c42366a',getdate(),convert(char(8),convert (time,getdate())),getdate(),convert(char(8),convert (time,getdate())),'wsv','wsv',12.000 ,'aut673c460122673c4233dd' ,0,0 ,2,23.00,10000,?,?,?,?,?)
20241119@074558.7945 h0qhug20tgbeodpbj4879db9le Query : use flama_phc
20241119@074558.7987 h0qhug20tgbeodpbj4879db9le Query : select st.usalote valor from st where st.ref = '324.736.00.01'
20241119@074558.8319 h0qhug20tgbeodpbj4879db9le Query : select top 1 st.tabiva ,st.ivaincl ,st.stns ,st.uni2 ,st.familia ,isnull(tx.taxa, 0) txiva ,unidade ,usalote ,epcpond ,noserie ,conversao ,st.texteis from st left join taxasiva tx on st.tabiva = tx.codigo where st.ref = '324.736.00.01'
20241119@074558.8617 h0qhug20tgbeodpbj4879db9le Query : select 1 valor from information_schema.tables where table_type='base table' and table_name='wstablefields'
20241119@074558.8879 h0qhug20tgbeodpbj4879db9le Query : select fieldkey,fieldname,fieldtype,mandatory from wstablefields where tablename = 'fi' and documentnumber = 39
20241119@074558.9534 h0qhug20tgbeodpbj4879db9le Query : select 1 valor from information_schema.tables where table_type='base table' and table_name='wstablefields'
20241119@074558.9787 h0qhug20tgbeodpbj4879db9le Query : select fieldkey,fieldname,fieldtype,mandatory from wstablefields where tablename = 'fi2' and documentnumber = 39
20241119@074558.9953 h0qhug20tgbeodpbj4879db9le Query : select top 1 convert(numeric(6,2),t.taxa) valor from taxasiva t where t.codigo='2'
20241119@074559.2210 h0qhug20tgbeodpbj4879db9le Query : select sestamp valor from se where ref ='324.736.00.01' and lote = 'r2400239300a'
20241119@074559.4710 h0qhug20tgbeodpbj4879db9le Query : select 1 valor from information_schema.tables where table_type='base table' and table_name='wstablefields'
20241119@074559.7250 h0qhug20tgbeodpbj4879db9le Query : select fieldkey,fieldname,fieldtype,calcformula from wstablefields where tablename = 'fi2' and documentnumber = 39
20241119@074559.9330 h0qhug20tgbeodpbj4879db9le Query : insert into wsfi2data (fi2stamp,ftstamp ,ousrdata, ousrhora, usrdata,usrhora,ousrinis,usrinis) values ('aut673c433118673c42370b','aut673c460122673c4233dd' ,getdate(),convert(char(8),convert (time,getdate())),getdate(),convert(char(8),convert (time,getdate())),'wsv','wsv')
20241119@074559.9760 h0qhug20tgbeodpbj4879db9le Query : select 1 valor from information_schema.tables where table_type='base table' and table_name='wstablefields'
20241119@074559.1229 h0qhug20tgbeodpbj4879db9le Query : select fieldkey,fieldname,fieldtype,calcformula from wstablefields where tablename = 'fi' and documentnumber = 39
20241119@074559.3014 h0qhug20tgbeodpbj4879db9le Query : insert into wsfidata (fistamp,ousrdata, ousrhora, usrdata,usrhora,ousrinis,usrinis ,qtt ,ftstamp ,epv,pvmoeda ,tabiva,iva,lordem ,ref, design ,lote,armazem,bistamp ) values ('aut673c433118673c42370b',getdate(),convert(char(8),convert (time,getdate())),getdate(),convert(char(8),convert (time,getdate())),'wsv','wsv',28.000 ,'aut673c460122673c4233dd' ,0,0 ,2,23.00,20000,?,?,?,?,?)
20241119@074559.3681 h0qhug20tgbeodpbj4879db9le Query : insert into wsftcreationlog (initialftstamp,externalid,creationstatus,documenttypeid,idustamp) values ('aut673c460122673c4233dd','2407657','wait',39,'adm09112754980.682000002')
20241119@074559.4362 h0qhug20tgbeodpbj4879db9le Query : use flama_phc
20241119@074559.4403 h0qhug20tgbeodpbj4879db9le Query : update u_wsusers set rqsttoken =? where userid ='userls001'
20241119@074559.4650 h0qhug20tgbeodpbj4879db9le Query : select concat(rtrim(relative_path),ltrim(name_new)) as valor from uploadfiles where uploadfile_id='3368';
20241119@074559.4974 h0qhug20tgbeodpbj4879db9le Query : update uploadfiles set whenupdated=current_timestamp where uploadfile_id='3368';
20241119@074559.5244 h0qhug20tgbeodpbj4879db9le Query : select concat(rtrim(relative_path),ltrim(name_new)) as valor from uploadfiles where uploadfile_id='3368';
20241119@074559.5554 h0qhug20tgbeodpbj4879db9le Query : update uploadfiles set whenupdated=current_timestamp where uploadfile_id='3368';
20241119@074559.6949 0uginpke9ach4obarkpfbf081f Query : insert into uploadfiles ( name_original, name_new, option_type, relative_path, whencreated ) values ( ?, ?, ?, ?, getdate() )
20241119@074559.7035 0uginpke9ach4obarkpfbf081f Query : select uploadfile_id valor from uploadfiles where name_new = ? and option_type = ? 
20241119@074559.7516 0uginpke9ach4obarkpfbf081f Query : select concat(rtrim(relative_path),ltrim(name_new)) as valor from uploadfiles where uploadfile_id='3369';
20241119@074559.7959 0uginpke9ach4obarkpfbf081f Query : update uploadfiles set whenupdated=current_timestamp where uploadfile_id='3369';
20241119@074559.8310 0uginpke9ach4obarkpfbf081f Query : select concat(rtrim(relative_path),ltrim(name_new)) as valor from uploadfiles where uploadfile_id='3369';
20241119@074559.8624 0uginpke9ach4obarkpfbf081f Query : update uploadfiles set whenupdated=current_timestamp where uploadfile_id='3369';
20241119@074559.9099 0uginpke9ach4obarkpfbf081f Query : use flama_phc
20241119@074559.9154 0uginpke9ach4obarkpfbf081f Query : select top 1 secretkey valor from u_wsusers u where u.userid = ? and u.inactivo=0
20241119@074559.9822 0uginpke9ach4obarkpfbf081f Query : use flama_phc
20241119@074559.9863 0uginpke9ach4obarkpfbf081f Query : select no, estab,szadrsdesc from szadrs where u_coddest=3002
20241119@074600.3580 0uginpke9ach4obarkpfbf081f Query : select top 1 isnull(design,'') valor from st (nolock) left join stobs (nolock) on st.ref = stobs.ref where st.ref = '324.2330.00.1'
20241119@074600.8760 0uginpke9ach4obarkpfbf081f Query : select top 1 bistamp valor from bi inner join bo on bo.bostamp=bi.bostamp where bo.ndos =240 and bo.boano =2076 and bo.obrano = 2407663 and bi.ref ='324.2330.00.1' and bi.lordem =1
20241119@074600.1693 0uginpke9ach4obarkpfbf081f Query : select top 1 isnull(design,'') valor from st (nolock) left join stobs (nolock) on st.ref = stobs.ref where st.ref = '324.2335.00.1'
20241119@074600.2208 0uginpke9ach4obarkpfbf081f Query : select top 1 bistamp valor from bi inner join bo on bo.bostamp=bi.bostamp where bo.ndos =240 and bo.boano =2076 and bo.obrano = 2407663 and bi.ref ='324.2335.00.1' and bi.lordem =2
20241119@074600.3037 0uginpke9ach4obarkpfbf081f Query : select top 1 isnull(design,'') valor from st (nolock) left join stobs (nolock) on st.ref = stobs.ref where st.ref = '324.2340.00.1'
20241119@074600.3543 0uginpke9ach4obarkpfbf081f Query : select top 1 bistamp valor from bi inner join bo on bo.bostamp=bi.bostamp where bo.ndos =240 and bo.boano =2076 and bo.obrano = 2407663 and bi.ref ='324.2340.00.1' and bi.lordem =3
20241119@074600.4730 0uginpke9ach4obarkpfbf081f Query : select top 1 isnull(design,'') valor from st (nolock) left join stobs (nolock) on st.ref = stobs.ref where st.ref = '324.1705.00.1'
20241119@074600.5375 0uginpke9ach4obarkpfbf081f Query : select top 1 bistamp valor from bi inner join bo on bo.bostamp=bi.bostamp where bo.ndos =240 and bo.boano =2076 and bo.obrano = 2407663 and bi.ref ='324.1705.00.1' and bi.lordem =4
20241119@074600.6189 0uginpke9ach4obarkpfbf081f Query : select top 1 isnull(design,'') valor from st (nolock) left join stobs (nolock) on st.ref = stobs.ref where st.ref = '326.597.00.01'
20241119@074600.6789 0uginpke9ach4obarkpfbf081f Query : select top 1 bistamp valor from bi inner join bo on bo.bostamp=bi.bostamp where bo.ndos =240 and bo.boano =2076 and bo.obrano = 2407663 and bi.ref ='326.597.00.01' and bi.lordem =5
20241119@074600.8454 0uginpke9ach4obarkpfbf081f Query : use flama_phc
20241119@074600.8498 0uginpke9ach4obarkpfbf081f Query : select top 1 convert(date,fdata) valor from ft where ndoc = 39 and anulado= 0 and fno>0 order by fdata desc
20241119@074600.8877 0uginpke9ach4obarkpfbf081f Query : use flama_phc
20241119@074600.8919 0uginpke9ach4obarkpfbf081f Query : select top 1 1 valor from td where td.ndoc = 39
20241119@074600.9344 0uginpke9ach4obarkpfbf081f Query : use flama_phc
20241119@074600.9386 0uginpke9ach4obarkpfbf081f Query : select lower(descricao) descricao ,case when valor='s' then 1 else 0 end valor from para1 where descricao in ('st_lote','st_usalogifunc', 'st_grelha')
20241119@074601.5070 0uginpke9ach4obarkpfbf081f Query : select top 1 manternumero ,assinadoc issigned ,tiposaft ,assinaimp ,nmdos ,td.assinadoc ,'cl' origin ,lancasl stocks ,case when cmsl<50 and td.lancasl=1 then 1 else 0 end entrada ,case when cmsl>50 and td.lancasl=1 then 1 else 0 end saida ,temserie assets ,~semgre usegridfields from td inner join td2 on td.tdstamp=td2.td2stamp where td.ndoc = 1
20241119@074601.9640 0uginpke9ach4obarkpfbf081f Query : use flama_phc
20241119@074601.1006 0uginpke9ach4obarkpfbf081f Query : select top 1 ~inactivo valor from cl where no = '12406' and estab = 0 order by inactivo desc
20241119@074601.1750 0uginpke9ach4obarkpfbf081f Query : use flama_phc
20241119@074601.1793 0uginpke9ach4obarkpfbf081f Query : select top 1 tipodoc,regrd from td where ndoc = 39
20241119@074601.2169 0uginpke9ach4obarkpfbf081f Query : use flama_phc
20241119@074601.2210 0uginpke9ach4obarkpfbf081f Query : select szadrsstamp valor from szadrs where szadrsdesc='espaÇotrans,lda'
20241119@074601.2665 0uginpke9ach4obarkpfbf081f Query : use flama_phc
20241119@074601.2707 0uginpke9ach4obarkpfbf081f Query : select szadrsstamp valor from szadrs where szadrsdesc='ferrageira sul'
20241119@074601.3246 0uginpke9ach4obarkpfbf081f Query : use flama_phc
20241119@074601.3288 0uginpke9ach4obarkpfbf081f Query : select 1 valor from td where ndoc = 39
20241119@074601.3538 0uginpke9ach4obarkpfbf081f Query : select top 1 manternumero, tiposaft, nmdos,td.assinadoc from td where td.ndoc = 39
20241119@074601.3827 0uginpke9ach4obarkpfbf081f Query : select 1 valor from information_schema.tables where table_type='base table' and table_name='wstablefields'
20241119@074601.4098 0uginpke9ach4obarkpfbf081f Query : select fieldkey,fieldname,fieldtype,mandatory from wstablefields where tablename = 'ft' and documentnumber = 39
20241119@074601.4527 0uginpke9ach4obarkpfbf081f Query : select 1 valor from information_schema.tables where table_type='base table' and table_name='wstablefields'
20241119@074601.4781 0uginpke9ach4obarkpfbf081f Query : select fieldkey,fieldname,fieldtype,mandatory from wstablefields where tablename = 'ft2' and documentnumber = 39
20241119@074601.5452 0uginpke9ach4obarkpfbf081f Query : select 1 valor from information_schema.tables where table_type='base table' and table_name='wstablefields'
20241119@074601.5709 0uginpke9ach4obarkpfbf081f Query : select fieldkey,fieldname,fieldtype,mandatory from wstablefields where tablename = 'ft3' and documentnumber = 39
20241119@074601.5958 0uginpke9ach4obarkpfbf081f Query : select top 1 ft.fno valor from ft ft where ft.ndoc = 39 and ftano=2024 order by fno desc
20241119@074601.6324 0uginpke9ach4obarkpfbf081f Query : select top 1 ft.fno valor from wsftdata ft where ft.ndoc = 39 and ftano=2024 order by fno desc
20241119@074601.6575 0uginpke9ach4obarkpfbf081f Query : select 1 valor from information_schema.tables where table_type='base table' and table_name='wstablefields'
20241119@074601.6828 0uginpke9ach4obarkpfbf081f Query : select fieldkey,fieldname,fieldtype,calcformula from wstablefields where tablename = 'ft3' and documentnumber = 39
20241119@074601.7118 0uginpke9ach4obarkpfbf081f Query : insert into wsft3data (ft3stamp, ousrdata, ousrhora, usrdata,usrhora,ousrinis,usrinis,taxpointdt ) values ('aut673c422234673c423991' ,getdate(),convert(char(8),convert (time,getdate())),getdate(),convert(char(8),convert (time,getdate())),'wsv','wsv',?)
20241119@074601.7701 0uginpke9ach4obarkpfbf081f Query : select 1 valor from information_schema.tables where table_type='base table' and table_name='wstablefields'
20241119@074601.8066 0uginpke9ach4obarkpfbf081f Query : select fieldkey,fieldname,fieldtype,calcformula from wstablefields where tablename = 'ft2' and documentnumber = 39
20241119@074601.8773 0uginpke9ach4obarkpfbf081f Query : select top 1 bo.u_nomeenv valor from bo where bo.bostamp=''
20241119@074601.9063 0uginpke9ach4obarkpfbf081f Query : select top 1 bo.u_moradaen valor from bo where bo.bostamp=''
20241119@074601.9274 0uginpke9ach4obarkpfbf081f Query : select top 1 bo.u_codposen valor from bo where bo.bostamp=''
20241119@074601.9486 0uginpke9ach4obarkpfbf081f Query : select top 1 bo.u_localenv valor from bo where bo.bostamp=''
20241119@074601.9699 0uginpke9ach4obarkpfbf081f Query : select top 1 bo.trab5 valor from bo where bo.bostamp=''
20241119@074601.9906 0uginpke9ach4obarkpfbf081f Query : select top 1 bo.serie valor from bo where bo.bostamp=''
20241119@074602.1140 0uginpke9ach4obarkpfbf081f Query : insert into wsft2data (ft2stamp, ousrdata,ousrhora, usrdata,usrhora,ousrinis,usrinis,u_nomeenv ,u_moradaen ,u_codposen ,u_localenv ,u_coddest ,u_codby ) values ('aut673c422234673c423991',getdate(),convert(char(8),convert (time,getdate())),getdate(),convert(char(8),convert (time,getdate())),'wsv','wsv',?,?,?,?,?,?)
20241119@074602.6700 0uginpke9ach4obarkpfbf081f Query : select top 1 fno valor from wsftdata order by fno desc
20241119@074602.9340 0uginpke9ach4obarkpfbf081f Query : select 1 valor from information_schema.tables where table_type='base table' and table_name='wstablefields'
20241119@074602.1187 0uginpke9ach4obarkpfbf081f Query : select fieldkey,fieldname,fieldtype,calcformula from wstablefields where tablename = 'ft' and documentnumber = 39
20241119@074602.1653 0uginpke9ach4obarkpfbf081f Query : select 'normal' from dummy
20241119@074602.2003 0uginpke9ach4obarkpfbf081f Query : insert into wsftdata (ftstamp, ousrdata,ousrhora, usrdata,usrhora,ousrinis,usrinis,fno,no,estab,fdata,ndoc,moeda,cambio,cambiofixo,ftano,site ,classe ) values ('aut673c422234673c423991',getdate(),convert(char(8),convert (time,getdate())),getdate(),convert(char(8),convert (time,getdate())),'wsv','wsv',1920,12406,0,'2024-11-19',39,'euro',0,0,2024 ,?,?)
20241119@074602.3626 0uginpke9ach4obarkpfbf081f Query : use flama_phc
20241119@074602.3789 0uginpke9ach4obarkpfbf081f Query : select st.usalote valor from st where st.ref = '324.2330.00.1'
20241119@074602.4748 0uginpke9ach4obarkpfbf081f Query : select top 1 st.tabiva ,st.ivaincl ,st.stns ,st.uni2 ,st.familia ,isnull(tx.taxa, 0) txiva ,unidade ,usalote ,epcpond ,noserie ,conversao ,st.texteis from st left join taxasiva tx on st.tabiva = tx.codigo where st.ref = '324.2330.00.1'
20241119@074602.5287 0uginpke9ach4obarkpfbf081f Query : select 1 valor from information_schema.tables where table_type='base table' and table_name='wstablefields'
20241119@074602.5539 0uginpke9ach4obarkpfbf081f Query : select fieldkey,fieldname,fieldtype,mandatory from wstablefields where tablename = 'fi' and documentnumber = 39
20241119@074602.6133 0uginpke9ach4obarkpfbf081f Query : select 1 valor from information_schema.tables where table_type='base table' and table_name='wstablefields'
20241119@074602.6385 0uginpke9ach4obarkpfbf081f Query : select fieldkey,fieldname,fieldtype,mandatory from wstablefields where tablename = 'fi2' and documentnumber = 39
20241119@074602.6551 0uginpke9ach4obarkpfbf081f Query : select top 1 convert(numeric(6,2),t.taxa) valor from taxasiva t where t.codigo='2'
20241119@074602.6882 0uginpke9ach4obarkpfbf081f Query : select sestamp valor from se where ref ='324.2330.00.1' and lote = 'r2100584800a'
20241119@074602.7247 0uginpke9ach4obarkpfbf081f Query : select 1 valor from information_schema.tables where table_type='base table' and table_name='wstablefields'
20241119@074602.7502 0uginpke9ach4obarkpfbf081f Query : select fieldkey,fieldname,fieldtype,calcformula from wstablefields where tablename = 'fi2' and documentnumber = 39
20241119@074602.7718 0uginpke9ach4obarkpfbf081f Query : insert into wsfi2data (fi2stamp,ftstamp ,ousrdata, ousrhora, usrdata,usrhora,ousrinis,usrinis) values ('aut673c411484673c423ab0','aut673c422234673c423991' ,getdate(),convert(char(8),convert (time,getdate())),getdate(),convert(char(8),convert (time,getdate())),'wsv','wsv')
20241119@074602.7762 0uginpke9ach4obarkpfbf081f Query : select 1 valor from information_schema.tables where table_type='base table' and table_name='wstablefields'
20241119@074602.8020 0uginpke9ach4obarkpfbf081f Query : select fieldkey,fieldname,fieldtype,calcformula from wstablefields where tablename = 'fi' and documentnumber = 39
20241119@074602.8639 0uginpke9ach4obarkpfbf081f Query : insert into wsfidata (fistamp,ousrdata, ousrhora, usrdata,usrhora,ousrinis,usrinis ,qtt ,ftstamp ,epv,pvmoeda ,tabiva,iva,lordem ,ref, design ,lote,armazem,bistamp ) values ('aut673c411484673c423ab0',getdate(),convert(char(8),convert (time,getdate())),getdate(),convert(char(8),convert (time,getdate())),'wsv','wsv',2.000 ,'aut673c422234673c423991' ,0,0 ,2,23.00,10000,?,?,?,?,?)
20241119@074603.5610 0uginpke9ach4obarkpfbf081f Query : use flama_phc
20241119@074603.6030 0uginpke9ach4obarkpfbf081f Query : select st.usalote valor from st where st.ref = '324.2335.00.1'
20241119@074603.9360 0uginpke9ach4obarkpfbf081f Query : select top 1 st.tabiva ,st.ivaincl ,st.stns ,st.uni2 ,st.familia ,isnull(tx.taxa, 0) txiva ,unidade ,usalote ,epcpond ,noserie ,conversao ,st.texteis from st left join taxasiva tx on st.tabiva = tx.codigo where st.ref = '324.2335.00.1'
20241119@074603.1461 0uginpke9ach4obarkpfbf081f Query : select 1 valor from information_schema.tables where table_type='base table' and table_name='wstablefields'
20241119@074603.1714 0uginpke9ach4obarkpfbf081f Query : select fieldkey,fieldname,fieldtype,mandatory from wstablefields where tablename = 'fi' and documentnumber = 39
20241119@074603.2293 0uginpke9ach4obarkpfbf081f Query : select 1 valor from information_schema.tables where table_type='base table' and table_name='wstablefields'
20241119@074603.2589 0uginpke9ach4obarkpfbf081f Query : select fieldkey,fieldname,fieldtype,mandatory from wstablefields where tablename = 'fi2' and documentnumber = 39
20241119@074603.2912 0uginpke9ach4obarkpfbf081f Query : select top 1 convert(numeric(6,2),t.taxa) valor from taxasiva t where t.codigo='2'
20241119@074603.3163 0uginpke9ach4obarkpfbf081f Query : select sestamp valor from se where ref ='324.2335.00.1' and lote = 'r2400467150a'
20241119@074603.3414 0uginpke9ach4obarkpfbf081f Query : select 1 valor from information_schema.tables where table_type='base table' and table_name='wstablefields'
20241119@074603.3670 0uginpke9ach4obarkpfbf081f Query : select fieldkey,fieldname,fieldtype,calcformula from wstablefields where tablename = 'fi2' and documentnumber = 39
20241119@074603.3879 0uginpke9ach4obarkpfbf081f Query : insert into wsfi2data (fi2stamp,ftstamp ,ousrdata, ousrhora, usrdata,usrhora,ousrinis,usrinis) values ('aut673c489609673c423b53','aut673c422234673c423991' ,getdate(),convert(char(8),convert (time,getdate())),getdate(),convert(char(8),convert (time,getdate())),'wsv','wsv')
20241119@074603.3923 0uginpke9ach4obarkpfbf081f Query : select 1 valor from information_schema.tables where table_type='base table' and table_name='wstablefields'
20241119@074603.4176 0uginpke9ach4obarkpfbf081f Query : select fieldkey,fieldname,fieldtype,calcformula from wstablefields where tablename = 'fi' and documentnumber = 39
20241119@074603.5041 0uginpke9ach4obarkpfbf081f Query : insert into wsfidata (fistamp,ousrdata, ousrhora, usrdata,usrhora,ousrinis,usrinis ,qtt ,ftstamp ,epv,pvmoeda ,tabiva,iva,lordem ,ref, design ,lote,armazem,bistamp ) values ('aut673c489609673c423b53',getdate(),convert(char(8),convert (time,getdate())),getdate(),convert(char(8),convert (time,getdate())),'wsv','wsv',5.000 ,'aut673c422234673c423991' ,0,0 ,2,23.00,20000,?,?,?,?,?)
20241119@074603.5996 0uginpke9ach4obarkpfbf081f Query : use flama_phc
20241119@074603.6038 0uginpke9ach4obarkpfbf081f Query : select st.usalote valor from st where st.ref = '324.2340.00.1'
20241119@074603.6375 0uginpke9ach4obarkpfbf081f Query : select top 1 st.tabiva ,st.ivaincl ,st.stns ,st.uni2 ,st.familia ,isnull(tx.taxa, 0) txiva ,unidade ,usalote ,epcpond ,noserie ,conversao ,st.texteis from st left join taxasiva tx on st.tabiva = tx.codigo where st.ref = '324.2340.00.1'
20241119@074603.7087 0uginpke9ach4obarkpfbf081f Query : select 1 valor from information_schema.tables where table_type='base table' and table_name='wstablefields'
20241119@074603.7341 0uginpke9ach4obarkpfbf081f Query : select fieldkey,fieldname,fieldtype,mandatory from wstablefields where tablename = 'fi' and documentnumber = 39
20241119@074603.7921 0uginpke9ach4obarkpfbf081f Query : select 1 valor from information_schema.tables where table_type='base table' and table_name='wstablefields'
20241119@074603.8173 0uginpke9ach4obarkpfbf081f Query : select fieldkey,fieldname,fieldtype,mandatory from wstablefields where tablename = 'fi2' and documentnumber = 39
20241119@074603.8343 0uginpke9ach4obarkpfbf081f Query : select top 1 convert(numeric(6,2),t.taxa) valor from taxasiva t where t.codigo='2'
20241119@074603.8592 0uginpke9ach4obarkpfbf081f Query : select sestamp valor from se where ref ='324.2340.00.1' and lote = 'r2100584120a'
20241119@074603.8842 0uginpke9ach4obarkpfbf081f Query : select 1 valor from information_schema.tables where table_type='base table' and table_name='wstablefields'
20241119@074603.9096 0uginpke9ach4obarkpfbf081f Query : select fieldkey,fieldname,fieldtype,calcformula from wstablefields where tablename = 'fi2' and documentnumber = 39
20241119@074603.9308 0uginpke9ach4obarkpfbf081f Query : insert into wsfi2data (fi2stamp,ftstamp ,ousrdata, ousrhora, usrdata,usrhora,ousrinis,usrinis) values ('aut673c420970673c423bd7','aut673c422234673c423991' ,getdate(),convert(char(8),convert (time,getdate())),getdate(),convert(char(8),convert (time,getdate())),'wsv','wsv')
20241119@074603.9352 0uginpke9ach4obarkpfbf081f Query : select 1 valor from information_schema.tables where table_type='base table' and table_name='wstablefields'
20241119@074603.9754 0uginpke9ach4obarkpfbf081f Query : select fieldkey,fieldname,fieldtype,calcformula from wstablefields where tablename = 'fi' and documentnumber = 39
20241119@074604.5470 0uginpke9ach4obarkpfbf081f Query : insert into wsfidata (fistamp,ousrdata, ousrhora, usrdata,usrhora,ousrinis,usrinis ,qtt ,ftstamp ,epv,pvmoeda ,tabiva,iva,lordem ,ref, design ,lote,armazem,bistamp ) values ('aut673c420970673c423bd7',getdate(),convert(char(8),convert (time,getdate())),getdate(),convert(char(8),convert (time,getdate())),'wsv','wsv',1.000 ,'aut673c422234673c423991' ,0,0 ,2,23.00,30000,?,?,?,?,?)
20241119@074604.1347 0uginpke9ach4obarkpfbf081f Query : use flama_phc
20241119@074604.1389 0uginpke9ach4obarkpfbf081f Query : select st.usalote valor from st where st.ref = '324.1705.00.1'
20241119@074604.1764 0uginpke9ach4obarkpfbf081f Query : select top 1 st.tabiva ,st.ivaincl ,st.stns ,st.uni2 ,st.familia ,isnull(tx.taxa, 0) txiva ,unidade ,usalote ,epcpond ,noserie ,conversao ,st.texteis from st left join taxasiva tx on st.tabiva = tx.codigo where st.ref = '324.1705.00.1'
20241119@074604.2298 0uginpke9ach4obarkpfbf081f Query : select 1 valor from information_schema.tables where table_type='base table' and table_name='wstablefields'
20241119@074604.2553 0uginpke9ach4obarkpfbf081f Query : select fieldkey,fieldname,fieldtype,mandatory from wstablefields where tablename = 'fi' and documentnumber = 39
20241119@074604.3358 0uginpke9ach4obarkpfbf081f Query : select 1 valor from information_schema.tables where table_type='base table' and table_name='wstablefields'
20241119@074604.3610 0uginpke9ach4obarkpfbf081f Query : select fieldkey,fieldname,fieldtype,mandatory from wstablefields where tablename = 'fi2' and documentnumber = 39
20241119@074604.3775 0uginpke9ach4obarkpfbf081f Query : select top 1 convert(numeric(6,2),t.taxa) valor from taxasiva t where t.codigo='2'
20241119@074604.4023 0uginpke9ach4obarkpfbf081f Query : select sestamp valor from se where ref ='324.1705.00.1' and lote = 'r2400050500a'
20241119@074604.4281 0uginpke9ach4obarkpfbf081f Query : select 1 valor from information_schema.tables where table_type='base table' and table_name='wstablefields'
20241119@074604.4535 0uginpke9ach4obarkpfbf081f Query : select fieldkey,fieldname,fieldtype,calcformula from wstablefields where tablename = 'fi2' and documentnumber = 39
20241119@074604.4747 0uginpke9ach4obarkpfbf081f Query : insert into wsfi2data (fi2stamp,ftstamp ,ousrdata, ousrhora, usrdata,usrhora,ousrinis,usrinis) values ('aut673c412585673c423c68','aut673c422234673c423991' ,getdate(),convert(char(8),convert (time,getdate())),getdate(),convert(char(8),convert (time,getdate())),'wsv','wsv')
20241119@074604.4791 0uginpke9ach4obarkpfbf081f Query : select 1 valor from information_schema.tables where table_type='base table' and table_name='wstablefields'
20241119@074604.5043 0uginpke9ach4obarkpfbf081f Query : select fieldkey,fieldname,fieldtype,calcformula from wstablefields where tablename = 'fi' and documentnumber = 39
20241119@074604.5706 0uginpke9ach4obarkpfbf081f Query : insert into wsfidata (fistamp,ousrdata, ousrhora, usrdata,usrhora,ousrinis,usrinis ,qtt ,ftstamp ,epv,pvmoeda ,tabiva,iva,lordem ,ref, design ,lote,armazem,bistamp ) values ('aut673c412585673c423c68',getdate(),convert(char(8),convert (time,getdate())),getdate(),convert(char(8),convert (time,getdate())),'wsv','wsv',4.000 ,'aut673c422234673c423991' ,0,0 ,2,23.00,40000,?,?,?,?,?)
20241119@074604.6502 0uginpke9ach4obarkpfbf081f Query : use flama_phc
20241119@074604.6585 0uginpke9ach4obarkpfbf081f Query : select st.usalote valor from st where st.ref = '326.597.00.01'
20241119@074604.6938 0uginpke9ach4obarkpfbf081f Query : select top 1 st.tabiva ,st.ivaincl ,st.stns ,st.uni2 ,st.familia ,isnull(tx.taxa, 0) txiva ,unidade ,usalote ,epcpond ,noserie ,conversao ,st.texteis from st left join taxasiva tx on st.tabiva = tx.codigo where st.ref = '326.597.00.01'
20241119@074604.9362 0uginpke9ach4obarkpfbf081f Query : select 1 valor from information_schema.tables where table_type='base table' and table_name='wstablefields'
20241119@074604.9884 0uginpke9ach4obarkpfbf081f Query : select fieldkey,fieldname,fieldtype,mandatory from wstablefields where tablename = 'fi' and documentnumber = 39
20241119@074605.7050 0uginpke9ach4obarkpfbf081f Query : select 1 valor from information_schema.tables where table_type='base table' and table_name='wstablefields'
20241119@074605.9580 0uginpke9ach4obarkpfbf081f Query : select fieldkey,fieldname,fieldtype,mandatory from wstablefields where tablename = 'fi2' and documentnumber = 39
20241119@074605.1125 0uginpke9ach4obarkpfbf081f Query : select top 1 convert(numeric(6,2),t.taxa) valor from taxasiva t where t.codigo='2'
20241119@074605.1375 0uginpke9ach4obarkpfbf081f Query : select sestamp valor from se where ref ='326.597.00.01' and lote = 'r2400936200a'
20241119@074605.1627 0uginpke9ach4obarkpfbf081f Query : select 1 valor from information_schema.tables where table_type='base table' and table_name='wstablefields'
20241119@074605.1879 0uginpke9ach4obarkpfbf081f Query : select fieldkey,fieldname,fieldtype,calcformula from wstablefields where tablename = 'fi2' and documentnumber = 39
20241119@074605.2087 0uginpke9ach4obarkpfbf081f Query : insert into wsfi2data (fi2stamp,ftstamp ,ousrdata, ousrhora, usrdata,usrhora,ousrinis,usrinis) values ('aut673c499795673c423d27','aut673c422234673c423991' ,getdate(),convert(char(8),convert (time,getdate())),getdate(),convert(char(8),convert (time,getdate())),'wsv','wsv')
20241119@074605.2130 0uginpke9ach4obarkpfbf081f Query : select 1 valor from information_schema.tables where table_type='base table' and table_name='wstablefields'
20241119@074605.2385 0uginpke9ach4obarkpfbf081f Query : select fieldkey,fieldname,fieldtype,calcformula from wstablefields where tablename = 'fi' and documentnumber = 39
20241119@074605.3009 0uginpke9ach4obarkpfbf081f Query : insert into wsfidata (fistamp,ousrdata, ousrhora, usrdata,usrhora,ousrinis,usrinis ,qtt ,ftstamp ,epv,pvmoeda ,tabiva,iva,lordem ,ref, design ,lote,armazem,bistamp ) values ('aut673c499795673c423d27',getdate(),convert(char(8),convert (time,getdate())),getdate(),convert(char(8),convert (time,getdate())),'wsv','wsv',2.000 ,'aut673c422234673c423991' ,0,0 ,2,23.00,50000,?,?,?,?,?)
20241119@074605.3674 0uginpke9ach4obarkpfbf081f Query : insert into wsftcreationlog (initialftstamp,externalid,creationstatus,documenttypeid,idustamp) values ('aut673c422234673c423991','2407663','wait',39,'adm09112754980.682000002')
20241119@074605.4863 0uginpke9ach4obarkpfbf081f Query : use flama_phc
20241119@074605.5027 0uginpke9ach4obarkpfbf081f Query : update u_wsusers set rqsttoken =? where userid ='userls001'
20241119@074605.5694 0uginpke9ach4obarkpfbf081f Query : select concat(rtrim(relative_path),ltrim(name_new)) as valor from uploadfiles where uploadfile_id='3369';
20241119@074605.6157 0uginpke9ach4obarkpfbf081f Query : update uploadfiles set whenupdated=current_timestamp where uploadfile_id='3369';
20241119@074605.6423 0uginpke9ach4obarkpfbf081f Query : select concat(rtrim(relative_path),ltrim(name_new)) as valor from uploadfiles where uploadfile_id='3369';
20241119@074605.6731 0uginpke9ach4obarkpfbf081f Query : update uploadfiles set whenupdated=current_timestamp where uploadfile_id='3369';
20241119@074605.8394 0to984f1f1mk4lbpekkcjiptgt Query : insert into uploadfiles ( name_original, name_new, option_type, relative_path, whencreated ) values ( ?, ?, ?, ?, getdate() )
20241119@074605.8477 0to984f1f1mk4lbpekkcjiptgt Query : select uploadfile_id valor from uploadfiles where name_new = ? and option_type = ? 
20241119@074605.8963 0to984f1f1mk4lbpekkcjiptgt Query : select concat(rtrim(relative_path),ltrim(name_new)) as valor from uploadfiles where uploadfile_id='3370';
20241119@074605.9528 0to984f1f1mk4lbpekkcjiptgt Query : update uploadfiles set whenupdated=current_timestamp where uploadfile_id='3370';
20241119@074605.9878 0to984f1f1mk4lbpekkcjiptgt Query : select concat(rtrim(relative_path),ltrim(name_new)) as valor from uploadfiles where uploadfile_id='3370';
20241119@074606.1840 0to984f1f1mk4lbpekkcjiptgt Query : update uploadfiles set whenupdated=current_timestamp where uploadfile_id='3370';
20241119@074606.6540 0to984f1f1mk4lbpekkcjiptgt Query : use flama_phc
20241119@074606.6960 0to984f1f1mk4lbpekkcjiptgt Query : select top 1 secretkey valor from u_wsusers u where u.userid = ? and u.inactivo=0
20241119@074606.1323 0to984f1f1mk4lbpekkcjiptgt Query : use flama_phc
20241119@074606.1364 0to984f1f1mk4lbpekkcjiptgt Query : select no, estab,szadrsdesc from szadrs where u_coddest=8817
20241119@074606.1819 0to984f1f1mk4lbpekkcjiptgt Query : select top 1 isnull(design,'') valor from st (nolock) left join stobs (nolock) on st.ref = stobs.ref where st.ref = '323.318.09.00'
20241119@074606.2390 0to984f1f1mk4lbpekkcjiptgt Query : select top 1 bistamp valor from bi inner join bo on bo.bostamp=bi.bostamp where bo.ndos =240 and bo.boano =2076 and bo.obrano = 2407665 and bi.ref ='323.318.09.00' and bi.lordem =1
20241119@074606.3199 0to984f1f1mk4lbpekkcjiptgt Query : use flama_phc
20241119@074606.3284 0to984f1f1mk4lbpekkcjiptgt Query : select top 1 convert(date,fdata) valor from ft where ndoc = 39 and anulado= 0 and fno>0 order by fdata desc
20241119@074606.3902 0to984f1f1mk4lbpekkcjiptgt Query : use flama_phc
20241119@074606.3944 0to984f1f1mk4lbpekkcjiptgt Query : select top 1 1 valor from td where td.ndoc = 39
20241119@074606.4317 0to984f1f1mk4lbpekkcjiptgt Query : use flama_phc
20241119@074606.4359 0to984f1f1mk4lbpekkcjiptgt Query : select lower(descricao) descricao ,case when valor='s' then 1 else 0 end valor from para1 where descricao in ('st_lote','st_usalogifunc', 'st_grelha')
20241119@074606.5051 0to984f1f1mk4lbpekkcjiptgt Query : select top 1 manternumero ,assinadoc issigned ,tiposaft ,assinaimp ,nmdos ,td.assinadoc ,'cl' origin ,lancasl stocks ,case when cmsl<50 and td.lancasl=1 then 1 else 0 end entrada ,case when cmsl>50 and td.lancasl=1 then 1 else 0 end saida ,temserie assets ,~semgre usegridfields from td inner join td2 on td.tdstamp=td2.td2stamp where td.ndoc = 1
20241119@074606.5508 0to984f1f1mk4lbpekkcjiptgt Query : use flama_phc
20241119@074606.5551 0to984f1f1mk4lbpekkcjiptgt Query : select top 1 ~inactivo valor from cl where no = '102939' and estab = 0 order by inactivo desc
20241119@074606.6142 0to984f1f1mk4lbpekkcjiptgt Query : use flama_phc
20241119@074606.6183 0to984f1f1mk4lbpekkcjiptgt Query : select top 1 tipodoc,regrd from td where ndoc = 39
20241119@074606.6557 0to984f1f1mk4lbpekkcjiptgt Query : use flama_phc
20241119@074606.6600 0to984f1f1mk4lbpekkcjiptgt Query : select szadrsstamp valor from szadrs where szadrsdesc='espaÇotrans,lda'
20241119@074606.7281 0to984f1f1mk4lbpekkcjiptgt Query : use flama_phc
20241119@074606.7324 0to984f1f1mk4lbpekkcjiptgt Query : select szadrsstamp valor from szadrs where szadrsdesc='rui manuel dias alves'
20241119@074606.7941 0to984f1f1mk4lbpekkcjiptgt Query : use flama_phc
20241119@074606.8024 0to984f1f1mk4lbpekkcjiptgt Query : select 1 valor from td where ndoc = 39
20241119@074606.8368 0to984f1f1mk4lbpekkcjiptgt Query : select top 1 manternumero, tiposaft, nmdos,td.assinadoc from td where td.ndoc = 39
20241119@074606.8660 0to984f1f1mk4lbpekkcjiptgt Query : select 1 valor from information_schema.tables where table_type='base table' and table_name='wstablefields'
20241119@074607.1137 0to984f1f1mk4lbpekkcjiptgt Query : select fieldkey,fieldname,fieldtype,mandatory from wstablefields where tablename = 'ft' and documentnumber = 39
20241119@074607.1645 0to984f1f1mk4lbpekkcjiptgt Query : select 1 valor from information_schema.tables where table_type='base table' and table_name='wstablefields'
20241119@074607.2308 0to984f1f1mk4lbpekkcjiptgt Query : select fieldkey,fieldname,fieldtype,mandatory from wstablefields where tablename = 'ft2' and documentnumber = 39
20241119@074607.3977 0to984f1f1mk4lbpekkcjiptgt Query : select 1 valor from information_schema.tables where table_type='base table' and table_name='wstablefields'
20241119@074607.4368 0to984f1f1mk4lbpekkcjiptgt Query : select fieldkey,fieldname,fieldtype,mandatory from wstablefields where tablename = 'ft3' and documentnumber = 39
20241119@074607.4619 0to984f1f1mk4lbpekkcjiptgt Query : select top 1 ft.fno valor from ft ft where ft.ndoc = 39 and ftano=2024 order by fno desc
20241119@074607.4962 0to984f1f1mk4lbpekkcjiptgt Query : select top 1 ft.fno valor from wsftdata ft where ft.ndoc = 39 and ftano=2024 order by fno desc
20241119@074607.5214 0to984f1f1mk4lbpekkcjiptgt Query : select 1 valor from information_schema.tables where table_type='base table' and table_name='wstablefields'
20241119@074607.5471 0to984f1f1mk4lbpekkcjiptgt Query : select fieldkey,fieldname,fieldtype,calcformula from wstablefields where tablename = 'ft3' and documentnumber = 39
20241119@074607.5762 0to984f1f1mk4lbpekkcjiptgt Query : insert into wsft3data (ft3stamp, ousrdata, ousrhora, usrdata,usrhora,ousrinis,usrinis,taxpointdt ) values ('aut673c440925673c423f70' ,getdate(),convert(char(8),convert (time,getdate())),getdate(),convert(char(8),convert (time,getdate())),'wsv','wsv',?)
20241119@074607.6152 0to984f1f1mk4lbpekkcjiptgt Query : select 1 valor from information_schema.tables where table_type='base table' and table_name='wstablefields'
20241119@074607.6402 0to984f1f1mk4lbpekkcjiptgt Query : select fieldkey,fieldname,fieldtype,calcformula from wstablefields where tablename = 'ft2' and documentnumber = 39
20241119@074607.7105 0to984f1f1mk4lbpekkcjiptgt Query : select top 1 bo.u_nomeenv valor from bo where bo.bostamp=''
20241119@074607.7322 0to984f1f1mk4lbpekkcjiptgt Query : select top 1 bo.u_moradaen valor from bo where bo.bostamp=''
20241119@074607.7531 0to984f1f1mk4lbpekkcjiptgt Query : select top 1 bo.u_codposen valor from bo where bo.bostamp=''
20241119@074607.7738 0to984f1f1mk4lbpekkcjiptgt Query : select top 1 bo.u_localenv valor from bo where bo.bostamp=''
20241119@074607.7945 0to984f1f1mk4lbpekkcjiptgt Query : select top 1 bo.trab5 valor from bo where bo.bostamp=''
20241119@074607.8154 0to984f1f1mk4lbpekkcjiptgt Query : select top 1 bo.serie valor from bo where bo.bostamp=''
20241119@074607.8388 0to984f1f1mk4lbpekkcjiptgt Query : insert into wsft2data (ft2stamp, ousrdata,ousrhora, usrdata,usrhora,ousrinis,usrinis,u_nomeenv ,u_moradaen ,u_codposen ,u_localenv ,u_coddest ,u_codby ) values ('aut673c440925673c423f70',getdate(),convert(char(8),convert (time,getdate())),getdate(),convert(char(8),convert (time,getdate())),'wsv','wsv',?,?,?,?,?,?)
20241119@074607.8993 0to984f1f1mk4lbpekkcjiptgt Query : select top 1 fno valor from wsftdata order by fno desc
20241119@074607.9257 0to984f1f1mk4lbpekkcjiptgt Query : select 1 valor from information_schema.tables where table_type='base table' and table_name='wstablefields'
20241119@074607.9510 0to984f1f1mk4lbpekkcjiptgt Query : select fieldkey,fieldname,fieldtype,calcformula from wstablefields where tablename = 'ft' and documentnumber = 39
20241119@074608.1730 0to984f1f1mk4lbpekkcjiptgt Query : select 'normal' from dummy
20241119@074608.4650 0to984f1f1mk4lbpekkcjiptgt Query : insert into wsftdata (ftstamp, ousrdata,ousrhora, usrdata,usrhora,ousrinis,usrinis,fno,no,estab,fdata,ndoc,moeda,cambio,cambiofixo,ftano,site ,classe ) values ('aut673c440925673c423f70',getdate(),convert(char(8),convert (time,getdate())),getdate(),convert(char(8),convert (time,getdate())),'wsv','wsv',1921,102939,0,'2024-11-19',39,'euro',0,0,2024 ,?,?)
20241119@074608.1307 0to984f1f1mk4lbpekkcjiptgt Query : use flama_phc
20241119@074608.1349 0to984f1f1mk4lbpekkcjiptgt Query : select st.usalote valor from st where st.ref = '323.318.09.00'
20241119@074608.1926 0to984f1f1mk4lbpekkcjiptgt Query : select top 1 st.tabiva ,st.ivaincl ,st.stns ,st.uni2 ,st.familia ,isnull(tx.taxa, 0) txiva ,unidade ,usalote ,epcpond ,noserie ,conversao ,st.texteis from st left join taxasiva tx on st.tabiva = tx.codigo where st.ref = '323.318.09.00'
20241119@074608.2432 0to984f1f1mk4lbpekkcjiptgt Query : select 1 valor from information_schema.tables where table_type='base table' and table_name='wstablefields'
20241119@074608.2686 0to984f1f1mk4lbpekkcjiptgt Query : select fieldkey,fieldname,fieldtype,mandatory from wstablefields where tablename = 'fi' and documentnumber = 39
20241119@074608.3271 0to984f1f1mk4lbpekkcjiptgt Query : select 1 valor from information_schema.tables where table_type='base table' and table_name='wstablefields'
20241119@074608.3589 0to984f1f1mk4lbpekkcjiptgt Query : select fieldkey,fieldname,fieldtype,mandatory from wstablefields where tablename = 'fi2' and documentnumber = 39
20241119@074608.3906 0to984f1f1mk4lbpekkcjiptgt Query : select top 1 convert(numeric(6,2),t.taxa) valor from taxasiva t where t.codigo='2'
20241119@074608.4157 0to984f1f1mk4lbpekkcjiptgt Query : select sestamp valor from se where ref ='323.318.09.00' and lote = 'r2400053200a'
20241119@074608.4408 0to984f1f1mk4lbpekkcjiptgt Query : select 1 valor from information_schema.tables where table_type='base table' and table_name='wstablefields'
20241119@074608.4662 0to984f1f1mk4lbpekkcjiptgt Query : select fieldkey,fieldname,fieldtype,calcformula from wstablefields where tablename = 'fi2' and documentnumber = 39
20241119@074608.5483 0to984f1f1mk4lbpekkcjiptgt Query : insert into wsfi2data (fi2stamp,ftstamp ,ousrdata, ousrhora, usrdata,usrhora,ousrinis,usrinis) values ('aut673c452719673c42406b','aut673c440925673c423f70' ,getdate(),convert(char(8),convert (time,getdate())),getdate(),convert(char(8),convert (time,getdate())),'wsv','wsv')
20241119@074608.5733 0to984f1f1mk4lbpekkcjiptgt Query : select 1 valor from information_schema.tables where table_type='base table' and table_name='wstablefields'
20241119@074608.6448 0to984f1f1mk4lbpekkcjiptgt Query : select fieldkey,fieldname,fieldtype,calcformula from wstablefields where tablename = 'fi' and documentnumber = 39
20241119@074608.7074 0to984f1f1mk4lbpekkcjiptgt Query : insert into wsfidata (fistamp,ousrdata, ousrhora, usrdata,usrhora,ousrinis,usrinis ,qtt ,ftstamp ,epv,pvmoeda ,tabiva,iva,lordem ,ref, design ,lote,armazem,bistamp ) values ('aut673c452719673c42406b',getdate(),convert(char(8),convert (time,getdate())),getdate(),convert(char(8),convert (time,getdate())),'wsv','wsv',4.000 ,'aut673c440925673c423f70' ,0,0 ,2,23.00,10000,?,?,?,?,?)
20241119@074608.7701 0to984f1f1mk4lbpekkcjiptgt Query : insert into wsftcreationlog (initialftstamp,externalid,creationstatus,documenttypeid,idustamp) values ('aut673c440925673c423f70','2407665','wait',39,'adm09112754980.682000002')
20241119@074608.8496 0to984f1f1mk4lbpekkcjiptgt Query : use flama_phc
20241119@074608.8546 0to984f1f1mk4lbpekkcjiptgt Query : update u_wsusers set rqsttoken =? where userid ='userls001'
20241119@074608.8793 0to984f1f1mk4lbpekkcjiptgt Query : select concat(rtrim(relative_path),ltrim(name_new)) as valor from uploadfiles where uploadfile_id='3370';
20241119@074608.9103 0to984f1f1mk4lbpekkcjiptgt Query : update uploadfiles set whenupdated=current_timestamp where uploadfile_id='3370';
20241119@074608.9380 0to984f1f1mk4lbpekkcjiptgt Query : select concat(rtrim(relative_path),ltrim(name_new)) as valor from uploadfiles where uploadfile_id='3370';
20241119@074608.9694 0to984f1f1mk4lbpekkcjiptgt Query : update uploadfiles set whenupdated=current_timestamp where uploadfile_id='3370';
20241119@074609.1573 ks8q8sl6gjjn0t3ikeqhm77faj Query : insert into uploadfiles ( name_original, name_new, option_type, relative_path, whencreated ) values ( ?, ?, ?, ?, getdate() )
20241119@074609.1655 ks8q8sl6gjjn0t3ikeqhm77faj Query : select uploadfile_id valor from uploadfiles where name_new = ? and option_type = ? 
20241119@074609.2137 ks8q8sl6gjjn0t3ikeqhm77faj Query : select concat(rtrim(relative_path),ltrim(name_new)) as valor from uploadfiles where uploadfile_id='3371';
20241119@074609.2516 ks8q8sl6gjjn0t3ikeqhm77faj Query : update uploadfiles set whenupdated=current_timestamp where uploadfile_id='3371';
20241119@074609.2870 ks8q8sl6gjjn0t3ikeqhm77faj Query : select concat(rtrim(relative_path),ltrim(name_new)) as valor from uploadfiles where uploadfile_id='3371';
20241119@074609.3174 ks8q8sl6gjjn0t3ikeqhm77faj Query : update uploadfiles set whenupdated=current_timestamp where uploadfile_id='3371';
20241119@074609.3554 ks8q8sl6gjjn0t3ikeqhm77faj Query : use flama_phc
20241119@074609.3596 ks8q8sl6gjjn0t3ikeqhm77faj Query : select top 1 secretkey valor from u_wsusers u where u.userid = ? and u.inactivo=0
20241119@074609.4215 ks8q8sl6gjjn0t3ikeqhm77faj Query : use flama_phc
20241119@074609.4256 ks8q8sl6gjjn0t3ikeqhm77faj Query : select no, estab,szadrsdesc from szadrs where u_coddest=410
20241119@074609.4691 ks8q8sl6gjjn0t3ikeqhm77faj Query : select top 1 isnull(design,'') valor from st (nolock) left join stobs (nolock) on st.ref = stobs.ref where st.ref = '324.1803.00.1'
20241119@074609.5413 ks8q8sl6gjjn0t3ikeqhm77faj Query : select top 1 bistamp valor from bi inner join bo on bo.bostamp=bi.bostamp where bo.ndos =240 and bo.boano =2076 and bo.obrano = 2407667 and bi.ref ='324.1803.00.1' and bi.lordem =1
20241119@074609.6227 ks8q8sl6gjjn0t3ikeqhm77faj Query : select top 1 isnull(design,'') valor from st (nolock) left join stobs (nolock) on st.ref = stobs.ref where st.ref = '324.1803.00.1'
20241119@074609.6516 ks8q8sl6gjjn0t3ikeqhm77faj Query : select top 1 bistamp valor from bi inner join bo on bo.bostamp=bi.bostamp where bo.ndos =240 and bo.boano =2076 and bo.obrano = 2407667 and bi.ref ='324.1803.00.1' and bi.lordem =2
20241119@074609.7441 ks8q8sl6gjjn0t3ikeqhm77faj Query : use flama_phc
20241119@074609.7483 ks8q8sl6gjjn0t3ikeqhm77faj Query : select top 1 convert(date,fdata) valor from ft where ndoc = 39 and anulado= 0 and fno>0 order by fdata desc
20241119@074609.7937 ks8q8sl6gjjn0t3ikeqhm77faj Query : use flama_phc
20241119@074609.7978 ks8q8sl6gjjn0t3ikeqhm77faj Query : select top 1 1 valor from td where td.ndoc = 39
20241119@074609.8350 ks8q8sl6gjjn0t3ikeqhm77faj Query : use flama_phc
20241119@074609.8392 ks8q8sl6gjjn0t3ikeqhm77faj Query : select lower(descricao) descricao ,case when valor='s' then 1 else 0 end valor from para1 where descricao in ('st_lote','st_usalogifunc', 'st_grelha')
20241119@074609.9810 ks8q8sl6gjjn0t3ikeqhm77faj Query : select top 1 manternumero ,assinadoc issigned ,tiposaft ,assinaimp ,nmdos ,td.assinadoc ,'cl' origin ,lancasl stocks ,case when cmsl<50 and td.lancasl=1 then 1 else 0 end entrada ,case when cmsl>50 and td.lancasl=1 then 1 else 0 end saida ,temserie assets ,~semgre usegridfields from td inner join td2 on td.tdstamp=td2.td2stamp where td.ndoc = 1
20241119@074610.1687 ks8q8sl6gjjn0t3ikeqhm77faj Query : use flama_phc
20241119@074610.1728 ks8q8sl6gjjn0t3ikeqhm77faj Query : select top 1 ~inactivo valor from cl where no = '102212' and estab = 0 order by inactivo desc
20241119@074610.2314 ks8q8sl6gjjn0t3ikeqhm77faj Query : use flama_phc
20241119@074610.2367 ks8q8sl6gjjn0t3ikeqhm77faj Query : select top 1 tipodoc,regrd from td where ndoc = 39
20241119@074610.3600 ks8q8sl6gjjn0t3ikeqhm77faj Query : use flama_phc
20241119@074610.3657 ks8q8sl6gjjn0t3ikeqhm77faj Query : select szadrsstamp valor from szadrs where szadrsdesc='espaÇotrans,lda'
20241119@074610.4112 ks8q8sl6gjjn0t3ikeqhm77faj Query : use flama_phc
20241119@074610.4195 ks8q8sl6gjjn0t3ikeqhm77faj Query : select szadrsstamp valor from szadrs where szadrsdesc='tomarel-soc.tecnica electricidade, lda.'
20241119@074610.4883 ks8q8sl6gjjn0t3ikeqhm77faj Query : use flama_phc
20241119@074610.4925 ks8q8sl6gjjn0t3ikeqhm77faj Query : select 1 valor from td where ndoc = 39
20241119@074610.5184 ks8q8sl6gjjn0t3ikeqhm77faj Query : select top 1 manternumero, tiposaft, nmdos,td.assinadoc from td where td.ndoc = 39
20241119@074610.5482 ks8q8sl6gjjn0t3ikeqhm77faj Query : select 1 valor from information_schema.tables where table_type='base table' and table_name='wstablefields'
20241119@074610.5740 ks8q8sl6gjjn0t3ikeqhm77faj Query : select fieldkey,fieldname,fieldtype,mandatory from wstablefields where tablename = 'ft' and documentnumber = 39
20241119@074610.6156 ks8q8sl6gjjn0t3ikeqhm77faj Query : select 1 valor from information_schema.tables where table_type='base table' and table_name='wstablefields'
20241119@074610.6411 ks8q8sl6gjjn0t3ikeqhm77faj Query : select fieldkey,fieldname,fieldtype,mandatory from wstablefields where tablename = 'ft2' and documentnumber = 39
20241119@074610.7074 ks8q8sl6gjjn0t3ikeqhm77faj Query : select 1 valor from information_schema.tables where table_type='base table' and table_name='wstablefields'
20241119@074610.7330 ks8q8sl6gjjn0t3ikeqhm77faj Query : select fieldkey,fieldname,fieldtype,mandatory from wstablefields where tablename = 'ft3' and documentnumber = 39
20241119@074610.7580 ks8q8sl6gjjn0t3ikeqhm77faj Query : select top 1 ft.fno valor from ft ft where ft.ndoc = 39 and ftano=2024 order by fno desc
20241119@074610.8156 ks8q8sl6gjjn0t3ikeqhm77faj Query : select top 1 ft.fno valor from wsftdata ft where ft.ndoc = 39 and ftano=2024 order by fno desc
20241119@074610.8485 ks8q8sl6gjjn0t3ikeqhm77faj Query : select 1 valor from information_schema.tables where table_type='base table' and table_name='wstablefields'
20241119@074610.8737 ks8q8sl6gjjn0t3ikeqhm77faj Query : select fieldkey,fieldname,fieldtype,calcformula from wstablefields where tablename = 'ft3' and documentnumber = 39
20241119@074610.9028 ks8q8sl6gjjn0t3ikeqhm77faj Query : insert into wsft3data (ft3stamp, ousrdata, ousrhora, usrdata,usrhora,ousrinis,usrinis,taxpointdt ) values ('aut673c461359673c4242b9' ,getdate(),convert(char(8),convert (time,getdate())),getdate(),convert(char(8),convert (time,getdate())),'wsv','wsv',?)
20241119@074610.9419 ks8q8sl6gjjn0t3ikeqhm77faj Query : select 1 valor from information_schema.tables where table_type='base table' and table_name='wstablefields'
20241119@074610.9858 ks8q8sl6gjjn0t3ikeqhm77faj Query : select fieldkey,fieldname,fieldtype,calcformula from wstablefields where tablename = 'ft2' and documentnumber = 39
20241119@074611.5650 ks8q8sl6gjjn0t3ikeqhm77faj Query : select top 1 bo.u_nomeenv valor from bo where bo.bostamp=''
20241119@074611.7730 ks8q8sl6gjjn0t3ikeqhm77faj Query : select top 1 bo.u_moradaen valor from bo where bo.bostamp=''
20241119@074611.9840 ks8q8sl6gjjn0t3ikeqhm77faj Query : select top 1 bo.u_codposen valor from bo where bo.bostamp=''
20241119@074611.1192 ks8q8sl6gjjn0t3ikeqhm77faj Query : select top 1 bo.u_localenv valor from bo where bo.bostamp=''
20241119@074611.1400 ks8q8sl6gjjn0t3ikeqhm77faj Query : select top 1 bo.trab5 valor from bo where bo.bostamp=''
20241119@074611.1607 ks8q8sl6gjjn0t3ikeqhm77faj Query : select top 1 bo.serie valor from bo where bo.bostamp=''
20241119@074611.2061 ks8q8sl6gjjn0t3ikeqhm77faj Query : insert into wsft2data (ft2stamp, ousrdata,ousrhora, usrdata,usrhora,ousrinis,usrinis,u_nomeenv ,u_moradaen ,u_codposen ,u_localenv ,u_coddest ,u_codby ) values ('aut673c461359673c4242b9',getdate(),convert(char(8),convert (time,getdate())),getdate(),convert(char(8),convert (time,getdate())),'wsv','wsv',?,?,?,?,?,?)
20241119@074611.2811 ks8q8sl6gjjn0t3ikeqhm77faj Query : select top 1 fno valor from wsftdata order by fno desc
20241119@074611.3071 ks8q8sl6gjjn0t3ikeqhm77faj Query : select 1 valor from information_schema.tables where table_type='base table' and table_name='wstablefields'
20241119@074611.3324 ks8q8sl6gjjn0t3ikeqhm77faj Query : select fieldkey,fieldname,fieldtype,calcformula from wstablefields where tablename = 'ft' and documentnumber = 39
20241119@074611.3902 ks8q8sl6gjjn0t3ikeqhm77faj Query : select 'normal' from dummy
20241119@074611.4207 ks8q8sl6gjjn0t3ikeqhm77faj Query : insert into wsftdata (ftstamp, ousrdata,ousrhora, usrdata,usrhora,ousrinis,usrinis,fno,no,estab,fdata,ndoc,moeda,cambio,cambiofixo,ftano,site ,classe ) values ('aut673c461359673c4242b9',getdate(),convert(char(8),convert (time,getdate())),getdate(),convert(char(8),convert (time,getdate())),'wsv','wsv',1922,102212,0,'2024-11-19',39,'euro',0,0,2024 ,?,?)
20241119@074611.5317 ks8q8sl6gjjn0t3ikeqhm77faj Query : use flama_phc
20241119@074611.5439 ks8q8sl6gjjn0t3ikeqhm77faj Query : select st.usalote valor from st where st.ref = '324.1803.00.1'
20241119@074611.5960 ks8q8sl6gjjn0t3ikeqhm77faj Query : select top 1 st.tabiva ,st.ivaincl ,st.stns ,st.uni2 ,st.familia ,isnull(tx.taxa, 0) txiva ,unidade ,usalote ,epcpond ,noserie ,conversao ,st.texteis from st left join taxasiva tx on st.tabiva = tx.codigo where st.ref = '324.1803.00.1'
20241119@074611.6476 ks8q8sl6gjjn0t3ikeqhm77faj Query : select 1 valor from information_schema.tables where table_type='base table' and table_name='wstablefields'
20241119@074611.6854 ks8q8sl6gjjn0t3ikeqhm77faj Query : select fieldkey,fieldname,fieldtype,mandatory from wstablefields where tablename = 'fi' and documentnumber = 39
20241119@074611.7503 ks8q8sl6gjjn0t3ikeqhm77faj Query : select 1 valor from information_schema.tables where table_type='base table' and table_name='wstablefields'
20241119@074611.7757 ks8q8sl6gjjn0t3ikeqhm77faj Query : select fieldkey,fieldname,fieldtype,mandatory from wstablefields where tablename = 'fi2' and documentnumber = 39
20241119@074611.7923 ks8q8sl6gjjn0t3ikeqhm77faj Query : select top 1 convert(numeric(6,2),t.taxa) valor from taxasiva t where t.codigo='2'
20241119@074611.8173 ks8q8sl6gjjn0t3ikeqhm77faj Query : select sestamp valor from se where ref ='324.1803.00.1' and lote = 'r2301274200a'
20241119@074611.8423 ks8q8sl6gjjn0t3ikeqhm77faj Query : select 1 valor from information_schema.tables where table_type='base table' and table_name='wstablefields'
20241119@074611.8678 ks8q8sl6gjjn0t3ikeqhm77faj Query : select fieldkey,fieldname,fieldtype,calcformula from wstablefields where tablename = 'fi2' and documentnumber = 39
20241119@074611.8887 ks8q8sl6gjjn0t3ikeqhm77faj Query : insert into wsfi2data (fi2stamp,ftstamp ,ousrdata, ousrhora, usrdata,usrhora,ousrinis,usrinis) values ('aut673c485768673c4243cd','aut673c461359673c4242b9' ,getdate(),convert(char(8),convert (time,getdate())),getdate(),convert(char(8),convert (time,getdate())),'wsv','wsv')
20241119@074611.8931 ks8q8sl6gjjn0t3ikeqhm77faj Query : select 1 valor from information_schema.tables where table_type='base table' and table_name='wstablefields'
20241119@074611.9183 ks8q8sl6gjjn0t3ikeqhm77faj Query : select fieldkey,fieldname,fieldtype,calcformula from wstablefields where tablename = 'fi' and documentnumber = 39
20241119@074611.9807 ks8q8sl6gjjn0t3ikeqhm77faj Query : insert into wsfidata (fistamp,ousrdata, ousrhora, usrdata,usrhora,ousrinis,usrinis ,qtt ,ftstamp ,epv,pvmoeda ,tabiva,iva,lordem ,ref, design ,lote,armazem,bistamp ) values ('aut673c485768673c4243cd',getdate(),convert(char(8),convert (time,getdate())),getdate(),convert(char(8),convert (time,getdate())),'wsv','wsv',7.000 ,'aut673c461359673c4242b9' ,0,0 ,2,23.00,10000,?,?,?,?,?)
20241119@074612.5160 ks8q8sl6gjjn0t3ikeqhm77faj Query : use flama_phc
20241119@074612.5600 ks8q8sl6gjjn0t3ikeqhm77faj Query : select st.usalote valor from st where st.ref = '324.1803.00.1'
20241119@074612.8930 ks8q8sl6gjjn0t3ikeqhm77faj Query : select top 1 st.tabiva ,st.ivaincl ,st.stns ,st.uni2 ,st.familia ,isnull(tx.taxa, 0) txiva ,unidade ,usalote ,epcpond ,noserie ,conversao ,st.texteis from st left join taxasiva tx on st.tabiva = tx.codigo where st.ref = '324.1803.00.1'
20241119@074612.1226 ks8q8sl6gjjn0t3ikeqhm77faj Query : select 1 valor from information_schema.tables where table_type='base table' and table_name='wstablefields'
20241119@074612.2584 ks8q8sl6gjjn0t3ikeqhm77faj Query : select fieldkey,fieldname,fieldtype,mandatory from wstablefields where tablename = 'fi' and documentnumber = 39
20241119@074612.3353 ks8q8sl6gjjn0t3ikeqhm77faj Query : select 1 valor from information_schema.tables where table_type='base table' and table_name='wstablefields'
20241119@074612.3612 ks8q8sl6gjjn0t3ikeqhm77faj Query : select fieldkey,fieldname,fieldtype,mandatory from wstablefields where tablename = 'fi2' and documentnumber = 39
20241119@074612.3789 ks8q8sl6gjjn0t3ikeqhm77faj Query : select top 1 convert(numeric(6,2),t.taxa) valor from taxasiva t where t.codigo='2'
20241119@074612.4039 ks8q8sl6gjjn0t3ikeqhm77faj Query : select sestamp valor from se where ref ='324.1803.00.1' and lote = 'r2301274200a'
20241119@074612.4296 ks8q8sl6gjjn0t3ikeqhm77faj Query : select 1 valor from information_schema.tables where table_type='base table' and table_name='wstablefields'
20241119@074612.4550 ks8q8sl6gjjn0t3ikeqhm77faj Query : select fieldkey,fieldname,fieldtype,calcformula from wstablefields where tablename = 'fi2' and documentnumber = 39
20241119@074612.4757 ks8q8sl6gjjn0t3ikeqhm77faj Query : insert into wsfi2data (fi2stamp,ftstamp ,ousrdata, ousrhora, usrdata,usrhora,ousrinis,usrinis) values ('aut673c407413673c424468','aut673c461359673c4242b9' ,getdate(),convert(char(8),convert (time,getdate())),getdate(),convert(char(8),convert (time,getdate())),'wsv','wsv')
20241119@074612.4800 ks8q8sl6gjjn0t3ikeqhm77faj Query : select 1 valor from information_schema.tables where table_type='base table' and table_name='wstablefields'
20241119@074612.5054 ks8q8sl6gjjn0t3ikeqhm77faj Query : select fieldkey,fieldname,fieldtype,calcformula from wstablefields where tablename = 'fi' and documentnumber = 39
20241119@074612.5682 ks8q8sl6gjjn0t3ikeqhm77faj Query : insert into wsfidata (fistamp,ousrdata, ousrhora, usrdata,usrhora,ousrinis,usrinis ,qtt ,ftstamp ,epv,pvmoeda ,tabiva,iva,lordem ,ref, design ,lote,armazem,bistamp ) values ('aut673c407413673c424468',getdate(),convert(char(8),convert (time,getdate())),getdate(),convert(char(8),convert (time,getdate())),'wsv','wsv',1.000 ,'aut673c461359673c4242b9' ,0,0 ,2,23.00,20000,?,?,?,?,?)
20241119@074612.6475 ks8q8sl6gjjn0t3ikeqhm77faj Query : insert into wsftcreationlog (initialftstamp,externalid,creationstatus,documenttypeid,idustamp) values ('aut673c461359673c4242b9','2407667','wait',39,'adm09112754980.682000002')
20241119@074612.7101 ks8q8sl6gjjn0t3ikeqhm77faj Query : use flama_phc
20241119@074612.7143 ks8q8sl6gjjn0t3ikeqhm77faj Query : update u_wsusers set rqsttoken =? where userid ='userls001'
20241119@074612.7407 ks8q8sl6gjjn0t3ikeqhm77faj Query : select concat(rtrim(relative_path),ltrim(name_new)) as valor from uploadfiles where uploadfile_id='3371';
20241119@074612.7729 ks8q8sl6gjjn0t3ikeqhm77faj Query : update uploadfiles set whenupdated=current_timestamp where uploadfile_id='3371';
20241119@074612.8001 ks8q8sl6gjjn0t3ikeqhm77faj Query : select concat(rtrim(relative_path),ltrim(name_new)) as valor from uploadfiles where uploadfile_id='3371';
20241119@074612.9836 ks8q8sl6gjjn0t3ikeqhm77faj Query : update uploadfiles set whenupdated=current_timestamp where uploadfile_id='3371';
20241119@074613.1550 enpeqmnue41ph350t4ortpio59 Query : insert into uploadfiles ( name_original, name_new, option_type, relative_path, whencreated ) values ( ?, ?, ?, ?, getdate() )
20241119@074613.1564 enpeqmnue41ph350t4ortpio59 Query : select uploadfile_id valor from uploadfiles where name_new = ? and option_type = ? 
20241119@074613.1646 enpeqmnue41ph350t4ortpio59 Query : select concat(rtrim(relative_path),ltrim(name_new)) as valor from uploadfiles where uploadfile_id='3372';
20241119@074613.1710 enpeqmnue41ph350t4ortpio59 Query : update uploadfiles set whenupdated=current_timestamp where uploadfile_id='3372';
20241119@074613.1776 enpeqmnue41ph350t4ortpio59 Query : select concat(rtrim(relative_path),ltrim(name_new)) as valor from uploadfiles where uploadfile_id='3372';
20241119@074613.1811 enpeqmnue41ph350t4ortpio59 Query : update uploadfiles set whenupdated=current_timestamp where uploadfile_id='3372';
20241119@074613.1874 enpeqmnue41ph350t4ortpio59 Query : use flama_phc
20241119@074613.1877 enpeqmnue41ph350t4ortpio59 Query : select top 1 secretkey valor from u_wsusers u where u.userid = ? and u.inactivo=0
20241119@074613.1952 enpeqmnue41ph350t4ortpio59 Query : use flama_phc
20241119@074613.1955 enpeqmnue41ph350t4ortpio59 Query : select no, estab,szadrsdesc from szadrs where u_coddest=2138
20241119@074613.2060 enpeqmnue41ph350t4ortpio59 Query : select top 1 isnull(design,'') valor from st (nolock) left join stobs (nolock) on st.ref = stobs.ref where st.ref = '324.1896.00.1'
20241119@074613.2239 enpeqmnue41ph350t4ortpio59 Query : select top 1 bistamp valor from bi inner join bo on bo.bostamp=bi.bostamp where bo.ndos =240 and bo.boano =2076 and bo.obrano = 2407668 and bi.ref ='324.1896.00.1' and bi.lordem =1
20241119@074613.2596 enpeqmnue41ph350t4ortpio59 Query : select top 1 isnull(design,'') valor from st (nolock) left join stobs (nolock) on st.ref = stobs.ref where st.ref = '324.1462.00.1'
20241119@074613.2923 enpeqmnue41ph350t4ortpio59 Query : select top 1 bistamp valor from bi inner join bo on bo.bostamp=bi.bostamp where bo.ndos =240 and bo.boano =2076 and bo.obrano = 2407668 and bi.ref ='324.1462.00.1' and bi.lordem =2
20241119@074613.3328 enpeqmnue41ph350t4ortpio59 Query : select top 1 isnull(design,'') valor from st (nolock) left join stobs (nolock) on st.ref = stobs.ref where st.ref = '324.1462.00.1'
20241119@074613.3349 enpeqmnue41ph350t4ortpio59 Query : select top 1 bistamp valor from bi inner join bo on bo.bostamp=bi.bostamp where bo.ndos =240 and bo.boano =2076 and bo.obrano = 2407668 and bi.ref ='324.1462.00.1' and bi.lordem =2
20241119@074613.3367 enpeqmnue41ph350t4ortpio59 Query : select top 1 isnull(design,'') valor from st (nolock) left join stobs (nolock) on st.ref = stobs.ref where st.ref = '323.318.09.00'
20241119@074613.3387 enpeqmnue41ph350t4ortpio59 Query : select top 1 bistamp valor from bi inner join bo on bo.bostamp=bi.bostamp where bo.ndos =240 and bo.boano =2076 and bo.obrano = 2407668 and bi.ref ='323.318.09.00' and bi.lordem =4
20241119@074613.3717 enpeqmnue41ph350t4ortpio59 Query : use flama_phc
20241119@074613.3721 enpeqmnue41ph350t4ortpio59 Query : select top 1 convert(date,fdata) valor from ft where ndoc = 39 and anulado= 0 and fno>0 order by fdata desc
20241119@074613.3753 enpeqmnue41ph350t4ortpio59 Query : use flama_phc
20241119@074613.3756 enpeqmnue41ph350t4ortpio59 Query : select top 1 1 valor from td where td.ndoc = 39
20241119@074613.3791 enpeqmnue41ph350t4ortpio59 Query : use flama_phc
20241119@074613.3794 enpeqmnue41ph350t4ortpio59 Query : select lower(descricao) descricao ,case when valor='s' then 1 else 0 end valor from para1 where descricao in ('st_lote','st_usalogifunc', 'st_grelha')
20241119@074613.3824 enpeqmnue41ph350t4ortpio59 Query : select top 1 manternumero ,assinadoc issigned ,tiposaft ,assinaimp ,nmdos ,td.assinadoc ,'cl' origin ,lancasl stocks ,case when cmsl<50 and td.lancasl=1 then 1 else 0 end entrada ,case when cmsl>50 and td.lancasl=1 then 1 else 0 end saida ,temserie assets ,~semgre usegridfields from td inner join td2 on td.tdstamp=td2.td2stamp where td.ndoc = 1
20241119@074613.3860 enpeqmnue41ph350t4ortpio59 Query : use flama_phc
20241119@074613.3863 enpeqmnue41ph350t4ortpio59 Query : select top 1 ~inactivo valor from cl where no = '100404' and estab = 0 order by inactivo desc
20241119@074613.4024 enpeqmnue41ph350t4ortpio59 Query : use flama_phc
20241119@074613.4028 enpeqmnue41ph350t4ortpio59 Query : select top 1 tipodoc,regrd from td where ndoc = 39
20241119@074613.4064 enpeqmnue41ph350t4ortpio59 Query : use flama_phc
20241119@074613.4068 enpeqmnue41ph350t4ortpio59 Query : select szadrsstamp valor from szadrs where szadrsdesc='espaÇotrans,lda'
20241119@074613.4113 enpeqmnue41ph350t4ortpio59 Query : use flama_phc
20241119@074613.4116 enpeqmnue41ph350t4ortpio59 Query : select szadrsstamp valor from szadrs where szadrsdesc='bitranlis, agentes transitára'
20241119@074613.4165 enpeqmnue41ph350t4ortpio59 Query : use flama_phc
20241119@074613.4168 enpeqmnue41ph350t4ortpio59 Query : select 1 valor from td where ndoc = 39
20241119@074613.4181 enpeqmnue41ph350t4ortpio59 Query : select top 1 manternumero, tiposaft, nmdos,td.assinadoc from td where td.ndoc = 39
20241119@074613.4194 enpeqmnue41ph350t4ortpio59 Query : select 1 valor from information_schema.tables where table_type='base table' and table_name='wstablefields'
20241119@074613.4212 enpeqmnue41ph350t4ortpio59 Query : select fieldkey,fieldname,fieldtype,mandatory from wstablefields where tablename = 'ft' and documentnumber = 39
20241119@074613.4231 enpeqmnue41ph350t4ortpio59 Query : select 1 valor from information_schema.tables where table_type='base table' and table_name='wstablefields'
20241119@074613.4248 enpeqmnue41ph350t4ortpio59 Query : select fieldkey,fieldname,fieldtype,mandatory from wstablefields where tablename = 'ft2' and documentnumber = 39
20241119@074613.4281 enpeqmnue41ph350t4ortpio59 Query : select 1 valor from information_schema.tables where table_type='base table' and table_name='wstablefields'
20241119@074613.4297 enpeqmnue41ph350t4ortpio59 Query : select fieldkey,fieldname,fieldtype,mandatory from wstablefields where tablename = 'ft3' and documentnumber = 39
20241119@074613.4312 enpeqmnue41ph350t4ortpio59 Query : select top 1 ft.fno valor from ft ft where ft.ndoc = 39 and ftano=2024 order by fno desc
20241119@074613.4373 enpeqmnue41ph350t4ortpio59 Query : select top 1 ft.fno valor from wsftdata ft where ft.ndoc = 39 and ftano=2024 order by fno desc
20241119@074613.4388 enpeqmnue41ph350t4ortpio59 Query : select 1 valor from information_schema.tables where table_type='base table' and table_name='wstablefields'
20241119@074613.4403 enpeqmnue41ph350t4ortpio59 Query : select fieldkey,fieldname,fieldtype,calcformula from wstablefields where tablename = 'ft3' and documentnumber = 39
20241119@074613.4419 enpeqmnue41ph350t4ortpio59 Query : insert into wsft3data (ft3stamp, ousrdata, ousrhora, usrdata,usrhora,ousrinis,usrinis,taxpointdt ) values ('aut673c405533673c424569' ,getdate(),convert(char(8),convert (time,getdate())),getdate(),convert(char(8),convert (time,getdate())),'wsv','wsv',?)
20241119@074613.4615 enpeqmnue41ph350t4ortpio59 Query : select 1 valor from information_schema.tables where table_type='base table' and table_name='wstablefields'
20241119@074613.4637 enpeqmnue41ph350t4ortpio59 Query : select fieldkey,fieldname,fieldtype,calcformula from wstablefields where tablename = 'ft2' and documentnumber = 39
20241119@074613.4676 enpeqmnue41ph350t4ortpio59 Query : select top 1 bo.u_nomeenv valor from bo where bo.bostamp=''
20241119@074613.4690 enpeqmnue41ph350t4ortpio59 Query : select top 1 bo.u_moradaen valor from bo where bo.bostamp=''
20241119@074613.4701 enpeqmnue41ph350t4ortpio59 Query : select top 1 bo.u_codposen valor from bo where bo.bostamp=''
20241119@074613.4713 enpeqmnue41ph350t4ortpio59 Query : select top 1 bo.u_localenv valor from bo where bo.bostamp=''
20241119@074613.4725 enpeqmnue41ph350t4ortpio59 Query : select top 1 bo.trab5 valor from bo where bo.bostamp=''
20241119@074613.4737 enpeqmnue41ph350t4ortpio59 Query : select top 1 bo.serie valor from bo where bo.bostamp=''
20241119@074613.4749 enpeqmnue41ph350t4ortpio59 Query : insert into wsft2data (ft2stamp, ousrdata,ousrhora, usrdata,usrhora,ousrinis,usrinis,u_nomeenv ,u_moradaen ,u_codposen ,u_localenv ,u_coddest ,u_codby ) values ('aut673c405533673c424569',getdate(),convert(char(8),convert (time,getdate())),getdate(),convert(char(8),convert (time,getdate())),'wsv','wsv',?,?,?,?,?,?)
20241119@074613.5015 enpeqmnue41ph350t4ortpio59 Query : select top 1 fno valor from wsftdata order by fno desc
20241119@074613.5043 enpeqmnue41ph350t4ortpio59 Query : select 1 valor from information_schema.tables where table_type='base table' and table_name='wstablefields'
20241119@074613.5059 enpeqmnue41ph350t4ortpio59 Query : select fieldkey,fieldname,fieldtype,calcformula from wstablefields where tablename = 'ft' and documentnumber = 39
20241119@074613.5083 enpeqmnue41ph350t4ortpio59 Query : select 'normal' from dummy
20241119@074613.5104 enpeqmnue41ph350t4ortpio59 Query : insert into wsftdata (ftstamp, ousrdata,ousrhora, usrdata,usrhora,ousrinis,usrinis,fno,no,estab,fdata,ndoc,moeda,cambio,cambiofixo,ftano,site ,classe ) values ('aut673c405533673c424569',getdate(),convert(char(8),convert (time,getdate())),getdate(),convert(char(8),convert (time,getdate())),'wsv','wsv',1923,100404,0,'2024-11-19',39,'euro',0,0,2024 ,?,?)
20241119@074613.5415 enpeqmnue41ph350t4ortpio59 Query : use flama_phc
20241119@074613.5419 enpeqmnue41ph350t4ortpio59 Query : select st.usalote valor from st where st.ref = '324.1896.00.1'
20241119@074613.5444 enpeqmnue41ph350t4ortpio59 Query : select top 1 st.tabiva ,st.ivaincl ,st.stns ,st.uni2 ,st.familia ,isnull(tx.taxa, 0) txiva ,unidade ,usalote ,epcpond ,noserie ,conversao ,st.texteis from st left join taxasiva tx on st.tabiva = tx.codigo where st.ref = '324.1896.00.1'
20241119@074613.5600 enpeqmnue41ph350t4ortpio59 Query : select 1 valor from information_schema.tables where table_type='base table' and table_name='wstablefields'
20241119@074613.5619 enpeqmnue41ph350t4ortpio59 Query : select fieldkey,fieldname,fieldtype,mandatory from wstablefields where tablename = 'fi' and documentnumber = 39
20241119@074613.5647 enpeqmnue41ph350t4ortpio59 Query : select 1 valor from information_schema.tables where table_type='base table' and table_name='wstablefields'
20241119@074613.5664 enpeqmnue41ph350t4ortpio59 Query : select fieldkey,fieldname,fieldtype,mandatory from wstablefields where tablename = 'fi2' and documentnumber = 39
20241119@074613.5673 enpeqmnue41ph350t4ortpio59 Query : select top 1 convert(numeric(6,2),t.taxa) valor from taxasiva t where t.codigo='2'
20241119@074613.5687 enpeqmnue41ph350t4ortpio59 Query : select sestamp valor from se where ref ='324.1896.00.1' and lote = 'r2101190100a'
20241119@074613.5707 enpeqmnue41ph350t4ortpio59 Query : select 1 valor from information_schema.tables where table_type='base table' and table_name='wstablefields'
20241119@074613.5722 enpeqmnue41ph350t4ortpio59 Query : select fieldkey,fieldname,fieldtype,calcformula from wstablefields where tablename = 'fi2' and documentnumber = 39
20241119@074613.5736 enpeqmnue41ph350t4ortpio59 Query : insert into wsfi2data (fi2stamp,ftstamp ,ousrdata, ousrhora, usrdata,usrhora,ousrinis,usrinis) values ('aut673c403174673c42458b','aut673c405533673c424569' ,getdate(),convert(char(8),convert (time,getdate())),getdate(),convert(char(8),convert (time,getdate())),'wsv','wsv')
20241119@074613.5740 enpeqmnue41ph350t4ortpio59 Query : select 1 valor from information_schema.tables where table_type='base table' and table_name='wstablefields'
20241119@074613.5757 enpeqmnue41ph350t4ortpio59 Query : select fieldkey,fieldname,fieldtype,calcformula from wstablefields where tablename = 'fi' and documentnumber = 39
20241119@074613.5790 enpeqmnue41ph350t4ortpio59 Query : insert into wsfidata (fistamp,ousrdata, ousrhora, usrdata,usrhora,ousrinis,usrinis ,qtt ,ftstamp ,epv,pvmoeda ,tabiva,iva,lordem ,ref, design ,lote,armazem,bistamp ) values ('aut673c403174673c42458b',getdate(),convert(char(8),convert (time,getdate())),getdate(),convert(char(8),convert (time,getdate())),'wsv','wsv',2.000 ,'aut673c405533673c424569' ,0,0 ,2,23.00,10000,?,?,?,?,?)
20241119@074613.6067 enpeqmnue41ph350t4ortpio59 Query : use flama_phc
20241119@074613.6072 enpeqmnue41ph350t4ortpio59 Query : select st.usalote valor from st where st.ref = '324.1462.00.1'
20241119@074613.6098 enpeqmnue41ph350t4ortpio59 Query : select top 1 st.tabiva ,st.ivaincl ,st.stns ,st.uni2 ,st.familia ,isnull(tx.taxa, 0) txiva ,unidade ,usalote ,epcpond ,noserie ,conversao ,st.texteis from st left join taxasiva tx on st.tabiva = tx.codigo where st.ref = '324.1462.00.1'
20241119@074613.6276 enpeqmnue41ph350t4ortpio59 Query : select 1 valor from information_schema.tables where table_type='base table' and table_name='wstablefields'
20241119@074613.6293 enpeqmnue41ph350t4ortpio59 Query : select fieldkey,fieldname,fieldtype,mandatory from wstablefields where tablename = 'fi' and documentnumber = 39
20241119@074613.6322 enpeqmnue41ph350t4ortpio59 Query : select 1 valor from information_schema.tables where table_type='base table' and table_name='wstablefields'
20241119@074613.6345 enpeqmnue41ph350t4ortpio59 Query : select fieldkey,fieldname,fieldtype,mandatory from wstablefields where tablename = 'fi2' and documentnumber = 39
20241119@074613.6356 enpeqmnue41ph350t4ortpio59 Query : select top 1 convert(numeric(6,2),t.taxa) valor from taxasiva t where t.codigo='2'
20241119@074613.6371 enpeqmnue41ph350t4ortpio59 Query : select sestamp valor from se where ref ='324.1462.00.1' and lote = 'r2100211100a'
20241119@074613.6385 enpeqmnue41ph350t4ortpio59 Query : select 1 valor from information_schema.tables where table_type='base table' and table_name='wstablefields'
20241119@074613.6401 enpeqmnue41ph350t4ortpio59 Query : select fieldkey,fieldname,fieldtype,calcformula from wstablefields where tablename = 'fi2' and documentnumber = 39
20241119@074613.6413 enpeqmnue41ph350t4ortpio59 Query : insert into wsfi2data (fi2stamp,ftstamp ,ousrdata, ousrhora, usrdata,usrhora,ousrinis,usrinis) values ('aut673c420164673c42459b','aut673c405533673c424569' ,getdate(),convert(char(8),convert (time,getdate())),getdate(),convert(char(8),convert (time,getdate())),'wsv','wsv')
20241119@074613.6418 enpeqmnue41ph350t4ortpio59 Query : select 1 valor from information_schema.tables where table_type='base table' and table_name='wstablefields'
20241119@074613.6434 enpeqmnue41ph350t4ortpio59 Query : select fieldkey,fieldname,fieldtype,calcformula from wstablefields where tablename = 'fi' and documentnumber = 39
20241119@074613.6462 enpeqmnue41ph350t4ortpio59 Query : insert into wsfidata (fistamp,ousrdata, ousrhora, usrdata,usrhora,ousrinis,usrinis ,qtt ,ftstamp ,epv,pvmoeda ,tabiva,iva,lordem ,ref, design ,lote,armazem,bistamp ) values ('aut673c420164673c42459b',getdate(),convert(char(8),convert (time,getdate())),getdate(),convert(char(8),convert (time,getdate())),'wsv','wsv',19.000 ,'aut673c405533673c424569' ,0,0 ,2,23.00,20000,?,?,?,?,?)
20241119@074613.6820 enpeqmnue41ph350t4ortpio59 Query : use flama_phc
20241119@074613.6823 enpeqmnue41ph350t4ortpio59 Query : select st.usalote valor from st where st.ref = '324.1462.00.1'
20241119@074613.6844 enpeqmnue41ph350t4ortpio59 Query : select top 1 st.tabiva ,st.ivaincl ,st.stns ,st.uni2 ,st.familia ,isnull(tx.taxa, 0) txiva ,unidade ,usalote ,epcpond ,noserie ,conversao ,st.texteis from st left join taxasiva tx on st.tabiva = tx.codigo where st.ref = '324.1462.00.1'
20241119@074613.6859 enpeqmnue41ph350t4ortpio59 Query : select 1 valor from information_schema.tables where table_type='base table' and table_name='wstablefields'
20241119@074613.6874 enpeqmnue41ph350t4ortpio59 Query : select fieldkey,fieldname,fieldtype,mandatory from wstablefields where tablename = 'fi' and documentnumber = 39
20241119@074613.6902 enpeqmnue41ph350t4ortpio59 Query : select 1 valor from information_schema.tables where table_type='base table' and table_name='wstablefields'
20241119@074613.6916 enpeqmnue41ph350t4ortpio59 Query : select fieldkey,fieldname,fieldtype,mandatory from wstablefields where tablename = 'fi2' and documentnumber = 39
20241119@074613.6924 enpeqmnue41ph350t4ortpio59 Query : select top 1 convert(numeric(6,2),t.taxa) valor from taxasiva t where t.codigo='2'
20241119@074613.6937 enpeqmnue41ph350t4ortpio59 Query : select sestamp valor from se where ref ='324.1462.00.1' and lote = 'r2100463100a'
20241119@074613.6956 enpeqmnue41ph350t4ortpio59 Query : select 1 valor from information_schema.tables where table_type='base table' and table_name='wstablefields'
20241119@074613.6971 enpeqmnue41ph350t4ortpio59 Query : select fieldkey,fieldname,fieldtype,calcformula from wstablefields where tablename = 'fi2' and documentnumber = 39
20241119@074613.6984 enpeqmnue41ph350t4ortpio59 Query : insert into wsfi2data (fi2stamp,ftstamp ,ousrdata, ousrhora, usrdata,usrhora,ousrinis,usrinis) values ('aut673c464885673c4245a9','aut673c405533673c424569' ,getdate(),convert(char(8),convert (time,getdate())),getdate(),convert(char(8),convert (time,getdate())),'wsv','wsv')
20241119@074613.6989 enpeqmnue41ph350t4ortpio59 Query : select 1 valor from information_schema.tables where table_type='base table' and table_name='wstablefields'
20241119@074613.7004 enpeqmnue41ph350t4ortpio59 Query : select fieldkey,fieldname,fieldtype,calcformula from wstablefields where tablename = 'fi' and documentnumber = 39
20241119@074613.7034 enpeqmnue41ph350t4ortpio59 Query : insert into wsfidata (fistamp,ousrdata, ousrhora, usrdata,usrhora,ousrinis,usrinis ,qtt ,ftstamp ,epv,pvmoeda ,tabiva,iva,lordem ,ref, design ,lote,armazem,bistamp ) values ('aut673c464885673c4245a9',getdate(),convert(char(8),convert (time,getdate())),getdate(),convert(char(8),convert (time,getdate())),'wsv','wsv',5.000 ,'aut673c405533673c424569' ,0,0 ,2,23.00,30000,?,?,?,?,?)
20241119@074613.7309 enpeqmnue41ph350t4ortpio59 Query : use flama_phc
20241119@074613.7313 enpeqmnue41ph350t4ortpio59 Query : select st.usalote valor from st where st.ref = '323.318.09.00'
20241119@074613.7334 enpeqmnue41ph350t4ortpio59 Query : select top 1 st.tabiva ,st.ivaincl ,st.stns ,st.uni2 ,st.familia ,isnull(tx.taxa, 0) txiva ,unidade ,usalote ,epcpond ,noserie ,conversao ,st.texteis from st left join taxasiva tx on st.tabiva = tx.codigo where st.ref = '323.318.09.00'
20241119@074613.7347 enpeqmnue41ph350t4ortpio59 Query : select 1 valor from information_schema.tables where table_type='base table' and table_name='wstablefields'
20241119@074613.7364 enpeqmnue41ph350t4ortpio59 Query : select fieldkey,fieldname,fieldtype,mandatory from wstablefields where tablename = 'fi' and documentnumber = 39
20241119@074613.7392 enpeqmnue41ph350t4ortpio59 Query : select 1 valor from information_schema.tables where table_type='base table' and table_name='wstablefields'
20241119@074613.7410 enpeqmnue41ph350t4ortpio59 Query : select fieldkey,fieldname,fieldtype,mandatory from wstablefields where tablename = 'fi2' and documentnumber = 39
20241119@074613.7420 enpeqmnue41ph350t4ortpio59 Query : select top 1 convert(numeric(6,2),t.taxa) valor from taxasiva t where t.codigo='2'
20241119@074613.7434 enpeqmnue41ph350t4ortpio59 Query : select sestamp valor from se where ref ='323.318.09.00' and lote = 'r2400053200a'
20241119@074613.7448 enpeqmnue41ph350t4ortpio59 Query : select 1 valor from information_schema.tables where table_type='base table' and table_name='wstablefields'
20241119@074613.7463 enpeqmnue41ph350t4ortpio59 Query : select fieldkey,fieldname,fieldtype,calcformula from wstablefields where tablename = 'fi2' and documentnumber = 39
20241119@074613.7474 enpeqmnue41ph350t4ortpio59 Query : insert into wsfi2data (fi2stamp,ftstamp ,ousrdata, ousrhora, usrdata,usrhora,ousrinis,usrinis) values ('aut673c484894673c4245b5','aut673c405533673c424569' ,getdate(),convert(char(8),convert (time,getdate())),getdate(),convert(char(8),convert (time,getdate())),'wsv','wsv')
20241119@074613.7484 enpeqmnue41ph350t4ortpio59 Query : select 1 valor from information_schema.tables where table_type='base table' and table_name='wstablefields'
20241119@074613.7500 enpeqmnue41ph350t4ortpio59 Query : select fieldkey,fieldname,fieldtype,calcformula from wstablefields where tablename = 'fi' and documentnumber = 39
20241119@074613.7527 enpeqmnue41ph350t4ortpio59 Query : insert into wsfidata (fistamp,ousrdata, ousrhora, usrdata,usrhora,ousrinis,usrinis ,qtt ,ftstamp ,epv,pvmoeda ,tabiva,iva,lordem ,ref, design ,lote,armazem,bistamp ) values ('aut673c484894673c4245b5',getdate(),convert(char(8),convert (time,getdate())),getdate(),convert(char(8),convert (time,getdate())),'wsv','wsv',12.000 ,'aut673c405533673c424569' ,0,0 ,2,23.00,40000,?,?,?,?,?)
20241119@074613.7961 enpeqmnue41ph350t4ortpio59 Query : insert into wsftcreationlog (initialftstamp,externalid,creationstatus,documenttypeid,idustamp) values ('aut673c405533673c424569','2407668','wait',39,'adm09112754980.682000002')
20241119@074613.8113 enpeqmnue41ph350t4ortpio59 Query : use flama_phc
20241119@074613.8117 enpeqmnue41ph350t4ortpio59 Query : update u_wsusers set rqsttoken =? where userid ='userls001'
20241119@074613.8160 enpeqmnue41ph350t4ortpio59 Query : select concat(rtrim(relative_path),ltrim(name_new)) as valor from uploadfiles where uploadfile_id='3372';
20241119@074613.8200 enpeqmnue41ph350t4ortpio59 Query : update uploadfiles set whenupdated=current_timestamp where uploadfile_id='3372';
20241119@074613.8256 enpeqmnue41ph350t4ortpio59 Query : select concat(rtrim(relative_path),ltrim(name_new)) as valor from uploadfiles where uploadfile_id='3372';
20241119@074613.8294 enpeqmnue41ph350t4ortpio59 Query : update uploadfiles set whenupdated=current_timestamp where uploadfile_id='3372';
20241119@074613.8821 s7hvf1revdq2skmlfp2qr8him3 Query : insert into uploadfiles ( name_original, name_new, option_type, relative_path, whencreated ) values ( ?, ?, ?, ?, getdate() )
20241119@074613.8833 s7hvf1revdq2skmlfp2qr8him3 Query : select uploadfile_id valor from uploadfiles where name_new = ? and option_type = ? 
20241119@074613.8902 s7hvf1revdq2skmlfp2qr8him3 Query : select concat(rtrim(relative_path),ltrim(name_new)) as valor from uploadfiles where uploadfile_id='3373';
20241119@074613.8968 s7hvf1revdq2skmlfp2qr8him3 Query : update uploadfiles set whenupdated=current_timestamp where uploadfile_id='3373';
20241119@074613.9030 s7hvf1revdq2skmlfp2qr8him3 Query : select concat(rtrim(relative_path),ltrim(name_new)) as valor from uploadfiles where uploadfile_id='3373';
20241119@074613.9065 s7hvf1revdq2skmlfp2qr8him3 Query : update uploadfiles set whenupdated=current_timestamp where uploadfile_id='3373';
20241119@074613.9129 s7hvf1revdq2skmlfp2qr8him3 Query : use flama_phc
20241119@074613.9133 s7hvf1revdq2skmlfp2qr8him3 Query : select top 1 secretkey valor from u_wsusers u where u.userid = ? and u.inactivo=0
20241119@074613.9205 s7hvf1revdq2skmlfp2qr8him3 Query : use flama_phc
20241119@074613.9210 s7hvf1revdq2skmlfp2qr8him3 Query : select no, estab,szadrsdesc from szadrs where u_coddest=2410
20241119@074613.9321 s7hvf1revdq2skmlfp2qr8him3 Query : select top 1 isnull(design,'') valor from st (nolock) left join stobs (nolock) on st.ref = stobs.ref where st.ref = '304.4005.00.2'
20241119@074613.9505 s7hvf1revdq2skmlfp2qr8him3 Query : select top 1 bistamp valor from bi inner join bo on bo.bostamp=bi.bostamp where bo.ndos =240 and bo.boano =2076 and bo.obrano = 2407669 and bi.ref ='304.4005.00.2' and bi.lordem =1
20241119@074614.9000 s7hvf1revdq2skmlfp2qr8him3 Query : select top 1 isnull(design,'') valor from st (nolock) left join stobs (nolock) on st.ref = stobs.ref where st.ref = '324.658.00.01'
20241119@074614.2840 s7hvf1revdq2skmlfp2qr8him3 Query : select top 1 bistamp valor from bi inner join bo on bo.bostamp=bi.bostamp where bo.ndos =240 and bo.boano =2076 and bo.obrano = 2407669 and bi.ref ='324.658.00.01' and bi.lordem =2
20241119@074614.6580 s7hvf1revdq2skmlfp2qr8him3 Query : use flama_phc
20241119@074614.6620 s7hvf1revdq2skmlfp2qr8him3 Query : select top 1 convert(date,fdata) valor from ft where ndoc = 39 and anulado= 0 and fno>0 order by fdata desc
20241119@074614.7010 s7hvf1revdq2skmlfp2qr8him3 Query : use flama_phc
20241119@074614.7040 s7hvf1revdq2skmlfp2qr8him3 Query : select top 1 1 valor from td where td.ndoc = 39
20241119@074614.7380 s7hvf1revdq2skmlfp2qr8him3 Query : use flama_phc
20241119@074614.7410 s7hvf1revdq2skmlfp2qr8him3 Query : select lower(descricao) descricao ,case when valor='s' then 1 else 0 end valor from para1 where descricao in ('st_lote','st_usalogifunc', 'st_grelha')
20241119@074614.7730 s7hvf1revdq2skmlfp2qr8him3 Query : select top 1 manternumero ,assinadoc issigned ,tiposaft ,assinaimp ,nmdos ,td.assinadoc ,'cl' origin ,lancasl stocks ,case when cmsl<50 and td.lancasl=1 then 1 else 0 end entrada ,case when cmsl>50 and td.lancasl=1 then 1 else 0 end saida ,temserie assets ,~semgre usegridfields from td inner join td2 on td.tdstamp=td2.td2stamp where td.ndoc = 1
20241119@074614.8130 s7hvf1revdq2skmlfp2qr8him3 Query : use flama_phc
20241119@074614.8170 s7hvf1revdq2skmlfp2qr8him3 Query : select top 1 ~inactivo valor from cl where no = '102553' and estab = 0 order by inactivo desc
20241119@074614.9880 s7hvf1revdq2skmlfp2qr8him3 Query : use flama_phc
20241119@074614.9920 s7hvf1revdq2skmlfp2qr8him3 Query : select top 1 tipodoc,regrd from td where ndoc = 39
20241119@074614.1029 s7hvf1revdq2skmlfp2qr8him3 Query : use flama_phc
20241119@074614.1033 s7hvf1revdq2skmlfp2qr8him3 Query : select szadrsstamp valor from szadrs where szadrsdesc='espaÇotrans,lda'
20241119@074614.1073 s7hvf1revdq2skmlfp2qr8him3 Query : use flama_phc
20241119@074614.1076 s7hvf1revdq2skmlfp2qr8him3 Query : select szadrsstamp valor from szadrs where szadrsdesc='tanqueluz - importaÇÃo, exportaÇÃo e comÉrcio de materi'
20241119@074614.1126 s7hvf1revdq2skmlfp2qr8him3 Query : use flama_phc
20241119@074614.1130 s7hvf1revdq2skmlfp2qr8him3 Query : select 1 valor from td where ndoc = 39
20241119@074614.1144 s7hvf1revdq2skmlfp2qr8him3 Query : select top 1 manternumero, tiposaft, nmdos,td.assinadoc from td where td.ndoc = 39
20241119@074614.1159 s7hvf1revdq2skmlfp2qr8him3 Query : select 1 valor from information_schema.tables where table_type='base table' and table_name='wstablefields'
20241119@074614.1176 s7hvf1revdq2skmlfp2qr8him3 Query : select fieldkey,fieldname,fieldtype,mandatory from wstablefields where tablename = 'ft' and documentnumber = 39
20241119@074614.1194 s7hvf1revdq2skmlfp2qr8him3 Query : select 1 valor from information_schema.tables where table_type='base table' and table_name='wstablefields'
20241119@074614.1209 s7hvf1revdq2skmlfp2qr8him3 Query : select fieldkey,fieldname,fieldtype,mandatory from wstablefields where tablename = 'ft2' and documentnumber = 39
20241119@074614.1239 s7hvf1revdq2skmlfp2qr8him3 Query : select 1 valor from information_schema.tables where table_type='base table' and table_name='wstablefields'
20241119@074614.1253 s7hvf1revdq2skmlfp2qr8him3 Query : select fieldkey,fieldname,fieldtype,mandatory from wstablefields where tablename = 'ft3' and documentnumber = 39
20241119@074614.1266 s7hvf1revdq2skmlfp2qr8him3 Query : select top 1 ft.fno valor from ft ft where ft.ndoc = 39 and ftano=2024 order by fno desc
20241119@074614.1324 s7hvf1revdq2skmlfp2qr8him3 Query : select top 1 ft.fno valor from wsftdata ft where ft.ndoc = 39 and ftano=2024 order by fno desc
20241119@074614.1343 s7hvf1revdq2skmlfp2qr8him3 Query : select 1 valor from information_schema.tables where table_type='base table' and table_name='wstablefields'
20241119@074614.1359 s7hvf1revdq2skmlfp2qr8him3 Query : select fieldkey,fieldname,fieldtype,calcformula from wstablefields where tablename = 'ft3' and documentnumber = 39
20241119@074614.1375 s7hvf1revdq2skmlfp2qr8him3 Query : insert into wsft3data (ft3stamp, ousrdata, ousrhora, usrdata,usrhora,ousrinis,usrinis,taxpointdt ) values ('aut673c425221673c42461e' ,getdate(),convert(char(8),convert (time,getdate())),getdate(),convert(char(8),convert (time,getdate())),'wsv','wsv',?)
20241119@074614.1557 s7hvf1revdq2skmlfp2qr8him3 Query : select 1 valor from information_schema.tables where table_type='base table' and table_name='wstablefields'
20241119@074614.1587 s7hvf1revdq2skmlfp2qr8him3 Query : select fieldkey,fieldname,fieldtype,calcformula from wstablefields where tablename = 'ft2' and documentnumber = 39
20241119@074614.1621 s7hvf1revdq2skmlfp2qr8him3 Query : select top 1 bo.u_nomeenv valor from bo where bo.bostamp=''
20241119@074614.1634 s7hvf1revdq2skmlfp2qr8him3 Query : select top 1 bo.u_moradaen valor from bo where bo.bostamp=''
20241119@074614.1648 s7hvf1revdq2skmlfp2qr8him3 Query : select top 1 bo.u_codposen valor from bo where bo.bostamp=''
20241119@074614.1661 s7hvf1revdq2skmlfp2qr8him3 Query : select top 1 bo.u_localenv valor from bo where bo.bostamp=''
20241119@074614.1673 s7hvf1revdq2skmlfp2qr8him3 Query : select top 1 bo.trab5 valor from bo where bo.bostamp=''
20241119@074614.1688 s7hvf1revdq2skmlfp2qr8him3 Query : select top 1 bo.serie valor from bo where bo.bostamp=''
20241119@074614.1714 s7hvf1revdq2skmlfp2qr8him3 Query : insert into wsft2data (ft2stamp, ousrdata,ousrhora, usrdata,usrhora,ousrinis,usrinis,u_nomeenv ,u_moradaen ,u_codposen ,u_localenv ,u_coddest ,u_codby ) values ('aut673c425221673c42461e',getdate(),convert(char(8),convert (time,getdate())),getdate(),convert(char(8),convert (time,getdate())),'wsv','wsv',?,?,?,?,?,?)
20241119@074614.2000 s7hvf1revdq2skmlfp2qr8him3 Query : select top 1 fno valor from wsftdata order by fno desc
20241119@074614.2155 s7hvf1revdq2skmlfp2qr8him3 Query : select 1 valor from information_schema.tables where table_type='base table' and table_name='wstablefields'
20241119@074614.2175 s7hvf1revdq2skmlfp2qr8him3 Query : select fieldkey,fieldname,fieldtype,calcformula from wstablefields where tablename = 'ft' and documentnumber = 39
20241119@074614.2213 s7hvf1revdq2skmlfp2qr8him3 Query : select 'normal' from dummy
20241119@074614.2249 s7hvf1revdq2skmlfp2qr8him3 Query : insert into wsftdata (ftstamp, ousrdata,ousrhora, usrdata,usrhora,ousrinis,usrinis,fno,no,estab,fdata,ndoc,moeda,cambio,cambiofixo,ftano,site ,classe ) values ('aut673c425221673c42461e',getdate(),convert(char(8),convert (time,getdate())),getdate(),convert(char(8),convert (time,getdate())),'wsv','wsv',1924,102553,0,'2024-11-19',39,'euro',0,0,2024 ,?,?)
20241119@074614.2666 s7hvf1revdq2skmlfp2qr8him3 Query : use flama_phc
20241119@074614.2670 s7hvf1revdq2skmlfp2qr8him3 Query : select st.usalote valor from st where st.ref = '304.4005.00.2'
20241119@074614.2792 s7hvf1revdq2skmlfp2qr8him3 Query : select top 1 st.tabiva ,st.ivaincl ,st.stns ,st.uni2 ,st.familia ,isnull(tx.taxa, 0) txiva ,unidade ,usalote ,epcpond ,noserie ,conversao ,st.texteis from st left join taxasiva tx on st.tabiva = tx.codigo where st.ref = '304.4005.00.2'
20241119@074614.2972 s7hvf1revdq2skmlfp2qr8him3 Query : select 1 valor from information_schema.tables where table_type='base table' and table_name='wstablefields'
20241119@074614.3082 s7hvf1revdq2skmlfp2qr8him3 Query : select fieldkey,fieldname,fieldtype,mandatory from wstablefields where tablename = 'fi' and documentnumber = 39
20241119@074614.3117 s7hvf1revdq2skmlfp2qr8him3 Query : select 1 valor from information_schema.tables where table_type='base table' and table_name='wstablefields'
20241119@074614.3138 s7hvf1revdq2skmlfp2qr8him3 Query : select fieldkey,fieldname,fieldtype,mandatory from wstablefields where tablename = 'fi2' and documentnumber = 39
20241119@074614.3148 s7hvf1revdq2skmlfp2qr8him3 Query : select top 1 convert(numeric(6,2),t.taxa) valor from taxasiva t where t.codigo='2'
20241119@074614.3163 s7hvf1revdq2skmlfp2qr8him3 Query : select sestamp valor from se where ref ='304.4005.00.2' and lote = '211257'
20241119@074614.3198 s7hvf1revdq2skmlfp2qr8him3 Query : select 1 valor from information_schema.tables where table_type='base table' and table_name='wstablefields'
20241119@074614.3233 s7hvf1revdq2skmlfp2qr8him3 Query : select fieldkey,fieldname,fieldtype,calcformula from wstablefields where tablename = 'fi2' and documentnumber = 39
20241119@074614.3247 s7hvf1revdq2skmlfp2qr8him3 Query : insert into wsfi2data (fi2stamp,ftstamp ,ousrdata, ousrhora, usrdata,usrhora,ousrinis,usrinis) values ('aut673c489753673c42464e','aut673c425221673c42461e' ,getdate(),convert(char(8),convert (time,getdate())),getdate(),convert(char(8),convert (time,getdate())),'wsv','wsv')
20241119@074614.3252 s7hvf1revdq2skmlfp2qr8him3 Query : select 1 valor from information_schema.tables where table_type='base table' and table_name='wstablefields'
20241119@074614.3270 s7hvf1revdq2skmlfp2qr8him3 Query : select fieldkey,fieldname,fieldtype,calcformula from wstablefields where tablename = 'fi' and documentnumber = 39
20241119@074614.3302 s7hvf1revdq2skmlfp2qr8him3 Query : insert into wsfidata (fistamp,ousrdata, ousrhora, usrdata,usrhora,ousrinis,usrinis ,qtt ,ftstamp ,epv,pvmoeda ,tabiva,iva,lordem ,ref, design ,lote,armazem,bistamp ) values ('aut673c489753673c42464e',getdate(),convert(char(8),convert (time,getdate())),getdate(),convert(char(8),convert (time,getdate())),'wsv','wsv',8.000 ,'aut673c425221673c42461e' ,0,0 ,2,23.00,10000,?,?,?,?,?)
20241119@074614.3662 s7hvf1revdq2skmlfp2qr8him3 Query : use flama_phc
20241119@074614.3666 s7hvf1revdq2skmlfp2qr8him3 Query : select st.usalote valor from st where st.ref = '324.658.00.01'
20241119@074614.3693 s7hvf1revdq2skmlfp2qr8him3 Query : select top 1 st.tabiva ,st.ivaincl ,st.stns ,st.uni2 ,st.familia ,isnull(tx.taxa, 0) txiva ,unidade ,usalote ,epcpond ,noserie ,conversao ,st.texteis from st left join taxasiva tx on st.tabiva = tx.codigo where st.ref = '324.658.00.01'
20241119@074614.3845 s7hvf1revdq2skmlfp2qr8him3 Query : select 1 valor from information_schema.tables where table_type='base table' and table_name='wstablefields'
20241119@074614.3862 s7hvf1revdq2skmlfp2qr8him3 Query : select fieldkey,fieldname,fieldtype,mandatory from wstablefields where tablename = 'fi' and documentnumber = 39
20241119@074614.3888 s7hvf1revdq2skmlfp2qr8him3 Query : select 1 valor from information_schema.tables where table_type='base table' and table_name='wstablefields'
20241119@074614.3903 s7hvf1revdq2skmlfp2qr8him3 Query : select fieldkey,fieldname,fieldtype,mandatory from wstablefields where tablename = 'fi2' and documentnumber = 39
20241119@074614.3913 s7hvf1revdq2skmlfp2qr8him3 Query : select top 1 convert(numeric(6,2),t.taxa) valor from taxasiva t where t.codigo='2'
20241119@074614.3927 s7hvf1revdq2skmlfp2qr8him3 Query : select sestamp valor from se where ref ='324.658.00.01' and lote = 'r2300819200a'
20241119@074614.3943 s7hvf1revdq2skmlfp2qr8him3 Query : select 1 valor from information_schema.tables where table_type='base table' and table_name='wstablefields'
20241119@074614.3959 s7hvf1revdq2skmlfp2qr8him3 Query : select fieldkey,fieldname,fieldtype,calcformula from wstablefields where tablename = 'fi2' and documentnumber = 39
20241119@074614.3973 s7hvf1revdq2skmlfp2qr8him3 Query : insert into wsfi2data (fi2stamp,ftstamp ,ousrdata, ousrhora, usrdata,usrhora,ousrinis,usrinis) values ('aut673c404625673c424660','aut673c425221673c42461e' ,getdate(),convert(char(8),convert (time,getdate())),getdate(),convert(char(8),convert (time,getdate())),'wsv','wsv')
20241119@074614.3978 s7hvf1revdq2skmlfp2qr8him3 Query : select 1 valor from information_schema.tables where table_type='base table' and table_name='wstablefields'
20241119@074614.3995 s7hvf1revdq2skmlfp2qr8him3 Query : select fieldkey,fieldname,fieldtype,calcformula from wstablefields where tablename = 'fi' and documentnumber = 39
20241119@074614.4030 s7hvf1revdq2skmlfp2qr8him3 Query : insert into wsfidata (fistamp,ousrdata, ousrhora, usrdata,usrhora,ousrinis,usrinis ,qtt ,ftstamp ,epv,pvmoeda ,tabiva,iva,lordem ,ref, design ,lote,armazem,bistamp ) values ('aut673c404625673c424660',getdate(),convert(char(8),convert (time,getdate())),getdate(),convert(char(8),convert (time,getdate())),'wsv','wsv',12.000 ,'aut673c425221673c42461e' ,0,0 ,2,23.00,20000,?,?,?,?,?)
20241119@074614.4310 s7hvf1revdq2skmlfp2qr8him3 Query : select 1 valor from information_schema.tables where table_type='base table' and table_name='wstablefields'
20241119@074614.4328 s7hvf1revdq2skmlfp2qr8him3 Query : select fieldkey,fieldname,fieldtype,mandatory from wstablefields where tablename = 'fi' and documentnumber = 39
20241119@074614.4423 s7hvf1revdq2skmlfp2qr8him3 Query : select 1 valor from information_schema.tables where table_type='base table' and table_name='wstablefields'
20241119@074614.4441 s7hvf1revdq2skmlfp2qr8him3 Query : select fieldkey,fieldname,fieldtype,mandatory from wstablefields where tablename = 'fi2' and documentnumber = 39
20241119@074614.4451 s7hvf1revdq2skmlfp2qr8him3 Query : select top 1 convert(numeric(6,2),t.taxa) valor from taxasiva t where t.codigo='2'
20241119@074614.4465 s7hvf1revdq2skmlfp2qr8him3 Query : select 1 valor from information_schema.tables where table_type='base table' and table_name='wstablefields'
20241119@074614.4480 s7hvf1revdq2skmlfp2qr8him3 Query : select fieldkey,fieldname,fieldtype,calcformula from wstablefields where tablename = 'fi2' and documentnumber = 39
20241119@074614.4493 s7hvf1revdq2skmlfp2qr8him3 Query : insert into wsfi2data (fi2stamp,ftstamp ,ousrdata, ousrhora, usrdata,usrhora,ousrinis,usrinis) values ('aut673c411281673c42466d','aut673c425221673c42461e' ,getdate(),convert(char(8),convert (time,getdate())),getdate(),convert(char(8),convert (time,getdate())),'wsv','wsv')
20241119@074614.4498 s7hvf1revdq2skmlfp2qr8him3 Query : select 1 valor from information_schema.tables where table_type='base table' and table_name='wstablefields'
20241119@074614.4516 s7hvf1revdq2skmlfp2qr8him3 Query : select fieldkey,fieldname,fieldtype,calcformula from wstablefields where tablename = 'fi' and documentnumber = 39
20241119@074614.4549 s7hvf1revdq2skmlfp2qr8him3 Query : insert into wsfidata (fistamp,ousrdata, ousrhora, usrdata,usrhora,ousrinis,usrinis ,qtt ,ftstamp ,epv,pvmoeda ,tabiva,iva,lordem ,ref, design ,armazem) values ('aut673c411281673c42466d',getdate(),convert(char(8),convert (time,getdate())),getdate(),convert(char(8),convert (time,getdate())),'wsv','wsv',0 ,'aut673c425221673c42461e' ,0,0 ,2,23.00,30000,?,?,?)
20241119@074614.4828 s7hvf1revdq2skmlfp2qr8him3 Query : insert into wsftcreationlog (initialftstamp,externalid,creationstatus,documenttypeid,idustamp) values ('aut673c425221673c42461e','2407669','wait',39,'adm09112754980.682000002')
20241119@074614.4905 s7hvf1revdq2skmlfp2qr8him3 Query : use flama_phc
20241119@074614.4909 s7hvf1revdq2skmlfp2qr8him3 Query : update u_wsusers set rqsttoken =? where userid ='userls001'
20241119@074614.4946 s7hvf1revdq2skmlfp2qr8him3 Query : select concat(rtrim(relative_path),ltrim(name_new)) as valor from uploadfiles where uploadfile_id='3373';
20241119@074614.4987 s7hvf1revdq2skmlfp2qr8him3 Query : update uploadfiles set whenupdated=current_timestamp where uploadfile_id='3373';
20241119@074614.5037 s7hvf1revdq2skmlfp2qr8him3 Query : select concat(rtrim(relative_path),ltrim(name_new)) as valor from uploadfiles where uploadfile_id='3373';
20241119@074614.5072 s7hvf1revdq2skmlfp2qr8him3 Query : update uploadfiles set whenupdated=current_timestamp where uploadfile_id='3373';

20241119@180738.6787 vuna1gb6e318v11qf3vrb43i0k Query : update uploadfiles set whenupdated=current_timestamp where uploadfile_id='3374';
20241119@180738.7675 vuna1gb6e318v11qf3vrb43i0k Query : select concat(rtrim(relative_path),ltrim(name_new)) as valor from uploadfiles where uploadfile_id='3374';
20241119@180738.8521 vuna1gb6e318v11qf3vrb43i0k Query : update uploadfiles set whenupdated=current_timestamp where uploadfile_id='3374';
20241119@180738.8869 vuna1gb6e318v11qf3vrb43i0k Query : use flama_phc
20241119@180738.8910 vuna1gb6e318v11qf3vrb43i0k Query : select top 1 secretkey valor from u_wsusers u where u.userid = ? and u.inactivo=0
20241119@180738.9607 vuna1gb6e318v11qf3vrb43i0k Query : use flama_phc
20241119@180738.9648 vuna1gb6e318v11qf3vrb43i0k Query : select no, estab,szadrsdesc from szadrs where u_coddest=2459
20241119@180739.4200 vuna1gb6e318v11qf3vrb43i0k Query : select top 1 isnull(design,'') valor from st (nolock) left join stobs (nolock) on st.ref = stobs.ref where st.ref = '324.2300.00.1'
20241119@180739.5390 vuna1gb6e318v11qf3vrb43i0k Query : select top 1 bistamp valor from bi inner join bo on bo.bostamp=bi.bostamp where bo.ndos =240 and bo.boano =2076 and bo.obrano = 2407683 and bi.ref ='324.2300.00.1' and bi.lordem =1
20241119@180739.1368 vuna1gb6e318v11qf3vrb43i0k Query : select top 1 isnull(design,'') valor from st (nolock) left join stobs (nolock) on st.ref = stobs.ref where st.ref = '324.2300.00.1'
20241119@180739.1657 vuna1gb6e318v11qf3vrb43i0k Query : select top 1 bistamp valor from bi inner join bo on bo.bostamp=bi.bostamp where bo.ndos =240 and bo.boano =2076 and bo.obrano = 2407683 and bi.ref ='324.2300.00.1' and bi.lordem =2
20241119@180739.2420 vuna1gb6e318v11qf3vrb43i0k Query : select top 1 isnull(design,'') valor from st (nolock) left join stobs (nolock) on st.ref = stobs.ref where st.ref = '324.2300.00.1'
20241119@180739.2721 vuna1gb6e318v11qf3vrb43i0k Query : select top 1 bistamp valor from bi inner join bo on bo.bostamp=bi.bostamp where bo.ndos =240 and bo.boano =2076 and bo.obrano = 2407683 and bi.ref ='324.2300.00.1' and bi.lordem =2
20241119@180739.2932 vuna1gb6e318v11qf3vrb43i0k Query : select top 1 isnull(design,'') valor from st (nolock) left join stobs (nolock) on st.ref = stobs.ref where st.ref = '324.2300.00.1'
20241119@180739.3225 vuna1gb6e318v11qf3vrb43i0k Query : select top 1 bistamp valor from bi inner join bo on bo.bostamp=bi.bostamp where bo.ndos =240 and bo.boano =2076 and bo.obrano = 2407683 and bi.ref ='324.2300.00.1' and bi.lordem =2
20241119@180739.3433 vuna1gb6e318v11qf3vrb43i0k Query : select top 1 isnull(design,'') valor from st (nolock) left join stobs (nolock) on st.ref = stobs.ref where st.ref = '324.2300.00.1'
20241119@180739.3722 vuna1gb6e318v11qf3vrb43i0k Query : select top 1 bistamp valor from bi inner join bo on bo.bostamp=bi.bostamp where bo.ndos =240 and bo.boano =2076 and bo.obrano = 2407683 and bi.ref ='324.2300.00.1' and bi.lordem =2
20241119@180739.3929 vuna1gb6e318v11qf3vrb43i0k Query : select top 1 isnull(design,'') valor from st (nolock) left join stobs (nolock) on st.ref = stobs.ref where st.ref = '324.2300.00.1'
20241119@180739.4217 vuna1gb6e318v11qf3vrb43i0k Query : select top 1 bistamp valor from bi inner join bo on bo.bostamp=bi.bostamp where bo.ndos =240 and bo.boano =2076 and bo.obrano = 2407683 and bi.ref ='324.2300.00.1' and bi.lordem =2
20241119@180739.4425 vuna1gb6e318v11qf3vrb43i0k Query : select top 1 isnull(design,'') valor from st (nolock) left join stobs (nolock) on st.ref = stobs.ref where st.ref = '324.2308.00.1'
20241119@180739.4926 vuna1gb6e318v11qf3vrb43i0k Query : select top 1 bistamp valor from bi inner join bo on bo.bostamp=bi.bostamp where bo.ndos =240 and bo.boano =2076 and bo.obrano = 2407683 and bi.ref ='324.2308.00.1' and bi.lordem =3
20241119@180739.5724 vuna1gb6e318v11qf3vrb43i0k Query : use flama_phc
20241119@180739.5766 vuna1gb6e318v11qf3vrb43i0k Query : select top 1 convert(date,fdata) valor from ft where ndoc = 39 and anulado= 0 and fno>0 order by fdata desc
20241119@180739.6421 vuna1gb6e318v11qf3vrb43i0k Query : use flama_phc
20241119@180739.6463 vuna1gb6e318v11qf3vrb43i0k Query : select top 1 1 valor from td where td.ndoc = 39
20241119@180739.6944 vuna1gb6e318v11qf3vrb43i0k Query : use flama_phc
20241119@180739.6986 vuna1gb6e318v11qf3vrb43i0k Query : select lower(descricao) descricao ,case when valor='s' then 1 else 0 end valor from para1 where descricao in ('st_lote','st_usalogifunc', 'st_grelha')
20241119@180739.7558 vuna1gb6e318v11qf3vrb43i0k Query : select top 1 manternumero ,assinadoc issigned ,tiposaft ,assinaimp ,nmdos ,td.assinadoc ,'cl' origin ,lancasl stocks ,case when cmsl<50 and td.lancasl=1 then 1 else 0 end entrada ,case when cmsl>50 and td.lancasl=1 then 1 else 0 end saida ,temserie assets ,~semgre usegridfields from td inner join td2 on td.tdstamp=td2.td2stamp where td.ndoc = 1
20241119@180739.9344 vuna1gb6e318v11qf3vrb43i0k Query : use flama_phc
20241119@180739.9444 vuna1gb6e318v11qf3vrb43i0k Query : select top 1 ~inactivo valor from cl where no = '200500' and estab = 0 order by inactivo desc
20241119@180740.9200 vuna1gb6e318v11qf3vrb43i0k Query : use flama_phc
20241119@180740.1330 vuna1gb6e318v11qf3vrb43i0k Query : select top 1 tipodoc,regrd from td where ndoc = 39
20241119@180740.6110 vuna1gb6e318v11qf3vrb43i0k Query : use flama_phc
20241119@180740.6530 vuna1gb6e318v11qf3vrb43i0k Query : select szadrsstamp valor from szadrs where szadrsdesc='espaÇotrans,lda'
20241119@180740.1139 vuna1gb6e318v11qf3vrb43i0k Query : use flama_phc
20241119@180740.1181 vuna1gb6e318v11qf3vrb43i0k Query : select szadrsstamp valor from szadrs where szadrsdesc='eldisser, s.a.'
20241119@180740.1717 vuna1gb6e318v11qf3vrb43i0k Query : use flama_phc
20241119@180740.1759 vuna1gb6e318v11qf3vrb43i0k Query : select 1 valor from td where ndoc = 39
20241119@180740.2112 vuna1gb6e318v11qf3vrb43i0k Query : select top 1 manternumero, tiposaft, nmdos,td.assinadoc from td where td.ndoc = 39
20241119@180740.2510 vuna1gb6e318v11qf3vrb43i0k Query : select 1 valor from information_schema.tables where table_type='base table' and table_name='wstablefields'
20241119@180740.3482 vuna1gb6e318v11qf3vrb43i0k Query : select fieldkey,fieldname,fieldtype,mandatory from wstablefields where tablename = 'ft' and documentnumber = 39
20241119@180740.4130 vuna1gb6e318v11qf3vrb43i0k Query : select 1 valor from information_schema.tables where table_type='base table' and table_name='wstablefields'
20241119@180740.4382 vuna1gb6e318v11qf3vrb43i0k Query : select fieldkey,fieldname,fieldtype,mandatory from wstablefields where tablename = 'ft2' and documentnumber = 39
20241119@180740.5052 vuna1gb6e318v11qf3vrb43i0k Query : select 1 valor from information_schema.tables where table_type='base table' and table_name='wstablefields'
20241119@180740.5304 vuna1gb6e318v11qf3vrb43i0k Query : select fieldkey,fieldname,fieldtype,mandatory from wstablefields where tablename = 'ft3' and documentnumber = 39
20241119@180740.5555 vuna1gb6e318v11qf3vrb43i0k Query : select top 1 ft.fno valor from ft ft where ft.ndoc = 39 and ftano=2024 order by fno desc
20241119@180740.6137 vuna1gb6e318v11qf3vrb43i0k Query : select top 1 ft.fno valor from wsftdata ft where ft.ndoc = 39 and ftano=2024 order by fno desc
20241119@180740.7541 vuna1gb6e318v11qf3vrb43i0k Query : select 1 valor from information_schema.tables where table_type='base table' and table_name='wstablefields'
20241119@180740.7890 vuna1gb6e318v11qf3vrb43i0k Query : select fieldkey,fieldname,fieldtype,calcformula from wstablefields where tablename = 'ft3' and documentnumber = 39
20241119@180740.8215 vuna1gb6e318v11qf3vrb43i0k Query : insert into wsft3data (ft3stamp, ousrdata, ousrhora, usrdata,usrhora,ousrinis,usrinis,taxpointdt ) values ('aut673cd11354673cd3ec87' ,getdate(),convert(char(8),convert (time,getdate())),getdate(),convert(char(8),convert (time,getdate())),'wsv','wsv',?)
20241119@180740.9489 vuna1gb6e318v11qf3vrb43i0k Query : select 1 valor from information_schema.tables where table_type='base table' and table_name='wstablefields'
20241119@180740.9739 vuna1gb6e318v11qf3vrb43i0k Query : select fieldkey,fieldname,fieldtype,calcformula from wstablefields where tablename = 'ft2' and documentnumber = 39
20241119@180741.4590 vuna1gb6e318v11qf3vrb43i0k Query : select top 1 bo.u_nomeenv valor from bo where bo.bostamp=''
20241119@180741.7850 vuna1gb6e318v11qf3vrb43i0k Query : select top 1 bo.u_moradaen valor from bo where bo.bostamp=''
20241119@180741.1101 vuna1gb6e318v11qf3vrb43i0k Query : select top 1 bo.u_codposen valor from bo where bo.bostamp=''
20241119@180741.1472 vuna1gb6e318v11qf3vrb43i0k Query : select top 1 bo.u_localenv valor from bo where bo.bostamp=''
20241119@180741.1794 vuna1gb6e318v11qf3vrb43i0k Query : select top 1 bo.trab5 valor from bo where bo.bostamp=''
20241119@180741.2165 vuna1gb6e318v11qf3vrb43i0k Query : select top 1 bo.serie valor from bo where bo.bostamp=''
20241119@180741.2539 vuna1gb6e318v11qf3vrb43i0k Query : insert into wsft2data (ft2stamp, ousrdata,ousrhora, usrdata,usrhora,ousrinis,usrinis,u_nomeenv ,u_moradaen ,u_codposen ,u_localenv ,u_coddest ,u_codby ) values ('aut673cd11354673cd3ec87',getdate(),convert(char(8),convert (time,getdate())),getdate(),convert(char(8),convert (time,getdate())),'wsv','wsv',?,?,?,?,?,?)
20241119@180741.6249 vuna1gb6e318v11qf3vrb43i0k Query : select top 1 fno valor from wsftdata order by fno desc
20241119@180741.7038 vuna1gb6e318v11qf3vrb43i0k Query : select 1 valor from information_schema.tables where table_type='base table' and table_name='wstablefields'
20241119@180741.7289 vuna1gb6e318v11qf3vrb43i0k Query : select fieldkey,fieldname,fieldtype,calcformula from wstablefields where tablename = 'ft' and documentnumber = 39
20241119@180741.7744 vuna1gb6e318v11qf3vrb43i0k Query : select 'normal' from dummy
20241119@180741.8161 vuna1gb6e318v11qf3vrb43i0k Query : insert into wsftdata (ftstamp, ousrdata,ousrhora, usrdata,usrhora,ousrinis,usrinis,fno,no,estab,fdata,ndoc,moeda,cambio,cambiofixo,ftano,site ,classe ) values ('aut673cd11354673cd3ec87',getdate(),convert(char(8),convert (time,getdate())),getdate(),convert(char(8),convert (time,getdate())),'wsv','wsv',1925,200500,0,'2024-11-19',39,'euro',0,0,2024 ,?,?)
20241119@180742.3100 vuna1gb6e318v11qf3vrb43i0k Query : use flama_phc
20241119@180742.7300 vuna1gb6e318v11qf3vrb43i0k Query : select st.usalote valor from st where st.ref = '324.2300.00.1'
20241119@180742.6070 vuna1gb6e318v11qf3vrb43i0k Query : select top 1 st.tabiva ,st.ivaincl ,st.stns ,st.uni2 ,st.familia ,isnull(tx.taxa, 0) txiva ,unidade ,usalote ,epcpond ,noserie ,conversao ,st.texteis from st left join taxasiva tx on st.tabiva = tx.codigo where st.ref = '324.2300.00.1'
20241119@180742.1113 vuna1gb6e318v11qf3vrb43i0k Query : select 1 valor from information_schema.tables where table_type='base table' and table_name='wstablefields'
20241119@180742.1364 vuna1gb6e318v11qf3vrb43i0k Query : select fieldkey,fieldname,fieldtype,mandatory from wstablefields where tablename = 'fi' and documentnumber = 39
20241119@180742.1953 vuna1gb6e318v11qf3vrb43i0k Query : select 1 valor from information_schema.tables where table_type='base table' and table_name='wstablefields'
20241119@180742.2208 vuna1gb6e318v11qf3vrb43i0k Query : select fieldkey,fieldname,fieldtype,mandatory from wstablefields where tablename = 'fi2' and documentnumber = 39
20241119@180742.2376 vuna1gb6e318v11qf3vrb43i0k Query : select top 1 convert(numeric(6,2),t.taxa) valor from taxasiva t where t.codigo='2'
20241119@180742.2653 vuna1gb6e318v11qf3vrb43i0k Query : select sestamp valor from se where ref ='324.2300.00.1' and lote = 'r2400497200a'
20241119@180742.2984 vuna1gb6e318v11qf3vrb43i0k Query : select 1 valor from information_schema.tables where table_type='base table' and table_name='wstablefields'
20241119@180742.3235 vuna1gb6e318v11qf3vrb43i0k Query : select fieldkey,fieldname,fieldtype,calcformula from wstablefields where tablename = 'fi2' and documentnumber = 39
20241119@180742.3442 vuna1gb6e318v11qf3vrb43i0k Query : insert into wsfi2data (fi2stamp,ftstamp ,ousrdata, ousrhora, usrdata,usrhora,ousrinis,usrinis) values ('aut673cd01161673cd3ee48','aut673cd11354673cd3ec87' ,getdate(),convert(char(8),convert (time,getdate())),getdate(),convert(char(8),convert (time,getdate())),'wsv','wsv')
20241119@180742.3691 vuna1gb6e318v11qf3vrb43i0k Query : select 1 valor from information_schema.tables where table_type='base table' and table_name='wstablefields'
20241119@180742.3955 vuna1gb6e318v11qf3vrb43i0k Query : select fieldkey,fieldname,fieldtype,calcformula from wstablefields where tablename = 'fi' and documentnumber = 39
20241119@180742.4583 vuna1gb6e318v11qf3vrb43i0k Query : insert into wsfidata (fistamp,ousrdata, ousrhora, usrdata,usrhora,ousrinis,usrinis ,qtt ,ftstamp ,epv,pvmoeda ,tabiva,iva,lordem ,ref, design ,lote,armazem,bistamp ) values ('aut673cd01161673cd3ee48',getdate(),convert(char(8),convert (time,getdate())),getdate(),convert(char(8),convert (time,getdate())),'wsv','wsv',54.000 ,'aut673cd11354673cd3ec87' ,0,0 ,2,23.00,10000,?,?,?,?,?)
20241119@180742.8930 vuna1gb6e318v11qf3vrb43i0k Query : use flama_phc
20241119@180742.8972 vuna1gb6e318v11qf3vrb43i0k Query : select st.usalote valor from st where st.ref = '324.2300.00.1'
20241119@180742.9314 vuna1gb6e318v11qf3vrb43i0k Query : select top 1 st.tabiva ,st.ivaincl ,st.stns ,st.uni2 ,st.familia ,isnull(tx.taxa, 0) txiva ,unidade ,usalote ,epcpond ,noserie ,conversao ,st.texteis from st left join taxasiva tx on st.tabiva = tx.codigo where st.ref = '324.2300.00.1'
20241119@180742.9567 vuna1gb6e318v11qf3vrb43i0k Query : select 1 valor from information_schema.tables where table_type='base table' and table_name='wstablefields'
20241119@180742.9940 vuna1gb6e318v11qf3vrb43i0k Query : select fieldkey,fieldname,fieldtype,mandatory from wstablefields where tablename = 'fi' and documentnumber = 39
20241119@180743.5300 vuna1gb6e318v11qf3vrb43i0k Query : select 1 valor from information_schema.tables where table_type='base table' and table_name='wstablefields'
20241119@180743.7810 vuna1gb6e318v11qf3vrb43i0k Query : select fieldkey,fieldname,fieldtype,mandatory from wstablefields where tablename = 'fi2' and documentnumber = 39
20241119@180743.9460 vuna1gb6e318v11qf3vrb43i0k Query : select top 1 convert(numeric(6,2),t.taxa) valor from taxasiva t where t.codigo='2'
20241119@180743.1193 vuna1gb6e318v11qf3vrb43i0k Query : select sestamp valor from se where ref ='324.2300.00.1' and lote = 'r2400497200a'
20241119@180743.1463 vuna1gb6e318v11qf3vrb43i0k Query : select 1 valor from information_schema.tables where table_type='base table' and table_name='wstablefields'
20241119@180743.1731 vuna1gb6e318v11qf3vrb43i0k Query : select fieldkey,fieldname,fieldtype,calcformula from wstablefields where tablename = 'fi2' and documentnumber = 39
20241119@180743.1941 vuna1gb6e318v11qf3vrb43i0k Query : insert into wsfi2data (fi2stamp,ftstamp ,ousrdata, ousrhora, usrdata,usrhora,ousrinis,usrinis) values ('aut673cd58589673cd3ef23','aut673cd11354673cd3ec87' ,getdate(),convert(char(8),convert (time,getdate())),getdate(),convert(char(8),convert (time,getdate())),'wsv','wsv')
20241119@180743.2025 vuna1gb6e318v11qf3vrb43i0k Query : select 1 valor from information_schema.tables where table_type='base table' and table_name='wstablefields'
20241119@180743.2277 vuna1gb6e318v11qf3vrb43i0k Query : select fieldkey,fieldname,fieldtype,calcformula from wstablefields where tablename = 'fi' and documentnumber = 39
20241119@180743.2903 vuna1gb6e318v11qf3vrb43i0k Query : insert into wsfidata (fistamp,ousrdata, ousrhora, usrdata,usrhora,ousrinis,usrinis ,qtt ,ftstamp ,epv,pvmoeda ,tabiva,iva,lordem ,ref, design ,lote,armazem,bistamp ) values ('aut673cd58589673cd3ef23',getdate(),convert(char(8),convert (time,getdate())),getdate(),convert(char(8),convert (time,getdate())),'wsv','wsv',36.000 ,'aut673cd11354673cd3ec87' ,0,0 ,2,23.00,20000,?,?,?,?,?)
20241119@180743.3484 vuna1gb6e318v11qf3vrb43i0k Query : use flama_phc
20241119@180743.3525 vuna1gb6e318v11qf3vrb43i0k Query : select st.usalote valor from st where st.ref = '324.2300.00.1'
20241119@180743.3858 vuna1gb6e318v11qf3vrb43i0k Query : select top 1 st.tabiva ,st.ivaincl ,st.stns ,st.uni2 ,st.familia ,isnull(tx.taxa, 0) txiva ,unidade ,usalote ,epcpond ,noserie ,conversao ,st.texteis from st left join taxasiva tx on st.tabiva = tx.codigo where st.ref = '324.2300.00.1'
20241119@180743.4108 vuna1gb6e318v11qf3vrb43i0k Query : select 1 valor from information_schema.tables where table_type='base table' and table_name='wstablefields'
20241119@180743.4359 vuna1gb6e318v11qf3vrb43i0k Query : select fieldkey,fieldname,fieldtype,mandatory from wstablefields where tablename = 'fi' and documentnumber = 39
20241119@180743.6780 vuna1gb6e318v11qf3vrb43i0k Query : select 1 valor from information_schema.tables where table_type='base table' and table_name='wstablefields'
20241119@180743.7296 vuna1gb6e318v11qf3vrb43i0k Query : select fieldkey,fieldname,fieldtype,mandatory from wstablefields where tablename = 'fi2' and documentnumber = 39
20241119@180743.7462 vuna1gb6e318v11qf3vrb43i0k Query : select top 1 convert(numeric(6,2),t.taxa) valor from taxasiva t where t.codigo='2'
20241119@180743.7709 vuna1gb6e318v11qf3vrb43i0k Query : select sestamp valor from se where ref ='324.2300.00.1' and lote = 'r2400497200a'
20241119@180743.7962 vuna1gb6e318v11qf3vrb43i0k Query : select 1 valor from information_schema.tables where table_type='base table' and table_name='wstablefields'
20241119@180743.8215 vuna1gb6e318v11qf3vrb43i0k Query : select fieldkey,fieldname,fieldtype,calcformula from wstablefields where tablename = 'fi2' and documentnumber = 39
20241119@180743.8422 vuna1gb6e318v11qf3vrb43i0k Query : insert into wsfi2data (fi2stamp,ftstamp ,ousrdata, ousrhora, usrdata,usrhora,ousrinis,usrinis) values ('aut673cd79164673cd3efc2','aut673cd11354673cd3ec87' ,getdate(),convert(char(8),convert (time,getdate())),getdate(),convert(char(8),convert (time,getdate())),'wsv','wsv')
20241119@180743.8466 vuna1gb6e318v11qf3vrb43i0k Query : select 1 valor from information_schema.tables where table_type='base table' and table_name='wstablefields'
20241119@180743.8718 vuna1gb6e318v11qf3vrb43i0k Query : select fieldkey,fieldname,fieldtype,calcformula from wstablefields where tablename = 'fi' and documentnumber = 39
20241119@180743.9335 vuna1gb6e318v11qf3vrb43i0k Query : insert into wsfidata (fistamp,ousrdata, ousrhora, usrdata,usrhora,ousrinis,usrinis ,qtt ,ftstamp ,epv,pvmoeda ,tabiva,iva,lordem ,ref, design ,lote,armazem,bistamp ) values ('aut673cd79164673cd3efc2',getdate(),convert(char(8),convert (time,getdate())),getdate(),convert(char(8),convert (time,getdate())),'wsv','wsv',18.000 ,'aut673cd11354673cd3ec87' ,0,0 ,2,23.00,30000,?,?,?,?,?)
20241119@180743.9931 vuna1gb6e318v11qf3vrb43i0k Query : use flama_phc
20241119@180743.9977 vuna1gb6e318v11qf3vrb43i0k Query : select st.usalote valor from st where st.ref = '324.2300.00.1'
20241119@180744.1143 vuna1gb6e318v11qf3vrb43i0k Query : select top 1 st.tabiva ,st.ivaincl ,st.stns ,st.uni2 ,st.familia ,isnull(tx.taxa, 0) txiva ,unidade ,usalote ,epcpond ,noserie ,conversao ,st.texteis from st left join taxasiva tx on st.tabiva = tx.codigo where st.ref = '324.2300.00.1'
20241119@180744.1710 vuna1gb6e318v11qf3vrb43i0k Query : select 1 valor from information_schema.tables where table_type='base table' and table_name='wstablefields'
20241119@180744.1961 vuna1gb6e318v11qf3vrb43i0k Query : select fieldkey,fieldname,fieldtype,mandatory from wstablefields where tablename = 'fi' and documentnumber = 39
20241119@180744.2542 vuna1gb6e318v11qf3vrb43i0k Query : select 1 valor from information_schema.tables where table_type='base table' and table_name='wstablefields'
20241119@180744.2805 vuna1gb6e318v11qf3vrb43i0k Query : select fieldkey,fieldname,fieldtype,mandatory from wstablefields where tablename = 'fi2' and documentnumber = 39
20241119@180744.2970 vuna1gb6e318v11qf3vrb43i0k Query : select top 1 convert(numeric(6,2),t.taxa) valor from taxasiva t where t.codigo='2'
20241119@180744.3217 vuna1gb6e318v11qf3vrb43i0k Query : select sestamp valor from se where ref ='324.2300.00.1' and lote = 'r2400497200a'
20241119@180744.3464 vuna1gb6e318v11qf3vrb43i0k Query : select 1 valor from information_schema.tables where table_type='base table' and table_name='wstablefields'
20241119@180744.3716 vuna1gb6e318v11qf3vrb43i0k Query : select fieldkey,fieldname,fieldtype,calcformula from wstablefields where tablename = 'fi2' and documentnumber = 39
20241119@180744.3927 vuna1gb6e318v11qf3vrb43i0k Query : insert into wsfi2data (fi2stamp,ftstamp ,ousrdata, ousrhora, usrdata,usrhora,ousrinis,usrinis) values ('aut673cd91908673cd3f054','aut673cd11354673cd3ec87' ,getdate(),convert(char(8),convert (time,getdate())),getdate(),convert(char(8),convert (time,getdate())),'wsv','wsv')
20241119@180744.3970 vuna1gb6e318v11qf3vrb43i0k Query : select 1 valor from information_schema.tables where table_type='base table' and table_name='wstablefields'
20241119@180744.4221 vuna1gb6e318v11qf3vrb43i0k Query : select fieldkey,fieldname,fieldtype,calcformula from wstablefields where tablename = 'fi' and documentnumber = 39
20241119@180744.4840 vuna1gb6e318v11qf3vrb43i0k Query : insert into wsfidata (fistamp,ousrdata, ousrhora, usrdata,usrhora,ousrinis,usrinis ,qtt ,ftstamp ,epv,pvmoeda ,tabiva,iva,lordem ,ref, design ,lote,armazem,bistamp ) values ('aut673cd91908673cd3f054',getdate(),convert(char(8),convert (time,getdate())),getdate(),convert(char(8),convert (time,getdate())),'wsv','wsv',108.000 ,'aut673cd11354673cd3ec87' ,0,0 ,2,23.00,40000,?,?,?,?,?)
20241119@180744.5430 vuna1gb6e318v11qf3vrb43i0k Query : use flama_phc
20241119@180744.5471 vuna1gb6e318v11qf3vrb43i0k Query : select st.usalote valor from st where st.ref = '324.2300.00.1'
20241119@180744.5809 vuna1gb6e318v11qf3vrb43i0k Query : select top 1 st.tabiva ,st.ivaincl ,st.stns ,st.uni2 ,st.familia ,isnull(tx.taxa, 0) txiva ,unidade ,usalote ,epcpond ,noserie ,conversao ,st.texteis from st left join taxasiva tx on st.tabiva = tx.codigo where st.ref = '324.2300.00.1'
20241119@180744.6061 vuna1gb6e318v11qf3vrb43i0k Query : select 1 valor from information_schema.tables where table_type='base table' and table_name='wstablefields'
20241119@180744.6312 vuna1gb6e318v11qf3vrb43i0k Query : select fieldkey,fieldname,fieldtype,mandatory from wstablefields where tablename = 'fi' and documentnumber = 39
20241119@180744.6893 vuna1gb6e318v11qf3vrb43i0k Query : select 1 valor from information_schema.tables where table_type='base table' and table_name='wstablefields'
20241119@180744.7343 vuna1gb6e318v11qf3vrb43i0k Query : select fieldkey,fieldname,fieldtype,mandatory from wstablefields where tablename = 'fi2' and documentnumber = 39
20241119@180744.7535 vuna1gb6e318v11qf3vrb43i0k Query : select top 1 convert(numeric(6,2),t.taxa) valor from taxasiva t where t.codigo='2'
20241119@180744.7965 vuna1gb6e318v11qf3vrb43i0k Query : select sestamp valor from se where ref ='324.2300.00.1' and lote = 'r2400497200a'
20241119@180744.8301 vuna1gb6e318v11qf3vrb43i0k Query : select 1 valor from information_schema.tables where table_type='base table' and table_name='wstablefields'
20241119@180744.8613 vuna1gb6e318v11qf3vrb43i0k Query : select fieldkey,fieldname,fieldtype,calcformula from wstablefields where tablename = 'fi2' and documentnumber = 39
20241119@180744.8820 vuna1gb6e318v11qf3vrb43i0k Query : insert into wsfi2data (fi2stamp,ftstamp ,ousrdata, ousrhora, usrdata,usrhora,ousrinis,usrinis) values ('aut673cd52889673cd3f0ca','aut673cd11354673cd3ec87' ,getdate(),convert(char(8),convert (time,getdate())),getdate(),convert(char(8),convert (time,getdate())),'wsv','wsv')
20241119@180744.8864 vuna1gb6e318v11qf3vrb43i0k Query : select 1 valor from information_schema.tables where table_type='base table' and table_name='wstablefields'
20241119@180744.9115 vuna1gb6e318v11qf3vrb43i0k Query : select fieldkey,fieldname,fieldtype,calcformula from wstablefields where tablename = 'fi' and documentnumber = 39
20241119@180744.9735 vuna1gb6e318v11qf3vrb43i0k Query : insert into wsfidata (fistamp,ousrdata, ousrhora, usrdata,usrhora,ousrinis,usrinis ,qtt ,ftstamp ,epv,pvmoeda ,tabiva,iva,lordem ,ref, design ,lote,armazem,bistamp ) values ('aut673cd52889673cd3f0ca',getdate(),convert(char(8),convert (time,getdate())),getdate(),convert(char(8),convert (time,getdate())),'wsv','wsv',108.000 ,'aut673cd11354673cd3ec87' ,0,0 ,2,23.00,50000,?,?,?,?,?)
20241119@180745.3230 vuna1gb6e318v11qf3vrb43i0k Query : use flama_phc
20241119@180745.3640 vuna1gb6e318v11qf3vrb43i0k Query : select st.usalote valor from st where st.ref = '324.2300.00.1'
20241119@180745.8320 vuna1gb6e318v11qf3vrb43i0k Query : select top 1 st.tabiva ,st.ivaincl ,st.stns ,st.uni2 ,st.familia ,isnull(tx.taxa, 0) txiva ,unidade ,usalote ,epcpond ,noserie ,conversao ,st.texteis from st left join taxasiva tx on st.tabiva = tx.codigo where st.ref = '324.2300.00.1'
20241119@180745.1082 vuna1gb6e318v11qf3vrb43i0k Query : select 1 valor from information_schema.tables where table_type='base table' and table_name='wstablefields'
20241119@180745.1333 vuna1gb6e318v11qf3vrb43i0k Query : select fieldkey,fieldname,fieldtype,mandatory from wstablefields where tablename = 'fi' and documentnumber = 39
20241119@180745.1999 vuna1gb6e318v11qf3vrb43i0k Query : select 1 valor from information_schema.tables where table_type='base table' and table_name='wstablefields'
20241119@180745.2393 vuna1gb6e318v11qf3vrb43i0k Query : select fieldkey,fieldname,fieldtype,mandatory from wstablefields where tablename = 'fi2' and documentnumber = 39
20241119@180745.2674 vuna1gb6e318v11qf3vrb43i0k Query : select top 1 convert(numeric(6,2),t.taxa) valor from taxasiva t where t.codigo='2'
20241119@180745.3167 vuna1gb6e318v11qf3vrb43i0k Query : select sestamp valor from se where ref ='324.2300.00.1' and lote = 'r2400497200a'
20241119@180745.3418 vuna1gb6e318v11qf3vrb43i0k Query : select 1 valor from information_schema.tables where table_type='base table' and table_name='wstablefields'
20241119@180745.3716 vuna1gb6e318v11qf3vrb43i0k Query : select fieldkey,fieldname,fieldtype,calcformula from wstablefields where tablename = 'fi2' and documentnumber = 39
