20241122@234804.6366 8ul0gavpkc5euocpj85du48sv8 Query : select 1 valor from information_schema.tables where table_type='base table' and table_name='wstablefields'
20241122@234804.6381 8ul0gavpkc5euocpj85du48sv8 Query : select fieldkey,fieldname,fieldtype,calcformula from wstablefields where tablename = 'fi' and documentnumber = 39
20241122@234804.6411 8ul0gavpkc5euocpj85du48sv8 Query : insert into wsfidata (fistamp,ousrdata, ousrhora, usrdata,usrhora,ousrinis,usrinis ,qtt ,ftstamp ,epv,pvmoeda ,tabiva,iva,lordem ,ref, design ,armazem) values ('aut6741160878674118349a',getdate(),convert(char(8),convert (time,getdate())),getdate(),convert(char(8),convert (time,getdate())),'wsv','wsv',0 ,'aut67411934796741183455' ,0,0 ,2,23.00,20000,?,?,?)
20241122@234804.6669 8ul0gavpkc5euocpj85du48sv8 Query : use flama_phc
20241122@234804.6672 8ul0gavpkc5euocpj85du48sv8 Query : select st.usalote valor from st where st.ref = '324.1816.00.1'
20241122@234804.6692 8ul0gavpkc5euocpj85du48sv8 Query : select top 1 st.tabiva ,st.ivaincl ,st.stns ,st.uni2 ,st.familia ,isnull(tx.taxa, 0) txiva ,unidade ,usalote ,epcpond ,noserie ,conversao ,st.texteis from st left join taxasiva tx on st.tabiva = tx.codigo where st.ref = '324.1816.00.1'
20241122@234804.6707 8ul0gavpkc5euocpj85du48sv8 Query : select 1 valor from information_schema.tables where table_type='base table' and table_name='wstablefields'
20241122@234804.6726 8ul0gavpkc5euocpj85du48sv8 Query : select fieldkey,fieldname,fieldtype,mandatory from wstablefields where tablename = 'fi' and documentnumber = 39
20241122@234804.6755 8ul0gavpkc5euocpj85du48sv8 Query : select 1 valor from information_schema.tables where table_type='base table' and table_name='wstablefields'
20241122@234804.6770 8ul0gavpkc5euocpj85du48sv8 Query : select fieldkey,fieldname,fieldtype,mandatory from wstablefields where tablename = 'fi2' and documentnumber = 39
20241122@234804.6779 8ul0gavpkc5euocpj85du48sv8 Query : select top 1 convert(numeric(6,2),t.taxa) valor from taxasiva t where t.codigo='2'
20241122@234804.6791 8ul0gavpkc5euocpj85du48sv8 Query : select sestamp valor from se where ref ='324.1816.00.1' and lote = 'r2400200200a'
20241122@234804.6803 8ul0gavpkc5euocpj85du48sv8 Query : select 1 valor from information_schema.tables where table_type='base table' and table_name='wstablefields'
20241122@234804.6818 8ul0gavpkc5euocpj85du48sv8 Query : select fieldkey,fieldname,fieldtype,calcformula from wstablefields where tablename = 'fi2' and documentnumber = 39
20241122@234804.6830 8ul0gavpkc5euocpj85du48sv8 Query : insert into wsfi2data (fi2stamp,ftstamp ,ousrdata, ousrhora, usrdata,usrhora,ousrinis,usrinis) values ('aut674111003167411834a6','aut67411934796741183455' ,getdate(),convert(char(8),convert (time,getdate())),getdate(),convert(char(8),convert (time,getdate())),'wsv','wsv')
20241122@234804.6834 8ul0gavpkc5euocpj85du48sv8 Query : select 1 valor from information_schema.tables where table_type='base table' and table_name='wstablefields'
20241122@234804.6848 8ul0gavpkc5euocpj85du48sv8 Query : select fieldkey,fieldname,fieldtype,calcformula from wstablefields where tablename = 'fi' and documentnumber = 39
20241122@234804.6878 8ul0gavpkc5euocpj85du48sv8 Query : insert into wsfidata (fistamp,ousrdata, ousrhora, usrdata,usrhora,ousrinis,usrinis ,qtt ,ftstamp ,epv,pvmoeda ,tabiva,iva,lordem ,ref, design ,lote,armazem,bistamp ) values ('aut674111003167411834a6',getdate(),convert(char(8),convert (time,getdate())),getdate(),convert(char(8),convert (time,getdate())),'wsv','wsv',1.000 ,'aut67411934796741183455' ,0,0 ,2,23.00,40000,?,?,?,?,?)
20241122@234804.7150 8ul0gavpkc5euocpj85du48sv8 Query : select 1 valor from information_schema.tables where table_type='base table' and table_name='wstablefields'
20241122@234804.7167 8ul0gavpkc5euocpj85du48sv8 Query : select fieldkey,fieldname,fieldtype,mandatory from wstablefields where tablename = 'fi' and documentnumber = 39
20241122@234804.7193 8ul0gavpkc5euocpj85du48sv8 Query : select 1 valor from information_schema.tables where table_type='base table' and table_name='wstablefields'
20241122@234804.7210 8ul0gavpkc5euocpj85du48sv8 Query : select fieldkey,fieldname,fieldtype,mandatory from wstablefields where tablename = 'fi2' and documentnumber = 39
20241122@234804.7220 8ul0gavpkc5euocpj85du48sv8 Query : select top 1 convert(numeric(6,2),t.taxa) valor from taxasiva t where t.codigo='2'
20241122@234804.7233 8ul0gavpkc5euocpj85du48sv8 Query : select 1 valor from information_schema.tables where table_type='base table' and table_name='wstablefields'
20241122@234804.7249 8ul0gavpkc5euocpj85du48sv8 Query : select fieldkey,fieldname,fieldtype,calcformula from wstablefields where tablename = 'fi2' and documentnumber = 39
20241122@234804.7261 8ul0gavpkc5euocpj85du48sv8 Query : insert into wsfi2data (fi2stamp,ftstamp ,ousrdata, ousrhora, usrdata,usrhora,ousrinis,usrinis) values ('aut674110157267411834b0','aut67411934796741183455' ,getdate(),convert(char(8),convert (time,getdate())),getdate(),convert(char(8),convert (time,getdate())),'wsv','wsv')
20241122@234804.7265 8ul0gavpkc5euocpj85du48sv8 Query : select 1 valor from information_schema.tables where table_type='base table' and table_name='wstablefields'
20241122@234804.7282 8ul0gavpkc5euocpj85du48sv8 Query : select fieldkey,fieldname,fieldtype,calcformula from wstablefields where tablename = 'fi' and documentnumber = 39
20241122@234804.7311 8ul0gavpkc5euocpj85du48sv8 Query : insert into wsfidata (fistamp,ousrdata, ousrhora, usrdata,usrhora,ousrinis,usrinis ,qtt ,ftstamp ,epv,pvmoeda ,tabiva,iva,lordem ,ref, design ,armazem) values ('aut674110157267411834b0',getdate(),convert(char(8),convert (time,getdate())),getdate(),convert(char(8),convert (time,getdate())),'wsv','wsv',0 ,'aut67411934796741183455' ,0,0 ,2,23.00,50000,?,?,?)
20241122@234804.7563 8ul0gavpkc5euocpj85du48sv8 Query : use flama_phc
20241122@234804.7566 8ul0gavpkc5euocpj85du48sv8 Query : select st.usalote valor from st where st.ref = '324.691.00.01'
20241122@234804.7588 8ul0gavpkc5euocpj85du48sv8 Query : select top 1 st.tabiva ,st.ivaincl ,st.stns ,st.uni2 ,st.familia ,isnull(tx.taxa, 0) txiva ,unidade ,usalote ,epcpond ,noserie ,conversao ,st.texteis from st left join taxasiva tx on st.tabiva = tx.codigo where st.ref = '324.691.00.01'
20241122@234804.7737 8ul0gavpkc5euocpj85du48sv8 Query : select 1 valor from information_schema.tables where table_type='base table' and table_name='wstablefields'
20241122@234804.7753 8ul0gavpkc5euocpj85du48sv8 Query : select fieldkey,fieldname,fieldtype,mandatory from wstablefields where tablename = 'fi' and documentnumber = 39
20241122@234804.7779 8ul0gavpkc5euocpj85du48sv8 Query : select 1 valor from information_schema.tables where table_type='base table' and table_name='wstablefields'
20241122@234804.7794 8ul0gavpkc5euocpj85du48sv8 Query : select fieldkey,fieldname,fieldtype,mandatory from wstablefields where tablename = 'fi2' and documentnumber = 39
20241122@234804.7803 8ul0gavpkc5euocpj85du48sv8 Query : select top 1 convert(numeric(6,2),t.taxa) valor from taxasiva t where t.codigo='2'
20241122@234804.7815 8ul0gavpkc5euocpj85du48sv8 Query : select sestamp valor from se where ref ='324.691.00.01' and lote = 'r2400209200a'
20241122@234804.7835 8ul0gavpkc5euocpj85du48sv8 Query : select 1 valor from information_schema.tables where table_type='base table' and table_name='wstablefields'
20241122@234804.7850 8ul0gavpkc5euocpj85du48sv8 Query : select fieldkey,fieldname,fieldtype,calcformula from wstablefields where tablename = 'fi2' and documentnumber = 39
20241122@234804.7862 8ul0gavpkc5euocpj85du48sv8 Query : insert into wsfi2data (fi2stamp,ftstamp ,ousrdata, ousrhora, usrdata,usrhora,ousrinis,usrinis) values ('aut674117814967411834bf','aut67411934796741183455' ,getdate(),convert(char(8),convert (time,getdate())),getdate(),convert(char(8),convert (time,getdate())),'wsv','wsv')
20241122@234804.7866 8ul0gavpkc5euocpj85du48sv8 Query : select 1 valor from information_schema.tables where table_type='base table' and table_name='wstablefields'
20241122@234804.7881 8ul0gavpkc5euocpj85du48sv8 Query : select fieldkey,fieldname,fieldtype,calcformula from wstablefields where tablename = 'fi' and documentnumber = 39
20241122@234804.7910 8ul0gavpkc5euocpj85du48sv8 Query : insert into wsfidata (fistamp,ousrdata, ousrhora, usrdata,usrhora,ousrinis,usrinis ,qtt ,ftstamp ,epv,pvmoeda ,tabiva,iva,lordem ,ref, design ,lote,armazem,bistamp ) values ('aut674117814967411834bf',getdate(),convert(char(8),convert (time,getdate())),getdate(),convert(char(8),convert (time,getdate())),'wsv','wsv',2.000 ,'aut67411934796741183455' ,0,0 ,2,23.00,70000,?,?,?,?,?)
20241122@234804.8457 8ul0gavpkc5euocpj85du48sv8 Query : select 1 valor from information_schema.tables where table_type='base table' and table_name='wstablefields'
20241122@234804.8478 8ul0gavpkc5euocpj85du48sv8 Query : select fieldkey,fieldname,fieldtype,mandatory from wstablefields where tablename = 'fi' and documentnumber = 39
20241122@234804.8588 8ul0gavpkc5euocpj85du48sv8 Query : select 1 valor from information_schema.tables where table_type='base table' and table_name='wstablefields'
20241122@234804.8756 8ul0gavpkc5euocpj85du48sv8 Query : select fieldkey,fieldname,fieldtype,mandatory from wstablefields where tablename = 'fi2' and documentnumber = 39
20241122@234804.8799 8ul0gavpkc5euocpj85du48sv8 Query : select top 1 convert(numeric(6,2),t.taxa) valor from taxasiva t where t.codigo='2'
20241122@234804.8813 8ul0gavpkc5euocpj85du48sv8 Query : select 1 valor from information_schema.tables where table_type='base table' and table_name='wstablefields'
20241122@234804.8830 8ul0gavpkc5euocpj85du48sv8 Query : select fieldkey,fieldname,fieldtype,calcformula from wstablefields where tablename = 'fi2' and documentnumber = 39
20241122@234804.8842 8ul0gavpkc5euocpj85du48sv8 Query : insert into wsfi2data (fi2stamp,ftstamp ,ousrdata, ousrhora, usrdata,usrhora,ousrinis,usrinis) values ('aut674119108867411834d7','aut67411934796741183455' ,getdate(),convert(char(8),convert (time,getdate())),getdate(),convert(char(8),convert (time,getdate())),'wsv','wsv')
20241122@234804.8846 8ul0gavpkc5euocpj85du48sv8 Query : select 1 valor from information_schema.tables where table_type='base table' and table_name='wstablefields'
20241122@234804.9169 8ul0gavpkc5euocpj85du48sv8 Query : select fieldkey,fieldname,fieldtype,calcformula from wstablefields where tablename = 'fi' and documentnumber = 39
20241122@234804.9222 8ul0gavpkc5euocpj85du48sv8 Query : insert into wsfidata (fistamp,ousrdata, ousrhora, usrdata,usrhora,ousrinis,usrinis ,qtt ,ftstamp ,epv,pvmoeda ,tabiva,iva,lordem ,ref, design ,armazem) values ('aut674119108867411834d7',getdate(),convert(char(8),convert (time,getdate())),getdate(),convert(char(8),convert (time,getdate())),'wsv','wsv',0 ,'aut67411934796741183455' ,0,0 ,2,23.00,80000,?,?,?)
20241122@234804.9507 8ul0gavpkc5euocpj85du48sv8 Query : use flama_phc
20241122@234804.9510 8ul0gavpkc5euocpj85du48sv8 Query : select st.usalote valor from st where st.ref = '324.658.00.01'
20241122@234804.9530 8ul0gavpkc5euocpj85du48sv8 Query : select top 1 st.tabiva ,st.ivaincl ,st.stns ,st.uni2 ,st.familia ,isnull(tx.taxa, 0) txiva ,unidade ,usalote ,epcpond ,noserie ,conversao ,st.texteis from st left join taxasiva tx on st.tabiva = tx.codigo where st.ref = '324.658.00.01'
20241122@234804.9546 8ul0gavpkc5euocpj85du48sv8 Query : select 1 valor from information_schema.tables where table_type='base table' and table_name='wstablefields'
20241122@234804.9565 8ul0gavpkc5euocpj85du48sv8 Query : select fieldkey,fieldname,fieldtype,mandatory from wstablefields where tablename = 'fi' and documentnumber = 39
20241122@234804.9597 8ul0gavpkc5euocpj85du48sv8 Query : select 1 valor from information_schema.tables where table_type='base table' and table_name='wstablefields'
20241122@234804.9616 8ul0gavpkc5euocpj85du48sv8 Query : select fieldkey,fieldname,fieldtype,mandatory from wstablefields where tablename = 'fi2' and documentnumber = 39
20241122@234804.9629 8ul0gavpkc5euocpj85du48sv8 Query : select top 1 convert(numeric(6,2),t.taxa) valor from taxasiva t where t.codigo='2'
20241122@234804.9641 8ul0gavpkc5euocpj85du48sv8 Query : select sestamp valor from se where ref ='324.658.00.01' and lote = 'r2301261100a'
20241122@234804.9653 8ul0gavpkc5euocpj85du48sv8 Query : select 1 valor from information_schema.tables where table_type='base table' and table_name='wstablefields'
20241122@234804.9668 8ul0gavpkc5euocpj85du48sv8 Query : select fieldkey,fieldname,fieldtype,calcformula from wstablefields where tablename = 'fi2' and documentnumber = 39
20241122@234804.9680 8ul0gavpkc5euocpj85du48sv8 Query : insert into wsfi2data (fi2stamp,ftstamp ,ousrdata, ousrhora, usrdata,usrhora,ousrinis,usrinis) values ('aut674118289867411834eb','aut67411934796741183455' ,getdate(),convert(char(8),convert (time,getdate())),getdate(),convert(char(8),convert (time,getdate())),'wsv','wsv')
20241122@234804.9685 8ul0gavpkc5euocpj85du48sv8 Query : select 1 valor from information_schema.tables where table_type='base table' and table_name='wstablefields'
20241122@234804.9702 8ul0gavpkc5euocpj85du48sv8 Query : select fieldkey,fieldname,fieldtype,calcformula from wstablefields where tablename = 'fi' and documentnumber = 39
20241122@234804.9731 8ul0gavpkc5euocpj85du48sv8 Query : insert into wsfidata (fistamp,ousrdata, ousrhora, usrdata,usrhora,ousrinis,usrinis ,qtt ,ftstamp ,epv,pvmoeda ,tabiva,iva,lordem ,ref, design ,lote,armazem,bistamp ) values ('aut674118289867411834eb',getdate(),convert(char(8),convert (time,getdate())),getdate(),convert(char(8),convert (time,getdate())),'wsv','wsv',4.000 ,'aut67411934796741183455' ,0,0 ,2,23.00,100000,?,?,?,?,?)
20241122@234805.6860 8ul0gavpkc5euocpj85du48sv8 Query : select 1 valor from information_schema.tables where table_type='base table' and table_name='wstablefields'
20241122@234805.7030 8ul0gavpkc5euocpj85du48sv8 Query : select fieldkey,fieldname,fieldtype,mandatory from wstablefields where tablename = 'fi' and documentnumber = 39
20241122@234805.7320 8ul0gavpkc5euocpj85du48sv8 Query : select 1 valor from information_schema.tables where table_type='base table' and table_name='wstablefields'
20241122@234805.7470 8ul0gavpkc5euocpj85du48sv8 Query : select fieldkey,fieldname,fieldtype,mandatory from wstablefields where tablename = 'fi2' and documentnumber = 39
20241122@234805.7580 8ul0gavpkc5euocpj85du48sv8 Query : select top 1 convert(numeric(6,2),t.taxa) valor from taxasiva t where t.codigo='2'
20241122@234805.7710 8ul0gavpkc5euocpj85du48sv8 Query : select 1 valor from information_schema.tables where table_type='base table' and table_name='wstablefields'
20241122@234805.7870 8ul0gavpkc5euocpj85du48sv8 Query : select fieldkey,fieldname,fieldtype,calcformula from wstablefields where tablename = 'fi2' and documentnumber = 39
20241122@234805.8010 8ul0gavpkc5euocpj85du48sv8 Query : insert into wsfi2data (fi2stamp,ftstamp ,ousrdata, ousrhora, usrdata,usrhora,ousrinis,usrinis) values ('aut67411144206741183512','aut67411934796741183455' ,getdate(),convert(char(8),convert (time,getdate())),getdate(),convert(char(8),convert (time,getdate())),'wsv','wsv')
20241122@234805.8570 8ul0gavpkc5euocpj85du48sv8 Query : select 1 valor from information_schema.tables where table_type='base table' and table_name='wstablefields'
20241122@234805.8760 8ul0gavpkc5euocpj85du48sv8 Query : select fieldkey,fieldname,fieldtype,calcformula from wstablefields where tablename = 'fi' and documentnumber = 39
20241122@234805.9060 8ul0gavpkc5euocpj85du48sv8 Query : insert into wsfidata (fistamp,ousrdata, ousrhora, usrdata,usrhora,ousrinis,usrinis ,qtt ,ftstamp ,epv,pvmoeda ,tabiva,iva,lordem ,ref, design ,armazem) values ('aut67411144206741183512',getdate(),convert(char(8),convert (time,getdate())),getdate(),convert(char(8),convert (time,getdate())),'wsv','wsv',0 ,'aut67411934796741183455' ,0,0 ,2,23.00,110000,?,?,?)
20241122@234805.1188 8ul0gavpkc5euocpj85du48sv8 Query : insert into wsftcreationlog (initialftstamp,externalid,creationstatus,documenttypeid,idustamp) values ('aut67411934796741183455','2407784','wait',39,'adm09112754980.682000002')
20241122@234805.1287 8ul0gavpkc5euocpj85du48sv8 Query : use flama_phc
20241122@234805.1290 8ul0gavpkc5euocpj85du48sv8 Query : update u_wsusers set rqsttoken =? where userid ='userls001'
20241122@234805.1341 8ul0gavpkc5euocpj85du48sv8 Query : select concat(rtrim(relative_path),ltrim(name_new)) as valor from uploadfiles where uploadfile_id='3459';
20241122@234805.1380 8ul0gavpkc5euocpj85du48sv8 Query : update uploadfiles set whenupdated=current_timestamp where uploadfile_id='3459';
20241122@234805.1434 8ul0gavpkc5euocpj85du48sv8 Query : select concat(rtrim(relative_path),ltrim(name_new)) as valor from uploadfiles where uploadfile_id='3459';
20241122@234805.1466 8ul0gavpkc5euocpj85du48sv8 Query : update uploadfiles set whenupdated=current_timestamp where uploadfile_id='3459';
20241122@234805.2018 ijljkmdomtt9huagpl2jfesn0r Query : insert into uploadfiles ( name_original, name_new, option_type, relative_path, whencreated ) values ( ?, ?, ?, ?, getdate() )
20241122@234805.2029 ijljkmdomtt9huagpl2jfesn0r Query : select uploadfile_id valor from uploadfiles where name_new = ? and option_type = ? 
20241122@234805.2093 ijljkmdomtt9huagpl2jfesn0r Query : select concat(rtrim(relative_path),ltrim(name_new)) as valor from uploadfiles where uploadfile_id='3460';
20241122@234805.2165 ijljkmdomtt9huagpl2jfesn0r Query : update uploadfiles set whenupdated=current_timestamp where uploadfile_id='3460';
20241122@234805.2227 ijljkmdomtt9huagpl2jfesn0r Query : select concat(rtrim(relative_path),ltrim(name_new)) as valor from uploadfiles where uploadfile_id='3460';
20241122@234805.2260 ijljkmdomtt9huagpl2jfesn0r Query : update uploadfiles set whenupdated=current_timestamp where uploadfile_id='3460';
20241122@234805.2323 ijljkmdomtt9huagpl2jfesn0r Query : use flama_phc
20241122@234805.2327 ijljkmdomtt9huagpl2jfesn0r Query : select top 1 secretkey valor from u_wsusers u where u.userid = ? and u.inactivo=0
20241122@234805.2404 ijljkmdomtt9huagpl2jfesn0r Query : use flama_phc
20241122@234805.2407 ijljkmdomtt9huagpl2jfesn0r Query : select no, estab,szadrsdesc from szadrs where u_coddest=6737
20241122@234805.2508 ijljkmdomtt9huagpl2jfesn0r Query : select top 1 isnull(design,'') valor from st (nolock) left join stobs (nolock) on st.ref = stobs.ref where st.ref = '328.9345.00.1'
20241122@234805.2679 ijljkmdomtt9huagpl2jfesn0r Query : select top 1 bistamp valor from bi inner join bo on bo.bostamp=bi.bostamp where bo.ndos =240 and bo.boano =2077 and bo.obrano = 2407786 and bi.ref ='328.9345.00.1' and bi.lordem =1
20241122@234805.2990 ijljkmdomtt9huagpl2jfesn0r Query : use flama_phc
20241122@234805.2993 ijljkmdomtt9huagpl2jfesn0r Query : select top 1 convert(date,fdata) valor from ft where ndoc = 39 and anulado= 0 and fno>0 order by fdata desc
20241122@234805.3201 ijljkmdomtt9huagpl2jfesn0r Query : use flama_phc
20241122@234805.3204 ijljkmdomtt9huagpl2jfesn0r Query : select top 1 1 valor from td where td.ndoc = 39
20241122@234805.3304 ijljkmdomtt9huagpl2jfesn0r Query : use flama_phc
20241122@234805.3308 ijljkmdomtt9huagpl2jfesn0r Query : select lower(descricao) descricao ,case when valor='s' then 1 else 0 end valor from para1 where descricao in ('st_lote','st_usalogifunc', 'st_grelha')
20241122@234805.3343 ijljkmdomtt9huagpl2jfesn0r Query : select top 1 manternumero ,assinadoc issigned ,tiposaft ,assinaimp ,nmdos ,td.assinadoc ,'cl' origin ,lancasl stocks ,case when cmsl<50 and td.lancasl=1 then 1 else 0 end entrada ,case when cmsl>50 and td.lancasl=1 then 1 else 0 end saida ,temserie assets ,~semgre usegridfields from td inner join td2 on td.tdstamp=td2.td2stamp where td.ndoc = 1
20241122@234805.3500 ijljkmdomtt9huagpl2jfesn0r Query : use flama_phc
20241122@234805.3503 ijljkmdomtt9huagpl2jfesn0r Query : select top 1 ~inactivo valor from cl where no = '100810' and estab = 0 order by inactivo desc
20241122@234805.3624 ijljkmdomtt9huagpl2jfesn0r Query : use flama_phc
20241122@234805.3627 ijljkmdomtt9huagpl2jfesn0r Query : select top 1 tipodoc,regrd from td where ndoc = 39
20241122@234805.3727 ijljkmdomtt9huagpl2jfesn0r Query : use flama_phc
20241122@234805.3730 ijljkmdomtt9huagpl2jfesn0r Query : select szadrsstamp valor from szadrs where szadrsdesc='espaÇotrans,lda'
20241122@234805.3772 ijljkmdomtt9huagpl2jfesn0r Query : use flama_phc
20241122@234805.3775 ijljkmdomtt9huagpl2jfesn0r Query : select szadrsstamp valor from szadrs where szadrsdesc='100810 - worten-plaza large formats rainha'
20241122@234805.3822 ijljkmdomtt9huagpl2jfesn0r Query : use flama_phc
20241122@234805.3825 ijljkmdomtt9huagpl2jfesn0r Query : select 1 valor from td where ndoc = 39
20241122@234805.3908 ijljkmdomtt9huagpl2jfesn0r Query : select top 1 manternumero, tiposaft, nmdos,td.assinadoc from td where td.ndoc = 39
20241122@234805.3995 ijljkmdomtt9huagpl2jfesn0r Query : select 1 valor from information_schema.tables where table_type='base table' and table_name='wstablefields'
20241122@234805.4013 ijljkmdomtt9huagpl2jfesn0r Query : select fieldkey,fieldname,fieldtype,mandatory from wstablefields where tablename = 'ft' and documentnumber = 39
20241122@234805.4034 ijljkmdomtt9huagpl2jfesn0r Query : select 1 valor from information_schema.tables where table_type='base table' and table_name='wstablefields'
20241122@234805.4051 ijljkmdomtt9huagpl2jfesn0r Query : select fieldkey,fieldname,fieldtype,mandatory from wstablefields where tablename = 'ft2' and documentnumber = 39
20241122@234805.4083 ijljkmdomtt9huagpl2jfesn0r Query : select 1 valor from information_schema.tables where table_type='base table' and table_name='wstablefields'
20241122@234805.4097 ijljkmdomtt9huagpl2jfesn0r Query : select fieldkey,fieldname,fieldtype,mandatory from wstablefields where tablename = 'ft3' and documentnumber = 39
20241122@234805.4111 ijljkmdomtt9huagpl2jfesn0r Query : select top 1 ft.fno valor from ft ft where ft.ndoc = 39 and ftano=2024 order by fno desc
20241122@234805.4353 ijljkmdomtt9huagpl2jfesn0r Query : select top 1 ft.fno valor from wsftdata ft where ft.ndoc = 39 and ftano=2024 order by fno desc
20241122@234805.4445 ijljkmdomtt9huagpl2jfesn0r Query : select 1 valor from information_schema.tables where table_type='base table' and table_name='wstablefields'
20241122@234805.4465 ijljkmdomtt9huagpl2jfesn0r Query : select fieldkey,fieldname,fieldtype,calcformula from wstablefields where tablename = 'ft3' and documentnumber = 39
20241122@234805.4482 ijljkmdomtt9huagpl2jfesn0r Query : insert into wsft3data (ft3stamp, ousrdata, ousrhora, usrdata,usrhora,ousrinis,usrinis,taxpointdt ) values ('aut67411327576741183564' ,getdate(),convert(char(8),convert (time,getdate())),getdate(),convert(char(8),convert (time,getdate())),'wsv','wsv',?)
20241122@234805.4705 ijljkmdomtt9huagpl2jfesn0r Query : select 1 valor from information_schema.tables where table_type='base table' and table_name='wstablefields'
20241122@234805.4726 ijljkmdomtt9huagpl2jfesn0r Query : select fieldkey,fieldname,fieldtype,calcformula from wstablefields where tablename = 'ft2' and documentnumber = 39
20241122@234805.4762 ijljkmdomtt9huagpl2jfesn0r Query : select top 1 bo.u_nomeenv valor from bo where bo.bostamp=''
20241122@234805.4873 ijljkmdomtt9huagpl2jfesn0r Query : select top 1 bo.u_moradaen valor from bo where bo.bostamp=''
20241122@234805.4967 ijljkmdomtt9huagpl2jfesn0r Query : select top 1 bo.u_codposen valor from bo where bo.bostamp=''
20241122@234805.5131 ijljkmdomtt9huagpl2jfesn0r Query : select top 1 bo.u_localenv valor from bo where bo.bostamp=''
20241122@234805.5223 ijljkmdomtt9huagpl2jfesn0r Query : select top 1 bo.trab5 valor from bo where bo.bostamp=''
20241122@234805.5306 ijljkmdomtt9huagpl2jfesn0r Query : select top 1 bo.serie valor from bo where bo.bostamp=''
20241122@234805.5392 ijljkmdomtt9huagpl2jfesn0r Query : insert into wsft2data (ft2stamp, ousrdata,ousrhora, usrdata,usrhora,ousrinis,usrinis,u_nomeenv ,u_moradaen ,u_codposen ,u_localenv ,u_coddest ,u_codby ) values ('aut67411327576741183564',getdate(),convert(char(8),convert (time,getdate())),getdate(),convert(char(8),convert (time,getdate())),'wsv','wsv',?,?,?,?,?,?)
20241122@234805.5673 ijljkmdomtt9huagpl2jfesn0r Query : select top 1 fno valor from wsftdata order by fno desc
20241122@234805.5780 ijljkmdomtt9huagpl2jfesn0r Query : select 1 valor from information_schema.tables where table_type='base table' and table_name='wstablefields'
20241122@234805.5796 ijljkmdomtt9huagpl2jfesn0r Query : select fieldkey,fieldname,fieldtype,calcformula from wstablefields where tablename = 'ft' and documentnumber = 39
20241122@234805.5821 ijljkmdomtt9huagpl2jfesn0r Query : select 'normal' from dummy
20241122@234805.5864 ijljkmdomtt9huagpl2jfesn0r Query : insert into wsftdata (ftstamp, ousrdata,ousrhora, usrdata,usrhora,ousrinis,usrinis,fno,no,estab,fdata,ndoc,moeda,cambio,cambiofixo,ftano,site ,classe ) values ('aut67411327576741183564',getdate(),convert(char(8),convert (time,getdate())),getdate(),convert(char(8),convert (time,getdate())),'wsv','wsv',1997,100810,0,'2024-11-22',39,'euro',0,0,2024 ,?,?)
20241122@234805.6493 ijljkmdomtt9huagpl2jfesn0r Query : use flama_phc
20241122@234805.6499 ijljkmdomtt9huagpl2jfesn0r Query : select st.usalote valor from st where st.ref = '328.9345.00.1'
20241122@234805.6522 ijljkmdomtt9huagpl2jfesn0r Query : select top 1 st.tabiva ,st.ivaincl ,st.stns ,st.uni2 ,st.familia ,isnull(tx.taxa, 0) txiva ,unidade ,usalote ,epcpond ,noserie ,conversao ,st.texteis from st left join taxasiva tx on st.tabiva = tx.codigo where st.ref = '328.9345.00.1'
20241122@234805.6684 ijljkmdomtt9huagpl2jfesn0r Query : select 1 valor from information_schema.tables where table_type='base table' and table_name='wstablefields'
20241122@234805.6700 ijljkmdomtt9huagpl2jfesn0r Query : select fieldkey,fieldname,fieldtype,mandatory from wstablefields where tablename = 'fi' and documentnumber = 39
20241122@234805.6724 ijljkmdomtt9huagpl2jfesn0r Query : select 1 valor from information_schema.tables where table_type='base table' and table_name='wstablefields'
20241122@234805.6738 ijljkmdomtt9huagpl2jfesn0r Query : select fieldkey,fieldname,fieldtype,mandatory from wstablefields where tablename = 'fi2' and documentnumber = 39
20241122@234805.6746 ijljkmdomtt9huagpl2jfesn0r Query : select top 1 convert(numeric(6,2),t.taxa) valor from taxasiva t where t.codigo='2'
20241122@234805.6757 ijljkmdomtt9huagpl2jfesn0r Query : select sestamp valor from se where ref ='328.9345.00.1' and lote = 'r2101101300a'
20241122@234805.6784 ijljkmdomtt9huagpl2jfesn0r Query : select 1 valor from information_schema.tables where table_type='base table' and table_name='wstablefields'
20241122@234805.6798 ijljkmdomtt9huagpl2jfesn0r Query : select fieldkey,fieldname,fieldtype,calcformula from wstablefields where tablename = 'fi2' and documentnumber = 39
20241122@234805.6809 ijljkmdomtt9huagpl2jfesn0r Query : insert into wsfi2data (fi2stamp,ftstamp ,ousrdata, ousrhora, usrdata,usrhora,ousrinis,usrinis) values ('aut674111377067411835a5','aut67411327576741183564' ,getdate(),convert(char(8),convert (time,getdate())),getdate(),convert(char(8),convert (time,getdate())),'wsv','wsv')
20241122@234805.6813 ijljkmdomtt9huagpl2jfesn0r Query : select 1 valor from information_schema.tables where table_type='base table' and table_name='wstablefields'
20241122@234805.6827 ijljkmdomtt9huagpl2jfesn0r Query : select fieldkey,fieldname,fieldtype,calcformula from wstablefields where tablename = 'fi' and documentnumber = 39
20241122@234805.6853 ijljkmdomtt9huagpl2jfesn0r Query : insert into wsfidata (fistamp,ousrdata, ousrhora, usrdata,usrhora,ousrinis,usrinis ,qtt ,ftstamp ,epv,pvmoeda ,tabiva,iva,lordem ,ref, design ,lote,armazem,bistamp ) values ('aut674111377067411835a5',getdate(),convert(char(8),convert (time,getdate())),getdate(),convert(char(8),convert (time,getdate())),'wsv','wsv',2.000 ,'aut67411327576741183564' ,0,0 ,2,23.00,10000,?,?,?,?,?)
20241122@234805.7126 ijljkmdomtt9huagpl2jfesn0r Query : select 1 valor from information_schema.tables where table_type='base table' and table_name='wstablefields'
20241122@234805.7142 ijljkmdomtt9huagpl2jfesn0r Query : select fieldkey,fieldname,fieldtype,mandatory from wstablefields where tablename = 'fi' and documentnumber = 39
20241122@234805.7169 ijljkmdomtt9huagpl2jfesn0r Query : select 1 valor from information_schema.tables where table_type='base table' and table_name='wstablefields'
20241122@234805.7184 ijljkmdomtt9huagpl2jfesn0r Query : select fieldkey,fieldname,fieldtype,mandatory from wstablefields where tablename = 'fi2' and documentnumber = 39
20241122@234805.7192 ijljkmdomtt9huagpl2jfesn0r Query : select top 1 convert(numeric(6,2),t.taxa) valor from taxasiva t where t.codigo='2'
20241122@234805.7204 ijljkmdomtt9huagpl2jfesn0r Query : select 1 valor from information_schema.tables where table_type='base table' and table_name='wstablefields'
20241122@234805.7221 ijljkmdomtt9huagpl2jfesn0r Query : select fieldkey,fieldname,fieldtype,calcformula from wstablefields where tablename = 'fi2' and documentnumber = 39
20241122@234805.7233 ijljkmdomtt9huagpl2jfesn0r Query : insert into wsfi2data (fi2stamp,ftstamp ,ousrdata, ousrhora, usrdata,usrhora,ousrinis,usrinis) values ('aut674118573667411835af','aut67411327576741183564' ,getdate(),convert(char(8),convert (time,getdate())),getdate(),convert(char(8),convert (time,getdate())),'wsv','wsv')
20241122@234805.7237 ijljkmdomtt9huagpl2jfesn0r Query : select 1 valor from information_schema.tables where table_type='base table' and table_name='wstablefields'
20241122@234805.7251 ijljkmdomtt9huagpl2jfesn0r Query : select fieldkey,fieldname,fieldtype,calcformula from wstablefields where tablename = 'fi' and documentnumber = 39
20241122@234805.7279 ijljkmdomtt9huagpl2jfesn0r Query : insert into wsfidata (fistamp,ousrdata, ousrhora, usrdata,usrhora,ousrinis,usrinis ,qtt ,ftstamp ,epv,pvmoeda ,tabiva,iva,lordem ,ref, design ,armazem) values ('aut674118573667411835af',getdate(),convert(char(8),convert (time,getdate())),getdate(),convert(char(8),convert (time,getdate())),'wsv','wsv',0 ,'aut67411327576741183564' ,0,0 ,2,23.00,20000,?,?,?)
20241122@234805.7557 ijljkmdomtt9huagpl2jfesn0r Query : insert into wsftcreationlog (initialftstamp,externalid,creationstatus,documenttypeid,idustamp) values ('aut67411327576741183564','2407786','wait',39,'adm09112754980.682000002')
20241122@234805.7628 ijljkmdomtt9huagpl2jfesn0r Query : use flama_phc
20241122@234805.7631 ijljkmdomtt9huagpl2jfesn0r Query : update u_wsusers set rqsttoken =? where userid ='userls001'
20241122@234805.7668 ijljkmdomtt9huagpl2jfesn0r Query : select concat(rtrim(relative_path),ltrim(name_new)) as valor from uploadfiles where uploadfile_id='3460';
20241122@234805.7704 ijljkmdomtt9huagpl2jfesn0r Query : update uploadfiles set whenupdated=current_timestamp where uploadfile_id='3460';
20241122@234805.7751 ijljkmdomtt9huagpl2jfesn0r Query : select concat(rtrim(relative_path),ltrim(name_new)) as valor from uploadfiles where uploadfile_id='3460';
20241122@234805.7781 ijljkmdomtt9huagpl2jfesn0r Query : update uploadfiles set whenupdated=current_timestamp where uploadfile_id='3460';
20241122@234805.8313 82qqbfk5f11v9epop5gvbe9n48 Query : insert into uploadfiles ( name_original, name_new, option_type, relative_path, whencreated ) values ( ?, ?, ?, ?, getdate() )
20241122@234805.8324 82qqbfk5f11v9epop5gvbe9n48 Query : select uploadfile_id valor from uploadfiles where name_new = ? and option_type = ? 
20241122@234805.8391 82qqbfk5f11v9epop5gvbe9n48 Query : select concat(rtrim(relative_path),ltrim(name_new)) as valor from uploadfiles where uploadfile_id='3461';
20241122@234805.8454 82qqbfk5f11v9epop5gvbe9n48 Query : update uploadfiles set whenupdated=current_timestamp where uploadfile_id='3461';
20241122@234805.8513 82qqbfk5f11v9epop5gvbe9n48 Query : select concat(rtrim(relative_path),ltrim(name_new)) as valor from uploadfiles where uploadfile_id='3461';
20241122@234805.8542 82qqbfk5f11v9epop5gvbe9n48 Query : update uploadfiles set whenupdated=current_timestamp where uploadfile_id='3461';
20241122@234805.9699 82qqbfk5f11v9epop5gvbe9n48 Query : use flama_phc
20241122@234805.9703 82qqbfk5f11v9epop5gvbe9n48 Query : select top 1 secretkey valor from u_wsusers u where u.userid = ? and u.inactivo=0
20241122@234805.9768 82qqbfk5f11v9epop5gvbe9n48 Query : use flama_phc
20241122@234805.9772 82qqbfk5f11v9epop5gvbe9n48 Query : select no, estab,szadrsdesc from szadrs where u_coddest=4740
20241122@234805.9868 82qqbfk5f11v9epop5gvbe9n48 Query : select top 1 isnull(design,'') valor from st (nolock) left join stobs (nolock) on st.ref = stobs.ref where st.ref = '324.646.00.01'
20241122@234806.4100 82qqbfk5f11v9epop5gvbe9n48 Query : select top 1 bistamp valor from bi inner join bo on bo.bostamp=bi.bostamp where bo.ndos =240 and bo.boano =2077 and bo.obrano = 2407789 and bi.ref ='324.646.00.01' and bi.lordem =1
20241122@234806.3540 82qqbfk5f11v9epop5gvbe9n48 Query : select top 1 isnull(design,'') valor from st (nolock) left join stobs (nolock) on st.ref = stobs.ref where st.ref = '324.646.00.01'
20241122@234806.3730 82qqbfk5f11v9epop5gvbe9n48 Query : select top 1 bistamp valor from bi inner join bo on bo.bostamp=bi.bostamp where bo.ndos =240 and bo.boano =2077 and bo.obrano = 2407789 and bi.ref ='324.646.00.01' and bi.lordem =1
20241122@234806.3910 82qqbfk5f11v9epop5gvbe9n48 Query : select top 1 isnull(design,'') valor from st (nolock) left join stobs (nolock) on st.ref = stobs.ref where st.ref = '324.646.00.01'
20241122@234806.4100 82qqbfk5f11v9epop5gvbe9n48 Query : select top 1 bistamp valor from bi inner join bo on bo.bostamp=bi.bostamp where bo.ndos =240 and bo.boano =2077 and bo.obrano = 2407789 and bi.ref ='324.646.00.01' and bi.lordem =1
20241122@234806.4250 82qqbfk5f11v9epop5gvbe9n48 Query : select top 1 isnull(design,'') valor from st (nolock) left join stobs (nolock) on st.ref = stobs.ref where st.ref = '324.646.00.01'
20241122@234806.4430 82qqbfk5f11v9epop5gvbe9n48 Query : select top 1 bistamp valor from bi inner join bo on bo.bostamp=bi.bostamp where bo.ndos =240 and bo.boano =2077 and bo.obrano = 2407789 and bi.ref ='324.646.00.01' and bi.lordem =1
20241122@234806.4590 82qqbfk5f11v9epop5gvbe9n48 Query : select top 1 isnull(design,'') valor from st (nolock) left join stobs (nolock) on st.ref = stobs.ref where st.ref = '324.646.00.01'
20241122@234806.4780 82qqbfk5f11v9epop5gvbe9n48 Query : select top 1 bistamp valor from bi inner join bo on bo.bostamp=bi.bostamp where bo.ndos =240 and bo.boano =2077 and bo.obrano = 2407789 and bi.ref ='324.646.00.01' and bi.lordem =1
20241122@234806.4940 82qqbfk5f11v9epop5gvbe9n48 Query : select top 1 isnull(design,'') valor from st (nolock) left join stobs (nolock) on st.ref = stobs.ref where st.ref = '324.646.00.01'
20241122@234806.5130 82qqbfk5f11v9epop5gvbe9n48 Query : select top 1 bistamp valor from bi inner join bo on bo.bostamp=bi.bostamp where bo.ndos =240 and bo.boano =2077 and bo.obrano = 2407789 and bi.ref ='324.646.00.01' and bi.lordem =1
20241122@234806.5290 82qqbfk5f11v9epop5gvbe9n48 Query : select top 1 isnull(design,'') valor from st (nolock) left join stobs (nolock) on st.ref = stobs.ref where st.ref = '324.646.00.01'
20241122@234806.5480 82qqbfk5f11v9epop5gvbe9n48 Query : select top 1 bistamp valor from bi inner join bo on bo.bostamp=bi.bostamp where bo.ndos =240 and bo.boano =2077 and bo.obrano = 2407789 and bi.ref ='324.646.00.01' and bi.lordem =1
20241122@234806.5640 82qqbfk5f11v9epop5gvbe9n48 Query : select top 1 isnull(design,'') valor from st (nolock) left join stobs (nolock) on st.ref = stobs.ref where st.ref = '324.646.00.01'
20241122@234806.5830 82qqbfk5f11v9epop5gvbe9n48 Query : select top 1 bistamp valor from bi inner join bo on bo.bostamp=bi.bostamp where bo.ndos =240 and bo.boano =2077 and bo.obrano = 2407789 and bi.ref ='324.646.00.01' and bi.lordem =1
20241122@234806.6000 82qqbfk5f11v9epop5gvbe9n48 Query : select top 1 isnull(design,'') valor from st (nolock) left join stobs (nolock) on st.ref = stobs.ref where st.ref = '324.646.00.01'
20241122@234806.6210 82qqbfk5f11v9epop5gvbe9n48 Query : select top 1 bistamp valor from bi inner join bo on bo.bostamp=bi.bostamp where bo.ndos =240 and bo.boano =2077 and bo.obrano = 2407789 and bi.ref ='324.646.00.01' and bi.lordem =1
20241122@234806.6380 82qqbfk5f11v9epop5gvbe9n48 Query : select top 1 isnull(design,'') valor from st (nolock) left join stobs (nolock) on st.ref = stobs.ref where st.ref = '324.646.00.01'
20241122@234806.6570 82qqbfk5f11v9epop5gvbe9n48 Query : select top 1 bistamp valor from bi inner join bo on bo.bostamp=bi.bostamp where bo.ndos =240 and bo.boano =2077 and bo.obrano = 2407789 and bi.ref ='324.646.00.01' and bi.lordem =1
20241122@234806.6740 82qqbfk5f11v9epop5gvbe9n48 Query : select top 1 isnull(design,'') valor from st (nolock) left join stobs (nolock) on st.ref = stobs.ref where st.ref = '324.645.00.01'
20241122@234806.6930 82qqbfk5f11v9epop5gvbe9n48 Query : select top 1 bistamp valor from bi inner join bo on bo.bostamp=bi.bostamp where bo.ndos =240 and bo.boano =2077 and bo.obrano = 2407789 and bi.ref ='324.645.00.01' and bi.lordem =2
20241122@234806.1009 82qqbfk5f11v9epop5gvbe9n48 Query : select top 1 isnull(design,'') valor from st (nolock) left join stobs (nolock) on st.ref = stobs.ref where st.ref = '324.645.00.01'
20241122@234806.1031 82qqbfk5f11v9epop5gvbe9n48 Query : select top 1 bistamp valor from bi inner join bo on bo.bostamp=bi.bostamp where bo.ndos =240 and bo.boano =2077 and bo.obrano = 2407789 and bi.ref ='324.645.00.01' and bi.lordem =2
20241122@234806.1047 82qqbfk5f11v9epop5gvbe9n48 Query : select top 1 isnull(design,'') valor from st (nolock) left join stobs (nolock) on st.ref = stobs.ref where st.ref = '324.645.00.01'
20241122@234806.1066 82qqbfk5f11v9epop5gvbe9n48 Query : select top 1 bistamp valor from bi inner join bo on bo.bostamp=bi.bostamp where bo.ndos =240 and bo.boano =2077 and bo.obrano = 2407789 and bi.ref ='324.645.00.01' and bi.lordem =2
20241122@234806.1084 82qqbfk5f11v9epop5gvbe9n48 Query : select top 1 isnull(design,'') valor from st (nolock) left join stobs (nolock) on st.ref = stobs.ref where st.ref = '324.645.00.01'
20241122@234806.1107 82qqbfk5f11v9epop5gvbe9n48 Query : select top 1 bistamp valor from bi inner join bo on bo.bostamp=bi.bostamp where bo.ndos =240 and bo.boano =2077 and bo.obrano = 2407789 and bi.ref ='324.645.00.01' and bi.lordem =2
20241122@234806.1127 82qqbfk5f11v9epop5gvbe9n48 Query : select top 1 isnull(design,'') valor from st (nolock) left join stobs (nolock) on st.ref = stobs.ref where st.ref = '324.645.00.01'
20241122@234806.1149 82qqbfk5f11v9epop5gvbe9n48 Query : select top 1 bistamp valor from bi inner join bo on bo.bostamp=bi.bostamp where bo.ndos =240 and bo.boano =2077 and bo.obrano = 2407789 and bi.ref ='324.645.00.01' and bi.lordem =2
20241122@234806.1167 82qqbfk5f11v9epop5gvbe9n48 Query : select top 1 isnull(design,'') valor from st (nolock) left join stobs (nolock) on st.ref = stobs.ref where st.ref = '324.645.00.01'
20241122@234806.1190 82qqbfk5f11v9epop5gvbe9n48 Query : select top 1 bistamp valor from bi inner join bo on bo.bostamp=bi.bostamp where bo.ndos =240 and bo.boano =2077 and bo.obrano = 2407789 and bi.ref ='324.645.00.01' and bi.lordem =2
20241122@234806.1208 82qqbfk5f11v9epop5gvbe9n48 Query : select top 1 isnull(design,'') valor from st (nolock) left join stobs (nolock) on st.ref = stobs.ref where st.ref = '324.645.00.01'
20241122@234806.1231 82qqbfk5f11v9epop5gvbe9n48 Query : select top 1 bistamp valor from bi inner join bo on bo.bostamp=bi.bostamp where bo.ndos =240 and bo.boano =2077 and bo.obrano = 2407789 and bi.ref ='324.645.00.01' and bi.lordem =2
20241122@234806.1250 82qqbfk5f11v9epop5gvbe9n48 Query : select top 1 isnull(design,'') valor from st (nolock) left join stobs (nolock) on st.ref = stobs.ref where st.ref = '324.645.00.01'
20241122@234806.1269 82qqbfk5f11v9epop5gvbe9n48 Query : select top 1 bistamp valor from bi inner join bo on bo.bostamp=bi.bostamp where bo.ndos =240 and bo.boano =2077 and bo.obrano = 2407789 and bi.ref ='324.645.00.01' and bi.lordem =2
20241122@234806.1285 82qqbfk5f11v9epop5gvbe9n48 Query : select top 1 isnull(design,'') valor from st (nolock) left join stobs (nolock) on st.ref = stobs.ref where st.ref = '324.645.00.01'
20241122@234806.1304 82qqbfk5f11v9epop5gvbe9n48 Query : select top 1 bistamp valor from bi inner join bo on bo.bostamp=bi.bostamp where bo.ndos =240 and bo.boano =2077 and bo.obrano = 2407789 and bi.ref ='324.645.00.01' and bi.lordem =2
20241122@234806.1321 82qqbfk5f11v9epop5gvbe9n48 Query : use flama_phc
20241122@234806.1324 82qqbfk5f11v9epop5gvbe9n48 Query : select top 1 convert(date,fdata) valor from ft where ndoc = 39 and anulado= 0 and fno>0 order by fdata desc
20241122@234806.1362 82qqbfk5f11v9epop5gvbe9n48 Query : use flama_phc
20241122@234806.1366 82qqbfk5f11v9epop5gvbe9n48 Query : select top 1 1 valor from td where td.ndoc = 39
20241122@234806.1397 82qqbfk5f11v9epop5gvbe9n48 Query : use flama_phc
20241122@234806.1400 82qqbfk5f11v9epop5gvbe9n48 Query : select lower(descricao) descricao ,case when valor='s' then 1 else 0 end valor from para1 where descricao in ('st_lote','st_usalogifunc', 'st_grelha')
20241122@234806.1428 82qqbfk5f11v9epop5gvbe9n48 Query : select top 1 manternumero ,assinadoc issigned ,tiposaft ,assinaimp ,nmdos ,td.assinadoc ,'cl' origin ,lancasl stocks ,case when cmsl<50 and td.lancasl=1 then 1 else 0 end entrada ,case when cmsl>50 and td.lancasl=1 then 1 else 0 end saida ,temserie assets ,~semgre usegridfields from td inner join td2 on td.tdstamp=td2.td2stamp where td.ndoc = 1
20241122@234806.1467 82qqbfk5f11v9epop5gvbe9n48 Query : use flama_phc
20241122@234806.1470 82qqbfk5f11v9epop5gvbe9n48 Query : select top 1 ~inactivo valor from cl where no = '100810' and estab = 0 order by inactivo desc
20241122@234806.1501 82qqbfk5f11v9epop5gvbe9n48 Query : use flama_phc
20241122@234806.1504 82qqbfk5f11v9epop5gvbe9n48 Query : select top 1 tipodoc,regrd from td where ndoc = 39
20241122@234806.1533 82qqbfk5f11v9epop5gvbe9n48 Query : use flama_phc
20241122@234806.1535 82qqbfk5f11v9epop5gvbe9n48 Query : select szadrsstamp valor from szadrs where szadrsdesc='espaÇotrans,lda'
20241122@234806.1574 82qqbfk5f11v9epop5gvbe9n48 Query : use flama_phc
20241122@234806.1578 82qqbfk5f11v9epop5gvbe9n48 Query : select szadrsstamp valor from szadrs where szadrsdesc='100810 - worten-equipamentos para o lar,sa.'
20241122@234806.1626 82qqbfk5f11v9epop5gvbe9n48 Query : use flama_phc
20241122@234806.1630 82qqbfk5f11v9epop5gvbe9n48 Query : select 1 valor from td where ndoc = 39
20241122@234806.1645 82qqbfk5f11v9epop5gvbe9n48 Query : select top 1 manternumero, tiposaft, nmdos,td.assinadoc from td where td.ndoc = 39
20241122@234806.1661 82qqbfk5f11v9epop5gvbe9n48 Query : select 1 valor from information_schema.tables where table_type='base table' and table_name='wstablefields'
20241122@234806.1679 82qqbfk5f11v9epop5gvbe9n48 Query : select fieldkey,fieldname,fieldtype,mandatory from wstablefields where tablename = 'ft' and documentnumber = 39
20241122@234806.1702 82qqbfk5f11v9epop5gvbe9n48 Query : select 1 valor from information_schema.tables where table_type='base table' and table_name='wstablefields'
20241122@234806.1718 82qqbfk5f11v9epop5gvbe9n48 Query : select fieldkey,fieldname,fieldtype,mandatory from wstablefields where tablename = 'ft2' and documentnumber = 39
20241122@234806.1753 82qqbfk5f11v9epop5gvbe9n48 Query : select 1 valor from information_schema.tables where table_type='base table' and table_name='wstablefields'
20241122@234806.1771 82qqbfk5f11v9epop5gvbe9n48 Query : select fieldkey,fieldname,fieldtype,mandatory from wstablefields where tablename = 'ft3' and documentnumber = 39
20241122@234806.1786 82qqbfk5f11v9epop5gvbe9n48 Query : select top 1 ft.fno valor from ft ft where ft.ndoc = 39 and ftano=2024 order by fno desc
20241122@234806.1845 82qqbfk5f11v9epop5gvbe9n48 Query : select top 1 ft.fno valor from wsftdata ft where ft.ndoc = 39 and ftano=2024 order by fno desc
20241122@234806.1858 82qqbfk5f11v9epop5gvbe9n48 Query : select 1 valor from information_schema.tables where table_type='base table' and table_name='wstablefields'
20241122@234806.1874 82qqbfk5f11v9epop5gvbe9n48 Query : select fieldkey,fieldname,fieldtype,calcformula from wstablefields where tablename = 'ft3' and documentnumber = 39
20241122@234806.1889 82qqbfk5f11v9epop5gvbe9n48 Query : insert into wsft3data (ft3stamp, ousrdata, ousrhora, usrdata,usrhora,ousrinis,usrinis,taxpointdt ) values ('aut6741148264674118362b' ,getdate(),convert(char(8),convert (time,getdate())),getdate(),convert(char(8),convert (time,getdate())),'wsv','wsv',?)
20241122@234806.2076 82qqbfk5f11v9epop5gvbe9n48 Query : select 1 valor from information_schema.tables where table_type='base table' and table_name='wstablefields'
20241122@234806.2093 82qqbfk5f11v9epop5gvbe9n48 Query : select fieldkey,fieldname,fieldtype,calcformula from wstablefields where tablename = 'ft2' and documentnumber = 39
20241122@234806.2131 82qqbfk5f11v9epop5gvbe9n48 Query : select top 1 bo.u_nomeenv valor from bo where bo.bostamp=''
20241122@234806.2142 82qqbfk5f11v9epop5gvbe9n48 Query : select top 1 bo.u_moradaen valor from bo where bo.bostamp=''
20241122@234806.2155 82qqbfk5f11v9epop5gvbe9n48 Query : select top 1 bo.u_codposen valor from bo where bo.bostamp=''
20241122@234806.2166 82qqbfk5f11v9epop5gvbe9n48 Query : select top 1 bo.u_localenv valor from bo where bo.bostamp=''
20241122@234806.2178 82qqbfk5f11v9epop5gvbe9n48 Query : select top 1 bo.trab5 valor from bo where bo.bostamp=''
20241122@234806.2190 82qqbfk5f11v9epop5gvbe9n48 Query : select top 1 bo.serie valor from bo where bo.bostamp=''
20241122@234806.2202 82qqbfk5f11v9epop5gvbe9n48 Query : insert into wsft2data (ft2stamp, ousrdata,ousrhora, usrdata,usrhora,ousrinis,usrinis,u_nomeenv ,u_moradaen ,u_codposen ,u_localenv ,u_coddest ,u_codby ) values ('aut6741148264674118362b',getdate(),convert(char(8),convert (time,getdate())),getdate(),convert(char(8),convert (time,getdate())),'wsv','wsv',?,?,?,?,?,?)
20241122@234806.2640 82qqbfk5f11v9epop5gvbe9n48 Query : select top 1 fno valor from wsftdata order by fno desc
20241122@234806.2785 82qqbfk5f11v9epop5gvbe9n48 Query : select 1 valor from information_schema.tables where table_type='base table' and table_name='wstablefields'
20241122@234806.2825 82qqbfk5f11v9epop5gvbe9n48 Query : select fieldkey,fieldname,fieldtype,calcformula from wstablefields where tablename = 'ft' and documentnumber = 39
20241122@234806.2846 82qqbfk5f11v9epop5gvbe9n48 Query : select 'normal' from dummy
20241122@234806.2861 82qqbfk5f11v9epop5gvbe9n48 Query : insert into wsftdata (ftstamp, ousrdata,ousrhora, usrdata,usrhora,ousrinis,usrinis,fno,no,estab,fdata,ndoc,moeda,cambio,cambiofixo,ftano,site ,classe ) values ('aut6741148264674118362b',getdate(),convert(char(8),convert (time,getdate())),getdate(),convert(char(8),convert (time,getdate())),'wsv','wsv',1998,100810,0,'2024-11-22',39,'euro',0,0,2024 ,?,?)
20241122@234806.3233 82qqbfk5f11v9epop5gvbe9n48 Query : use flama_phc
20241122@234806.3236 82qqbfk5f11v9epop5gvbe9n48 Query : select st.usalote valor from st where st.ref = '324.646.00.01'
20241122@234806.3257 82qqbfk5f11v9epop5gvbe9n48 Query : select top 1 st.tabiva ,st.ivaincl ,st.stns ,st.uni2 ,st.familia ,isnull(tx.taxa, 0) txiva ,unidade ,usalote ,epcpond ,noserie ,conversao ,st.texteis from st left join taxasiva tx on st.tabiva = tx.codigo where st.ref = '324.646.00.01'
20241122@234806.3413 82qqbfk5f11v9epop5gvbe9n48 Query : select 1 valor from information_schema.tables where table_type='base table' and table_name='wstablefields'
20241122@234806.3429 82qqbfk5f11v9epop5gvbe9n48 Query : select fieldkey,fieldname,fieldtype,mandatory from wstablefields where tablename = 'fi' and documentnumber = 39
20241122@234806.3454 82qqbfk5f11v9epop5gvbe9n48 Query : select 1 valor from information_schema.tables where table_type='base table' and table_name='wstablefields'
20241122@234806.3470 82qqbfk5f11v9epop5gvbe9n48 Query : select fieldkey,fieldname,fieldtype,mandatory from wstablefields where tablename = 'fi2' and documentnumber = 39
20241122@234806.3478 82qqbfk5f11v9epop5gvbe9n48 Query : select top 1 convert(numeric(6,2),t.taxa) valor from taxasiva t where t.codigo='2'
20241122@234806.3490 82qqbfk5f11v9epop5gvbe9n48 Query : select sestamp valor from se where ref ='324.646.00.01' and lote = 'r2400228100a'
20241122@234806.3503 82qqbfk5f11v9epop5gvbe9n48 Query : select 1 valor from information_schema.tables where table_type='base table' and table_name='wstablefields'
20241122@234806.3517 82qqbfk5f11v9epop5gvbe9n48 Query : select fieldkey,fieldname,fieldtype,calcformula from wstablefields where tablename = 'fi2' and documentnumber = 39
20241122@234806.3529 82qqbfk5f11v9epop5gvbe9n48 Query : insert into wsfi2data (fi2stamp,ftstamp ,ousrdata, ousrhora, usrdata,usrhora,ousrinis,usrinis) values ('aut67411884306741183655','aut6741148264674118362b' ,getdate(),convert(char(8),convert (time,getdate())),getdate(),convert(char(8),convert (time,getdate())),'wsv','wsv')
20241122@234806.3534 82qqbfk5f11v9epop5gvbe9n48 Query : select 1 valor from information_schema.tables where table_type='base table' and table_name='wstablefields'
20241122@234806.3548 82qqbfk5f11v9epop5gvbe9n48 Query : select fieldkey,fieldname,fieldtype,calcformula from wstablefields where tablename = 'fi' and documentnumber = 39
20241122@234806.3575 82qqbfk5f11v9epop5gvbe9n48 Query : insert into wsfidata (fistamp,ousrdata, ousrhora, usrdata,usrhora,ousrinis,usrinis ,qtt ,ftstamp ,epv,pvmoeda ,tabiva,iva,lordem ,ref, design ,lote,armazem,bistamp ) values ('aut67411884306741183655',getdate(),convert(char(8),convert (time,getdate())),getdate(),convert(char(8),convert (time,getdate())),'wsv','wsv',2.000 ,'aut6741148264674118362b' ,0,0 ,2,23.00,10000,?,?,?,?,?)
20241122@234806.3841 82qqbfk5f11v9epop5gvbe9n48 Query : select 1 valor from information_schema.tables where table_type='base table' and table_name='wstablefields'
20241122@234806.3856 82qqbfk5f11v9epop5gvbe9n48 Query : select fieldkey,fieldname,fieldtype,mandatory from wstablefields where tablename = 'fi' and documentnumber = 39
20241122@234806.3881 82qqbfk5f11v9epop5gvbe9n48 Query : select 1 valor from information_schema.tables where table_type='base table' and table_name='wstablefields'
20241122@234806.3895 82qqbfk5f11v9epop5gvbe9n48 Query : select fieldkey,fieldname,fieldtype,mandatory from wstablefields where tablename = 'fi2' and documentnumber = 39
20241122@234806.3904 82qqbfk5f11v9epop5gvbe9n48 Query : select top 1 convert(numeric(6,2),t.taxa) valor from taxasiva t where t.codigo='2'
20241122@234806.3916 82qqbfk5f11v9epop5gvbe9n48 Query : select 1 valor from information_schema.tables where table_type='base table' and table_name='wstablefields'
20241122@234806.3930 82qqbfk5f11v9epop5gvbe9n48 Query : select fieldkey,fieldname,fieldtype,calcformula from wstablefields where tablename = 'fi2' and documentnumber = 39
20241122@234806.3941 82qqbfk5f11v9epop5gvbe9n48 Query : insert into wsfi2data (fi2stamp,ftstamp ,ousrdata, ousrhora, usrdata,usrhora,ousrinis,usrinis) values ('aut6741160396674118365f','aut6741148264674118362b' ,getdate(),convert(char(8),convert (time,getdate())),getdate(),convert(char(8),convert (time,getdate())),'wsv','wsv')
20241122@234806.3945 82qqbfk5f11v9epop5gvbe9n48 Query : select 1 valor from information_schema.tables where table_type='base table' and table_name='wstablefields'
20241122@234806.3958 82qqbfk5f11v9epop5gvbe9n48 Query : select fieldkey,fieldname,fieldtype,calcformula from wstablefields where tablename = 'fi' and documentnumber = 39
20241122@234806.3985 82qqbfk5f11v9epop5gvbe9n48 Query : insert into wsfidata (fistamp,ousrdata, ousrhora, usrdata,usrhora,ousrinis,usrinis ,qtt ,ftstamp ,epv,pvmoeda ,tabiva,iva,lordem ,ref, design ,armazem) values ('aut6741160396674118365f',getdate(),convert(char(8),convert (time,getdate())),getdate(),convert(char(8),convert (time,getdate())),'wsv','wsv',0 ,'aut6741148264674118362b' ,0,0 ,2,23.00,20000,?,?,?)
20241122@234806.4233 82qqbfk5f11v9epop5gvbe9n48 Query : use flama_phc
20241122@234806.4236 82qqbfk5f11v9epop5gvbe9n48 Query : select st.usalote valor from st where st.ref = '324.646.00.01'
20241122@234806.4254 82qqbfk5f11v9epop5gvbe9n48 Query : select top 1 st.tabiva ,st.ivaincl ,st.stns ,st.uni2 ,st.familia ,isnull(tx.taxa, 0) txiva ,unidade ,usalote ,epcpond ,noserie ,conversao ,st.texteis from st left join taxasiva tx on st.tabiva = tx.codigo where st.ref = '324.646.00.01'
20241122@234806.4267 82qqbfk5f11v9epop5gvbe9n48 Query : select 1 valor from information_schema.tables where table_type='base table' and table_name='wstablefields'
20241122@234806.4281 82qqbfk5f11v9epop5gvbe9n48 Query : select fieldkey,fieldname,fieldtype,mandatory from wstablefields where tablename = 'fi' and documentnumber = 39
20241122@234806.4305 82qqbfk5f11v9epop5gvbe9n48 Query : select 1 valor from information_schema.tables where table_type='base table' and table_name='wstablefields'
20241122@234806.4319 82qqbfk5f11v9epop5gvbe9n48 Query : select fieldkey,fieldname,fieldtype,mandatory from wstablefields where tablename = 'fi2' and documentnumber = 39
20241122@234806.4328 82qqbfk5f11v9epop5gvbe9n48 Query : select top 1 convert(numeric(6,2),t.taxa) valor from taxasiva t where t.codigo='2'
20241122@234806.4339 82qqbfk5f11v9epop5gvbe9n48 Query : select sestamp valor from se where ref ='324.646.00.01' and lote = 'r2400228100a'
20241122@234806.4350 82qqbfk5f11v9epop5gvbe9n48 Query : select 1 valor from information_schema.tables where table_type='base table' and table_name='wstablefields'
20241122@234806.4364 82qqbfk5f11v9epop5gvbe9n48 Query : select fieldkey,fieldname,fieldtype,calcformula from wstablefields where tablename = 'fi2' and documentnumber = 39
20241122@234806.4375 82qqbfk5f11v9epop5gvbe9n48 Query : insert into wsfi2data (fi2stamp,ftstamp ,ousrdata, ousrhora, usrdata,usrhora,ousrinis,usrinis) values ('aut6741100523674118366a','aut6741148264674118362b' ,getdate(),convert(char(8),convert (time,getdate())),getdate(),convert(char(8),convert (time,getdate())),'wsv','wsv')
20241122@234806.4379 82qqbfk5f11v9epop5gvbe9n48 Query : select 1 valor from information_schema.tables where table_type='base table' and table_name='wstablefields'
20241122@234806.4392 82qqbfk5f11v9epop5gvbe9n48 Query : select fieldkey,fieldname,fieldtype,calcformula from wstablefields where tablename = 'fi' and documentnumber = 39
20241122@234806.4419 82qqbfk5f11v9epop5gvbe9n48 Query : insert into wsfidata (fistamp,ousrdata, ousrhora, usrdata,usrhora,ousrinis,usrinis ,qtt ,ftstamp ,epv,pvmoeda ,tabiva,iva,lordem ,ref, design ,lote,armazem,bistamp ) values ('aut6741100523674118366a',getdate(),convert(char(8),convert (time,getdate())),getdate(),convert(char(8),convert (time,getdate())),'wsv','wsv',6.000 ,'aut6741148264674118362b' ,0,0 ,2,23.00,40000,?,?,?,?,?)
20241122@234806.4680 82qqbfk5f11v9epop5gvbe9n48 Query : select 1 valor from information_schema.tables where table_type='base table' and table_name='wstablefields'
20241122@234806.4696 82qqbfk5f11v9epop5gvbe9n48 Query : select fieldkey,fieldname,fieldtype,mandatory from wstablefields where tablename = 'fi' and documentnumber = 39
20241122@234806.4726 82qqbfk5f11v9epop5gvbe9n48 Query : select 1 valor from information_schema.tables where table_type='base table' and table_name='wstablefields'
20241122@234806.4741 82qqbfk5f11v9epop5gvbe9n48 Query : select fieldkey,fieldname,fieldtype,mandatory from wstablefields where tablename = 'fi2' and documentnumber = 39
20241122@234806.4749 82qqbfk5f11v9epop5gvbe9n48 Query : select top 1 convert(numeric(6,2),t.taxa) valor from taxasiva t where t.codigo='2'
20241122@234806.4763 82qqbfk5f11v9epop5gvbe9n48 Query : select 1 valor from information_schema.tables where table_type='base table' and table_name='wstablefields'
20241122@234806.4777 82qqbfk5f11v9epop5gvbe9n48 Query : select fieldkey,fieldname,fieldtype,calcformula from wstablefields where tablename = 'fi2' and documentnumber = 39
20241122@234806.4789 82qqbfk5f11v9epop5gvbe9n48 Query : insert into wsfi2data (fi2stamp,ftstamp ,ousrdata, ousrhora, usrdata,usrhora,ousrinis,usrinis) values ('aut67411160326741183674','aut6741148264674118362b' ,getdate(),convert(char(8),convert (time,getdate())),getdate(),convert(char(8),convert (time,getdate())),'wsv','wsv')
20241122@234806.4793 82qqbfk5f11v9epop5gvbe9n48 Query : select 1 valor from information_schema.tables where table_type='base table' and table_name='wstablefields'
20241122@234806.4808 82qqbfk5f11v9epop5gvbe9n48 Query : select fieldkey,fieldname,fieldtype,calcformula from wstablefields where tablename = 'fi' and documentnumber = 39
20241122@234806.4839 82qqbfk5f11v9epop5gvbe9n48 Query : insert into wsfidata (fistamp,ousrdata, ousrhora, usrdata,usrhora,ousrinis,usrinis ,qtt ,ftstamp ,epv,pvmoeda ,tabiva,iva,lordem ,ref, design ,armazem) values ('aut67411160326741183674',getdate(),convert(char(8),convert (time,getdate())),getdate(),convert(char(8),convert (time,getdate())),'wsv','wsv',0 ,'aut6741148264674118362b' ,0,0 ,2,23.00,50000,?,?,?)
20241122@234806.5313 82qqbfk5f11v9epop5gvbe9n48 Query : use flama_phc
20241122@234806.5318 82qqbfk5f11v9epop5gvbe9n48 Query : select st.usalote valor from st where st.ref = '324.646.00.01'
20241122@234806.5338 82qqbfk5f11v9epop5gvbe9n48 Query : select top 1 st.tabiva ,st.ivaincl ,st.stns ,st.uni2 ,st.familia ,isnull(tx.taxa, 0) txiva ,unidade ,usalote ,epcpond ,noserie ,conversao ,st.texteis from st left join taxasiva tx on st.tabiva = tx.codigo where st.ref = '324.646.00.01'
20241122@234806.5352 82qqbfk5f11v9epop5gvbe9n48 Query : select 1 valor from information_schema.tables where table_type='base table' and table_name='wstablefields'
20241122@234806.5367 82qqbfk5f11v9epop5gvbe9n48 Query : select fieldkey,fieldname,fieldtype,mandatory from wstablefields where tablename = 'fi' and documentnumber = 39
20241122@234806.5393 82qqbfk5f11v9epop5gvbe9n48 Query : select 1 valor from information_schema.tables where table_type='base table' and table_name='wstablefields'
20241122@234806.5408 82qqbfk5f11v9epop5gvbe9n48 Query : select fieldkey,fieldname,fieldtype,mandatory from wstablefields where tablename = 'fi2' and documentnumber = 39
20241122@234806.5417 82qqbfk5f11v9epop5gvbe9n48 Query : select top 1 convert(numeric(6,2),t.taxa) valor from taxasiva t where t.codigo='2'
20241122@234806.5428 82qqbfk5f11v9epop5gvbe9n48 Query : select sestamp valor from se where ref ='324.646.00.01' and lote = 'r2400228100a'
20241122@234806.5441 82qqbfk5f11v9epop5gvbe9n48 Query : select 1 valor from information_schema.tables where table_type='base table' and table_name='wstablefields'
20241122@234806.5456 82qqbfk5f11v9epop5gvbe9n48 Query : select fieldkey,fieldname,fieldtype,calcformula from wstablefields where tablename = 'fi2' and documentnumber = 39
20241122@234806.5467 82qqbfk5f11v9epop5gvbe9n48 Query : insert into wsfi2data (fi2stamp,ftstamp ,ousrdata, ousrhora, usrdata,usrhora,ousrinis,usrinis) values ('aut67411410366741183684','aut6741148264674118362b' ,getdate(),convert(char(8),convert (time,getdate())),getdate(),convert(char(8),convert (time,getdate())),'wsv','wsv')
20241122@234806.5471 82qqbfk5f11v9epop5gvbe9n48 Query : select 1 valor from information_schema.tables where table_type='base table' and table_name='wstablefields'
20241122@234806.5486 82qqbfk5f11v9epop5gvbe9n48 Query : select fieldkey,fieldname,fieldtype,calcformula from wstablefields where tablename = 'fi' and documentnumber = 39
20241122@234806.5514 82qqbfk5f11v9epop5gvbe9n48 Query : insert into wsfidata (fistamp,ousrdata, ousrhora, usrdata,usrhora,ousrinis,usrinis ,qtt ,ftstamp ,epv,pvmoeda ,tabiva,iva,lordem ,ref, design ,lote,armazem,bistamp ) values ('aut67411410366741183684',getdate(),convert(char(8),convert (time,getdate())),getdate(),convert(char(8),convert (time,getdate())),'wsv','wsv',24.000 ,'aut6741148264674118362b' ,0,0 ,2,23.00,70000,?,?,?,?,?)
20241122@234806.5786 82qqbfk5f11v9epop5gvbe9n48 Query : select 1 valor from information_schema.tables where table_type='base table' and table_name='wstablefields'
20241122@234806.5801 82qqbfk5f11v9epop5gvbe9n48 Query : select fieldkey,fieldname,fieldtype,mandatory from wstablefields where tablename = 'fi' and documentnumber = 39
20241122@234806.5827 82qqbfk5f11v9epop5gvbe9n48 Query : select 1 valor from information_schema.tables where table_type='base table' and table_name='wstablefields'
20241122@234806.5842 82qqbfk5f11v9epop5gvbe9n48 Query : select fieldkey,fieldname,fieldtype,mandatory from wstablefields where tablename = 'fi2' and documentnumber = 39
20241122@234806.5850 82qqbfk5f11v9epop5gvbe9n48 Query : select top 1 convert(numeric(6,2),t.taxa) valor from taxasiva t where t.codigo='2'
20241122@234806.5862 82qqbfk5f11v9epop5gvbe9n48 Query : select 1 valor from information_schema.tables where table_type='base table' and table_name='wstablefields'
20241122@234806.5878 82qqbfk5f11v9epop5gvbe9n48 Query : select fieldkey,fieldname,fieldtype,calcformula from wstablefields where tablename = 'fi2' and documentnumber = 39
20241122@234806.5890 82qqbfk5f11v9epop5gvbe9n48 Query : insert into wsfi2data (fi2stamp,ftstamp ,ousrdata, ousrhora, usrdata,usrhora,ousrinis,usrinis) values ('aut6741105241674118368f','aut6741148264674118362b' ,getdate(),convert(char(8),convert (time,getdate())),getdate(),convert(char(8),convert (time,getdate())),'wsv','wsv')
20241122@234806.5894 82qqbfk5f11v9epop5gvbe9n48 Query : select 1 valor from information_schema.tables where table_type='base table' and table_name='wstablefields'
20241122@234806.5908 82qqbfk5f11v9epop5gvbe9n48 Query : select fieldkey,fieldname,fieldtype,calcformula from wstablefields where tablename = 'fi' and documentnumber = 39
20241122@234806.5936 82qqbfk5f11v9epop5gvbe9n48 Query : insert into wsfidata (fistamp,ousrdata, ousrhora, usrdata,usrhora,ousrinis,usrinis ,qtt ,ftstamp ,epv,pvmoeda ,tabiva,iva,lordem ,ref, design ,armazem) values ('aut6741105241674118368f',getdate(),convert(char(8),convert (time,getdate())),getdate(),convert(char(8),convert (time,getdate())),'wsv','wsv',0 ,'aut6741148264674118362b' ,0,0 ,2,23.00,80000,?,?,?)
20241122@234806.6196 82qqbfk5f11v9epop5gvbe9n48 Query : use flama_phc
20241122@234806.6199 82qqbfk5f11v9epop5gvbe9n48 Query : select st.usalote valor from st where st.ref = '324.646.00.01'
20241122@234806.6219 82qqbfk5f11v9epop5gvbe9n48 Query : select top 1 st.tabiva ,st.ivaincl ,st.stns ,st.uni2 ,st.familia ,isnull(tx.taxa, 0) txiva ,unidade ,usalote ,epcpond ,noserie ,conversao ,st.texteis from st left join taxasiva tx on st.tabiva = tx.codigo where st.ref = '324.646.00.01'
20241122@234806.6233 82qqbfk5f11v9epop5gvbe9n48 Query : select 1 valor from information_schema.tables where table_type='base table' and table_name='wstablefields'
20241122@234806.6247 82qqbfk5f11v9epop5gvbe9n48 Query : select fieldkey,fieldname,fieldtype,mandatory from wstablefields where tablename = 'fi' and documentnumber = 39
20241122@234806.6273 82qqbfk5f11v9epop5gvbe9n48 Query : select 1 valor from information_schema.tables where table_type='base table' and table_name='wstablefields'
20241122@234806.6289 82qqbfk5f11v9epop5gvbe9n48 Query : select fieldkey,fieldname,fieldtype,mandatory from wstablefields where tablename = 'fi2' and documentnumber = 39
20241122@234806.6298 82qqbfk5f11v9epop5gvbe9n48 Query : select top 1 convert(numeric(6,2),t.taxa) valor from taxasiva t where t.codigo='2'
20241122@234806.6312 82qqbfk5f11v9epop5gvbe9n48 Query : select sestamp valor from se where ref ='324.646.00.01' and lote = 'r2400228100a'
20241122@234806.6323 82qqbfk5f11v9epop5gvbe9n48 Query : select 1 valor from information_schema.tables where table_type='base table' and table_name='wstablefields'
20241122@234806.6340 82qqbfk5f11v9epop5gvbe9n48 Query : select fieldkey,fieldname,fieldtype,calcformula from wstablefields where tablename = 'fi2' and documentnumber = 39
20241122@234806.6352 82qqbfk5f11v9epop5gvbe9n48 Query : insert into wsfi2data (fi2stamp,ftstamp ,ousrdata, ousrhora, usrdata,usrhora,ousrinis,usrinis) values ('aut6741177679674118369a','aut6741148264674118362b' ,getdate(),convert(char(8),convert (time,getdate())),getdate(),convert(char(8),convert (time,getdate())),'wsv','wsv')
20241122@234806.6357 82qqbfk5f11v9epop5gvbe9n48 Query : select 1 valor from information_schema.tables where table_type='base table' and table_name='wstablefields'
20241122@234806.6371 82qqbfk5f11v9epop5gvbe9n48 Query : select fieldkey,fieldname,fieldtype,calcformula from wstablefields where tablename = 'fi' and documentnumber = 39
20241122@234806.6399 82qqbfk5f11v9epop5gvbe9n48 Query : insert into wsfidata (fistamp,ousrdata, ousrhora, usrdata,usrhora,ousrinis,usrinis ,qtt ,ftstamp ,epv,pvmoeda ,tabiva,iva,lordem ,ref, design ,lote,armazem,bistamp ) values ('aut6741177679674118369a',getdate(),convert(char(8),convert (time,getdate())),getdate(),convert(char(8),convert (time,getdate())),'wsv','wsv',24.000 ,'aut6741148264674118362b' ,0,0 ,2,23.00,100000,?,?,?,?,?)
20241122@234806.6669 82qqbfk5f11v9epop5gvbe9n48 Query : select 1 valor from information_schema.tables where table_type='base table' and table_name='wstablefields'
20241122@234806.6686 82qqbfk5f11v9epop5gvbe9n48 Query : select fieldkey,fieldname,fieldtype,mandatory from wstablefields where tablename = 'fi' and documentnumber = 39
20241122@234806.6711 82qqbfk5f11v9epop5gvbe9n48 Query : select 1 valor from information_schema.tables where table_type='base table' and table_name='wstablefields'
20241122@234806.6726 82qqbfk5f11v9epop5gvbe9n48 Query : select fieldkey,fieldname,fieldtype,mandatory from wstablefields where tablename = 'fi2' and documentnumber = 39
20241122@234806.6734 82qqbfk5f11v9epop5gvbe9n48 Query : select top 1 convert(numeric(6,2),t.taxa) valor from taxasiva t where t.codigo='2'
20241122@234806.6747 82qqbfk5f11v9epop5gvbe9n48 Query : select 1 valor from information_schema.tables where table_type='base table' and table_name='wstablefields'
20241122@234806.6762 82qqbfk5f11v9epop5gvbe9n48 Query : select fieldkey,fieldname,fieldtype,calcformula from wstablefields where tablename = 'fi2' and documentnumber = 39
20241122@234806.6774 82qqbfk5f11v9epop5gvbe9n48 Query : insert into wsfi2data (fi2stamp,ftstamp ,ousrdata, ousrhora, usrdata,usrhora,ousrinis,usrinis) values ('aut674116930967411836a4','aut6741148264674118362b' ,getdate(),convert(char(8),convert (time,getdate())),getdate(),convert(char(8),convert (time,getdate())),'wsv','wsv')
20241122@234806.6779 82qqbfk5f11v9epop5gvbe9n48 Query : select 1 valor from information_schema.tables where table_type='base table' and table_name='wstablefields'
20241122@234806.6795 82qqbfk5f11v9epop5gvbe9n48 Query : select fieldkey,fieldname,fieldtype,calcformula from wstablefields where tablename = 'fi' and documentnumber = 39
20241122@234806.6823 82qqbfk5f11v9epop5gvbe9n48 Query : insert into wsfidata (fistamp,ousrdata, ousrhora, usrdata,usrhora,ousrinis,usrinis ,qtt ,ftstamp ,epv,pvmoeda ,tabiva,iva,lordem ,ref, design ,armazem) values ('aut674116930967411836a4',getdate(),convert(char(8),convert (time,getdate())),getdate(),convert(char(8),convert (time,getdate())),'wsv','wsv',0 ,'aut6741148264674118362b' ,0,0 ,2,23.00,110000,?,?,?)
20241122@234806.7081 82qqbfk5f11v9epop5gvbe9n48 Query : use flama_phc
20241122@234806.7084 82qqbfk5f11v9epop5gvbe9n48 Query : select st.usalote valor from st where st.ref = '324.646.00.01'
20241122@234806.7103 82qqbfk5f11v9epop5gvbe9n48 Query : select top 1 st.tabiva ,st.ivaincl ,st.stns ,st.uni2 ,st.familia ,isnull(tx.taxa, 0) txiva ,unidade ,usalote ,epcpond ,noserie ,conversao ,st.texteis from st left join taxasiva tx on st.tabiva = tx.codigo where st.ref = '324.646.00.01'
20241122@234806.7117 82qqbfk5f11v9epop5gvbe9n48 Query : select 1 valor from information_schema.tables where table_type='base table' and table_name='wstablefields'
20241122@234806.7135 82qqbfk5f11v9epop5gvbe9n48 Query : select fieldkey,fieldname,fieldtype,mandatory from wstablefields where tablename = 'fi' and documentnumber = 39
20241122@234806.7161 82qqbfk5f11v9epop5gvbe9n48 Query : select 1 valor from information_schema.tables where table_type='base table' and table_name='wstablefields'
20241122@234806.7175 82qqbfk5f11v9epop5gvbe9n48 Query : select fieldkey,fieldname,fieldtype,mandatory from wstablefields where tablename = 'fi2' and documentnumber = 39
20241122@234806.7184 82qqbfk5f11v9epop5gvbe9n48 Query : select top 1 convert(numeric(6,2),t.taxa) valor from taxasiva t where t.codigo='2'
20241122@234806.7195 82qqbfk5f11v9epop5gvbe9n48 Query : select sestamp valor from se where ref ='324.646.00.01' and lote = 'r2400228100a'
20241122@234806.7207 82qqbfk5f11v9epop5gvbe9n48 Query : select 1 valor from information_schema.tables where table_type='base table' and table_name='wstablefields'
20241122@234806.7222 82qqbfk5f11v9epop5gvbe9n48 Query : select fieldkey,fieldname,fieldtype,calcformula from wstablefields where tablename = 'fi2' and documentnumber = 39
20241122@234806.7234 82qqbfk5f11v9epop5gvbe9n48 Query : insert into wsfi2data (fi2stamp,ftstamp ,ousrdata, ousrhora, usrdata,usrhora,ousrinis,usrinis) values ('aut674116555567411836af','aut6741148264674118362b' ,getdate(),convert(char(8),convert (time,getdate())),getdate(),convert(char(8),convert (time,getdate())),'wsv','wsv')
20241122@234806.7239 82qqbfk5f11v9epop5gvbe9n48 Query : select 1 valor from information_schema.tables where table_type='base table' and table_name='wstablefields'
20241122@234806.7253 82qqbfk5f11v9epop5gvbe9n48 Query : select fieldkey,fieldname,fieldtype,calcformula from wstablefields where tablename = 'fi' and documentnumber = 39
20241122@234806.7280 82qqbfk5f11v9epop5gvbe9n48 Query : insert into wsfidata (fistamp,ousrdata, ousrhora, usrdata,usrhora,ousrinis,usrinis ,qtt ,ftstamp ,epv,pvmoeda ,tabiva,iva,lordem ,ref, design ,lote,armazem,bistamp ) values ('aut674116555567411836af',getdate(),convert(char(8),convert (time,getdate())),getdate(),convert(char(8),convert (time,getdate())),'wsv','wsv',24.000 ,'aut6741148264674118362b' ,0,0 ,2,23.00,130000,?,?,?,?,?)
20241122@234806.7606 82qqbfk5f11v9epop5gvbe9n48 Query : select 1 valor from information_schema.tables where table_type='base table' and table_name='wstablefields'
20241122@234806.7623 82qqbfk5f11v9epop5gvbe9n48 Query : select fieldkey,fieldname,fieldtype,mandatory from wstablefields where tablename = 'fi' and documentnumber = 39
20241122@234806.7656 82qqbfk5f11v9epop5gvbe9n48 Query : select 1 valor from information_schema.tables where table_type='base table' and table_name='wstablefields'
20241122@234806.7670 82qqbfk5f11v9epop5gvbe9n48 Query : select fieldkey,fieldname,fieldtype,mandatory from wstablefields where tablename = 'fi2' and documentnumber = 39
20241122@234806.7679 82qqbfk5f11v9epop5gvbe9n48 Query : select top 1 convert(numeric(6,2),t.taxa) valor from taxasiva t where t.codigo='2'
20241122@234806.7691 82qqbfk5f11v9epop5gvbe9n48 Query : select 1 valor from information_schema.tables where table_type='base table' and table_name='wstablefields'
20241122@234806.7706 82qqbfk5f11v9epop5gvbe9n48 Query : select fieldkey,fieldname,fieldtype,calcformula from wstablefields where tablename = 'fi2' and documentnumber = 39
20241122@234806.7718 82qqbfk5f11v9epop5gvbe9n48 Query : insert into wsfi2data (fi2stamp,ftstamp ,ousrdata, ousrhora, usrdata,usrhora,ousrinis,usrinis) values ('aut674118044967411836bb','aut6741148264674118362b' ,getdate(),convert(char(8),convert (time,getdate())),getdate(),convert(char(8),convert (time,getdate())),'wsv','wsv')
20241122@234806.7722 82qqbfk5f11v9epop5gvbe9n48 Query : select 1 valor from information_schema.tables where table_type='base table' and table_name='wstablefields'
20241122@234806.7737 82qqbfk5f11v9epop5gvbe9n48 Query : select fieldkey,fieldname,fieldtype,calcformula from wstablefields where tablename = 'fi' and documentnumber = 39
20241122@234806.7764 82qqbfk5f11v9epop5gvbe9n48 Query : insert into wsfidata (fistamp,ousrdata, ousrhora, usrdata,usrhora,ousrinis,usrinis ,qtt ,ftstamp ,epv,pvmoeda ,tabiva,iva,lordem ,ref, design ,armazem) values ('aut674118044967411836bb',getdate(),convert(char(8),convert (time,getdate())),getdate(),convert(char(8),convert (time,getdate())),'wsv','wsv',0 ,'aut6741148264674118362b' ,0,0 ,2,23.00,140000,?,?,?)
20241122@234806.8480 82qqbfk5f11v9epop5gvbe9n48 Query : use flama_phc
20241122@234806.8521 82qqbfk5f11v9epop5gvbe9n48 Query : select st.usalote valor from st where st.ref = '324.646.00.01'
20241122@234806.9857 82qqbfk5f11v9epop5gvbe9n48 Query : select top 1 st.tabiva ,st.ivaincl ,st.stns ,st.uni2 ,st.familia ,isnull(tx.taxa, 0) txiva ,unidade ,usalote ,epcpond ,noserie ,conversao ,st.texteis from st left join taxasiva tx on st.tabiva = tx.codigo where st.ref = '324.646.00.01'
20241122@234806.9870 82qqbfk5f11v9epop5gvbe9n48 Query : select 1 valor from information_schema.tables where table_type='base table' and table_name='wstablefields'
20241122@234806.9886 82qqbfk5f11v9epop5gvbe9n48 Query : select fieldkey,fieldname,fieldtype,mandatory from wstablefields where tablename = 'fi' and documentnumber = 39
20241122@234806.9910 82qqbfk5f11v9epop5gvbe9n48 Query : select 1 valor from information_schema.tables where table_type='base table' and table_name='wstablefields'
20241122@234806.9923 82qqbfk5f11v9epop5gvbe9n48 Query : select fieldkey,fieldname,fieldtype,mandatory from wstablefields where tablename = 'fi2' and documentnumber = 39
20241122@234806.9932 82qqbfk5f11v9epop5gvbe9n48 Query : select top 1 convert(numeric(6,2),t.taxa) valor from taxasiva t where t.codigo='2'
20241122@234806.9943 82qqbfk5f11v9epop5gvbe9n48 Query : select sestamp valor from se where ref ='324.646.00.01' and lote = 'r2400228100a'
20241122@234806.9955 82qqbfk5f11v9epop5gvbe9n48 Query : select 1 valor from information_schema.tables where table_type='base table' and table_name='wstablefields'
20241122@234806.9968 82qqbfk5f11v9epop5gvbe9n48 Query : select fieldkey,fieldname,fieldtype,calcformula from wstablefields where tablename = 'fi2' and documentnumber = 39
20241122@234806.9979 82qqbfk5f11v9epop5gvbe9n48 Query : insert into wsfi2data (fi2stamp,ftstamp ,ousrdata, ousrhora, usrdata,usrhora,ousrinis,usrinis) values ('aut674111594267411836f3','aut6741148264674118362b' ,getdate(),convert(char(8),convert (time,getdate())),getdate(),convert(char(8),convert (time,getdate())),'wsv','wsv')
20241122@234806.9984 82qqbfk5f11v9epop5gvbe9n48 Query : select 1 valor from information_schema.tables where table_type='base table' and table_name='wstablefields'
20241122@234806.9997 82qqbfk5f11v9epop5gvbe9n48 Query : select fieldkey,fieldname,fieldtype,calcformula from wstablefields where tablename = 'fi' and documentnumber = 39
20241122@234807.2500 82qqbfk5f11v9epop5gvbe9n48 Query : insert into wsfidata (fistamp,ousrdata, ousrhora, usrdata,usrhora,ousrinis,usrinis ,qtt ,ftstamp ,epv,pvmoeda ,tabiva,iva,lordem ,ref, design ,lote,armazem,bistamp ) values ('aut674111594267411836f3',getdate(),convert(char(8),convert (time,getdate())),getdate(),convert(char(8),convert (time,getdate())),'wsv','wsv',24.000 ,'aut6741148264674118362b' ,0,0 ,2,23.00,160000,?,?,?,?,?)
20241122@234807.3000 82qqbfk5f11v9epop5gvbe9n48 Query : select 1 valor from information_schema.tables where table_type='base table' and table_name='wstablefields'
20241122@234807.3160 82qqbfk5f11v9epop5gvbe9n48 Query : select fieldkey,fieldname,fieldtype,mandatory from wstablefields where tablename = 'fi' and documentnumber = 39
20241122@234807.3410 82qqbfk5f11v9epop5gvbe9n48 Query : select 1 valor from information_schema.tables where table_type='base table' and table_name='wstablefields'
20241122@234807.3550 82qqbfk5f11v9epop5gvbe9n48 Query : select fieldkey,fieldname,fieldtype,mandatory from wstablefields where tablename = 'fi2' and documentnumber = 39
20241122@234807.3640 82qqbfk5f11v9epop5gvbe9n48 Query : select top 1 convert(numeric(6,2),t.taxa) valor from taxasiva t where t.codigo='2'
20241122@234807.3760 82qqbfk5f11v9epop5gvbe9n48 Query : select 1 valor from information_schema.tables where table_type='base table' and table_name='wstablefields'
20241122@234807.3900 82qqbfk5f11v9epop5gvbe9n48 Query : select fieldkey,fieldname,fieldtype,calcformula from wstablefields where tablename = 'fi2' and documentnumber = 39
20241122@234807.4010 82qqbfk5f11v9epop5gvbe9n48 Query : insert into wsfi2data (fi2stamp,ftstamp ,ousrdata, ousrhora, usrdata,usrhora,ousrinis,usrinis) values ('aut67411645326741183709','aut6741148264674118362b' ,getdate(),convert(char(8),convert (time,getdate())),getdate(),convert(char(8),convert (time,getdate())),'wsv','wsv')
20241122@234807.4050 82qqbfk5f11v9epop5gvbe9n48 Query : select 1 valor from information_schema.tables where table_type='base table' and table_name='wstablefields'
20241122@234807.4180 82qqbfk5f11v9epop5gvbe9n48 Query : select fieldkey,fieldname,fieldtype,calcformula from wstablefields where tablename = 'fi' and documentnumber = 39
20241122@234807.4440 82qqbfk5f11v9epop5gvbe9n48 Query : insert into wsfidata (fistamp,ousrdata, ousrhora, usrdata,usrhora,ousrinis,usrinis ,qtt ,ftstamp ,epv,pvmoeda ,tabiva,iva,lordem ,ref, design ,armazem) values ('aut67411645326741183709',getdate(),convert(char(8),convert (time,getdate())),getdate(),convert(char(8),convert (time,getdate())),'wsv','wsv',0 ,'aut6741148264674118362b' ,0,0 ,2,23.00,170000,?,?,?)
20241122@234807.7180 82qqbfk5f11v9epop5gvbe9n48 Query : use flama_phc
20241122@234807.7220 82qqbfk5f11v9epop5gvbe9n48 Query : select st.usalote valor from st where st.ref = '324.646.00.01'
20241122@234807.7430 82qqbfk5f11v9epop5gvbe9n48 Query : select top 1 st.tabiva ,st.ivaincl ,st.stns ,st.uni2 ,st.familia ,isnull(tx.taxa, 0) txiva ,unidade ,usalote ,epcpond ,noserie ,conversao ,st.texteis from st left join taxasiva tx on st.tabiva = tx.codigo where st.ref = '324.646.00.01'
20241122@234807.7590 82qqbfk5f11v9epop5gvbe9n48 Query : select 1 valor from information_schema.tables where table_type='base table' and table_name='wstablefields'
20241122@234807.7760 82qqbfk5f11v9epop5gvbe9n48 Query : select fieldkey,fieldname,fieldtype,mandatory from wstablefields where tablename = 'fi' and documentnumber = 39
20241122@234807.8060 82qqbfk5f11v9epop5gvbe9n48 Query : select 1 valor from information_schema.tables where table_type='base table' and table_name='wstablefields'
20241122@234807.8210 82qqbfk5f11v9epop5gvbe9n48 Query : select fieldkey,fieldname,fieldtype,mandatory from wstablefields where tablename = 'fi2' and documentnumber = 39
20241122@234807.8300 82qqbfk5f11v9epop5gvbe9n48 Query : select top 1 convert(numeric(6,2),t.taxa) valor from taxasiva t where t.codigo='2'
20241122@234807.8410 82qqbfk5f11v9epop5gvbe9n48 Query : select sestamp valor from se where ref ='324.646.00.01' and lote = 'r2400228100a'
20241122@234807.8530 82qqbfk5f11v9epop5gvbe9n48 Query : select 1 valor from information_schema.tables where table_type='base table' and table_name='wstablefields'
20241122@234807.8680 82qqbfk5f11v9epop5gvbe9n48 Query : select fieldkey,fieldname,fieldtype,calcformula from wstablefields where tablename = 'fi2' and documentnumber = 39
20241122@234807.8820 82qqbfk5f11v9epop5gvbe9n48 Query : insert into wsfi2data (fi2stamp,ftstamp ,ousrdata, ousrhora, usrdata,usrhora,ousrinis,usrinis) values ('aut67411570626741183714','aut6741148264674118362b' ,getdate(),convert(char(8),convert (time,getdate())),getdate(),convert(char(8),convert (time,getdate())),'wsv','wsv')
20241122@234807.8860 82qqbfk5f11v9epop5gvbe9n48 Query : select 1 valor from information_schema.tables where table_type='base table' and table_name='wstablefields'
20241122@234807.9010 82qqbfk5f11v9epop5gvbe9n48 Query : select fieldkey,fieldname,fieldtype,calcformula from wstablefields where tablename = 'fi' and documentnumber = 39
20241122@234807.9290 82qqbfk5f11v9epop5gvbe9n48 Query : insert into wsfidata (fistamp,ousrdata, ousrhora, usrdata,usrhora,ousrinis,usrinis ,qtt ,ftstamp ,epv,pvmoeda ,tabiva,iva,lordem ,ref, design ,lote,armazem,bistamp ) values ('aut67411570626741183714',getdate(),convert(char(8),convert (time,getdate())),getdate(),convert(char(8),convert (time,getdate())),'wsv','wsv',24.000 ,'aut6741148264674118362b' ,0,0 ,2,23.00,190000,?,?,?,?,?)
20241122@234807.1212 82qqbfk5f11v9epop5gvbe9n48 Query : select 1 valor from information_schema.tables where table_type='base table' and table_name='wstablefields'
20241122@234807.1229 82qqbfk5f11v9epop5gvbe9n48 Query : select fieldkey,fieldname,fieldtype,mandatory from wstablefields where tablename = 'fi' and documentnumber = 39
20241122@234807.1256 82qqbfk5f11v9epop5gvbe9n48 Query : select 1 valor from information_schema.tables where table_type='base table' and table_name='wstablefields'
20241122@234807.1270 82qqbfk5f11v9epop5gvbe9n48 Query : select fieldkey,fieldname,fieldtype,mandatory from wstablefields where tablename = 'fi2' and documentnumber = 39
20241122@234807.1279 82qqbfk5f11v9epop5gvbe9n48 Query : select top 1 convert(numeric(6,2),t.taxa) valor from taxasiva t where t.codigo='2'
20241122@234807.1291 82qqbfk5f11v9epop5gvbe9n48 Query : select 1 valor from information_schema.tables where table_type='base table' and table_name='wstablefields'
20241122@234807.1306 82qqbfk5f11v9epop5gvbe9n48 Query : select fieldkey,fieldname,fieldtype,calcformula from wstablefields where tablename = 'fi2' and documentnumber = 39
20241122@234807.1317 82qqbfk5f11v9epop5gvbe9n48 Query : insert into wsfi2data (fi2stamp,ftstamp ,ousrdata, ousrhora, usrdata,usrhora,ousrinis,usrinis) values ('aut6741134048674118371f','aut6741148264674118362b' ,getdate(),convert(char(8),convert (time,getdate())),getdate(),convert(char(8),convert (time,getdate())),'wsv','wsv')
20241122@234807.1321 82qqbfk5f11v9epop5gvbe9n48 Query : select 1 valor from information_schema.tables where table_type='base table' and table_name='wstablefields'
20241122@234807.1336 82qqbfk5f11v9epop5gvbe9n48 Query : select fieldkey,fieldname,fieldtype,calcformula from wstablefields where tablename = 'fi' and documentnumber = 39
20241122@234807.1363 82qqbfk5f11v9epop5gvbe9n48 Query : insert into wsfidata (fistamp,ousrdata, ousrhora, usrdata,usrhora,ousrinis,usrinis ,qtt ,ftstamp ,epv,pvmoeda ,tabiva,iva,lordem ,ref, design ,armazem) values ('aut6741134048674118371f',getdate(),convert(char(8),convert (time,getdate())),getdate(),convert(char(8),convert (time,getdate())),'wsv','wsv',0 ,'aut6741148264674118362b' ,0,0 ,2,23.00,200000,?,?,?)
20241122@234807.1616 82qqbfk5f11v9epop5gvbe9n48 Query : use flama_phc
20241122@234807.1620 82qqbfk5f11v9epop5gvbe9n48 Query : select st.usalote valor from st where st.ref = '324.646.00.01'
20241122@234807.1639 82qqbfk5f11v9epop5gvbe9n48 Query : select top 1 st.tabiva ,st.ivaincl ,st.stns ,st.uni2 ,st.familia ,isnull(tx.taxa, 0) txiva ,unidade ,usalote ,epcpond ,noserie ,conversao ,st.texteis from st left join taxasiva tx on st.tabiva = tx.codigo where st.ref = '324.646.00.01'
20241122@234807.1652 82qqbfk5f11v9epop5gvbe9n48 Query : select 1 valor from information_schema.tables where table_type='base table' and table_name='wstablefields'
20241122@234807.1667 82qqbfk5f11v9epop5gvbe9n48 Query : select fieldkey,fieldname,fieldtype,mandatory from wstablefields where tablename = 'fi' and documentnumber = 39
20241122@234807.1695 82qqbfk5f11v9epop5gvbe9n48 Query : select 1 valor from information_schema.tables where table_type='base table' and table_name='wstablefields'
20241122@234807.1709 82qqbfk5f11v9epop5gvbe9n48 Query : select fieldkey,fieldname,fieldtype,mandatory from wstablefields where tablename = 'fi2' and documentnumber = 39
20241122@234807.1718 82qqbfk5f11v9epop5gvbe9n48 Query : select top 1 convert(numeric(6,2),t.taxa) valor from taxasiva t where t.codigo='2'
20241122@234807.1730 82qqbfk5f11v9epop5gvbe9n48 Query : select sestamp valor from se where ref ='324.646.00.01' and lote = 'r2400228100a'
20241122@234807.1742 82qqbfk5f11v9epop5gvbe9n48 Query : select 1 valor from information_schema.tables where table_type='base table' and table_name='wstablefields'
20241122@234807.1757 82qqbfk5f11v9epop5gvbe9n48 Query : select fieldkey,fieldname,fieldtype,calcformula from wstablefields where tablename = 'fi2' and documentnumber = 39
20241122@234807.1769 82qqbfk5f11v9epop5gvbe9n48 Query : insert into wsfi2data (fi2stamp,ftstamp ,ousrdata, ousrhora, usrdata,usrhora,ousrinis,usrinis) values ('aut6741160834674118372a','aut6741148264674118362b' ,getdate(),convert(char(8),convert (time,getdate())),getdate(),convert(char(8),convert (time,getdate())),'wsv','wsv')
20241122@234807.1773 82qqbfk5f11v9epop5gvbe9n48 Query : select 1 valor from information_schema.tables where table_type='base table' and table_name='wstablefields'
20241122@234807.1788 82qqbfk5f11v9epop5gvbe9n48 Query : select fieldkey,fieldname,fieldtype,calcformula from wstablefields where tablename = 'fi' and documentnumber = 39
20241122@234807.1819 82qqbfk5f11v9epop5gvbe9n48 Query : insert into wsfidata (fistamp,ousrdata, ousrhora, usrdata,usrhora,ousrinis,usrinis ,qtt ,ftstamp ,epv,pvmoeda ,tabiva,iva,lordem ,ref, design ,lote,armazem,bistamp ) values ('aut6741160834674118372a',getdate(),convert(char(8),convert (time,getdate())),getdate(),convert(char(8),convert (time,getdate())),'wsv','wsv',24.000 ,'aut6741148264674118362b' ,0,0 ,2,23.00,220000,?,?,?,?,?)
20241122@234807.2091 82qqbfk5f11v9epop5gvbe9n48 Query : select 1 valor from information_schema.tables where table_type='base table' and table_name='wstablefields'
20241122@234807.2108 82qqbfk5f11v9epop5gvbe9n48 Query : select fieldkey,fieldname,fieldtype,mandatory from wstablefields where tablename = 'fi' and documentnumber = 39
20241122@234807.2137 82qqbfk5f11v9epop5gvbe9n48 Query : select 1 valor from information_schema.tables where table_type='base table' and table_name='wstablefields'
20241122@234807.2151 82qqbfk5f11v9epop5gvbe9n48 Query : select fieldkey,fieldname,fieldtype,mandatory from wstablefields where tablename = 'fi2' and documentnumber = 39
20241122@234807.2160 82qqbfk5f11v9epop5gvbe9n48 Query : select top 1 convert(numeric(6,2),t.taxa) valor from taxasiva t where t.codigo='2'
20241122@234807.2172 82qqbfk5f11v9epop5gvbe9n48 Query : select 1 valor from information_schema.tables where table_type='base table' and table_name='wstablefields'
20241122@234807.2186 82qqbfk5f11v9epop5gvbe9n48 Query : select fieldkey,fieldname,fieldtype,calcformula from wstablefields where tablename = 'fi2' and documentnumber = 39
20241122@234807.2197 82qqbfk5f11v9epop5gvbe9n48 Query : insert into wsfi2data (fi2stamp,ftstamp ,ousrdata, ousrhora, usrdata,usrhora,ousrinis,usrinis) values ('aut67411464636741183735','aut6741148264674118362b' ,getdate(),convert(char(8),convert (time,getdate())),getdate(),convert(char(8),convert (time,getdate())),'wsv','wsv')
20241122@234807.2202 82qqbfk5f11v9epop5gvbe9n48 Query : select 1 valor from information_schema.tables where table_type='base table' and table_name='wstablefields'
20241122@234807.2216 82qqbfk5f11v9epop5gvbe9n48 Query : select fieldkey,fieldname,fieldtype,calcformula from wstablefields where tablename = 'fi' and documentnumber = 39
20241122@234807.2244 82qqbfk5f11v9epop5gvbe9n48 Query : insert into wsfidata (fistamp,ousrdata, ousrhora, usrdata,usrhora,ousrinis,usrinis ,qtt ,ftstamp ,epv,pvmoeda ,tabiva,iva,lordem ,ref, design ,armazem) values ('aut67411464636741183735',getdate(),convert(char(8),convert (time,getdate())),getdate(),convert(char(8),convert (time,getdate())),'wsv','wsv',0 ,'aut6741148264674118362b' ,0,0 ,2,23.00,230000,?,?,?)
20241122@234807.2512 82qqbfk5f11v9epop5gvbe9n48 Query : use flama_phc
20241122@234807.2515 82qqbfk5f11v9epop5gvbe9n48 Query : select st.usalote valor from st where st.ref = '324.646.00.01'
20241122@234807.2536 82qqbfk5f11v9epop5gvbe9n48 Query : select top 1 st.tabiva ,st.ivaincl ,st.stns ,st.uni2 ,st.familia ,isnull(tx.taxa, 0) txiva ,unidade ,usalote ,epcpond ,noserie ,conversao ,st.texteis from st left join taxasiva tx on st.tabiva = tx.codigo where st.ref = '324.646.00.01'
20241122@234807.2551 82qqbfk5f11v9epop5gvbe9n48 Query : select 1 valor from information_schema.tables where table_type='base table' and table_name='wstablefields'
20241122@234807.2569 82qqbfk5f11v9epop5gvbe9n48 Query : select fieldkey,fieldname,fieldtype,mandatory from wstablefields where tablename = 'fi' and documentnumber = 39
20241122@234807.2595 82qqbfk5f11v9epop5gvbe9n48 Query : select 1 valor from information_schema.tables where table_type='base table' and table_name='wstablefields'
20241122@234807.2610 82qqbfk5f11v9epop5gvbe9n48 Query : select fieldkey,fieldname,fieldtype,mandatory from wstablefields where tablename = 'fi2' and documentnumber = 39
20241122@234807.2618 82qqbfk5f11v9epop5gvbe9n48 Query : select top 1 convert(numeric(6,2),t.taxa) valor from taxasiva t where t.codigo='2'
20241122@234807.2630 82qqbfk5f11v9epop5gvbe9n48 Query : select sestamp valor from se where ref ='324.646.00.01' and lote = 'r2400228100a'
20241122@234807.2642 82qqbfk5f11v9epop5gvbe9n48 Query : select 1 valor from information_schema.tables where table_type='base table' and table_name='wstablefields'
20241122@234807.2658 82qqbfk5f11v9epop5gvbe9n48 Query : select fieldkey,fieldname,fieldtype,calcformula from wstablefields where tablename = 'fi2' and documentnumber = 39
20241122@234807.2670 82qqbfk5f11v9epop5gvbe9n48 Query : insert into wsfi2data (fi2stamp,ftstamp ,ousrdata, ousrhora, usrdata,usrhora,ousrinis,usrinis) values ('aut67411367386741183740','aut6741148264674118362b' ,getdate(),convert(char(8),convert (time,getdate())),getdate(),convert(char(8),convert (time,getdate())),'wsv','wsv')
20241122@234807.2674 82qqbfk5f11v9epop5gvbe9n48 Query : select 1 valor from information_schema.tables where table_type='base table' and table_name='wstablefields'
20241122@234807.2691 82qqbfk5f11v9epop5gvbe9n48 Query : select fieldkey,fieldname,fieldtype,calcformula from wstablefields where tablename = 'fi' and documentnumber = 39
20241122@234807.2719 82qqbfk5f11v9epop5gvbe9n48 Query : insert into wsfidata (fistamp,ousrdata, ousrhora, usrdata,usrhora,ousrinis,usrinis ,qtt ,ftstamp ,epv,pvmoeda ,tabiva,iva,lordem ,ref, design ,lote,armazem,bistamp ) values ('aut67411367386741183740',getdate(),convert(char(8),convert (time,getdate())),getdate(),convert(char(8),convert (time,getdate())),'wsv','wsv',24.000 ,'aut6741148264674118362b' ,0,0 ,2,23.00,250000,?,?,?,?,?)
20241122@234807.2986 82qqbfk5f11v9epop5gvbe9n48 Query : select 1 valor from information_schema.tables where table_type='base table' and table_name='wstablefields'
20241122@234807.3001 82qqbfk5f11v9epop5gvbe9n48 Query : select fieldkey,fieldname,fieldtype,mandatory from wstablefields where tablename = 'fi' and documentnumber = 39
20241122@234807.3026 82qqbfk5f11v9epop5gvbe9n48 Query : select 1 valor from information_schema.tables where table_type='base table' and table_name='wstablefields'
20241122@234807.3041 82qqbfk5f11v9epop5gvbe9n48 Query : select fieldkey,fieldname,fieldtype,mandatory from wstablefields where tablename = 'fi2' and documentnumber = 39
20241122@234807.3049 82qqbfk5f11v9epop5gvbe9n48 Query : select top 1 convert(numeric(6,2),t.taxa) valor from taxasiva t where t.codigo='2'
20241122@234807.3063 82qqbfk5f11v9epop5gvbe9n48 Query : select 1 valor from information_schema.tables where table_type='base table' and table_name='wstablefields'
20241122@234807.3076 82qqbfk5f11v9epop5gvbe9n48 Query : select fieldkey,fieldname,fieldtype,calcformula from wstablefields where tablename = 'fi2' and documentnumber = 39
20241122@234807.3088 82qqbfk5f11v9epop5gvbe9n48 Query : insert into wsfi2data (fi2stamp,ftstamp ,ousrdata, ousrhora, usrdata,usrhora,ousrinis,usrinis) values ('aut6741155948674118374a','aut6741148264674118362b' ,getdate(),convert(char(8),convert (time,getdate())),getdate(),convert(char(8),convert (time,getdate())),'wsv','wsv')
20241122@234807.3092 82qqbfk5f11v9epop5gvbe9n48 Query : select 1 valor from information_schema.tables where table_type='base table' and table_name='wstablefields'
20241122@234807.3106 82qqbfk5f11v9epop5gvbe9n48 Query : select fieldkey,fieldname,fieldtype,calcformula from wstablefields where tablename = 'fi' and documentnumber = 39
20241122@234807.3134 82qqbfk5f11v9epop5gvbe9n48 Query : insert into wsfidata (fistamp,ousrdata, ousrhora, usrdata,usrhora,ousrinis,usrinis ,qtt ,ftstamp ,epv,pvmoeda ,tabiva,iva,lordem ,ref, design ,armazem) values ('aut6741155948674118374a',getdate(),convert(char(8),convert (time,getdate())),getdate(),convert(char(8),convert (time,getdate())),'wsv','wsv',0 ,'aut6741148264674118362b' ,0,0 ,2,23.00,260000,?,?,?)
20241122@234807.3403 82qqbfk5f11v9epop5gvbe9n48 Query : use flama_phc
20241122@234807.3406 82qqbfk5f11v9epop5gvbe9n48 Query : select st.usalote valor from st where st.ref = '324.646.00.01'
20241122@234807.3428 82qqbfk5f11v9epop5gvbe9n48 Query : select top 1 st.tabiva ,st.ivaincl ,st.stns ,st.uni2 ,st.familia ,isnull(tx.taxa, 0) txiva ,unidade ,usalote ,epcpond ,noserie ,conversao ,st.texteis from st left join taxasiva tx on st.tabiva = tx.codigo where st.ref = '324.646.00.01'
20241122@234807.3444 82qqbfk5f11v9epop5gvbe9n48 Query : select 1 valor from information_schema.tables where table_type='base table' and table_name='wstablefields'
20241122@234807.3460 82qqbfk5f11v9epop5gvbe9n48 Query : select fieldkey,fieldname,fieldtype,mandatory from wstablefields where tablename = 'fi' and documentnumber = 39
20241122@234807.3486 82qqbfk5f11v9epop5gvbe9n48 Query : select 1 valor from information_schema.tables where table_type='base table' and table_name='wstablefields'
20241122@234807.3502 82qqbfk5f11v9epop5gvbe9n48 Query : select fieldkey,fieldname,fieldtype,mandatory from wstablefields where tablename = 'fi2' and documentnumber = 39
20241122@234807.3510 82qqbfk5f11v9epop5gvbe9n48 Query : select top 1 convert(numeric(6,2),t.taxa) valor from taxasiva t where t.codigo='2'
20241122@234807.3523 82qqbfk5f11v9epop5gvbe9n48 Query : select sestamp valor from se where ref ='324.646.00.01' and lote = 'r2400228100a'
20241122@234807.3536 82qqbfk5f11v9epop5gvbe9n48 Query : select 1 valor from information_schema.tables where table_type='base table' and table_name='wstablefields'
20241122@234807.3552 82qqbfk5f11v9epop5gvbe9n48 Query : select fieldkey,fieldname,fieldtype,calcformula from wstablefields where tablename = 'fi2' and documentnumber = 39
20241122@234807.3564 82qqbfk5f11v9epop5gvbe9n48 Query : insert into wsfi2data (fi2stamp,ftstamp ,ousrdata, ousrhora, usrdata,usrhora,ousrinis,usrinis) values ('aut67411850926741183756','aut6741148264674118362b' ,getdate(),convert(char(8),convert (time,getdate())),getdate(),convert(char(8),convert (time,getdate())),'wsv','wsv')
20241122@234807.3568 82qqbfk5f11v9epop5gvbe9n48 Query : select 1 valor from information_schema.tables where table_type='base table' and table_name='wstablefields'
20241122@234807.3583 82qqbfk5f11v9epop5gvbe9n48 Query : select fieldkey,fieldname,fieldtype,calcformula from wstablefields where tablename = 'fi' and documentnumber = 39
20241122@234807.3610 82qqbfk5f11v9epop5gvbe9n48 Query : insert into wsfidata (fistamp,ousrdata, ousrhora, usrdata,usrhora,ousrinis,usrinis ,qtt ,ftstamp ,epv,pvmoeda ,tabiva,iva,lordem ,ref, design ,lote,armazem,bistamp ) values ('aut67411850926741183756',getdate(),convert(char(8),convert (time,getdate())),getdate(),convert(char(8),convert (time,getdate())),'wsv','wsv',24.000 ,'aut6741148264674118362b' ,0,0 ,2,23.00,280000,?,?,?,?,?)
20241122@234807.3943 82qqbfk5f11v9epop5gvbe9n48 Query : select 1 valor from information_schema.tables where table_type='base table' and table_name='wstablefields'
20241122@234807.3961 82qqbfk5f11v9epop5gvbe9n48 Query : select fieldkey,fieldname,fieldtype,mandatory from wstablefields where tablename = 'fi' and documentnumber = 39
20241122@234807.3989 82qqbfk5f11v9epop5gvbe9n48 Query : select 1 valor from information_schema.tables where table_type='base table' and table_name='wstablefields'
20241122@234807.4005 82qqbfk5f11v9epop5gvbe9n48 Query : select fieldkey,fieldname,fieldtype,mandatory from wstablefields where tablename = 'fi2' and documentnumber = 39
20241122@234807.4015 82qqbfk5f11v9epop5gvbe9n48 Query : select top 1 convert(numeric(6,2),t.taxa) valor from taxasiva t where t.codigo='2'
20241122@234807.4029 82qqbfk5f11v9epop5gvbe9n48 Query : select 1 valor from information_schema.tables where table_type='base table' and table_name='wstablefields'
20241122@234807.4047 82qqbfk5f11v9epop5gvbe9n48 Query : select fieldkey,fieldname,fieldtype,calcformula from wstablefields where tablename = 'fi2' and documentnumber = 39
20241122@234807.4063 82qqbfk5f11v9epop5gvbe9n48 Query : insert into wsfi2data (fi2stamp,ftstamp ,ousrdata, ousrhora, usrdata,usrhora,ousrinis,usrinis) values ('aut67411374146741183762','aut6741148264674118362b' ,getdate(),convert(char(8),convert (time,getdate())),getdate(),convert(char(8),convert (time,getdate())),'wsv','wsv')
20241122@234807.4070 82qqbfk5f11v9epop5gvbe9n48 Query : select 1 valor from information_schema.tables where table_type='base table' and table_name='wstablefields'
20241122@234807.4088 82qqbfk5f11v9epop5gvbe9n48 Query : select fieldkey,fieldname,fieldtype,calcformula from wstablefields where tablename = 'fi' and documentnumber = 39
20241122@234807.4124 82qqbfk5f11v9epop5gvbe9n48 Query : insert into wsfidata (fistamp,ousrdata, ousrhora, usrdata,usrhora,ousrinis,usrinis ,qtt ,ftstamp ,epv,pvmoeda ,tabiva,iva,lordem ,ref, design ,armazem) values ('aut67411374146741183762',getdate(),convert(char(8),convert (time,getdate())),getdate(),convert(char(8),convert (time,getdate())),'wsv','wsv',0 ,'aut6741148264674118362b' ,0,0 ,2,23.00,290000,?,?,?)
20241122@234807.4400 82qqbfk5f11v9epop5gvbe9n48 Query : use flama_phc
20241122@234807.4404 82qqbfk5f11v9epop5gvbe9n48 Query : select st.usalote valor from st where st.ref = '324.645.00.01'
20241122@234807.4423 82qqbfk5f11v9epop5gvbe9n48 Query : select top 1 st.tabiva ,st.ivaincl ,st.stns ,st.uni2 ,st.familia ,isnull(tx.taxa, 0) txiva ,unidade ,usalote ,epcpond ,noserie ,conversao ,st.texteis from st left join taxasiva tx on st.tabiva = tx.codigo where st.ref = '324.645.00.01'
20241122@234807.4438 82qqbfk5f11v9epop5gvbe9n48 Query : select 1 valor from information_schema.tables where table_type='base table' and table_name='wstablefields'
20241122@234807.4454 82qqbfk5f11v9epop5gvbe9n48 Query : select fieldkey,fieldname,fieldtype,mandatory from wstablefields where tablename = 'fi' and documentnumber = 39
20241122@234807.4481 82qqbfk5f11v9epop5gvbe9n48 Query : select 1 valor from information_schema.tables where table_type='base table' and table_name='wstablefields'
20241122@234807.4495 82qqbfk5f11v9epop5gvbe9n48 Query : select fieldkey,fieldname,fieldtype,mandatory from wstablefields where tablename = 'fi2' and documentnumber = 39
20241122@234807.4504 82qqbfk5f11v9epop5gvbe9n48 Query : select top 1 convert(numeric(6,2),t.taxa) valor from taxasiva t where t.codigo='2'
20241122@234807.4516 82qqbfk5f11v9epop5gvbe9n48 Query : select sestamp valor from se where ref ='324.645.00.01' and lote = 'r2400228200a'
20241122@234807.4528 82qqbfk5f11v9epop5gvbe9n48 Query : select 1 valor from information_schema.tables where table_type='base table' and table_name='wstablefields'
20241122@234807.4543 82qqbfk5f11v9epop5gvbe9n48 Query : select fieldkey,fieldname,fieldtype,calcformula from wstablefields where tablename = 'fi2' and documentnumber = 39
20241122@234807.4555 82qqbfk5f11v9epop5gvbe9n48 Query : insert into wsfi2data (fi2stamp,ftstamp ,ousrdata, ousrhora, usrdata,usrhora,ousrinis,usrinis) values ('aut6741186616674118376e','aut6741148264674118362b' ,getdate(),convert(char(8),convert (time,getdate())),getdate(),convert(char(8),convert (time,getdate())),'wsv','wsv')
20241122@234807.4559 82qqbfk5f11v9epop5gvbe9n48 Query : select 1 valor from information_schema.tables where table_type='base table' and table_name='wstablefields'
20241122@234807.4574 82qqbfk5f11v9epop5gvbe9n48 Query : select fieldkey,fieldname,fieldtype,calcformula from wstablefields where tablename = 'fi' and documentnumber = 39
20241122@234807.4601 82qqbfk5f11v9epop5gvbe9n48 Query : insert into wsfidata (fistamp,ousrdata, ousrhora, usrdata,usrhora,ousrinis,usrinis ,qtt ,ftstamp ,epv,pvmoeda ,tabiva,iva,lordem ,ref, design ,lote,armazem,bistamp ) values ('aut6741186616674118376e',getdate(),convert(char(8),convert (time,getdate())),getdate(),convert(char(8),convert (time,getdate())),'wsv','wsv',8.000 ,'aut6741148264674118362b' ,0,0 ,2,23.00,310000,?,?,?,?,?)
20241122@234807.4874 82qqbfk5f11v9epop5gvbe9n48 Query : select 1 valor from information_schema.tables where table_type='base table' and table_name='wstablefields'
20241122@234807.4890 82qqbfk5f11v9epop5gvbe9n48 Query : select fieldkey,fieldname,fieldtype,mandatory from wstablefields where tablename = 'fi' and documentnumber = 39
20241122@234807.4916 82qqbfk5f11v9epop5gvbe9n48 Query : select 1 valor from information_schema.tables where table_type='base table' and table_name='wstablefields'
20241122@234807.4931 82qqbfk5f11v9epop5gvbe9n48 Query : select fieldkey,fieldname,fieldtype,mandatory from wstablefields where tablename = 'fi2' and documentnumber = 39
20241122@234807.4939 82qqbfk5f11v9epop5gvbe9n48 Query : select top 1 convert(numeric(6,2),t.taxa) valor from taxasiva t where t.codigo='2'
20241122@234807.4953 82qqbfk5f11v9epop5gvbe9n48 Query : select 1 valor from information_schema.tables where table_type='base table' and table_name='wstablefields'
20241122@234807.4968 82qqbfk5f11v9epop5gvbe9n48 Query : select fieldkey,fieldname,fieldtype,calcformula from wstablefields where tablename = 'fi2' and documentnumber = 39
20241122@234807.4982 82qqbfk5f11v9epop5gvbe9n48 Query : insert into wsfi2data (fi2stamp,ftstamp ,ousrdata, ousrhora, usrdata,usrhora,ousrinis,usrinis) values ('aut67411570666741183778','aut6741148264674118362b' ,getdate(),convert(char(8),convert (time,getdate())),getdate(),convert(char(8),convert (time,getdate())),'wsv','wsv')
20241122@234807.4986 82qqbfk5f11v9epop5gvbe9n48 Query : select 1 valor from information_schema.tables where table_type='base table' and table_name='wstablefields'
20241122@234807.5002 82qqbfk5f11v9epop5gvbe9n48 Query : select fieldkey,fieldname,fieldtype,calcformula from wstablefields where tablename = 'fi' and documentnumber = 39
20241122@234807.5030 82qqbfk5f11v9epop5gvbe9n48 Query : insert into wsfidata (fistamp,ousrdata, ousrhora, usrdata,usrhora,ousrinis,usrinis ,qtt ,ftstamp ,epv,pvmoeda ,tabiva,iva,lordem ,ref, design ,armazem) values ('aut67411570666741183778',getdate(),convert(char(8),convert (time,getdate())),getdate(),convert(char(8),convert (time,getdate())),'wsv','wsv',0 ,'aut6741148264674118362b' ,0,0 ,2,23.00,320000,?,?,?)
20241122@234807.5445 82qqbfk5f11v9epop5gvbe9n48 Query : use flama_phc
20241122@234807.5448 82qqbfk5f11v9epop5gvbe9n48 Query : select st.usalote valor from st where st.ref = '324.645.00.01'
20241122@234807.5469 82qqbfk5f11v9epop5gvbe9n48 Query : select top 1 st.tabiva ,st.ivaincl ,st.stns ,st.uni2 ,st.familia ,isnull(tx.taxa, 0) txiva ,unidade ,usalote ,epcpond ,noserie ,conversao ,st.texteis from st left join taxasiva tx on st.tabiva = tx.codigo where st.ref = '324.645.00.01'
20241122@234807.5642 82qqbfk5f11v9epop5gvbe9n48 Query : select 1 valor from information_schema.tables where table_type='base table' and table_name='wstablefields'
20241122@234807.6625 82qqbfk5f11v9epop5gvbe9n48 Query : select fieldkey,fieldname,fieldtype,mandatory from wstablefields where tablename = 'fi' and documentnumber = 39
20241122@234807.6652 82qqbfk5f11v9epop5gvbe9n48 Query : select 1 valor from information_schema.tables where table_type='base table' and table_name='wstablefields'
20241122@234807.6667 82qqbfk5f11v9epop5gvbe9n48 Query : select fieldkey,fieldname,fieldtype,mandatory from wstablefields where tablename = 'fi2' and documentnumber = 39
20241122@234807.6675 82qqbfk5f11v9epop5gvbe9n48 Query : select top 1 convert(numeric(6,2),t.taxa) valor from taxasiva t where t.codigo='2'
20241122@234807.6687 82qqbfk5f11v9epop5gvbe9n48 Query : select sestamp valor from se where ref ='324.645.00.01' and lote = 'r2400228200a'
20241122@234807.6699 82qqbfk5f11v9epop5gvbe9n48 Query : select 1 valor from information_schema.tables where table_type='base table' and table_name='wstablefields'
20241122@234807.6714 82qqbfk5f11v9epop5gvbe9n48 Query : select fieldkey,fieldname,fieldtype,calcformula from wstablefields where tablename = 'fi2' and documentnumber = 39
20241122@234807.6725 82qqbfk5f11v9epop5gvbe9n48 Query : insert into wsfi2data (fi2stamp,ftstamp ,ousrdata, ousrhora, usrdata,usrhora,ousrinis,usrinis) values ('aut674114857267411837a3','aut6741148264674118362b' ,getdate(),convert(char(8),convert (time,getdate())),getdate(),convert(char(8),convert (time,getdate())),'wsv','wsv')
20241122@234807.6729 82qqbfk5f11v9epop5gvbe9n48 Query : select 1 valor from information_schema.tables where table_type='base table' and table_name='wstablefields'
20241122@234807.6744 82qqbfk5f11v9epop5gvbe9n48 Query : select fieldkey,fieldname,fieldtype,calcformula from wstablefields where tablename = 'fi' and documentnumber = 39
20241122@234807.6771 82qqbfk5f11v9epop5gvbe9n48 Query : insert into wsfidata (fistamp,ousrdata, ousrhora, usrdata,usrhora,ousrinis,usrinis ,qtt ,ftstamp ,epv,pvmoeda ,tabiva,iva,lordem ,ref, design ,lote,armazem,bistamp ) values ('aut674114857267411837a3',getdate(),convert(char(8),convert (time,getdate())),getdate(),convert(char(8),convert (time,getdate())),'wsv','wsv',24.000 ,'aut6741148264674118362b' ,0,0 ,2,23.00,340000,?,?,?,?,?)
20241122@234807.7050 82qqbfk5f11v9epop5gvbe9n48 Query : select 1 valor from information_schema.tables where table_type='base table' and table_name='wstablefields'
20241122@234807.7067 82qqbfk5f11v9epop5gvbe9n48 Query : select fieldkey,fieldname,fieldtype,mandatory from wstablefields where tablename = 'fi' and documentnumber = 39
20241122@234807.7092 82qqbfk5f11v9epop5gvbe9n48 Query : select 1 valor from information_schema.tables where table_type='base table' and table_name='wstablefields'
20241122@234807.7119 82qqbfk5f11v9epop5gvbe9n48 Query : select fieldkey,fieldname,fieldtype,mandatory from wstablefields where tablename = 'fi2' and documentnumber = 39
20241122@234807.7130 82qqbfk5f11v9epop5gvbe9n48 Query : select top 1 convert(numeric(6,2),t.taxa) valor from taxasiva t where t.codigo='2'
20241122@234807.7143 82qqbfk5f11v9epop5gvbe9n48 Query : select 1 valor from information_schema.tables where table_type='base table' and table_name='wstablefields'
20241122@234807.7158 82qqbfk5f11v9epop5gvbe9n48 Query : select fieldkey,fieldname,fieldtype,calcformula from wstablefields where tablename = 'fi2' and documentnumber = 39
20241122@234807.7170 82qqbfk5f11v9epop5gvbe9n48 Query : insert into wsfi2data (fi2stamp,ftstamp ,ousrdata, ousrhora, usrdata,usrhora,ousrinis,usrinis) values ('aut674115372267411837ae','aut6741148264674118362b' ,getdate(),convert(char(8),convert (time,getdate())),getdate(),convert(char(8),convert (time,getdate())),'wsv','wsv')
20241122@234807.7174 82qqbfk5f11v9epop5gvbe9n48 Query : select 1 valor from information_schema.tables where table_type='base table' and table_name='wstablefields'
20241122@234807.7189 82qqbfk5f11v9epop5gvbe9n48 Query : select fieldkey,fieldname,fieldtype,calcformula from wstablefields where tablename = 'fi' and documentnumber = 39
20241122@234807.7219 82qqbfk5f11v9epop5gvbe9n48 Query : insert into wsfidata (fistamp,ousrdata, ousrhora, usrdata,usrhora,ousrinis,usrinis ,qtt ,ftstamp ,epv,pvmoeda ,tabiva,iva,lordem ,ref, design ,armazem) values ('aut674115372267411837ae',getdate(),convert(char(8),convert (time,getdate())),getdate(),convert(char(8),convert (time,getdate())),'wsv','wsv',0 ,'aut6741148264674118362b' ,0,0 ,2,23.00,350000,?,?,?)
20241122@234807.7491 82qqbfk5f11v9epop5gvbe9n48 Query : use flama_phc
20241122@234807.7494 82qqbfk5f11v9epop5gvbe9n48 Query : select st.usalote valor from st where st.ref = '324.645.00.01'
20241122@234807.7514 82qqbfk5f11v9epop5gvbe9n48 Query : select top 1 st.tabiva ,st.ivaincl ,st.stns ,st.uni2 ,st.familia ,isnull(tx.taxa, 0) txiva ,unidade ,usalote ,epcpond ,noserie ,conversao ,st.texteis from st left join taxasiva tx on st.tabiva = tx.codigo where st.ref = '324.645.00.01'
20241122@234807.7527 82qqbfk5f11v9epop5gvbe9n48 Query : select 1 valor from information_schema.tables where table_type='base table' and table_name='wstablefields'
20241122@234807.7543 82qqbfk5f11v9epop5gvbe9n48 Query : select fieldkey,fieldname,fieldtype,mandatory from wstablefields where tablename = 'fi' and documentnumber = 39
20241122@234807.7569 82qqbfk5f11v9epop5gvbe9n48 Query : select 1 valor from information_schema.tables where table_type='base table' and table_name='wstablefields'
20241122@234807.7586 82qqbfk5f11v9epop5gvbe9n48 Query : select fieldkey,fieldname,fieldtype,mandatory from wstablefields where tablename = 'fi2' and documentnumber = 39
20241122@234807.7596 82qqbfk5f11v9epop5gvbe9n48 Query : select top 1 convert(numeric(6,2),t.taxa) valor from taxasiva t where t.codigo='2'
20241122@234807.7609 82qqbfk5f11v9epop5gvbe9n48 Query : select sestamp valor from se where ref ='324.645.00.01' and lote = 'r2400228200a'
20241122@234807.7622 82qqbfk5f11v9epop5gvbe9n48 Query : select 1 valor from information_schema.tables where table_type='base table' and table_name='wstablefields'
20241122@234807.7636 82qqbfk5f11v9epop5gvbe9n48 Query : select fieldkey,fieldname,fieldtype,calcformula from wstablefields where tablename = 'fi2' and documentnumber = 39
20241122@234807.7648 82qqbfk5f11v9epop5gvbe9n48 Query : insert into wsfi2data (fi2stamp,ftstamp ,ousrdata, ousrhora, usrdata,usrhora,ousrinis,usrinis) values ('aut674119202767411837ba','aut6741148264674118362b' ,getdate(),convert(char(8),convert (time,getdate())),getdate(),convert(char(8),convert (time,getdate())),'wsv','wsv')
20241122@234807.7653 82qqbfk5f11v9epop5gvbe9n48 Query : select 1 valor from information_schema.tables where table_type='base table' and table_name='wstablefields'
20241122@234807.7667 82qqbfk5f11v9epop5gvbe9n48 Query : select fieldkey,fieldname,fieldtype,calcformula from wstablefields where tablename = 'fi' and documentnumber = 39
20241122@234807.7697 82qqbfk5f11v9epop5gvbe9n48 Query : insert into wsfidata (fistamp,ousrdata, ousrhora, usrdata,usrhora,ousrinis,usrinis ,qtt ,ftstamp ,epv,pvmoeda ,tabiva,iva,lordem ,ref, design ,lote,armazem,bistamp ) values ('aut674119202767411837ba',getdate(),convert(char(8),convert (time,getdate())),getdate(),convert(char(8),convert (time,getdate())),'wsv','wsv',24.000 ,'aut6741148264674118362b' ,0,0 ,2,23.00,370000,?,?,?,?,?)
20241122@234807.7966 82qqbfk5f11v9epop5gvbe9n48 Query : select 1 valor from information_schema.tables where table_type='base table' and table_name='wstablefields'
20241122@234807.7984 82qqbfk5f11v9epop5gvbe9n48 Query : select fieldkey,fieldname,fieldtype,mandatory from wstablefields where tablename = 'fi' and documentnumber = 39
20241122@234807.8014 82qqbfk5f11v9epop5gvbe9n48 Query : select 1 valor from information_schema.tables where table_type='base table' and table_name='wstablefields'
20241122@234807.8028 82qqbfk5f11v9epop5gvbe9n48 Query : select fieldkey,fieldname,fieldtype,mandatory from wstablefields where tablename = 'fi2' and documentnumber = 39
20241122@234807.8038 82qqbfk5f11v9epop5gvbe9n48 Query : select top 1 convert(numeric(6,2),t.taxa) valor from taxasiva t where t.codigo='2'
20241122@234807.8051 82qqbfk5f11v9epop5gvbe9n48 Query : select 1 valor from information_schema.tables where table_type='base table' and table_name='wstablefields'
20241122@234807.8065 82qqbfk5f11v9epop5gvbe9n48 Query : select fieldkey,fieldname,fieldtype,calcformula from wstablefields where tablename = 'fi2' and documentnumber = 39
20241122@234807.8078 82qqbfk5f11v9epop5gvbe9n48 Query : insert into wsfi2data (fi2stamp,ftstamp ,ousrdata, ousrhora, usrdata,usrhora,ousrinis,usrinis) values ('aut674114937567411837c4','aut6741148264674118362b' ,getdate(),convert(char(8),convert (time,getdate())),getdate(),convert(char(8),convert (time,getdate())),'wsv','wsv')
20241122@234807.8082 82qqbfk5f11v9epop5gvbe9n48 Query : select 1 valor from information_schema.tables where table_type='base table' and table_name='wstablefields'
20241122@234807.8098 82qqbfk5f11v9epop5gvbe9n48 Query : select fieldkey,fieldname,fieldtype,calcformula from wstablefields where tablename = 'fi' and documentnumber = 39
20241122@234807.8128 82qqbfk5f11v9epop5gvbe9n48 Query : insert into wsfidata (fistamp,ousrdata, ousrhora, usrdata,usrhora,ousrinis,usrinis ,qtt ,ftstamp ,epv,pvmoeda ,tabiva,iva,lordem ,ref, design ,armazem) values ('aut674114937567411837c4',getdate(),convert(char(8),convert (time,getdate())),getdate(),convert(char(8),convert (time,getdate())),'wsv','wsv',0 ,'aut6741148264674118362b' ,0,0 ,2,23.00,380000,?,?,?)
20241122@234807.8391 82qqbfk5f11v9epop5gvbe9n48 Query : use flama_phc
20241122@234807.8394 82qqbfk5f11v9epop5gvbe9n48 Query : select st.usalote valor from st where st.ref = '324.645.00.01'
20241122@234807.8416 82qqbfk5f11v9epop5gvbe9n48 Query : select top 1 st.tabiva ,st.ivaincl ,st.stns ,st.uni2 ,st.familia ,isnull(tx.taxa, 0) txiva ,unidade ,usalote ,epcpond ,noserie ,conversao ,st.texteis from st left join taxasiva tx on st.tabiva = tx.codigo where st.ref = '324.645.00.01'
20241122@234807.8430 82qqbfk5f11v9epop5gvbe9n48 Query : select 1 valor from information_schema.tables where table_type='base table' and table_name='wstablefields'
20241122@234807.8446 82qqbfk5f11v9epop5gvbe9n48 Query : select fieldkey,fieldname,fieldtype,mandatory from wstablefields where tablename = 'fi' and documentnumber = 39
20241122@234807.8475 82qqbfk5f11v9epop5gvbe9n48 Query : select 1 valor from information_schema.tables where table_type='base table' and table_name='wstablefields'
20241122@234807.8490 82qqbfk5f11v9epop5gvbe9n48 Query : select fieldkey,fieldname,fieldtype,mandatory from wstablefields where tablename = 'fi2' and documentnumber = 39
20241122@234807.8500 82qqbfk5f11v9epop5gvbe9n48 Query : select top 1 convert(numeric(6,2),t.taxa) valor from taxasiva t where t.codigo='2'
20241122@234807.8513 82qqbfk5f11v9epop5gvbe9n48 Query : select sestamp valor from se where ref ='324.645.00.01' and lote = 'r2400228200a'
20241122@234807.8526 82qqbfk5f11v9epop5gvbe9n48 Query : select 1 valor from information_schema.tables where table_type='base table' and table_name='wstablefields'
20241122@234807.8542 82qqbfk5f11v9epop5gvbe9n48 Query : select fieldkey,fieldname,fieldtype,calcformula from wstablefields where tablename = 'fi2' and documentnumber = 39
20241122@234807.8555 82qqbfk5f11v9epop5gvbe9n48 Query : insert into wsfi2data (fi2stamp,ftstamp ,ousrdata, ousrhora, usrdata,usrhora,ousrinis,usrinis) values ('aut674111619167411837d0','aut6741148264674118362b' ,getdate(),convert(char(8),convert (time,getdate())),getdate(),convert(char(8),convert (time,getdate())),'wsv','wsv')
20241122@234807.8559 82qqbfk5f11v9epop5gvbe9n48 Query : select 1 valor from information_schema.tables where table_type='base table' and table_name='wstablefields'
20241122@234807.8574 82qqbfk5f11v9epop5gvbe9n48 Query : select fieldkey,fieldname,fieldtype,calcformula from wstablefields where tablename = 'fi' and documentnumber = 39
20241122@234807.8604 82qqbfk5f11v9epop5gvbe9n48 Query : insert into wsfidata (fistamp,ousrdata, ousrhora, usrdata,usrhora,ousrinis,usrinis ,qtt ,ftstamp ,epv,pvmoeda ,tabiva,iva,lordem ,ref, design ,lote,armazem,bistamp ) values ('aut674111619167411837d0',getdate(),convert(char(8),convert (time,getdate())),getdate(),convert(char(8),convert (time,getdate())),'wsv','wsv',24.000 ,'aut6741148264674118362b' ,0,0 ,2,23.00,400000,?,?,?,?,?)
20241122@234807.8888 82qqbfk5f11v9epop5gvbe9n48 Query : select 1 valor from information_schema.tables where table_type='base table' and table_name='wstablefields'
20241122@234807.8906 82qqbfk5f11v9epop5gvbe9n48 Query : select fieldkey,fieldname,fieldtype,mandatory from wstablefields where tablename = 'fi' and documentnumber = 39
20241122@234807.8933 82qqbfk5f11v9epop5gvbe9n48 Query : select 1 valor from information_schema.tables where table_type='base table' and table_name='wstablefields'
20241122@234807.8948 82qqbfk5f11v9epop5gvbe9n48 Query : select fieldkey,fieldname,fieldtype,mandatory from wstablefields where tablename = 'fi2' and documentnumber = 39
20241122@234807.8957 82qqbfk5f11v9epop5gvbe9n48 Query : select top 1 convert(numeric(6,2),t.taxa) valor from taxasiva t where t.codigo='2'
20241122@234807.8970 82qqbfk5f11v9epop5gvbe9n48 Query : select 1 valor from information_schema.tables where table_type='base table' and table_name='wstablefields'
20241122@234807.8986 82qqbfk5f11v9epop5gvbe9n48 Query : select fieldkey,fieldname,fieldtype,calcformula from wstablefields where tablename = 'fi2' and documentnumber = 39
20241122@234807.8997 82qqbfk5f11v9epop5gvbe9n48 Query : insert into wsfi2data (fi2stamp,ftstamp ,ousrdata, ousrhora, usrdata,usrhora,ousrinis,usrinis) values ('aut674115581267411837db','aut6741148264674118362b' ,getdate(),convert(char(8),convert (time,getdate())),getdate(),convert(char(8),convert (time,getdate())),'wsv','wsv')
20241122@234807.9002 82qqbfk5f11v9epop5gvbe9n48 Query : select 1 valor from information_schema.tables where table_type='base table' and table_name='wstablefields'
20241122@234807.9017 82qqbfk5f11v9epop5gvbe9n48 Query : select fieldkey,fieldname,fieldtype,calcformula from wstablefields where tablename = 'fi' and documentnumber = 39
20241122@234807.9048 82qqbfk5f11v9epop5gvbe9n48 Query : insert into wsfidata (fistamp,ousrdata, ousrhora, usrdata,usrhora,ousrinis,usrinis ,qtt ,ftstamp ,epv,pvmoeda ,tabiva,iva,lordem ,ref, design ,armazem) values ('aut674115581267411837db',getdate(),convert(char(8),convert (time,getdate())),getdate(),convert(char(8),convert (time,getdate())),'wsv','wsv',0 ,'aut6741148264674118362b' ,0,0 ,2,23.00,410000,?,?,?)
20241122@234807.9319 82qqbfk5f11v9epop5gvbe9n48 Query : use flama_phc
20241122@234807.9323 82qqbfk5f11v9epop5gvbe9n48 Query : select st.usalote valor from st where st.ref = '324.645.00.01'
20241122@234807.9347 82qqbfk5f11v9epop5gvbe9n48 Query : select top 1 st.tabiva ,st.ivaincl ,st.stns ,st.uni2 ,st.familia ,isnull(tx.taxa, 0) txiva ,unidade ,usalote ,epcpond ,noserie ,conversao ,st.texteis from st left join taxasiva tx on st.tabiva = tx.codigo where st.ref = '324.645.00.01'
20241122@234807.9362 82qqbfk5f11v9epop5gvbe9n48 Query : select 1 valor from information_schema.tables where table_type='base table' and table_name='wstablefields'
20241122@234807.9381 82qqbfk5f11v9epop5gvbe9n48 Query : select fieldkey,fieldname,fieldtype,mandatory from wstablefields where tablename = 'fi' and documentnumber = 39
20241122@234807.9408 82qqbfk5f11v9epop5gvbe9n48 Query : select 1 valor from information_schema.tables where table_type='base table' and table_name='wstablefields'
20241122@234807.9423 82qqbfk5f11v9epop5gvbe9n48 Query : select fieldkey,fieldname,fieldtype,mandatory from wstablefields where tablename = 'fi2' and documentnumber = 39
20241122@234807.9434 82qqbfk5f11v9epop5gvbe9n48 Query : select top 1 convert(numeric(6,2),t.taxa) valor from taxasiva t where t.codigo='2'
20241122@234807.9446 82qqbfk5f11v9epop5gvbe9n48 Query : select sestamp valor from se where ref ='324.645.00.01' and lote = 'r2400228200a'
20241122@234807.9461 82qqbfk5f11v9epop5gvbe9n48 Query : select 1 valor from information_schema.tables where table_type='base table' and table_name='wstablefields'
20241122@234807.9476 82qqbfk5f11v9epop5gvbe9n48 Query : select fieldkey,fieldname,fieldtype,calcformula from wstablefields where tablename = 'fi2' and documentnumber = 39
20241122@234807.9490 82qqbfk5f11v9epop5gvbe9n48 Query : insert into wsfi2data (fi2stamp,ftstamp ,ousrdata, ousrhora, usrdata,usrhora,ousrinis,usrinis) values ('aut674114208967411837e6','aut6741148264674118362b' ,getdate(),convert(char(8),convert (time,getdate())),getdate(),convert(char(8),convert (time,getdate())),'wsv','wsv')
20241122@234807.9494 82qqbfk5f11v9epop5gvbe9n48 Query : select 1 valor from information_schema.tables where table_type='base table' and table_name='wstablefields'
20241122@234807.9509 82qqbfk5f11v9epop5gvbe9n48 Query : select fieldkey,fieldname,fieldtype,calcformula from wstablefields where tablename = 'fi' and documentnumber = 39
20241122@234807.9539 82qqbfk5f11v9epop5gvbe9n48 Query : insert into wsfidata (fistamp,ousrdata, ousrhora, usrdata,usrhora,ousrinis,usrinis ,qtt ,ftstamp ,epv,pvmoeda ,tabiva,iva,lordem ,ref, design ,lote,armazem,bistamp ) values ('aut674114208967411837e6',getdate(),convert(char(8),convert (time,getdate())),getdate(),convert(char(8),convert (time,getdate())),'wsv','wsv',24.000 ,'aut6741148264674118362b' ,0,0 ,2,23.00,430000,?,?,?,?,?)
20241122@234807.9825 82qqbfk5f11v9epop5gvbe9n48 Query : select 1 valor from information_schema.tables where table_type='base table' and table_name='wstablefields'
20241122@234807.9845 82qqbfk5f11v9epop5gvbe9n48 Query : select fieldkey,fieldname,fieldtype,mandatory from wstablefields where tablename = 'fi' and documentnumber = 39
20241122@234807.9875 82qqbfk5f11v9epop5gvbe9n48 Query : select 1 valor from information_schema.tables where table_type='base table' and table_name='wstablefields'
20241122@234807.9892 82qqbfk5f11v9epop5gvbe9n48 Query : select fieldkey,fieldname,fieldtype,mandatory from wstablefields where tablename = 'fi2' and documentnumber = 39
20241122@234807.9902 82qqbfk5f11v9epop5gvbe9n48 Query : select top 1 convert(numeric(6,2),t.taxa) valor from taxasiva t where t.codigo='2'
20241122@234807.9917 82qqbfk5f11v9epop5gvbe9n48 Query : select 1 valor from information_schema.tables where table_type='base table' and table_name='wstablefields'
20241122@234807.9934 82qqbfk5f11v9epop5gvbe9n48 Query : select fieldkey,fieldname,fieldtype,calcformula from wstablefields where tablename = 'fi2' and documentnumber = 39
20241122@234807.9948 82qqbfk5f11v9epop5gvbe9n48 Query : insert into wsfi2data (fi2stamp,ftstamp ,ousrdata, ousrhora, usrdata,usrhora,ousrinis,usrinis) values ('aut674119680167411837f2','aut6741148264674118362b' ,getdate(),convert(char(8),convert (time,getdate())),getdate(),convert(char(8),convert (time,getdate())),'wsv','wsv')
20241122@234807.9953 82qqbfk5f11v9epop5gvbe9n48 Query : select 1 valor from information_schema.tables where table_type='base table' and table_name='wstablefields'
20241122@234807.9971 82qqbfk5f11v9epop5gvbe9n48 Query : select fieldkey,fieldname,fieldtype,calcformula from wstablefields where tablename = 'fi' and documentnumber = 39
20241122@234808.6900 82qqbfk5f11v9epop5gvbe9n48 Query : insert into wsfidata (fistamp,ousrdata, ousrhora, usrdata,usrhora,ousrinis,usrinis ,qtt ,ftstamp ,epv,pvmoeda ,tabiva,iva,lordem ,ref, design ,armazem) values ('aut674119680167411837f2',getdate(),convert(char(8),convert (time,getdate())),getdate(),convert(char(8),convert (time,getdate())),'wsv','wsv',0 ,'aut6741148264674118362b' ,0,0 ,2,23.00,440000,?,?,?)
20241122@234808.5530 82qqbfk5f11v9epop5gvbe9n48 Query : use flama_phc
20241122@234808.5570 82qqbfk5f11v9epop5gvbe9n48 Query : select st.usalote valor from st where st.ref = '324.645.00.01'
20241122@234808.5790 82qqbfk5f11v9epop5gvbe9n48 Query : select top 1 st.tabiva ,st.ivaincl ,st.stns ,st.uni2 ,st.familia ,isnull(tx.taxa, 0) txiva ,unidade ,usalote ,epcpond ,noserie ,conversao ,st.texteis from st left join taxasiva tx on st.tabiva = tx.codigo where st.ref = '324.645.00.01'
20241122@234808.5940 82qqbfk5f11v9epop5gvbe9n48 Query : select 1 valor from information_schema.tables where table_type='base table' and table_name='wstablefields'
20241122@234808.6120 82qqbfk5f11v9epop5gvbe9n48 Query : select fieldkey,fieldname,fieldtype,mandatory from wstablefields where tablename = 'fi' and documentnumber = 39
20241122@234808.6420 82qqbfk5f11v9epop5gvbe9n48 Query : select 1 valor from information_schema.tables where table_type='base table' and table_name='wstablefields'
20241122@234808.6570 82qqbfk5f11v9epop5gvbe9n48 Query : select fieldkey,fieldname,fieldtype,mandatory from wstablefields where tablename = 'fi2' and documentnumber = 39
20241122@234808.6670 82qqbfk5f11v9epop5gvbe9n48 Query : select top 1 convert(numeric(6,2),t.taxa) valor from taxasiva t where t.codigo='2'
20241122@234808.6790 82qqbfk5f11v9epop5gvbe9n48 Query : select sestamp valor from se where ref ='324.645.00.01' and lote = 'r2301175100a'
20241122@234808.7100 82qqbfk5f11v9epop5gvbe9n48 Query : select 1 valor from information_schema.tables where table_type='base table' and table_name='wstablefields'
20241122@234808.7260 82qqbfk5f11v9epop5gvbe9n48 Query : select fieldkey,fieldname,fieldtype,calcformula from wstablefields where tablename = 'fi2' and documentnumber = 39
20241122@234808.7400 82qqbfk5f11v9epop5gvbe9n48 Query : insert into wsfi2data (fi2stamp,ftstamp ,ousrdata, ousrhora, usrdata,usrhora,ousrinis,usrinis) values ('aut67411462406741183811','aut6741148264674118362b' ,getdate(),convert(char(8),convert (time,getdate())),getdate(),convert(char(8),convert (time,getdate())),'wsv','wsv')
20241122@234808.7450 82qqbfk5f11v9epop5gvbe9n48 Query : select 1 valor from information_schema.tables where table_type='base table' and table_name='wstablefields'
20241122@234808.7600 82qqbfk5f11v9epop5gvbe9n48 Query : select fieldkey,fieldname,fieldtype,calcformula from wstablefields where tablename = 'fi' and documentnumber = 39
20241122@234808.7910 82qqbfk5f11v9epop5gvbe9n48 Query : insert into wsfidata (fistamp,ousrdata, ousrhora, usrdata,usrhora,ousrinis,usrinis ,qtt ,ftstamp ,epv,pvmoeda ,tabiva,iva,lordem ,ref, design ,lote,armazem,bistamp ) values ('aut67411462406741183811',getdate(),convert(char(8),convert (time,getdate())),getdate(),convert(char(8),convert (time,getdate())),'wsv','wsv',24.000 ,'aut6741148264674118362b' ,0,0 ,2,23.00,460000,?,?,?,?,?)
20241122@234808.1072 82qqbfk5f11v9epop5gvbe9n48 Query : select 1 valor from information_schema.tables where table_type='base table' and table_name='wstablefields'
20241122@234808.1092 82qqbfk5f11v9epop5gvbe9n48 Query : select fieldkey,fieldname,fieldtype,mandatory from wstablefields where tablename = 'fi' and documentnumber = 39
20241122@234808.1119 82qqbfk5f11v9epop5gvbe9n48 Query : select 1 valor from information_schema.tables where table_type='base table' and table_name='wstablefields'
20241122@234808.1135 82qqbfk5f11v9epop5gvbe9n48 Query : select fieldkey,fieldname,fieldtype,mandatory from wstablefields where tablename = 'fi2' and documentnumber = 39
20241122@234808.1144 82qqbfk5f11v9epop5gvbe9n48 Query : select top 1 convert(numeric(6,2),t.taxa) valor from taxasiva t where t.codigo='2'
20241122@234808.1158 82qqbfk5f11v9epop5gvbe9n48 Query : select 1 valor from information_schema.tables where table_type='base table' and table_name='wstablefields'
20241122@234808.1173 82qqbfk5f11v9epop5gvbe9n48 Query : select fieldkey,fieldname,fieldtype,calcformula from wstablefields where tablename = 'fi2' and documentnumber = 39
20241122@234808.1185 82qqbfk5f11v9epop5gvbe9n48 Query : insert into wsfi2data (fi2stamp,ftstamp ,ousrdata, ousrhora, usrdata,usrhora,ousrinis,usrinis) values ('aut6741186046674118381c','aut6741148264674118362b' ,getdate(),convert(char(8),convert (time,getdate())),getdate(),convert(char(8),convert (time,getdate())),'wsv','wsv')
20241122@234808.1189 82qqbfk5f11v9epop5gvbe9n48 Query : select 1 valor from information_schema.tables where table_type='base table' and table_name='wstablefields'
20241122@234808.1204 82qqbfk5f11v9epop5gvbe9n48 Query : select fieldkey,fieldname,fieldtype,calcformula from wstablefields where tablename = 'fi' and documentnumber = 39
20241122@234808.1234 82qqbfk5f11v9epop5gvbe9n48 Query : insert into wsfidata (fistamp,ousrdata, ousrhora, usrdata,usrhora,ousrinis,usrinis ,qtt ,ftstamp ,epv,pvmoeda ,tabiva,iva,lordem ,ref, design ,armazem) values ('aut6741186046674118381c',getdate(),convert(char(8),convert (time,getdate())),getdate(),convert(char(8),convert (time,getdate())),'wsv','wsv',0 ,'aut6741148264674118362b' ,0,0 ,2,23.00,470000,?,?,?)
20241122@234808.1505 82qqbfk5f11v9epop5gvbe9n48 Query : use flama_phc
20241122@234808.1509 82qqbfk5f11v9epop5gvbe9n48 Query : select st.usalote valor from st where st.ref = '324.645.00.01'
20241122@234808.1528 82qqbfk5f11v9epop5gvbe9n48 Query : select top 1 st.tabiva ,st.ivaincl ,st.stns ,st.uni2 ,st.familia ,isnull(tx.taxa, 0) txiva ,unidade ,usalote ,epcpond ,noserie ,conversao ,st.texteis from st left join taxasiva tx on st.tabiva = tx.codigo where st.ref = '324.645.00.01'
20241122@234808.1543 82qqbfk5f11v9epop5gvbe9n48 Query : select 1 valor from information_schema.tables where table_type='base table' and table_name='wstablefields'
20241122@234808.1559 82qqbfk5f11v9epop5gvbe9n48 Query : select fieldkey,fieldname,fieldtype,mandatory from wstablefields where tablename = 'fi' and documentnumber = 39
20241122@234808.1586 82qqbfk5f11v9epop5gvbe9n48 Query : select 1 valor from information_schema.tables where table_type='base table' and table_name='wstablefields'
20241122@234808.1601 82qqbfk5f11v9epop5gvbe9n48 Query : select fieldkey,fieldname,fieldtype,mandatory from wstablefields where tablename = 'fi2' and documentnumber = 39
20241122@234808.1609 82qqbfk5f11v9epop5gvbe9n48 Query : select top 1 convert(numeric(6,2),t.taxa) valor from taxasiva t where t.codigo='2'
20241122@234808.1622 82qqbfk5f11v9epop5gvbe9n48 Query : select sestamp valor from se where ref ='324.645.00.01' and lote = 'r2301175100a'
20241122@234808.1635 82qqbfk5f11v9epop5gvbe9n48 Query : select 1 valor from information_schema.tables where table_type='base table' and table_name='wstablefields'
20241122@234808.1651 82qqbfk5f11v9epop5gvbe9n48 Query : select fieldkey,fieldname,fieldtype,calcformula from wstablefields where tablename = 'fi2' and documentnumber = 39
20241122@234808.1663 82qqbfk5f11v9epop5gvbe9n48 Query : insert into wsfi2data (fi2stamp,ftstamp ,ousrdata, ousrhora, usrdata,usrhora,ousrinis,usrinis) values ('aut67411320576741183827','aut6741148264674118362b' ,getdate(),convert(char(8),convert (time,getdate())),getdate(),convert(char(8),convert (time,getdate())),'wsv','wsv')
20241122@234808.1667 82qqbfk5f11v9epop5gvbe9n48 Query : select 1 valor from information_schema.tables where table_type='base table' and table_name='wstablefields'
20241122@234808.1683 82qqbfk5f11v9epop5gvbe9n48 Query : select fieldkey,fieldname,fieldtype,calcformula from wstablefields where tablename = 'fi' and documentnumber = 39
20241122@234808.1713 82qqbfk5f11v9epop5gvbe9n48 Query : insert into wsfidata (fistamp,ousrdata, ousrhora, usrdata,usrhora,ousrinis,usrinis ,qtt ,ftstamp ,epv,pvmoeda ,tabiva,iva,lordem ,ref, design ,lote,armazem,bistamp ) values ('aut67411320576741183827',getdate(),convert(char(8),convert (time,getdate())),getdate(),convert(char(8),convert (time,getdate())),'wsv','wsv',24.000 ,'aut6741148264674118362b' ,0,0 ,2,23.00,490000,?,?,?,?,?)
