20241121@174701.5068 p3t999t1gkcts0nvbcdcrmtig5 INICIO DE FICHEIRO DE LOG :: /var/www/webservices/logs/website.sql.log
20241121@174701.5067 p3t999t1gkcts0nvbcdcrmtig5 Query : select 1 valor from information_schema.tables where table_type='base table' and table_name='wstablefields'
20241121@174701.5083 p3t999t1gkcts0nvbcdcrmtig5 Query : select fieldkey,fieldname,fieldtype,calcformula from wstablefields where tablename = 'fi2' and documentnumber = 39
20241121@174701.5101 p3t999t1gkcts0nvbcdcrmtig5 Query : insert into wsfi2data (fi2stamp,ftstamp ,ousrdata, ousrhora, usrdata,usrhora,ousrinis,usrinis) values ('aut673f799680673f72157b','aut673f779151673f721502' ,getdate(),convert(char(8),convert (time,getdate())),getdate(),convert(char(8),convert (time,getdate())),'wsv','wsv')
20241121@174701.5105 p3t999t1gkcts0nvbcdcrmtig5 Query : select 1 valor from information_schema.tables where table_type='base table' and table_name='wstablefields'
20241121@174701.5119 p3t999t1gkcts0nvbcdcrmtig5 Query : select fieldkey,fieldname,fieldtype,calcformula from wstablefields where tablename = 'fi' and documentnumber = 39
20241121@174701.5148 p3t999t1gkcts0nvbcdcrmtig5 Query : insert into wsfidata (fistamp,ousrdata, ousrhora, usrdata,usrhora,ousrinis,usrinis ,qtt ,ftstamp ,epv,pvmoeda ,tabiva,iva,lordem ,ref, design ,lote,armazem,bistamp ) values ('aut673f799680673f72157b',getdate(),convert(char(8),convert (time,getdate())),getdate(),convert(char(8),convert (time,getdate())),'wsv','wsv',2.000 ,'aut673f779151673f721502' ,0,0 ,2,23.00,40000,?,?,?,?,?)
20241121@174701.5421 p3t999t1gkcts0nvbcdcrmtig5 Query : insert into wsftcreationlog (initialftstamp,externalid,creationstatus,documenttypeid,idustamp) values ('aut673f779151673f721502','2407746','wait',39,'adm09112754980.682000002')
20241121@174701.5503 p3t999t1gkcts0nvbcdcrmtig5 Query : use flama_phc
20241121@174701.5506 p3t999t1gkcts0nvbcdcrmtig5 Query : update u_wsusers set rqsttoken =? where userid ='userls001'
20241121@174701.5535 p3t999t1gkcts0nvbcdcrmtig5 Query : select concat(rtrim(relative_path),ltrim(name_new)) as valor from uploadfiles where uploadfile_id='3432';
20241121@174701.5569 p3t999t1gkcts0nvbcdcrmtig5 Query : update uploadfiles set whenupdated=current_timestamp where uploadfile_id='3432';
20241121@174701.5637 p3t999t1gkcts0nvbcdcrmtig5 Query : select concat(rtrim(relative_path),ltrim(name_new)) as valor from uploadfiles where uploadfile_id='3432';
20241121@174701.5667 p3t999t1gkcts0nvbcdcrmtig5 Query : update uploadfiles set whenupdated=current_timestamp where uploadfile_id='3432';
20241121@174701.6187 8tcqb51d9005ts1l3ir4579908 Query : insert into uploadfiles ( name_original, name_new, option_type, relative_path, whencreated ) values ( ?, ?, ?, ?, getdate() )
20241121@174701.6198 8tcqb51d9005ts1l3ir4579908 Query : select uploadfile_id valor from uploadfiles where name_new = ? and option_type = ? 
20241121@174701.6257 8tcqb51d9005ts1l3ir4579908 Query : select concat(rtrim(relative_path),ltrim(name_new)) as valor from uploadfiles where uploadfile_id='3433';
20241121@174701.6314 8tcqb51d9005ts1l3ir4579908 Query : update uploadfiles set whenupdated=current_timestamp where uploadfile_id='3433';
20241121@174701.6367 8tcqb51d9005ts1l3ir4579908 Query : select concat(rtrim(relative_path),ltrim(name_new)) as valor from uploadfiles where uploadfile_id='3433';
20241121@174701.6403 8tcqb51d9005ts1l3ir4579908 Query : update uploadfiles set whenupdated=current_timestamp where uploadfile_id='3433';
20241121@174701.8018 8tcqb51d9005ts1l3ir4579908 Query : use flama_phc
20241121@174701.8021 8tcqb51d9005ts1l3ir4579908 Query : select top 1 secretkey valor from u_wsusers u where u.userid = ? and u.inactivo=0
20241121@174701.8082 8tcqb51d9005ts1l3ir4579908 Query : use flama_phc
20241121@174701.8085 8tcqb51d9005ts1l3ir4579908 Query : select no, estab,szadrsdesc from szadrs where u_coddest=4740
20241121@174701.8127 8tcqb51d9005ts1l3ir4579908 Query : select top 1 isnull(design,'') valor from st (nolock) left join stobs (nolock) on st.ref = stobs.ref where st.ref = '324.2362.00.1'
20241121@174701.8313 8tcqb51d9005ts1l3ir4579908 Query : select top 1 bistamp valor from bi inner join bo on bo.bostamp=bi.bostamp where bo.ndos =240 and bo.boano =2077 and bo.obrano = 2407747 and bi.ref ='324.2362.00.1' and bi.lordem =1
20241121@174701.8642 8tcqb51d9005ts1l3ir4579908 Query : select top 1 isnull(design,'') valor from st (nolock) left join stobs (nolock) on st.ref = stobs.ref where st.ref = '324.2362.00.1'
20241121@174701.8662 8tcqb51d9005ts1l3ir4579908 Query : select top 1 bistamp valor from bi inner join bo on bo.bostamp=bi.bostamp where bo.ndos =240 and bo.boano =2077 and bo.obrano = 2407747 and bi.ref ='324.2362.00.1' and bi.lordem =1
20241121@174701.8677 8tcqb51d9005ts1l3ir4579908 Query : use flama_phc
20241121@174701.8680 8tcqb51d9005ts1l3ir4579908 Query : select top 1 convert(date,fdata) valor from ft where ndoc = 39 and anulado= 0 and fno>0 order by fdata desc
20241121@174701.8710 8tcqb51d9005ts1l3ir4579908 Query : use flama_phc
20241121@174701.8713 8tcqb51d9005ts1l3ir4579908 Query : select top 1 1 valor from td where td.ndoc = 39
20241121@174701.8742 8tcqb51d9005ts1l3ir4579908 Query : use flama_phc
20241121@174701.8745 8tcqb51d9005ts1l3ir4579908 Query : select lower(descricao) descricao ,case when valor='s' then 1 else 0 end valor from para1 where descricao in ('st_lote','st_usalogifunc', 'st_grelha')
20241121@174701.8773 8tcqb51d9005ts1l3ir4579908 Query : select top 1 manternumero ,assinadoc issigned ,tiposaft ,assinaimp ,nmdos ,td.assinadoc ,'cl' origin ,lancasl stocks ,case when cmsl<50 and td.lancasl=1 then 1 else 0 end entrada ,case when cmsl>50 and td.lancasl=1 then 1 else 0 end saida ,temserie assets ,~semgre usegridfields from td inner join td2 on td.tdstamp=td2.td2stamp where td.ndoc = 1
20241121@174701.8806 8tcqb51d9005ts1l3ir4579908 Query : use flama_phc
20241121@174701.8809 8tcqb51d9005ts1l3ir4579908 Query : select top 1 ~inactivo valor from cl where no = '100810' and estab = 0 order by inactivo desc
20241121@174701.8836 8tcqb51d9005ts1l3ir4579908 Query : use flama_phc
20241121@174701.8839 8tcqb51d9005ts1l3ir4579908 Query : select top 1 tipodoc,regrd from td where ndoc = 39
20241121@174701.8868 8tcqb51d9005ts1l3ir4579908 Query : use flama_phc
20241121@174701.8871 8tcqb51d9005ts1l3ir4579908 Query : select szadrsstamp valor from szadrs where szadrsdesc='espaÇotrans,lda'
20241121@174701.8911 8tcqb51d9005ts1l3ir4579908 Query : use flama_phc
20241121@174701.8914 8tcqb51d9005ts1l3ir4579908 Query : select szadrsstamp valor from szadrs where szadrsdesc='100810 - worten-equipamentos para o lar,sa.'
20241121@174701.8957 8tcqb51d9005ts1l3ir4579908 Query : use flama_phc
20241121@174701.8960 8tcqb51d9005ts1l3ir4579908 Query : select 1 valor from td where ndoc = 39
20241121@174701.8971 8tcqb51d9005ts1l3ir4579908 Query : select top 1 manternumero, tiposaft, nmdos,td.assinadoc from td where td.ndoc = 39
20241121@174701.8985 8tcqb51d9005ts1l3ir4579908 Query : select 1 valor from information_schema.tables where table_type='base table' and table_name='wstablefields'
20241121@174701.9000 8tcqb51d9005ts1l3ir4579908 Query : select fieldkey,fieldname,fieldtype,mandatory from wstablefields where tablename = 'ft' and documentnumber = 39
20241121@174701.9018 8tcqb51d9005ts1l3ir4579908 Query : select 1 valor from information_schema.tables where table_type='base table' and table_name='wstablefields'
20241121@174701.9032 8tcqb51d9005ts1l3ir4579908 Query : select fieldkey,fieldname,fieldtype,mandatory from wstablefields where tablename = 'ft2' and documentnumber = 39
20241121@174701.9059 8tcqb51d9005ts1l3ir4579908 Query : select 1 valor from information_schema.tables where table_type='base table' and table_name='wstablefields'
20241121@174701.9074 8tcqb51d9005ts1l3ir4579908 Query : select fieldkey,fieldname,fieldtype,mandatory from wstablefields where tablename = 'ft3' and documentnumber = 39
20241121@174701.9088 8tcqb51d9005ts1l3ir4579908 Query : select top 1 ft.fno valor from ft ft where ft.ndoc = 39 and ftano=2024 order by fno desc
20241121@174701.9145 8tcqb51d9005ts1l3ir4579908 Query : select top 1 ft.fno valor from wsftdata ft where ft.ndoc = 39 and ftano=2024 order by fno desc
20241121@174701.9158 8tcqb51d9005ts1l3ir4579908 Query : select 1 valor from information_schema.tables where table_type='base table' and table_name='wstablefields'
20241121@174701.9172 8tcqb51d9005ts1l3ir4579908 Query : select fieldkey,fieldname,fieldtype,calcformula from wstablefields where tablename = 'ft3' and documentnumber = 39
20241121@174701.9190 8tcqb51d9005ts1l3ir4579908 Query : insert into wsft3data (ft3stamp, ousrdata, ousrhora, usrdata,usrhora,ousrinis,usrinis,taxpointdt ) values ('aut673f729517673f7215dd' ,getdate(),convert(char(8),convert (time,getdate())),getdate(),convert(char(8),convert (time,getdate())),'wsv','wsv',?)
20241121@174701.9380 8tcqb51d9005ts1l3ir4579908 Query : select 1 valor from information_schema.tables where table_type='base table' and table_name='wstablefields'
20241121@174701.9406 8tcqb51d9005ts1l3ir4579908 Query : select fieldkey,fieldname,fieldtype,calcformula from wstablefields where tablename = 'ft2' and documentnumber = 39
20241121@174701.9447 8tcqb51d9005ts1l3ir4579908 Query : select top 1 bo.u_nomeenv valor from bo where bo.bostamp=''
20241121@174701.9464 8tcqb51d9005ts1l3ir4579908 Query : select top 1 bo.u_moradaen valor from bo where bo.bostamp=''
20241121@174701.9478 8tcqb51d9005ts1l3ir4579908 Query : select top 1 bo.u_codposen valor from bo where bo.bostamp=''
20241121@174701.9490 8tcqb51d9005ts1l3ir4579908 Query : select top 1 bo.u_localenv valor from bo where bo.bostamp=''
20241121@174701.9502 8tcqb51d9005ts1l3ir4579908 Query : select top 1 bo.trab5 valor from bo where bo.bostamp=''
20241121@174701.9514 8tcqb51d9005ts1l3ir4579908 Query : select top 1 bo.serie valor from bo where bo.bostamp=''
20241121@174701.9524 8tcqb51d9005ts1l3ir4579908 Query : insert into wsft2data (ft2stamp, ousrdata,ousrhora, usrdata,usrhora,ousrinis,usrinis,u_nomeenv ,u_moradaen ,u_codposen ,u_localenv ,u_coddest ,u_codby ) values ('aut673f729517673f7215dd',getdate(),convert(char(8),convert (time,getdate())),getdate(),convert(char(8),convert (time,getdate())),'wsv','wsv',?,?,?,?,?,?)
20241121@174701.9809 8tcqb51d9005ts1l3ir4579908 Query : select top 1 fno valor from wsftdata order by fno desc
20241121@174701.9836 8tcqb51d9005ts1l3ir4579908 Query : select 1 valor from information_schema.tables where table_type='base table' and table_name='wstablefields'
20241121@174701.9852 8tcqb51d9005ts1l3ir4579908 Query : select fieldkey,fieldname,fieldtype,calcformula from wstablefields where tablename = 'ft' and documentnumber = 39
20241121@174701.9873 8tcqb51d9005ts1l3ir4579908 Query : select 'normal' from dummy
20241121@174701.9888 8tcqb51d9005ts1l3ir4579908 Query : insert into wsftdata (ftstamp, ousrdata,ousrhora, usrdata,usrhora,ousrinis,usrinis,fno,no,estab,fdata,ndoc,moeda,cambio,cambiofixo,ftano,site ,classe ) values ('aut673f729517673f7215dd',getdate(),convert(char(8),convert (time,getdate())),getdate(),convert(char(8),convert (time,getdate())),'wsv','wsv',1972,100810,0,'2024-11-21',39,'euro',0,0,2024 ,?,?)
20241121@174702.1880 8tcqb51d9005ts1l3ir4579908 Query : use flama_phc
20241121@174702.1910 8tcqb51d9005ts1l3ir4579908 Query : select st.usalote valor from st where st.ref = '324.2362.00.1'
20241121@174702.2130 8tcqb51d9005ts1l3ir4579908 Query : select top 1 st.tabiva ,st.ivaincl ,st.stns ,st.uni2 ,st.familia ,isnull(tx.taxa, 0) txiva ,unidade ,usalote ,epcpond ,noserie ,conversao ,st.texteis from st left join taxasiva tx on st.tabiva = tx.codigo where st.ref = '324.2362.00.1'
20241121@174702.4670 8tcqb51d9005ts1l3ir4579908 Query : select 1 valor from information_schema.tables where table_type='base table' and table_name='wstablefields'
20241121@174702.4930 8tcqb51d9005ts1l3ir4579908 Query : select fieldkey,fieldname,fieldtype,mandatory from wstablefields where tablename = 'fi' and documentnumber = 39
20241121@174702.5180 8tcqb51d9005ts1l3ir4579908 Query : select 1 valor from information_schema.tables where table_type='base table' and table_name='wstablefields'
20241121@174702.5330 8tcqb51d9005ts1l3ir4579908 Query : select fieldkey,fieldname,fieldtype,mandatory from wstablefields where tablename = 'fi2' and documentnumber = 39
20241121@174702.5420 8tcqb51d9005ts1l3ir4579908 Query : select top 1 convert(numeric(6,2),t.taxa) valor from taxasiva t where t.codigo='2'
20241121@174702.5550 8tcqb51d9005ts1l3ir4579908 Query : select sestamp valor from se where ref ='324.2362.00.1' and lote = 'r2400498400a'
20241121@174702.5680 8tcqb51d9005ts1l3ir4579908 Query : select 1 valor from information_schema.tables where table_type='base table' and table_name='wstablefields'
20241121@174702.5830 8tcqb51d9005ts1l3ir4579908 Query : select fieldkey,fieldname,fieldtype,calcformula from wstablefields where tablename = 'fi2' and documentnumber = 39
20241121@174702.5950 8tcqb51d9005ts1l3ir4579908 Query : insert into wsfi2data (fi2stamp,ftstamp ,ousrdata, ousrhora, usrdata,usrhora,ousrinis,usrinis) values ('aut673f740927673f72160d','aut673f729517673f7215dd' ,getdate(),convert(char(8),convert (time,getdate())),getdate(),convert(char(8),convert (time,getdate())),'wsv','wsv')
20241121@174702.5990 8tcqb51d9005ts1l3ir4579908 Query : select 1 valor from information_schema.tables where table_type='base table' and table_name='wstablefields'
20241121@174702.6130 8tcqb51d9005ts1l3ir4579908 Query : select fieldkey,fieldname,fieldtype,calcformula from wstablefields where tablename = 'fi' and documentnumber = 39
20241121@174702.6420 8tcqb51d9005ts1l3ir4579908 Query : insert into wsfidata (fistamp,ousrdata, ousrhora, usrdata,usrhora,ousrinis,usrinis ,qtt ,ftstamp ,epv,pvmoeda ,tabiva,iva,lordem ,ref, design ,lote,armazem,bistamp ) values ('aut673f740927673f72160d',getdate(),convert(char(8),convert (time,getdate())),getdate(),convert(char(8),convert (time,getdate())),'wsv','wsv',8.000 ,'aut673f729517673f7215dd' ,0,0 ,2,23.00,10000,?,?,?,?,?)
20241121@174702.1084 8tcqb51d9005ts1l3ir4579908 Query : use flama_phc
20241121@174702.1088 8tcqb51d9005ts1l3ir4579908 Query : select st.usalote valor from st where st.ref = '324.2362.00.1'
20241121@174702.1113 8tcqb51d9005ts1l3ir4579908 Query : select top 1 st.tabiva ,st.ivaincl ,st.stns ,st.uni2 ,st.familia ,isnull(tx.taxa, 0) txiva ,unidade ,usalote ,epcpond ,noserie ,conversao ,st.texteis from st left join taxasiva tx on st.tabiva = tx.codigo where st.ref = '324.2362.00.1'
20241121@174702.1128 8tcqb51d9005ts1l3ir4579908 Query : select 1 valor from information_schema.tables where table_type='base table' and table_name='wstablefields'
20241121@174702.1145 8tcqb51d9005ts1l3ir4579908 Query : select fieldkey,fieldname,fieldtype,mandatory from wstablefields where tablename = 'fi' and documentnumber = 39
20241121@174702.1170 8tcqb51d9005ts1l3ir4579908 Query : select 1 valor from information_schema.tables where table_type='base table' and table_name='wstablefields'
20241121@174702.1185 8tcqb51d9005ts1l3ir4579908 Query : select fieldkey,fieldname,fieldtype,mandatory from wstablefields where tablename = 'fi2' and documentnumber = 39
20241121@174702.1194 8tcqb51d9005ts1l3ir4579908 Query : select top 1 convert(numeric(6,2),t.taxa) valor from taxasiva t where t.codigo='2'
20241121@174702.1207 8tcqb51d9005ts1l3ir4579908 Query : select sestamp valor from se where ref ='324.2362.00.1' and lote = 'r2400498400a'
20241121@174702.1222 8tcqb51d9005ts1l3ir4579908 Query : select 1 valor from information_schema.tables where table_type='base table' and table_name='wstablefields'
20241121@174702.1251 8tcqb51d9005ts1l3ir4579908 Query : select fieldkey,fieldname,fieldtype,calcformula from wstablefields where tablename = 'fi2' and documentnumber = 39
20241121@174702.1264 8tcqb51d9005ts1l3ir4579908 Query : insert into wsfi2data (fi2stamp,ftstamp ,ousrdata, ousrhora, usrdata,usrhora,ousrinis,usrinis) values ('aut673f799689673f72161d','aut673f729517673f7215dd' ,getdate(),convert(char(8),convert (time,getdate())),getdate(),convert(char(8),convert (time,getdate())),'wsv','wsv')
20241121@174702.1269 8tcqb51d9005ts1l3ir4579908 Query : select 1 valor from information_schema.tables where table_type='base table' and table_name='wstablefields'
20241121@174702.1284 8tcqb51d9005ts1l3ir4579908 Query : select fieldkey,fieldname,fieldtype,calcformula from wstablefields where tablename = 'fi' and documentnumber = 39
20241121@174702.1313 8tcqb51d9005ts1l3ir4579908 Query : insert into wsfidata (fistamp,ousrdata, ousrhora, usrdata,usrhora,ousrinis,usrinis ,qtt ,ftstamp ,epv,pvmoeda ,tabiva,iva,lordem ,ref, design ,lote,armazem,bistamp ) values ('aut673f799689673f72161d',getdate(),convert(char(8),convert (time,getdate())),getdate(),convert(char(8),convert (time,getdate())),'wsv','wsv',22.000 ,'aut673f729517673f7215dd' ,0,0 ,2,23.00,20000,?,?,?,?,?)
20241121@174702.1604 8tcqb51d9005ts1l3ir4579908 Query : insert into wsftcreationlog (initialftstamp,externalid,creationstatus,documenttypeid,idustamp) values ('aut673f729517673f7215dd','2407747','wait',39,'adm09112754980.682000002')
20241121@174702.1678 8tcqb51d9005ts1l3ir4579908 Query : use flama_phc
20241121@174702.1681 8tcqb51d9005ts1l3ir4579908 Query : update u_wsusers set rqsttoken =? where userid ='userls001'
20241121@174702.1717 8tcqb51d9005ts1l3ir4579908 Query : select concat(rtrim(relative_path),ltrim(name_new)) as valor from uploadfiles where uploadfile_id='3433';
20241121@174702.1754 8tcqb51d9005ts1l3ir4579908 Query : update uploadfiles set whenupdated=current_timestamp where uploadfile_id='3433';
20241121@174702.1800 8tcqb51d9005ts1l3ir4579908 Query : select concat(rtrim(relative_path),ltrim(name_new)) as valor from uploadfiles where uploadfile_id='3433';
20241121@174702.1832 8tcqb51d9005ts1l3ir4579908 Query : update uploadfiles set whenupdated=current_timestamp where uploadfile_id='3433';
20241121@174702.2424 og2gm7cbu5k9hnaatq0nkok191 Query : insert into uploadfiles ( name_original, name_new, option_type, relative_path, whencreated ) values ( ?, ?, ?, ?, getdate() )
20241121@174702.2435 og2gm7cbu5k9hnaatq0nkok191 Query : select uploadfile_id valor from uploadfiles where name_new = ? and option_type = ? 
20241121@174702.2495 og2gm7cbu5k9hnaatq0nkok191 Query : select concat(rtrim(relative_path),ltrim(name_new)) as valor from uploadfiles where uploadfile_id='3434';
20241121@174702.2552 og2gm7cbu5k9hnaatq0nkok191 Query : update uploadfiles set whenupdated=current_timestamp where uploadfile_id='3434';
20241121@174702.2608 og2gm7cbu5k9hnaatq0nkok191 Query : select concat(rtrim(relative_path),ltrim(name_new)) as valor from uploadfiles where uploadfile_id='3434';
20241121@174702.2636 og2gm7cbu5k9hnaatq0nkok191 Query : update uploadfiles set whenupdated=current_timestamp where uploadfile_id='3434';
20241121@174702.2690 og2gm7cbu5k9hnaatq0nkok191 Query : use flama_phc
20241121@174702.2693 og2gm7cbu5k9hnaatq0nkok191 Query : select top 1 secretkey valor from u_wsusers u where u.userid = ? and u.inactivo=0
20241121@174702.2752 og2gm7cbu5k9hnaatq0nkok191 Query : use flama_phc
20241121@174702.2756 og2gm7cbu5k9hnaatq0nkok191 Query : select no, estab,szadrsdesc from szadrs where u_coddest=4779
20241121@174702.2848 og2gm7cbu5k9hnaatq0nkok191 Query : select top 1 isnull(design,'') valor from st (nolock) left join stobs (nolock) on st.ref = stobs.ref where st.ref = '324.4840.00.1'
20241121@174702.3012 og2gm7cbu5k9hnaatq0nkok191 Query : select top 1 bistamp valor from bi inner join bo on bo.bostamp=bi.bostamp where bo.ndos =240 and bo.boano =2077 and bo.obrano = 2407748 and bi.ref ='324.4840.00.1' and bi.lordem =1
20241121@174702.3328 og2gm7cbu5k9hnaatq0nkok191 Query : use flama_phc
20241121@174702.3330 og2gm7cbu5k9hnaatq0nkok191 Query : select top 1 convert(date,fdata) valor from ft where ndoc = 39 and anulado= 0 and fno>0 order by fdata desc
20241121@174702.3360 og2gm7cbu5k9hnaatq0nkok191 Query : use flama_phc
20241121@174702.3363 og2gm7cbu5k9hnaatq0nkok191 Query : select top 1 1 valor from td where td.ndoc = 39
20241121@174702.3390 og2gm7cbu5k9hnaatq0nkok191 Query : use flama_phc
20241121@174702.3393 og2gm7cbu5k9hnaatq0nkok191 Query : select lower(descricao) descricao ,case when valor='s' then 1 else 0 end valor from para1 where descricao in ('st_lote','st_usalogifunc', 'st_grelha')
20241121@174702.3420 og2gm7cbu5k9hnaatq0nkok191 Query : select top 1 manternumero ,assinadoc issigned ,tiposaft ,assinaimp ,nmdos ,td.assinadoc ,'cl' origin ,lancasl stocks ,case when cmsl<50 and td.lancasl=1 then 1 else 0 end entrada ,case when cmsl>50 and td.lancasl=1 then 1 else 0 end saida ,temserie assets ,~semgre usegridfields from td inner join td2 on td.tdstamp=td2.td2stamp where td.ndoc = 1
20241121@174702.3457 og2gm7cbu5k9hnaatq0nkok191 Query : use flama_phc
20241121@174702.3461 og2gm7cbu5k9hnaatq0nkok191 Query : select top 1 ~inactivo valor from cl where no = '101900' and estab = 0 order by inactivo desc
20241121@174702.3588 og2gm7cbu5k9hnaatq0nkok191 Query : use flama_phc
20241121@174702.3591 og2gm7cbu5k9hnaatq0nkok191 Query : select top 1 tipodoc,regrd from td where ndoc = 39
20241121@174702.3619 og2gm7cbu5k9hnaatq0nkok191 Query : use flama_phc
20241121@174702.3622 og2gm7cbu5k9hnaatq0nkok191 Query : select szadrsstamp valor from szadrs where szadrsdesc='espaÇotrans,lda'
20241121@174702.3661 og2gm7cbu5k9hnaatq0nkok191 Query : use flama_phc
20241121@174702.3664 og2gm7cbu5k9hnaatq0nkok191 Query : select szadrsstamp valor from szadrs where szadrsdesc='101900 - pd - alcochete'
20241121@174702.3707 og2gm7cbu5k9hnaatq0nkok191 Query : use flama_phc
20241121@174702.3710 og2gm7cbu5k9hnaatq0nkok191 Query : select 1 valor from td where ndoc = 39
20241121@174702.3722 og2gm7cbu5k9hnaatq0nkok191 Query : select top 1 manternumero, tiposaft, nmdos,td.assinadoc from td where td.ndoc = 39
20241121@174702.3736 og2gm7cbu5k9hnaatq0nkok191 Query : select 1 valor from information_schema.tables where table_type='base table' and table_name='wstablefields'
20241121@174702.3752 og2gm7cbu5k9hnaatq0nkok191 Query : select fieldkey,fieldname,fieldtype,mandatory from wstablefields where tablename = 'ft' and documentnumber = 39
20241121@174702.3776 og2gm7cbu5k9hnaatq0nkok191 Query : select 1 valor from information_schema.tables where table_type='base table' and table_name='wstablefields'
20241121@174702.3791 og2gm7cbu5k9hnaatq0nkok191 Query : select fieldkey,fieldname,fieldtype,mandatory from wstablefields where tablename = 'ft2' and documentnumber = 39
20241121@174702.3819 og2gm7cbu5k9hnaatq0nkok191 Query : select 1 valor from information_schema.tables where table_type='base table' and table_name='wstablefields'
20241121@174702.3832 og2gm7cbu5k9hnaatq0nkok191 Query : select fieldkey,fieldname,fieldtype,mandatory from wstablefields where tablename = 'ft3' and documentnumber = 39
20241121@174702.3845 og2gm7cbu5k9hnaatq0nkok191 Query : select top 1 ft.fno valor from ft ft where ft.ndoc = 39 and ftano=2024 order by fno desc
20241121@174702.3903 og2gm7cbu5k9hnaatq0nkok191 Query : select top 1 ft.fno valor from wsftdata ft where ft.ndoc = 39 and ftano=2024 order by fno desc
20241121@174702.3916 og2gm7cbu5k9hnaatq0nkok191 Query : select 1 valor from information_schema.tables where table_type='base table' and table_name='wstablefields'
20241121@174702.3933 og2gm7cbu5k9hnaatq0nkok191 Query : select fieldkey,fieldname,fieldtype,calcformula from wstablefields where tablename = 'ft3' and documentnumber = 39
20241121@174702.3949 og2gm7cbu5k9hnaatq0nkok191 Query : insert into wsft3data (ft3stamp, ousrdata, ousrhora, usrdata,usrhora,ousrinis,usrinis,taxpointdt ) values ('aut673f706675673f72165d' ,getdate(),convert(char(8),convert (time,getdate())),getdate(),convert(char(8),convert (time,getdate())),'wsv','wsv',?)
20241121@174702.4215 og2gm7cbu5k9hnaatq0nkok191 Query : select 1 valor from information_schema.tables where table_type='base table' and table_name='wstablefields'
20241121@174702.4272 og2gm7cbu5k9hnaatq0nkok191 Query : select fieldkey,fieldname,fieldtype,calcformula from wstablefields where tablename = 'ft2' and documentnumber = 39
20241121@174702.4303 og2gm7cbu5k9hnaatq0nkok191 Query : select top 1 bo.u_nomeenv valor from bo where bo.bostamp=''
20241121@174702.4314 og2gm7cbu5k9hnaatq0nkok191 Query : select top 1 bo.u_moradaen valor from bo where bo.bostamp=''
20241121@174702.4325 og2gm7cbu5k9hnaatq0nkok191 Query : select top 1 bo.u_codposen valor from bo where bo.bostamp=''
20241121@174702.4336 og2gm7cbu5k9hnaatq0nkok191 Query : select top 1 bo.u_localenv valor from bo where bo.bostamp=''
20241121@174702.4348 og2gm7cbu5k9hnaatq0nkok191 Query : select top 1 bo.trab5 valor from bo where bo.bostamp=''
20241121@174702.4360 og2gm7cbu5k9hnaatq0nkok191 Query : select top 1 bo.serie valor from bo where bo.bostamp=''
20241121@174702.4373 og2gm7cbu5k9hnaatq0nkok191 Query : insert into wsft2data (ft2stamp, ousrdata,ousrhora, usrdata,usrhora,ousrinis,usrinis,u_nomeenv ,u_moradaen ,u_codposen ,u_localenv ,u_coddest ,u_codby ) values ('aut673f706675673f72165d',getdate(),convert(char(8),convert (time,getdate())),getdate(),convert(char(8),convert (time,getdate())),'wsv','wsv',?,?,?,?,?,?)
20241121@174702.4713 og2gm7cbu5k9hnaatq0nkok191 Query : select top 1 fno valor from wsftdata order by fno desc
20241121@174702.4745 og2gm7cbu5k9hnaatq0nkok191 Query : select 1 valor from information_schema.tables where table_type='base table' and table_name='wstablefields'
20241121@174702.4761 og2gm7cbu5k9hnaatq0nkok191 Query : select fieldkey,fieldname,fieldtype,calcformula from wstablefields where tablename = 'ft' and documentnumber = 39
20241121@174702.4784 og2gm7cbu5k9hnaatq0nkok191 Query : select 'normal' from dummy
20241121@174702.4800 og2gm7cbu5k9hnaatq0nkok191 Query : insert into wsftdata (ftstamp, ousrdata,ousrhora, usrdata,usrhora,ousrinis,usrinis,fno,no,estab,fdata,ndoc,moeda,cambio,cambiofixo,ftano,site ,classe ) values ('aut673f706675673f72165d',getdate(),convert(char(8),convert (time,getdate())),getdate(),convert(char(8),convert (time,getdate())),'wsv','wsv',1973,101900,0,'2024-11-21',39,'euro',0,0,2024 ,?,?)
20241121@174702.5116 og2gm7cbu5k9hnaatq0nkok191 Query : use flama_phc
20241121@174702.5119 og2gm7cbu5k9hnaatq0nkok191 Query : select st.usalote valor from st where st.ref = '324.4840.00.1'
20241121@174702.5142 og2gm7cbu5k9hnaatq0nkok191 Query : select top 1 st.tabiva ,st.ivaincl ,st.stns ,st.uni2 ,st.familia ,isnull(tx.taxa, 0) txiva ,unidade ,usalote ,epcpond ,noserie ,conversao ,st.texteis from st left join taxasiva tx on st.tabiva = tx.codigo where st.ref = '324.4840.00.1'
20241121@174702.5297 og2gm7cbu5k9hnaatq0nkok191 Query : select 1 valor from information_schema.tables where table_type='base table' and table_name='wstablefields'
20241121@174702.5312 og2gm7cbu5k9hnaatq0nkok191 Query : select fieldkey,fieldname,fieldtype,mandatory from wstablefields where tablename = 'fi' and documentnumber = 39
20241121@174702.5339 og2gm7cbu5k9hnaatq0nkok191 Query : select 1 valor from information_schema.tables where table_type='base table' and table_name='wstablefields'
20241121@174702.5354 og2gm7cbu5k9hnaatq0nkok191 Query : select fieldkey,fieldname,fieldtype,mandatory from wstablefields where tablename = 'fi2' and documentnumber = 39
20241121@174702.5363 og2gm7cbu5k9hnaatq0nkok191 Query : select top 1 convert(numeric(6,2),t.taxa) valor from taxasiva t where t.codigo='2'
20241121@174702.5375 og2gm7cbu5k9hnaatq0nkok191 Query : select sestamp valor from se where ref ='324.4840.00.1' and lote = 'r2400064200a'
20241121@174702.5398 og2gm7cbu5k9hnaatq0nkok191 Query : select 1 valor from information_schema.tables where table_type='base table' and table_name='wstablefields'
20241121@174702.5413 og2gm7cbu5k9hnaatq0nkok191 Query : select fieldkey,fieldname,fieldtype,calcformula from wstablefields where tablename = 'fi2' and documentnumber = 39
20241121@174702.5426 og2gm7cbu5k9hnaatq0nkok191 Query : insert into wsfi2data (fi2stamp,ftstamp ,ousrdata, ousrhora, usrdata,usrhora,ousrinis,usrinis) values ('aut673f764993673f721683','aut673f706675673f72165d' ,getdate(),convert(char(8),convert (time,getdate())),getdate(),convert(char(8),convert (time,getdate())),'wsv','wsv')
20241121@174702.5430 og2gm7cbu5k9hnaatq0nkok191 Query : select 1 valor from information_schema.tables where table_type='base table' and table_name='wstablefields'
20241121@174702.5470 og2gm7cbu5k9hnaatq0nkok191 Query : select fieldkey,fieldname,fieldtype,calcformula from wstablefields where tablename = 'fi' and documentnumber = 39
20241121@174702.5519 og2gm7cbu5k9hnaatq0nkok191 Query : insert into wsfidata (fistamp,ousrdata, ousrhora, usrdata,usrhora,ousrinis,usrinis ,qtt ,ftstamp ,epv,pvmoeda ,tabiva,iva,lordem ,ref, design ,lote,armazem,bistamp ) values ('aut673f764993673f721683',getdate(),convert(char(8),convert (time,getdate())),getdate(),convert(char(8),convert (time,getdate())),'wsv','wsv',4.000 ,'aut673f706675673f72165d' ,0,0 ,2,23.00,10000,?,?,?,?,?)
20241121@174702.5790 og2gm7cbu5k9hnaatq0nkok191 Query : insert into wsftcreationlog (initialftstamp,externalid,creationstatus,documenttypeid,idustamp) values ('aut673f706675673f72165d','2407748','wait',39,'adm09112754980.682000002')
20241121@174702.6116 og2gm7cbu5k9hnaatq0nkok191 Query : use flama_phc
20241121@174702.6158 og2gm7cbu5k9hnaatq0nkok191 Query : update u_wsusers set rqsttoken =? where userid ='userls001'
20241121@174702.6237 og2gm7cbu5k9hnaatq0nkok191 Query : select concat(rtrim(relative_path),ltrim(name_new)) as valor from uploadfiles where uploadfile_id='3434';
20241121@174702.6273 og2gm7cbu5k9hnaatq0nkok191 Query : update uploadfiles set whenupdated=current_timestamp where uploadfile_id='3434';
20241121@174702.6317 og2gm7cbu5k9hnaatq0nkok191 Query : select concat(rtrim(relative_path),ltrim(name_new)) as valor from uploadfiles where uploadfile_id='3434';
20241121@174702.6345 og2gm7cbu5k9hnaatq0nkok191 Query : update uploadfiles set whenupdated=current_timestamp where uploadfile_id='3434';
20241121@174702.6941 rmvf7nk6gsn94nsfljbpnqs8fj Query : insert into uploadfiles ( name_original, name_new, option_type, relative_path, whencreated ) values ( ?, ?, ?, ?, getdate() )
20241121@174702.6952 rmvf7nk6gsn94nsfljbpnqs8fj Query : select uploadfile_id valor from uploadfiles where name_new = ? and option_type = ? 
20241121@174702.7010 rmvf7nk6gsn94nsfljbpnqs8fj Query : select concat(rtrim(relative_path),ltrim(name_new)) as valor from uploadfiles where uploadfile_id='3435';
20241121@174702.7068 rmvf7nk6gsn94nsfljbpnqs8fj Query : update uploadfiles set whenupdated=current_timestamp where uploadfile_id='3435';
20241121@174702.7129 rmvf7nk6gsn94nsfljbpnqs8fj Query : select concat(rtrim(relative_path),ltrim(name_new)) as valor from uploadfiles where uploadfile_id='3435';
20241121@174702.7157 rmvf7nk6gsn94nsfljbpnqs8fj Query : update uploadfiles set whenupdated=current_timestamp where uploadfile_id='3435';
20241121@174702.7211 rmvf7nk6gsn94nsfljbpnqs8fj Query : use flama_phc
20241121@174702.7214 rmvf7nk6gsn94nsfljbpnqs8fj Query : select top 1 secretkey valor from u_wsusers u where u.userid = ? and u.inactivo=0
20241121@174702.7273 rmvf7nk6gsn94nsfljbpnqs8fj Query : use flama_phc
20241121@174702.7276 rmvf7nk6gsn94nsfljbpnqs8fj Query : select no, estab,szadrsdesc from szadrs where u_coddest=8748
20241121@174702.7356 rmvf7nk6gsn94nsfljbpnqs8fj Query : select top 1 isnull(design,'') valor from st (nolock) left join stobs (nolock) on st.ref = stobs.ref where st.ref = '324.1824.00.1'
20241121@174702.7376 rmvf7nk6gsn94nsfljbpnqs8fj Query : select top 1 bistamp valor from bi inner join bo on bo.bostamp=bi.bostamp where bo.ndos =240 and bo.boano =2077 and bo.obrano = 2407749 and bi.ref ='324.1824.00.1' and bi.lordem =1
20241121@174702.7699 rmvf7nk6gsn94nsfljbpnqs8fj Query : select top 1 isnull(design,'') valor from st (nolock) left join stobs (nolock) on st.ref = stobs.ref where st.ref = '324.1824.00.1'
20241121@174702.7720 rmvf7nk6gsn94nsfljbpnqs8fj Query : select top 1 bistamp valor from bi inner join bo on bo.bostamp=bi.bostamp where bo.ndos =240 and bo.boano =2077 and bo.obrano = 2407749 and bi.ref ='324.1824.00.1' and bi.lordem =1
20241121@174702.7738 rmvf7nk6gsn94nsfljbpnqs8fj Query : select top 1 isnull(design,'') valor from st (nolock) left join stobs (nolock) on st.ref = stobs.ref where st.ref = '324.1824.00.1'
20241121@174702.7758 rmvf7nk6gsn94nsfljbpnqs8fj Query : select top 1 bistamp valor from bi inner join bo on bo.bostamp=bi.bostamp where bo.ndos =240 and bo.boano =2077 and bo.obrano = 2407749 and bi.ref ='324.1824.00.1' and bi.lordem =1
20241121@174702.7776 rmvf7nk6gsn94nsfljbpnqs8fj Query : select top 1 isnull(design,'') valor from st (nolock) left join stobs (nolock) on st.ref = stobs.ref where st.ref = '324.1805.00.1'
20241121@174702.7940 rmvf7nk6gsn94nsfljbpnqs8fj Query : select top 1 bistamp valor from bi inner join bo on bo.bostamp=bi.bostamp where bo.ndos =240 and bo.boano =2077 and bo.obrano = 2407749 and bi.ref ='324.1805.00.1' and bi.lordem =2
20241121@174702.8266 rmvf7nk6gsn94nsfljbpnqs8fj Query : select top 1 isnull(design,'') valor from st (nolock) left join stobs (nolock) on st.ref = stobs.ref where st.ref = '324.1805.00.1'
20241121@174702.8285 rmvf7nk6gsn94nsfljbpnqs8fj Query : select top 1 bistamp valor from bi inner join bo on bo.bostamp=bi.bostamp where bo.ndos =240 and bo.boano =2077 and bo.obrano = 2407749 and bi.ref ='324.1805.00.1' and bi.lordem =2
20241121@174702.8302 rmvf7nk6gsn94nsfljbpnqs8fj Query : use flama_phc
20241121@174702.8305 rmvf7nk6gsn94nsfljbpnqs8fj Query : select top 1 convert(date,fdata) valor from ft where ndoc = 39 and anulado= 0 and fno>0 order by fdata desc
20241121@174702.8335 rmvf7nk6gsn94nsfljbpnqs8fj Query : use flama_phc
20241121@174702.8338 rmvf7nk6gsn94nsfljbpnqs8fj Query : select top 1 1 valor from td where td.ndoc = 39
20241121@174702.8367 rmvf7nk6gsn94nsfljbpnqs8fj Query : use flama_phc
20241121@174702.8370 rmvf7nk6gsn94nsfljbpnqs8fj Query : select lower(descricao) descricao ,case when valor='s' then 1 else 0 end valor from para1 where descricao in ('st_lote','st_usalogifunc', 'st_grelha')
20241121@174702.8404 rmvf7nk6gsn94nsfljbpnqs8fj Query : select top 1 manternumero ,assinadoc issigned ,tiposaft ,assinaimp ,nmdos ,td.assinadoc ,'cl' origin ,lancasl stocks ,case when cmsl<50 and td.lancasl=1 then 1 else 0 end entrada ,case when cmsl>50 and td.lancasl=1 then 1 else 0 end saida ,temserie assets ,~semgre usegridfields from td inner join td2 on td.tdstamp=td2.td2stamp where td.ndoc = 1
20241121@174702.8438 rmvf7nk6gsn94nsfljbpnqs8fj Query : use flama_phc
20241121@174702.8441 rmvf7nk6gsn94nsfljbpnqs8fj Query : select top 1 ~inactivo valor from cl where no = '102253' and estab = 0 order by inactivo desc
20241121@174702.8567 rmvf7nk6gsn94nsfljbpnqs8fj Query : use flama_phc
20241121@174702.8570 rmvf7nk6gsn94nsfljbpnqs8fj Query : select top 1 tipodoc,regrd from td where ndoc = 39
20241121@174702.8601 rmvf7nk6gsn94nsfljbpnqs8fj Query : use flama_phc
20241121@174702.8604 rmvf7nk6gsn94nsfljbpnqs8fj Query : select szadrsstamp valor from szadrs where szadrsdesc='espaÇotrans,lda'
20241121@174702.8641 rmvf7nk6gsn94nsfljbpnqs8fj Query : use flama_phc
20241121@174702.8644 rmvf7nk6gsn94nsfljbpnqs8fj Query : select szadrsstamp valor from szadrs where szadrsdesc='fnac - entrega'
20241121@174702.8711 rmvf7nk6gsn94nsfljbpnqs8fj Query : use flama_phc
20241121@174702.8714 rmvf7nk6gsn94nsfljbpnqs8fj Query : select 1 valor from td where ndoc = 39
20241121@174702.8726 rmvf7nk6gsn94nsfljbpnqs8fj Query : select top 1 manternumero, tiposaft, nmdos,td.assinadoc from td where td.ndoc = 39
20241121@174702.8740 rmvf7nk6gsn94nsfljbpnqs8fj Query : select 1 valor from information_schema.tables where table_type='base table' and table_name='wstablefields'
20241121@174702.8757 rmvf7nk6gsn94nsfljbpnqs8fj Query : select fieldkey,fieldname,fieldtype,mandatory from wstablefields where tablename = 'ft' and documentnumber = 39
20241121@174702.8778 rmvf7nk6gsn94nsfljbpnqs8fj Query : select 1 valor from information_schema.tables where table_type='base table' and table_name='wstablefields'
20241121@174702.8797 rmvf7nk6gsn94nsfljbpnqs8fj Query : select fieldkey,fieldname,fieldtype,mandatory from wstablefields where tablename = 'ft2' and documentnumber = 39
20241121@174702.8826 rmvf7nk6gsn94nsfljbpnqs8fj Query : select 1 valor from information_schema.tables where table_type='base table' and table_name='wstablefields'
20241121@174702.8842 rmvf7nk6gsn94nsfljbpnqs8fj Query : select fieldkey,fieldname,fieldtype,mandatory from wstablefields where tablename = 'ft3' and documentnumber = 39
20241121@174702.8854 rmvf7nk6gsn94nsfljbpnqs8fj Query : select top 1 ft.fno valor from ft ft where ft.ndoc = 39 and ftano=2024 order by fno desc
20241121@174702.8914 rmvf7nk6gsn94nsfljbpnqs8fj Query : select top 1 ft.fno valor from wsftdata ft where ft.ndoc = 39 and ftano=2024 order by fno desc
20241121@174702.8928 rmvf7nk6gsn94nsfljbpnqs8fj Query : select 1 valor from information_schema.tables where table_type='base table' and table_name='wstablefields'
20241121@174702.8943 rmvf7nk6gsn94nsfljbpnqs8fj Query : select fieldkey,fieldname,fieldtype,calcformula from wstablefields where tablename = 'ft3' and documentnumber = 39
20241121@174702.8962 rmvf7nk6gsn94nsfljbpnqs8fj Query : insert into wsft3data (ft3stamp, ousrdata, ousrhora, usrdata,usrhora,ousrinis,usrinis,taxpointdt ) values ('aut673f782326673f7216d8' ,getdate(),convert(char(8),convert (time,getdate())),getdate(),convert(char(8),convert (time,getdate())),'wsv','wsv',?)
20241121@174702.9148 rmvf7nk6gsn94nsfljbpnqs8fj Query : select 1 valor from information_schema.tables where table_type='base table' and table_name='wstablefields'
20241121@174702.9164 rmvf7nk6gsn94nsfljbpnqs8fj Query : select fieldkey,fieldname,fieldtype,calcformula from wstablefields where tablename = 'ft2' and documentnumber = 39
20241121@174702.9197 rmvf7nk6gsn94nsfljbpnqs8fj Query : select top 1 bo.u_nomeenv valor from bo where bo.bostamp=''
20241121@174702.9210 rmvf7nk6gsn94nsfljbpnqs8fj Query : select top 1 bo.u_moradaen valor from bo where bo.bostamp=''
20241121@174702.9221 rmvf7nk6gsn94nsfljbpnqs8fj Query : select top 1 bo.u_codposen valor from bo where bo.bostamp=''
20241121@174702.9233 rmvf7nk6gsn94nsfljbpnqs8fj Query : select top 1 bo.u_localenv valor from bo where bo.bostamp=''
20241121@174702.9244 rmvf7nk6gsn94nsfljbpnqs8fj Query : select top 1 bo.trab5 valor from bo where bo.bostamp=''
20241121@174702.9257 rmvf7nk6gsn94nsfljbpnqs8fj Query : select top 1 bo.serie valor from bo where bo.bostamp=''
20241121@174702.9268 rmvf7nk6gsn94nsfljbpnqs8fj Query : insert into wsft2data (ft2stamp, ousrdata,ousrhora, usrdata,usrhora,ousrinis,usrinis,u_nomeenv ,u_moradaen ,u_codposen ,u_localenv ,u_coddest ,u_codby ) values ('aut673f782326673f7216d8',getdate(),convert(char(8),convert (time,getdate())),getdate(),convert(char(8),convert (time,getdate())),'wsv','wsv',?,?,?,?,?,?)
20241121@174702.9518 rmvf7nk6gsn94nsfljbpnqs8fj Query : select top 1 fno valor from wsftdata order by fno desc
20241121@174702.9543 rmvf7nk6gsn94nsfljbpnqs8fj Query : select 1 valor from information_schema.tables where table_type='base table' and table_name='wstablefields'
20241121@174702.9559 rmvf7nk6gsn94nsfljbpnqs8fj Query : select fieldkey,fieldname,fieldtype,calcformula from wstablefields where tablename = 'ft' and documentnumber = 39
20241121@174702.9582 rmvf7nk6gsn94nsfljbpnqs8fj Query : select 'normal' from dummy
20241121@174702.9597 rmvf7nk6gsn94nsfljbpnqs8fj Query : insert into wsftdata (ftstamp, ousrdata,ousrhora, usrdata,usrhora,ousrinis,usrinis,fno,no,estab,fdata,ndoc,moeda,cambio,cambiofixo,ftano,site ,classe ) values ('aut673f782326673f7216d8',getdate(),convert(char(8),convert (time,getdate())),getdate(),convert(char(8),convert (time,getdate())),'wsv','wsv',1974,102253,0,'2024-11-21',39,'euro',0,0,2024 ,?,?)
20241121@174703.2710 rmvf7nk6gsn94nsfljbpnqs8fj Query : use flama_phc
20241121@174703.2740 rmvf7nk6gsn94nsfljbpnqs8fj Query : select st.usalote valor from st where st.ref = '324.1824.00.1'
20241121@174703.2960 rmvf7nk6gsn94nsfljbpnqs8fj Query : select top 1 st.tabiva ,st.ivaincl ,st.stns ,st.uni2 ,st.familia ,isnull(tx.taxa, 0) txiva ,unidade ,usalote ,epcpond ,noserie ,conversao ,st.texteis from st left join taxasiva tx on st.tabiva = tx.codigo where st.ref = '324.1824.00.1'
20241121@174703.3090 rmvf7nk6gsn94nsfljbpnqs8fj Query : select 1 valor from information_schema.tables where table_type='base table' and table_name='wstablefields'
20241121@174703.3260 rmvf7nk6gsn94nsfljbpnqs8fj Query : select fieldkey,fieldname,fieldtype,mandatory from wstablefields where tablename = 'fi' and documentnumber = 39
20241121@174703.3570 rmvf7nk6gsn94nsfljbpnqs8fj Query : select 1 valor from information_schema.tables where table_type='base table' and table_name='wstablefields'
20241121@174703.3710 rmvf7nk6gsn94nsfljbpnqs8fj Query : select fieldkey,fieldname,fieldtype,mandatory from wstablefields where tablename = 'fi2' and documentnumber = 39
20241121@174703.3800 rmvf7nk6gsn94nsfljbpnqs8fj Query : select top 1 convert(numeric(6,2),t.taxa) valor from taxasiva t where t.codigo='2'
20241121@174703.3910 rmvf7nk6gsn94nsfljbpnqs8fj Query : select sestamp valor from se where ref ='324.1824.00.1' and lote = 'r2400216200a'
20241121@174703.4030 rmvf7nk6gsn94nsfljbpnqs8fj Query : select 1 valor from information_schema.tables where table_type='base table' and table_name='wstablefields'
20241121@174703.4170 rmvf7nk6gsn94nsfljbpnqs8fj Query : select fieldkey,fieldname,fieldtype,calcformula from wstablefields where tablename = 'fi2' and documentnumber = 39
20241121@174703.4280 rmvf7nk6gsn94nsfljbpnqs8fj Query : insert into wsfi2data (fi2stamp,ftstamp ,ousrdata, ousrhora, usrdata,usrhora,ousrinis,usrinis) values ('aut673f758601673f721709','aut673f782326673f7216d8' ,getdate(),convert(char(8),convert (time,getdate())),getdate(),convert(char(8),convert (time,getdate())),'wsv','wsv')
20241121@174703.4330 rmvf7nk6gsn94nsfljbpnqs8fj Query : select 1 valor from information_schema.tables where table_type='base table' and table_name='wstablefields'
20241121@174703.4480 rmvf7nk6gsn94nsfljbpnqs8fj Query : select fieldkey,fieldname,fieldtype,calcformula from wstablefields where tablename = 'fi' and documentnumber = 39
20241121@174703.4780 rmvf7nk6gsn94nsfljbpnqs8fj Query : insert into wsfidata (fistamp,ousrdata, ousrhora, usrdata,usrhora,ousrinis,usrinis ,qtt ,ftstamp ,epv,pvmoeda ,tabiva,iva,lordem ,ref, design ,lote,armazem,bistamp ) values ('aut673f758601673f721709',getdate(),convert(char(8),convert (time,getdate())),getdate(),convert(char(8),convert (time,getdate())),'wsv','wsv',12.000 ,'aut673f782326673f7216d8' ,0,0 ,2,23.00,10000,?,?,?,?,?)
20241121@174703.7530 rmvf7nk6gsn94nsfljbpnqs8fj Query : select 1 valor from information_schema.tables where table_type='base table' and table_name='wstablefields'
20241121@174703.7700 rmvf7nk6gsn94nsfljbpnqs8fj Query : select fieldkey,fieldname,fieldtype,mandatory from wstablefields where tablename = 'fi' and documentnumber = 39
20241121@174703.7970 rmvf7nk6gsn94nsfljbpnqs8fj Query : select 1 valor from information_schema.tables where table_type='base table' and table_name='wstablefields'
20241121@174703.8130 rmvf7nk6gsn94nsfljbpnqs8fj Query : select fieldkey,fieldname,fieldtype,mandatory from wstablefields where tablename = 'fi2' and documentnumber = 39
20241121@174703.8220 rmvf7nk6gsn94nsfljbpnqs8fj Query : select top 1 convert(numeric(6,2),t.taxa) valor from taxasiva t where t.codigo='2'
20241121@174703.8340 rmvf7nk6gsn94nsfljbpnqs8fj Query : select 1 valor from information_schema.tables where table_type='base table' and table_name='wstablefields'
20241121@174703.8520 rmvf7nk6gsn94nsfljbpnqs8fj Query : select fieldkey,fieldname,fieldtype,calcformula from wstablefields where tablename = 'fi2' and documentnumber = 39
20241121@174703.8640 rmvf7nk6gsn94nsfljbpnqs8fj Query : insert into wsfi2data (fi2stamp,ftstamp ,ousrdata, ousrhora, usrdata,usrhora,ousrinis,usrinis) values ('aut673f739644673f721714','aut673f782326673f7216d8' ,getdate(),convert(char(8),convert (time,getdate())),getdate(),convert(char(8),convert (time,getdate())),'wsv','wsv')
20241121@174703.8680 rmvf7nk6gsn94nsfljbpnqs8fj Query : select 1 valor from information_schema.tables where table_type='base table' and table_name='wstablefields'
20241121@174703.8820 rmvf7nk6gsn94nsfljbpnqs8fj Query : select fieldkey,fieldname,fieldtype,calcformula from wstablefields where tablename = 'fi' and documentnumber = 39
20241121@174703.9110 rmvf7nk6gsn94nsfljbpnqs8fj Query : insert into wsfidata (fistamp,ousrdata, ousrhora, usrdata,usrhora,ousrinis,usrinis ,qtt ,ftstamp ,epv,pvmoeda ,tabiva,iva,lordem ,ref, design ,armazem) values ('aut673f739644673f721714',getdate(),convert(char(8),convert (time,getdate())),getdate(),convert(char(8),convert (time,getdate())),'wsv','wsv',0 ,'aut673f782326673f7216d8' ,0,0 ,2,23.00,20000,?,?,?)
20241121@174703.1182 rmvf7nk6gsn94nsfljbpnqs8fj Query : use flama_phc
20241121@174703.1185 rmvf7nk6gsn94nsfljbpnqs8fj Query : select st.usalote valor from st where st.ref = '324.1824.00.1'
20241121@174703.1204 rmvf7nk6gsn94nsfljbpnqs8fj Query : select top 1 st.tabiva ,st.ivaincl ,st.stns ,st.uni2 ,st.familia ,isnull(tx.taxa, 0) txiva ,unidade ,usalote ,epcpond ,noserie ,conversao ,st.texteis from st left join taxasiva tx on st.tabiva = tx.codigo where st.ref = '324.1824.00.1'
20241121@174703.1217 rmvf7nk6gsn94nsfljbpnqs8fj Query : select 1 valor from information_schema.tables where table_type='base table' and table_name='wstablefields'
20241121@174703.1233 rmvf7nk6gsn94nsfljbpnqs8fj Query : select fieldkey,fieldname,fieldtype,mandatory from wstablefields where tablename = 'fi' and documentnumber = 39
20241121@174703.2736 rmvf7nk6gsn94nsfljbpnqs8fj Query : select 1 valor from information_schema.tables where table_type='base table' and table_name='wstablefields'
20241121@174703.2753 rmvf7nk6gsn94nsfljbpnqs8fj Query : select fieldkey,fieldname,fieldtype,mandatory from wstablefields where tablename = 'fi2' and documentnumber = 39
20241121@174703.2762 rmvf7nk6gsn94nsfljbpnqs8fj Query : select top 1 convert(numeric(6,2),t.taxa) valor from taxasiva t where t.codigo='2'
20241121@174703.2776 rmvf7nk6gsn94nsfljbpnqs8fj Query : select sestamp valor from se where ref ='324.1824.00.1' and lote = 'r2400216200a'
20241121@174703.2789 rmvf7nk6gsn94nsfljbpnqs8fj Query : select 1 valor from information_schema.tables where table_type='base table' and table_name='wstablefields'
20241121@174703.2807 rmvf7nk6gsn94nsfljbpnqs8fj Query : select fieldkey,fieldname,fieldtype,calcformula from wstablefields where tablename = 'fi2' and documentnumber = 39
20241121@174703.2819 rmvf7nk6gsn94nsfljbpnqs8fj Query : insert into wsfi2data (fi2stamp,ftstamp ,ousrdata, ousrhora, usrdata,usrhora,ousrinis,usrinis) values ('aut673f768155673f721744','aut673f782326673f7216d8' ,getdate(),convert(char(8),convert (time,getdate())),getdate(),convert(char(8),convert (time,getdate())),'wsv','wsv')
20241121@174703.2824 rmvf7nk6gsn94nsfljbpnqs8fj Query : select 1 valor from information_schema.tables where table_type='base table' and table_name='wstablefields'
20241121@174703.2839 rmvf7nk6gsn94nsfljbpnqs8fj Query : select fieldkey,fieldname,fieldtype,calcformula from wstablefields where tablename = 'fi' and documentnumber = 39
20241121@174703.2867 rmvf7nk6gsn94nsfljbpnqs8fj Query : insert into wsfidata (fistamp,ousrdata, ousrhora, usrdata,usrhora,ousrinis,usrinis ,qtt ,ftstamp ,epv,pvmoeda ,tabiva,iva,lordem ,ref, design ,lote,armazem,bistamp ) values ('aut673f768155673f721744',getdate(),convert(char(8),convert (time,getdate())),getdate(),convert(char(8),convert (time,getdate())),'wsv','wsv',4.000 ,'aut673f782326673f7216d8' ,0,0 ,2,23.00,40000,?,?,?,?,?)
20241121@174703.3127 rmvf7nk6gsn94nsfljbpnqs8fj Query : select 1 valor from information_schema.tables where table_type='base table' and table_name='wstablefields'
20241121@174703.3142 rmvf7nk6gsn94nsfljbpnqs8fj Query : select fieldkey,fieldname,fieldtype,mandatory from wstablefields where tablename = 'fi' and documentnumber = 39
20241121@174703.3165 rmvf7nk6gsn94nsfljbpnqs8fj Query : select 1 valor from information_schema.tables where table_type='base table' and table_name='wstablefields'
20241121@174703.3178 rmvf7nk6gsn94nsfljbpnqs8fj Query : select fieldkey,fieldname,fieldtype,mandatory from wstablefields where tablename = 'fi2' and documentnumber = 39
20241121@174703.3187 rmvf7nk6gsn94nsfljbpnqs8fj Query : select top 1 convert(numeric(6,2),t.taxa) valor from taxasiva t where t.codigo='2'
20241121@174703.3199 rmvf7nk6gsn94nsfljbpnqs8fj Query : select 1 valor from information_schema.tables where table_type='base table' and table_name='wstablefields'
20241121@174703.3212 rmvf7nk6gsn94nsfljbpnqs8fj Query : select fieldkey,fieldname,fieldtype,calcformula from wstablefields where tablename = 'fi2' and documentnumber = 39
20241121@174703.3223 rmvf7nk6gsn94nsfljbpnqs8fj Query : insert into wsfi2data (fi2stamp,ftstamp ,ousrdata, ousrhora, usrdata,usrhora,ousrinis,usrinis) values ('aut673f719198673f72174e','aut673f782326673f7216d8' ,getdate(),convert(char(8),convert (time,getdate())),getdate(),convert(char(8),convert (time,getdate())),'wsv','wsv')
20241121@174703.3228 rmvf7nk6gsn94nsfljbpnqs8fj Query : select 1 valor from information_schema.tables where table_type='base table' and table_name='wstablefields'
20241121@174703.3242 rmvf7nk6gsn94nsfljbpnqs8fj Query : select fieldkey,fieldname,fieldtype,calcformula from wstablefields where tablename = 'fi' and documentnumber = 39
20241121@174703.3270 rmvf7nk6gsn94nsfljbpnqs8fj Query : insert into wsfidata (fistamp,ousrdata, ousrhora, usrdata,usrhora,ousrinis,usrinis ,qtt ,ftstamp ,epv,pvmoeda ,tabiva,iva,lordem ,ref, design ,armazem) values ('aut673f719198673f72174e',getdate(),convert(char(8),convert (time,getdate())),getdate(),convert(char(8),convert (time,getdate())),'wsv','wsv',0 ,'aut673f782326673f7216d8' ,0,0 ,2,23.00,50000,?,?,?)
20241121@174703.3561 rmvf7nk6gsn94nsfljbpnqs8fj Query : use flama_phc
20241121@174703.3564 rmvf7nk6gsn94nsfljbpnqs8fj Query : select st.usalote valor from st where st.ref = '324.1824.00.1'
20241121@174703.3583 rmvf7nk6gsn94nsfljbpnqs8fj Query : select top 1 st.tabiva ,st.ivaincl ,st.stns ,st.uni2 ,st.familia ,isnull(tx.taxa, 0) txiva ,unidade ,usalote ,epcpond ,noserie ,conversao ,st.texteis from st left join taxasiva tx on st.tabiva = tx.codigo where st.ref = '324.1824.00.1'
20241121@174703.3596 rmvf7nk6gsn94nsfljbpnqs8fj Query : select 1 valor from information_schema.tables where table_type='base table' and table_name='wstablefields'
20241121@174703.3611 rmvf7nk6gsn94nsfljbpnqs8fj Query : select fieldkey,fieldname,fieldtype,mandatory from wstablefields where tablename = 'fi' and documentnumber = 39
20241121@174703.3652 rmvf7nk6gsn94nsfljbpnqs8fj Query : select 1 valor from information_schema.tables where table_type='base table' and table_name='wstablefields'
20241121@174703.3667 rmvf7nk6gsn94nsfljbpnqs8fj Query : select fieldkey,fieldname,fieldtype,mandatory from wstablefields where tablename = 'fi2' and documentnumber = 39
20241121@174703.3676 rmvf7nk6gsn94nsfljbpnqs8fj Query : select top 1 convert(numeric(6,2),t.taxa) valor from taxasiva t where t.codigo='2'
20241121@174703.3691 rmvf7nk6gsn94nsfljbpnqs8fj Query : select sestamp valor from se where ref ='324.1824.00.1' and lote = 'r2400216200a'
20241121@174703.3767 rmvf7nk6gsn94nsfljbpnqs8fj Query : select 1 valor from information_schema.tables where table_type='base table' and table_name='wstablefields'
20241121@174703.3784 rmvf7nk6gsn94nsfljbpnqs8fj Query : select fieldkey,fieldname,fieldtype,calcformula from wstablefields where tablename = 'fi2' and documentnumber = 39
20241121@174703.3796 rmvf7nk6gsn94nsfljbpnqs8fj Query : insert into wsfi2data (fi2stamp,ftstamp ,ousrdata, ousrhora, usrdata,usrhora,ousrinis,usrinis) values ('aut673f729810673f72175b','aut673f782326673f7216d8' ,getdate(),convert(char(8),convert (time,getdate())),getdate(),convert(char(8),convert (time,getdate())),'wsv','wsv')
20241121@174703.3801 rmvf7nk6gsn94nsfljbpnqs8fj Query : select 1 valor from information_schema.tables where table_type='base table' and table_name='wstablefields'
20241121@174703.3815 rmvf7nk6gsn94nsfljbpnqs8fj Query : select fieldkey,fieldname,fieldtype,calcformula from wstablefields where tablename = 'fi' and documentnumber = 39
20241121@174703.3841 rmvf7nk6gsn94nsfljbpnqs8fj Query : insert into wsfidata (fistamp,ousrdata, ousrhora, usrdata,usrhora,ousrinis,usrinis ,qtt ,ftstamp ,epv,pvmoeda ,tabiva,iva,lordem ,ref, design ,lote,armazem,bistamp ) values ('aut673f729810673f72175b',getdate(),convert(char(8),convert (time,getdate())),getdate(),convert(char(8),convert (time,getdate())),'wsv','wsv',20.000 ,'aut673f782326673f7216d8' ,0,0 ,2,23.00,70000,?,?,?,?,?)
20241121@174703.4112 rmvf7nk6gsn94nsfljbpnqs8fj Query : select 1 valor from information_schema.tables where table_type='base table' and table_name='wstablefields'
20241121@174703.4126 rmvf7nk6gsn94nsfljbpnqs8fj Query : select fieldkey,fieldname,fieldtype,mandatory from wstablefields where tablename = 'fi' and documentnumber = 39
20241121@174703.4152 rmvf7nk6gsn94nsfljbpnqs8fj Query : select 1 valor from information_schema.tables where table_type='base table' and table_name='wstablefields'
20241121@174703.4167 rmvf7nk6gsn94nsfljbpnqs8fj Query : select fieldkey,fieldname,fieldtype,mandatory from wstablefields where tablename = 'fi2' and documentnumber = 39
20241121@174703.4175 rmvf7nk6gsn94nsfljbpnqs8fj Query : select top 1 convert(numeric(6,2),t.taxa) valor from taxasiva t where t.codigo='2'
20241121@174703.4187 rmvf7nk6gsn94nsfljbpnqs8fj Query : select 1 valor from information_schema.tables where table_type='base table' and table_name='wstablefields'
20241121@174703.4202 rmvf7nk6gsn94nsfljbpnqs8fj Query : select fieldkey,fieldname,fieldtype,calcformula from wstablefields where tablename = 'fi2' and documentnumber = 39
20241121@174703.4213 rmvf7nk6gsn94nsfljbpnqs8fj Query : insert into wsfi2data (fi2stamp,ftstamp ,ousrdata, ousrhora, usrdata,usrhora,ousrinis,usrinis) values ('aut673f791838673f721766','aut673f782326673f7216d8' ,getdate(),convert(char(8),convert (time,getdate())),getdate(),convert(char(8),convert (time,getdate())),'wsv','wsv')
20241121@174703.4217 rmvf7nk6gsn94nsfljbpnqs8fj Query : select 1 valor from information_schema.tables where table_type='base table' and table_name='wstablefields'
20241121@174703.4231 rmvf7nk6gsn94nsfljbpnqs8fj Query : select fieldkey,fieldname,fieldtype,calcformula from wstablefields where tablename = 'fi' and documentnumber = 39
20241121@174703.4259 rmvf7nk6gsn94nsfljbpnqs8fj Query : insert into wsfidata (fistamp,ousrdata, ousrhora, usrdata,usrhora,ousrinis,usrinis ,qtt ,ftstamp ,epv,pvmoeda ,tabiva,iva,lordem ,ref, design ,armazem) values ('aut673f791838673f721766',getdate(),convert(char(8),convert (time,getdate())),getdate(),convert(char(8),convert (time,getdate())),'wsv','wsv',0 ,'aut673f782326673f7216d8' ,0,0 ,2,23.00,80000,?,?,?)
20241121@174703.4940 rmvf7nk6gsn94nsfljbpnqs8fj Query : use flama_phc
20241121@174703.4943 rmvf7nk6gsn94nsfljbpnqs8fj Query : select st.usalote valor from st where st.ref = '324.1805.00.1'
20241121@174703.4964 rmvf7nk6gsn94nsfljbpnqs8fj Query : select top 1 st.tabiva ,st.ivaincl ,st.stns ,st.uni2 ,st.familia ,isnull(tx.taxa, 0) txiva ,unidade ,usalote ,epcpond ,noserie ,conversao ,st.texteis from st left join taxasiva tx on st.tabiva = tx.codigo where st.ref = '324.1805.00.1'
20241121@174703.5147 rmvf7nk6gsn94nsfljbpnqs8fj Query : select 1 valor from information_schema.tables where table_type='base table' and table_name='wstablefields'
20241121@174703.5163 rmvf7nk6gsn94nsfljbpnqs8fj Query : select fieldkey,fieldname,fieldtype,mandatory from wstablefields where tablename = 'fi' and documentnumber = 39
20241121@174703.5188 rmvf7nk6gsn94nsfljbpnqs8fj Query : select 1 valor from information_schema.tables where table_type='base table' and table_name='wstablefields'
20241121@174703.5202 rmvf7nk6gsn94nsfljbpnqs8fj Query : select fieldkey,fieldname,fieldtype,mandatory from wstablefields where tablename = 'fi2' and documentnumber = 39
20241121@174703.5212 rmvf7nk6gsn94nsfljbpnqs8fj Query : select top 1 convert(numeric(6,2),t.taxa) valor from taxasiva t where t.codigo='2'
20241121@174703.5224 rmvf7nk6gsn94nsfljbpnqs8fj Query : select sestamp valor from se where ref ='324.1805.00.1' and lote = 'r2400291200a'
20241121@174703.5242 rmvf7nk6gsn94nsfljbpnqs8fj Query : select 1 valor from information_schema.tables where table_type='base table' and table_name='wstablefields'
20241121@174703.5258 rmvf7nk6gsn94nsfljbpnqs8fj Query : select fieldkey,fieldname,fieldtype,calcformula from wstablefields where tablename = 'fi2' and documentnumber = 39
20241121@174703.5268 rmvf7nk6gsn94nsfljbpnqs8fj Query : insert into wsfi2data (fi2stamp,ftstamp ,ousrdata, ousrhora, usrdata,usrhora,ousrinis,usrinis) values ('aut673f761278673f72177f','aut673f782326673f7216d8' ,getdate(),convert(char(8),convert (time,getdate())),getdate(),convert(char(8),convert (time,getdate())),'wsv','wsv')
20241121@174703.5272 rmvf7nk6gsn94nsfljbpnqs8fj Query : select 1 valor from information_schema.tables where table_type='base table' and table_name='wstablefields'
20241121@174703.5293 rmvf7nk6gsn94nsfljbpnqs8fj Query : select fieldkey,fieldname,fieldtype,calcformula from wstablefields where tablename = 'fi' and documentnumber = 39
20241121@174703.5319 rmvf7nk6gsn94nsfljbpnqs8fj Query : insert into wsfidata (fistamp,ousrdata, ousrhora, usrdata,usrhora,ousrinis,usrinis ,qtt ,ftstamp ,epv,pvmoeda ,tabiva,iva,lordem ,ref, design ,lote,armazem,bistamp ) values ('aut673f761278673f72177f',getdate(),convert(char(8),convert (time,getdate())),getdate(),convert(char(8),convert (time,getdate())),'wsv','wsv',14.000 ,'aut673f782326673f7216d8' ,0,0 ,2,23.00,100000,?,?,?,?,?)
20241121@174703.5595 rmvf7nk6gsn94nsfljbpnqs8fj Query : use flama_phc
20241121@174703.5600 rmvf7nk6gsn94nsfljbpnqs8fj Query : select st.usalote valor from st where st.ref = '324.1805.00.1'
20241121@174703.5618 rmvf7nk6gsn94nsfljbpnqs8fj Query : select top 1 st.tabiva ,st.ivaincl ,st.stns ,st.uni2 ,st.familia ,isnull(tx.taxa, 0) txiva ,unidade ,usalote ,epcpond ,noserie ,conversao ,st.texteis from st left join taxasiva tx on st.tabiva = tx.codigo where st.ref = '324.1805.00.1'
20241121@174703.5633 rmvf7nk6gsn94nsfljbpnqs8fj Query : select 1 valor from information_schema.tables where table_type='base table' and table_name='wstablefields'
20241121@174703.5649 rmvf7nk6gsn94nsfljbpnqs8fj Query : select fieldkey,fieldname,fieldtype,mandatory from wstablefields where tablename = 'fi' and documentnumber = 39
20241121@174703.5674 rmvf7nk6gsn94nsfljbpnqs8fj Query : select 1 valor from information_schema.tables where table_type='base table' and table_name='wstablefields'
20241121@174703.5688 rmvf7nk6gsn94nsfljbpnqs8fj Query : select fieldkey,fieldname,fieldtype,mandatory from wstablefields where tablename = 'fi2' and documentnumber = 39
20241121@174703.5702 rmvf7nk6gsn94nsfljbpnqs8fj Query : select top 1 convert(numeric(6,2),t.taxa) valor from taxasiva t where t.codigo='2'
20241121@174703.5714 rmvf7nk6gsn94nsfljbpnqs8fj Query : select sestamp valor from se where ref ='324.1805.00.1' and lote = 'r2400291200a'
20241121@174703.5726 rmvf7nk6gsn94nsfljbpnqs8fj Query : select 1 valor from information_schema.tables where table_type='base table' and table_name='wstablefields'
20241121@174703.5741 rmvf7nk6gsn94nsfljbpnqs8fj Query : select fieldkey,fieldname,fieldtype,calcformula from wstablefields where tablename = 'fi2' and documentnumber = 39
20241121@174703.5753 rmvf7nk6gsn94nsfljbpnqs8fj Query : insert into wsfi2data (fi2stamp,ftstamp ,ousrdata, ousrhora, usrdata,usrhora,ousrinis,usrinis) values ('aut673f785184673f72178b','aut673f782326673f7216d8' ,getdate(),convert(char(8),convert (time,getdate())),getdate(),convert(char(8),convert (time,getdate())),'wsv','wsv')
20241121@174703.5757 rmvf7nk6gsn94nsfljbpnqs8fj Query : select 1 valor from information_schema.tables where table_type='base table' and table_name='wstablefields'
20241121@174703.5771 rmvf7nk6gsn94nsfljbpnqs8fj Query : select fieldkey,fieldname,fieldtype,calcformula from wstablefields where tablename = 'fi' and documentnumber = 39
20241121@174703.5799 rmvf7nk6gsn94nsfljbpnqs8fj Query : insert into wsfidata (fistamp,ousrdata, ousrhora, usrdata,usrhora,ousrinis,usrinis ,qtt ,ftstamp ,epv,pvmoeda ,tabiva,iva,lordem ,ref, design ,lote,armazem,bistamp ) values ('aut673f785184673f72178b',getdate(),convert(char(8),convert (time,getdate())),getdate(),convert(char(8),convert (time,getdate())),'wsv','wsv',14.000 ,'aut673f782326673f7216d8' ,0,0 ,2,23.00,110000,?,?,?,?,?)
20241121@174703.6096 rmvf7nk6gsn94nsfljbpnqs8fj Query : insert into wsftcreationlog (initialftstamp,externalid,creationstatus,documenttypeid,idustamp) values ('aut673f782326673f7216d8','2407749','wait',39,'adm09112754980.682000002')
20241121@174703.6161 rmvf7nk6gsn94nsfljbpnqs8fj Query : use flama_phc
20241121@174703.6165 rmvf7nk6gsn94nsfljbpnqs8fj Query : update u_wsusers set rqsttoken =? where userid ='userls001'
20241121@174703.6375 rmvf7nk6gsn94nsfljbpnqs8fj Query : select concat(rtrim(relative_path),ltrim(name_new)) as valor from uploadfiles where uploadfile_id='3435';
20241121@174703.6583 rmvf7nk6gsn94nsfljbpnqs8fj Query : update uploadfiles set whenupdated=current_timestamp where uploadfile_id='3435';
20241121@174703.6634 rmvf7nk6gsn94nsfljbpnqs8fj Query : select concat(rtrim(relative_path),ltrim(name_new)) as valor from uploadfiles where uploadfile_id='3435';
20241121@174703.6665 rmvf7nk6gsn94nsfljbpnqs8fj Query : update uploadfiles set whenupdated=current_timestamp where uploadfile_id='3435';
20241121@174703.7885 dulvumgigc7pi6p1a3npte495m Query : insert into uploadfiles ( name_original, name_new, option_type, relative_path, whencreated ) values ( ?, ?, ?, ?, getdate() )
20241121@174703.7895 dulvumgigc7pi6p1a3npte495m Query : select uploadfile_id valor from uploadfiles where name_new = ? and option_type = ? 
20241121@174703.7958 dulvumgigc7pi6p1a3npte495m Query : select concat(rtrim(relative_path),ltrim(name_new)) as valor from uploadfiles where uploadfile_id='3436';
20241121@174703.8025 dulvumgigc7pi6p1a3npte495m Query : update uploadfiles set whenupdated=current_timestamp where uploadfile_id='3436';
20241121@174703.8084 dulvumgigc7pi6p1a3npte495m Query : select concat(rtrim(relative_path),ltrim(name_new)) as valor from uploadfiles where uploadfile_id='3436';
20241121@174703.8114 dulvumgigc7pi6p1a3npte495m Query : update uploadfiles set whenupdated=current_timestamp where uploadfile_id='3436';
20241121@174703.8164 dulvumgigc7pi6p1a3npte495m Query : use flama_phc
20241121@174703.8167 dulvumgigc7pi6p1a3npte495m Query : select top 1 secretkey valor from u_wsusers u where u.userid = ? and u.inactivo=0
20241121@174703.8228 dulvumgigc7pi6p1a3npte495m Query : use flama_phc
20241121@174703.8232 dulvumgigc7pi6p1a3npte495m Query : select no, estab,szadrsdesc from szadrs where u_coddest=8748
20241121@174703.8272 dulvumgigc7pi6p1a3npte495m Query : select top 1 isnull(design,'') valor from st (nolock) left join stobs (nolock) on st.ref = stobs.ref where st.ref = '324.1824.00.1'
20241121@174703.8291 dulvumgigc7pi6p1a3npte495m Query : select top 1 bistamp valor from bi inner join bo on bo.bostamp=bi.bostamp where bo.ndos =240 and bo.boano =2077 and bo.obrano = 2407750 and bi.ref ='324.1824.00.1' and bi.lordem =1
20241121@174703.8629 dulvumgigc7pi6p1a3npte495m Query : use flama_phc
20241121@174703.8633 dulvumgigc7pi6p1a3npte495m Query : select top 1 convert(date,fdata) valor from ft where ndoc = 39 and anulado= 0 and fno>0 order by fdata desc
20241121@174703.8664 dulvumgigc7pi6p1a3npte495m Query : use flama_phc
20241121@174703.8667 dulvumgigc7pi6p1a3npte495m Query : select top 1 1 valor from td where td.ndoc = 39
20241121@174703.8695 dulvumgigc7pi6p1a3npte495m Query : use flama_phc
20241121@174703.8698 dulvumgigc7pi6p1a3npte495m Query : select lower(descricao) descricao ,case when valor='s' then 1 else 0 end valor from para1 where descricao in ('st_lote','st_usalogifunc', 'st_grelha')
20241121@174703.8725 dulvumgigc7pi6p1a3npte495m Query : select top 1 manternumero ,assinadoc issigned ,tiposaft ,assinaimp ,nmdos ,td.assinadoc ,'cl' origin ,lancasl stocks ,case when cmsl<50 and td.lancasl=1 then 1 else 0 end entrada ,case when cmsl>50 and td.lancasl=1 then 1 else 0 end saida ,temserie assets ,~semgre usegridfields from td inner join td2 on td.tdstamp=td2.td2stamp where td.ndoc = 1
20241121@174703.8759 dulvumgigc7pi6p1a3npte495m Query : use flama_phc
20241121@174703.8762 dulvumgigc7pi6p1a3npte495m Query : select top 1 ~inactivo valor from cl where no = '102253' and estab = 0 order by inactivo desc
20241121@174703.8791 dulvumgigc7pi6p1a3npte495m Query : use flama_phc
20241121@174703.8795 dulvumgigc7pi6p1a3npte495m Query : select top 1 tipodoc,regrd from td where ndoc = 39
20241121@174703.8835 dulvumgigc7pi6p1a3npte495m Query : use flama_phc
20241121@174703.8837 dulvumgigc7pi6p1a3npte495m Query : select szadrsstamp valor from szadrs where szadrsdesc='espaÇotrans,lda'
20241121@174703.8876 dulvumgigc7pi6p1a3npte495m Query : use flama_phc
20241121@174703.8879 dulvumgigc7pi6p1a3npte495m Query : select szadrsstamp valor from szadrs where szadrsdesc='fnac - entrega'
20241121@174703.8923 dulvumgigc7pi6p1a3npte495m Query : use flama_phc
20241121@174703.8926 dulvumgigc7pi6p1a3npte495m Query : select 1 valor from td where ndoc = 39
20241121@174703.8940 dulvumgigc7pi6p1a3npte495m Query : select top 1 manternumero, tiposaft, nmdos,td.assinadoc from td where td.ndoc = 39
20241121@174703.8954 dulvumgigc7pi6p1a3npte495m Query : select 1 valor from information_schema.tables where table_type='base table' and table_name='wstablefields'
20241121@174703.8970 dulvumgigc7pi6p1a3npte495m Query : select fieldkey,fieldname,fieldtype,mandatory from wstablefields where tablename = 'ft' and documentnumber = 39
20241121@174703.8990 dulvumgigc7pi6p1a3npte495m Query : select 1 valor from information_schema.tables where table_type='base table' and table_name='wstablefields'
20241121@174703.9004 dulvumgigc7pi6p1a3npte495m Query : select fieldkey,fieldname,fieldtype,mandatory from wstablefields where tablename = 'ft2' and documentnumber = 39
20241121@174703.9033 dulvumgigc7pi6p1a3npte495m Query : select 1 valor from information_schema.tables where table_type='base table' and table_name='wstablefields'
20241121@174703.9047 dulvumgigc7pi6p1a3npte495m Query : select fieldkey,fieldname,fieldtype,mandatory from wstablefields where tablename = 'ft3' and documentnumber = 39
20241121@174703.9060 dulvumgigc7pi6p1a3npte495m Query : select top 1 ft.fno valor from ft ft where ft.ndoc = 39 and ftano=2024 order by fno desc
20241121@174703.9117 dulvumgigc7pi6p1a3npte495m Query : select top 1 ft.fno valor from wsftdata ft where ft.ndoc = 39 and ftano=2024 order by fno desc
20241121@174703.9130 dulvumgigc7pi6p1a3npte495m Query : select 1 valor from information_schema.tables where table_type='base table' and table_name='wstablefields'
20241121@174703.9143 dulvumgigc7pi6p1a3npte495m Query : select fieldkey,fieldname,fieldtype,calcformula from wstablefields where tablename = 'ft3' and documentnumber = 39
20241121@174703.9158 dulvumgigc7pi6p1a3npte495m Query : insert into wsft3data (ft3stamp, ousrdata, ousrhora, usrdata,usrhora,ousrinis,usrinis,taxpointdt ) values ('aut673f721081673f7217dd' ,getdate(),convert(char(8),convert (time,getdate())),getdate(),convert(char(8),convert (time,getdate())),'wsv','wsv',?)
20241121@174703.9367 dulvumgigc7pi6p1a3npte495m Query : select 1 valor from information_schema.tables where table_type='base table' and table_name='wstablefields'
20241121@174703.9383 dulvumgigc7pi6p1a3npte495m Query : select fieldkey,fieldname,fieldtype,calcformula from wstablefields where tablename = 'ft2' and documentnumber = 39
20241121@174703.9414 dulvumgigc7pi6p1a3npte495m Query : select top 1 bo.u_nomeenv valor from bo where bo.bostamp=''
20241121@174703.9426 dulvumgigc7pi6p1a3npte495m Query : select top 1 bo.u_moradaen valor from bo where bo.bostamp=''
20241121@174703.9438 dulvumgigc7pi6p1a3npte495m Query : select top 1 bo.u_codposen valor from bo where bo.bostamp=''
20241121@174703.9449 dulvumgigc7pi6p1a3npte495m Query : select top 1 bo.u_localenv valor from bo where bo.bostamp=''
20241121@174703.9460 dulvumgigc7pi6p1a3npte495m Query : select top 1 bo.trab5 valor from bo where bo.bostamp=''
20241121@174703.9472 dulvumgigc7pi6p1a3npte495m Query : select top 1 bo.serie valor from bo where bo.bostamp=''
20241121@174703.9482 dulvumgigc7pi6p1a3npte495m Query : insert into wsft2data (ft2stamp, ousrdata,ousrhora, usrdata,usrhora,ousrinis,usrinis,u_nomeenv ,u_moradaen ,u_codposen ,u_localenv ,u_coddest ,u_codby ) values ('aut673f721081673f7217dd',getdate(),convert(char(8),convert (time,getdate())),getdate(),convert(char(8),convert (time,getdate())),'wsv','wsv',?,?,?,?,?,?)
20241121@174703.9766 dulvumgigc7pi6p1a3npte495m Query : select top 1 fno valor from wsftdata order by fno desc
20241121@174703.9809 dulvumgigc7pi6p1a3npte495m Query : select 1 valor from information_schema.tables where table_type='base table' and table_name='wstablefields'
20241121@174703.9825 dulvumgigc7pi6p1a3npte495m Query : select fieldkey,fieldname,fieldtype,calcformula from wstablefields where tablename = 'ft' and documentnumber = 39
20241121@174703.9849 dulvumgigc7pi6p1a3npte495m Query : select 'normal' from dummy
20241121@174703.9864 dulvumgigc7pi6p1a3npte495m Query : insert into wsftdata (ftstamp, ousrdata,ousrhora, usrdata,usrhora,ousrinis,usrinis,fno,no,estab,fdata,ndoc,moeda,cambio,cambiofixo,ftano,site ,classe ) values ('aut673f721081673f7217dd',getdate(),convert(char(8),convert (time,getdate())),getdate(),convert(char(8),convert (time,getdate())),'wsv','wsv',1975,102253,0,'2024-11-21',39,'euro',0,0,2024 ,?,?)
20241121@174704.1058 dulvumgigc7pi6p1a3npte495m Query : use flama_phc
20241121@174704.1071 dulvumgigc7pi6p1a3npte495m Query : select st.usalote valor from st where st.ref = '324.1824.00.1'
20241121@174704.1107 dulvumgigc7pi6p1a3npte495m Query : select top 1 st.tabiva ,st.ivaincl ,st.stns ,st.uni2 ,st.familia ,isnull(tx.taxa, 0) txiva ,unidade ,usalote ,epcpond ,noserie ,conversao ,st.texteis from st left join taxasiva tx on st.tabiva = tx.codigo where st.ref = '324.1824.00.1'
20241121@174704.1121 dulvumgigc7pi6p1a3npte495m Query : select 1 valor from information_schema.tables where table_type='base table' and table_name='wstablefields'
20241121@174704.1137 dulvumgigc7pi6p1a3npte495m Query : select fieldkey,fieldname,fieldtype,mandatory from wstablefields where tablename = 'fi' and documentnumber = 39
20241121@174704.1162 dulvumgigc7pi6p1a3npte495m Query : select 1 valor from information_schema.tables where table_type='base table' and table_name='wstablefields'
20241121@174704.1175 dulvumgigc7pi6p1a3npte495m Query : select fieldkey,fieldname,fieldtype,mandatory from wstablefields where tablename = 'fi2' and documentnumber = 39
20241121@174704.1184 dulvumgigc7pi6p1a3npte495m Query : select top 1 convert(numeric(6,2),t.taxa) valor from taxasiva t where t.codigo='2'
20241121@174704.1196 dulvumgigc7pi6p1a3npte495m Query : select sestamp valor from se where ref ='324.1824.00.1' and lote = 'r2400216200a'
20241121@174704.1208 dulvumgigc7pi6p1a3npte495m Query : select 1 valor from information_schema.tables where table_type='base table' and table_name='wstablefields'
20241121@174704.1222 dulvumgigc7pi6p1a3npte495m Query : select fieldkey,fieldname,fieldtype,calcformula from wstablefields where tablename = 'fi2' and documentnumber = 39
20241121@174704.1233 dulvumgigc7pi6p1a3npte495m Query : insert into wsfi2data (fi2stamp,ftstamp ,ousrdata, ousrhora, usrdata,usrhora,ousrinis,usrinis) values ('aut673f787986673f72181d','aut673f721081673f7217dd' ,getdate(),convert(char(8),convert (time,getdate())),getdate(),convert(char(8),convert (time,getdate())),'wsv','wsv')
20241121@174704.1238 dulvumgigc7pi6p1a3npte495m Query : select 1 valor from information_schema.tables where table_type='base table' and table_name='wstablefields'
20241121@174704.1252 dulvumgigc7pi6p1a3npte495m Query : select fieldkey,fieldname,fieldtype,calcformula from wstablefields where tablename = 'fi' and documentnumber = 39
20241121@174704.1279 dulvumgigc7pi6p1a3npte495m Query : insert into wsfidata (fistamp,ousrdata, ousrhora, usrdata,usrhora,ousrinis,usrinis ,qtt ,ftstamp ,epv,pvmoeda ,tabiva,iva,lordem ,ref, design ,lote,armazem,bistamp ) values ('aut673f787986673f72181d',getdate(),convert(char(8),convert (time,getdate())),getdate(),convert(char(8),convert (time,getdate())),'wsv','wsv',20.000 ,'aut673f721081673f7217dd' ,0,0 ,2,23.00,10000,?,?,?,?,?)
20241121@174704.1559 dulvumgigc7pi6p1a3npte495m Query : select 1 valor from information_schema.tables where table_type='base table' and table_name='wstablefields'
20241121@174704.1575 dulvumgigc7pi6p1a3npte495m Query : select fieldkey,fieldname,fieldtype,mandatory from wstablefields where tablename = 'fi' and documentnumber = 39
20241121@174704.1601 dulvumgigc7pi6p1a3npte495m Query : select 1 valor from information_schema.tables where table_type='base table' and table_name='wstablefields'
20241121@174704.1616 dulvumgigc7pi6p1a3npte495m Query : select fieldkey,fieldname,fieldtype,mandatory from wstablefields where tablename = 'fi2' and documentnumber = 39
20241121@174704.1624 dulvumgigc7pi6p1a3npte495m Query : select top 1 convert(numeric(6,2),t.taxa) valor from taxasiva t where t.codigo='2'
20241121@174704.1636 dulvumgigc7pi6p1a3npte495m Query : select 1 valor from information_schema.tables where table_type='base table' and table_name='wstablefields'
20241121@174704.1651 dulvumgigc7pi6p1a3npte495m Query : select fieldkey,fieldname,fieldtype,calcformula from wstablefields where tablename = 'fi2' and documentnumber = 39
20241121@174704.1662 dulvumgigc7pi6p1a3npte495m Query : insert into wsfi2data (fi2stamp,ftstamp ,ousrdata, ousrhora, usrdata,usrhora,ousrinis,usrinis) values ('aut673f774090673f721827','aut673f721081673f7217dd' ,getdate(),convert(char(8),convert (time,getdate())),getdate(),convert(char(8),convert (time,getdate())),'wsv','wsv')
20241121@174704.1666 dulvumgigc7pi6p1a3npte495m Query : select 1 valor from information_schema.tables where table_type='base table' and table_name='wstablefields'
20241121@174704.1680 dulvumgigc7pi6p1a3npte495m Query : select fieldkey,fieldname,fieldtype,calcformula from wstablefields where tablename = 'fi' and documentnumber = 39
20241121@174704.1707 dulvumgigc7pi6p1a3npte495m Query : insert into wsfidata (fistamp,ousrdata, ousrhora, usrdata,usrhora,ousrinis,usrinis ,qtt ,ftstamp ,epv,pvmoeda ,tabiva,iva,lordem ,ref, design ,armazem) values ('aut673f774090673f721827',getdate(),convert(char(8),convert (time,getdate())),getdate(),convert(char(8),convert (time,getdate())),'wsv','wsv',0 ,'aut673f721081673f7217dd' ,0,0 ,2,23.00,20000,?,?,?)
20241121@174704.2069 dulvumgigc7pi6p1a3npte495m Query : insert into wsftcreationlog (initialftstamp,externalid,creationstatus,documenttypeid,idustamp) values ('aut673f721081673f7217dd','2407750','wait',39,'adm09112754980.682000002')
20241121@174704.2135 dulvumgigc7pi6p1a3npte495m Query : use flama_phc
20241121@174704.2138 dulvumgigc7pi6p1a3npte495m Query : update u_wsusers set rqsttoken =? where userid ='userls001'
20241121@174704.2166 dulvumgigc7pi6p1a3npte495m Query : select concat(rtrim(relative_path),ltrim(name_new)) as valor from uploadfiles where uploadfile_id='3436';
20241121@174704.2202 dulvumgigc7pi6p1a3npte495m Query : update uploadfiles set whenupdated=current_timestamp where uploadfile_id='3436';
20241121@174704.2247 dulvumgigc7pi6p1a3npte495m Query : select concat(rtrim(relative_path),ltrim(name_new)) as valor from uploadfiles where uploadfile_id='3436';
20241121@174704.2277 dulvumgigc7pi6p1a3npte495m Query : update uploadfiles set whenupdated=current_timestamp where uploadfile_id='3436';
20241121@174704.2754 246tnmvlfl8a0ovggjaja8kjal Query : insert into uploadfiles ( name_original, name_new, option_type, relative_path, whencreated ) values ( ?, ?, ?, ?, getdate() )
20241121@174704.2765 246tnmvlfl8a0ovggjaja8kjal Query : select uploadfile_id valor from uploadfiles where name_new = ? and option_type = ? 
20241121@174704.3162 246tnmvlfl8a0ovggjaja8kjal Query : select concat(rtrim(relative_path),ltrim(name_new)) as valor from uploadfiles where uploadfile_id='3437';
20241121@174704.3225 246tnmvlfl8a0ovggjaja8kjal Query : update uploadfiles set whenupdated=current_timestamp where uploadfile_id='3437';
20241121@174704.3281 246tnmvlfl8a0ovggjaja8kjal Query : select concat(rtrim(relative_path),ltrim(name_new)) as valor from uploadfiles where uploadfile_id='3437';
20241121@174704.3316 246tnmvlfl8a0ovggjaja8kjal Query : update uploadfiles set whenupdated=current_timestamp where uploadfile_id='3437';
20241121@174704.3371 246tnmvlfl8a0ovggjaja8kjal Query : use flama_phc
20241121@174704.3373 246tnmvlfl8a0ovggjaja8kjal Query : select top 1 secretkey valor from u_wsusers u where u.userid = ? and u.inactivo=0
20241121@174704.3431 246tnmvlfl8a0ovggjaja8kjal Query : use flama_phc
20241121@174704.3434 246tnmvlfl8a0ovggjaja8kjal Query : select no, estab,szadrsdesc from szadrs where u_coddest=9159
20241121@174704.3518 246tnmvlfl8a0ovggjaja8kjal Query : select top 1 isnull(design,'') valor from st (nolock) left join stobs (nolock) on st.ref = stobs.ref where st.ref = '324.2326.00.1'
20241121@174704.3672 246tnmvlfl8a0ovggjaja8kjal Query : select top 1 bistamp valor from bi inner join bo on bo.bostamp=bi.bostamp where bo.ndos =240 and bo.boano =2077 and bo.obrano = 2407751 and bi.ref ='324.2326.00.1' and bi.lordem =1
20241121@174704.3989 246tnmvlfl8a0ovggjaja8kjal Query : select top 1 isnull(design,'') valor from st (nolock) left join stobs (nolock) on st.ref = stobs.ref where st.ref = '324.2317.00.1'
20241121@174704.4146 246tnmvlfl8a0ovggjaja8kjal Query : select top 1 bistamp valor from bi inner join bo on bo.bostamp=bi.bostamp where bo.ndos =240 and bo.boano =2077 and bo.obrano = 2407751 and bi.ref ='324.2317.00.1' and bi.lordem =2
20241121@174704.4452 246tnmvlfl8a0ovggjaja8kjal Query : select top 1 isnull(design,'') valor from st (nolock) left join stobs (nolock) on st.ref = stobs.ref where st.ref = '324.2300.00.1'
20241121@174704.5835 246tnmvlfl8a0ovggjaja8kjal Query : select top 1 bistamp valor from bi inner join bo on bo.bostamp=bi.bostamp where bo.ndos =240 and bo.boano =2077 and bo.obrano = 2407751 and bi.ref ='324.2300.00.1' and bi.lordem =3
20241121@174704.6515 246tnmvlfl8a0ovggjaja8kjal Query : select top 1 isnull(design,'') valor from st (nolock) left join stobs (nolock) on st.ref = stobs.ref where st.ref = '324.2301.00.3'
20241121@174704.6743 246tnmvlfl8a0ovggjaja8kjal Query : select top 1 bistamp valor from bi inner join bo on bo.bostamp=bi.bostamp where bo.ndos =240 and bo.boano =2077 and bo.obrano = 2407751 and bi.ref ='324.2301.00.3' and bi.lordem =4
20241121@174704.7147 246tnmvlfl8a0ovggjaja8kjal Query : select top 1 isnull(design,'') valor from st (nolock) left join stobs (nolock) on st.ref = stobs.ref where st.ref = '324.2301.00.3'
20241121@174704.7178 246tnmvlfl8a0ovggjaja8kjal Query : select top 1 bistamp valor from bi inner join bo on bo.bostamp=bi.bostamp where bo.ndos =240 and bo.boano =2077 and bo.obrano = 2407751 and bi.ref ='324.2301.00.3' and bi.lordem =4
20241121@174704.7196 246tnmvlfl8a0ovggjaja8kjal Query : select top 1 isnull(design,'') valor from st (nolock) left join stobs (nolock) on st.ref = stobs.ref where st.ref = '324.2362.00.1'
20241121@174704.7218 246tnmvlfl8a0ovggjaja8kjal Query : select top 1 bistamp valor from bi inner join bo on bo.bostamp=bi.bostamp where bo.ndos =240 and bo.boano =2077 and bo.obrano = 2407751 and bi.ref ='324.2362.00.1' and bi.lordem =5
20241121@174704.7563 246tnmvlfl8a0ovggjaja8kjal Query : select top 1 isnull(design,'') valor from st (nolock) left join stobs (nolock) on st.ref = stobs.ref where st.ref = '324.2330.00.1'
20241121@174704.7584 246tnmvlfl8a0ovggjaja8kjal Query : select top 1 bistamp valor from bi inner join bo on bo.bostamp=bi.bostamp where bo.ndos =240 and bo.boano =2077 and bo.obrano = 2407751 and bi.ref ='324.2330.00.1' and bi.lordem =6
20241121@174704.7955 246tnmvlfl8a0ovggjaja8kjal Query : select top 1 isnull(design,'') valor from st (nolock) left join stobs (nolock) on st.ref = stobs.ref where st.ref = '324.2330.00.1'
20241121@174704.7974 246tnmvlfl8a0ovggjaja8kjal Query : select top 1 bistamp valor from bi inner join bo on bo.bostamp=bi.bostamp where bo.ndos =240 and bo.boano =2077 and bo.obrano = 2407751 and bi.ref ='324.2330.00.1' and bi.lordem =7
20241121@174704.8327 246tnmvlfl8a0ovggjaja8kjal Query : select top 1 isnull(design,'') valor from st (nolock) left join stobs (nolock) on st.ref = stobs.ref where st.ref = '324.2330.00.1'
20241121@174704.8352 246tnmvlfl8a0ovggjaja8kjal Query : select top 1 bistamp valor from bi inner join bo on bo.bostamp=bi.bostamp where bo.ndos =240 and bo.boano =2077 and bo.obrano = 2407751 and bi.ref ='324.2330.00.1' and bi.lordem =7
20241121@174704.8370 246tnmvlfl8a0ovggjaja8kjal Query : select top 1 isnull(design,'') valor from st (nolock) left join stobs (nolock) on st.ref = stobs.ref where st.ref = '324.2330.00.1'
20241121@174704.8392 246tnmvlfl8a0ovggjaja8kjal Query : select top 1 bistamp valor from bi inner join bo on bo.bostamp=bi.bostamp where bo.ndos =240 and bo.boano =2077 and bo.obrano = 2407751 and bi.ref ='324.2330.00.1' and bi.lordem =7
20241121@174704.8410 246tnmvlfl8a0ovggjaja8kjal Query : select top 1 isnull(design,'') valor from st (nolock) left join stobs (nolock) on st.ref = stobs.ref where st.ref = '324.2335.00.1'
20241121@174704.8430 246tnmvlfl8a0ovggjaja8kjal Query : select top 1 bistamp valor from bi inner join bo on bo.bostamp=bi.bostamp where bo.ndos =240 and bo.boano =2077 and bo.obrano = 2407751 and bi.ref ='324.2335.00.1' and bi.lordem =8
20241121@174704.8778 246tnmvlfl8a0ovggjaja8kjal Query : use flama_phc
20241121@174704.8782 246tnmvlfl8a0ovggjaja8kjal Query : select top 1 convert(date,fdata) valor from ft where ndoc = 39 and anulado= 0 and fno>0 order by fdata desc
20241121@174704.8814 246tnmvlfl8a0ovggjaja8kjal Query : use flama_phc
20241121@174704.8817 246tnmvlfl8a0ovggjaja8kjal Query : select top 1 1 valor from td where td.ndoc = 39
20241121@174704.8848 246tnmvlfl8a0ovggjaja8kjal Query : use flama_phc
20241121@174704.8852 246tnmvlfl8a0ovggjaja8kjal Query : select lower(descricao) descricao ,case when valor='s' then 1 else 0 end valor from para1 where descricao in ('st_lote','st_usalogifunc', 'st_grelha')
20241121@174704.8880 246tnmvlfl8a0ovggjaja8kjal Query : select top 1 manternumero ,assinadoc issigned ,tiposaft ,assinaimp ,nmdos ,td.assinadoc ,'cl' origin ,lancasl stocks ,case when cmsl<50 and td.lancasl=1 then 1 else 0 end entrada ,case when cmsl>50 and td.lancasl=1 then 1 else 0 end saida ,temserie assets ,~semgre usegridfields from td inner join td2 on td.tdstamp=td2.td2stamp where td.ndoc = 1
20241121@174704.8915 246tnmvlfl8a0ovggjaja8kjal Query : use flama_phc
20241121@174704.8918 246tnmvlfl8a0ovggjaja8kjal Query : select top 1 ~inactivo valor from cl where no = '102943' and estab = 0 order by inactivo desc
20241121@174704.9055 246tnmvlfl8a0ovggjaja8kjal Query : use flama_phc
20241121@174704.9058 246tnmvlfl8a0ovggjaja8kjal Query : select top 1 tipodoc,regrd from td where ndoc = 39
20241121@174704.9087 246tnmvlfl8a0ovggjaja8kjal Query : use flama_phc
20241121@174704.9090 246tnmvlfl8a0ovggjaja8kjal Query : select szadrsstamp valor from szadrs where szadrsdesc='espaÇotrans,lda'
20241121@174704.9128 246tnmvlfl8a0ovggjaja8kjal Query : use flama_phc
20241121@174704.9131 246tnmvlfl8a0ovggjaja8kjal Query : select szadrsstamp valor from szadrs where szadrsdesc='pll-plataformalogistica lisboa norte'
20241121@174704.9182 246tnmvlfl8a0ovggjaja8kjal Query : use flama_phc
20241121@174704.9185 246tnmvlfl8a0ovggjaja8kjal Query : select 1 valor from td where ndoc = 39
20241121@174704.9199 246tnmvlfl8a0ovggjaja8kjal Query : select top 1 manternumero, tiposaft, nmdos,td.assinadoc from td where td.ndoc = 39
20241121@174704.9215 246tnmvlfl8a0ovggjaja8kjal Query : select 1 valor from information_schema.tables where table_type='base table' and table_name='wstablefields'
20241121@174704.9233 246tnmvlfl8a0ovggjaja8kjal Query : select fieldkey,fieldname,fieldtype,mandatory from wstablefields where tablename = 'ft' and documentnumber = 39
20241121@174704.9255 246tnmvlfl8a0ovggjaja8kjal Query : select 1 valor from information_schema.tables where table_type='base table' and table_name='wstablefields'
20241121@174704.9270 246tnmvlfl8a0ovggjaja8kjal Query : select fieldkey,fieldname,fieldtype,mandatory from wstablefields where tablename = 'ft2' and documentnumber = 39
20241121@174704.9301 246tnmvlfl8a0ovggjaja8kjal Query : select 1 valor from information_schema.tables where table_type='base table' and table_name='wstablefields'
20241121@174704.9316 246tnmvlfl8a0ovggjaja8kjal Query : select fieldkey,fieldname,fieldtype,mandatory from wstablefields where tablename = 'ft3' and documentnumber = 39
20241121@174704.9328 246tnmvlfl8a0ovggjaja8kjal Query : select top 1 ft.fno valor from ft ft where ft.ndoc = 39 and ftano=2024 order by fno desc
20241121@174704.9406 246tnmvlfl8a0ovggjaja8kjal Query : select top 1 ft.fno valor from wsftdata ft where ft.ndoc = 39 and ftano=2024 order by fno desc
20241121@174704.9419 246tnmvlfl8a0ovggjaja8kjal Query : select 1 valor from information_schema.tables where table_type='base table' and table_name='wstablefields'
20241121@174704.9435 246tnmvlfl8a0ovggjaja8kjal Query : select fieldkey,fieldname,fieldtype,calcformula from wstablefields where tablename = 'ft3' and documentnumber = 39
20241121@174704.9450 246tnmvlfl8a0ovggjaja8kjal Query : insert into wsft3data (ft3stamp, ousrdata, ousrhora, usrdata,usrhora,ousrinis,usrinis,taxpointdt ) values ('aut673f748102673f7218e3' ,getdate(),convert(char(8),convert (time,getdate())),getdate(),convert(char(8),convert (time,getdate())),'wsv','wsv',?)
20241121@174704.9646 246tnmvlfl8a0ovggjaja8kjal Query : select 1 valor from information_schema.tables where table_type='base table' and table_name='wstablefields'
20241121@174704.9663 246tnmvlfl8a0ovggjaja8kjal Query : select fieldkey,fieldname,fieldtype,calcformula from wstablefields where tablename = 'ft2' and documentnumber = 39
20241121@174704.9696 246tnmvlfl8a0ovggjaja8kjal Query : select top 1 bo.u_nomeenv valor from bo where bo.bostamp=''
20241121@174704.9711 246tnmvlfl8a0ovggjaja8kjal Query : select top 1 bo.u_moradaen valor from bo where bo.bostamp=''
20241121@174704.9722 246tnmvlfl8a0ovggjaja8kjal Query : select top 1 bo.u_codposen valor from bo where bo.bostamp=''
20241121@174704.9734 246tnmvlfl8a0ovggjaja8kjal Query : select top 1 bo.u_localenv valor from bo where bo.bostamp=''
20241121@174704.9746 246tnmvlfl8a0ovggjaja8kjal Query : select top 1 bo.trab5 valor from bo where bo.bostamp=''
20241121@174704.9757 246tnmvlfl8a0ovggjaja8kjal Query : select top 1 bo.serie valor from bo where bo.bostamp=''
20241121@174704.9768 246tnmvlfl8a0ovggjaja8kjal Query : insert into wsft2data (ft2stamp, ousrdata,ousrhora, usrdata,usrhora,ousrinis,usrinis,u_nomeenv ,u_moradaen ,u_codposen ,u_localenv ,u_coddest ,u_codby ) values ('aut673f748102673f7218e3',getdate(),convert(char(8),convert (time,getdate())),getdate(),convert(char(8),convert (time,getdate())),'wsv','wsv',?,?,?,?,?,?)
20241121@174705.4600 246tnmvlfl8a0ovggjaja8kjal Query : select top 1 fno valor from wsftdata order by fno desc
20241121@174705.7100 246tnmvlfl8a0ovggjaja8kjal Query : select 1 valor from information_schema.tables where table_type='base table' and table_name='wstablefields'
20241121@174705.8800 246tnmvlfl8a0ovggjaja8kjal Query : select fieldkey,fieldname,fieldtype,calcformula from wstablefields where tablename = 'ft' and documentnumber = 39
20241121@174705.1110 246tnmvlfl8a0ovggjaja8kjal Query : select 'normal' from dummy
20241121@174705.1260 246tnmvlfl8a0ovggjaja8kjal Query : insert into wsftdata (ftstamp, ousrdata,ousrhora, usrdata,usrhora,ousrinis,usrinis,fno,no,estab,fdata,ndoc,moeda,cambio,cambiofixo,ftano,site ,classe ) values ('aut673f748102673f7218e3',getdate(),convert(char(8),convert (time,getdate())),getdate(),convert(char(8),convert (time,getdate())),'wsv','wsv',1976,102943,0,'2024-11-21',39,'euro',0,0,2024 ,?,?)
20241121@174705.4590 246tnmvlfl8a0ovggjaja8kjal Query : use flama_phc
20241121@174705.4620 246tnmvlfl8a0ovggjaja8kjal Query : select st.usalote valor from st where st.ref = '324.2326.00.1'
20241121@174705.4860 246tnmvlfl8a0ovggjaja8kjal Query : select top 1 st.tabiva ,st.ivaincl ,st.stns ,st.uni2 ,st.familia ,isnull(tx.taxa, 0) txiva ,unidade ,usalote ,epcpond ,noserie ,conversao ,st.texteis from st left join taxasiva tx on st.tabiva = tx.codigo where st.ref = '324.2326.00.1'
20241121@174705.6420 246tnmvlfl8a0ovggjaja8kjal Query : select 1 valor from information_schema.tables where table_type='base table' and table_name='wstablefields'
20241121@174705.6590 246tnmvlfl8a0ovggjaja8kjal Query : select fieldkey,fieldname,fieldtype,mandatory from wstablefields where tablename = 'fi' and documentnumber = 39
20241121@174705.6850 246tnmvlfl8a0ovggjaja8kjal Query : select 1 valor from information_schema.tables where table_type='base table' and table_name='wstablefields'
20241121@174705.7000 246tnmvlfl8a0ovggjaja8kjal Query : select fieldkey,fieldname,fieldtype,mandatory from wstablefields where tablename = 'fi2' and documentnumber = 39
20241121@174705.7080 246tnmvlfl8a0ovggjaja8kjal Query : select top 1 convert(numeric(6,2),t.taxa) valor from taxasiva t where t.codigo='2'
20241121@174705.7200 246tnmvlfl8a0ovggjaja8kjal Query : select sestamp valor from se where ref ='324.2326.00.1' and lote = 'r2300567100a'
20241121@174705.7410 246tnmvlfl8a0ovggjaja8kjal Query : select 1 valor from information_schema.tables where table_type='base table' and table_name='wstablefields'
20241121@174705.7560 246tnmvlfl8a0ovggjaja8kjal Query : select fieldkey,fieldname,fieldtype,calcformula from wstablefields where tablename = 'fi2' and documentnumber = 39
20241121@174705.7670 246tnmvlfl8a0ovggjaja8kjal Query : insert into wsfi2data (fi2stamp,ftstamp ,ousrdata, ousrhora, usrdata,usrhora,ousrinis,usrinis) values ('aut673f700164673f721912','aut673f748102673f7218e3' ,getdate(),convert(char(8),convert (time,getdate())),getdate(),convert(char(8),convert (time,getdate())),'wsv','wsv')
20241121@174705.7710 246tnmvlfl8a0ovggjaja8kjal Query : select 1 valor from information_schema.tables where table_type='base table' and table_name='wstablefields'
20241121@174705.7850 246tnmvlfl8a0ovggjaja8kjal Query : select fieldkey,fieldname,fieldtype,calcformula from wstablefields where tablename = 'fi' and documentnumber = 39
20241121@174705.8130 246tnmvlfl8a0ovggjaja8kjal Query : insert into wsfidata (fistamp,ousrdata, ousrhora, usrdata,usrhora,ousrinis,usrinis ,qtt ,ftstamp ,epv,pvmoeda ,tabiva,iva,lordem ,ref, design ,lote,armazem,bistamp ) values ('aut673f700164673f721912',getdate(),convert(char(8),convert (time,getdate())),getdate(),convert(char(8),convert (time,getdate())),'wsv','wsv',126.000 ,'aut673f748102673f7218e3' ,0,0 ,2,23.00,10000,?,?,?,?,?)
20241121@174705.1118 246tnmvlfl8a0ovggjaja8kjal Query : use flama_phc
20241121@174705.1121 246tnmvlfl8a0ovggjaja8kjal Query : select st.usalote valor from st where st.ref = '324.2317.00.1'
20241121@174705.1143 246tnmvlfl8a0ovggjaja8kjal Query : select top 1 st.tabiva ,st.ivaincl ,st.stns ,st.uni2 ,st.familia ,isnull(tx.taxa, 0) txiva ,unidade ,usalote ,epcpond ,noserie ,conversao ,st.texteis from st left join taxasiva tx on st.tabiva = tx.codigo where st.ref = '324.2317.00.1'
20241121@174705.1298 246tnmvlfl8a0ovggjaja8kjal Query : select 1 valor from information_schema.tables where table_type='base table' and table_name='wstablefields'
20241121@174705.1315 246tnmvlfl8a0ovggjaja8kjal Query : select fieldkey,fieldname,fieldtype,mandatory from wstablefields where tablename = 'fi' and documentnumber = 39
20241121@174705.1339 246tnmvlfl8a0ovggjaja8kjal Query : select 1 valor from information_schema.tables where table_type='base table' and table_name='wstablefields'
20241121@174705.1354 246tnmvlfl8a0ovggjaja8kjal Query : select fieldkey,fieldname,fieldtype,mandatory from wstablefields where tablename = 'fi2' and documentnumber = 39
20241121@174705.1363 246tnmvlfl8a0ovggjaja8kjal Query : select top 1 convert(numeric(6,2),t.taxa) valor from taxasiva t where t.codigo='2'
20241121@174705.1375 246tnmvlfl8a0ovggjaja8kjal Query : select sestamp valor from se where ref ='324.2317.00.1' and lote = 'r2400475100a'
20241121@174705.1388 246tnmvlfl8a0ovggjaja8kjal Query : select 1 valor from information_schema.tables where table_type='base table' and table_name='wstablefields'
20241121@174705.1403 246tnmvlfl8a0ovggjaja8kjal Query : select fieldkey,fieldname,fieldtype,calcformula from wstablefields where tablename = 'fi2' and documentnumber = 39
20241121@174705.1415 246tnmvlfl8a0ovggjaja8kjal Query : insert into wsfi2data (fi2stamp,ftstamp ,ousrdata, ousrhora, usrdata,usrhora,ousrinis,usrinis) values ('aut673f737041673f721921','aut673f748102673f7218e3' ,getdate(),convert(char(8),convert (time,getdate())),getdate(),convert(char(8),convert (time,getdate())),'wsv','wsv')
20241121@174705.1419 246tnmvlfl8a0ovggjaja8kjal Query : select 1 valor from information_schema.tables where table_type='base table' and table_name='wstablefields'
20241121@174705.1434 246tnmvlfl8a0ovggjaja8kjal Query : select fieldkey,fieldname,fieldtype,calcformula from wstablefields where tablename = 'fi' and documentnumber = 39
20241121@174705.1462 246tnmvlfl8a0ovggjaja8kjal Query : insert into wsfidata (fistamp,ousrdata, ousrhora, usrdata,usrhora,ousrinis,usrinis ,qtt ,ftstamp ,epv,pvmoeda ,tabiva,iva,lordem ,ref, design ,lote,armazem,bistamp ) values ('aut673f737041673f721921',getdate(),convert(char(8),convert (time,getdate())),getdate(),convert(char(8),convert (time,getdate())),'wsv','wsv',126.000 ,'aut673f748102673f7218e3' ,0,0 ,2,23.00,20000,?,?,?,?,?)
20241121@174705.1756 246tnmvlfl8a0ovggjaja8kjal Query : select 1 valor from information_schema.tables where table_type='base table' and table_name='wstablefields'
20241121@174705.1773 246tnmvlfl8a0ovggjaja8kjal Query : select fieldkey,fieldname,fieldtype,mandatory from wstablefields where tablename = 'fi' and documentnumber = 39
20241121@174705.1799 246tnmvlfl8a0ovggjaja8kjal Query : select 1 valor from information_schema.tables where table_type='base table' and table_name='wstablefields'
20241121@174705.1813 246tnmvlfl8a0ovggjaja8kjal Query : select fieldkey,fieldname,fieldtype,mandatory from wstablefields where tablename = 'fi2' and documentnumber = 39
20241121@174705.1822 246tnmvlfl8a0ovggjaja8kjal Query : select top 1 convert(numeric(6,2),t.taxa) valor from taxasiva t where t.codigo='2'
20241121@174705.1845 246tnmvlfl8a0ovggjaja8kjal Query : select 1 valor from information_schema.tables where table_type='base table' and table_name='wstablefields'
20241121@174705.1860 246tnmvlfl8a0ovggjaja8kjal Query : select fieldkey,fieldname,fieldtype,calcformula from wstablefields where tablename = 'fi2' and documentnumber = 39
20241121@174705.1872 246tnmvlfl8a0ovggjaja8kjal Query : insert into wsfi2data (fi2stamp,ftstamp ,ousrdata, ousrhora, usrdata,usrhora,ousrinis,usrinis) values ('aut673f785597673f72192d','aut673f748102673f7218e3' ,getdate(),convert(char(8),convert (time,getdate())),getdate(),convert(char(8),convert (time,getdate())),'wsv','wsv')
20241121@174705.1880 246tnmvlfl8a0ovggjaja8kjal Query : select 1 valor from information_schema.tables where table_type='base table' and table_name='wstablefields'
20241121@174705.1895 246tnmvlfl8a0ovggjaja8kjal Query : select fieldkey,fieldname,fieldtype,calcformula from wstablefields where tablename = 'fi' and documentnumber = 39
20241121@174705.1925 246tnmvlfl8a0ovggjaja8kjal Query : insert into wsfidata (fistamp,ousrdata, ousrhora, usrdata,usrhora,ousrinis,usrinis ,qtt ,ftstamp ,epv,pvmoeda ,tabiva,iva,lordem ,ref, design ,armazem) values ('aut673f785597673f72192d',getdate(),convert(char(8),convert (time,getdate())),getdate(),convert(char(8),convert (time,getdate())),'wsv','wsv',0 ,'aut673f748102673f7218e3' ,0,0 ,2,23.00,30000,?,?,?)
20241121@174705.2209 246tnmvlfl8a0ovggjaja8kjal Query : use flama_phc
20241121@174705.2212 246tnmvlfl8a0ovggjaja8kjal Query : select st.usalote valor from st where st.ref = '324.2300.00.1'
20241121@174705.2233 246tnmvlfl8a0ovggjaja8kjal Query : select top 1 st.tabiva ,st.ivaincl ,st.stns ,st.uni2 ,st.familia ,isnull(tx.taxa, 0) txiva ,unidade ,usalote ,epcpond ,noserie ,conversao ,st.texteis from st left join taxasiva tx on st.tabiva = tx.codigo where st.ref = '324.2300.00.1'
20241121@174705.2388 246tnmvlfl8a0ovggjaja8kjal Query : select 1 valor from information_schema.tables where table_type='base table' and table_name='wstablefields'
20241121@174705.2405 246tnmvlfl8a0ovggjaja8kjal Query : select fieldkey,fieldname,fieldtype,mandatory from wstablefields where tablename = 'fi' and documentnumber = 39
20241121@174705.2430 246tnmvlfl8a0ovggjaja8kjal Query : select 1 valor from information_schema.tables where table_type='base table' and table_name='wstablefields'
20241121@174705.2445 246tnmvlfl8a0ovggjaja8kjal Query : select fieldkey,fieldname,fieldtype,mandatory from wstablefields where tablename = 'fi2' and documentnumber = 39
20241121@174705.2453 246tnmvlfl8a0ovggjaja8kjal Query : select top 1 convert(numeric(6,2),t.taxa) valor from taxasiva t where t.codigo='2'
20241121@174705.2465 246tnmvlfl8a0ovggjaja8kjal Query : select sestamp valor from se where ref ='324.2300.00.1' and lote = 'r2400497200a'
20241121@174705.2479 246tnmvlfl8a0ovggjaja8kjal Query : select 1 valor from information_schema.tables where table_type='base table' and table_name='wstablefields'
20241121@174705.2494 246tnmvlfl8a0ovggjaja8kjal Query : select fieldkey,fieldname,fieldtype,calcformula from wstablefields where tablename = 'fi2' and documentnumber = 39
20241121@174705.2509 246tnmvlfl8a0ovggjaja8kjal Query : insert into wsfi2data (fi2stamp,ftstamp ,ousrdata, ousrhora, usrdata,usrhora,ousrinis,usrinis) values ('aut673f733391673f72193c','aut673f748102673f7218e3' ,getdate(),convert(char(8),convert (time,getdate())),getdate(),convert(char(8),convert (time,getdate())),'wsv','wsv')
20241121@174705.2515 246tnmvlfl8a0ovggjaja8kjal Query : select 1 valor from information_schema.tables where table_type='base table' and table_name='wstablefields'
20241121@174705.2531 246tnmvlfl8a0ovggjaja8kjal Query : select fieldkey,fieldname,fieldtype,calcformula from wstablefields where tablename = 'fi' and documentnumber = 39
20241121@174705.2563 246tnmvlfl8a0ovggjaja8kjal Query : insert into wsfidata (fistamp,ousrdata, ousrhora, usrdata,usrhora,ousrinis,usrinis ,qtt ,ftstamp ,epv,pvmoeda ,tabiva,iva,lordem ,ref, design ,lote,armazem,bistamp ) values ('aut673f733391673f72193c',getdate(),convert(char(8),convert (time,getdate())),getdate(),convert(char(8),convert (time,getdate())),'wsv','wsv',72.000 ,'aut673f748102673f7218e3' ,0,0 ,2,23.00,50000,?,?,?,?,?)
20241121@174705.5633 246tnmvlfl8a0ovggjaja8kjal Query : use flama_phc
20241121@174705.5676 246tnmvlfl8a0ovggjaja8kjal Query : select st.usalote valor from st where st.ref = '324.2301.00.3'
20241121@174705.5752 246tnmvlfl8a0ovggjaja8kjal Query : select top 1 st.tabiva ,st.ivaincl ,st.stns ,st.uni2 ,st.familia ,isnull(tx.taxa, 0) txiva ,unidade ,usalote ,epcpond ,noserie ,conversao ,st.texteis from st left join taxasiva tx on st.tabiva = tx.codigo where st.ref = '324.2301.00.3'
20241121@174705.5912 246tnmvlfl8a0ovggjaja8kjal Query : select 1 valor from information_schema.tables where table_type='base table' and table_name='wstablefields'
20241121@174705.5930 246tnmvlfl8a0ovggjaja8kjal Query : select fieldkey,fieldname,fieldtype,mandatory from wstablefields where tablename = 'fi' and documentnumber = 39
20241121@174705.5962 246tnmvlfl8a0ovggjaja8kjal Query : select 1 valor from information_schema.tables where table_type='base table' and table_name='wstablefields'
20241121@174705.5978 246tnmvlfl8a0ovggjaja8kjal Query : select fieldkey,fieldname,fieldtype,mandatory from wstablefields where tablename = 'fi2' and documentnumber = 39
20241121@174705.5989 246tnmvlfl8a0ovggjaja8kjal Query : select top 1 convert(numeric(6,2),t.taxa) valor from taxasiva t where t.codigo='2'
20241121@174705.6003 246tnmvlfl8a0ovggjaja8kjal Query : select sestamp valor from se where ref ='324.2301.00.3' and lote = 'r2400474200a'
20241121@174705.6018 246tnmvlfl8a0ovggjaja8kjal Query : select 1 valor from information_schema.tables where table_type='base table' and table_name='wstablefields'
20241121@174705.6034 246tnmvlfl8a0ovggjaja8kjal Query : select fieldkey,fieldname,fieldtype,calcformula from wstablefields where tablename = 'fi2' and documentnumber = 39
20241121@174705.6046 246tnmvlfl8a0ovggjaja8kjal Query : insert into wsfi2data (fi2stamp,ftstamp ,ousrdata, ousrhora, usrdata,usrhora,ousrinis,usrinis) values ('aut673f720255673f721992','aut673f748102673f7218e3' ,getdate(),convert(char(8),convert (time,getdate())),getdate(),convert(char(8),convert (time,getdate())),'wsv','wsv')
20241121@174705.6050 246tnmvlfl8a0ovggjaja8kjal Query : select 1 valor from information_schema.tables where table_type='base table' and table_name='wstablefields'
20241121@174705.6065 246tnmvlfl8a0ovggjaja8kjal Query : select fieldkey,fieldname,fieldtype,calcformula from wstablefields where tablename = 'fi' and documentnumber = 39
20241121@174705.6093 246tnmvlfl8a0ovggjaja8kjal Query : insert into wsfidata (fistamp,ousrdata, ousrhora, usrdata,usrhora,ousrinis,usrinis ,qtt ,ftstamp ,epv,pvmoeda ,tabiva,iva,lordem ,ref, design ,lote,armazem,bistamp ) values ('aut673f720255673f721992',getdate(),convert(char(8),convert (time,getdate())),getdate(),convert(char(8),convert (time,getdate())),'wsv','wsv',72.000 ,'aut673f748102673f7218e3' ,0,0 ,2,23.00,60000,?,?,?,?,?)
20241121@174705.6365 246tnmvlfl8a0ovggjaja8kjal Query : use flama_phc
20241121@174705.6368 246tnmvlfl8a0ovggjaja8kjal Query : select st.usalote valor from st where st.ref = '324.2301.00.3'
20241121@174705.6390 246tnmvlfl8a0ovggjaja8kjal Query : select top 1 st.tabiva ,st.ivaincl ,st.stns ,st.uni2 ,st.familia ,isnull(tx.taxa, 0) txiva ,unidade ,usalote ,epcpond ,noserie ,conversao ,st.texteis from st left join taxasiva tx on st.tabiva = tx.codigo where st.ref = '324.2301.00.3'
20241121@174705.6405 246tnmvlfl8a0ovggjaja8kjal Query : select 1 valor from information_schema.tables where table_type='base table' and table_name='wstablefields'
20241121@174705.6421 246tnmvlfl8a0ovggjaja8kjal Query : select fieldkey,fieldname,fieldtype,mandatory from wstablefields where tablename = 'fi' and documentnumber = 39
20241121@174705.6448 246tnmvlfl8a0ovggjaja8kjal Query : select 1 valor from information_schema.tables where table_type='base table' and table_name='wstablefields'
20241121@174705.6464 246tnmvlfl8a0ovggjaja8kjal Query : select fieldkey,fieldname,fieldtype,mandatory from wstablefields where tablename = 'fi2' and documentnumber = 39
20241121@174705.6474 246tnmvlfl8a0ovggjaja8kjal Query : select top 1 convert(numeric(6,2),t.taxa) valor from taxasiva t where t.codigo='2'
20241121@174705.6487 246tnmvlfl8a0ovggjaja8kjal Query : select sestamp valor from se where ref ='324.2301.00.3' and lote = 'r2400474200a'
20241121@174705.6540 246tnmvlfl8a0ovggjaja8kjal Query : select 1 valor from information_schema.tables where table_type='base table' and table_name='wstablefields'
20241121@174705.6874 246tnmvlfl8a0ovggjaja8kjal Query : select fieldkey,fieldname,fieldtype,calcformula from wstablefields where tablename = 'fi2' and documentnumber = 39
20241121@174705.6889 246tnmvlfl8a0ovggjaja8kjal Query : insert into wsfi2data (fi2stamp,ftstamp ,ousrdata, ousrhora, usrdata,usrhora,ousrinis,usrinis) values ('aut673f714989673f72199f','aut673f748102673f7218e3' ,getdate(),convert(char(8),convert (time,getdate())),getdate(),convert(char(8),convert (time,getdate())),'wsv','wsv')
20241121@174705.6895 246tnmvlfl8a0ovggjaja8kjal Query : select 1 valor from information_schema.tables where table_type='base table' and table_name='wstablefields'
20241121@174705.6912 246tnmvlfl8a0ovggjaja8kjal Query : select fieldkey,fieldname,fieldtype,calcformula from wstablefields where tablename = 'fi' and documentnumber = 39
20241121@174705.6940 246tnmvlfl8a0ovggjaja8kjal Query : insert into wsfidata (fistamp,ousrdata, ousrhora, usrdata,usrhora,ousrinis,usrinis ,qtt ,ftstamp ,epv,pvmoeda ,tabiva,iva,lordem ,ref, design ,lote,armazem,bistamp ) values ('aut673f714989673f72199f',getdate(),convert(char(8),convert (time,getdate())),getdate(),convert(char(8),convert (time,getdate())),'wsv','wsv',72.000 ,'aut673f748102673f7218e3' ,0,0 ,2,23.00,70000,?,?,?,?,?)
20241121@174705.7238 246tnmvlfl8a0ovggjaja8kjal Query : use flama_phc
20241121@174705.7241 246tnmvlfl8a0ovggjaja8kjal Query : select st.usalote valor from st where st.ref = '324.2362.00.1'
20241121@174705.7262 246tnmvlfl8a0ovggjaja8kjal Query : select top 1 st.tabiva ,st.ivaincl ,st.stns ,st.uni2 ,st.familia ,isnull(tx.taxa, 0) txiva ,unidade ,usalote ,epcpond ,noserie ,conversao ,st.texteis from st left join taxasiva tx on st.tabiva = tx.codigo where st.ref = '324.2362.00.1'
20241121@174705.7275 246tnmvlfl8a0ovggjaja8kjal Query : select 1 valor from information_schema.tables where table_type='base table' and table_name='wstablefields'
20241121@174705.7290 246tnmvlfl8a0ovggjaja8kjal Query : select fieldkey,fieldname,fieldtype,mandatory from wstablefields where tablename = 'fi' and documentnumber = 39
20241121@174705.7317 246tnmvlfl8a0ovggjaja8kjal Query : select 1 valor from information_schema.tables where table_type='base table' and table_name='wstablefields'
20241121@174705.7333 246tnmvlfl8a0ovggjaja8kjal Query : select fieldkey,fieldname,fieldtype,mandatory from wstablefields where tablename = 'fi2' and documentnumber = 39
20241121@174705.7342 246tnmvlfl8a0ovggjaja8kjal Query : select top 1 convert(numeric(6,2),t.taxa) valor from taxasiva t where t.codigo='2'
20241121@174705.7354 246tnmvlfl8a0ovggjaja8kjal Query : select sestamp valor from se where ref ='324.2362.00.1' and lote = 'r2400498400a'
20241121@174705.7366 246tnmvlfl8a0ovggjaja8kjal Query : select 1 valor from information_schema.tables where table_type='base table' and table_name='wstablefields'
20241121@174705.7382 246tnmvlfl8a0ovggjaja8kjal Query : select fieldkey,fieldname,fieldtype,calcformula from wstablefields where tablename = 'fi2' and documentnumber = 39
20241121@174705.7394 246tnmvlfl8a0ovggjaja8kjal Query : insert into wsfi2data (fi2stamp,ftstamp ,ousrdata, ousrhora, usrdata,usrhora,ousrinis,usrinis) values ('aut673f768170673f7219b3','aut673f748102673f7218e3' ,getdate(),convert(char(8),convert (time,getdate())),getdate(),convert(char(8),convert (time,getdate())),'wsv','wsv')
20241121@174705.7398 246tnmvlfl8a0ovggjaja8kjal Query : select 1 valor from information_schema.tables where table_type='base table' and table_name='wstablefields'
20241121@174705.7413 246tnmvlfl8a0ovggjaja8kjal Query : select fieldkey,fieldname,fieldtype,calcformula from wstablefields where tablename = 'fi' and documentnumber = 39
20241121@174705.7454 246tnmvlfl8a0ovggjaja8kjal Query : insert into wsfidata (fistamp,ousrdata, ousrhora, usrdata,usrhora,ousrinis,usrinis ,qtt ,ftstamp ,epv,pvmoeda ,tabiva,iva,lordem ,ref, design ,lote,armazem,bistamp ) values ('aut673f768170673f7219b3',getdate(),convert(char(8),convert (time,getdate())),getdate(),convert(char(8),convert (time,getdate())),'wsv','wsv',22.000 ,'aut673f748102673f7218e3' ,0,0 ,2,23.00,80000,?,?,?,?,?)
20241121@174705.7735 246tnmvlfl8a0ovggjaja8kjal Query : use flama_phc
20241121@174705.7738 246tnmvlfl8a0ovggjaja8kjal Query : select st.usalote valor from st where st.ref = '324.2330.00.1'
20241121@174705.7757 246tnmvlfl8a0ovggjaja8kjal Query : select top 1 st.tabiva ,st.ivaincl ,st.stns ,st.uni2 ,st.familia ,isnull(tx.taxa, 0) txiva ,unidade ,usalote ,epcpond ,noserie ,conversao ,st.texteis from st left join taxasiva tx on st.tabiva = tx.codigo where st.ref = '324.2330.00.1'
20241121@174705.7771 246tnmvlfl8a0ovggjaja8kjal Query : select 1 valor from information_schema.tables where table_type='base table' and table_name='wstablefields'
20241121@174705.7786 246tnmvlfl8a0ovggjaja8kjal Query : select fieldkey,fieldname,fieldtype,mandatory from wstablefields where tablename = 'fi' and documentnumber = 39
20241121@174705.7810 246tnmvlfl8a0ovggjaja8kjal Query : select 1 valor from information_schema.tables where table_type='base table' and table_name='wstablefields'
20241121@174705.7824 246tnmvlfl8a0ovggjaja8kjal Query : select fieldkey,fieldname,fieldtype,mandatory from wstablefields where tablename = 'fi2' and documentnumber = 39
20241121@174705.7832 246tnmvlfl8a0ovggjaja8kjal Query : select top 1 convert(numeric(6,2),t.taxa) valor from taxasiva t where t.codigo='2'
20241121@174705.7844 246tnmvlfl8a0ovggjaja8kjal Query : select sestamp valor from se where ref ='324.2330.00.1' and lote = 'r2100584800a'
20241121@174705.7856 246tnmvlfl8a0ovggjaja8kjal Query : select 1 valor from information_schema.tables where table_type='base table' and table_name='wstablefields'
20241121@174705.7871 246tnmvlfl8a0ovggjaja8kjal Query : select fieldkey,fieldname,fieldtype,calcformula from wstablefields where tablename = 'fi2' and documentnumber = 39
20241121@174705.7882 246tnmvlfl8a0ovggjaja8kjal Query : insert into wsfi2data (fi2stamp,ftstamp ,ousrdata, ousrhora, usrdata,usrhora,ousrinis,usrinis) values ('aut673f711861673f7219bf','aut673f748102673f7218e3' ,getdate(),convert(char(8),convert (time,getdate())),getdate(),convert(char(8),convert (time,getdate())),'wsv','wsv')
20241121@174705.7886 246tnmvlfl8a0ovggjaja8kjal Query : select 1 valor from information_schema.tables where table_type='base table' and table_name='wstablefields'
20241121@174705.7902 246tnmvlfl8a0ovggjaja8kjal Query : select fieldkey,fieldname,fieldtype,calcformula from wstablefields where tablename = 'fi' and documentnumber = 39
20241121@174705.7943 246tnmvlfl8a0ovggjaja8kjal Query : insert into wsfidata (fistamp,ousrdata, ousrhora, usrdata,usrhora,ousrinis,usrinis ,qtt ,ftstamp ,epv,pvmoeda ,tabiva,iva,lordem ,ref, design ,lote,armazem,bistamp ) values ('aut673f711861673f7219bf',getdate(),convert(char(8),convert (time,getdate())),getdate(),convert(char(8),convert (time,getdate())),'wsv','wsv',10.000 ,'aut673f748102673f7218e3' ,0,0 ,2,23.00,90000,?,?,?,?,?)
20241121@174705.8227 246tnmvlfl8a0ovggjaja8kjal Query : use flama_phc
20241121@174705.8231 246tnmvlfl8a0ovggjaja8kjal Query : select st.usalote valor from st where st.ref = '324.2330.00.1'
20241121@174705.8251 246tnmvlfl8a0ovggjaja8kjal Query : select top 1 st.tabiva ,st.ivaincl ,st.stns ,st.uni2 ,st.familia ,isnull(tx.taxa, 0) txiva ,unidade ,usalote ,epcpond ,noserie ,conversao ,st.texteis from st left join taxasiva tx on st.tabiva = tx.codigo where st.ref = '324.2330.00.1'
20241121@174705.8265 246tnmvlfl8a0ovggjaja8kjal Query : select 1 valor from information_schema.tables where table_type='base table' and table_name='wstablefields'
20241121@174705.8281 246tnmvlfl8a0ovggjaja8kjal Query : select fieldkey,fieldname,fieldtype,mandatory from wstablefields where tablename = 'fi' and documentnumber = 39
20241121@174705.8308 246tnmvlfl8a0ovggjaja8kjal Query : select 1 valor from information_schema.tables where table_type='base table' and table_name='wstablefields'
20241121@174705.8322 246tnmvlfl8a0ovggjaja8kjal Query : select fieldkey,fieldname,fieldtype,mandatory from wstablefields where tablename = 'fi2' and documentnumber = 39
20241121@174705.8330 246tnmvlfl8a0ovggjaja8kjal Query : select top 1 convert(numeric(6,2),t.taxa) valor from taxasiva t where t.codigo='2'
20241121@174705.8342 246tnmvlfl8a0ovggjaja8kjal Query : select sestamp valor from se where ref ='324.2330.00.1' and lote = 'r2100584800a'
20241121@174705.8355 246tnmvlfl8a0ovggjaja8kjal Query : select 1 valor from information_schema.tables where table_type='base table' and table_name='wstablefields'
20241121@174705.8371 246tnmvlfl8a0ovggjaja8kjal Query : select fieldkey,fieldname,fieldtype,calcformula from wstablefields where tablename = 'fi2' and documentnumber = 39
20241121@174705.8382 246tnmvlfl8a0ovggjaja8kjal Query : insert into wsfi2data (fi2stamp,ftstamp ,ousrdata, ousrhora, usrdata,usrhora,ousrinis,usrinis) values ('aut673f768002673f7219cb','aut673f748102673f7218e3' ,getdate(),convert(char(8),convert (time,getdate())),getdate(),convert(char(8),convert (time,getdate())),'wsv','wsv')
20241121@174705.8387 246tnmvlfl8a0ovggjaja8kjal Query : select 1 valor from information_schema.tables where table_type='base table' and table_name='wstablefields'
20241121@174705.8402 246tnmvlfl8a0ovggjaja8kjal Query : select fieldkey,fieldname,fieldtype,calcformula from wstablefields where tablename = 'fi' and documentnumber = 39
20241121@174705.8433 246tnmvlfl8a0ovggjaja8kjal Query : insert into wsfidata (fistamp,ousrdata, ousrhora, usrdata,usrhora,ousrinis,usrinis ,qtt ,ftstamp ,epv,pvmoeda ,tabiva,iva,lordem ,ref, design ,lote,armazem,bistamp ) values ('aut673f768002673f7219cb',getdate(),convert(char(8),convert (time,getdate())),getdate(),convert(char(8),convert (time,getdate())),'wsv','wsv',9.000 ,'aut673f748102673f7218e3' ,0,0 ,2,23.00,100000,?,?,?,?,?)
20241121@174705.8701 246tnmvlfl8a0ovggjaja8kjal Query : use flama_phc
20241121@174705.8705 246tnmvlfl8a0ovggjaja8kjal Query : select st.usalote valor from st where st.ref = '324.2330.00.1'
20241121@174705.8725 246tnmvlfl8a0ovggjaja8kjal Query : select top 1 st.tabiva ,st.ivaincl ,st.stns ,st.uni2 ,st.familia ,isnull(tx.taxa, 0) txiva ,unidade ,usalote ,epcpond ,noserie ,conversao ,st.texteis from st left join taxasiva tx on st.tabiva = tx.codigo where st.ref = '324.2330.00.1'
20241121@174705.8740 246tnmvlfl8a0ovggjaja8kjal Query : select 1 valor from information_schema.tables where table_type='base table' and table_name='wstablefields'
20241121@174705.8755 246tnmvlfl8a0ovggjaja8kjal Query : select fieldkey,fieldname,fieldtype,mandatory from wstablefields where tablename = 'fi' and documentnumber = 39
20241121@174705.8780 246tnmvlfl8a0ovggjaja8kjal Query : select 1 valor from information_schema.tables where table_type='base table' and table_name='wstablefields'
20241121@174705.8794 246tnmvlfl8a0ovggjaja8kjal Query : select fieldkey,fieldname,fieldtype,mandatory from wstablefields where tablename = 'fi2' and documentnumber = 39
20241121@174705.8803 246tnmvlfl8a0ovggjaja8kjal Query : select top 1 convert(numeric(6,2),t.taxa) valor from taxasiva t where t.codigo='2'
20241121@174705.8815 246tnmvlfl8a0ovggjaja8kjal Query : select sestamp valor from se where ref ='324.2330.00.1' and lote = 'r2100584800a'
20241121@174705.8828 246tnmvlfl8a0ovggjaja8kjal Query : select 1 valor from information_schema.tables where table_type='base table' and table_name='wstablefields'
20241121@174705.8843 246tnmvlfl8a0ovggjaja8kjal Query : select fieldkey,fieldname,fieldtype,calcformula from wstablefields where tablename = 'fi2' and documentnumber = 39
20241121@174705.8855 246tnmvlfl8a0ovggjaja8kjal Query : insert into wsfi2data (fi2stamp,ftstamp ,ousrdata, ousrhora, usrdata,usrhora,ousrinis,usrinis) values ('aut673f761125673f7219d7','aut673f748102673f7218e3' ,getdate(),convert(char(8),convert (time,getdate())),getdate(),convert(char(8),convert (time,getdate())),'wsv','wsv')
20241121@174705.8859 246tnmvlfl8a0ovggjaja8kjal Query : select 1 valor from information_schema.tables where table_type='base table' and table_name='wstablefields'
20241121@174705.8873 246tnmvlfl8a0ovggjaja8kjal Query : select fieldkey,fieldname,fieldtype,calcformula from wstablefields where tablename = 'fi' and documentnumber = 39
20241121@174705.8913 246tnmvlfl8a0ovggjaja8kjal Query : insert into wsfidata (fistamp,ousrdata, ousrhora, usrdata,usrhora,ousrinis,usrinis ,qtt ,ftstamp ,epv,pvmoeda ,tabiva,iva,lordem ,ref, design ,lote,armazem,bistamp ) values ('aut673f761125673f7219d7',getdate(),convert(char(8),convert (time,getdate())),getdate(),convert(char(8),convert (time,getdate())),'wsv','wsv',5.000 ,'aut673f748102673f7218e3' ,0,0 ,2,23.00,110000,?,?,?,?,?)
20241121@174705.9185 246tnmvlfl8a0ovggjaja8kjal Query : use flama_phc
20241121@174705.9188 246tnmvlfl8a0ovggjaja8kjal Query : select st.usalote valor from st where st.ref = '324.2330.00.1'
20241121@174705.9207 246tnmvlfl8a0ovggjaja8kjal Query : select top 1 st.tabiva ,st.ivaincl ,st.stns ,st.uni2 ,st.familia ,isnull(tx.taxa, 0) txiva ,unidade ,usalote ,epcpond ,noserie ,conversao ,st.texteis from st left join taxasiva tx on st.tabiva = tx.codigo where st.ref = '324.2330.00.1'
20241121@174705.9222 246tnmvlfl8a0ovggjaja8kjal Query : select 1 valor from information_schema.tables where table_type='base table' and table_name='wstablefields'
20241121@174705.9238 246tnmvlfl8a0ovggjaja8kjal Query : select fieldkey,fieldname,fieldtype,mandatory from wstablefields where tablename = 'fi' and documentnumber = 39
20241121@174706.7850 246tnmvlfl8a0ovggjaja8kjal Query : select 1 valor from information_schema.tables where table_type='base table' and table_name='wstablefields'
20241121@174706.8020 246tnmvlfl8a0ovggjaja8kjal Query : select fieldkey,fieldname,fieldtype,mandatory from wstablefields where tablename = 'fi2' and documentnumber = 39
20241121@174706.8110 246tnmvlfl8a0ovggjaja8kjal Query : select top 1 convert(numeric(6,2),t.taxa) valor from taxasiva t where t.codigo='2'
20241121@174706.8240 246tnmvlfl8a0ovggjaja8kjal Query : select sestamp valor from se where ref ='324.2330.00.1' and lote = 'r2100584800a'
20241121@174706.8360 246tnmvlfl8a0ovggjaja8kjal Query : select 1 valor from information_schema.tables where table_type='base table' and table_name='wstablefields'
20241121@174706.8510 246tnmvlfl8a0ovggjaja8kjal Query : select fieldkey,fieldname,fieldtype,calcformula from wstablefields where tablename = 'fi2' and documentnumber = 39
20241121@174706.8630 246tnmvlfl8a0ovggjaja8kjal Query : insert into wsfi2data (fi2stamp,ftstamp ,ousrdata, ousrhora, usrdata,usrhora,ousrinis,usrinis) values ('aut673f780435673f721a14','aut673f748102673f7218e3' ,getdate(),convert(char(8),convert (time,getdate())),getdate(),convert(char(8),convert (time,getdate())),'wsv','wsv')
20241121@174706.8680 246tnmvlfl8a0ovggjaja8kjal Query : select 1 valor from information_schema.tables where table_type='base table' and table_name='wstablefields'
20241121@174706.8830 246tnmvlfl8a0ovggjaja8kjal Query : select fieldkey,fieldname,fieldtype,calcformula from wstablefields where tablename = 'fi' and documentnumber = 39
20241121@174706.9210 246tnmvlfl8a0ovggjaja8kjal Query : insert into wsfidata (fistamp,ousrdata, ousrhora, usrdata,usrhora,ousrinis,usrinis ,qtt ,ftstamp ,epv,pvmoeda ,tabiva,iva,lordem ,ref, design ,lote,armazem,bistamp ) values ('aut673f780435673f721a14',getdate(),convert(char(8),convert (time,getdate())),getdate(),convert(char(8),convert (time,getdate())),'wsv','wsv',24.000 ,'aut673f748102673f7218e3' ,0,0 ,2,23.00,120000,?,?,?,?,?)
20241121@174706.1210 246tnmvlfl8a0ovggjaja8kjal Query : use flama_phc
20241121@174706.1213 246tnmvlfl8a0ovggjaja8kjal Query : select st.usalote valor from st where st.ref = '324.2335.00.1'
20241121@174706.1244 246tnmvlfl8a0ovggjaja8kjal Query : select top 1 st.tabiva ,st.ivaincl ,st.stns ,st.uni2 ,st.familia ,isnull(tx.taxa, 0) txiva ,unidade ,usalote ,epcpond ,noserie ,conversao ,st.texteis from st left join taxasiva tx on st.tabiva = tx.codigo where st.ref = '324.2335.00.1'
20241121@174706.1263 246tnmvlfl8a0ovggjaja8kjal Query : select 1 valor from information_schema.tables where table_type='base table' and table_name='wstablefields'
20241121@174706.1291 246tnmvlfl8a0ovggjaja8kjal Query : select fieldkey,fieldname,fieldtype,mandatory from wstablefields where tablename = 'fi' and documentnumber = 39
20241121@174706.1327 246tnmvlfl8a0ovggjaja8kjal Query : select 1 valor from information_schema.tables where table_type='base table' and table_name='wstablefields'
20241121@174706.1345 246tnmvlfl8a0ovggjaja8kjal Query : select fieldkey,fieldname,fieldtype,mandatory from wstablefields where tablename = 'fi2' and documentnumber = 39
20241121@174706.1354 246tnmvlfl8a0ovggjaja8kjal Query : select top 1 convert(numeric(6,2),t.taxa) valor from taxasiva t where t.codigo='2'
20241121@174706.1367 246tnmvlfl8a0ovggjaja8kjal Query : select sestamp valor from se where ref ='324.2335.00.1' and lote = 'r2400467150a'
20241121@174706.1407 246tnmvlfl8a0ovggjaja8kjal Query : select 1 valor from information_schema.tables where table_type='base table' and table_name='wstablefields'
20241121@174706.1423 246tnmvlfl8a0ovggjaja8kjal Query : select fieldkey,fieldname,fieldtype,calcformula from wstablefields where tablename = 'fi2' and documentnumber = 39
20241121@174706.1436 246tnmvlfl8a0ovggjaja8kjal Query : insert into wsfi2data (fi2stamp,ftstamp ,ousrdata, ousrhora, usrdata,usrhora,ousrinis,usrinis) values ('aut673f739335673f721a22','aut673f748102673f7218e3' ,getdate(),convert(char(8),convert (time,getdate())),getdate(),convert(char(8),convert (time,getdate())),'wsv','wsv')
20241121@174706.1441 246tnmvlfl8a0ovggjaja8kjal Query : select 1 valor from information_schema.tables where table_type='base table' and table_name='wstablefields'
20241121@174706.1456 246tnmvlfl8a0ovggjaja8kjal Query : select fieldkey,fieldname,fieldtype,calcformula from wstablefields where tablename = 'fi' and documentnumber = 39
20241121@174706.1486 246tnmvlfl8a0ovggjaja8kjal Query : insert into wsfidata (fistamp,ousrdata, ousrhora, usrdata,usrhora,ousrinis,usrinis ,qtt ,ftstamp ,epv,pvmoeda ,tabiva,iva,lordem ,ref, design ,lote,armazem,bistamp ) values ('aut673f739335673f721a22',getdate(),convert(char(8),convert (time,getdate())),getdate(),convert(char(8),convert (time,getdate())),'wsv','wsv',20.000 ,'aut673f748102673f7218e3' ,0,0 ,2,23.00,130000,?,?,?,?,?)
20241121@174706.1768 246tnmvlfl8a0ovggjaja8kjal Query : insert into wsftcreationlog (initialftstamp,externalid,creationstatus,documenttypeid,idustamp) values ('aut673f748102673f7218e3','2407751','wait',39,'adm09112754980.682000002')
20241121@174706.1844 246tnmvlfl8a0ovggjaja8kjal Query : use flama_phc
20241121@174706.1847 246tnmvlfl8a0ovggjaja8kjal Query : update u_wsusers set rqsttoken =? where userid ='userls001'
20241121@174706.1877 246tnmvlfl8a0ovggjaja8kjal Query : select concat(rtrim(relative_path),ltrim(name_new)) as valor from uploadfiles where uploadfile_id='3437';
20241121@174706.1912 246tnmvlfl8a0ovggjaja8kjal Query : update uploadfiles set whenupdated=current_timestamp where uploadfile_id='3437';
20241121@174706.1961 246tnmvlfl8a0ovggjaja8kjal Query : select concat(rtrim(relative_path),ltrim(name_new)) as valor from uploadfiles where uploadfile_id='3437';
20241121@174706.1994 246tnmvlfl8a0ovggjaja8kjal Query : update uploadfiles set whenupdated=current_timestamp where uploadfile_id='3437';
20241121@174706.2570 n5ehc34ut8ttlr2p4rf0fqablq Query : insert into uploadfiles ( name_original, name_new, option_type, relative_path, whencreated ) values ( ?, ?, ?, ?, getdate() )
20241121@174706.2581 n5ehc34ut8ttlr2p4rf0fqablq Query : select uploadfile_id valor from uploadfiles where name_new = ? and option_type = ? 
20241121@174706.2697 n5ehc34ut8ttlr2p4rf0fqablq Query : select concat(rtrim(relative_path),ltrim(name_new)) as valor from uploadfiles where uploadfile_id='3438';
20241121@174706.3131 n5ehc34ut8ttlr2p4rf0fqablq Query : update uploadfiles set whenupdated=current_timestamp where uploadfile_id='3438';
20241121@174706.3191 n5ehc34ut8ttlr2p4rf0fqablq Query : select concat(rtrim(relative_path),ltrim(name_new)) as valor from uploadfiles where uploadfile_id='3438';
20241121@174706.3225 n5ehc34ut8ttlr2p4rf0fqablq Query : update uploadfiles set whenupdated=current_timestamp where uploadfile_id='3438';
20241121@174706.3286 n5ehc34ut8ttlr2p4rf0fqablq Query : use flama_phc
20241121@174706.3289 n5ehc34ut8ttlr2p4rf0fqablq Query : select top 1 secretkey valor from u_wsusers u where u.userid = ? and u.inactivo=0
20241121@174706.3351 n5ehc34ut8ttlr2p4rf0fqablq Query : use flama_phc
20241121@174706.3354 n5ehc34ut8ttlr2p4rf0fqablq Query : select no, estab,szadrsdesc from szadrs where u_coddest=2125
20241121@174706.3440 n5ehc34ut8ttlr2p4rf0fqablq Query : select top 1 isnull(design,'') valor from st (nolock) left join stobs (nolock) on st.ref = stobs.ref where st.ref = '324.2031.00.1'
20241121@174706.3607 n5ehc34ut8ttlr2p4rf0fqablq Query : select top 1 bistamp valor from bi inner join bo on bo.bostamp=bi.bostamp where bo.ndos =240 and bo.boano =2077 and bo.obrano = 2407752 and bi.ref ='324.2031.00.1' and bi.lordem =1
20241121@174706.3934 n5ehc34ut8ttlr2p4rf0fqablq Query : select top 1 isnull(design,'') valor from st (nolock) left join stobs (nolock) on st.ref = stobs.ref where st.ref = '324.1824.00.1'
20241121@174706.3954 n5ehc34ut8ttlr2p4rf0fqablq Query : select top 1 bistamp valor from bi inner join bo on bo.bostamp=bi.bostamp where bo.ndos =240 and bo.boano =2077 and bo.obrano = 2407752 and bi.ref ='324.1824.00.1' and bi.lordem =2
20241121@174706.4278 n5ehc34ut8ttlr2p4rf0fqablq Query : select top 1 isnull(design,'') valor from st (nolock) left join stobs (nolock) on st.ref = stobs.ref where st.ref = '324.1536.00.1'
20241121@174706.4443 n5ehc34ut8ttlr2p4rf0fqablq Query : select top 1 bistamp valor from bi inner join bo on bo.bostamp=bi.bostamp where bo.ndos =240 and bo.boano =2077 and bo.obrano = 2407752 and bi.ref ='324.1536.00.1' and bi.lordem =3
20241121@174706.4768 n5ehc34ut8ttlr2p4rf0fqablq Query : use flama_phc
20241121@174706.4771 n5ehc34ut8ttlr2p4rf0fqablq Query : select top 1 convert(date,fdata) valor from ft where ndoc = 39 and anulado= 0 and fno>0 order by fdata desc
20241121@174706.4803 n5ehc34ut8ttlr2p4rf0fqablq Query : use flama_phc
20241121@174706.4806 n5ehc34ut8ttlr2p4rf0fqablq Query : select top 1 1 valor from td where td.ndoc = 39
20241121@174706.4834 n5ehc34ut8ttlr2p4rf0fqablq Query : use flama_phc
20241121@174706.4837 n5ehc34ut8ttlr2p4rf0fqablq Query : select lower(descricao) descricao ,case when valor='s' then 1 else 0 end valor from para1 where descricao in ('st_lote','st_usalogifunc', 'st_grelha')
20241121@174706.4865 n5ehc34ut8ttlr2p4rf0fqablq Query : select top 1 manternumero ,assinadoc issigned ,tiposaft ,assinaimp ,nmdos ,td.assinadoc ,'cl' origin ,lancasl stocks ,case when cmsl<50 and td.lancasl=1 then 1 else 0 end entrada ,case when cmsl>50 and td.lancasl=1 then 1 else 0 end saida ,temserie assets ,~semgre usegridfields from td inner join td2 on td.tdstamp=td2.td2stamp where td.ndoc = 1
20241121@174706.4901 n5ehc34ut8ttlr2p4rf0fqablq Query : use flama_phc
20241121@174706.4906 n5ehc34ut8ttlr2p4rf0fqablq Query : select top 1 ~inactivo valor from cl where no = '101835' and estab = 0 order by inactivo desc
20241121@174706.5039 n5ehc34ut8ttlr2p4rf0fqablq Query : use flama_phc
20241121@174706.5042 n5ehc34ut8ttlr2p4rf0fqablq Query : select top 1 tipodoc,regrd from td where ndoc = 39
20241121@174706.5072 n5ehc34ut8ttlr2p4rf0fqablq Query : use flama_phc
20241121@174706.5075 n5ehc34ut8ttlr2p4rf0fqablq Query : select szadrsstamp valor from szadrs where szadrsdesc='espaÇotrans,lda'
20241121@174706.5169 n5ehc34ut8ttlr2p4rf0fqablq Query : use flama_phc
20241121@174706.5173 n5ehc34ut8ttlr2p4rf0fqablq Query : select szadrsstamp valor from szadrs where szadrsdesc='jose antunes filipe'
20241121@174706.5221 n5ehc34ut8ttlr2p4rf0fqablq Query : use flama_phc
20241121@174706.5224 n5ehc34ut8ttlr2p4rf0fqablq Query : select 1 valor from td where ndoc = 39
20241121@174706.5236 n5ehc34ut8ttlr2p4rf0fqablq Query : select top 1 manternumero, tiposaft, nmdos,td.assinadoc from td where td.ndoc = 39
20241121@174706.5250 n5ehc34ut8ttlr2p4rf0fqablq Query : select 1 valor from information_schema.tables where table_type='base table' and table_name='wstablefields'
20241121@174706.5266 n5ehc34ut8ttlr2p4rf0fqablq Query : select fieldkey,fieldname,fieldtype,mandatory from wstablefields where tablename = 'ft' and documentnumber = 39
20241121@174706.5284 n5ehc34ut8ttlr2p4rf0fqablq Query : select 1 valor from information_schema.tables where table_type='base table' and table_name='wstablefields'
20241121@174706.5298 n5ehc34ut8ttlr2p4rf0fqablq Query : select fieldkey,fieldname,fieldtype,mandatory from wstablefields where tablename = 'ft2' and documentnumber = 39
20241121@174706.5325 n5ehc34ut8ttlr2p4rf0fqablq Query : select 1 valor from information_schema.tables where table_type='base table' and table_name='wstablefields'
20241121@174706.5339 n5ehc34ut8ttlr2p4rf0fqablq Query : select fieldkey,fieldname,fieldtype,mandatory from wstablefields where tablename = 'ft3' and documentnumber = 39
20241121@174706.5351 n5ehc34ut8ttlr2p4rf0fqablq Query : select top 1 ft.fno valor from ft ft where ft.ndoc = 39 and ftano=2024 order by fno desc
20241121@174706.5409 n5ehc34ut8ttlr2p4rf0fqablq Query : select top 1 ft.fno valor from wsftdata ft where ft.ndoc = 39 and ftano=2024 order by fno desc
20241121@174706.5422 n5ehc34ut8ttlr2p4rf0fqablq Query : select 1 valor from information_schema.tables where table_type='base table' and table_name='wstablefields'
20241121@174706.5436 n5ehc34ut8ttlr2p4rf0fqablq Query : select fieldkey,fieldname,fieldtype,calcformula from wstablefields where tablename = 'ft3' and documentnumber = 39
20241121@174706.5453 n5ehc34ut8ttlr2p4rf0fqablq Query : insert into wsft3data (ft3stamp, ousrdata, ousrhora, usrdata,usrhora,ousrinis,usrinis,taxpointdt ) values ('aut673f792353673f721a82' ,getdate(),convert(char(8),convert (time,getdate())),getdate(),convert(char(8),convert (time,getdate())),'wsv','wsv',?)
20241121@174706.5647 n5ehc34ut8ttlr2p4rf0fqablq Query : select 1 valor from information_schema.tables where table_type='base table' and table_name='wstablefields'
20241121@174706.5666 n5ehc34ut8ttlr2p4rf0fqablq Query : select fieldkey,fieldname,fieldtype,calcformula from wstablefields where tablename = 'ft2' and documentnumber = 39
20241121@174706.5700 n5ehc34ut8ttlr2p4rf0fqablq Query : select top 1 bo.u_nomeenv valor from bo where bo.bostamp=''
20241121@174706.5712 n5ehc34ut8ttlr2p4rf0fqablq Query : select top 1 bo.u_moradaen valor from bo where bo.bostamp=''
20241121@174706.5724 n5ehc34ut8ttlr2p4rf0fqablq Query : select top 1 bo.u_codposen valor from bo where bo.bostamp=''
20241121@174706.5856 n5ehc34ut8ttlr2p4rf0fqablq Query : select top 1 bo.u_localenv valor from bo where bo.bostamp=''
20241121@174706.5868 n5ehc34ut8ttlr2p4rf0fqablq Query : select top 1 bo.trab5 valor from bo where bo.bostamp=''
20241121@174706.5879 n5ehc34ut8ttlr2p4rf0fqablq Query : select top 1 bo.serie valor from bo where bo.bostamp=''
20241121@174706.5890 n5ehc34ut8ttlr2p4rf0fqablq Query : insert into wsft2data (ft2stamp, ousrdata,ousrhora, usrdata,usrhora,ousrinis,usrinis,u_nomeenv ,u_moradaen ,u_codposen ,u_localenv ,u_coddest ,u_codby ) values ('aut673f792353673f721a82',getdate(),convert(char(8),convert (time,getdate())),getdate(),convert(char(8),convert (time,getdate())),'wsv','wsv',?,?,?,?,?,?)
20241121@174706.6191 n5ehc34ut8ttlr2p4rf0fqablq Query : select top 1 fno valor from wsftdata order by fno desc
20241121@174706.6218 n5ehc34ut8ttlr2p4rf0fqablq Query : select 1 valor from information_schema.tables where table_type='base table' and table_name='wstablefields'
20241121@174706.6234 n5ehc34ut8ttlr2p4rf0fqablq Query : select fieldkey,fieldname,fieldtype,calcformula from wstablefields where tablename = 'ft' and documentnumber = 39
20241121@174706.6257 n5ehc34ut8ttlr2p4rf0fqablq Query : select 'normal' from dummy
20241121@174706.6272 n5ehc34ut8ttlr2p4rf0fqablq Query : insert into wsftdata (ftstamp, ousrdata,ousrhora, usrdata,usrhora,ousrinis,usrinis,fno,no,estab,fdata,ndoc,moeda,cambio,cambiofixo,ftano,site ,classe ) values ('aut673f792353673f721a82',getdate(),convert(char(8),convert (time,getdate())),getdate(),convert(char(8),convert (time,getdate())),'wsv','wsv',1977,101835,0,'2024-11-21',39,'euro',0,0,2024 ,?,?)
20241121@174706.6580 n5ehc34ut8ttlr2p4rf0fqablq Query : use flama_phc
20241121@174706.6584 n5ehc34ut8ttlr2p4rf0fqablq Query : select st.usalote valor from st where st.ref = '324.2031.00.1'
20241121@174706.6607 n5ehc34ut8ttlr2p4rf0fqablq Query : select top 1 st.tabiva ,st.ivaincl ,st.stns ,st.uni2 ,st.familia ,isnull(tx.taxa, 0) txiva ,unidade ,usalote ,epcpond ,noserie ,conversao ,st.texteis from st left join taxasiva tx on st.tabiva = tx.codigo where st.ref = '324.2031.00.1'
20241121@174706.6758 n5ehc34ut8ttlr2p4rf0fqablq Query : select 1 valor from information_schema.tables where table_type='base table' and table_name='wstablefields'
20241121@174706.6775 n5ehc34ut8ttlr2p4rf0fqablq Query : select fieldkey,fieldname,fieldtype,mandatory from wstablefields where tablename = 'fi' and documentnumber = 39
20241121@174706.6801 n5ehc34ut8ttlr2p4rf0fqablq Query : select 1 valor from information_schema.tables where table_type='base table' and table_name='wstablefields'
20241121@174706.6842 n5ehc34ut8ttlr2p4rf0fqablq Query : select fieldkey,fieldname,fieldtype,mandatory from wstablefields where tablename = 'fi2' and documentnumber = 39
20241121@174706.6850 n5ehc34ut8ttlr2p4rf0fqablq Query : select top 1 convert(numeric(6,2),t.taxa) valor from taxasiva t where t.codigo='2'
20241121@174706.6862 n5ehc34ut8ttlr2p4rf0fqablq Query : select sestamp valor from se where ref ='324.2031.00.1' and lote = 'r2100232100a'
20241121@174706.6882 n5ehc34ut8ttlr2p4rf0fqablq Query : select 1 valor from information_schema.tables where table_type='base table' and table_name='wstablefields'
20241121@174706.6898 n5ehc34ut8ttlr2p4rf0fqablq Query : select fieldkey,fieldname,fieldtype,calcformula from wstablefields where tablename = 'fi2' and documentnumber = 39
20241121@174706.6987 n5ehc34ut8ttlr2p4rf0fqablq Query : insert into wsfi2data (fi2stamp,ftstamp ,ousrdata, ousrhora, usrdata,usrhora,ousrinis,usrinis) values ('aut673f721330673f721aa8','aut673f792353673f721a82' ,getdate(),convert(char(8),convert (time,getdate())),getdate(),convert(char(8),convert (time,getdate())),'wsv','wsv')
20241121@174706.6992 n5ehc34ut8ttlr2p4rf0fqablq Query : select 1 valor from information_schema.tables where table_type='base table' and table_name='wstablefields'
20241121@174706.7450 n5ehc34ut8ttlr2p4rf0fqablq Query : select fieldkey,fieldname,fieldtype,calcformula from wstablefields where tablename = 'fi' and documentnumber = 39
20241121@174706.7480 n5ehc34ut8ttlr2p4rf0fqablq Query : insert into wsfidata (fistamp,ousrdata, ousrhora, usrdata,usrhora,ousrinis,usrinis ,qtt ,ftstamp ,epv,pvmoeda ,tabiva,iva,lordem ,ref, design ,lote,armazem,bistamp ) values ('aut673f721330673f721aa8',getdate(),convert(char(8),convert (time,getdate())),getdate(),convert(char(8),convert (time,getdate())),'wsv','wsv',6.000 ,'aut673f792353673f721a82' ,0,0 ,2,23.00,10000,?,?,?,?,?)
20241121@174706.7762 n5ehc34ut8ttlr2p4rf0fqablq Query : select 1 valor from information_schema.tables where table_type='base table' and table_name='wstablefields'
20241121@174706.7780 n5ehc34ut8ttlr2p4rf0fqablq Query : select fieldkey,fieldname,fieldtype,mandatory from wstablefields where tablename = 'fi' and documentnumber = 39
20241121@174706.7811 n5ehc34ut8ttlr2p4rf0fqablq Query : select 1 valor from information_schema.tables where table_type='base table' and table_name='wstablefields'
20241121@174706.7825 n5ehc34ut8ttlr2p4rf0fqablq Query : select fieldkey,fieldname,fieldtype,mandatory from wstablefields where tablename = 'fi2' and documentnumber = 39
20241121@174706.7835 n5ehc34ut8ttlr2p4rf0fqablq Query : select top 1 convert(numeric(6,2),t.taxa) valor from taxasiva t where t.codigo='2'
20241121@174706.7853 n5ehc34ut8ttlr2p4rf0fqablq Query : select 1 valor from information_schema.tables where table_type='base table' and table_name='wstablefields'
20241121@174706.7867 n5ehc34ut8ttlr2p4rf0fqablq Query : select fieldkey,fieldname,fieldtype,calcformula from wstablefields where tablename = 'fi2' and documentnumber = 39
20241121@174706.7878 n5ehc34ut8ttlr2p4rf0fqablq Query : insert into wsfi2data (fi2stamp,ftstamp ,ousrdata, ousrhora, usrdata,usrhora,ousrinis,usrinis) values ('aut673f736430673f721abf','aut673f792353673f721a82' ,getdate(),convert(char(8),convert (time,getdate())),getdate(),convert(char(8),convert (time,getdate())),'wsv','wsv')
20241121@174706.7882 n5ehc34ut8ttlr2p4rf0fqablq Query : select 1 valor from information_schema.tables where table_type='base table' and table_name='wstablefields'
20241121@174706.7896 n5ehc34ut8ttlr2p4rf0fqablq Query : select fieldkey,fieldname,fieldtype,calcformula from wstablefields where tablename = 'fi' and documentnumber = 39
20241121@174706.7925 n5ehc34ut8ttlr2p4rf0fqablq Query : insert into wsfidata (fistamp,ousrdata, ousrhora, usrdata,usrhora,ousrinis,usrinis ,qtt ,ftstamp ,epv,pvmoeda ,tabiva,iva,lordem ,ref, design ,armazem) values ('aut673f736430673f721abf',getdate(),convert(char(8),convert (time,getdate())),getdate(),convert(char(8),convert (time,getdate())),'wsv','wsv',0 ,'aut673f792353673f721a82' ,0,0 ,2,23.00,20000,?,?,?)
20241121@174706.8209 n5ehc34ut8ttlr2p4rf0fqablq Query : use flama_phc
20241121@174706.8212 n5ehc34ut8ttlr2p4rf0fqablq Query : select st.usalote valor from st where st.ref = '324.1824.00.1'
20241121@174706.8232 n5ehc34ut8ttlr2p4rf0fqablq Query : select top 1 st.tabiva ,st.ivaincl ,st.stns ,st.uni2 ,st.familia ,isnull(tx.taxa, 0) txiva ,unidade ,usalote ,epcpond ,noserie ,conversao ,st.texteis from st left join taxasiva tx on st.tabiva = tx.codigo where st.ref = '324.1824.00.1'
20241121@174706.8248 n5ehc34ut8ttlr2p4rf0fqablq Query : select 1 valor from information_schema.tables where table_type='base table' and table_name='wstablefields'
20241121@174706.8264 n5ehc34ut8ttlr2p4rf0fqablq Query : select fieldkey,fieldname,fieldtype,mandatory from wstablefields where tablename = 'fi' and documentnumber = 39
20241121@174706.8290 n5ehc34ut8ttlr2p4rf0fqablq Query : select 1 valor from information_schema.tables where table_type='base table' and table_name='wstablefields'
20241121@174706.8306 n5ehc34ut8ttlr2p4rf0fqablq Query : select fieldkey,fieldname,fieldtype,mandatory from wstablefields where tablename = 'fi2' and documentnumber = 39
20241121@174706.8314 n5ehc34ut8ttlr2p4rf0fqablq Query : select top 1 convert(numeric(6,2),t.taxa) valor from taxasiva t where t.codigo='2'
20241121@174706.8326 n5ehc34ut8ttlr2p4rf0fqablq Query : select sestamp valor from se where ref ='324.1824.00.1' and lote = 'r2400216200a'
20241121@174706.8339 n5ehc34ut8ttlr2p4rf0fqablq Query : select 1 valor from information_schema.tables where table_type='base table' and table_name='wstablefields'
20241121@174706.8354 n5ehc34ut8ttlr2p4rf0fqablq Query : select fieldkey,fieldname,fieldtype,calcformula from wstablefields where tablename = 'fi2' and documentnumber = 39
20241121@174706.8365 n5ehc34ut8ttlr2p4rf0fqablq Query : insert into wsfi2data (fi2stamp,ftstamp ,ousrdata, ousrhora, usrdata,usrhora,ousrinis,usrinis) values ('aut673f745747673f721acb','aut673f792353673f721a82' ,getdate(),convert(char(8),convert (time,getdate())),getdate(),convert(char(8),convert (time,getdate())),'wsv','wsv')
20241121@174706.8370 n5ehc34ut8ttlr2p4rf0fqablq Query : select 1 valor from information_schema.tables where table_type='base table' and table_name='wstablefields'
20241121@174706.8385 n5ehc34ut8ttlr2p4rf0fqablq Query : select fieldkey,fieldname,fieldtype,calcformula from wstablefields where tablename = 'fi' and documentnumber = 39
20241121@174706.8411 n5ehc34ut8ttlr2p4rf0fqablq Query : insert into wsfidata (fistamp,ousrdata, ousrhora, usrdata,usrhora,ousrinis,usrinis ,qtt ,ftstamp ,epv,pvmoeda ,tabiva,iva,lordem ,ref, design ,lote,armazem,bistamp ) values ('aut673f745747673f721acb',getdate(),convert(char(8),convert (time,getdate())),getdate(),convert(char(8),convert (time,getdate())),'wsv','wsv',1.000 ,'aut673f792353673f721a82' ,0,0 ,2,23.00,40000,?,?,?,?,?)
20241121@174706.8698 n5ehc34ut8ttlr2p4rf0fqablq Query : select 1 valor from information_schema.tables where table_type='base table' and table_name='wstablefields'
20241121@174706.8715 n5ehc34ut8ttlr2p4rf0fqablq Query : select fieldkey,fieldname,fieldtype,mandatory from wstablefields where tablename = 'fi' and documentnumber = 39
20241121@174706.8742 n5ehc34ut8ttlr2p4rf0fqablq Query : select 1 valor from information_schema.tables where table_type='base table' and table_name='wstablefields'
20241121@174706.8756 n5ehc34ut8ttlr2p4rf0fqablq Query : select fieldkey,fieldname,fieldtype,mandatory from wstablefields where tablename = 'fi2' and documentnumber = 39
20241121@174706.8764 n5ehc34ut8ttlr2p4rf0fqablq Query : select top 1 convert(numeric(6,2),t.taxa) valor from taxasiva t where t.codigo='2'
20241121@174706.8776 n5ehc34ut8ttlr2p4rf0fqablq Query : select 1 valor from information_schema.tables where table_type='base table' and table_name='wstablefields'
20241121@174706.8791 n5ehc34ut8ttlr2p4rf0fqablq Query : select fieldkey,fieldname,fieldtype,calcformula from wstablefields where tablename = 'fi2' and documentnumber = 39
20241121@174706.8802 n5ehc34ut8ttlr2p4rf0fqablq Query : insert into wsfi2data (fi2stamp,ftstamp ,ousrdata, ousrhora, usrdata,usrhora,ousrinis,usrinis) values ('aut673f705603673f721ad6','aut673f792353673f721a82' ,getdate(),convert(char(8),convert (time,getdate())),getdate(),convert(char(8),convert (time,getdate())),'wsv','wsv')
20241121@174706.8806 n5ehc34ut8ttlr2p4rf0fqablq Query : select 1 valor from information_schema.tables where table_type='base table' and table_name='wstablefields'
20241121@174706.8820 n5ehc34ut8ttlr2p4rf0fqablq Query : select fieldkey,fieldname,fieldtype,calcformula from wstablefields where tablename = 'fi' and documentnumber = 39
20241121@174706.8847 n5ehc34ut8ttlr2p4rf0fqablq Query : insert into wsfidata (fistamp,ousrdata, ousrhora, usrdata,usrhora,ousrinis,usrinis ,qtt ,ftstamp ,epv,pvmoeda ,tabiva,iva,lordem ,ref, design ,armazem) values ('aut673f705603673f721ad6',getdate(),convert(char(8),convert (time,getdate())),getdate(),convert(char(8),convert (time,getdate())),'wsv','wsv',0 ,'aut673f792353673f721a82' ,0,0 ,2,23.00,50000,?,?,?)
20241121@174706.9231 n5ehc34ut8ttlr2p4rf0fqablq Query : use flama_phc
20241121@174706.9235 n5ehc34ut8ttlr2p4rf0fqablq Query : select st.usalote valor from st where st.ref = '324.1536.00.1'
20241121@174706.9261 n5ehc34ut8ttlr2p4rf0fqablq Query : select top 1 st.tabiva ,st.ivaincl ,st.stns ,st.uni2 ,st.familia ,isnull(tx.taxa, 0) txiva ,unidade ,usalote ,epcpond ,noserie ,conversao ,st.texteis from st left join taxasiva tx on st.tabiva = tx.codigo where st.ref = '324.1536.00.1'
20241121@174706.9417 n5ehc34ut8ttlr2p4rf0fqablq Query : select 1 valor from information_schema.tables where table_type='base table' and table_name='wstablefields'
20241121@174706.9433 n5ehc34ut8ttlr2p4rf0fqablq Query : select fieldkey,fieldname,fieldtype,mandatory from wstablefields where tablename = 'fi' and documentnumber = 39
20241121@174706.9460 n5ehc34ut8ttlr2p4rf0fqablq Query : select 1 valor from information_schema.tables where table_type='base table' and table_name='wstablefields'
20241121@174706.9478 n5ehc34ut8ttlr2p4rf0fqablq Query : select fieldkey,fieldname,fieldtype,mandatory from wstablefields where tablename = 'fi2' and documentnumber = 39
20241121@174706.9489 n5ehc34ut8ttlr2p4rf0fqablq Query : select top 1 convert(numeric(6,2),t.taxa) valor from taxasiva t where t.codigo='2'
20241121@174706.9504 n5ehc34ut8ttlr2p4rf0fqablq Query : select sestamp valor from se where ref ='324.1536.00.1' and lote = 'r2100240100a'
20241121@174706.9521 n5ehc34ut8ttlr2p4rf0fqablq Query : select 1 valor from information_schema.tables where table_type='base table' and table_name='wstablefields'
20241121@174706.9539 n5ehc34ut8ttlr2p4rf0fqablq Query : select fieldkey,fieldname,fieldtype,calcformula from wstablefields where tablename = 'fi2' and documentnumber = 39
20241121@174706.9554 n5ehc34ut8ttlr2p4rf0fqablq Query : insert into wsfi2data (fi2stamp,ftstamp ,ousrdata, ousrhora, usrdata,usrhora,ousrinis,usrinis) values ('aut673f713212673f721ae8','aut673f792353673f721a82' ,getdate(),convert(char(8),convert (time,getdate())),getdate(),convert(char(8),convert (time,getdate())),'wsv','wsv')
20241121@174706.9559 n5ehc34ut8ttlr2p4rf0fqablq Query : select 1 valor from information_schema.tables where table_type='base table' and table_name='wstablefields'
20241121@174706.9573 n5ehc34ut8ttlr2p4rf0fqablq Query : select fieldkey,fieldname,fieldtype,calcformula from wstablefields where tablename = 'fi' and documentnumber = 39
20241121@174706.9601 n5ehc34ut8ttlr2p4rf0fqablq Query : insert into wsfidata (fistamp,ousrdata, ousrhora, usrdata,usrhora,ousrinis,usrinis ,qtt ,ftstamp ,epv,pvmoeda ,tabiva,iva,lordem ,ref, design ,lote,armazem,bistamp ) values ('aut673f713212673f721ae8',getdate(),convert(char(8),convert (time,getdate())),getdate(),convert(char(8),convert (time,getdate())),'wsv','wsv',1.000 ,'aut673f792353673f721a82' ,0,0 ,2,23.00,70000,?,?,?,?,?)
20241121@174706.9899 n5ehc34ut8ttlr2p4rf0fqablq Query : insert into wsftcreationlog (initialftstamp,externalid,creationstatus,documenttypeid,idustamp) values ('aut673f792353673f721a82','2407752','wait',39,'adm09112754980.682000002')
20241121@174706.9978 n5ehc34ut8ttlr2p4rf0fqablq Query : use flama_phc
20241121@174706.9982 n5ehc34ut8ttlr2p4rf0fqablq Query : update u_wsusers set rqsttoken =? where userid ='userls001'
20241121@174707.2000 n5ehc34ut8ttlr2p4rf0fqablq Query : select concat(rtrim(relative_path),ltrim(name_new)) as valor from uploadfiles where uploadfile_id='3438';
20241121@174707.5900 n5ehc34ut8ttlr2p4rf0fqablq Query : update uploadfiles set whenupdated=current_timestamp where uploadfile_id='3438';
20241121@174707.1120 n5ehc34ut8ttlr2p4rf0fqablq Query : select concat(rtrim(relative_path),ltrim(name_new)) as valor from uploadfiles where uploadfile_id='3438';
20241121@174707.1450 n5ehc34ut8ttlr2p4rf0fqablq Query : update uploadfiles set whenupdated=current_timestamp where uploadfile_id='3438';
20241121@174707.3071 g7h9dgt07ct276ugrqr4ugm006 Query : insert into uploadfiles ( name_original, name_new, option_type, relative_path, whencreated ) values ( ?, ?, ?, ?, getdate() )
20241121@174707.3082 g7h9dgt07ct276ugrqr4ugm006 Query : select uploadfile_id valor from uploadfiles where name_new = ? and option_type = ? 
20241121@174707.3148 g7h9dgt07ct276ugrqr4ugm006 Query : select concat(rtrim(relative_path),ltrim(name_new)) as valor from uploadfiles where uploadfile_id='3439';
20241121@174707.3214 g7h9dgt07ct276ugrqr4ugm006 Query : update uploadfiles set whenupdated=current_timestamp where uploadfile_id='3439';
20241121@174707.3271 g7h9dgt07ct276ugrqr4ugm006 Query : select concat(rtrim(relative_path),ltrim(name_new)) as valor from uploadfiles where uploadfile_id='3439';
20241121@174707.3302 g7h9dgt07ct276ugrqr4ugm006 Query : update uploadfiles set whenupdated=current_timestamp where uploadfile_id='3439';
20241121@174707.3353 g7h9dgt07ct276ugrqr4ugm006 Query : use flama_phc
20241121@174707.3356 g7h9dgt07ct276ugrqr4ugm006 Query : select top 1 secretkey valor from u_wsusers u where u.userid = ? and u.inactivo=0
20241121@174707.3421 g7h9dgt07ct276ugrqr4ugm006 Query : use flama_phc
20241121@174707.3424 g7h9dgt07ct276ugrqr4ugm006 Query : select no, estab,szadrsdesc from szadrs where u_coddest=9388
20241121@174707.3511 g7h9dgt07ct276ugrqr4ugm006 Query : select top 1 isnull(design,'') valor from st (nolock) left join stobs (nolock) on st.ref = stobs.ref where st.ref = '324.2031.00.1'
20241121@174707.3531 g7h9dgt07ct276ugrqr4ugm006 Query : select top 1 bistamp valor from bi inner join bo on bo.bostamp=bi.bostamp where bo.ndos =240 and bo.boano =2077 and bo.obrano = 2407753 and bi.ref ='324.2031.00.1' and bi.lordem =1
20241121@174707.3940 g7h9dgt07ct276ugrqr4ugm006 Query : select top 1 isnull(design,'') valor from st (nolock) left join stobs (nolock) on st.ref = stobs.ref where st.ref = '324.646.00.01'
20241121@174707.4109 g7h9dgt07ct276ugrqr4ugm006 Query : select top 1 bistamp valor from bi inner join bo on bo.bostamp=bi.bostamp where bo.ndos =240 and bo.boano =2077 and bo.obrano = 2407753 and bi.ref ='324.646.00.01' and bi.lordem =3
20241121@174707.4446 g7h9dgt07ct276ugrqr4ugm006 Query : select top 1 isnull(design,'') valor from st (nolock) left join stobs (nolock) on st.ref = stobs.ref where st.ref = '324.966.00.01'
20241121@174707.4674 g7h9dgt07ct276ugrqr4ugm006 Query : select top 1 bistamp valor from bi inner join bo on bo.bostamp=bi.bostamp where bo.ndos =240 and bo.boano =2077 and bo.obrano = 2407753 and bi.ref ='324.966.00.01' and bi.lordem =5
20241121@174707.5020 g7h9dgt07ct276ugrqr4ugm006 Query : select top 1 isnull(design,'') valor from st (nolock) left join stobs (nolock) on st.ref = stobs.ref where st.ref = '324.958.00.01'
20241121@174707.5044 g7h9dgt07ct276ugrqr4ugm006 Query : select top 1 bistamp valor from bi inner join bo on bo.bostamp=bi.bostamp where bo.ndos =240 and bo.boano =2077 and bo.obrano = 2407753 and bi.ref ='324.958.00.01' and bi.lordem =7
20241121@174707.5397 g7h9dgt07ct276ugrqr4ugm006 Query : select top 1 isnull(design,'') valor from st (nolock) left join stobs (nolock) on st.ref = stobs.ref where st.ref = '324.1642.00.2'
20241121@174707.5558 g7h9dgt07ct276ugrqr4ugm006 Query : select top 1 bistamp valor from bi inner join bo on bo.bostamp=bi.bostamp where bo.ndos =240 and bo.boano =2077 and bo.obrano = 2407753 and bi.ref ='324.1642.00.2' and bi.lordem =9
20241121@174707.5992 g7h9dgt07ct276ugrqr4ugm006 Query : select top 1 isnull(design,'') valor from st (nolock) left join stobs (nolock) on st.ref = stobs.ref where st.ref = '324.2232.00.1'
20241121@174707.6163 g7h9dgt07ct276ugrqr4ugm006 Query : select top 1 bistamp valor from bi inner join bo on bo.bostamp=bi.bostamp where bo.ndos =240 and bo.boano =2077 and bo.obrano = 2407753 and bi.ref ='324.2232.00.1' and bi.lordem =11
20241121@174707.6488 g7h9dgt07ct276ugrqr4ugm006 Query : select top 1 isnull(design,'') valor from st (nolock) left join stobs (nolock) on st.ref = stobs.ref where st.ref = '324.2301.00.3'
20241121@174707.6511 g7h9dgt07ct276ugrqr4ugm006 Query : select top 1 bistamp valor from bi inner join bo on bo.bostamp=bi.bostamp where bo.ndos =240 and bo.boano =2077 and bo.obrano = 2407753 and bi.ref ='324.2301.00.3' and bi.lordem =13
20241121@174707.6838 g7h9dgt07ct276ugrqr4ugm006 Query : select top 1 isnull(design,'') valor from st (nolock) left join stobs (nolock) on st.ref = stobs.ref where st.ref = '324.2326.00.1'
20241121@174707.6859 g7h9dgt07ct276ugrqr4ugm006 Query : select top 1 bistamp valor from bi inner join bo on bo.bostamp=bi.bostamp where bo.ndos =240 and bo.boano =2077 and bo.obrano = 2407753 and bi.ref ='324.2326.00.1' and bi.lordem =15
20241121@174707.7186 g7h9dgt07ct276ugrqr4ugm006 Query : use flama_phc
20241121@174707.7189 g7h9dgt07ct276ugrqr4ugm006 Query : select top 1 convert(date,fdata) valor from ft where ndoc = 39 and anulado= 0 and fno>0 order by fdata desc
20241121@174707.7268 g7h9dgt07ct276ugrqr4ugm006 Query : use flama_phc
20241121@174707.7273 g7h9dgt07ct276ugrqr4ugm006 Query : select top 1 1 valor from td where td.ndoc = 39
20241121@174707.7305 g7h9dgt07ct276ugrqr4ugm006 Query : use flama_phc
20241121@174707.7309 g7h9dgt07ct276ugrqr4ugm006 Query : select lower(descricao) descricao ,case when valor='s' then 1 else 0 end valor from para1 where descricao in ('st_lote','st_usalogifunc', 'st_grelha')
20241121@174707.7341 g7h9dgt07ct276ugrqr4ugm006 Query : select top 1 manternumero ,assinadoc issigned ,tiposaft ,assinaimp ,nmdos ,td.assinadoc ,'cl' origin ,lancasl stocks ,case when cmsl<50 and td.lancasl=1 then 1 else 0 end entrada ,case when cmsl>50 and td.lancasl=1 then 1 else 0 end saida ,temserie assets ,~semgre usegridfields from td inner join td2 on td.tdstamp=td2.td2stamp where td.ndoc = 1
20241121@174707.7378 g7h9dgt07ct276ugrqr4ugm006 Query : use flama_phc
20241121@174707.7381 g7h9dgt07ct276ugrqr4ugm006 Query : select top 1 ~inactivo valor from cl where no = '101621' and estab = 0 order by inactivo desc
20241121@174707.7506 g7h9dgt07ct276ugrqr4ugm006 Query : use flama_phc
20241121@174707.7509 g7h9dgt07ct276ugrqr4ugm006 Query : select top 1 tipodoc,regrd from td where ndoc = 39
20241121@174707.7546 g7h9dgt07ct276ugrqr4ugm006 Query : use flama_phc
20241121@174707.7549 g7h9dgt07ct276ugrqr4ugm006 Query : select szadrsstamp valor from szadrs where szadrsdesc='espaÇotrans,lda'
20241121@174707.7589 g7h9dgt07ct276ugrqr4ugm006 Query : use flama_phc
20241121@174707.7591 g7h9dgt07ct276ugrqr4ugm006 Query : select szadrsstamp valor from szadrs where szadrsdesc='j.o.m.,lda- penafiel'
20241121@174707.7639 g7h9dgt07ct276ugrqr4ugm006 Query : use flama_phc
20241121@174707.7641 g7h9dgt07ct276ugrqr4ugm006 Query : select 1 valor from td where ndoc = 39
20241121@174707.7653 g7h9dgt07ct276ugrqr4ugm006 Query : select top 1 manternumero, tiposaft, nmdos,td.assinadoc from td where td.ndoc = 39
20241121@174707.7667 g7h9dgt07ct276ugrqr4ugm006 Query : select 1 valor from information_schema.tables where table_type='base table' and table_name='wstablefields'
20241121@174707.7683 g7h9dgt07ct276ugrqr4ugm006 Query : select fieldkey,fieldname,fieldtype,mandatory from wstablefields where tablename = 'ft' and documentnumber = 39
20241121@174707.7701 g7h9dgt07ct276ugrqr4ugm006 Query : select 1 valor from information_schema.tables where table_type='base table' and table_name='wstablefields'
20241121@174707.7716 g7h9dgt07ct276ugrqr4ugm006 Query : select fieldkey,fieldname,fieldtype,mandatory from wstablefields where tablename = 'ft2' and documentnumber = 39
20241121@174707.7743 g7h9dgt07ct276ugrqr4ugm006 Query : select 1 valor from information_schema.tables where table_type='base table' and table_name='wstablefields'
20241121@174707.7756 g7h9dgt07ct276ugrqr4ugm006 Query : select fieldkey,fieldname,fieldtype,mandatory from wstablefields where tablename = 'ft3' and documentnumber = 39
20241121@174707.7768 g7h9dgt07ct276ugrqr4ugm006 Query : select top 1 ft.fno valor from ft ft where ft.ndoc = 39 and ftano=2024 order by fno desc
20241121@174707.7828 g7h9dgt07ct276ugrqr4ugm006 Query : select top 1 ft.fno valor from wsftdata ft where ft.ndoc = 39 and ftano=2024 order by fno desc
20241121@174707.7841 g7h9dgt07ct276ugrqr4ugm006 Query : select 1 valor from information_schema.tables where table_type='base table' and table_name='wstablefields'
20241121@174707.7856 g7h9dgt07ct276ugrqr4ugm006 Query : select fieldkey,fieldname,fieldtype,calcformula from wstablefields where tablename = 'ft3' and documentnumber = 39
20241121@174707.7870 g7h9dgt07ct276ugrqr4ugm006 Query : insert into wsft3data (ft3stamp, ousrdata, ousrhora, usrdata,usrhora,ousrinis,usrinis,taxpointdt ) values ('aut673f786541673f721bbd' ,getdate(),convert(char(8),convert (time,getdate())),getdate(),convert(char(8),convert (time,getdate())),'wsv','wsv',?)
20241121@174707.8066 g7h9dgt07ct276ugrqr4ugm006 Query : select 1 valor from information_schema.tables where table_type='base table' and table_name='wstablefields'
20241121@174707.8083 g7h9dgt07ct276ugrqr4ugm006 Query : select fieldkey,fieldname,fieldtype,calcformula from wstablefields where tablename = 'ft2' and documentnumber = 39
20241121@174707.8116 g7h9dgt07ct276ugrqr4ugm006 Query : select top 1 bo.u_nomeenv valor from bo where bo.bostamp=''
20241121@174707.8128 g7h9dgt07ct276ugrqr4ugm006 Query : select top 1 bo.u_moradaen valor from bo where bo.bostamp=''
20241121@174707.8140 g7h9dgt07ct276ugrqr4ugm006 Query : select top 1 bo.u_codposen valor from bo where bo.bostamp=''
20241121@174707.8151 g7h9dgt07ct276ugrqr4ugm006 Query : select top 1 bo.u_localenv valor from bo where bo.bostamp=''
20241121@174707.8162 g7h9dgt07ct276ugrqr4ugm006 Query : select top 1 bo.trab5 valor from bo where bo.bostamp=''
20241121@174707.8174 g7h9dgt07ct276ugrqr4ugm006 Query : select top 1 bo.serie valor from bo where bo.bostamp=''
20241121@174707.8186 g7h9dgt07ct276ugrqr4ugm006 Query : insert into wsft2data (ft2stamp, ousrdata,ousrhora, usrdata,usrhora,ousrinis,usrinis,u_nomeenv ,u_moradaen ,u_codposen ,u_localenv ,u_coddest ,u_codby ) values ('aut673f786541673f721bbd',getdate(),convert(char(8),convert (time,getdate())),getdate(),convert(char(8),convert (time,getdate())),'wsv','wsv',?,?,?,?,?,?)
20241121@174707.8451 g7h9dgt07ct276ugrqr4ugm006 Query : select top 1 fno valor from wsftdata order by fno desc
20241121@174707.8478 g7h9dgt07ct276ugrqr4ugm006 Query : select 1 valor from information_schema.tables where table_type='base table' and table_name='wstablefields'
20241121@174707.8494 g7h9dgt07ct276ugrqr4ugm006 Query : select fieldkey,fieldname,fieldtype,calcformula from wstablefields where tablename = 'ft' and documentnumber = 39
20241121@174707.8515 g7h9dgt07ct276ugrqr4ugm006 Query : select 'normal' from dummy
20241121@174707.8529 g7h9dgt07ct276ugrqr4ugm006 Query : insert into wsftdata (ftstamp, ousrdata,ousrhora, usrdata,usrhora,ousrinis,usrinis,fno,no,estab,fdata,ndoc,moeda,cambio,cambiofixo,ftano,site ,classe ) values ('aut673f786541673f721bbd',getdate(),convert(char(8),convert (time,getdate())),getdate(),convert(char(8),convert (time,getdate())),'wsv','wsv',1978,101621,0,'2024-11-21',39,'euro',0,0,2024 ,?,?)
20241121@174708.1428 g7h9dgt07ct276ugrqr4ugm006 Query : use flama_phc
20241121@174708.1434 g7h9dgt07ct276ugrqr4ugm006 Query : select st.usalote valor from st where st.ref = '324.2031.00.1'
20241121@174708.1456 g7h9dgt07ct276ugrqr4ugm006 Query : select top 1 st.tabiva ,st.ivaincl ,st.stns ,st.uni2 ,st.familia ,isnull(tx.taxa, 0) txiva ,unidade ,usalote ,epcpond ,noserie ,conversao ,st.texteis from st left join taxasiva tx on st.tabiva = tx.codigo where st.ref = '324.2031.00.1'
20241121@174708.1470 g7h9dgt07ct276ugrqr4ugm006 Query : select 1 valor from information_schema.tables where table_type='base table' and table_name='wstablefields'
20241121@174708.1486 g7h9dgt07ct276ugrqr4ugm006 Query : select fieldkey,fieldname,fieldtype,mandatory from wstablefields where tablename = 'fi' and documentnumber = 39
20241121@174708.1511 g7h9dgt07ct276ugrqr4ugm006 Query : select 1 valor from information_schema.tables where table_type='base table' and table_name='wstablefields'
20241121@174708.1525 g7h9dgt07ct276ugrqr4ugm006 Query : select fieldkey,fieldname,fieldtype,mandatory from wstablefields where tablename = 'fi2' and documentnumber = 39
20241121@174708.1533 g7h9dgt07ct276ugrqr4ugm006 Query : select top 1 convert(numeric(6,2),t.taxa) valor from taxasiva t where t.codigo='2'
20241121@174708.1544 g7h9dgt07ct276ugrqr4ugm006 Query : select sestamp valor from se where ref ='324.2031.00.1' and lote = 'r2100232100a'
20241121@174708.1555 g7h9dgt07ct276ugrqr4ugm006 Query : select 1 valor from information_schema.tables where table_type='base table' and table_name='wstablefields'
20241121@174708.1569 g7h9dgt07ct276ugrqr4ugm006 Query : select fieldkey,fieldname,fieldtype,calcformula from wstablefields where tablename = 'fi2' and documentnumber = 39
20241121@174708.1581 g7h9dgt07ct276ugrqr4ugm006 Query : insert into wsfi2data (fi2stamp,ftstamp ,ousrdata, ousrhora, usrdata,usrhora,ousrinis,usrinis) values ('aut673f791828673f721c25','aut673f786541673f721bbd' ,getdate(),convert(char(8),convert (time,getdate())),getdate(),convert(char(8),convert (time,getdate())),'wsv','wsv')
20241121@174708.1586 g7h9dgt07ct276ugrqr4ugm006 Query : select 1 valor from information_schema.tables where table_type='base table' and table_name='wstablefields'
20241121@174708.1600 g7h9dgt07ct276ugrqr4ugm006 Query : select fieldkey,fieldname,fieldtype,calcformula from wstablefields where tablename = 'fi' and documentnumber = 39
20241121@174708.1627 g7h9dgt07ct276ugrqr4ugm006 Query : insert into wsfidata (fistamp,ousrdata, ousrhora, usrdata,usrhora,ousrinis,usrinis ,qtt ,ftstamp ,epv,pvmoeda ,tabiva,iva,lordem ,ref, design ,lote,armazem,bistamp ) values ('aut673f791828673f721c25',getdate(),convert(char(8),convert (time,getdate())),getdate(),convert(char(8),convert (time,getdate())),'wsv','wsv',6.000 ,'aut673f786541673f721bbd' ,0,0 ,2,23.00,10000,?,?,?,?,?)
20241121@174708.1909 g7h9dgt07ct276ugrqr4ugm006 Query : select 1 valor from information_schema.tables where table_type='base table' and table_name='wstablefields'
20241121@174708.1925 g7h9dgt07ct276ugrqr4ugm006 Query : select fieldkey,fieldname,fieldtype,mandatory from wstablefields where tablename = 'fi' and documentnumber = 39
20241121@174708.1949 g7h9dgt07ct276ugrqr4ugm006 Query : select 1 valor from information_schema.tables where table_type='base table' and table_name='wstablefields'
20241121@174708.1964 g7h9dgt07ct276ugrqr4ugm006 Query : select fieldkey,fieldname,fieldtype,mandatory from wstablefields where tablename = 'fi2' and documentnumber = 39
20241121@174708.1972 g7h9dgt07ct276ugrqr4ugm006 Query : select top 1 convert(numeric(6,2),t.taxa) valor from taxasiva t where t.codigo='2'
20241121@174708.1983 g7h9dgt07ct276ugrqr4ugm006 Query : select 1 valor from information_schema.tables where table_type='base table' and table_name='wstablefields'
20241121@174708.1998 g7h9dgt07ct276ugrqr4ugm006 Query : select fieldkey,fieldname,fieldtype,calcformula from wstablefields where tablename = 'fi2' and documentnumber = 39
20241121@174708.2010 g7h9dgt07ct276ugrqr4ugm006 Query : insert into wsfi2data (fi2stamp,ftstamp ,ousrdata, ousrhora, usrdata,usrhora,ousrinis,usrinis) values ('aut673f783770673f721c30','aut673f786541673f721bbd' ,getdate(),convert(char(8),convert (time,getdate())),getdate(),convert(char(8),convert (time,getdate())),'wsv','wsv')
20241121@174708.2014 g7h9dgt07ct276ugrqr4ugm006 Query : select 1 valor from information_schema.tables where table_type='base table' and table_name='wstablefields'
20241121@174708.2028 g7h9dgt07ct276ugrqr4ugm006 Query : select fieldkey,fieldname,fieldtype,calcformula from wstablefields where tablename = 'fi' and documentnumber = 39
20241121@174708.2056 g7h9dgt07ct276ugrqr4ugm006 Query : insert into wsfidata (fistamp,ousrdata, ousrhora, usrdata,usrhora,ousrinis,usrinis ,qtt ,ftstamp ,epv,pvmoeda ,tabiva,iva,lordem ,ref, design ,armazem) values ('aut673f783770673f721c30',getdate(),convert(char(8),convert (time,getdate())),getdate(),convert(char(8),convert (time,getdate())),'wsv','wsv',0 ,'aut673f786541673f721bbd' ,0,0 ,2,23.00,20000,?,?,?)
20241121@174708.2351 g7h9dgt07ct276ugrqr4ugm006 Query : use flama_phc
20241121@174708.2388 g7h9dgt07ct276ugrqr4ugm006 Query : select st.usalote valor from st where st.ref = '324.646.00.01'
20241121@174708.2709 g7h9dgt07ct276ugrqr4ugm006 Query : select top 1 st.tabiva ,st.ivaincl ,st.stns ,st.uni2 ,st.familia ,isnull(tx.taxa, 0) txiva ,unidade ,usalote ,epcpond ,noserie ,conversao ,st.texteis from st left join taxasiva tx on st.tabiva = tx.codigo where st.ref = '324.646.00.01'
20241121@174708.2939 g7h9dgt07ct276ugrqr4ugm006 Query : select 1 valor from information_schema.tables where table_type='base table' and table_name='wstablefields'
20241121@174708.2955 g7h9dgt07ct276ugrqr4ugm006 Query : select fieldkey,fieldname,fieldtype,mandatory from wstablefields where tablename = 'fi' and documentnumber = 39
20241121@174708.2983 g7h9dgt07ct276ugrqr4ugm006 Query : select 1 valor from information_schema.tables where table_type='base table' and table_name='wstablefields'
20241121@174708.3000 g7h9dgt07ct276ugrqr4ugm006 Query : select fieldkey,fieldname,fieldtype,mandatory from wstablefields where tablename = 'fi2' and documentnumber = 39
20241121@174708.3009 g7h9dgt07ct276ugrqr4ugm006 Query : select top 1 convert(numeric(6,2),t.taxa) valor from taxasiva t where t.codigo='2'
20241121@174708.3023 g7h9dgt07ct276ugrqr4ugm006 Query : select sestamp valor from se where ref ='324.646.00.01' and lote = 'r2400228100a'
20241121@174708.3038 g7h9dgt07ct276ugrqr4ugm006 Query : select 1 valor from information_schema.tables where table_type='base table' and table_name='wstablefields'
20241121@174708.3053 g7h9dgt07ct276ugrqr4ugm006 Query : select fieldkey,fieldname,fieldtype,calcformula from wstablefields where tablename = 'fi2' and documentnumber = 39
20241121@174708.3066 g7h9dgt07ct276ugrqr4ugm006 Query : insert into wsfi2data (fi2stamp,ftstamp ,ousrdata, ousrhora, usrdata,usrhora,ousrinis,usrinis) values ('aut673f751330673f721c4a','aut673f786541673f721bbd' ,getdate(),convert(char(8),convert (time,getdate())),getdate(),convert(char(8),convert (time,getdate())),'wsv','wsv')
20241121@174708.3070 g7h9dgt07ct276ugrqr4ugm006 Query : select 1 valor from information_schema.tables where table_type='base table' and table_name='wstablefields'
20241121@174708.3088 g7h9dgt07ct276ugrqr4ugm006 Query : select fieldkey,fieldname,fieldtype,calcformula from wstablefields where tablename = 'fi' and documentnumber = 39
20241121@174708.3116 g7h9dgt07ct276ugrqr4ugm006 Query : insert into wsfidata (fistamp,ousrdata, ousrhora, usrdata,usrhora,ousrinis,usrinis ,qtt ,ftstamp ,epv,pvmoeda ,tabiva,iva,lordem ,ref, design ,lote,armazem,bistamp ) values ('aut673f751330673f721c4a',getdate(),convert(char(8),convert (time,getdate())),getdate(),convert(char(8),convert (time,getdate())),'wsv','wsv',4.000 ,'aut673f786541673f721bbd' ,0,0 ,2,23.00,40000,?,?,?,?,?)
20241121@174708.3428 g7h9dgt07ct276ugrqr4ugm006 Query : select 1 valor from information_schema.tables where table_type='base table' and table_name='wstablefields'
20241121@174708.3445 g7h9dgt07ct276ugrqr4ugm006 Query : select fieldkey,fieldname,fieldtype,mandatory from wstablefields where tablename = 'fi' and documentnumber = 39
20241121@174708.3472 g7h9dgt07ct276ugrqr4ugm006 Query : select 1 valor from information_schema.tables where table_type='base table' and table_name='wstablefields'
20241121@174708.3486 g7h9dgt07ct276ugrqr4ugm006 Query : select fieldkey,fieldname,fieldtype,mandatory from wstablefields where tablename = 'fi2' and documentnumber = 39
20241121@174708.3495 g7h9dgt07ct276ugrqr4ugm006 Query : select top 1 convert(numeric(6,2),t.taxa) valor from taxasiva t where t.codigo='2'
20241121@174708.3507 g7h9dgt07ct276ugrqr4ugm006 Query : select 1 valor from information_schema.tables where table_type='base table' and table_name='wstablefields'
20241121@174708.3520 g7h9dgt07ct276ugrqr4ugm006 Query : select fieldkey,fieldname,fieldtype,calcformula from wstablefields where tablename = 'fi2' and documentnumber = 39
20241121@174708.3532 g7h9dgt07ct276ugrqr4ugm006 Query : insert into wsfi2data (fi2stamp,ftstamp ,ousrdata, ousrhora, usrdata,usrhora,ousrinis,usrinis) values ('aut673f791951673f721c55','aut673f786541673f721bbd' ,getdate(),convert(char(8),convert (time,getdate())),getdate(),convert(char(8),convert (time,getdate())),'wsv','wsv')
20241121@174708.3536 g7h9dgt07ct276ugrqr4ugm006 Query : select 1 valor from information_schema.tables where table_type='base table' and table_name='wstablefields'
20241121@174708.3550 g7h9dgt07ct276ugrqr4ugm006 Query : select fieldkey,fieldname,fieldtype,calcformula from wstablefields where tablename = 'fi' and documentnumber = 39
20241121@174708.3576 g7h9dgt07ct276ugrqr4ugm006 Query : insert into wsfidata (fistamp,ousrdata, ousrhora, usrdata,usrhora,ousrinis,usrinis ,qtt ,ftstamp ,epv,pvmoeda ,tabiva,iva,lordem ,ref, design ,armazem) values ('aut673f791951673f721c55',getdate(),convert(char(8),convert (time,getdate())),getdate(),convert(char(8),convert (time,getdate())),'wsv','wsv',0 ,'aut673f786541673f721bbd' ,0,0 ,2,23.00,50000,?,?,?)
20241121@174708.3847 g7h9dgt07ct276ugrqr4ugm006 Query : use flama_phc
20241121@174708.3850 g7h9dgt07ct276ugrqr4ugm006 Query : select st.usalote valor from st where st.ref = '324.966.00.01'
20241121@174708.3870 g7h9dgt07ct276ugrqr4ugm006 Query : select top 1 st.tabiva ,st.ivaincl ,st.stns ,st.uni2 ,st.familia ,isnull(tx.taxa, 0) txiva ,unidade ,usalote ,epcpond ,noserie ,conversao ,st.texteis from st left join taxasiva tx on st.tabiva = tx.codigo where st.ref = '324.966.00.01'
20241121@174708.4022 g7h9dgt07ct276ugrqr4ugm006 Query : select 1 valor from information_schema.tables where table_type='base table' and table_name='wstablefields'
20241121@174708.4038 g7h9dgt07ct276ugrqr4ugm006 Query : select fieldkey,fieldname,fieldtype,mandatory from wstablefields where tablename = 'fi' and documentnumber = 39
20241121@174708.4061 g7h9dgt07ct276ugrqr4ugm006 Query : select 1 valor from information_schema.tables where table_type='base table' and table_name='wstablefields'
20241121@174708.4075 g7h9dgt07ct276ugrqr4ugm006 Query : select fieldkey,fieldname,fieldtype,mandatory from wstablefields where tablename = 'fi2' and documentnumber = 39
20241121@174708.4084 g7h9dgt07ct276ugrqr4ugm006 Query : select top 1 convert(numeric(6,2),t.taxa) valor from taxasiva t where t.codigo='2'
20241121@174708.4096 g7h9dgt07ct276ugrqr4ugm006 Query : select sestamp valor from se where ref ='324.966.00.01' and lote = 'r2400743200a'
20241121@174708.4112 g7h9dgt07ct276ugrqr4ugm006 Query : select 1 valor from information_schema.tables where table_type='base table' and table_name='wstablefields'
20241121@174708.4125 g7h9dgt07ct276ugrqr4ugm006 Query : select fieldkey,fieldname,fieldtype,calcformula from wstablefields where tablename = 'fi2' and documentnumber = 39
20241121@174708.4137 g7h9dgt07ct276ugrqr4ugm006 Query : insert into wsfi2data (fi2stamp,ftstamp ,ousrdata, ousrhora, usrdata,usrhora,ousrinis,usrinis) values ('aut673f756319673f721c64','aut673f786541673f721bbd' ,getdate(),convert(char(8),convert (time,getdate())),getdate(),convert(char(8),convert (time,getdate())),'wsv','wsv')
20241121@174708.4141 g7h9dgt07ct276ugrqr4ugm006 Query : select 1 valor from information_schema.tables where table_type='base table' and table_name='wstablefields'
20241121@174708.4157 g7h9dgt07ct276ugrqr4ugm006 Query : select fieldkey,fieldname,fieldtype,calcformula from wstablefields where tablename = 'fi' and documentnumber = 39
20241121@174708.4200 g7h9dgt07ct276ugrqr4ugm006 Query : insert into wsfidata (fistamp,ousrdata, ousrhora, usrdata,usrhora,ousrinis,usrinis ,qtt ,ftstamp ,epv,pvmoeda ,tabiva,iva,lordem ,ref, design ,lote,armazem,bistamp ) values ('aut673f756319673f721c64',getdate(),convert(char(8),convert (time,getdate())),getdate(),convert(char(8),convert (time,getdate())),'wsv','wsv',4.000 ,'aut673f786541673f721bbd' ,0,0 ,2,23.00,70000,?,?,?,?,?)
20241121@174708.5721 g7h9dgt07ct276ugrqr4ugm006 Query : use flama_phc
20241121@174708.5740 g7h9dgt07ct276ugrqr4ugm006 Query : select st.usalote valor from st where st.ref = '324.958.00.01'
20241121@174708.5770 g7h9dgt07ct276ugrqr4ugm006 Query : select top 1 st.tabiva ,st.ivaincl ,st.stns ,st.uni2 ,st.familia ,isnull(tx.taxa, 0) txiva ,unidade ,usalote ,epcpond ,noserie ,conversao ,st.texteis from st left join taxasiva tx on st.tabiva = tx.codigo where st.ref = '324.958.00.01'
20241121@174708.5801 g7h9dgt07ct276ugrqr4ugm006 Query : select 1 valor from information_schema.tables where table_type='base table' and table_name='wstablefields'
20241121@174708.5898 g7h9dgt07ct276ugrqr4ugm006 Query : select fieldkey,fieldname,fieldtype,mandatory from wstablefields where tablename = 'fi' and documentnumber = 39
20241121@174708.5924 g7h9dgt07ct276ugrqr4ugm006 Query : select 1 valor from information_schema.tables where table_type='base table' and table_name='wstablefields'
20241121@174708.5939 g7h9dgt07ct276ugrqr4ugm006 Query : select fieldkey,fieldname,fieldtype,mandatory from wstablefields where tablename = 'fi2' and documentnumber = 39
20241121@174708.5948 g7h9dgt07ct276ugrqr4ugm006 Query : select top 1 convert(numeric(6,2),t.taxa) valor from taxasiva t where t.codigo='2'
20241121@174708.5962 g7h9dgt07ct276ugrqr4ugm006 Query : select sestamp valor from se where ref ='324.958.00.01' and lote = 'r2400704200a'
20241121@174708.5974 g7h9dgt07ct276ugrqr4ugm006 Query : select 1 valor from information_schema.tables where table_type='base table' and table_name='wstablefields'
20241121@174708.5988 g7h9dgt07ct276ugrqr4ugm006 Query : select fieldkey,fieldname,fieldtype,calcformula from wstablefields where tablename = 'fi2' and documentnumber = 39
20241121@174708.6127 g7h9dgt07ct276ugrqr4ugm006 Query : insert into wsfi2data (fi2stamp,ftstamp ,ousrdata, ousrhora, usrdata,usrhora,ousrinis,usrinis) values ('aut673f736391673f721c91','aut673f786541673f721bbd' ,getdate(),convert(char(8),convert (time,getdate())),getdate(),convert(char(8),convert (time,getdate())),'wsv','wsv')
20241121@174708.6133 g7h9dgt07ct276ugrqr4ugm006 Query : select 1 valor from information_schema.tables where table_type='base table' and table_name='wstablefields'
20241121@174708.6148 g7h9dgt07ct276ugrqr4ugm006 Query : select fieldkey,fieldname,fieldtype,calcformula from wstablefields where tablename = 'fi' and documentnumber = 39
20241121@174708.6175 g7h9dgt07ct276ugrqr4ugm006 Query : insert into wsfidata (fistamp,ousrdata, ousrhora, usrdata,usrhora,ousrinis,usrinis ,qtt ,ftstamp ,epv,pvmoeda ,tabiva,iva,lordem ,ref, design ,lote,armazem,bistamp ) values ('aut673f736391673f721c91',getdate(),convert(char(8),convert (time,getdate())),getdate(),convert(char(8),convert (time,getdate())),'wsv','wsv',4.000 ,'aut673f786541673f721bbd' ,0,0 ,2,23.00,80000,?,?,?,?,?)
20241121@174708.6455 g7h9dgt07ct276ugrqr4ugm006 Query : use flama_phc
20241121@174708.6458 g7h9dgt07ct276ugrqr4ugm006 Query : select st.usalote valor from st where st.ref = '324.1642.00.2'
20241121@174708.6477 g7h9dgt07ct276ugrqr4ugm006 Query : select top 1 st.tabiva ,st.ivaincl ,st.stns ,st.uni2 ,st.familia ,isnull(tx.taxa, 0) txiva ,unidade ,usalote ,epcpond ,noserie ,conversao ,st.texteis from st left join taxasiva tx on st.tabiva = tx.codigo where st.ref = '324.1642.00.2'
20241121@174708.6629 g7h9dgt07ct276ugrqr4ugm006 Query : select 1 valor from information_schema.tables where table_type='base table' and table_name='wstablefields'
20241121@174708.6645 g7h9dgt07ct276ugrqr4ugm006 Query : select fieldkey,fieldname,fieldtype,mandatory from wstablefields where tablename = 'fi' and documentnumber = 39
20241121@174708.6670 g7h9dgt07ct276ugrqr4ugm006 Query : select 1 valor from information_schema.tables where table_type='base table' and table_name='wstablefields'
20241121@174708.6684 g7h9dgt07ct276ugrqr4ugm006 Query : select fieldkey,fieldname,fieldtype,mandatory from wstablefields where tablename = 'fi2' and documentnumber = 39
20241121@174708.6693 g7h9dgt07ct276ugrqr4ugm006 Query : select top 1 convert(numeric(6,2),t.taxa) valor from taxasiva t where t.codigo='2'
20241121@174708.6705 g7h9dgt07ct276ugrqr4ugm006 Query : select sestamp valor from se where ref ='324.1642.00.2' and lote = 'r2400725200a'
20241121@174708.6719 g7h9dgt07ct276ugrqr4ugm006 Query : select 1 valor from information_schema.tables where table_type='base table' and table_name='wstablefields'
20241121@174708.6733 g7h9dgt07ct276ugrqr4ugm006 Query : select fieldkey,fieldname,fieldtype,calcformula from wstablefields where tablename = 'fi2' and documentnumber = 39
20241121@174708.6745 g7h9dgt07ct276ugrqr4ugm006 Query : insert into wsfi2data (fi2stamp,ftstamp ,ousrdata, ousrhora, usrdata,usrhora,ousrinis,usrinis) values ('aut673f724578673f721ca4','aut673f786541673f721bbd' ,getdate(),convert(char(8),convert (time,getdate())),getdate(),convert(char(8),convert (time,getdate())),'wsv','wsv')
20241121@174708.6749 g7h9dgt07ct276ugrqr4ugm006 Query : select 1 valor from information_schema.tables where table_type='base table' and table_name='wstablefields'
20241121@174708.6765 g7h9dgt07ct276ugrqr4ugm006 Query : select fieldkey,fieldname,fieldtype,calcformula from wstablefields where tablename = 'fi' and documentnumber = 39
20241121@174708.6795 g7h9dgt07ct276ugrqr4ugm006 Query : insert into wsfidata (fistamp,ousrdata, ousrhora, usrdata,usrhora,ousrinis,usrinis ,qtt ,ftstamp ,epv,pvmoeda ,tabiva,iva,lordem ,ref, design ,lote,armazem,bistamp ) values ('aut673f724578673f721ca4',getdate(),convert(char(8),convert (time,getdate())),getdate(),convert(char(8),convert (time,getdate())),'wsv','wsv',10.000 ,'aut673f786541673f721bbd' ,0,0 ,2,23.00,90000,?,?,?,?,?)
20241121@174708.7145 g7h9dgt07ct276ugrqr4ugm006 Query : use flama_phc
20241121@174708.7148 g7h9dgt07ct276ugrqr4ugm006 Query : select st.usalote valor from st where st.ref = '324.2232.00.1'
20241121@174708.7168 g7h9dgt07ct276ugrqr4ugm006 Query : select top 1 st.tabiva ,st.ivaincl ,st.stns ,st.uni2 ,st.familia ,isnull(tx.taxa, 0) txiva ,unidade ,usalote ,epcpond ,noserie ,conversao ,st.texteis from st left join taxasiva tx on st.tabiva = tx.codigo where st.ref = '324.2232.00.1'
20241121@174708.7321 g7h9dgt07ct276ugrqr4ugm006 Query : select 1 valor from information_schema.tables where table_type='base table' and table_name='wstablefields'
20241121@174708.7337 g7h9dgt07ct276ugrqr4ugm006 Query : select fieldkey,fieldname,fieldtype,mandatory from wstablefields where tablename = 'fi' and documentnumber = 39
20241121@174708.7361 g7h9dgt07ct276ugrqr4ugm006 Query : select 1 valor from information_schema.tables where table_type='base table' and table_name='wstablefields'
20241121@174708.7376 g7h9dgt07ct276ugrqr4ugm006 Query : select fieldkey,fieldname,fieldtype,mandatory from wstablefields where tablename = 'fi2' and documentnumber = 39
20241121@174708.7385 g7h9dgt07ct276ugrqr4ugm006 Query : select top 1 convert(numeric(6,2),t.taxa) valor from taxasiva t where t.codigo='2'
20241121@174708.7397 g7h9dgt07ct276ugrqr4ugm006 Query : select sestamp valor from se where ref ='324.2232.00.1' and lote = 'r2400241100a'
20241121@174708.7411 g7h9dgt07ct276ugrqr4ugm006 Query : select 1 valor from information_schema.tables where table_type='base table' and table_name='wstablefields'
20241121@174708.7425 g7h9dgt07ct276ugrqr4ugm006 Query : select fieldkey,fieldname,fieldtype,calcformula from wstablefields where tablename = 'fi2' and documentnumber = 39
20241121@174708.7439 g7h9dgt07ct276ugrqr4ugm006 Query : insert into wsfi2data (fi2stamp,ftstamp ,ousrdata, ousrhora, usrdata,usrhora,ousrinis,usrinis) values ('aut673f745181673f721cb4','aut673f786541673f721bbd' ,getdate(),convert(char(8),convert (time,getdate())),getdate(),convert(char(8),convert (time,getdate())),'wsv','wsv')
20241121@174708.7443 g7h9dgt07ct276ugrqr4ugm006 Query : select 1 valor from information_schema.tables where table_type='base table' and table_name='wstablefields'
20241121@174708.7459 g7h9dgt07ct276ugrqr4ugm006 Query : select fieldkey,fieldname,fieldtype,calcformula from wstablefields where tablename = 'fi' and documentnumber = 39
20241121@174708.7487 g7h9dgt07ct276ugrqr4ugm006 Query : insert into wsfidata (fistamp,ousrdata, ousrhora, usrdata,usrhora,ousrinis,usrinis ,qtt ,ftstamp ,epv,pvmoeda ,tabiva,iva,lordem ,ref, design ,lote,armazem,bistamp ) values ('aut673f745181673f721cb4',getdate(),convert(char(8),convert (time,getdate())),getdate(),convert(char(8),convert (time,getdate())),'wsv','wsv',4.000 ,'aut673f786541673f721bbd' ,0,0 ,2,23.00,100000,?,?,?,?,?)
20241121@174708.7783 g7h9dgt07ct276ugrqr4ugm006 Query : use flama_phc
20241121@174708.7786 g7h9dgt07ct276ugrqr4ugm006 Query : select st.usalote valor from st where st.ref = '324.2301.00.3'
20241121@174708.7806 g7h9dgt07ct276ugrqr4ugm006 Query : select top 1 st.tabiva ,st.ivaincl ,st.stns ,st.uni2 ,st.familia ,isnull(tx.taxa, 0) txiva ,unidade ,usalote ,epcpond ,noserie ,conversao ,st.texteis from st left join taxasiva tx on st.tabiva = tx.codigo where st.ref = '324.2301.00.3'
20241121@174708.7819 g7h9dgt07ct276ugrqr4ugm006 Query : select 1 valor from information_schema.tables where table_type='base table' and table_name='wstablefields'
20241121@174708.7837 g7h9dgt07ct276ugrqr4ugm006 Query : select fieldkey,fieldname,fieldtype,mandatory from wstablefields where tablename = 'fi' and documentnumber = 39
20241121@174708.7864 g7h9dgt07ct276ugrqr4ugm006 Query : select 1 valor from information_schema.tables where table_type='base table' and table_name='wstablefields'
20241121@174708.7879 g7h9dgt07ct276ugrqr4ugm006 Query : select fieldkey,fieldname,fieldtype,mandatory from wstablefields where tablename = 'fi2' and documentnumber = 39
20241121@174708.7887 g7h9dgt07ct276ugrqr4ugm006 Query : select top 1 convert(numeric(6,2),t.taxa) valor from taxasiva t where t.codigo='2'
20241121@174708.7899 g7h9dgt07ct276ugrqr4ugm006 Query : select sestamp valor from se where ref ='324.2301.00.3' and lote = 'r2400474200a'
20241121@174708.7925 g7h9dgt07ct276ugrqr4ugm006 Query : select 1 valor from information_schema.tables where table_type='base table' and table_name='wstablefields'
20241121@174708.7939 g7h9dgt07ct276ugrqr4ugm006 Query : select fieldkey,fieldname,fieldtype,calcformula from wstablefields where tablename = 'fi2' and documentnumber = 39
20241121@174708.7950 g7h9dgt07ct276ugrqr4ugm006 Query : insert into wsfi2data (fi2stamp,ftstamp ,ousrdata, ousrhora, usrdata,usrhora,ousrinis,usrinis) values ('aut673f746299673f721cc1','aut673f786541673f721bbd' ,getdate(),convert(char(8),convert (time,getdate())),getdate(),convert(char(8),convert (time,getdate())),'wsv','wsv')
20241121@174708.7954 g7h9dgt07ct276ugrqr4ugm006 Query : select 1 valor from information_schema.tables where table_type='base table' and table_name='wstablefields'
20241121@174708.7968 g7h9dgt07ct276ugrqr4ugm006 Query : select fieldkey,fieldname,fieldtype,calcformula from wstablefields where tablename = 'fi' and documentnumber = 39
20241121@174708.7997 g7h9dgt07ct276ugrqr4ugm006 Query : insert into wsfidata (fistamp,ousrdata, ousrhora, usrdata,usrhora,ousrinis,usrinis ,qtt ,ftstamp ,epv,pvmoeda ,tabiva,iva,lordem ,ref, design ,lote,armazem,bistamp ) values ('aut673f746299673f721cc1',getdate(),convert(char(8),convert (time,getdate())),getdate(),convert(char(8),convert (time,getdate())),'wsv','wsv',12.000 ,'aut673f786541673f721bbd' ,0,0 ,2,23.00,110000,?,?,?,?,?)
20241121@174708.8279 g7h9dgt07ct276ugrqr4ugm006 Query : use flama_phc
20241121@174708.8284 g7h9dgt07ct276ugrqr4ugm006 Query : select st.usalote valor from st where st.ref = '324.2326.00.1'
20241121@174708.8305 g7h9dgt07ct276ugrqr4ugm006 Query : select top 1 st.tabiva ,st.ivaincl ,st.stns ,st.uni2 ,st.familia ,isnull(tx.taxa, 0) txiva ,unidade ,usalote ,epcpond ,noserie ,conversao ,st.texteis from st left join taxasiva tx on st.tabiva = tx.codigo where st.ref = '324.2326.00.1'
20241121@174708.8318 g7h9dgt07ct276ugrqr4ugm006 Query : select 1 valor from information_schema.tables where table_type='base table' and table_name='wstablefields'
20241121@174708.8374 g7h9dgt07ct276ugrqr4ugm006 Query : select fieldkey,fieldname,fieldtype,mandatory from wstablefields where tablename = 'fi' and documentnumber = 39
20241121@174708.8517 g7h9dgt07ct276ugrqr4ugm006 Query : select 1 valor from information_schema.tables where table_type='base table' and table_name='wstablefields'
20241121@174708.8540 g7h9dgt07ct276ugrqr4ugm006 Query : select fieldkey,fieldname,fieldtype,mandatory from wstablefields where tablename = 'fi2' and documentnumber = 39
20241121@174708.8551 g7h9dgt07ct276ugrqr4ugm006 Query : select top 1 convert(numeric(6,2),t.taxa) valor from taxasiva t where t.codigo='2'
20241121@174708.8690 g7h9dgt07ct276ugrqr4ugm006 Query : select sestamp valor from se where ref ='324.2326.00.1' and lote = 'r2200247200a'
20241121@174708.8723 g7h9dgt07ct276ugrqr4ugm006 Query : select 1 valor from information_schema.tables where table_type='base table' and table_name='wstablefields'
20241121@174708.8850 g7h9dgt07ct276ugrqr4ugm006 Query : select fieldkey,fieldname,fieldtype,calcformula from wstablefields where tablename = 'fi2' and documentnumber = 39
20241121@174708.8863 g7h9dgt07ct276ugrqr4ugm006 Query : insert into wsfi2data (fi2stamp,ftstamp ,ousrdata, ousrhora, usrdata,usrhora,ousrinis,usrinis) values ('aut673f703847673f721cd4','aut673f786541673f721bbd' ,getdate(),convert(char(8),convert (time,getdate())),getdate(),convert(char(8),convert (time,getdate())),'wsv','wsv')
20241121@174708.8867 g7h9dgt07ct276ugrqr4ugm006 Query : select 1 valor from information_schema.tables where table_type='base table' and table_name='wstablefields'
20241121@174708.8884 g7h9dgt07ct276ugrqr4ugm006 Query : select fieldkey,fieldname,fieldtype,calcformula from wstablefields where tablename = 'fi' and documentnumber = 39
20241121@174708.8914 g7h9dgt07ct276ugrqr4ugm006 Query : insert into wsfidata (fistamp,ousrdata, ousrhora, usrdata,usrhora,ousrinis,usrinis ,qtt ,ftstamp ,epv,pvmoeda ,tabiva,iva,lordem ,ref, design ,lote,armazem,bistamp ) values ('aut673f703847673f721cd4',getdate(),convert(char(8),convert (time,getdate())),getdate(),convert(char(8),convert (time,getdate())),'wsv','wsv',6.000 ,'aut673f786541673f721bbd' ,0,0 ,2,23.00,120000,?,?,?,?,?)
20241121@174708.9536 g7h9dgt07ct276ugrqr4ugm006 Query : insert into wsftcreationlog (initialftstamp,externalid,creationstatus,documenttypeid,idustamp) values ('aut673f786541673f721bbd','2407753','wait',39,'adm09112754980.682000002')
20241121@174708.9658 g7h9dgt07ct276ugrqr4ugm006 Query : use flama_phc
20241121@174708.9661 g7h9dgt07ct276ugrqr4ugm006 Query : update u_wsusers set rqsttoken =? where userid ='userls001'
20241121@174708.9689 g7h9dgt07ct276ugrqr4ugm006 Query : select concat(rtrim(relative_path),ltrim(name_new)) as valor from uploadfiles where uploadfile_id='3439';
20241121@174708.9728 g7h9dgt07ct276ugrqr4ugm006 Query : update uploadfiles set whenupdated=current_timestamp where uploadfile_id='3439';
20241121@174708.9774 g7h9dgt07ct276ugrqr4ugm006 Query : select concat(rtrim(relative_path),ltrim(name_new)) as valor from uploadfiles where uploadfile_id='3439';
20241121@174708.9805 g7h9dgt07ct276ugrqr4ugm006 Query : update uploadfiles set whenupdated=current_timestamp where uploadfile_id='3439';
20241121@174709.4550 1nieo7tcd9o0342tvlj5q4k4rv Query : insert into uploadfiles ( name_original, name_new, option_type, relative_path, whencreated ) values ( ?, ?, ?, ?, getdate() )
20241121@174709.4660 1nieo7tcd9o0342tvlj5q4k4rv Query : select uploadfile_id valor from uploadfiles where name_new = ? and option_type = ? 
20241121@174709.5330 1nieo7tcd9o0342tvlj5q4k4rv Query : select concat(rtrim(relative_path),ltrim(name_new)) as valor from uploadfiles where uploadfile_id='3440';
20241121@174709.5920 1nieo7tcd9o0342tvlj5q4k4rv Query : update uploadfiles set whenupdated=current_timestamp where uploadfile_id='3440';
20241121@174709.6510 1nieo7tcd9o0342tvlj5q4k4rv Query : select concat(rtrim(relative_path),ltrim(name_new)) as valor from uploadfiles where uploadfile_id='3440';
20241121@174709.6800 1nieo7tcd9o0342tvlj5q4k4rv Query : update uploadfiles set whenupdated=current_timestamp where uploadfile_id='3440';
20241121@174709.7310 1nieo7tcd9o0342tvlj5q4k4rv Query : use flama_phc
20241121@174709.7340 1nieo7tcd9o0342tvlj5q4k4rv Query : select top 1 secretkey valor from u_wsusers u where u.userid = ? and u.inactivo=0
20241121@174709.7980 1nieo7tcd9o0342tvlj5q4k4rv Query : use flama_phc
20241121@174709.8010 1nieo7tcd9o0342tvlj5q4k4rv Query : select no, estab,szadrsdesc from szadrs where u_coddest=4537
20241121@174709.8950 1nieo7tcd9o0342tvlj5q4k4rv Query : select top 1 isnull(design,'') valor from st (nolock) left join stobs (nolock) on st.ref = stobs.ref where st.ref = '324.1646.00.1'
20241121@174709.1076 1nieo7tcd9o0342tvlj5q4k4rv Query : select top 1 bistamp valor from bi inner join bo on bo.bostamp=bi.bostamp where bo.ndos =240 and bo.boano =2077 and bo.obrano = 2407754 and bi.ref ='324.1646.00.1' and bi.lordem =1
20241121@174709.1402 1nieo7tcd9o0342tvlj5q4k4rv Query : select top 1 isnull(design,'') valor from st (nolock) left join stobs (nolock) on st.ref = stobs.ref where st.ref = '324.1816.00.1'
20241121@174709.1565 1nieo7tcd9o0342tvlj5q4k4rv Query : select top 1 bistamp valor from bi inner join bo on bo.bostamp=bi.bostamp where bo.ndos =240 and bo.boano =2077 and bo.obrano = 2407754 and bi.ref ='324.1816.00.1' and bi.lordem =2
20241121@174709.1881 1nieo7tcd9o0342tvlj5q4k4rv Query : select top 1 isnull(design,'') valor from st (nolock) left join stobs (nolock) on st.ref = stobs.ref where st.ref = '324.2907.00.1'
20241121@174709.2039 1nieo7tcd9o0342tvlj5q4k4rv Query : select top 1 bistamp valor from bi inner join bo on bo.bostamp=bi.bostamp where bo.ndos =240 and bo.boano =2077 and bo.obrano = 2407754 and bi.ref ='324.2907.00.1' and bi.lordem =3
20241121@174709.2758 1nieo7tcd9o0342tvlj5q4k4rv Query : select top 1 isnull(design,'') valor from st (nolock) left join stobs (nolock) on st.ref = stobs.ref where st.ref = '324.4963.00.1'
20241121@174709.2930 1nieo7tcd9o0342tvlj5q4k4rv Query : select top 1 bistamp valor from bi inner join bo on bo.bostamp=bi.bostamp where bo.ndos =240 and bo.boano =2077 and bo.obrano = 2407754 and bi.ref ='324.4963.00.1' and bi.lordem =4
20241121@174709.3251 1nieo7tcd9o0342tvlj5q4k4rv Query : select top 1 isnull(design,'') valor from st (nolock) left join stobs (nolock) on st.ref = stobs.ref where st.ref = '324.4964.00.1'
20241121@174709.3439 1nieo7tcd9o0342tvlj5q4k4rv Query : select top 1 bistamp valor from bi inner join bo on bo.bostamp=bi.bostamp where bo.ndos =240 and bo.boano =2077 and bo.obrano = 2407754 and bi.ref ='324.4964.00.1' and bi.lordem =5
20241121@174709.3865 1nieo7tcd9o0342tvlj5q4k4rv Query : select top 1 isnull(design,'') valor from st (nolock) left join stobs (nolock) on st.ref = stobs.ref where st.ref = '324.958.00.01'
20241121@174709.3885 1nieo7tcd9o0342tvlj5q4k4rv Query : select top 1 bistamp valor from bi inner join bo on bo.bostamp=bi.bostamp where bo.ndos =240 and bo.boano =2077 and bo.obrano = 2407754 and bi.ref ='324.958.00.01' and bi.lordem =6
20241121@174709.4207 1nieo7tcd9o0342tvlj5q4k4rv Query : use flama_phc
20241121@174709.4210 1nieo7tcd9o0342tvlj5q4k4rv Query : select top 1 convert(date,fdata) valor from ft where ndoc = 39 and anulado= 0 and fno>0 order by fdata desc
20241121@174709.4243 1nieo7tcd9o0342tvlj5q4k4rv Query : use flama_phc
20241121@174709.4246 1nieo7tcd9o0342tvlj5q4k4rv Query : select top 1 1 valor from td where td.ndoc = 39
20241121@174709.4276 1nieo7tcd9o0342tvlj5q4k4rv Query : use flama_phc
20241121@174709.4279 1nieo7tcd9o0342tvlj5q4k4rv Query : select lower(descricao) descricao ,case when valor='s' then 1 else 0 end valor from para1 where descricao in ('st_lote','st_usalogifunc', 'st_grelha')
20241121@174709.4306 1nieo7tcd9o0342tvlj5q4k4rv Query : select top 1 manternumero ,assinadoc issigned ,tiposaft ,assinaimp ,nmdos ,td.assinadoc ,'cl' origin ,lancasl stocks ,case when cmsl<50 and td.lancasl=1 then 1 else 0 end entrada ,case when cmsl>50 and td.lancasl=1 then 1 else 0 end saida ,temserie assets ,~semgre usegridfields from td inner join td2 on td.tdstamp=td2.td2stamp where td.ndoc = 1
20241121@174709.4344 1nieo7tcd9o0342tvlj5q4k4rv Query : use flama_phc
20241121@174709.4347 1nieo7tcd9o0342tvlj5q4k4rv Query : select top 1 ~inactivo valor from cl where no = '200500' and estab = 0 order by inactivo desc
20241121@174709.4552 1nieo7tcd9o0342tvlj5q4k4rv Query : use flama_phc
20241121@174709.4556 1nieo7tcd9o0342tvlj5q4k4rv Query : select top 1 tipodoc,regrd from td where ndoc = 39
20241121@174709.4815 1nieo7tcd9o0342tvlj5q4k4rv Query : use flama_phc
20241121@174709.4819 1nieo7tcd9o0342tvlj5q4k4rv Query : select szadrsstamp valor from szadrs where szadrsdesc='espaÇotrans,lda'
20241121@174709.4859 1nieo7tcd9o0342tvlj5q4k4rv Query : use flama_phc
20241121@174709.4862 1nieo7tcd9o0342tvlj5q4k4rv Query : select szadrsstamp valor from szadrs where szadrsdesc='novaem distec, s.l.u-entrega'
20241121@174709.4910 1nieo7tcd9o0342tvlj5q4k4rv Query : use flama_phc
20241121@174709.4913 1nieo7tcd9o0342tvlj5q4k4rv Query : select 1 valor from td where ndoc = 39
20241121@174709.4925 1nieo7tcd9o0342tvlj5q4k4rv Query : select top 1 manternumero, tiposaft, nmdos,td.assinadoc from td where td.ndoc = 39
20241121@174709.4939 1nieo7tcd9o0342tvlj5q4k4rv Query : select 1 valor from information_schema.tables where table_type='base table' and table_name='wstablefields'
20241121@174709.4955 1nieo7tcd9o0342tvlj5q4k4rv Query : select fieldkey,fieldname,fieldtype,mandatory from wstablefields where tablename = 'ft' and documentnumber = 39
20241121@174709.4974 1nieo7tcd9o0342tvlj5q4k4rv Query : select 1 valor from information_schema.tables where table_type='base table' and table_name='wstablefields'
20241121@174709.4988 1nieo7tcd9o0342tvlj5q4k4rv Query : select fieldkey,fieldname,fieldtype,mandatory from wstablefields where tablename = 'ft2' and documentnumber = 39
20241121@174709.5017 1nieo7tcd9o0342tvlj5q4k4rv Query : select 1 valor from information_schema.tables where table_type='base table' and table_name='wstablefields'
20241121@174709.5033 1nieo7tcd9o0342tvlj5q4k4rv Query : select fieldkey,fieldname,fieldtype,mandatory from wstablefields where tablename = 'ft3' and documentnumber = 39
20241121@174709.5046 1nieo7tcd9o0342tvlj5q4k4rv Query : select top 1 ft.fno valor from ft ft where ft.ndoc = 39 and ftano=2024 order by fno desc
20241121@174709.5104 1nieo7tcd9o0342tvlj5q4k4rv Query : select top 1 ft.fno valor from wsftdata ft where ft.ndoc = 39 and ftano=2024 order by fno desc
20241121@174709.5117 1nieo7tcd9o0342tvlj5q4k4rv Query : select 1 valor from information_schema.tables where table_type='base table' and table_name='wstablefields'
20241121@174709.5132 1nieo7tcd9o0342tvlj5q4k4rv Query : select fieldkey,fieldname,fieldtype,calcformula from wstablefields where tablename = 'ft3' and documentnumber = 39
20241121@174709.5150 1nieo7tcd9o0342tvlj5q4k4rv Query : insert into wsft3data (ft3stamp, ousrdata, ousrhora, usrdata,usrhora,ousrinis,usrinis,taxpointdt ) values ('aut673f787503673f721d7b' ,getdate(),convert(char(8),convert (time,getdate())),getdate(),convert(char(8),convert (time,getdate())),'wsv','wsv',?)
20241121@174709.5354 1nieo7tcd9o0342tvlj5q4k4rv Query : select 1 valor from information_schema.tables where table_type='base table' and table_name='wstablefields'
20241121@174709.5371 1nieo7tcd9o0342tvlj5q4k4rv Query : select fieldkey,fieldname,fieldtype,calcformula from wstablefields where tablename = 'ft2' and documentnumber = 39
20241121@174709.5408 1nieo7tcd9o0342tvlj5q4k4rv Query : select top 1 bo.u_nomeenv valor from bo where bo.bostamp=''
20241121@174709.5419 1nieo7tcd9o0342tvlj5q4k4rv Query : select top 1 bo.u_moradaen valor from bo where bo.bostamp=''
20241121@174709.5430 1nieo7tcd9o0342tvlj5q4k4rv Query : select top 1 bo.u_codposen valor from bo where bo.bostamp=''
20241121@174709.5442 1nieo7tcd9o0342tvlj5q4k4rv Query : select top 1 bo.u_localenv valor from bo where bo.bostamp=''
20241121@174709.5454 1nieo7tcd9o0342tvlj5q4k4rv Query : select top 1 bo.trab5 valor from bo where bo.bostamp=''
20241121@174709.5467 1nieo7tcd9o0342tvlj5q4k4rv Query : select top 1 bo.serie valor from bo where bo.bostamp=''
20241121@174709.5478 1nieo7tcd9o0342tvlj5q4k4rv Query : insert into wsft2data (ft2stamp, ousrdata,ousrhora, usrdata,usrhora,ousrinis,usrinis,u_nomeenv ,u_moradaen ,u_codposen ,u_localenv ,u_coddest ,u_codby ) values ('aut673f787503673f721d7b',getdate(),convert(char(8),convert (time,getdate())),getdate(),convert(char(8),convert (time,getdate())),'wsv','wsv',?,?,?,?,?,?)
20241121@174709.5752 1nieo7tcd9o0342tvlj5q4k4rv Query : select top 1 fno valor from wsftdata order by fno desc
20241121@174709.5780 1nieo7tcd9o0342tvlj5q4k4rv Query : select 1 valor from information_schema.tables where table_type='base table' and table_name='wstablefields'
20241121@174709.7349 1nieo7tcd9o0342tvlj5q4k4rv Query : select fieldkey,fieldname,fieldtype,calcformula from wstablefields where tablename = 'ft' and documentnumber = 39
20241121@174709.7373 1nieo7tcd9o0342tvlj5q4k4rv Query : select 'normal' from dummy
20241121@174709.7396 1nieo7tcd9o0342tvlj5q4k4rv Query : insert into wsftdata (ftstamp, ousrdata,ousrhora, usrdata,usrhora,ousrinis,usrinis,fno,no,estab,fdata,ndoc,moeda,cambio,cambiofixo,ftano,site ,classe ) values ('aut673f787503673f721d7b',getdate(),convert(char(8),convert (time,getdate())),getdate(),convert(char(8),convert (time,getdate())),'wsv','wsv',1979,200500,0,'2024-11-21',39,'euro',0,0,2024 ,?,?)
20241121@174709.7734 1nieo7tcd9o0342tvlj5q4k4rv Query : use flama_phc
20241121@174709.7737 1nieo7tcd9o0342tvlj5q4k4rv Query : select st.usalote valor from st where st.ref = '324.1646.00.1'
20241121@174709.7759 1nieo7tcd9o0342tvlj5q4k4rv Query : select top 1 st.tabiva ,st.ivaincl ,st.stns ,st.uni2 ,st.familia ,isnull(tx.taxa, 0) txiva ,unidade ,usalote ,epcpond ,noserie ,conversao ,st.texteis from st left join taxasiva tx on st.tabiva = tx.codigo where st.ref = '324.1646.00.1'
20241121@174709.8000 1nieo7tcd9o0342tvlj5q4k4rv Query : select 1 valor from information_schema.tables where table_type='base table' and table_name='wstablefields'
20241121@174709.8018 1nieo7tcd9o0342tvlj5q4k4rv Query : select fieldkey,fieldname,fieldtype,mandatory from wstablefields where tablename = 'fi' and documentnumber = 39
20241121@174709.8043 1nieo7tcd9o0342tvlj5q4k4rv Query : select 1 valor from information_schema.tables where table_type='base table' and table_name='wstablefields'
20241121@174709.8059 1nieo7tcd9o0342tvlj5q4k4rv Query : select fieldkey,fieldname,fieldtype,mandatory from wstablefields where tablename = 'fi2' and documentnumber = 39
20241121@174709.8069 1nieo7tcd9o0342tvlj5q4k4rv Query : select top 1 convert(numeric(6,2),t.taxa) valor from taxasiva t where t.codigo='2'
20241121@174709.8081 1nieo7tcd9o0342tvlj5q4k4rv Query : select sestamp valor from se where ref ='324.1646.00.1' and lote = 'r2400725100a'
20241121@174709.8096 1nieo7tcd9o0342tvlj5q4k4rv Query : select 1 valor from information_schema.tables where table_type='base table' and table_name='wstablefields'
20241121@174709.8110 1nieo7tcd9o0342tvlj5q4k4rv Query : select fieldkey,fieldname,fieldtype,calcformula from wstablefields where tablename = 'fi2' and documentnumber = 39
20241121@174709.8122 1nieo7tcd9o0342tvlj5q4k4rv Query : insert into wsfi2data (fi2stamp,ftstamp ,ousrdata, ousrhora, usrdata,usrhora,ousrinis,usrinis) values ('aut673f702584673f721dc5','aut673f787503673f721d7b' ,getdate(),convert(char(8),convert (time,getdate())),getdate(),convert(char(8),convert (time,getdate())),'wsv','wsv')
20241121@174709.8126 1nieo7tcd9o0342tvlj5q4k4rv Query : select 1 valor from information_schema.tables where table_type='base table' and table_name='wstablefields'
20241121@174709.8142 1nieo7tcd9o0342tvlj5q4k4rv Query : select fieldkey,fieldname,fieldtype,calcformula from wstablefields where tablename = 'fi' and documentnumber = 39
20241121@174709.8171 1nieo7tcd9o0342tvlj5q4k4rv Query : insert into wsfidata (fistamp,ousrdata, ousrhora, usrdata,usrhora,ousrinis,usrinis ,qtt ,ftstamp ,epv,pvmoeda ,tabiva,iva,lordem ,ref, design ,lote,armazem,bistamp ) values ('aut673f702584673f721dc5',getdate(),convert(char(8),convert (time,getdate())),getdate(),convert(char(8),convert (time,getdate())),'wsv','wsv',4.000 ,'aut673f787503673f721d7b' ,0,0 ,2,23.00,10000,?,?,?,?,?)
20241121@174709.8439 1nieo7tcd9o0342tvlj5q4k4rv Query : use flama_phc
20241121@174709.8442 1nieo7tcd9o0342tvlj5q4k4rv Query : select st.usalote valor from st where st.ref = '324.1816.00.1'
20241121@174709.8464 1nieo7tcd9o0342tvlj5q4k4rv Query : select top 1 st.tabiva ,st.ivaincl ,st.stns ,st.uni2 ,st.familia ,isnull(tx.taxa, 0) txiva ,unidade ,usalote ,epcpond ,noserie ,conversao ,st.texteis from st left join taxasiva tx on st.tabiva = tx.codigo where st.ref = '324.1816.00.1'
20241121@174709.8623 1nieo7tcd9o0342tvlj5q4k4rv Query : select 1 valor from information_schema.tables where table_type='base table' and table_name='wstablefields'
20241121@174709.8639 1nieo7tcd9o0342tvlj5q4k4rv Query : select fieldkey,fieldname,fieldtype,mandatory from wstablefields where tablename = 'fi' and documentnumber = 39
20241121@174709.8665 1nieo7tcd9o0342tvlj5q4k4rv Query : select 1 valor from information_schema.tables where table_type='base table' and table_name='wstablefields'
20241121@174709.8679 1nieo7tcd9o0342tvlj5q4k4rv Query : select fieldkey,fieldname,fieldtype,mandatory from wstablefields where tablename = 'fi2' and documentnumber = 39
20241121@174709.8687 1nieo7tcd9o0342tvlj5q4k4rv Query : select top 1 convert(numeric(6,2),t.taxa) valor from taxasiva t where t.codigo='2'
20241121@174709.8699 1nieo7tcd9o0342tvlj5q4k4rv Query : select sestamp valor from se where ref ='324.1816.00.1' and lote = 'r2400200200a'
20241121@174709.8720 1nieo7tcd9o0342tvlj5q4k4rv Query : select 1 valor from information_schema.tables where table_type='base table' and table_name='wstablefields'
20241121@174709.8734 1nieo7tcd9o0342tvlj5q4k4rv Query : select fieldkey,fieldname,fieldtype,calcformula from wstablefields where tablename = 'fi2' and documentnumber = 39
20241121@174709.8745 1nieo7tcd9o0342tvlj5q4k4rv Query : insert into wsfi2data (fi2stamp,ftstamp ,ousrdata, ousrhora, usrdata,usrhora,ousrinis,usrinis) values ('aut673f743929673f721dd4','aut673f787503673f721d7b' ,getdate(),convert(char(8),convert (time,getdate())),getdate(),convert(char(8),convert (time,getdate())),'wsv','wsv')
20241121@174709.8750 1nieo7tcd9o0342tvlj5q4k4rv Query : select 1 valor from information_schema.tables where table_type='base table' and table_name='wstablefields'
20241121@174709.8764 1nieo7tcd9o0342tvlj5q4k4rv Query : select fieldkey,fieldname,fieldtype,calcformula from wstablefields where tablename = 'fi' and documentnumber = 39
20241121@174709.8792 1nieo7tcd9o0342tvlj5q4k4rv Query : insert into wsfidata (fistamp,ousrdata, ousrhora, usrdata,usrhora,ousrinis,usrinis ,qtt ,ftstamp ,epv,pvmoeda ,tabiva,iva,lordem ,ref, design ,lote,armazem,bistamp ) values ('aut673f743929673f721dd4',getdate(),convert(char(8),convert (time,getdate())),getdate(),convert(char(8),convert (time,getdate())),'wsv','wsv',12.000 ,'aut673f787503673f721d7b' ,0,0 ,2,23.00,20000,?,?,?,?,?)
20241121@174709.9445 1nieo7tcd9o0342tvlj5q4k4rv Query : select 1 valor from information_schema.tables where table_type='base table' and table_name='wstablefields'
20241121@174709.9477 1nieo7tcd9o0342tvlj5q4k4rv Query : select fieldkey,fieldname,fieldtype,mandatory from wstablefields where tablename = 'fi' and documentnumber = 39
20241121@174709.9505 1nieo7tcd9o0342tvlj5q4k4rv Query : select 1 valor from information_schema.tables where table_type='base table' and table_name='wstablefields'
20241121@174709.9520 1nieo7tcd9o0342tvlj5q4k4rv Query : select fieldkey,fieldname,fieldtype,mandatory from wstablefields where tablename = 'fi2' and documentnumber = 39
20241121@174709.9528 1nieo7tcd9o0342tvlj5q4k4rv Query : select top 1 convert(numeric(6,2),t.taxa) valor from taxasiva t where t.codigo='2'
20241121@174709.9542 1nieo7tcd9o0342tvlj5q4k4rv Query : select 1 valor from information_schema.tables where table_type='base table' and table_name='wstablefields'
20241121@174709.9558 1nieo7tcd9o0342tvlj5q4k4rv Query : select fieldkey,fieldname,fieldtype,calcformula from wstablefields where tablename = 'fi2' and documentnumber = 39
20241121@174709.9572 1nieo7tcd9o0342tvlj5q4k4rv Query : insert into wsfi2data (fi2stamp,ftstamp ,ousrdata, ousrhora, usrdata,usrhora,ousrinis,usrinis) values ('aut673f736154673f721de8','aut673f787503673f721d7b' ,getdate(),convert(char(8),convert (time,getdate())),getdate(),convert(char(8),convert (time,getdate())),'wsv','wsv')
20241121@174709.9577 1nieo7tcd9o0342tvlj5q4k4rv Query : select 1 valor from information_schema.tables where table_type='base table' and table_name='wstablefields'
20241121@174709.9594 1nieo7tcd9o0342tvlj5q4k4rv Query : select fieldkey,fieldname,fieldtype,calcformula from wstablefields where tablename = 'fi' and documentnumber = 39
20241121@174709.9624 1nieo7tcd9o0342tvlj5q4k4rv Query : insert into wsfidata (fistamp,ousrdata, ousrhora, usrdata,usrhora,ousrinis,usrinis ,qtt ,ftstamp ,epv,pvmoeda ,tabiva,iva,lordem ,ref, design ,armazem) values ('aut673f736154673f721de8',getdate(),convert(char(8),convert (time,getdate())),getdate(),convert(char(8),convert (time,getdate())),'wsv','wsv',0 ,'aut673f787503673f721d7b' ,0,0 ,2,23.00,30000,?,?,?)
20241121@174709.9917 1nieo7tcd9o0342tvlj5q4k4rv Query : use flama_phc
20241121@174709.9920 1nieo7tcd9o0342tvlj5q4k4rv Query : select st.usalote valor from st where st.ref = '324.2907.00.1'
20241121@174709.9942 1nieo7tcd9o0342tvlj5q4k4rv Query : select top 1 st.tabiva ,st.ivaincl ,st.stns ,st.uni2 ,st.familia ,isnull(tx.taxa, 0) txiva ,unidade ,usalote ,epcpond ,noserie ,conversao ,st.texteis from st left join taxasiva tx on st.tabiva = tx.codigo where st.ref = '324.2907.00.1'
20241121@174710.9600 1nieo7tcd9o0342tvlj5q4k4rv Query : select 1 valor from information_schema.tables where table_type='base table' and table_name='wstablefields'
20241121@174710.1120 1nieo7tcd9o0342tvlj5q4k4rv Query : select fieldkey,fieldname,fieldtype,mandatory from wstablefields where tablename = 'fi' and documentnumber = 39
20241121@174710.1350 1nieo7tcd9o0342tvlj5q4k4rv Query : select 1 valor from information_schema.tables where table_type='base table' and table_name='wstablefields'
20241121@174710.1520 1nieo7tcd9o0342tvlj5q4k4rv Query : select fieldkey,fieldname,fieldtype,mandatory from wstablefields where tablename = 'fi2' and documentnumber = 39
20241121@174710.1610 1nieo7tcd9o0342tvlj5q4k4rv Query : select top 1 convert(numeric(6,2),t.taxa) valor from taxasiva t where t.codigo='2'
20241121@174710.1740 1nieo7tcd9o0342tvlj5q4k4rv Query : select sestamp valor from se where ref ='324.2907.00.1' and lote = 'r2400091200a'
20241121@174710.1910 1nieo7tcd9o0342tvlj5q4k4rv Query : select 1 valor from information_schema.tables where table_type='base table' and table_name='wstablefields'
20241121@174710.2060 1nieo7tcd9o0342tvlj5q4k4rv Query : select fieldkey,fieldname,fieldtype,calcformula from wstablefields where tablename = 'fi2' and documentnumber = 39
20241121@174710.2180 1nieo7tcd9o0342tvlj5q4k4rv Query : insert into wsfi2data (fi2stamp,ftstamp ,ousrdata, ousrhora, usrdata,usrhora,ousrinis,usrinis) values ('aut673f779979673f721e04','aut673f787503673f721d7b' ,getdate(),convert(char(8),convert (time,getdate())),getdate(),convert(char(8),convert (time,getdate())),'wsv','wsv')
20241121@174710.2220 1nieo7tcd9o0342tvlj5q4k4rv Query : select 1 valor from information_schema.tables where table_type='base table' and table_name='wstablefields'
20241121@174710.2380 1nieo7tcd9o0342tvlj5q4k4rv Query : select fieldkey,fieldname,fieldtype,calcformula from wstablefields where tablename = 'fi' and documentnumber = 39
20241121@174710.2660 1nieo7tcd9o0342tvlj5q4k4rv Query : insert into wsfidata (fistamp,ousrdata, ousrhora, usrdata,usrhora,ousrinis,usrinis ,qtt ,ftstamp ,epv,pvmoeda ,tabiva,iva,lordem ,ref, design ,lote,armazem,bistamp ) values ('aut673f779979673f721e04',getdate(),convert(char(8),convert (time,getdate())),getdate(),convert(char(8),convert (time,getdate())),'wsv','wsv',4.000 ,'aut673f787503673f721d7b' ,0,0 ,2,23.00,50000,?,?,?,?,?)
20241121@174710.5330 1nieo7tcd9o0342tvlj5q4k4rv Query : use flama_phc
20241121@174710.5370 1nieo7tcd9o0342tvlj5q4k4rv Query : select st.usalote valor from st where st.ref = '324.4963.00.1'
20241121@174710.5590 1nieo7tcd9o0342tvlj5q4k4rv Query : select top 1 st.tabiva ,st.ivaincl ,st.stns ,st.uni2 ,st.familia ,isnull(tx.taxa, 0) txiva ,unidade ,usalote ,epcpond ,noserie ,conversao ,st.texteis from st left join taxasiva tx on st.tabiva = tx.codigo where st.ref = '324.4963.00.1'
20241121@174710.7230 1nieo7tcd9o0342tvlj5q4k4rv Query : select 1 valor from information_schema.tables where table_type='base table' and table_name='wstablefields'
20241121@174710.7410 1nieo7tcd9o0342tvlj5q4k4rv Query : select fieldkey,fieldname,fieldtype,mandatory from wstablefields where tablename = 'fi' and documentnumber = 39
20241121@174710.7680 1nieo7tcd9o0342tvlj5q4k4rv Query : select 1 valor from information_schema.tables where table_type='base table' and table_name='wstablefields'
20241121@174710.7830 1nieo7tcd9o0342tvlj5q4k4rv Query : select fieldkey,fieldname,fieldtype,mandatory from wstablefields where tablename = 'fi2' and documentnumber = 39
20241121@174710.7930 1nieo7tcd9o0342tvlj5q4k4rv Query : select top 1 convert(numeric(6,2),t.taxa) valor from taxasiva t where t.codigo='2'
20241121@174710.8060 1nieo7tcd9o0342tvlj5q4k4rv Query : select sestamp valor from se where ref ='324.4963.00.1' and lote = 'r2300717200a'
20241121@174710.8270 1nieo7tcd9o0342tvlj5q4k4rv Query : select 1 valor from information_schema.tables where table_type='base table' and table_name='wstablefields'
20241121@174710.8430 1nieo7tcd9o0342tvlj5q4k4rv Query : select fieldkey,fieldname,fieldtype,calcformula from wstablefields where tablename = 'fi2' and documentnumber = 39
20241121@174710.8550 1nieo7tcd9o0342tvlj5q4k4rv Query : insert into wsfi2data (fi2stamp,ftstamp ,ousrdata, ousrhora, usrdata,usrhora,ousrinis,usrinis) values ('aut673f775054673f721e14','aut673f787503673f721d7b' ,getdate(),convert(char(8),convert (time,getdate())),getdate(),convert(char(8),convert (time,getdate())),'wsv','wsv')
20241121@174710.8590 1nieo7tcd9o0342tvlj5q4k4rv Query : select 1 valor from information_schema.tables where table_type='base table' and table_name='wstablefields'
20241121@174710.8760 1nieo7tcd9o0342tvlj5q4k4rv Query : select fieldkey,fieldname,fieldtype,calcformula from wstablefields where tablename = 'fi' and documentnumber = 39
20241121@174710.9080 1nieo7tcd9o0342tvlj5q4k4rv Query : insert into wsfidata (fistamp,ousrdata, ousrhora, usrdata,usrhora,ousrinis,usrinis ,qtt ,ftstamp ,epv,pvmoeda ,tabiva,iva,lordem ,ref, design ,lote,armazem,bistamp ) values ('aut673f775054673f721e14',getdate(),convert(char(8),convert (time,getdate())),getdate(),convert(char(8),convert (time,getdate())),'wsv','wsv',4.000 ,'aut673f787503673f721d7b' ,0,0 ,2,23.00,60000,?,?,?,?,?)
20241121@174710.1196 1nieo7tcd9o0342tvlj5q4k4rv Query : use flama_phc
20241121@174710.1200 1nieo7tcd9o0342tvlj5q4k4rv Query : select st.usalote valor from st where st.ref = '324.4964.00.1'
20241121@174710.1220 1nieo7tcd9o0342tvlj5q4k4rv Query : select top 1 st.tabiva ,st.ivaincl ,st.stns ,st.uni2 ,st.familia ,isnull(tx.taxa, 0) txiva ,unidade ,usalote ,epcpond ,noserie ,conversao ,st.texteis from st left join taxasiva tx on st.tabiva = tx.codigo where st.ref = '324.4964.00.1'
20241121@174710.1367 1nieo7tcd9o0342tvlj5q4k4rv Query : select 1 valor from information_schema.tables where table_type='base table' and table_name='wstablefields'
20241121@174710.1383 1nieo7tcd9o0342tvlj5q4k4rv Query : select fieldkey,fieldname,fieldtype,mandatory from wstablefields where tablename = 'fi' and documentnumber = 39
20241121@174710.1409 1nieo7tcd9o0342tvlj5q4k4rv Query : select 1 valor from information_schema.tables where table_type='base table' and table_name='wstablefields'
20241121@174710.1423 1nieo7tcd9o0342tvlj5q4k4rv Query : select fieldkey,fieldname,fieldtype,mandatory from wstablefields where tablename = 'fi2' and documentnumber = 39
20241121@174710.1433 1nieo7tcd9o0342tvlj5q4k4rv Query : select top 1 convert(numeric(6,2),t.taxa) valor from taxasiva t where t.codigo='2'
20241121@174710.1445 1nieo7tcd9o0342tvlj5q4k4rv Query : select sestamp valor from se where ref ='324.4964.00.1' and lote = 'r2300717100a'
20241121@174710.1458 1nieo7tcd9o0342tvlj5q4k4rv Query : select 1 valor from information_schema.tables where table_type='base table' and table_name='wstablefields'
20241121@174710.1472 1nieo7tcd9o0342tvlj5q4k4rv Query : select fieldkey,fieldname,fieldtype,calcformula from wstablefields where tablename = 'fi2' and documentnumber = 39
20241121@174710.1485 1nieo7tcd9o0342tvlj5q4k4rv Query : insert into wsfi2data (fi2stamp,ftstamp ,ousrdata, ousrhora, usrdata,usrhora,ousrinis,usrinis) values ('aut673f744658673f721e23','aut673f787503673f721d7b' ,getdate(),convert(char(8),convert (time,getdate())),getdate(),convert(char(8),convert (time,getdate())),'wsv','wsv')
20241121@174710.1489 1nieo7tcd9o0342tvlj5q4k4rv Query : select 1 valor from information_schema.tables where table_type='base table' and table_name='wstablefields'
20241121@174710.1504 1nieo7tcd9o0342tvlj5q4k4rv Query : select fieldkey,fieldname,fieldtype,calcformula from wstablefields where tablename = 'fi' and documentnumber = 39
20241121@174710.1533 1nieo7tcd9o0342tvlj5q4k4rv Query : insert into wsfidata (fistamp,ousrdata, ousrhora, usrdata,usrhora,ousrinis,usrinis ,qtt ,ftstamp ,epv,pvmoeda ,tabiva,iva,lordem ,ref, design ,lote,armazem,bistamp ) values ('aut673f744658673f721e23',getdate(),convert(char(8),convert (time,getdate())),getdate(),convert(char(8),convert (time,getdate())),'wsv','wsv',4.000 ,'aut673f787503673f721d7b' ,0,0 ,2,23.00,70000,?,?,?,?,?)
20241121@174710.1814 1nieo7tcd9o0342tvlj5q4k4rv Query : use flama_phc
20241121@174710.1817 1nieo7tcd9o0342tvlj5q4k4rv Query : select st.usalote valor from st where st.ref = '324.958.00.01'
20241121@174710.1837 1nieo7tcd9o0342tvlj5q4k4rv Query : select top 1 st.tabiva ,st.ivaincl ,st.stns ,st.uni2 ,st.familia ,isnull(tx.taxa, 0) txiva ,unidade ,usalote ,epcpond ,noserie ,conversao ,st.texteis from st left join taxasiva tx on st.tabiva = tx.codigo where st.ref = '324.958.00.01'
20241121@174710.1851 1nieo7tcd9o0342tvlj5q4k4rv Query : select 1 valor from information_schema.tables where table_type='base table' and table_name='wstablefields'
20241121@174710.1868 1nieo7tcd9o0342tvlj5q4k4rv Query : select fieldkey,fieldname,fieldtype,mandatory from wstablefields where tablename = 'fi' and documentnumber = 39
20241121@174710.1960 1nieo7tcd9o0342tvlj5q4k4rv Query : select 1 valor from information_schema.tables where table_type='base table' and table_name='wstablefields'
20241121@174710.1978 1nieo7tcd9o0342tvlj5q4k4rv Query : select fieldkey,fieldname,fieldtype,mandatory from wstablefields where tablename = 'fi2' and documentnumber = 39
20241121@174710.1988 1nieo7tcd9o0342tvlj5q4k4rv Query : select top 1 convert(numeric(6,2),t.taxa) valor from taxasiva t where t.codigo='2'
20241121@174710.2000 1nieo7tcd9o0342tvlj5q4k4rv Query : select sestamp valor from se where ref ='324.958.00.01' and lote = 'r2400704200a'
20241121@174710.2013 1nieo7tcd9o0342tvlj5q4k4rv Query : select 1 valor from information_schema.tables where table_type='base table' and table_name='wstablefields'
20241121@174710.2028 1nieo7tcd9o0342tvlj5q4k4rv Query : select fieldkey,fieldname,fieldtype,calcformula from wstablefields where tablename = 'fi2' and documentnumber = 39
20241121@174710.2040 1nieo7tcd9o0342tvlj5q4k4rv Query : insert into wsfi2data (fi2stamp,ftstamp ,ousrdata, ousrhora, usrdata,usrhora,ousrinis,usrinis) values ('aut673f754280673f721e31','aut673f787503673f721d7b' ,getdate(),convert(char(8),convert (time,getdate())),getdate(),convert(char(8),convert (time,getdate())),'wsv','wsv')
20241121@174710.2045 1nieo7tcd9o0342tvlj5q4k4rv Query : select 1 valor from information_schema.tables where table_type='base table' and table_name='wstablefields'
20241121@174710.2115 1nieo7tcd9o0342tvlj5q4k4rv Query : select fieldkey,fieldname,fieldtype,calcformula from wstablefields where tablename = 'fi' and documentnumber = 39
20241121@174710.4409 1nieo7tcd9o0342tvlj5q4k4rv Query : insert into wsfidata (fistamp,ousrdata, ousrhora, usrdata,usrhora,ousrinis,usrinis ,qtt ,ftstamp ,epv,pvmoeda ,tabiva,iva,lordem ,ref, design ,lote,armazem,bistamp ) values ('aut673f754280673f721e31',getdate(),convert(char(8),convert (time,getdate())),getdate(),convert(char(8),convert (time,getdate())),'wsv','wsv',4.000 ,'aut673f787503673f721d7b' ,0,0 ,2,23.00,80000,?,?,?,?,?)
20241121@174710.4681 1nieo7tcd9o0342tvlj5q4k4rv Query : insert into wsftcreationlog (initialftstamp,externalid,creationstatus,documenttypeid,idustamp) values ('aut673f787503673f721d7b','2407754','wait',39,'adm09112754980.682000002')
20241121@174710.4756 1nieo7tcd9o0342tvlj5q4k4rv Query : use flama_phc
20241121@174710.4759 1nieo7tcd9o0342tvlj5q4k4rv Query : update u_wsusers set rqsttoken =? where userid ='userls001'
20241121@174710.4792 1nieo7tcd9o0342tvlj5q4k4rv Query : select concat(rtrim(relative_path),ltrim(name_new)) as valor from uploadfiles where uploadfile_id='3440';
20241121@174710.4829 1nieo7tcd9o0342tvlj5q4k4rv Query : update uploadfiles set whenupdated=current_timestamp where uploadfile_id='3440';
20241121@174710.4875 1nieo7tcd9o0342tvlj5q4k4rv Query : select concat(rtrim(relative_path),ltrim(name_new)) as valor from uploadfiles where uploadfile_id='3440';
20241121@174710.4908 1nieo7tcd9o0342tvlj5q4k4rv Query : update uploadfiles set whenupdated=current_timestamp where uploadfile_id='3440';
20241121@181910.9025 l5cb16te38s75as6c884jsfdj7 Query : use flama_phc
20241121@181910.9029 l5cb16te38s75as6c884jsfdj7 Query : select secretkey valor from u_wsusers u where u.userid = ? and u.username=? and u.password=? and u.inactivo=0
20241121@181910.9123 l5cb16te38s75as6c884jsfdj7 Query : use flama_phc
20241121@181910.9126 l5cb16te38s75as6c884jsfdj7 Query : update u_wsusers set rqsttoken =? where userid ='userls001'
20241121@183610.7768 ea49j4dsn57m26olcjag1jsoq6 Query : use flama_phc
20241121@183610.7772 ea49j4dsn57m26olcjag1jsoq6 Query : select secretkey valor from u_wsusers u where u.userid = ? and u.username=? and u.password=? and u.inactivo=0
20241121@183610.7877 ea49j4dsn57m26olcjag1jsoq6 Query : use flama_phc
20241121@183610.7880 ea49j4dsn57m26olcjag1jsoq6 Query : update u_wsusers set rqsttoken =? where userid ='userls001'
20241121@191909.6699 v2q0eur1fad63kga0n5l64o134 Query : use flama_phc
20241121@191909.6703 v2q0eur1fad63kga0n5l64o134 Query : select secretkey valor from u_wsusers u where u.userid = ? and u.username=? and u.password=? and u.inactivo=0
20241121@191909.6929 v2q0eur1fad63kga0n5l64o134 Query : use flama_phc
20241121@191909.6933 v2q0eur1fad63kga0n5l64o134 Query : update u_wsusers set rqsttoken =? where userid ='userls001'
20241121@193609.6409 q3fno2n2cvmgdum12s3c42kemd Query : use flama_phc
20241121@193609.6416 q3fno2n2cvmgdum12s3c42kemd Query : select secretkey valor from u_wsusers u where u.userid = ? and u.username=? and u.password=? and u.inactivo=0
20241121@193609.6516 q3fno2n2cvmgdum12s3c42kemd Query : use flama_phc
20241121@193609.6519 q3fno2n2cvmgdum12s3c42kemd Query : update u_wsusers set rqsttoken =? where userid ='userls001'
20241121@201912.8457 0fldbl7dq4acq45qfpf6b304o6 Query : use flama_phc
20241121@201912.8461 0fldbl7dq4acq45qfpf6b304o6 Query : select secretkey valor from u_wsusers u where u.userid = ? and u.username=? and u.password=? and u.inactivo=0
20241121@201912.8669 0fldbl7dq4acq45qfpf6b304o6 Query : use flama_phc
20241121@201912.8673 0fldbl7dq4acq45qfpf6b304o6 Query : update u_wsusers set rqsttoken =? where userid ='userls001'
20241121@203612.5756 t1iahulbths31m344fb5ku598h Query : use flama_phc
20241121@203612.5760 t1iahulbths31m344fb5ku598h Query : select secretkey valor from u_wsusers u where u.userid = ? and u.username=? and u.password=? and u.inactivo=0
20241121@203612.5986 t1iahulbths31m344fb5ku598h Query : use flama_phc
20241121@203612.5989 t1iahulbths31m344fb5ku598h Query : update u_wsusers set rqsttoken =? where userid ='userls001'
20241121@211910.6340 3qnj20sir79tnohfmqn1qmhef0 Query : use flama_phc
20241121@211910.6400 3qnj20sir79tnohfmqn1qmhef0 Query : select secretkey valor from u_wsusers u where u.userid = ? and u.username=? and u.password=? and u.inactivo=0
20241121@211910.7270 3qnj20sir79tnohfmqn1qmhef0 Query : use flama_phc
20241121@211910.7300 3qnj20sir79tnohfmqn1qmhef0 Query : update u_wsusers set rqsttoken =? where userid ='userls001'
20241121@213609.7788 11uhv3vvshfhii0f2usb1jckhv Query : use flama_phc
20241121@213609.7792 11uhv3vvshfhii0f2usb1jckhv Query : select secretkey valor from u_wsusers u where u.userid = ? and u.username=? and u.password=? and u.inactivo=0
20241121@213609.7877 11uhv3vvshfhii0f2usb1jckhv Query : use flama_phc
20241121@213609.7881 11uhv3vvshfhii0f2usb1jckhv Query : update u_wsusers set rqsttoken =? where userid ='userls001'
20241121@221909.1721 nmrg8jn426saia6nc7hgai489n Query : use flama_phc
20241121@221909.1727 nmrg8jn426saia6nc7hgai489n Query : select secretkey valor from u_wsusers u where u.userid = ? and u.username=? and u.password=? and u.inactivo=0
20241121@221909.1820 nmrg8jn426saia6nc7hgai489n Query : use flama_phc
20241121@221909.1823 nmrg8jn426saia6nc7hgai489n Query : update u_wsusers set rqsttoken =? where userid ='userls001'
20241121@223609.9680 28t8jcc68op96gprvtefg41qgk Query : use flama_phc
20241121@223609.9720 28t8jcc68op96gprvtefg41qgk Query : select secretkey valor from u_wsusers u where u.userid = ? and u.username=? and u.password=? and u.inactivo=0
20241121@223609.1068 28t8jcc68op96gprvtefg41qgk Query : use flama_phc
20241121@223609.1073 28t8jcc68op96gprvtefg41qgk Query : update u_wsusers set rqsttoken =? where userid ='userls001'
20241121@231909.8197 v02r1066eas7025nkmo9omf6vc Query : use flama_phc
20241121@231909.8201 v02r1066eas7025nkmo9omf6vc Query : select secretkey valor from u_wsusers u where u.userid = ? and u.username=? and u.password=? and u.inactivo=0
20241121@231909.8293 v02r1066eas7025nkmo9omf6vc Query : use flama_phc
20241121@231909.8297 v02r1066eas7025nkmo9omf6vc Query : update u_wsusers set rqsttoken =? where userid ='userls001'
20241121@233609.4101 n885j9rqdu4bovtdkvjsrp79h8 Query : use flama_phc
20241121@233609.4105 n885j9rqdu4bovtdkvjsrp79h8 Query : select secretkey valor from u_wsusers u where u.userid = ? and u.username=? and u.password=? and u.inactivo=0
20241121@233609.4371 n885j9rqdu4bovtdkvjsrp79h8 Query : use flama_phc
20241121@233609.4375 n885j9rqdu4bovtdkvjsrp79h8 Query : update u_wsusers set rqsttoken =? where userid ='userls001'
20241122@071911.1240 na1oci80r6ah5nhukv4r0j1f36 Query : use flama_phc
20241122@071911.1280 na1oci80r6ah5nhukv4r0j1f36 Query : select secretkey valor from u_wsusers u where u.userid = ? and u.username=? and u.password=? and u.inactivo=0
20241122@071911.2850 na1oci80r6ah5nhukv4r0j1f36 Query : use flama_phc
20241122@071911.2880 na1oci80r6ah5nhukv4r0j1f36 Query : update u_wsusers set rqsttoken =? where userid ='userls001'
20241122@073639.2657 6ent33ef2p3tsm4i77r7fjn65c Query : use flama_phc
20241122@073639.2661 6ent33ef2p3tsm4i77r7fjn65c Query : select secretkey valor from u_wsusers u where u.userid = ? and u.username=? and u.password=? and u.inactivo=0
20241122@073639.2750 6ent33ef2p3tsm4i77r7fjn65c Query : use flama_phc
20241122@073639.2753 6ent33ef2p3tsm4i77r7fjn65c Query : update u_wsusers set rqsttoken =? where userid ='userls001'
20241122@081908.6307 7s4g4tjasrdke4jvjtc4gtjmdj Query : use flama_phc
20241122@081908.6311 7s4g4tjasrdke4jvjtc4gtjmdj Query : select secretkey valor from u_wsusers u where u.userid = ? and u.username=? and u.password=? and u.inactivo=0
20241122@081908.6465 7s4g4tjasrdke4jvjtc4gtjmdj Query : use flama_phc
20241122@081908.6467 7s4g4tjasrdke4jvjtc4gtjmdj Query : update u_wsusers set rqsttoken =? where userid ='userls001'
20241122@083608.9853 vd0l65gfj3b1pdi4c65hldh1tq Query : use flama_phc
20241122@083608.9859 vd0l65gfj3b1pdi4c65hldh1tq Query : select secretkey valor from u_wsusers u where u.userid = ? and u.username=? and u.password=? and u.inactivo=0
20241122@083609.1100 vd0l65gfj3b1pdi4c65hldh1tq Query : use flama_phc
20241122@083609.1400 vd0l65gfj3b1pdi4c65hldh1tq Query : update u_wsusers set rqsttoken =? where userid ='userls001'
20241122@091912.9074 mhbo1tqoomsm53ttgltcht797g Query : use flama_phc
20241122@091912.9080 mhbo1tqoomsm53ttgltcht797g Query : select secretkey valor from u_wsusers u where u.userid = ? and u.username=? and u.password=? and u.inactivo=0
20241122@091912.9162 mhbo1tqoomsm53ttgltcht797g Query : use flama_phc
20241122@091912.9165 mhbo1tqoomsm53ttgltcht797g Query : update u_wsusers set rqsttoken =? where userid ='userls001'
20241122@093613.3780 ggepoljhim7tbshviuhejfh3gi Query : use flama_phc
20241122@093613.3820 ggepoljhim7tbshviuhejfh3gi Query : select secretkey valor from u_wsusers u where u.userid = ? and u.username=? and u.password=? and u.inactivo=0
20241122@093613.5010 ggepoljhim7tbshviuhejfh3gi Query : use flama_phc
20241122@093613.5050 ggepoljhim7tbshviuhejfh3gi Query : update u_wsusers set rqsttoken =? where userid ='userls001'
20241122@095141.9162 1m831ktc9iv8dq1j79ad1qe71l Query : insert into uploadfiles ( name_original, name_new, option_type, relative_path, whencreated ) values ( ?, ?, ?, ?, getdate() )
20241122@095141.9188 1m831ktc9iv8dq1j79ad1qe71l Query : select uploadfile_id valor from uploadfiles where name_new = ? and option_type = ? 
20241122@095141.9516 1m831ktc9iv8dq1j79ad1qe71l Query : select concat(rtrim(relative_path),ltrim(name_new)) as valor from uploadfiles where uploadfile_id='3441';
20241122@095141.9581 1m831ktc9iv8dq1j79ad1qe71l Query : update uploadfiles set whenupdated=current_timestamp where uploadfile_id='3441';
20241122@095141.9651 1m831ktc9iv8dq1j79ad1qe71l Query : select concat(rtrim(relative_path),ltrim(name_new)) as valor from uploadfiles where uploadfile_id='3441';
20241122@095141.9683 1m831ktc9iv8dq1j79ad1qe71l Query : update uploadfiles set whenupdated=current_timestamp where uploadfile_id='3441';
20241122@095142.1316 pqeamp7kcp4lmg1infoqc54vdg Query : insert into uploadfiles ( name_original, name_new, option_type, relative_path, whencreated ) values ( ?, ?, ?, ?, getdate() )
20241122@095142.1341 pqeamp7kcp4lmg1infoqc54vdg Query : select uploadfile_id valor from uploadfiles where name_new = ? and option_type = ? 
20241122@095142.1458 pqeamp7kcp4lmg1infoqc54vdg Query : select concat(rtrim(relative_path),ltrim(name_new)) as valor from uploadfiles where uploadfile_id='3442';
20241122@095142.1559 pqeamp7kcp4lmg1infoqc54vdg Query : update uploadfiles set whenupdated=current_timestamp where uploadfile_id='3442';
20241122@095142.1642 pqeamp7kcp4lmg1infoqc54vdg Query : select concat(rtrim(relative_path),ltrim(name_new)) as valor from uploadfiles where uploadfile_id='3442';
20241122@095142.1679 pqeamp7kcp4lmg1infoqc54vdg Query : update uploadfiles set whenupdated=current_timestamp where uploadfile_id='3442';
20241122@095142.2489 pqeamp7kcp4lmg1infoqc54vdg Query : use flama_phc
20241122@095142.2549 pqeamp7kcp4lmg1infoqc54vdg Query : select top 1 secretkey valor from u_wsusers u where u.userid = ? and u.inactivo=0
20241122@095142.2691 pqeamp7kcp4lmg1infoqc54vdg Query : select no, estab,szadrsdesc from szadrs where u_coddest=23
20241122@095142.2853 pqeamp7kcp4lmg1infoqc54vdg Query : select top 1 isnull(design,'') valor from st (nolock) where st.ref = '324.948.00.01'
20241122@095142.3294 pqeamp7kcp4lmg1infoqc54vdg Query : select top 1 bistamp valor from bi inner join bo on bo.bostamp=bi.bostamp where bo.ndos =054 and bo.boano =2024 and bo.obrano = 0000044 and bi.ref ='324.948.00.01' and bi.lordem =10000
20241122@095142.3681 pqeamp7kcp4lmg1infoqc54vdg Query : select bi.edebito ,bi.desconto ,bi.desc2 ,bi.desc3 ,bi.desc4 ,bi.obranome ,bi.bostamp ,bo.moeda ,bi.vumoeda ,isnull(bi.vumoeda/nullif(bi.edebito,0),1) cambio ,bi.tabiva from bi inner join bo on bi.bostamp = bo.bostamp where bi.bistamp = 'pll24112132718,431000001 ' 
20241122@095142.4018 pqeamp7kcp4lmg1infoqc54vdg Query : select top 1 isnull(design,'') valor from st (nolock) where st.ref = '324.946.00.01'
20241122@095142.4169 pqeamp7kcp4lmg1infoqc54vdg Query : select top 1 bistamp valor from bi inner join bo on bo.bostamp=bi.bostamp where bo.ndos =054 and bo.boano =2024 and bo.obrano = 0000044 and bi.ref ='324.946.00.01' and bi.lordem =15000
20241122@095142.4542 pqeamp7kcp4lmg1infoqc54vdg Query : select bi.edebito ,bi.desconto ,bi.desc2 ,bi.desc3 ,bi.desc4 ,bi.obranome ,bi.bostamp ,bo.moeda ,bi.vumoeda ,isnull(bi.vumoeda/nullif(bi.edebito,0),1) cambio ,bi.tabiva from bi inner join bo on bi.bostamp = bo.bostamp where bi.bistamp = 'pll24112132891,142000003 ' 
20241122@095142.4932 pqeamp7kcp4lmg1infoqc54vdg Query : select top 1 isnull(design,'') valor from st (nolock) where st.ref = '327.8152.00.1'
20241122@095142.5111 pqeamp7kcp4lmg1infoqc54vdg Query : select top 1 bistamp valor from bi inner join bo on bo.bostamp=bi.bostamp where bo.ndos =054 and bo.boano =2024 and bo.obrano = 0000044 and bi.ref ='327.8152.00.1' and bi.lordem =20000
20241122@095142.5525 pqeamp7kcp4lmg1infoqc54vdg Query : select bi.edebito ,bi.desconto ,bi.desc2 ,bi.desc3 ,bi.desc4 ,bi.obranome ,bi.bostamp ,bo.moeda ,bi.vumoeda ,isnull(bi.vumoeda/nullif(bi.edebito,0),1) cambio ,bi.tabiva from bi inner join bo on bi.bostamp = bo.bostamp where bi.bistamp = 'pll24112132866,983000002 ' 
20241122@095142.5924 pqeamp7kcp4lmg1infoqc54vdg Query : select top 1 isnull(design,'') valor from st (nolock) where st.ref = '324.1643.00.1'
20241122@095142.6107 pqeamp7kcp4lmg1infoqc54vdg Query : select top 1 bistamp valor from bi inner join bo on bo.bostamp=bi.bostamp where bo.ndos =054 and bo.boano =2024 and bo.obrano = 0000044 and bi.ref ='324.1643.00.1' and bi.lordem =30000
20241122@095142.6507 pqeamp7kcp4lmg1infoqc54vdg Query : select bi.edebito ,bi.desconto ,bi.desc2 ,bi.desc3 ,bi.desc4 ,bi.obranome ,bi.bostamp ,bo.moeda ,bi.vumoeda ,isnull(bi.vumoeda/nullif(bi.edebito,0),1) cambio ,bi.tabiva from bi inner join bo on bi.bostamp = bo.bostamp where bi.bistamp = 'pll24112132910,387000004 ' 
20241122@095142.6811 pqeamp7kcp4lmg1infoqc54vdg Query : select top 1 isnull(design,'') valor from st (nolock) where st.ref = '324.1643.00.1'
20241122@095142.6832 pqeamp7kcp4lmg1infoqc54vdg Query : select top 1 bistamp valor from bi inner join bo on bo.bostamp=bi.bostamp where bo.ndos =054 and bo.boano =2024 and bo.obrano = 0000044 and bi.ref ='324.1643.00.1' and bi.lordem =30000
20241122@095142.6853 pqeamp7kcp4lmg1infoqc54vdg Query : select bi.edebito ,bi.desconto ,bi.desc2 ,bi.desc3 ,bi.desc4 ,bi.obranome ,bi.bostamp ,bo.moeda ,bi.vumoeda ,isnull(bi.vumoeda/nullif(bi.edebito,0),1) cambio ,bi.tabiva from bi inner join bo on bi.bostamp = bo.bostamp where bi.bistamp = 'pll24112132910,387000004 ' 
20241122@095142.6874 pqeamp7kcp4lmg1infoqc54vdg Query : select top 1 isnull(design,'') valor from st (nolock) where st.ref = '324.4970.00.1'
20241122@095142.6993 pqeamp7kcp4lmg1infoqc54vdg Query : select top 1 bistamp valor from bi inner join bo on bo.bostamp=bi.bostamp where bo.ndos =054 and bo.boano =2024 and bo.obrano = 0000044 and bi.ref ='324.4970.00.1' and bi.lordem =40000
20241122@095142.7461 pqeamp7kcp4lmg1infoqc54vdg Query : select bi.edebito ,bi.desconto ,bi.desc2 ,bi.desc3 ,bi.desc4 ,bi.obranome ,bi.bostamp ,bo.moeda ,bi.vumoeda ,isnull(bi.vumoeda/nullif(bi.edebito,0),1) cambio ,bi.tabiva from bi inner join bo on bi.bostamp = bo.bostamp where bi.bistamp = 'pll24112132943,992000005 ' 
20241122@095142.7792 pqeamp7kcp4lmg1infoqc54vdg Query : select top 1 isnull(design,'') valor from st (nolock) where st.ref = '324.497.00.01'
20241122@095142.7989 pqeamp7kcp4lmg1infoqc54vdg Query : select top 1 bistamp valor from bi inner join bo on bo.bostamp=bi.bostamp where bo.ndos =054 and bo.boano =2024 and bo.obrano = 0000044 and bi.ref ='324.497.00.01' and bi.lordem =50000
20241122@095142.8369 pqeamp7kcp4lmg1infoqc54vdg Query : select bi.edebito ,bi.desconto ,bi.desc2 ,bi.desc3 ,bi.desc4 ,bi.obranome ,bi.bostamp ,bo.moeda ,bi.vumoeda ,isnull(bi.vumoeda/nullif(bi.edebito,0),1) cambio ,bi.tabiva from bi inner join bo on bi.bostamp = bo.bostamp where bi.bistamp = 'pll24112132966,641000006 ' 
20241122@095142.8856 pqeamp7kcp4lmg1infoqc54vdg Query : select top 1 isnull(design,'') valor from st (nolock) where st.ref = '324.1406.00.1'
20241122@095142.8991 pqeamp7kcp4lmg1infoqc54vdg Query : select top 1 bistamp valor from bi inner join bo on bo.bostamp=bi.bostamp where bo.ndos =054 and bo.boano =2024 and bo.obrano = 0000044 and bi.ref ='324.1406.00.1' and bi.lordem =60000
20241122@095142.9329 pqeamp7kcp4lmg1infoqc54vdg Query : select bi.edebito ,bi.desconto ,bi.desc2 ,bi.desc3 ,bi.desc4 ,bi.obranome ,bi.bostamp ,bo.moeda ,bi.vumoeda ,isnull(bi.vumoeda/nullif(bi.edebito,0),1) cambio ,bi.tabiva from bi inner join bo on bi.bostamp = bo.bostamp where bi.bistamp = 'pll24112132984,770000007 ' 
20241122@095142.9704 pqeamp7kcp4lmg1infoqc54vdg Query : select top 1 isnull(design,'') valor from st (nolock) where st.ref = '324.1705.00.1'
20241122@095142.9847 pqeamp7kcp4lmg1infoqc54vdg Query : select top 1 bistamp valor from bi inner join bo on bo.bostamp=bi.bostamp where bo.ndos =054 and bo.boano =2024 and bo.obrano = 0000044 and bi.ref ='324.1705.00.1' and bi.lordem =70000
20241122@095143.2380 pqeamp7kcp4lmg1infoqc54vdg Query : select bi.edebito ,bi.desconto ,bi.desc2 ,bi.desc3 ,bi.desc4 ,bi.obranome ,bi.bostamp ,bo.moeda ,bi.vumoeda ,isnull(bi.vumoeda/nullif(bi.edebito,0),1) cambio ,bi.tabiva from bi inner join bo on bi.bostamp = bo.bostamp where bi.bistamp = 'pll24112133006,372000008 ' 
20241122@095143.5730 pqeamp7kcp4lmg1infoqc54vdg Query : select top 1 isnull(design,'') valor from st (nolock) where st.ref = '322.227.24.01'
20241122@095143.7670 pqeamp7kcp4lmg1infoqc54vdg Query : select top 1 bistamp valor from bi inner join bo on bo.bostamp=bi.bostamp where bo.ndos =054 and bo.boano =2024 and bo.obrano = 0000044 and bi.ref ='322.227.24.01' and bi.lordem =80000
20241122@095143.1382 pqeamp7kcp4lmg1infoqc54vdg Query : select bi.edebito ,bi.desconto ,bi.desc2 ,bi.desc3 ,bi.desc4 ,bi.obranome ,bi.bostamp ,bo.moeda ,bi.vumoeda ,isnull(bi.vumoeda/nullif(bi.edebito,0),1) cambio ,bi.tabiva from bi inner join bo on bi.bostamp = bo.bostamp where bi.bistamp = 'pll24112133019,889000009 ' 
20241122@095143.1696 pqeamp7kcp4lmg1infoqc54vdg Query : select top 1 isnull(design,'') valor from st (nolock) where st.ref = '322.227.28.01'
20241122@095143.1812 pqeamp7kcp4lmg1infoqc54vdg Query : select top 1 bistamp valor from bi inner join bo on bo.bostamp=bi.bostamp where bo.ndos =054 and bo.boano =2024 and bo.obrano = 0000044 and bi.ref ='322.227.28.01' and bi.lordem =90000
20241122@095143.2231 pqeamp7kcp4lmg1infoqc54vdg Query : select bi.edebito ,bi.desconto ,bi.desc2 ,bi.desc3 ,bi.desc4 ,bi.obranome ,bi.bostamp ,bo.moeda ,bi.vumoeda ,isnull(bi.vumoeda/nullif(bi.edebito,0),1) cambio ,bi.tabiva from bi inner join bo on bi.bostamp = bo.bostamp where bi.bistamp = 'pll24112133041,650000010 ' 
20241122@095143.2540 pqeamp7kcp4lmg1infoqc54vdg Query : select top 1 isnull(design,'') valor from st (nolock) where st.ref = '322.227.28.02'
20241122@095143.2670 pqeamp7kcp4lmg1infoqc54vdg Query : select top 1 bistamp valor from bi inner join bo on bo.bostamp=bi.bostamp where bo.ndos =054 and bo.boano =2024 and bo.obrano = 0000044 and bi.ref ='322.227.28.02' and bi.lordem =100000
20241122@095143.3112 pqeamp7kcp4lmg1infoqc54vdg Query : select bi.edebito ,bi.desconto ,bi.desc2 ,bi.desc3 ,bi.desc4 ,bi.obranome ,bi.bostamp ,bo.moeda ,bi.vumoeda ,isnull(bi.vumoeda/nullif(bi.edebito,0),1) cambio ,bi.tabiva from bi inner join bo on bi.bostamp = bo.bostamp where bi.bistamp = 'pll24112133062,010000011 ' 
20241122@095143.3888 pqeamp7kcp4lmg1infoqc54vdg Query : select top 1 isnull(design,'') valor from st (nolock) where st.ref = '324.648.00.01'
20241122@095143.4065 pqeamp7kcp4lmg1infoqc54vdg Query : select top 1 bistamp valor from bi inner join bo on bo.bostamp=bi.bostamp where bo.ndos =054 and bo.boano =2024 and bo.obrano = 0000044 and bi.ref ='324.648.00.01' and bi.lordem =110000
20241122@095143.4447 pqeamp7kcp4lmg1infoqc54vdg Query : select bi.edebito ,bi.desconto ,bi.desc2 ,bi.desc3 ,bi.desc4 ,bi.obranome ,bi.bostamp ,bo.moeda ,bi.vumoeda ,isnull(bi.vumoeda/nullif(bi.edebito,0),1) cambio ,bi.tabiva from bi inner join bo on bi.bostamp = bo.bostamp where bi.bistamp = 'pll24112133091,218000012 ' 
20241122@095143.4812 pqeamp7kcp4lmg1infoqc54vdg Query : select top 1 isnull(design,'') valor from st (nolock) where st.ref = '324.648.00.01'
20241122@095143.4841 pqeamp7kcp4lmg1infoqc54vdg Query : select top 1 bistamp valor from bi inner join bo on bo.bostamp=bi.bostamp where bo.ndos =054 and bo.boano =2024 and bo.obrano = 0000044 and bi.ref ='324.648.00.01' and bi.lordem =110000
20241122@095143.4870 pqeamp7kcp4lmg1infoqc54vdg Query : select bi.edebito ,bi.desconto ,bi.desc2 ,bi.desc3 ,bi.desc4 ,bi.obranome ,bi.bostamp ,bo.moeda ,bi.vumoeda ,isnull(bi.vumoeda/nullif(bi.edebito,0),1) cambio ,bi.tabiva from bi inner join bo on bi.bostamp = bo.bostamp where bi.bistamp = 'pll24112133091,218000012 ' 
20241122@095143.4905 pqeamp7kcp4lmg1infoqc54vdg Query : select top 1 isnull(design,'') valor from st (nolock) where st.ref = '324.686.00.01'
20241122@095143.5061 pqeamp7kcp4lmg1infoqc54vdg Query : select top 1 bistamp valor from bi inner join bo on bo.bostamp=bi.bostamp where bo.ndos =054 and bo.boano =2024 and bo.obrano = 0000044 and bi.ref ='324.686.00.01' and bi.lordem =120000
20241122@095143.5425 pqeamp7kcp4lmg1infoqc54vdg Query : select bi.edebito ,bi.desconto ,bi.desc2 ,bi.desc3 ,bi.desc4 ,bi.obranome ,bi.bostamp ,bo.moeda ,bi.vumoeda ,isnull(bi.vumoeda/nullif(bi.edebito,0),1) cambio ,bi.tabiva from bi inner join bo on bi.bostamp = bo.bostamp where bi.bistamp = 'pll24112133109,541000013 ' 
20241122@095143.5760 pqeamp7kcp4lmg1infoqc54vdg Query : select top 1 isnull(design,'') valor from st (nolock) where st.ref = '324.675.00.01'
20241122@095143.5909 pqeamp7kcp4lmg1infoqc54vdg Query : select top 1 bistamp valor from bi inner join bo on bo.bostamp=bi.bostamp where bo.ndos =054 and bo.boano =2024 and bo.obrano = 0000044 and bi.ref ='324.675.00.01' and bi.lordem =130000
20241122@095143.6269 pqeamp7kcp4lmg1infoqc54vdg Query : select bi.edebito ,bi.desconto ,bi.desc2 ,bi.desc3 ,bi.desc4 ,bi.obranome ,bi.bostamp ,bo.moeda ,bi.vumoeda ,isnull(bi.vumoeda/nullif(bi.edebito,0),1) cambio ,bi.tabiva from bi inner join bo on bi.bostamp = bo.bostamp where bi.bistamp = 'pll24112133129,350000014 ' 
20241122@095143.6693 pqeamp7kcp4lmg1infoqc54vdg Query : select top 1 isnull(design,'') valor from st (nolock) where st.ref = '324.1608.00.1'
20241122@095143.6877 pqeamp7kcp4lmg1infoqc54vdg Query : select top 1 bistamp valor from bi inner join bo on bo.bostamp=bi.bostamp where bo.ndos =054 and bo.boano =2024 and bo.obrano = 0000044 and bi.ref ='324.1608.00.1' and bi.lordem =140000
20241122@095143.7407 pqeamp7kcp4lmg1infoqc54vdg Query : select bi.edebito ,bi.desconto ,bi.desc2 ,bi.desc3 ,bi.desc4 ,bi.obranome ,bi.bostamp ,bo.moeda ,bi.vumoeda ,isnull(bi.vumoeda/nullif(bi.edebito,0),1) cambio ,bi.tabiva from bi inner join bo on bi.bostamp = bo.bostamp where bi.bistamp = 'pll24112133163,076000015 ' 
20241122@095143.7849 pqeamp7kcp4lmg1infoqc54vdg Query : select top 1 isnull(design,'') valor from st (nolock) where st.ref = '324.2907.00.1'
20241122@095143.8004 pqeamp7kcp4lmg1infoqc54vdg Query : select top 1 bistamp valor from bi inner join bo on bo.bostamp=bi.bostamp where bo.ndos =054 and bo.boano =2024 and bo.obrano = 0000044 and bi.ref ='324.2907.00.1' and bi.lordem =150000
20241122@095143.8370 pqeamp7kcp4lmg1infoqc54vdg Query : select bi.edebito ,bi.desconto ,bi.desc2 ,bi.desc3 ,bi.desc4 ,bi.obranome ,bi.bostamp ,bo.moeda ,bi.vumoeda ,isnull(bi.vumoeda/nullif(bi.edebito,0),1) cambio ,bi.tabiva from bi inner join bo on bi.bostamp = bo.bostamp where bi.bistamp = 'pll24112133181,564000016 ' 
20241122@095143.8715 pqeamp7kcp4lmg1infoqc54vdg Query : select top 1 isnull(design,'') valor from st (nolock) where st.ref = '324.2300.00.1'
20241122@095143.8845 pqeamp7kcp4lmg1infoqc54vdg Query : select top 1 bistamp valor from bi inner join bo on bo.bostamp=bi.bostamp where bo.ndos =054 and bo.boano =2024 and bo.obrano = 0000044 and bi.ref ='324.2300.00.1' and bi.lordem =160000
20241122@095143.9228 pqeamp7kcp4lmg1infoqc54vdg Query : select bi.edebito ,bi.desconto ,bi.desc2 ,bi.desc3 ,bi.desc4 ,bi.obranome ,bi.bostamp ,bo.moeda ,bi.vumoeda ,isnull(bi.vumoeda/nullif(bi.edebito,0),1) cambio ,bi.tabiva from bi inner join bo on bi.bostamp = bo.bostamp where bi.bistamp = 'pll24112133261,607000017 ' 
20241122@095143.9619 pqeamp7kcp4lmg1infoqc54vdg Query : use flama_phc
20241122@095143.9623 pqeamp7kcp4lmg1infoqc54vdg Query : select top 1 1 valor from ts where ts.ndos = 5
20241122@095143.9747 pqeamp7kcp4lmg1infoqc54vdg Query : use flama_phc
20241122@095143.9750 pqeamp7kcp4lmg1infoqc54vdg Query : select lower(descricao) descricao ,case when valor='s' then 1 else 0 end valor from para1 where descricao in ('st_lote','st_usalogifunc', 'st_grelha')
20241122@095143.9844 pqeamp7kcp4lmg1infoqc54vdg Query : select top 1 assinadoc issigned ,ts.stocks ,ts.bdempresas origin ,case when (cmstocks between 1 and 50 or cm2stocks between 1 and 50 ) then 1 else 0 end entrada ,case when cmstocks>50 or (cm2stocks>50 and trfa =1) then 1 else 0 end saida ,stneg validatestock ,tiposaft ,veserie useserialnumber ,foserie assetin ,ftserie assetout ,veserie assets ,trfarm assetstransfer ,grelha usegridfields from ts inner join ts2 on ts.tsstamp=ts2.ts2stamp where ts.ndos =5
20241122@095144.4300 pqeamp7kcp4lmg1infoqc54vdg Query : use flama_phc
20241122@095144.4600 pqeamp7kcp4lmg1infoqc54vdg Query : select top 1 ~inactivo valor from fl where no = '100999' and estab = 0 order by inactivo desc
20241122@095144.7670 pqeamp7kcp4lmg1infoqc54vdg Query : use flama_phc
20241122@095144.7730 pqeamp7kcp4lmg1infoqc54vdg Query : select szadrsstamp valor from szadrs where szadrsdesc='espaÇotrans,lda'
20241122@095144.1102 pqeamp7kcp4lmg1infoqc54vdg Query : use flama_phc
20241122@095144.1125 pqeamp7kcp4lmg1infoqc54vdg Query : select szadrsstamp valor from szadrs where szadrsdesc='flama-fab.louÇas e electrodomesticos,sa'
20241122@095144.1178 pqeamp7kcp4lmg1infoqc54vdg Query : use flama_phc
20241122@095144.1182 pqeamp7kcp4lmg1infoqc54vdg Query : select 1 valor from ts where ndos = 5
20241122@095144.1274 pqeamp7kcp4lmg1infoqc54vdg Query : select 1 valor from information_schema.tables where table_type='base table' and table_name='wstablefields'
20241122@095144.3217 pqeamp7kcp4lmg1infoqc54vdg Query : select fieldkey,fieldname,fieldtype,mandatory from wstablefields where tablename = 'bo' and documentnumber = 5
20241122@095144.3397 pqeamp7kcp4lmg1infoqc54vdg Query : select 1 valor from information_schema.tables where table_type='base table' and table_name='wstablefields'
20241122@095144.3416 pqeamp7kcp4lmg1infoqc54vdg Query : select fieldkey,fieldname,fieldtype,mandatory from wstablefields where tablename = 'bo2' and documentnumber = 5
20241122@095144.3428 pqeamp7kcp4lmg1infoqc54vdg Query : select 1 valor from information_schema.tables where table_type='base table' and table_name='wstablefields'
20241122@095144.3445 pqeamp7kcp4lmg1infoqc54vdg Query : select fieldkey,fieldname,fieldtype,mandatory from wstablefields where tablename = 'bo3' and documentnumber = 5
20241122@095144.3457 pqeamp7kcp4lmg1infoqc54vdg Query : select top 1 ts2.manternumero, ts.tiposaft, ts.idserie,ts.nmdos,ts.bdempresas from ts inner join ts2 on ts.tsstamp=ts2.ts2stamp where ts.ndos = 5
20241122@095144.3612 pqeamp7kcp4lmg1infoqc54vdg Query : select top 1 bo.obrano valor from bo bo where bo.ndos = 5 and boano=2024 order by obrano desc
20241122@095144.3760 pqeamp7kcp4lmg1infoqc54vdg Query : select top 1 bo.obrano valor from wsbodata bo where bo.ndos = 5 and boano=2024 order by obrano desc
20241122@095144.4172 pqeamp7kcp4lmg1infoqc54vdg Query : use flama_phc
20241122@095144.4179 pqeamp7kcp4lmg1infoqc54vdg Query : select top 1 no,estab,nome, morada, local,codpost,ncont,pncont,pais,inactivo,motiseimp,codmotiseimp from fl where no='100999' and estab=0
20241122@095144.4269 pqeamp7kcp4lmg1infoqc54vdg Query : select 1 valor from information_schema.tables where table_type='base table' and table_name='wstablefields'
20241122@095144.4287 pqeamp7kcp4lmg1infoqc54vdg Query : select fieldkey,fieldname,fieldtype,calcformula from wstablefields where tablename = 'bo3' and documentnumber = 5
20241122@095144.4324 pqeamp7kcp4lmg1infoqc54vdg Query : insert into wsbo3data (bo3stamp, ousrdata, ousrhora, usrdata,usrhora,ousrinis,usrinis) values ('aut67405832996740543065',getdate(),convert(char(8),convert (time,getdate())),getdate(),convert(char(8),convert (time,getdate())),'aut','aut')
20241122@095144.4400 pqeamp7kcp4lmg1infoqc54vdg Query : select 1 valor from information_schema.tables where table_type='base table' and table_name='wstablefields'
20241122@095144.4417 pqeamp7kcp4lmg1infoqc54vdg Query : select fieldkey,fieldname,fieldtype,calcformula from wstablefields where tablename = 'bo2' and documentnumber = 5
20241122@095144.4434 pqeamp7kcp4lmg1infoqc54vdg Query : insert into wsbo2data (bo2stamp, tiposaft, idserie,cambio,cambiofixo,ousrdata, ousrhora, usrdata,usrhora,ousrinis,usrinis,xpddata,xpdhora,carga,descar) values ('aut67405832996740543065','ga','bo',0 ,0,getdate(),convert(char(8),convert (time,getdate())),getdate(),convert(char(8),convert (time,getdate())),'aut','aut','20241122','10:21',?,?)
20241122@095144.5093 pqeamp7kcp4lmg1infoqc54vdg Query : select 1 valor from information_schema.tables where table_type='base table' and table_name='wstablefields'
20241122@095144.5112 pqeamp7kcp4lmg1infoqc54vdg Query : select fieldkey,fieldname,fieldtype,calcformula from wstablefields where tablename = 'bo' and documentnumber = 5
20241122@095144.5139 pqeamp7kcp4lmg1infoqc54vdg Query : insert into wsbodata (bostamp, nmdos, dataobra, ndos, obrano, no, estab, nome, ncont, morada, local, codpost, moeda, boano, memissao,ousrdata, ousrhora, usrdata,usrhora,ousrinis,usrinis,maquina ) values ('aut67405832996740543065','trf entre armazéns a','2024-11-22',5,568,?,?,?,?,?,?,?,?,2024, (select valor from para1 where descricao = 'ge_euro') ,getdate(),convert(char(8),convert (time,getdate())),getdate(),convert(char(8),convert (time,getdate())),'aut','aut',?)
20241122@095144.5849 pqeamp7kcp4lmg1infoqc54vdg Query : use flama_phc
20241122@095144.5853 pqeamp7kcp4lmg1infoqc54vdg Query : select st.usalote valor from st where st.ref = '324.948.00.01'
20241122@095144.6013 pqeamp7kcp4lmg1infoqc54vdg Query : use flama_phc
20241122@095144.6017 pqeamp7kcp4lmg1infoqc54vdg Query : select st.stns valor from st where st.ref = '324.948.00.01'
20241122@095144.6153 pqeamp7kcp4lmg1infoqc54vdg Query : use flama_phc
20241122@095144.6156 pqeamp7kcp4lmg1infoqc54vdg Query : select isnull(sum(stock) ,0)stock ,isnull(sum(qttrec),0) qttrec ,0 qttcat ,isnull(sum(rescli),0) rescli ,isnull(sum(resfor),0) resfor from sa where sa.ref = '324.948.00.01' and sa.armazem = 133 
20241122@095144.6223 pqeamp7kcp4lmg1infoqc54vdg Query : use flama_phc
20241122@095144.6226 pqeamp7kcp4lmg1infoqc54vdg Query : select st.stns valor from st where st.ref = '324.948.00.01'
20241122@095144.6249 pqeamp7kcp4lmg1infoqc54vdg Query : select top 1 st.tabiva ,st.ivaincl ,st.stns ,st.uni2 ,st.familia ,isnull(tx.taxa, 0) txiva ,unidade ,usalote ,epcpond ,noserie ,conversao ,st.texteis from st left join taxasiva tx on st.tabiva = tx.codigo where st.ref = '324.948.00.01'
20241122@095144.6423 pqeamp7kcp4lmg1infoqc54vdg Query : select 1 valor from information_schema.tables where table_type='base table' and table_name='wstablefields'
20241122@095144.6442 pqeamp7kcp4lmg1infoqc54vdg Query : select fieldkey,fieldname,fieldtype,mandatory from wstablefields where tablename = 'bi' and documentnumber = 5
20241122@095144.6457 pqeamp7kcp4lmg1infoqc54vdg Query : select 1 valor from information_schema.tables where table_type='base table' and table_name='wstablefields'
20241122@095144.6472 pqeamp7kcp4lmg1infoqc54vdg Query : select fieldkey,fieldname,fieldtype,mandatory from wstablefields where tablename = 'bi2' and documentnumber = 5
20241122@095144.6483 pqeamp7kcp4lmg1infoqc54vdg Query : select sestamp valor from se where ref ='324.948.00.01' and lote = 'r2400703100a'
20241122@095144.6553 pqeamp7kcp4lmg1infoqc54vdg Query : select top 1 convert(numeric(6,2),t.taxa) valor from taxasiva t where t.codigo='2'
20241122@095144.6594 pqeamp7kcp4lmg1infoqc54vdg Query : select 1 valor from information_schema.tables where table_type='base table' and table_name='wstablefields'
20241122@095144.6611 pqeamp7kcp4lmg1infoqc54vdg Query : select fieldkey,fieldname,fieldtype,calcformula from wstablefields where tablename = 'bi2' and documentnumber = 5
20241122@095144.6625 pqeamp7kcp4lmg1infoqc54vdg Query : insert into wsbi2data (bi2stamp,bostamp,morada, local,codpost ,ousrdata, ousrhora, usrdata,usrhora,ousrinis,usrinis) select 'aut674052733167405430a1','aut67405832996740543065',bo.morada, bo.local,bo.codpost ,getdate(),convert(char(8),convert (time,getdate())),getdate(),convert(char(8),convert (time,getdate())),'aut','aut' from wsbodata bo where bo.bostamp = 'aut67405832996740543065'
20241122@095144.7003 pqeamp7kcp4lmg1infoqc54vdg Query : select 1 valor from information_schema.tables where table_type='base table' and table_name='wstablefields'
20241122@095144.7029 pqeamp7kcp4lmg1infoqc54vdg Query : select fieldkey,fieldname,fieldtype,calcformula from wstablefields where tablename = 'bi' and documentnumber = 5
20241122@095144.7050 pqeamp7kcp4lmg1infoqc54vdg Query : insert into wsbidata (bistamp,ousrdata, ousrhora, usrdata,usrhora,ousrinis,usrinis ,obrano, qtt,uni2qtt ,no, estab,nmdos ,ndos, obranome,fechada, dataobra ,rdata ,dataopen, datafecho,local, morada ,codpost, nome,bostamp,lordem ,edebito,debito, epu,pu ,ivaincl,stns,unidade, unidad2 ,marcada,usalote ,ettdeb,ttdeb,epcusto, pcusto ,ecustoind,custoind ,vendedor,vendnm, ccusto,ncusto ,noserie,tabiva,iva ,ref,design,familia,desconto,desc2,desc3,desc4,eslvu,slvu,esltt,sltt,oobistamp,vumoeda,ttmoeda,slvumoeda,slttmoeda,lote,armazem,ar2mazem,obistamp ,stipo) select 'aut674052733167405430a1',getdate(),convert(char(8),convert (time,getdate())),getdate(),convert(char(8),convert (time,getdate())),'aut','aut',bo.obrano, 6.000, 6.000*.0000000 ,bo.no, bo.estab,bo.nmdos ,bo.ndos, bo.obranome,bo.fechada, bo.dataobra ,bo.dataobra ,bo.dataopen,bo.datafecho,bo.local, bo.morada ,bo.codpost, bo.nome,bo.bostamp,10000 ,39.99,39.99*200.48,39.99,39.99*200.48 ,0,0,'un',' ' ,bo.marcada,1 ,39.99*6.000,39.99*6.000*200.48 ,11.700000,11.700000*200.48 ,11.700000,11.700000*200.48 ,bo.vendedor,bo.vendnm,bo.ccusto,bo.ncusto ,0,2,23.00,?,?,?,0,0,0,0,39.99,39.99*200.48,39.99*6.000,39.99*6.000*200.48,'pll24112132718,431000001 ',39.99,39.99*6.000,39.99,39.99*6.000,?,?,?,?,4 from wsbodata bo where bo.bostamp = 'aut67405832996740543065'
20241122@095144.7521 pqeamp7kcp4lmg1infoqc54vdg Query : use flama_phc
20241122@095144.7525 pqeamp7kcp4lmg1infoqc54vdg Query : select st.usalote valor from st where st.ref = '324.946.00.01'
20241122@095144.7544 pqeamp7kcp4lmg1infoqc54vdg Query : use flama_phc
20241122@095144.7547 pqeamp7kcp4lmg1infoqc54vdg Query : select st.stns valor from st where st.ref = '324.946.00.01'
20241122@095144.7564 pqeamp7kcp4lmg1infoqc54vdg Query : use flama_phc
20241122@095144.7567 pqeamp7kcp4lmg1infoqc54vdg Query : select isnull(sum(stock) ,0)stock ,isnull(sum(qttrec),0) qttrec ,0 qttcat ,isnull(sum(rescli),0) rescli ,isnull(sum(resfor),0) resfor from sa where sa.ref = '324.946.00.01' and sa.armazem = 133 
20241122@095144.7643 pqeamp7kcp4lmg1infoqc54vdg Query : use flama_phc
20241122@095144.7647 pqeamp7kcp4lmg1infoqc54vdg Query : select st.stns valor from st where st.ref = '324.946.00.01'
20241122@095144.7672 pqeamp7kcp4lmg1infoqc54vdg Query : select top 1 st.tabiva ,st.ivaincl ,st.stns ,st.uni2 ,st.familia ,isnull(tx.taxa, 0) txiva ,unidade ,usalote ,epcpond ,noserie ,conversao ,st.texteis from st left join taxasiva tx on st.tabiva = tx.codigo where st.ref = '324.946.00.01'
20241122@095144.7855 pqeamp7kcp4lmg1infoqc54vdg Query : select 1 valor from information_schema.tables where table_type='base table' and table_name='wstablefields'
20241122@095144.7875 pqeamp7kcp4lmg1infoqc54vdg Query : select fieldkey,fieldname,fieldtype,mandatory from wstablefields where tablename = 'bi' and documentnumber = 5
20241122@095144.7888 pqeamp7kcp4lmg1infoqc54vdg Query : select 1 valor from information_schema.tables where table_type='base table' and table_name='wstablefields'
20241122@095144.7902 pqeamp7kcp4lmg1infoqc54vdg Query : select fieldkey,fieldname,fieldtype,mandatory from wstablefields where tablename = 'bi2' and documentnumber = 5
20241122@095144.7911 pqeamp7kcp4lmg1infoqc54vdg Query : select sestamp valor from se where ref ='324.946.00.01' and lote = 'r2300941200a'
20241122@095144.7931 pqeamp7kcp4lmg1infoqc54vdg Query : select top 1 convert(numeric(6,2),t.taxa) valor from taxasiva t where t.codigo='2'
20241122@095144.7945 pqeamp7kcp4lmg1infoqc54vdg Query : select 1 valor from information_schema.tables where table_type='base table' and table_name='wstablefields'
20241122@095144.7962 pqeamp7kcp4lmg1infoqc54vdg Query : select fieldkey,fieldname,fieldtype,calcformula from wstablefields where tablename = 'bi2' and documentnumber = 5
20241122@095144.7974 pqeamp7kcp4lmg1infoqc54vdg Query : insert into wsbi2data (bi2stamp,bostamp,morada, local,codpost ,ousrdata, ousrhora, usrdata,usrhora,ousrinis,usrinis) select 'aut674057128167405430c1','aut67405832996740543065',bo.morada, bo.local,bo.codpost ,getdate(),convert(char(8),convert (time,getdate())),getdate(),convert(char(8),convert (time,getdate())),'aut','aut' from wsbodata bo where bo.bostamp = 'aut67405832996740543065'
20241122@095144.8128 pqeamp7kcp4lmg1infoqc54vdg Query : select 1 valor from information_schema.tables where table_type='base table' and table_name='wstablefields'
20241122@095144.8148 pqeamp7kcp4lmg1infoqc54vdg Query : select fieldkey,fieldname,fieldtype,calcformula from wstablefields where tablename = 'bi' and documentnumber = 5
20241122@095144.8165 pqeamp7kcp4lmg1infoqc54vdg Query : insert into wsbidata (bistamp,ousrdata, ousrhora, usrdata,usrhora,ousrinis,usrinis ,obrano, qtt,uni2qtt ,no, estab,nmdos ,ndos, obranome,fechada, dataobra ,rdata ,dataopen, datafecho,local, morada ,codpost, nome,bostamp,lordem ,edebito,debito, epu,pu ,ivaincl,stns,unidade, unidad2 ,marcada,usalote ,ettdeb,ttdeb,epcusto, pcusto ,ecustoind,custoind ,vendedor,vendnm, ccusto,ncusto ,noserie,tabiva,iva ,ref,design,familia,desconto,desc2,desc3,desc4,eslvu,slvu,esltt,sltt,oobistamp,vumoeda,ttmoeda,slvumoeda,slttmoeda,lote,armazem,ar2mazem,obistamp ,stipo) select 'aut674057128167405430c1',getdate(),convert(char(8),convert (time,getdate())),getdate(),convert(char(8),convert (time,getdate())),'aut','aut',bo.obrano, 8.000, 8.000*.0000000 ,bo.no, bo.estab,bo.nmdos ,bo.ndos, bo.obranome,bo.fechada, bo.dataobra ,bo.dataobra ,bo.dataopen,bo.datafecho,bo.local, bo.morada ,bo.codpost, bo.nome,bo.bostamp,20000 ,26.99,26.99*200.48,26.99,26.99*200.48 ,0,0,'un ',' ' ,bo.marcada,1 ,26.99*8.000,26.99*8.000*200.48 ,6.081000,6.081000*200.48 ,6.081000,6.081000*200.48 ,bo.vendedor,bo.vendnm,bo.ccusto,bo.ncusto ,0,2,23.00,?,?,?,0,0,0,0,26.99,26.99*200.48,26.99*8.000,26.99*8.000*200.48,'pll24112132891,142000003 ',26.99,26.99*8.000,26.99,26.99*8.000,?,?,?,?,4 from wsbodata bo where bo.bostamp = 'aut67405832996740543065'
20241122@095144.8508 pqeamp7kcp4lmg1infoqc54vdg Query : use flama_phc
20241122@095144.8511 pqeamp7kcp4lmg1infoqc54vdg Query : select st.usalote valor from st where st.ref = '327.8152.00.1'
20241122@095144.8526 pqeamp7kcp4lmg1infoqc54vdg Query : use flama_phc
20241122@095144.8529 pqeamp7kcp4lmg1infoqc54vdg Query : select st.stns valor from st where st.ref = '327.8152.00.1'
20241122@095144.8544 pqeamp7kcp4lmg1infoqc54vdg Query : use flama_phc
20241122@095144.8547 pqeamp7kcp4lmg1infoqc54vdg Query : select isnull(sum(stock) ,0)stock ,isnull(sum(qttrec),0) qttrec ,0 qttcat ,isnull(sum(rescli),0) rescli ,isnull(sum(resfor),0) resfor from sa where sa.ref = '327.8152.00.1' and sa.armazem = 133 
20241122@095144.8622 pqeamp7kcp4lmg1infoqc54vdg Query : use flama_phc
20241122@095144.8625 pqeamp7kcp4lmg1infoqc54vdg Query : select st.stns valor from st where st.ref = '327.8152.00.1'
20241122@095144.8644 pqeamp7kcp4lmg1infoqc54vdg Query : select top 1 st.tabiva ,st.ivaincl ,st.stns ,st.uni2 ,st.familia ,isnull(tx.taxa, 0) txiva ,unidade ,usalote ,epcpond ,noserie ,conversao ,st.texteis from st left join taxasiva tx on st.tabiva = tx.codigo where st.ref = '327.8152.00.1'
20241122@095144.8865 pqeamp7kcp4lmg1infoqc54vdg Query : select 1 valor from information_schema.tables where table_type='base table' and table_name='wstablefields'
20241122@095144.8882 pqeamp7kcp4lmg1infoqc54vdg Query : select fieldkey,fieldname,fieldtype,mandatory from wstablefields where tablename = 'bi' and documentnumber = 5
20241122@095144.8895 pqeamp7kcp4lmg1infoqc54vdg Query : select 1 valor from information_schema.tables where table_type='base table' and table_name='wstablefields'
20241122@095144.8909 pqeamp7kcp4lmg1infoqc54vdg Query : select fieldkey,fieldname,fieldtype,mandatory from wstablefields where tablename = 'bi2' and documentnumber = 5
20241122@095144.8917 pqeamp7kcp4lmg1infoqc54vdg Query : select sestamp valor from se where ref ='327.8152.00.1' and lote = 'r2400077200a'
20241122@095144.8937 pqeamp7kcp4lmg1infoqc54vdg Query : select top 1 convert(numeric(6,2),t.taxa) valor from taxasiva t where t.codigo='2'
20241122@095144.8952 pqeamp7kcp4lmg1infoqc54vdg Query : select 1 valor from information_schema.tables where table_type='base table' and table_name='wstablefields'
20241122@095144.8967 pqeamp7kcp4lmg1infoqc54vdg Query : select fieldkey,fieldname,fieldtype,calcformula from wstablefields where tablename = 'bi2' and documentnumber = 5
20241122@095144.8978 pqeamp7kcp4lmg1infoqc54vdg Query : insert into wsbi2data (bi2stamp,bostamp,morada, local,codpost ,ousrdata, ousrhora, usrdata,usrhora,ousrinis,usrinis) select 'aut674053634667405430da','aut67405832996740543065',bo.morada, bo.local,bo.codpost ,getdate(),convert(char(8),convert (time,getdate())),getdate(),convert(char(8),convert (time,getdate())),'aut','aut' from wsbodata bo where bo.bostamp = 'aut67405832996740543065'
20241122@095144.9129 pqeamp7kcp4lmg1infoqc54vdg Query : select 1 valor from information_schema.tables where table_type='base table' and table_name='wstablefields'
20241122@095144.9145 pqeamp7kcp4lmg1infoqc54vdg Query : select fieldkey,fieldname,fieldtype,calcformula from wstablefields where tablename = 'bi' and documentnumber = 5
20241122@095144.9160 pqeamp7kcp4lmg1infoqc54vdg Query : insert into wsbidata (bistamp,ousrdata, ousrhora, usrdata,usrhora,ousrinis,usrinis ,obrano, qtt,uni2qtt ,no, estab,nmdos ,ndos, obranome,fechada, dataobra ,rdata ,dataopen, datafecho,local, morada ,codpost, nome,bostamp,lordem ,edebito,debito, epu,pu ,ivaincl,stns,unidade, unidad2 ,marcada,usalote ,ettdeb,ttdeb,epcusto, pcusto ,ecustoind,custoind ,vendedor,vendnm, ccusto,ncusto ,noserie,tabiva,iva ,ref,design,familia,desconto,desc2,desc3,desc4,eslvu,slvu,esltt,sltt,oobistamp,vumoeda,ttmoeda,slvumoeda,slttmoeda,lote,armazem,ar2mazem,obistamp ,stipo) select 'aut674053634667405430da',getdate(),convert(char(8),convert (time,getdate())),getdate(),convert(char(8),convert (time,getdate())),'aut','aut',bo.obrano, 1.000, 1.000*.0000000 ,bo.no, bo.estab,bo.nmdos ,bo.ndos, bo.obranome,bo.fechada, bo.dataobra ,bo.dataobra ,bo.dataopen,bo.datafecho,bo.local, bo.morada ,bo.codpost, bo.nome,bo.bostamp,30000 ,349.99,349.99*200.48,349.99,349.99*200.48 ,0,0,'un ',' ' ,bo.marcada,1 ,349.99*1.000,349.99*1.000*200.48 ,107.642000,107.642000*200.48 ,107.642000,107.642000*200.48 ,bo.vendedor,bo.vendnm,bo.ccusto,bo.ncusto ,0,2,23.00,?,?,?,0,0,0,0,349.99,349.99*200.48,349.99*1.000,349.99*1.000*200.48,'pll24112132866,983000002 ',349.99,349.99*1.000,349.99,349.99*1.000,?,?,?,?,4 from wsbodata bo where bo.bostamp = 'aut67405832996740543065'
20241122@095144.9754 pqeamp7kcp4lmg1infoqc54vdg Query : use flama_phc
20241122@095144.9759 pqeamp7kcp4lmg1infoqc54vdg Query : select st.usalote valor from st where st.ref = '324.1643.00.1'
20241122@095144.9778 pqeamp7kcp4lmg1infoqc54vdg Query : use flama_phc
20241122@095144.9781 pqeamp7kcp4lmg1infoqc54vdg Query : select st.stns valor from st where st.ref = '324.1643.00.1'
20241122@095144.9856 pqeamp7kcp4lmg1infoqc54vdg Query : use flama_phc
20241122@095144.9859 pqeamp7kcp4lmg1infoqc54vdg Query : select isnull(sum(stock) ,0)stock ,isnull(sum(qttrec),0) qttrec ,0 qttcat ,isnull(sum(rescli),0) rescli ,isnull(sum(resfor),0) resfor from sa where sa.ref = '324.1643.00.1' and sa.armazem = 133 
20241122@095144.9931 pqeamp7kcp4lmg1infoqc54vdg Query : use flama_phc
20241122@095144.9934 pqeamp7kcp4lmg1infoqc54vdg Query : select st.stns valor from st where st.ref = '324.1643.00.1'
20241122@095144.9952 pqeamp7kcp4lmg1infoqc54vdg Query : select top 1 st.tabiva ,st.ivaincl ,st.stns ,st.uni2 ,st.familia ,isnull(tx.taxa, 0) txiva ,unidade ,usalote ,epcpond ,noserie ,conversao ,st.texteis from st left join taxasiva tx on st.tabiva = tx.codigo where st.ref = '324.1643.00.1'
20241122@095145.9900 pqeamp7kcp4lmg1infoqc54vdg Query : select 1 valor from information_schema.tables where table_type='base table' and table_name='wstablefields'
20241122@095145.1150 pqeamp7kcp4lmg1infoqc54vdg Query : select fieldkey,fieldname,fieldtype,mandatory from wstablefields where tablename = 'bi' and documentnumber = 5
20241122@095145.1290 pqeamp7kcp4lmg1infoqc54vdg Query : select 1 valor from information_schema.tables where table_type='base table' and table_name='wstablefields'
20241122@095145.1450 pqeamp7kcp4lmg1infoqc54vdg Query : select fieldkey,fieldname,fieldtype,mandatory from wstablefields where tablename = 'bi2' and documentnumber = 5
20241122@095145.1540 pqeamp7kcp4lmg1infoqc54vdg Query : select sestamp valor from se where ref ='324.1643.00.1' and lote = 'r2101218200a'
20241122@095145.1780 pqeamp7kcp4lmg1infoqc54vdg Query : select top 1 convert(numeric(6,2),t.taxa) valor from taxasiva t where t.codigo='2'
20241122@095145.1940 pqeamp7kcp4lmg1infoqc54vdg Query : select 1 valor from information_schema.tables where table_type='base table' and table_name='wstablefields'
20241122@095145.2240 pqeamp7kcp4lmg1infoqc54vdg Query : select fieldkey,fieldname,fieldtype,calcformula from wstablefields where tablename = 'bi2' and documentnumber = 5
20241122@095145.2410 pqeamp7kcp4lmg1infoqc54vdg Query : insert into wsbi2data (bi2stamp,bostamp,morada, local,codpost ,ousrdata, ousrhora, usrdata,usrhora,ousrinis,usrinis) select 'aut67405034666740543104','aut67405832996740543065',bo.morada, bo.local,bo.codpost ,getdate(),convert(char(8),convert (time,getdate())),getdate(),convert(char(8),convert (time,getdate())),'aut','aut' from wsbodata bo where bo.bostamp = 'aut67405832996740543065'
20241122@095145.4170 pqeamp7kcp4lmg1infoqc54vdg Query : select 1 valor from information_schema.tables where table_type='base table' and table_name='wstablefields'
20241122@095145.4350 pqeamp7kcp4lmg1infoqc54vdg Query : select fieldkey,fieldname,fieldtype,calcformula from wstablefields where tablename = 'bi' and documentnumber = 5
20241122@095145.4520 pqeamp7kcp4lmg1infoqc54vdg Query : insert into wsbidata (bistamp,ousrdata, ousrhora, usrdata,usrhora,ousrinis,usrinis ,obrano, qtt,uni2qtt ,no, estab,nmdos ,ndos, obranome,fechada, dataobra ,rdata ,dataopen, datafecho,local, morada ,codpost, nome,bostamp,lordem ,edebito,debito, epu,pu ,ivaincl,stns,unidade, unidad2 ,marcada,usalote ,ettdeb,ttdeb,epcusto, pcusto ,ecustoind,custoind ,vendedor,vendnm, ccusto,ncusto ,noserie,tabiva,iva ,ref,design,familia,desconto,desc2,desc3,desc4,eslvu,slvu,esltt,sltt,oobistamp,vumoeda,ttmoeda,slvumoeda,slttmoeda,lote,armazem,ar2mazem,obistamp ,stipo) select 'aut67405034666740543104',getdate(),convert(char(8),convert (time,getdate())),getdate(),convert(char(8),convert (time,getdate())),'aut','aut',bo.obrano, 8.000, 8.000*.0000000 ,bo.no, bo.estab,bo.nmdos ,bo.ndos, bo.obranome,bo.fechada, bo.dataobra ,bo.dataobra ,bo.dataopen,bo.datafecho,bo.local, bo.morada ,bo.codpost, bo.nome,bo.bostamp,40000 ,129.99,129.99*200.48,129.99,129.99*200.48 ,0,0,'un ','' ,bo.marcada,1 ,129.99*8.000,129.99*8.000*200.48 ,40.138000,40.138000*200.48 ,40.138000,40.138000*200.48 ,bo.vendedor,bo.vendnm,bo.ccusto,bo.ncusto ,0,2,23.00,?,?,?,0,0,0,0,129.99,129.99*200.48,129.99*8.000,129.99*8.000*200.48,'pll24112132910,387000004 ',129.99,129.99*8.000,129.99,129.99*8.000,?,?,?,?,4 from wsbodata bo where bo.bostamp = 'aut67405832996740543065'
20241122@095145.7680 pqeamp7kcp4lmg1infoqc54vdg Query : use flama_phc
20241122@095145.7740 pqeamp7kcp4lmg1infoqc54vdg Query : select st.usalote valor from st where st.ref = '324.1643.00.1'
20241122@095145.7890 pqeamp7kcp4lmg1infoqc54vdg Query : use flama_phc
20241122@095145.7910 pqeamp7kcp4lmg1infoqc54vdg Query : select st.stns valor from st where st.ref = '324.1643.00.1'
20241122@095145.8060 pqeamp7kcp4lmg1infoqc54vdg Query : use flama_phc
20241122@095145.8100 pqeamp7kcp4lmg1infoqc54vdg Query : select isnull(sum(stock) ,0)stock ,isnull(sum(qttrec),0) qttrec ,0 qttcat ,isnull(sum(rescli),0) rescli ,isnull(sum(resfor),0) resfor from sa where sa.ref = '324.1643.00.1' and sa.armazem = 133 
20241122@095145.8310 pqeamp7kcp4lmg1infoqc54vdg Query : use flama_phc
20241122@095145.8350 pqeamp7kcp4lmg1infoqc54vdg Query : select st.stns valor from st where st.ref = '324.1643.00.1'
20241122@095145.8530 pqeamp7kcp4lmg1infoqc54vdg Query : select top 1 st.tabiva ,st.ivaincl ,st.stns ,st.uni2 ,st.familia ,isnull(tx.taxa, 0) txiva ,unidade ,usalote ,epcpond ,noserie ,conversao ,st.texteis from st left join taxasiva tx on st.tabiva = tx.codigo where st.ref = '324.1643.00.1'
20241122@095145.8670 pqeamp7kcp4lmg1infoqc54vdg Query : select 1 valor from information_schema.tables where table_type='base table' and table_name='wstablefields'
20241122@095145.8830 pqeamp7kcp4lmg1infoqc54vdg Query : select fieldkey,fieldname,fieldtype,mandatory from wstablefields where tablename = 'bi' and documentnumber = 5
20241122@095145.8960 pqeamp7kcp4lmg1infoqc54vdg Query : select 1 valor from information_schema.tables where table_type='base table' and table_name='wstablefields'
20241122@095145.9100 pqeamp7kcp4lmg1infoqc54vdg Query : select fieldkey,fieldname,fieldtype,mandatory from wstablefields where tablename = 'bi2' and documentnumber = 5
20241122@095145.9190 pqeamp7kcp4lmg1infoqc54vdg Query : select sestamp valor from se where ref ='324.1643.00.1' and lote = 'r2101218200a'
20241122@095145.9310 pqeamp7kcp4lmg1infoqc54vdg Query : select top 1 convert(numeric(6,2),t.taxa) valor from taxasiva t where t.codigo='2'
20241122@095145.9430 pqeamp7kcp4lmg1infoqc54vdg Query : select 1 valor from information_schema.tables where table_type='base table' and table_name='wstablefields'
20241122@095145.9570 pqeamp7kcp4lmg1infoqc54vdg Query : select fieldkey,fieldname,fieldtype,calcformula from wstablefields where tablename = 'bi2' and documentnumber = 5
20241122@095145.9690 pqeamp7kcp4lmg1infoqc54vdg Query : insert into wsbi2data (bi2stamp,bostamp,morada, local,codpost ,ousrdata, ousrhora, usrdata,usrhora,ousrinis,usrinis) select 'aut67405463876740543117','aut67405832996740543065',bo.morada, bo.local,bo.codpost ,getdate(),convert(char(8),convert (time,getdate())),getdate(),convert(char(8),convert (time,getdate())),'aut','aut' from wsbodata bo where bo.bostamp = 'aut67405832996740543065'
20241122@095145.1130 pqeamp7kcp4lmg1infoqc54vdg Query : select 1 valor from information_schema.tables where table_type='base table' and table_name='wstablefields'
20241122@095145.1148 pqeamp7kcp4lmg1infoqc54vdg Query : select fieldkey,fieldname,fieldtype,calcformula from wstablefields where tablename = 'bi' and documentnumber = 5
20241122@095145.1163 pqeamp7kcp4lmg1infoqc54vdg Query : insert into wsbidata (bistamp,ousrdata, ousrhora, usrdata,usrhora,ousrinis,usrinis ,obrano, qtt,uni2qtt ,no, estab,nmdos ,ndos, obranome,fechada, dataobra ,rdata ,dataopen, datafecho,local, morada ,codpost, nome,bostamp,lordem ,edebito,debito, epu,pu ,ivaincl,stns,unidade, unidad2 ,marcada,usalote ,ettdeb,ttdeb,epcusto, pcusto ,ecustoind,custoind ,vendedor,vendnm, ccusto,ncusto ,noserie,tabiva,iva ,ref,design,familia,desconto,desc2,desc3,desc4,eslvu,slvu,esltt,sltt,oobistamp,vumoeda,ttmoeda,slvumoeda,slttmoeda,lote,armazem,ar2mazem,obistamp ,stipo) select 'aut67405463876740543117',getdate(),convert(char(8),convert (time,getdate())),getdate(),convert(char(8),convert (time,getdate())),'aut','aut',bo.obrano, 4.000, 4.000*.0000000 ,bo.no, bo.estab,bo.nmdos ,bo.ndos, bo.obranome,bo.fechada, bo.dataobra ,bo.dataobra ,bo.dataopen,bo.datafecho,bo.local, bo.morada ,bo.codpost, bo.nome,bo.bostamp,50000 ,129.99,129.99*200.48,129.99,129.99*200.48 ,0,0,'un ','' ,bo.marcada,1 ,129.99*4.000,129.99*4.000*200.48 ,40.138000,40.138000*200.48 ,40.138000,40.138000*200.48 ,bo.vendedor,bo.vendnm,bo.ccusto,bo.ncusto ,0,2,23.00,?,?,?,0,0,0,0,129.99,129.99*200.48,129.99*4.000,129.99*4.000*200.48,'pll24112132910,387000004 ',129.99,129.99*4.000,129.99,129.99*4.000,?,?,?,?,4 from wsbodata bo where bo.bostamp = 'aut67405832996740543065'
20241122@095145.1501 pqeamp7kcp4lmg1infoqc54vdg Query : use flama_phc
20241122@095145.1504 pqeamp7kcp4lmg1infoqc54vdg Query : select st.usalote valor from st where st.ref = '324.4970.00.1'
20241122@095145.1518 pqeamp7kcp4lmg1infoqc54vdg Query : use flama_phc
20241122@095145.1521 pqeamp7kcp4lmg1infoqc54vdg Query : select st.stns valor from st where st.ref = '324.4970.00.1'
20241122@095145.1601 pqeamp7kcp4lmg1infoqc54vdg Query : use flama_phc
20241122@095145.1604 pqeamp7kcp4lmg1infoqc54vdg Query : select isnull(sum(stock) ,0)stock ,isnull(sum(qttrec),0) qttrec ,0 qttcat ,isnull(sum(rescli),0) rescli ,isnull(sum(resfor),0) resfor from sa where sa.ref = '324.4970.00.1' and sa.armazem = 133 
20241122@095145.1677 pqeamp7kcp4lmg1infoqc54vdg Query : use flama_phc
20241122@095145.1679 pqeamp7kcp4lmg1infoqc54vdg Query : select st.stns valor from st where st.ref = '324.4970.00.1'
20241122@095145.1707 pqeamp7kcp4lmg1infoqc54vdg Query : select top 1 st.tabiva ,st.ivaincl ,st.stns ,st.uni2 ,st.familia ,isnull(tx.taxa, 0) txiva ,unidade ,usalote ,epcpond ,noserie ,conversao ,st.texteis from st left join taxasiva tx on st.tabiva = tx.codigo where st.ref = '324.4970.00.1'
20241122@095145.1853 pqeamp7kcp4lmg1infoqc54vdg Query : select 1 valor from information_schema.tables where table_type='base table' and table_name='wstablefields'
20241122@095145.1868 pqeamp7kcp4lmg1infoqc54vdg Query : select fieldkey,fieldname,fieldtype,mandatory from wstablefields where tablename = 'bi' and documentnumber = 5
20241122@095145.1881 pqeamp7kcp4lmg1infoqc54vdg Query : select 1 valor from information_schema.tables where table_type='base table' and table_name='wstablefields'
20241122@095145.1895 pqeamp7kcp4lmg1infoqc54vdg Query : select fieldkey,fieldname,fieldtype,mandatory from wstablefields where tablename = 'bi2' and documentnumber = 5
20241122@095145.1903 pqeamp7kcp4lmg1infoqc54vdg Query : select sestamp valor from se where ref ='324.4970.00.1' and lote = 'r2400492200a'
20241122@095145.1922 pqeamp7kcp4lmg1infoqc54vdg Query : select top 1 convert(numeric(6,2),t.taxa) valor from taxasiva t where t.codigo='2'
20241122@095145.1935 pqeamp7kcp4lmg1infoqc54vdg Query : select 1 valor from information_schema.tables where table_type='base table' and table_name='wstablefields'
20241122@095145.1952 pqeamp7kcp4lmg1infoqc54vdg Query : select fieldkey,fieldname,fieldtype,calcformula from wstablefields where tablename = 'bi2' and documentnumber = 5
20241122@095145.1964 pqeamp7kcp4lmg1infoqc54vdg Query : insert into wsbi2data (bi2stamp,bostamp,morada, local,codpost ,ousrdata, ousrhora, usrdata,usrhora,ousrinis,usrinis) select 'aut6740569903674054312f','aut67405832996740543065',bo.morada, bo.local,bo.codpost ,getdate(),convert(char(8),convert (time,getdate())),getdate(),convert(char(8),convert (time,getdate())),'aut','aut' from wsbodata bo where bo.bostamp = 'aut67405832996740543065'
20241122@095145.2136 pqeamp7kcp4lmg1infoqc54vdg Query : select 1 valor from information_schema.tables where table_type='base table' and table_name='wstablefields'
20241122@095145.2153 pqeamp7kcp4lmg1infoqc54vdg Query : select fieldkey,fieldname,fieldtype,calcformula from wstablefields where tablename = 'bi' and documentnumber = 5
20241122@095145.2169 pqeamp7kcp4lmg1infoqc54vdg Query : insert into wsbidata (bistamp,ousrdata, ousrhora, usrdata,usrhora,ousrinis,usrinis ,obrano, qtt,uni2qtt ,no, estab,nmdos ,ndos, obranome,fechada, dataobra ,rdata ,dataopen, datafecho,local, morada ,codpost, nome,bostamp,lordem ,edebito,debito, epu,pu ,ivaincl,stns,unidade, unidad2 ,marcada,usalote ,ettdeb,ttdeb,epcusto, pcusto ,ecustoind,custoind ,vendedor,vendnm, ccusto,ncusto ,noserie,tabiva,iva ,ref,design,familia,desconto,desc2,desc3,desc4,eslvu,slvu,esltt,sltt,oobistamp,vumoeda,ttmoeda,slvumoeda,slttmoeda,lote,armazem,ar2mazem,obistamp ,stipo) select 'aut6740569903674054312f',getdate(),convert(char(8),convert (time,getdate())),getdate(),convert(char(8),convert (time,getdate())),'aut','aut',bo.obrano, 12.000, 12.000*.0000000 ,bo.no, bo.estab,bo.nmdos ,bo.ndos, bo.obranome,bo.fechada, bo.dataobra ,bo.dataobra ,bo.dataopen,bo.datafecho,bo.local, bo.morada ,bo.codpost, bo.nome,bo.bostamp,60000 ,39.99,39.99*200.48,39.99,39.99*200.48 ,0,0,'un',' ' ,bo.marcada,1 ,39.99*12.000,39.99*12.000*200.48 ,9.098000,9.098000*200.48 ,9.098000,9.098000*200.48 ,bo.vendedor,bo.vendnm,bo.ccusto,bo.ncusto ,0,2,23.00,?,?,?,0,0,0,0,39.99,39.99*200.48,39.99*12.000,39.99*12.000*200.48,'pll24112132943,992000005 ',39.99,39.99*12.000,39.99,39.99*12.000,?,?,?,?,4 from wsbodata bo where bo.bostamp = 'aut67405832996740543065'
20241122@095145.2508 pqeamp7kcp4lmg1infoqc54vdg Query : use flama_phc
20241122@095145.2512 pqeamp7kcp4lmg1infoqc54vdg Query : select st.usalote valor from st where st.ref = '324.497.00.01'
20241122@095145.2532 pqeamp7kcp4lmg1infoqc54vdg Query : use flama_phc
20241122@095145.2538 pqeamp7kcp4lmg1infoqc54vdg Query : select st.stns valor from st where st.ref = '324.497.00.01'
20241122@095145.2557 pqeamp7kcp4lmg1infoqc54vdg Query : use flama_phc
20241122@095145.2561 pqeamp7kcp4lmg1infoqc54vdg Query : select isnull(sum(stock) ,0)stock ,isnull(sum(qttrec),0) qttrec ,0 qttcat ,isnull(sum(rescli),0) rescli ,isnull(sum(resfor),0) resfor from sa where sa.ref = '324.497.00.01' and sa.armazem = 133 
20241122@095145.2634 pqeamp7kcp4lmg1infoqc54vdg Query : use flama_phc
20241122@095145.2637 pqeamp7kcp4lmg1infoqc54vdg Query : select st.stns valor from st where st.ref = '324.497.00.01'
20241122@095145.2658 pqeamp7kcp4lmg1infoqc54vdg Query : select top 1 st.tabiva ,st.ivaincl ,st.stns ,st.uni2 ,st.familia ,isnull(tx.taxa, 0) txiva ,unidade ,usalote ,epcpond ,noserie ,conversao ,st.texteis from st left join taxasiva tx on st.tabiva = tx.codigo where st.ref = '324.497.00.01'
20241122@095145.2808 pqeamp7kcp4lmg1infoqc54vdg Query : select 1 valor from information_schema.tables where table_type='base table' and table_name='wstablefields'
20241122@095145.2827 pqeamp7kcp4lmg1infoqc54vdg Query : select fieldkey,fieldname,fieldtype,mandatory from wstablefields where tablename = 'bi' and documentnumber = 5
20241122@095145.2839 pqeamp7kcp4lmg1infoqc54vdg Query : select 1 valor from information_schema.tables where table_type='base table' and table_name='wstablefields'
20241122@095145.2853 pqeamp7kcp4lmg1infoqc54vdg Query : select fieldkey,fieldname,fieldtype,mandatory from wstablefields where tablename = 'bi2' and documentnumber = 5
20241122@095145.2861 pqeamp7kcp4lmg1infoqc54vdg Query : select sestamp valor from se where ref ='324.497.00.01' and lote = 'r2300022100a'
20241122@095145.2882 pqeamp7kcp4lmg1infoqc54vdg Query : select top 1 convert(numeric(6,2),t.taxa) valor from taxasiva t where t.codigo='2'
20241122@095145.2893 pqeamp7kcp4lmg1infoqc54vdg Query : select 1 valor from information_schema.tables where table_type='base table' and table_name='wstablefields'
20241122@095145.2907 pqeamp7kcp4lmg1infoqc54vdg Query : select fieldkey,fieldname,fieldtype,calcformula from wstablefields where tablename = 'bi2' and documentnumber = 5
20241122@095145.2918 pqeamp7kcp4lmg1infoqc54vdg Query : insert into wsbi2data (bi2stamp,bostamp,morada, local,codpost ,ousrdata, ousrhora, usrdata,usrhora,ousrinis,usrinis) select 'aut67405769286740543146','aut67405832996740543065',bo.morada, bo.local,bo.codpost ,getdate(),convert(char(8),convert (time,getdate())),getdate(),convert(char(8),convert (time,getdate())),'aut','aut' from wsbodata bo where bo.bostamp = 'aut67405832996740543065'
20241122@095145.3068 pqeamp7kcp4lmg1infoqc54vdg Query : select 1 valor from information_schema.tables where table_type='base table' and table_name='wstablefields'
20241122@095145.3085 pqeamp7kcp4lmg1infoqc54vdg Query : select fieldkey,fieldname,fieldtype,calcformula from wstablefields where tablename = 'bi' and documentnumber = 5
20241122@095145.3101 pqeamp7kcp4lmg1infoqc54vdg Query : insert into wsbidata (bistamp,ousrdata, ousrhora, usrdata,usrhora,ousrinis,usrinis ,obrano, qtt,uni2qtt ,no, estab,nmdos ,ndos, obranome,fechada, dataobra ,rdata ,dataopen, datafecho,local, morada ,codpost, nome,bostamp,lordem ,edebito,debito, epu,pu ,ivaincl,stns,unidade, unidad2 ,marcada,usalote ,ettdeb,ttdeb,epcusto, pcusto ,ecustoind,custoind ,vendedor,vendnm, ccusto,ncusto ,noserie,tabiva,iva ,ref,design,familia,desconto,desc2,desc3,desc4,eslvu,slvu,esltt,sltt,oobistamp,vumoeda,ttmoeda,slvumoeda,slttmoeda,lote,armazem,ar2mazem,obistamp ,stipo) select 'aut67405769286740543146',getdate(),convert(char(8),convert (time,getdate())),getdate(),convert(char(8),convert (time,getdate())),'aut','aut',bo.obrano, 12.000, 12.000*.0000000 ,bo.no, bo.estab,bo.nmdos ,bo.ndos, bo.obranome,bo.fechada, bo.dataobra ,bo.dataobra ,bo.dataopen,bo.datafecho,bo.local, bo.morada ,bo.codpost, bo.nome,bo.bostamp,70000 ,29.99,29.99*200.48,29.99,29.99*200.48 ,0,0,'un',' ' ,bo.marcada,1 ,29.99*12.000,29.99*12.000*200.48 ,8.279000,8.279000*200.48 ,8.279000,8.279000*200.48 ,bo.vendedor,bo.vendnm,bo.ccusto,bo.ncusto ,0,2,23.00,?,?,?,0,0,0,0,29.99,29.99*200.48,29.99*12.000,29.99*12.000*200.48,'pll24112132966,641000006 ',29.99,29.99*12.000,29.99,29.99*12.000,?,?,?,?,4 from wsbodata bo where bo.bostamp = 'aut67405832996740543065'
20241122@095145.3428 pqeamp7kcp4lmg1infoqc54vdg Query : use flama_phc
20241122@095145.3431 pqeamp7kcp4lmg1infoqc54vdg Query : select st.usalote valor from st where st.ref = '324.1406.00.1'
20241122@095145.3447 pqeamp7kcp4lmg1infoqc54vdg Query : use flama_phc
20241122@095145.3449 pqeamp7kcp4lmg1infoqc54vdg Query : select st.stns valor from st where st.ref = '324.1406.00.1'
20241122@095145.3466 pqeamp7kcp4lmg1infoqc54vdg Query : use flama_phc
20241122@095145.3468 pqeamp7kcp4lmg1infoqc54vdg Query : select isnull(sum(stock) ,0)stock ,isnull(sum(qttrec),0) qttrec ,0 qttcat ,isnull(sum(rescli),0) rescli ,isnull(sum(resfor),0) resfor from sa where sa.ref = '324.1406.00.1' and sa.armazem = 133 
20241122@095145.3539 pqeamp7kcp4lmg1infoqc54vdg Query : use flama_phc
20241122@095145.3541 pqeamp7kcp4lmg1infoqc54vdg Query : select st.stns valor from st where st.ref = '324.1406.00.1'
20241122@095145.3562 pqeamp7kcp4lmg1infoqc54vdg Query : select top 1 st.tabiva ,st.ivaincl ,st.stns ,st.uni2 ,st.familia ,isnull(tx.taxa, 0) txiva ,unidade ,usalote ,epcpond ,noserie ,conversao ,st.texteis from st left join taxasiva tx on st.tabiva = tx.codigo where st.ref = '324.1406.00.1'
20241122@095145.3716 pqeamp7kcp4lmg1infoqc54vdg Query : select 1 valor from information_schema.tables where table_type='base table' and table_name='wstablefields'
20241122@095145.3732 pqeamp7kcp4lmg1infoqc54vdg Query : select fieldkey,fieldname,fieldtype,mandatory from wstablefields where tablename = 'bi' and documentnumber = 5
20241122@095145.3745 pqeamp7kcp4lmg1infoqc54vdg Query : select 1 valor from information_schema.tables where table_type='base table' and table_name='wstablefields'
20241122@095145.3760 pqeamp7kcp4lmg1infoqc54vdg Query : select fieldkey,fieldname,fieldtype,mandatory from wstablefields where tablename = 'bi2' and documentnumber = 5
20241122@095145.3768 pqeamp7kcp4lmg1infoqc54vdg Query : select sestamp valor from se where ref ='324.1406.00.1' and lote = 'r2400744200a'
20241122@095145.3783 pqeamp7kcp4lmg1infoqc54vdg Query : select top 1 convert(numeric(6,2),t.taxa) valor from taxasiva t where t.codigo='2'
20241122@095145.3795 pqeamp7kcp4lmg1infoqc54vdg Query : select 1 valor from information_schema.tables where table_type='base table' and table_name='wstablefields'
20241122@095145.3811 pqeamp7kcp4lmg1infoqc54vdg Query : select fieldkey,fieldname,fieldtype,calcformula from wstablefields where tablename = 'bi2' and documentnumber = 5
20241122@095145.3823 pqeamp7kcp4lmg1infoqc54vdg Query : insert into wsbi2data (bi2stamp,bostamp,morada, local,codpost ,ousrdata, ousrhora, usrdata,usrhora,ousrinis,usrinis) select 'aut6740551263674054315c','aut67405832996740543065',bo.morada, bo.local,bo.codpost ,getdate(),convert(char(8),convert (time,getdate())),getdate(),convert(char(8),convert (time,getdate())),'aut','aut' from wsbodata bo where bo.bostamp = 'aut67405832996740543065'
20241122@095145.3984 pqeamp7kcp4lmg1infoqc54vdg Query : select 1 valor from information_schema.tables where table_type='base table' and table_name='wstablefields'
20241122@095145.4001 pqeamp7kcp4lmg1infoqc54vdg Query : select fieldkey,fieldname,fieldtype,calcformula from wstablefields where tablename = 'bi' and documentnumber = 5
20241122@095145.4017 pqeamp7kcp4lmg1infoqc54vdg Query : insert into wsbidata (bistamp,ousrdata, ousrhora, usrdata,usrhora,ousrinis,usrinis ,obrano, qtt,uni2qtt ,no, estab,nmdos ,ndos, obranome,fechada, dataobra ,rdata ,dataopen, datafecho,local, morada ,codpost, nome,bostamp,lordem ,edebito,debito, epu,pu ,ivaincl,stns,unidade, unidad2 ,marcada,usalote ,ettdeb,ttdeb,epcusto, pcusto ,ecustoind,custoind ,vendedor,vendnm, ccusto,ncusto ,noserie,tabiva,iva ,ref,design,familia,desconto,desc2,desc3,desc4,eslvu,slvu,esltt,sltt,oobistamp,vumoeda,ttmoeda,slvumoeda,slttmoeda,lote,armazem,ar2mazem,obistamp ,stipo) select 'aut6740551263674054315c',getdate(),convert(char(8),convert (time,getdate())),getdate(),convert(char(8),convert (time,getdate())),'aut','aut',bo.obrano, 12.000, 12.000*.0000000 ,bo.no, bo.estab,bo.nmdos ,bo.ndos, bo.obranome,bo.fechada, bo.dataobra ,bo.dataobra ,bo.dataopen,bo.datafecho,bo.local, bo.morada ,bo.codpost, bo.nome,bo.bostamp,80000 ,34.99,34.99*200.48,34.99,34.99*200.48 ,0,0,'un ',' ' ,bo.marcada,1 ,34.99*12.000,34.99*12.000*200.48 ,10.378000,10.378000*200.48 ,10.378000,10.378000*200.48 ,bo.vendedor,bo.vendnm,bo.ccusto,bo.ncusto ,0,2,23.00,?,?,?,0,0,0,0,34.99,34.99*200.48,34.99*12.000,34.99*12.000*200.48,'pll24112132984,770000007 ',34.99,34.99*12.000,34.99,34.99*12.000,?,?,?,?,4 from wsbodata bo where bo.bostamp = 'aut67405832996740543065'
20241122@095145.4534 pqeamp7kcp4lmg1infoqc54vdg Query : use flama_phc
20241122@095145.4577 pqeamp7kcp4lmg1infoqc54vdg Query : select st.usalote valor from st where st.ref = '324.1705.00.1'
20241122@095145.4704 pqeamp7kcp4lmg1infoqc54vdg Query : use flama_phc
20241122@095145.4707 pqeamp7kcp4lmg1infoqc54vdg Query : select st.stns valor from st where st.ref = '324.1705.00.1'
20241122@095145.4724 pqeamp7kcp4lmg1infoqc54vdg Query : use flama_phc
20241122@095145.4726 pqeamp7kcp4lmg1infoqc54vdg Query : select isnull(sum(stock) ,0)stock ,isnull(sum(qttrec),0) qttrec ,0 qttcat ,isnull(sum(rescli),0) rescli ,isnull(sum(resfor),0) resfor from sa where sa.ref = '324.1705.00.1' and sa.armazem = 133 
20241122@095145.4806 pqeamp7kcp4lmg1infoqc54vdg Query : use flama_phc
20241122@095145.4809 pqeamp7kcp4lmg1infoqc54vdg Query : select st.stns valor from st where st.ref = '324.1705.00.1'
20241122@095145.4831 pqeamp7kcp4lmg1infoqc54vdg Query : select top 1 st.tabiva ,st.ivaincl ,st.stns ,st.uni2 ,st.familia ,isnull(tx.taxa, 0) txiva ,unidade ,usalote ,epcpond ,noserie ,conversao ,st.texteis from st left join taxasiva tx on st.tabiva = tx.codigo where st.ref = '324.1705.00.1'
20241122@095145.4972 pqeamp7kcp4lmg1infoqc54vdg Query : select 1 valor from information_schema.tables where table_type='base table' and table_name='wstablefields'
20241122@095145.4992 pqeamp7kcp4lmg1infoqc54vdg Query : select fieldkey,fieldname,fieldtype,mandatory from wstablefields where tablename = 'bi' and documentnumber = 5
20241122@095145.5007 pqeamp7kcp4lmg1infoqc54vdg Query : select 1 valor from information_schema.tables where table_type='base table' and table_name='wstablefields'
20241122@095145.5026 pqeamp7kcp4lmg1infoqc54vdg Query : select fieldkey,fieldname,fieldtype,mandatory from wstablefields where tablename = 'bi2' and documentnumber = 5
20241122@095145.5035 pqeamp7kcp4lmg1infoqc54vdg Query : select sestamp valor from se where ref ='324.1705.00.1' and lote = 'r2400050500a'
20241122@095145.5055 pqeamp7kcp4lmg1infoqc54vdg Query : select top 1 convert(numeric(6,2),t.taxa) valor from taxasiva t where t.codigo='2'
20241122@095145.5082 pqeamp7kcp4lmg1infoqc54vdg Query : select 1 valor from information_schema.tables where table_type='base table' and table_name='wstablefields'
20241122@095145.5097 pqeamp7kcp4lmg1infoqc54vdg Query : select fieldkey,fieldname,fieldtype,calcformula from wstablefields where tablename = 'bi2' and documentnumber = 5
20241122@095145.5109 pqeamp7kcp4lmg1infoqc54vdg Query : insert into wsbi2data (bi2stamp,bostamp,morada, local,codpost ,ousrdata, ousrhora, usrdata,usrhora,ousrinis,usrinis) select 'aut6740533837674054317c','aut67405832996740543065',bo.morada, bo.local,bo.codpost ,getdate(),convert(char(8),convert (time,getdate())),getdate(),convert(char(8),convert (time,getdate())),'aut','aut' from wsbodata bo where bo.bostamp = 'aut67405832996740543065'
20241122@095145.5280 pqeamp7kcp4lmg1infoqc54vdg Query : select 1 valor from information_schema.tables where table_type='base table' and table_name='wstablefields'
20241122@095145.5296 pqeamp7kcp4lmg1infoqc54vdg Query : select fieldkey,fieldname,fieldtype,calcformula from wstablefields where tablename = 'bi' and documentnumber = 5
20241122@095145.5311 pqeamp7kcp4lmg1infoqc54vdg Query : insert into wsbidata (bistamp,ousrdata, ousrhora, usrdata,usrhora,ousrinis,usrinis ,obrano, qtt,uni2qtt ,no, estab,nmdos ,ndos, obranome,fechada, dataobra ,rdata ,dataopen, datafecho,local, morada ,codpost, nome,bostamp,lordem ,edebito,debito, epu,pu ,ivaincl,stns,unidade, unidad2 ,marcada,usalote ,ettdeb,ttdeb,epcusto, pcusto ,ecustoind,custoind ,vendedor,vendnm, ccusto,ncusto ,noserie,tabiva,iva ,ref,design,familia,desconto,desc2,desc3,desc4,eslvu,slvu,esltt,sltt,oobistamp,vumoeda,ttmoeda,slvumoeda,slttmoeda,lote,armazem,ar2mazem,obistamp ,stipo) select 'aut6740533837674054317c',getdate(),convert(char(8),convert (time,getdate())),getdate(),convert(char(8),convert (time,getdate())),'aut','aut',bo.obrano, 8.000, 8.000*.0000000 ,bo.no, bo.estab,bo.nmdos ,bo.ndos, bo.obranome,bo.fechada, bo.dataobra ,bo.dataobra ,bo.dataopen,bo.datafecho,bo.local, bo.morada ,bo.codpost, bo.nome,bo.bostamp,90000 ,49.99,49.99*200.48,49.99,49.99*200.48 ,0,0,'un',' ' ,bo.marcada,1 ,49.99*8.000,49.99*8.000*200.48 ,11.739000,11.739000*200.48 ,11.739000,11.739000*200.48 ,bo.vendedor,bo.vendnm,bo.ccusto,bo.ncusto ,0,2,23.00,?,?,?,0,0,0,0,49.99,49.99*200.48,49.99*8.000,49.99*8.000*200.48,'pll24112133006,372000008 ',49.99,49.99*8.000,49.99,49.99*8.000,?,?,?,?,4 from wsbodata bo where bo.bostamp = 'aut67405832996740543065'
20241122@095145.5738 pqeamp7kcp4lmg1infoqc54vdg Query : use flama_phc
20241122@095145.5742 pqeamp7kcp4lmg1infoqc54vdg Query : select st.usalote valor from st where st.ref = '322.227.24.01'
20241122@095145.5756 pqeamp7kcp4lmg1infoqc54vdg Query : use flama_phc
20241122@095145.5759 pqeamp7kcp4lmg1infoqc54vdg Query : select st.stns valor from st where st.ref = '322.227.24.01'
20241122@095145.5775 pqeamp7kcp4lmg1infoqc54vdg Query : use flama_phc
20241122@095145.5778 pqeamp7kcp4lmg1infoqc54vdg Query : select isnull(sum(stock) ,0)stock ,isnull(sum(qttrec),0) qttrec ,0 qttcat ,isnull(sum(rescli),0) rescli ,isnull(sum(resfor),0) resfor from sa where sa.ref = '322.227.24.01' and sa.armazem = 133 
20241122@095145.5861 pqeamp7kcp4lmg1infoqc54vdg Query : use flama_phc
20241122@095145.5864 pqeamp7kcp4lmg1infoqc54vdg Query : select st.stns valor from st where st.ref = '322.227.24.01'
20241122@095145.5889 pqeamp7kcp4lmg1infoqc54vdg Query : select top 1 st.tabiva ,st.ivaincl ,st.stns ,st.uni2 ,st.familia ,isnull(tx.taxa, 0) txiva ,unidade ,usalote ,epcpond ,noserie ,conversao ,st.texteis from st left join taxasiva tx on st.tabiva = tx.codigo where st.ref = '322.227.24.01'
20241122@095145.6112 pqeamp7kcp4lmg1infoqc54vdg Query : select 1 valor from information_schema.tables where table_type='base table' and table_name='wstablefields'
20241122@095145.6132 pqeamp7kcp4lmg1infoqc54vdg Query : select fieldkey,fieldname,fieldtype,mandatory from wstablefields where tablename = 'bi' and documentnumber = 5
20241122@095145.6148 pqeamp7kcp4lmg1infoqc54vdg Query : select 1 valor from information_schema.tables where table_type='base table' and table_name='wstablefields'
20241122@095145.6163 pqeamp7kcp4lmg1infoqc54vdg Query : select fieldkey,fieldname,fieldtype,mandatory from wstablefields where tablename = 'bi2' and documentnumber = 5
20241122@095145.6210 pqeamp7kcp4lmg1infoqc54vdg Query : select sestamp valor from se where ref ='322.227.24.01' and lote = 'r2200095100a'
20241122@095145.6271 pqeamp7kcp4lmg1infoqc54vdg Query : select top 1 convert(numeric(6,2),t.taxa) valor from taxasiva t where t.codigo='2'
20241122@095145.6286 pqeamp7kcp4lmg1infoqc54vdg Query : select 1 valor from information_schema.tables where table_type='base table' and table_name='wstablefields'
20241122@095145.6345 pqeamp7kcp4lmg1infoqc54vdg Query : select fieldkey,fieldname,fieldtype,calcformula from wstablefields where tablename = 'bi2' and documentnumber = 5
20241122@095145.6357 pqeamp7kcp4lmg1infoqc54vdg Query : insert into wsbi2data (bi2stamp,bostamp,morada, local,codpost ,ousrdata, ousrhora, usrdata,usrhora,ousrinis,usrinis) select 'aut67405140056740543199','aut67405832996740543065',bo.morada, bo.local,bo.codpost ,getdate(),convert(char(8),convert (time,getdate())),getdate(),convert(char(8),convert (time,getdate())),'aut','aut' from wsbodata bo where bo.bostamp = 'aut67405832996740543065'
20241122@095145.6524 pqeamp7kcp4lmg1infoqc54vdg Query : select 1 valor from information_schema.tables where table_type='base table' and table_name='wstablefields'
20241122@095145.6544 pqeamp7kcp4lmg1infoqc54vdg Query : select fieldkey,fieldname,fieldtype,calcformula from wstablefields where tablename = 'bi' and documentnumber = 5
20241122@095145.6586 pqeamp7kcp4lmg1infoqc54vdg Query : insert into wsbidata (bistamp,ousrdata, ousrhora, usrdata,usrhora,ousrinis,usrinis ,obrano, qtt,uni2qtt ,no, estab,nmdos ,ndos, obranome,fechada, dataobra ,rdata ,dataopen, datafecho,local, morada ,codpost, nome,bostamp,lordem ,edebito,debito, epu,pu ,ivaincl,stns,unidade, unidad2 ,marcada,usalote ,ettdeb,ttdeb,epcusto, pcusto ,ecustoind,custoind ,vendedor,vendnm, ccusto,ncusto ,noserie,tabiva,iva ,ref,design,familia,desconto,desc2,desc3,desc4,eslvu,slvu,esltt,sltt,oobistamp,vumoeda,ttmoeda,slvumoeda,slttmoeda,lote,armazem,ar2mazem,obistamp ,stipo) select 'aut67405140056740543199',getdate(),convert(char(8),convert (time,getdate())),getdate(),convert(char(8),convert (time,getdate())),'aut','aut',bo.obrano, 6.000, 6.000*.0000000 ,bo.no, bo.estab,bo.nmdos ,bo.ndos, bo.obranome,bo.fechada, bo.dataobra ,bo.dataobra ,bo.dataopen,bo.datafecho,bo.local, bo.morada ,bo.codpost, bo.nome,bo.bostamp,100000 ,26.99,26.99*200.48,26.99,26.99*200.48 ,0,0,'un ',' ' ,bo.marcada,1 ,26.99*6.000,26.99*6.000*200.48 ,6.874000,6.874000*200.48 ,6.874000,6.874000*200.48 ,bo.vendedor,bo.vendnm,bo.ccusto,bo.ncusto ,0,2,23.00,?,?,?,0,0,0,0,26.99,26.99*200.48,26.99*6.000,26.99*6.000*200.48,'pll24112133019,889000009 ',26.99,26.99*6.000,26.99,26.99*6.000,?,?,?,?,4 from wsbodata bo where bo.bostamp = 'aut67405832996740543065'
20241122@095145.7195 pqeamp7kcp4lmg1infoqc54vdg Query : use flama_phc
20241122@095145.8080 pqeamp7kcp4lmg1infoqc54vdg Query : select st.usalote valor from st where st.ref = '322.227.28.01'
20241122@095145.8459 pqeamp7kcp4lmg1infoqc54vdg Query : use flama_phc
20241122@095145.8463 pqeamp7kcp4lmg1infoqc54vdg Query : select st.stns valor from st where st.ref = '322.227.28.01'
20241122@095145.8480 pqeamp7kcp4lmg1infoqc54vdg Query : use flama_phc
20241122@095145.8483 pqeamp7kcp4lmg1infoqc54vdg Query : select isnull(sum(stock) ,0)stock ,isnull(sum(qttrec),0) qttrec ,0 qttcat ,isnull(sum(rescli),0) rescli ,isnull(sum(resfor),0) resfor from sa where sa.ref = '322.227.28.01' and sa.armazem = 133 
20241122@095145.8678 pqeamp7kcp4lmg1infoqc54vdg Query : use flama_phc
20241122@095145.8719 pqeamp7kcp4lmg1infoqc54vdg Query : select st.stns valor from st where st.ref = '322.227.28.01'
20241122@095145.8777 pqeamp7kcp4lmg1infoqc54vdg Query : select top 1 st.tabiva ,st.ivaincl ,st.stns ,st.uni2 ,st.familia ,isnull(tx.taxa, 0) txiva ,unidade ,usalote ,epcpond ,noserie ,conversao ,st.texteis from st left join taxasiva tx on st.tabiva = tx.codigo where st.ref = '322.227.28.01'
20241122@095145.8930 pqeamp7kcp4lmg1infoqc54vdg Query : select 1 valor from information_schema.tables where table_type='base table' and table_name='wstablefields'
20241122@095145.8947 pqeamp7kcp4lmg1infoqc54vdg Query : select fieldkey,fieldname,fieldtype,mandatory from wstablefields where tablename = 'bi' and documentnumber = 5
20241122@095145.8959 pqeamp7kcp4lmg1infoqc54vdg Query : select 1 valor from information_schema.tables where table_type='base table' and table_name='wstablefields'
20241122@095145.8975 pqeamp7kcp4lmg1infoqc54vdg Query : select fieldkey,fieldname,fieldtype,mandatory from wstablefields where tablename = 'bi2' and documentnumber = 5
20241122@095145.8985 pqeamp7kcp4lmg1infoqc54vdg Query : select sestamp valor from se where ref ='322.227.28.01' and lote = 'r2200095100a'
20241122@095145.9046 pqeamp7kcp4lmg1infoqc54vdg Query : select top 1 convert(numeric(6,2),t.taxa) valor from taxasiva t where t.codigo='2'
20241122@095145.9059 pqeamp7kcp4lmg1infoqc54vdg Query : select 1 valor from information_schema.tables where table_type='base table' and table_name='wstablefields'
20241122@095145.9075 pqeamp7kcp4lmg1infoqc54vdg Query : select fieldkey,fieldname,fieldtype,calcformula from wstablefields where tablename = 'bi2' and documentnumber = 5
20241122@095145.9086 pqeamp7kcp4lmg1infoqc54vdg Query : insert into wsbi2data (bi2stamp,bostamp,morada, local,codpost ,ousrdata, ousrhora, usrdata,usrhora,ousrinis,usrinis) select 'aut674054550467405431dd','aut67405832996740543065',bo.morada, bo.local,bo.codpost ,getdate(),convert(char(8),convert (time,getdate())),getdate(),convert(char(8),convert (time,getdate())),'aut','aut' from wsbodata bo where bo.bostamp = 'aut67405832996740543065'
20241122@095145.9244 pqeamp7kcp4lmg1infoqc54vdg Query : select 1 valor from information_schema.tables where table_type='base table' and table_name='wstablefields'
20241122@095145.9263 pqeamp7kcp4lmg1infoqc54vdg Query : select fieldkey,fieldname,fieldtype,calcformula from wstablefields where tablename = 'bi' and documentnumber = 5
20241122@095145.9279 pqeamp7kcp4lmg1infoqc54vdg Query : insert into wsbidata (bistamp,ousrdata, ousrhora, usrdata,usrhora,ousrinis,usrinis ,obrano, qtt,uni2qtt ,no, estab,nmdos ,ndos, obranome,fechada, dataobra ,rdata ,dataopen, datafecho,local, morada ,codpost, nome,bostamp,lordem ,edebito,debito, epu,pu ,ivaincl,stns,unidade, unidad2 ,marcada,usalote ,ettdeb,ttdeb,epcusto, pcusto ,ecustoind,custoind ,vendedor,vendnm, ccusto,ncusto ,noserie,tabiva,iva ,ref,design,familia,desconto,desc2,desc3,desc4,eslvu,slvu,esltt,sltt,oobistamp,vumoeda,ttmoeda,slvumoeda,slttmoeda,lote,armazem,ar2mazem,obistamp ,stipo) select 'aut674054550467405431dd',getdate(),convert(char(8),convert (time,getdate())),getdate(),convert(char(8),convert (time,getdate())),'aut','aut',bo.obrano, 6.000, 6.000*.0000000 ,bo.no, bo.estab,bo.nmdos ,bo.ndos, bo.obranome,bo.fechada, bo.dataobra ,bo.dataobra ,bo.dataopen,bo.datafecho,bo.local, bo.morada ,bo.codpost, bo.nome,bo.bostamp,110000 ,29.99,29.99*200.48,29.99,29.99*200.48 ,0,0,'un ',' ' ,bo.marcada,1 ,29.99*6.000,29.99*6.000*200.48 ,8.787000,8.787000*200.48 ,8.787000,8.787000*200.48 ,bo.vendedor,bo.vendnm,bo.ccusto,bo.ncusto ,0,2,23.00,?,?,?,0,0,0,0,29.99,29.99*200.48,29.99*6.000,29.99*6.000*200.48,'pll24112133041,650000010 ',29.99,29.99*6.000,29.99,29.99*6.000,?,?,?,?,4 from wsbodata bo where bo.bostamp = 'aut67405832996740543065'
20241122@095145.9642 pqeamp7kcp4lmg1infoqc54vdg Query : use flama_phc
20241122@095145.9646 pqeamp7kcp4lmg1infoqc54vdg Query : select st.usalote valor from st where st.ref = '322.227.28.02'
20241122@095145.9662 pqeamp7kcp4lmg1infoqc54vdg Query : use flama_phc
20241122@095145.9664 pqeamp7kcp4lmg1infoqc54vdg Query : select st.stns valor from st where st.ref = '322.227.28.02'
20241122@095145.9683 pqeamp7kcp4lmg1infoqc54vdg Query : use flama_phc
20241122@095145.9686 pqeamp7kcp4lmg1infoqc54vdg Query : select isnull(sum(stock) ,0)stock ,isnull(sum(qttrec),0) qttrec ,0 qttcat ,isnull(sum(rescli),0) rescli ,isnull(sum(resfor),0) resfor from sa where sa.ref = '322.227.28.02' and sa.armazem = 133 
20241122@095145.9762 pqeamp7kcp4lmg1infoqc54vdg Query : use flama_phc
20241122@095145.9806 pqeamp7kcp4lmg1infoqc54vdg Query : select st.stns valor from st where st.ref = '322.227.28.02'
20241122@095145.9830 pqeamp7kcp4lmg1infoqc54vdg Query : select top 1 st.tabiva ,st.ivaincl ,st.stns ,st.uni2 ,st.familia ,isnull(tx.taxa, 0) txiva ,unidade ,usalote ,epcpond ,noserie ,conversao ,st.texteis from st left join taxasiva tx on st.tabiva = tx.codigo where st.ref = '322.227.28.02'
20241122@095145.9992 pqeamp7kcp4lmg1infoqc54vdg Query : select 1 valor from information_schema.tables where table_type='base table' and table_name='wstablefields'
20241122@095146.1200 pqeamp7kcp4lmg1infoqc54vdg Query : select fieldkey,fieldname,fieldtype,mandatory from wstablefields where tablename = 'bi' and documentnumber = 5
20241122@095146.2500 pqeamp7kcp4lmg1infoqc54vdg Query : select 1 valor from information_schema.tables where table_type='base table' and table_name='wstablefields'
20241122@095146.3900 pqeamp7kcp4lmg1infoqc54vdg Query : select fieldkey,fieldname,fieldtype,mandatory from wstablefields where tablename = 'bi2' and documentnumber = 5
20241122@095146.4800 pqeamp7kcp4lmg1infoqc54vdg Query : select sestamp valor from se where ref ='322.227.28.02' and lote = 'r2200095100a'
20241122@095146.6000 pqeamp7kcp4lmg1infoqc54vdg Query : select top 1 convert(numeric(6,2),t.taxa) valor from taxasiva t where t.codigo='2'
20241122@095146.7200 pqeamp7kcp4lmg1infoqc54vdg Query : select 1 valor from information_schema.tables where table_type='base table' and table_name='wstablefields'
20241122@095146.8600 pqeamp7kcp4lmg1infoqc54vdg Query : select fieldkey,fieldname,fieldtype,calcformula from wstablefields where tablename = 'bi2' and documentnumber = 5
20241122@095146.9700 pqeamp7kcp4lmg1infoqc54vdg Query : insert into wsbi2data (bi2stamp,bostamp,morada, local,codpost ,ousrdata, ousrhora, usrdata,usrhora,ousrinis,usrinis) select 'aut67405541006740543201','aut67405832996740543065',bo.morada, bo.local,bo.codpost ,getdate(),convert(char(8),convert (time,getdate())),getdate(),convert(char(8),convert (time,getdate())),'aut','aut' from wsbodata bo where bo.bostamp = 'aut67405832996740543065'
20241122@095146.2630 pqeamp7kcp4lmg1infoqc54vdg Query : select 1 valor from information_schema.tables where table_type='base table' and table_name='wstablefields'
20241122@095146.2810 pqeamp7kcp4lmg1infoqc54vdg Query : select fieldkey,fieldname,fieldtype,calcformula from wstablefields where tablename = 'bi' and documentnumber = 5
20241122@095146.2960 pqeamp7kcp4lmg1infoqc54vdg Query : insert into wsbidata (bistamp,ousrdata, ousrhora, usrdata,usrhora,ousrinis,usrinis ,obrano, qtt,uni2qtt ,no, estab,nmdos ,ndos, obranome,fechada, dataobra ,rdata ,dataopen, datafecho,local, morada ,codpost, nome,bostamp,lordem ,edebito,debito, epu,pu ,ivaincl,stns,unidade, unidad2 ,marcada,usalote ,ettdeb,ttdeb,epcusto, pcusto ,ecustoind,custoind ,vendedor,vendnm, ccusto,ncusto ,noserie,tabiva,iva ,ref,design,familia,desconto,desc2,desc3,desc4,eslvu,slvu,esltt,sltt,oobistamp,vumoeda,ttmoeda,slvumoeda,slttmoeda,lote,armazem,ar2mazem,obistamp ,stipo) select 'aut67405541006740543201',getdate(),convert(char(8),convert (time,getdate())),getdate(),convert(char(8),convert (time,getdate())),'aut','aut',bo.obrano, 6.000, 6.000*.0000000 ,bo.no, bo.estab,bo.nmdos ,bo.ndos, bo.obranome,bo.fechada, bo.dataobra ,bo.dataobra ,bo.dataopen,bo.datafecho,bo.local, bo.morada ,bo.codpost, bo.nome,bo.bostamp,120000 ,32.99,32.99*200.48,32.99,32.99*200.48 ,0,0,'un ',' ' ,bo.marcada,1 ,32.99*6.000,32.99*6.000*200.48 ,8.900000,8.900000*200.48 ,8.900000,8.900000*200.48 ,bo.vendedor,bo.vendnm,bo.ccusto,bo.ncusto ,0,2,23.00,?,?,?,0,0,0,0,32.99,32.99*200.48,32.99*6.000,32.99*6.000*200.48,'pll24112133062,010000011 ',32.99,32.99*6.000,32.99,32.99*6.000,?,?,?,?,4 from wsbodata bo where bo.bostamp = 'aut67405832996740543065'
20241122@095146.6590 pqeamp7kcp4lmg1infoqc54vdg Query : use flama_phc
20241122@095146.6620 pqeamp7kcp4lmg1infoqc54vdg Query : select st.usalote valor from st where st.ref = '324.648.00.01'
20241122@095146.6770 pqeamp7kcp4lmg1infoqc54vdg Query : use flama_phc
20241122@095146.6800 pqeamp7kcp4lmg1infoqc54vdg Query : select st.stns valor from st where st.ref = '324.648.00.01'
20241122@095146.6960 pqeamp7kcp4lmg1infoqc54vdg Query : use flama_phc
20241122@095146.6980 pqeamp7kcp4lmg1infoqc54vdg Query : select isnull(sum(stock) ,0)stock ,isnull(sum(qttrec),0) qttrec ,0 qttcat ,isnull(sum(rescli),0) rescli ,isnull(sum(resfor),0) resfor from sa where sa.ref = '324.648.00.01' and sa.armazem = 133 
20241122@095146.7720 pqeamp7kcp4lmg1infoqc54vdg Query : use flama_phc
20241122@095146.7750 pqeamp7kcp4lmg1infoqc54vdg Query : select st.stns valor from st where st.ref = '324.648.00.01'
20241122@095146.7940 pqeamp7kcp4lmg1infoqc54vdg Query : select top 1 st.tabiva ,st.ivaincl ,st.stns ,st.uni2 ,st.familia ,isnull(tx.taxa, 0) txiva ,unidade ,usalote ,epcpond ,noserie ,conversao ,st.texteis from st left join taxasiva tx on st.tabiva = tx.codigo where st.ref = '324.648.00.01'
20241122@095146.9420 pqeamp7kcp4lmg1infoqc54vdg Query : select 1 valor from information_schema.tables where table_type='base table' and table_name='wstablefields'
20241122@095146.9580 pqeamp7kcp4lmg1infoqc54vdg Query : select fieldkey,fieldname,fieldtype,mandatory from wstablefields where tablename = 'bi' and documentnumber = 5
20241122@095146.9730 pqeamp7kcp4lmg1infoqc54vdg Query : select 1 valor from information_schema.tables where table_type='base table' and table_name='wstablefields'
20241122@095146.9880 pqeamp7kcp4lmg1infoqc54vdg Query : select fieldkey,fieldname,fieldtype,mandatory from wstablefields where tablename = 'bi2' and documentnumber = 5
20241122@095146.1037 pqeamp7kcp4lmg1infoqc54vdg Query : select sestamp valor from se where ref ='324.648.00.01' and lote = 'r2400750200a'
20241122@095146.1050 pqeamp7kcp4lmg1infoqc54vdg Query : select top 1 convert(numeric(6,2),t.taxa) valor from taxasiva t where t.codigo='2'
20241122@095146.1063 pqeamp7kcp4lmg1infoqc54vdg Query : select 1 valor from information_schema.tables where table_type='base table' and table_name='wstablefields'
20241122@095146.1080 pqeamp7kcp4lmg1infoqc54vdg Query : select fieldkey,fieldname,fieldtype,calcformula from wstablefields where tablename = 'bi2' and documentnumber = 5
20241122@095146.1092 pqeamp7kcp4lmg1infoqc54vdg Query : insert into wsbi2data (bi2stamp,bostamp,morada, local,codpost ,ousrdata, ousrhora, usrdata,usrhora,ousrinis,usrinis) select 'aut67405385026740543219','aut67405832996740543065',bo.morada, bo.local,bo.codpost ,getdate(),convert(char(8),convert (time,getdate())),getdate(),convert(char(8),convert (time,getdate())),'aut','aut' from wsbodata bo where bo.bostamp = 'aut67405832996740543065'
20241122@095146.1246 pqeamp7kcp4lmg1infoqc54vdg Query : select 1 valor from information_schema.tables where table_type='base table' and table_name='wstablefields'
20241122@095146.1265 pqeamp7kcp4lmg1infoqc54vdg Query : select fieldkey,fieldname,fieldtype,calcformula from wstablefields where tablename = 'bi' and documentnumber = 5
20241122@095146.1282 pqeamp7kcp4lmg1infoqc54vdg Query : insert into wsbidata (bistamp,ousrdata, ousrhora, usrdata,usrhora,ousrinis,usrinis ,obrano, qtt,uni2qtt ,no, estab,nmdos ,ndos, obranome,fechada, dataobra ,rdata ,dataopen, datafecho,local, morada ,codpost, nome,bostamp,lordem ,edebito,debito, epu,pu ,ivaincl,stns,unidade, unidad2 ,marcada,usalote ,ettdeb,ttdeb,epcusto, pcusto ,ecustoind,custoind ,vendedor,vendnm, ccusto,ncusto ,noserie,tabiva,iva ,ref,design,familia,desconto,desc2,desc3,desc4,eslvu,slvu,esltt,sltt,oobistamp,vumoeda,ttmoeda,slvumoeda,slttmoeda,lote,armazem,ar2mazem,obistamp ,stipo) select 'aut67405385026740543219',getdate(),convert(char(8),convert (time,getdate())),getdate(),convert(char(8),convert (time,getdate())),'aut','aut',bo.obrano, 2.000, 2.000*.0000000 ,bo.no, bo.estab,bo.nmdos ,bo.ndos, bo.obranome,bo.fechada, bo.dataobra ,bo.dataobra ,bo.dataopen,bo.datafecho,bo.local, bo.morada ,bo.codpost, bo.nome,bo.bostamp,130000 ,119.99,119.99*200.48,119.99,119.99*200.48 ,0,0,'un ',' ' ,bo.marcada,1 ,119.99*2.000,119.99*2.000*200.48 ,29.112000,29.112000*200.48 ,29.112000,29.112000*200.48 ,bo.vendedor,bo.vendnm,bo.ccusto,bo.ncusto ,0,2,23.00,?,?,?,0,0,0,0,119.99,119.99*200.48,119.99*2.000,119.99*2.000*200.48,'pll24112133091,218000012 ',119.99,119.99*2.000,119.99,119.99*2.000,?,?,?,?,4 from wsbodata bo where bo.bostamp = 'aut67405832996740543065'
20241122@095146.1649 pqeamp7kcp4lmg1infoqc54vdg Query : use flama_phc
20241122@095146.1653 pqeamp7kcp4lmg1infoqc54vdg Query : select st.usalote valor from st where st.ref = '324.648.00.01'
20241122@095146.1667 pqeamp7kcp4lmg1infoqc54vdg Query : use flama_phc
20241122@095146.1669 pqeamp7kcp4lmg1infoqc54vdg Query : select st.stns valor from st where st.ref = '324.648.00.01'
20241122@095146.1685 pqeamp7kcp4lmg1infoqc54vdg Query : use flama_phc
20241122@095146.1688 pqeamp7kcp4lmg1infoqc54vdg Query : select isnull(sum(stock) ,0)stock ,isnull(sum(qttrec),0) qttrec ,0 qttcat ,isnull(sum(rescli),0) rescli ,isnull(sum(resfor),0) resfor from sa where sa.ref = '324.648.00.01' and sa.armazem = 133 
20241122@095146.1711 pqeamp7kcp4lmg1infoqc54vdg Query : use flama_phc
20241122@095146.1714 pqeamp7kcp4lmg1infoqc54vdg Query : select st.stns valor from st where st.ref = '324.648.00.01'
20241122@095146.1736 pqeamp7kcp4lmg1infoqc54vdg Query : select top 1 st.tabiva ,st.ivaincl ,st.stns ,st.uni2 ,st.familia ,isnull(tx.taxa, 0) txiva ,unidade ,usalote ,epcpond ,noserie ,conversao ,st.texteis from st left join taxasiva tx on st.tabiva = tx.codigo where st.ref = '324.648.00.01'
20241122@095146.1749 pqeamp7kcp4lmg1infoqc54vdg Query : select 1 valor from information_schema.tables where table_type='base table' and table_name='wstablefields'
20241122@095146.1767 pqeamp7kcp4lmg1infoqc54vdg Query : select fieldkey,fieldname,fieldtype,mandatory from wstablefields where tablename = 'bi' and documentnumber = 5
20241122@095146.1781 pqeamp7kcp4lmg1infoqc54vdg Query : select 1 valor from information_schema.tables where table_type='base table' and table_name='wstablefields'
20241122@095146.1797 pqeamp7kcp4lmg1infoqc54vdg Query : select fieldkey,fieldname,fieldtype,mandatory from wstablefields where tablename = 'bi2' and documentnumber = 5
20241122@095146.1806 pqeamp7kcp4lmg1infoqc54vdg Query : select sestamp valor from se where ref ='324.648.00.01' and lote = 'r2400750200a'
20241122@095146.1819 pqeamp7kcp4lmg1infoqc54vdg Query : select top 1 convert(numeric(6,2),t.taxa) valor from taxasiva t where t.codigo='2'
20241122@095146.1831 pqeamp7kcp4lmg1infoqc54vdg Query : select 1 valor from information_schema.tables where table_type='base table' and table_name='wstablefields'
20241122@095146.1846 pqeamp7kcp4lmg1infoqc54vdg Query : select fieldkey,fieldname,fieldtype,calcformula from wstablefields where tablename = 'bi2' and documentnumber = 5
20241122@095146.1858 pqeamp7kcp4lmg1infoqc54vdg Query : insert into wsbi2data (bi2stamp,bostamp,morada, local,codpost ,ousrdata, ousrhora, usrdata,usrhora,ousrinis,usrinis) select 'aut6740596083674054322c','aut67405832996740543065',bo.morada, bo.local,bo.codpost ,getdate(),convert(char(8),convert (time,getdate())),getdate(),convert(char(8),convert (time,getdate())),'aut','aut' from wsbodata bo where bo.bostamp = 'aut67405832996740543065'
20241122@095146.2067 pqeamp7kcp4lmg1infoqc54vdg Query : select 1 valor from information_schema.tables where table_type='base table' and table_name='wstablefields'
20241122@095146.2086 pqeamp7kcp4lmg1infoqc54vdg Query : select fieldkey,fieldname,fieldtype,calcformula from wstablefields where tablename = 'bi' and documentnumber = 5
20241122@095146.2101 pqeamp7kcp4lmg1infoqc54vdg Query : insert into wsbidata (bistamp,ousrdata, ousrhora, usrdata,usrhora,ousrinis,usrinis ,obrano, qtt,uni2qtt ,no, estab,nmdos ,ndos, obranome,fechada, dataobra ,rdata ,dataopen, datafecho,local, morada ,codpost, nome,bostamp,lordem ,edebito,debito, epu,pu ,ivaincl,stns,unidade, unidad2 ,marcada,usalote ,ettdeb,ttdeb,epcusto, pcusto ,ecustoind,custoind ,vendedor,vendnm, ccusto,ncusto ,noserie,tabiva,iva ,ref,design,familia,desconto,desc2,desc3,desc4,eslvu,slvu,esltt,sltt,oobistamp,vumoeda,ttmoeda,slvumoeda,slttmoeda,lote,armazem,ar2mazem,obistamp ,stipo) select 'aut6740596083674054322c',getdate(),convert(char(8),convert (time,getdate())),getdate(),convert(char(8),convert (time,getdate())),'aut','aut',bo.obrano, 2.000, 2.000*.0000000 ,bo.no, bo.estab,bo.nmdos ,bo.ndos, bo.obranome,bo.fechada, bo.dataobra ,bo.dataobra ,bo.dataopen,bo.datafecho,bo.local, bo.morada ,bo.codpost, bo.nome,bo.bostamp,140000 ,119.99,119.99*200.48,119.99,119.99*200.48 ,0,0,'un ',' ' ,bo.marcada,1 ,119.99*2.000,119.99*2.000*200.48 ,29.112000,29.112000*200.48 ,29.112000,29.112000*200.48 ,bo.vendedor,bo.vendnm,bo.ccusto,bo.ncusto ,0,2,23.00,?,?,?,0,0,0,0,119.99,119.99*200.48,119.99*2.000,119.99*2.000*200.48,'pll24112133091,218000012 ',119.99,119.99*2.000,119.99,119.99*2.000,?,?,?,?,4 from wsbodata bo where bo.bostamp = 'aut67405832996740543065'
20241122@095146.2466 pqeamp7kcp4lmg1infoqc54vdg Query : use flama_phc
20241122@095146.2471 pqeamp7kcp4lmg1infoqc54vdg Query : select st.usalote valor from st where st.ref = '324.686.00.01'
20241122@095146.2487 pqeamp7kcp4lmg1infoqc54vdg Query : use flama_phc
20241122@095146.2490 pqeamp7kcp4lmg1infoqc54vdg Query : select st.stns valor from st where st.ref = '324.686.00.01'
20241122@095146.2508 pqeamp7kcp4lmg1infoqc54vdg Query : use flama_phc
20241122@095146.2510 pqeamp7kcp4lmg1infoqc54vdg Query : select isnull(sum(stock) ,0)stock ,isnull(sum(qttrec),0) qttrec ,0 qttcat ,isnull(sum(rescli),0) rescli ,isnull(sum(resfor),0) resfor from sa where sa.ref = '324.686.00.01' and sa.armazem = 133 
20241122@095146.2583 pqeamp7kcp4lmg1infoqc54vdg Query : use flama_phc
20241122@095146.2586 pqeamp7kcp4lmg1infoqc54vdg Query : select st.stns valor from st where st.ref = '324.686.00.01'
20241122@095146.2604 pqeamp7kcp4lmg1infoqc54vdg Query : select top 1 st.tabiva ,st.ivaincl ,st.stns ,st.uni2 ,st.familia ,isnull(tx.taxa, 0) txiva ,unidade ,usalote ,epcpond ,noserie ,conversao ,st.texteis from st left join taxasiva tx on st.tabiva = tx.codigo where st.ref = '324.686.00.01'
20241122@095146.2846 pqeamp7kcp4lmg1infoqc54vdg Query : select 1 valor from information_schema.tables where table_type='base table' and table_name='wstablefields'
20241122@095146.3000 pqeamp7kcp4lmg1infoqc54vdg Query : select fieldkey,fieldname,fieldtype,mandatory from wstablefields where tablename = 'bi' and documentnumber = 5
20241122@095146.3017 pqeamp7kcp4lmg1infoqc54vdg Query : select 1 valor from information_schema.tables where table_type='base table' and table_name='wstablefields'
20241122@095146.3088 pqeamp7kcp4lmg1infoqc54vdg Query : select fieldkey,fieldname,fieldtype,mandatory from wstablefields where tablename = 'bi2' and documentnumber = 5
20241122@095146.3098 pqeamp7kcp4lmg1infoqc54vdg Query : select sestamp valor from se where ref ='324.686.00.01' and lote = 'r2400127100a'
20241122@095146.3119 pqeamp7kcp4lmg1infoqc54vdg Query : select top 1 convert(numeric(6,2),t.taxa) valor from taxasiva t where t.codigo='2'
20241122@095146.3132 pqeamp7kcp4lmg1infoqc54vdg Query : select 1 valor from information_schema.tables where table_type='base table' and table_name='wstablefields'
20241122@095146.3191 pqeamp7kcp4lmg1infoqc54vdg Query : select fieldkey,fieldname,fieldtype,calcformula from wstablefields where tablename = 'bi2' and documentnumber = 5
20241122@095146.3204 pqeamp7kcp4lmg1infoqc54vdg Query : insert into wsbi2data (bi2stamp,bostamp,morada, local,codpost ,ousrdata, ousrhora, usrdata,usrhora,ousrinis,usrinis) select 'aut6740524656674054324c','aut67405832996740543065',bo.morada, bo.local,bo.codpost ,getdate(),convert(char(8),convert (time,getdate())),getdate(),convert(char(8),convert (time,getdate())),'aut','aut' from wsbodata bo where bo.bostamp = 'aut67405832996740543065'
20241122@095146.3365 pqeamp7kcp4lmg1infoqc54vdg Query : select 1 valor from information_schema.tables where table_type='base table' and table_name='wstablefields'
20241122@095146.3386 pqeamp7kcp4lmg1infoqc54vdg Query : select fieldkey,fieldname,fieldtype,calcformula from wstablefields where tablename = 'bi' and documentnumber = 5
20241122@095146.3403 pqeamp7kcp4lmg1infoqc54vdg Query : insert into wsbidata (bistamp,ousrdata, ousrhora, usrdata,usrhora,ousrinis,usrinis ,obrano, qtt,uni2qtt ,no, estab,nmdos ,ndos, obranome,fechada, dataobra ,rdata ,dataopen, datafecho,local, morada ,codpost, nome,bostamp,lordem ,edebito,debito, epu,pu ,ivaincl,stns,unidade, unidad2 ,marcada,usalote ,ettdeb,ttdeb,epcusto, pcusto ,ecustoind,custoind ,vendedor,vendnm, ccusto,ncusto ,noserie,tabiva,iva ,ref,design,familia,desconto,desc2,desc3,desc4,eslvu,slvu,esltt,sltt,oobistamp,vumoeda,ttmoeda,slvumoeda,slttmoeda,lote,armazem,ar2mazem,obistamp ,stipo) select 'aut6740524656674054324c',getdate(),convert(char(8),convert (time,getdate())),getdate(),convert(char(8),convert (time,getdate())),'aut','aut',bo.obrano, 2.000, 2.000*.0000000 ,bo.no, bo.estab,bo.nmdos ,bo.ndos, bo.obranome,bo.fechada, bo.dataobra ,bo.dataobra ,bo.dataopen,bo.datafecho,bo.local, bo.morada ,bo.codpost, bo.nome,bo.bostamp,150000 ,179.99,179.99*200.48,179.99,179.99*200.48 ,0,0,'un ',' ' ,bo.marcada,1 ,179.99*2.000,179.99*2.000*200.48 ,44.319000,44.319000*200.48 ,44.319000,44.319000*200.48 ,bo.vendedor,bo.vendnm,bo.ccusto,bo.ncusto ,0,2,23.00,?,?,?,0,0,0,0,179.99,179.99*200.48,179.99*2.000,179.99*2.000*200.48,'pll24112133109,541000013 ',179.99,179.99*2.000,179.99,179.99*2.000,?,?,?,?,4 from wsbodata bo where bo.bostamp = 'aut67405832996740543065'
20241122@095146.3972 pqeamp7kcp4lmg1infoqc54vdg Query : use flama_phc
20241122@095146.3976 pqeamp7kcp4lmg1infoqc54vdg Query : select st.usalote valor from st where st.ref = '324.675.00.01'
20241122@095146.3994 pqeamp7kcp4lmg1infoqc54vdg Query : use flama_phc
20241122@095146.3996 pqeamp7kcp4lmg1infoqc54vdg Query : select st.stns valor from st where st.ref = '324.675.00.01'
20241122@095146.4055 pqeamp7kcp4lmg1infoqc54vdg Query : use flama_phc
20241122@095146.4058 pqeamp7kcp4lmg1infoqc54vdg Query : select isnull(sum(stock) ,0)stock ,isnull(sum(qttrec),0) qttrec ,0 qttcat ,isnull(sum(rescli),0) rescli ,isnull(sum(resfor),0) resfor from sa where sa.ref = '324.675.00.01' and sa.armazem = 133 
20241122@095146.4132 pqeamp7kcp4lmg1infoqc54vdg Query : use flama_phc
20241122@095146.4135 pqeamp7kcp4lmg1infoqc54vdg Query : select st.stns valor from st where st.ref = '324.675.00.01'
20241122@095146.4155 pqeamp7kcp4lmg1infoqc54vdg Query : select top 1 st.tabiva ,st.ivaincl ,st.stns ,st.uni2 ,st.familia ,isnull(tx.taxa, 0) txiva ,unidade ,usalote ,epcpond ,noserie ,conversao ,st.texteis from st left join taxasiva tx on st.tabiva = tx.codigo where st.ref = '324.675.00.01'
20241122@095146.4310 pqeamp7kcp4lmg1infoqc54vdg Query : select 1 valor from information_schema.tables where table_type='base table' and table_name='wstablefields'
20241122@095146.4328 pqeamp7kcp4lmg1infoqc54vdg Query : select fieldkey,fieldname,fieldtype,mandatory from wstablefields where tablename = 'bi' and documentnumber = 5
20241122@095146.4341 pqeamp7kcp4lmg1infoqc54vdg Query : select 1 valor from information_schema.tables where table_type='base table' and table_name='wstablefields'
20241122@095146.4357 pqeamp7kcp4lmg1infoqc54vdg Query : select fieldkey,fieldname,fieldtype,mandatory from wstablefields where tablename = 'bi2' and documentnumber = 5
20241122@095146.4366 pqeamp7kcp4lmg1infoqc54vdg Query : select sestamp valor from se where ref ='324.675.00.01' and lote = 'r2400407200a'
20241122@095146.4387 pqeamp7kcp4lmg1infoqc54vdg Query : select top 1 convert(numeric(6,2),t.taxa) valor from taxasiva t where t.codigo='2'
20241122@095146.4400 pqeamp7kcp4lmg1infoqc54vdg Query : select 1 valor from information_schema.tables where table_type='base table' and table_name='wstablefields'
20241122@095146.4440 pqeamp7kcp4lmg1infoqc54vdg Query : select fieldkey,fieldname,fieldtype,calcformula from wstablefields where tablename = 'bi2' and documentnumber = 5
20241122@095146.4453 pqeamp7kcp4lmg1infoqc54vdg Query : insert into wsbi2data (bi2stamp,bostamp,morada, local,codpost ,ousrdata, ousrhora, usrdata,usrhora,ousrinis,usrinis) select 'aut6740553829674054326b','aut67405832996740543065',bo.morada, bo.local,bo.codpost ,getdate(),convert(char(8),convert (time,getdate())),getdate(),convert(char(8),convert (time,getdate())),'aut','aut' from wsbodata bo where bo.bostamp = 'aut67405832996740543065'
20241122@095146.4613 pqeamp7kcp4lmg1infoqc54vdg Query : select 1 valor from information_schema.tables where table_type='base table' and table_name='wstablefields'
20241122@095146.4631 pqeamp7kcp4lmg1infoqc54vdg Query : select fieldkey,fieldname,fieldtype,calcformula from wstablefields where tablename = 'bi' and documentnumber = 5
20241122@095146.4646 pqeamp7kcp4lmg1infoqc54vdg Query : insert into wsbidata (bistamp,ousrdata, ousrhora, usrdata,usrhora,ousrinis,usrinis ,obrano, qtt,uni2qtt ,no, estab,nmdos ,ndos, obranome,fechada, dataobra ,rdata ,dataopen, datafecho,local, morada ,codpost, nome,bostamp,lordem ,edebito,debito, epu,pu ,ivaincl,stns,unidade, unidad2 ,marcada,usalote ,ettdeb,ttdeb,epcusto, pcusto ,ecustoind,custoind ,vendedor,vendnm, ccusto,ncusto ,noserie,tabiva,iva ,ref,design,familia,desconto,desc2,desc3,desc4,eslvu,slvu,esltt,sltt,oobistamp,vumoeda,ttmoeda,slvumoeda,slttmoeda,lote,armazem,ar2mazem,obistamp ,stipo) select 'aut6740553829674054326b',getdate(),convert(char(8),convert (time,getdate())),getdate(),convert(char(8),convert (time,getdate())),'aut','aut',bo.obrano, 2.000, 2.000*.0000000 ,bo.no, bo.estab,bo.nmdos ,bo.ndos, bo.obranome,bo.fechada, bo.dataobra ,bo.dataobra ,bo.dataopen,bo.datafecho,bo.local, bo.morada ,bo.codpost, bo.nome,bo.bostamp,160000 ,189.99,189.99*200.48,189.99,189.99*200.48 ,0,0,'un ',' ' ,bo.marcada,1 ,189.99*2.000,189.99*2.000*200.48 ,51.883000,51.883000*200.48 ,51.883000,51.883000*200.48 ,bo.vendedor,bo.vendnm,bo.ccusto,bo.ncusto ,0,2,23.00,?,?,?,0,0,0,0,189.99,189.99*200.48,189.99*2.000,189.99*2.000*200.48,'pll24112133129,350000014 ',189.99,189.99*2.000,189.99,189.99*2.000,?,?,?,?,4 from wsbodata bo where bo.bostamp = 'aut67405832996740543065'
20241122@095146.5267 pqeamp7kcp4lmg1infoqc54vdg Query : use flama_phc
20241122@095146.5309 pqeamp7kcp4lmg1infoqc54vdg Query : select st.usalote valor from st where st.ref = '324.1608.00.1'
20241122@095146.5359 pqeamp7kcp4lmg1infoqc54vdg Query : use flama_phc
20241122@095146.5363 pqeamp7kcp4lmg1infoqc54vdg Query : select st.stns valor from st where st.ref = '324.1608.00.1'
20241122@095146.5380 pqeamp7kcp4lmg1infoqc54vdg Query : use flama_phc
20241122@095146.5383 pqeamp7kcp4lmg1infoqc54vdg Query : select isnull(sum(stock) ,0)stock ,isnull(sum(qttrec),0) qttrec ,0 qttcat ,isnull(sum(rescli),0) rescli ,isnull(sum(resfor),0) resfor from sa where sa.ref = '324.1608.00.1' and sa.armazem = 133 
20241122@095146.5468 pqeamp7kcp4lmg1infoqc54vdg Query : use flama_phc
20241122@095146.5471 pqeamp7kcp4lmg1infoqc54vdg Query : select st.stns valor from st where st.ref = '324.1608.00.1'
20241122@095146.5492 pqeamp7kcp4lmg1infoqc54vdg Query : select top 1 st.tabiva ,st.ivaincl ,st.stns ,st.uni2 ,st.familia ,isnull(tx.taxa, 0) txiva ,unidade ,usalote ,epcpond ,noserie ,conversao ,st.texteis from st left join taxasiva tx on st.tabiva = tx.codigo where st.ref = '324.1608.00.1'
20241122@095146.5645 pqeamp7kcp4lmg1infoqc54vdg Query : select 1 valor from information_schema.tables where table_type='base table' and table_name='wstablefields'
20241122@095146.5676 pqeamp7kcp4lmg1infoqc54vdg Query : select fieldkey,fieldname,fieldtype,mandatory from wstablefields where tablename = 'bi' and documentnumber = 5
20241122@095146.5690 pqeamp7kcp4lmg1infoqc54vdg Query : select 1 valor from information_schema.tables where table_type='base table' and table_name='wstablefields'
20241122@095146.5708 pqeamp7kcp4lmg1infoqc54vdg Query : select fieldkey,fieldname,fieldtype,mandatory from wstablefields where tablename = 'bi2' and documentnumber = 5
20241122@095146.5717 pqeamp7kcp4lmg1infoqc54vdg Query : select sestamp valor from se where ref ='324.1608.00.1' and lote = 'r2400237100a'
20241122@095146.5735 pqeamp7kcp4lmg1infoqc54vdg Query : select top 1 convert(numeric(6,2),t.taxa) valor from taxasiva t where t.codigo='2'
20241122@095146.5752 pqeamp7kcp4lmg1infoqc54vdg Query : select 1 valor from information_schema.tables where table_type='base table' and table_name='wstablefields'
20241122@095146.5767 pqeamp7kcp4lmg1infoqc54vdg Query : select fieldkey,fieldname,fieldtype,calcformula from wstablefields where tablename = 'bi2' and documentnumber = 5
20241122@095146.5782 pqeamp7kcp4lmg1infoqc54vdg Query : insert into wsbi2data (bi2stamp,bostamp,morada, local,codpost ,ousrdata, ousrhora, usrdata,usrhora,ousrinis,usrinis) select 'aut6740572370674054328c','aut67405832996740543065',bo.morada, bo.local,bo.codpost ,getdate(),convert(char(8),convert (time,getdate())),getdate(),convert(char(8),convert (time,getdate())),'aut','aut' from wsbodata bo where bo.bostamp = 'aut67405832996740543065'
20241122@095146.5939 pqeamp7kcp4lmg1infoqc54vdg Query : select 1 valor from information_schema.tables where table_type='base table' and table_name='wstablefields'
20241122@095146.5996 pqeamp7kcp4lmg1infoqc54vdg Query : select fieldkey,fieldname,fieldtype,calcformula from wstablefields where tablename = 'bi' and documentnumber = 5
20241122@095146.6011 pqeamp7kcp4lmg1infoqc54vdg Query : insert into wsbidata (bistamp,ousrdata, ousrhora, usrdata,usrhora,ousrinis,usrinis ,obrano, qtt,uni2qtt ,no, estab,nmdos ,ndos, obranome,fechada, dataobra ,rdata ,dataopen, datafecho,local, morada ,codpost, nome,bostamp,lordem ,edebito,debito, epu,pu ,ivaincl,stns,unidade, unidad2 ,marcada,usalote ,ettdeb,ttdeb,epcusto, pcusto ,ecustoind,custoind ,vendedor,vendnm, ccusto,ncusto ,noserie,tabiva,iva ,ref,design,familia,desconto,desc2,desc3,desc4,eslvu,slvu,esltt,sltt,oobistamp,vumoeda,ttmoeda,slvumoeda,slttmoeda,lote,armazem,ar2mazem,obistamp ,stipo) select 'aut6740572370674054328c',getdate(),convert(char(8),convert (time,getdate())),getdate(),convert(char(8),convert (time,getdate())),'aut','aut',bo.obrano, 6.000, 6.000*.0000000 ,bo.no, bo.estab,bo.nmdos ,bo.ndos, bo.obranome,bo.fechada, bo.dataobra ,bo.dataobra ,bo.dataopen,bo.datafecho,bo.local, bo.morada ,bo.codpost, bo.nome,bo.bostamp,170000 ,39.99,39.99*200.48,39.99,39.99*200.48 ,0,0,'un',' ' ,bo.marcada,1 ,39.99*6.000,39.99*6.000*200.48 ,10.629000,10.629000*200.48 ,10.629000,10.629000*200.48 ,bo.vendedor,bo.vendnm,bo.ccusto,bo.ncusto ,0,2,23.00,?,?,?,0,0,0,0,39.99,39.99*200.48,39.99*6.000,39.99*6.000*200.48,'pll24112133163,076000015 ',39.99,39.99*6.000,39.99,39.99*6.000,?,?,?,?,4 from wsbodata bo where bo.bostamp = 'aut67405832996740543065'
20241122@095146.6336 pqeamp7kcp4lmg1infoqc54vdg Query : use flama_phc
20241122@095146.6340 pqeamp7kcp4lmg1infoqc54vdg Query : select st.usalote valor from st where st.ref = '324.2907.00.1'
20241122@095146.6355 pqeamp7kcp4lmg1infoqc54vdg Query : use flama_phc
20241122@095146.6358 pqeamp7kcp4lmg1infoqc54vdg Query : select st.stns valor from st where st.ref = '324.2907.00.1'
20241122@095146.6375 pqeamp7kcp4lmg1infoqc54vdg Query : use flama_phc
20241122@095146.6379 pqeamp7kcp4lmg1infoqc54vdg Query : select isnull(sum(stock) ,0)stock ,isnull(sum(qttrec),0) qttrec ,0 qttcat ,isnull(sum(rescli),0) rescli ,isnull(sum(resfor),0) resfor from sa where sa.ref = '324.2907.00.1' and sa.armazem = 133 
20241122@095146.6458 pqeamp7kcp4lmg1infoqc54vdg Query : use flama_phc
20241122@095146.6461 pqeamp7kcp4lmg1infoqc54vdg Query : select st.stns valor from st where st.ref = '324.2907.00.1'
20241122@095146.6479 pqeamp7kcp4lmg1infoqc54vdg Query : select top 1 st.tabiva ,st.ivaincl ,st.stns ,st.uni2 ,st.familia ,isnull(tx.taxa, 0) txiva ,unidade ,usalote ,epcpond ,noserie ,conversao ,st.texteis from st left join taxasiva tx on st.tabiva = tx.codigo where st.ref = '324.2907.00.1'
20241122@095146.6624 pqeamp7kcp4lmg1infoqc54vdg Query : select 1 valor from information_schema.tables where table_type='base table' and table_name='wstablefields'
20241122@095146.6640 pqeamp7kcp4lmg1infoqc54vdg Query : select fieldkey,fieldname,fieldtype,mandatory from wstablefields where tablename = 'bi' and documentnumber = 5
20241122@095146.6653 pqeamp7kcp4lmg1infoqc54vdg Query : select 1 valor from information_schema.tables where table_type='base table' and table_name='wstablefields'
20241122@095146.6670 pqeamp7kcp4lmg1infoqc54vdg Query : select fieldkey,fieldname,fieldtype,mandatory from wstablefields where tablename = 'bi2' and documentnumber = 5
20241122@095146.6679 pqeamp7kcp4lmg1infoqc54vdg Query : select sestamp valor from se where ref ='324.2907.00.1' and lote = 'r2400091200a'
20241122@095146.6700 pqeamp7kcp4lmg1infoqc54vdg Query : select top 1 convert(numeric(6,2),t.taxa) valor from taxasiva t where t.codigo='2'
20241122@095146.6714 pqeamp7kcp4lmg1infoqc54vdg Query : select 1 valor from information_schema.tables where table_type='base table' and table_name='wstablefields'
20241122@095146.6771 pqeamp7kcp4lmg1infoqc54vdg Query : select fieldkey,fieldname,fieldtype,calcformula from wstablefields where tablename = 'bi2' and documentnumber = 5
20241122@095146.6783 pqeamp7kcp4lmg1infoqc54vdg Query : insert into wsbi2data (bi2stamp,bostamp,morada, local,codpost ,ousrdata, ousrhora, usrdata,usrhora,ousrinis,usrinis) select 'aut674055272967405432a3','aut67405832996740543065',bo.morada, bo.local,bo.codpost ,getdate(),convert(char(8),convert (time,getdate())),getdate(),convert(char(8),convert (time,getdate())),'aut','aut' from wsbodata bo where bo.bostamp = 'aut67405832996740543065'
20241122@095146.6960 pqeamp7kcp4lmg1infoqc54vdg Query : select 1 valor from information_schema.tables where table_type='base table' and table_name='wstablefields'
20241122@095146.6980 pqeamp7kcp4lmg1infoqc54vdg Query : select fieldkey,fieldname,fieldtype,calcformula from wstablefields where tablename = 'bi' and documentnumber = 5
20241122@095146.6997 pqeamp7kcp4lmg1infoqc54vdg Query : insert into wsbidata (bistamp,ousrdata, ousrhora, usrdata,usrhora,ousrinis,usrinis ,obrano, qtt,uni2qtt ,no, estab,nmdos ,ndos, obranome,fechada, dataobra ,rdata ,dataopen, datafecho,local, morada ,codpost, nome,bostamp,lordem ,edebito,debito, epu,pu ,ivaincl,stns,unidade, unidad2 ,marcada,usalote ,ettdeb,ttdeb,epcusto, pcusto ,ecustoind,custoind ,vendedor,vendnm, ccusto,ncusto ,noserie,tabiva,iva ,ref,design,familia,desconto,desc2,desc3,desc4,eslvu,slvu,esltt,sltt,oobistamp,vumoeda,ttmoeda,slvumoeda,slttmoeda,lote,armazem,ar2mazem,obistamp ,stipo) select 'aut674055272967405432a3',getdate(),convert(char(8),convert (time,getdate())),getdate(),convert(char(8),convert (time,getdate())),'aut','aut',bo.obrano, 4.000, 4.000*.0000000 ,bo.no, bo.estab,bo.nmdos ,bo.ndos, bo.obranome,bo.fechada, bo.dataobra ,bo.dataobra ,bo.dataopen,bo.datafecho,bo.local, bo.morada ,bo.codpost, bo.nome,bo.bostamp,180000 ,19.99,19.99*200.48,19.99,19.99*200.48 ,0,0,'un ',' ' ,bo.marcada,1 ,19.99*4.000,19.99*4.000*200.48 ,3.857000,3.857000*200.48 ,3.857000,3.857000*200.48 ,bo.vendedor,bo.vendnm,bo.ccusto,bo.ncusto ,0,2,23.00,?,?,?,0,0,0,0,19.99,19.99*200.48,19.99*4.000,19.99*4.000*200.48,'pll24112133181,564000016 ',19.99,19.99*4.000,19.99,19.99*4.000,?,?,?,?,4 from wsbodata bo where bo.bostamp = 'aut67405832996740543065'
20241122@095146.7382 pqeamp7kcp4lmg1infoqc54vdg Query : use flama_phc
20241122@095146.7386 pqeamp7kcp4lmg1infoqc54vdg Query : select st.usalote valor from st where st.ref = '324.2300.00.1'
20241122@095146.7401 pqeamp7kcp4lmg1infoqc54vdg Query : use flama_phc
20241122@095146.7404 pqeamp7kcp4lmg1infoqc54vdg Query : select st.stns valor from st where st.ref = '324.2300.00.1'
20241122@095146.7421 pqeamp7kcp4lmg1infoqc54vdg Query : use flama_phc
20241122@095146.7424 pqeamp7kcp4lmg1infoqc54vdg Query : select isnull(sum(stock) ,0)stock ,isnull(sum(qttrec),0) qttrec ,0 qttcat ,isnull(sum(rescli),0) rescli ,isnull(sum(resfor),0) resfor from sa where sa.ref = '324.2300.00.1' and sa.armazem = 133 
20241122@095146.7517 pqeamp7kcp4lmg1infoqc54vdg Query : use flama_phc
20241122@095146.7519 pqeamp7kcp4lmg1infoqc54vdg Query : select st.stns valor from st where st.ref = '324.2300.00.1'
20241122@095146.7540 pqeamp7kcp4lmg1infoqc54vdg Query : select top 1 st.tabiva ,st.ivaincl ,st.stns ,st.uni2 ,st.familia ,isnull(tx.taxa, 0) txiva ,unidade ,usalote ,epcpond ,noserie ,conversao ,st.texteis from st left join taxasiva tx on st.tabiva = tx.codigo where st.ref = '324.2300.00.1'
20241122@095146.7697 pqeamp7kcp4lmg1infoqc54vdg Query : select 1 valor from information_schema.tables where table_type='base table' and table_name='wstablefields'
20241122@095146.7715 pqeamp7kcp4lmg1infoqc54vdg Query : select fieldkey,fieldname,fieldtype,mandatory from wstablefields where tablename = 'bi' and documentnumber = 5
20241122@095146.7728 pqeamp7kcp4lmg1infoqc54vdg Query : select 1 valor from information_schema.tables where table_type='base table' and table_name='wstablefields'
20241122@095146.7743 pqeamp7kcp4lmg1infoqc54vdg Query : select fieldkey,fieldname,fieldtype,mandatory from wstablefields where tablename = 'bi2' and documentnumber = 5
20241122@095146.7753 pqeamp7kcp4lmg1infoqc54vdg Query : select sestamp valor from se where ref ='324.2300.00.1' and lote = 'r2400497200a'
20241122@095146.7807 pqeamp7kcp4lmg1infoqc54vdg Query : select top 1 convert(numeric(6,2),t.taxa) valor from taxasiva t where t.codigo='2'
20241122@095146.7820 pqeamp7kcp4lmg1infoqc54vdg Query : select 1 valor from information_schema.tables where table_type='base table' and table_name='wstablefields'
20241122@095146.7835 pqeamp7kcp4lmg1infoqc54vdg Query : select fieldkey,fieldname,fieldtype,calcformula from wstablefields where tablename = 'bi2' and documentnumber = 5
20241122@095146.7847 pqeamp7kcp4lmg1infoqc54vdg Query : insert into wsbi2data (bi2stamp,bostamp,morada, local,codpost ,ousrdata, ousrhora, usrdata,usrhora,ousrinis,usrinis) select 'aut674057832867405432be','aut67405832996740543065',bo.morada, bo.local,bo.codpost ,getdate(),convert(char(8),convert (time,getdate())),getdate(),convert(char(8),convert (time,getdate())),'aut','aut' from wsbodata bo where bo.bostamp = 'aut67405832996740543065'
20241122@095146.8016 pqeamp7kcp4lmg1infoqc54vdg Query : select 1 valor from information_schema.tables where table_type='base table' and table_name='wstablefields'
20241122@095146.8037 pqeamp7kcp4lmg1infoqc54vdg Query : select fieldkey,fieldname,fieldtype,calcformula from wstablefields where tablename = 'bi' and documentnumber = 5
20241122@095146.8052 pqeamp7kcp4lmg1infoqc54vdg Query : insert into wsbidata (bistamp,ousrdata, ousrhora, usrdata,usrhora,ousrinis,usrinis ,obrano, qtt,uni2qtt ,no, estab,nmdos ,ndos, obranome,fechada, dataobra ,rdata ,dataopen, datafecho,local, morada ,codpost, nome,bostamp,lordem ,edebito,debito, epu,pu ,ivaincl,stns,unidade, unidad2 ,marcada,usalote ,ettdeb,ttdeb,epcusto, pcusto ,ecustoind,custoind ,vendedor,vendnm, ccusto,ncusto ,noserie,tabiva,iva ,ref,design,familia,desconto,desc2,desc3,desc4,eslvu,slvu,esltt,sltt,oobistamp,vumoeda,ttmoeda,slvumoeda,slttmoeda,lote,armazem,ar2mazem,obistamp ,stipo) select 'aut674057832867405432be',getdate(),convert(char(8),convert (time,getdate())),getdate(),convert(char(8),convert (time,getdate())),'aut','aut',bo.obrano, 6.000, 6.000*.0000000 ,bo.no, bo.estab,bo.nmdos ,bo.ndos, bo.obranome,bo.fechada, bo.dataobra ,bo.dataobra ,bo.dataopen,bo.datafecho,bo.local, bo.morada ,bo.codpost, bo.nome,bo.bostamp,190000 ,24.99,24.99*200.48,24.99,24.99*200.48 ,0,0,'un ','' ,bo.marcada,1 ,24.99*6.000,24.99*6.000*200.48 ,6.598000,6.598000*200.48 ,6.598000,6.598000*200.48 ,bo.vendedor,bo.vendnm,bo.ccusto,bo.ncusto ,0,2,23.00,?,?,?,0,0,0,0,24.99,24.99*200.48,24.99*6.000,24.99*6.000*200.48,'pll24112133261,607000017 ',24.99,24.99*6.000,24.99,24.99*6.000,?,?,?,?,4 from wsbodata bo where bo.bostamp = 'aut67405832996740543065'
20241122@095146.8476 pqeamp7kcp4lmg1infoqc54vdg Query : insert into wsbocreationlog (initialstamp,externalid,creationstatus,documenttypeid,idustamp,transactionid) values ('aut67405832996740543065','','wait',5,'adm12071144683,938000003','')
20241122@095146.8618 pqeamp7kcp4lmg1infoqc54vdg Query : use flama_phc
20241122@095146.8644 pqeamp7kcp4lmg1infoqc54vdg Query : update u_wsusers set rqsttoken =? where userid ='userls001'
20241122@095146.8741 pqeamp7kcp4lmg1infoqc54vdg Query : select concat(rtrim(relative_path),ltrim(name_new)) as valor from uploadfiles where uploadfile_id='3442';
20241122@095146.8785 pqeamp7kcp4lmg1infoqc54vdg Query : update uploadfiles set whenupdated=current_timestamp where uploadfile_id='3442';
20241122@101909.1715 jj6bfcs91qvldqlj568bieo6l7 Query : use flama_phc
20241122@101909.1719 jj6bfcs91qvldqlj568bieo6l7 Query : select secretkey valor from u_wsusers u where u.userid = ? and u.username=? and u.password=? and u.inactivo=0
20241122@101909.1801 jj6bfcs91qvldqlj568bieo6l7 Query : use flama_phc
20241122@101909.1804 jj6bfcs91qvldqlj568bieo6l7 Query : update u_wsusers set rqsttoken =? where userid ='userls001'
20241122@103608.9870 q4oloabcp2m9kqikiq3b451csb Query : use flama_phc
20241122@103608.9874 q4oloabcp2m9kqikiq3b451csb Query : select secretkey valor from u_wsusers u where u.userid = ? and u.username=? and u.password=? and u.inactivo=0
20241122@103608.9960 q4oloabcp2m9kqikiq3b451csb Query : use flama_phc
20241122@103608.9964 q4oloabcp2m9kqikiq3b451csb Query : update u_wsusers set rqsttoken =? where userid ='userls001'
20241122@111912.6890 c2h7kcqr4rirfhtqpgvfkk0gm6 Query : use flama_phc
20241122@111912.6894 c2h7kcqr4rirfhtqpgvfkk0gm6 Query : select secretkey valor from u_wsusers u where u.userid = ? and u.username=? and u.password=? and u.inactivo=0
20241122@111912.7025 c2h7kcqr4rirfhtqpgvfkk0gm6 Query : use flama_phc
20241122@111912.7029 c2h7kcqr4rirfhtqpgvfkk0gm6 Query : update u_wsusers set rqsttoken =? where userid ='userls001'
20241122@113612.6578 ljgcd8eecqel07hbv583oo6i74 Query : use flama_phc
20241122@113612.6584 ljgcd8eecqel07hbv583oo6i74 Query : select secretkey valor from u_wsusers u where u.userid = ? and u.username=? and u.password=? and u.inactivo=0
20241122@113612.6667 ljgcd8eecqel07hbv583oo6i74 Query : use flama_phc
20241122@113612.6670 ljgcd8eecqel07hbv583oo6i74 Query : update u_wsusers set rqsttoken =? where userid ='userls001'
20241122@115955.9287 5fkvnabib0p7uadv7sb5ie9v8p Query : insert into uploadfiles ( name_original, name_new, option_type, relative_path, whencreated ) values ( ?, ?, ?, ?, getdate() )
20241122@115955.9305 5fkvnabib0p7uadv7sb5ie9v8p Query : select uploadfile_id valor from uploadfiles where name_new = ? and option_type = ? 
20241122@115955.9488 5fkvnabib0p7uadv7sb5ie9v8p Query : select concat(rtrim(relative_path),ltrim(name_new)) as valor from uploadfiles where uploadfile_id='3443';
20241122@115955.9556 5fkvnabib0p7uadv7sb5ie9v8p Query : update uploadfiles set whenupdated=current_timestamp where uploadfile_id='3443';
20241122@115955.9614 5fkvnabib0p7uadv7sb5ie9v8p Query : select concat(rtrim(relative_path),ltrim(name_new)) as valor from uploadfiles where uploadfile_id='3443';
20241122@115955.9648 5fkvnabib0p7uadv7sb5ie9v8p Query : update uploadfiles set whenupdated=current_timestamp where uploadfile_id='3443';
20241122@115955.9713 5fkvnabib0p7uadv7sb5ie9v8p Query : use flama_phc
20241122@115955.9716 5fkvnabib0p7uadv7sb5ie9v8p Query : select top 1 secretkey valor from u_wsusers u where u.userid = ? and u.inactivo=0
20241122@115955.9786 5fkvnabib0p7uadv7sb5ie9v8p Query : use flama_phc
20241122@115955.9789 5fkvnabib0p7uadv7sb5ie9v8p Query : select no, estab,szadrsdesc from szadrs where u_coddest=4740
20241122@115955.9925 5fkvnabib0p7uadv7sb5ie9v8p Query : select top 1 isnull(design,'') valor from st (nolock) left join stobs (nolock) on st.ref = stobs.ref where st.ref = '324.1879.00.1'
20241122@115956.9100 5fkvnabib0p7uadv7sb5ie9v8p Query : select top 1 isnull(design,'') valor from st (nolock) left join stobs (nolock) on st.ref = stobs.ref where st.ref = '324.1879.00.1'
20241122@115956.1130 5fkvnabib0p7uadv7sb5ie9v8p Query : select top 1 isnull(design,'') valor from st (nolock) left join stobs (nolock) on st.ref = stobs.ref where st.ref = '324.1879.00.1'
20241122@115956.1360 5fkvnabib0p7uadv7sb5ie9v8p Query : select top 1 isnull(design,'') valor from st (nolock) left join stobs (nolock) on st.ref = stobs.ref where st.ref = '324.1879.00.1'
20241122@115956.1570 5fkvnabib0p7uadv7sb5ie9v8p Query : select top 1 isnull(design,'') valor from st (nolock) left join stobs (nolock) on st.ref = stobs.ref where st.ref = '324.1879.00.1'
20241122@115956.1790 5fkvnabib0p7uadv7sb5ie9v8p Query : select top 1 isnull(design,'') valor from st (nolock) left join stobs (nolock) on st.ref = stobs.ref where st.ref = '324.1879.00.1'
20241122@115956.2010 5fkvnabib0p7uadv7sb5ie9v8p Query : select top 1 isnull(design,'') valor from st (nolock) left join stobs (nolock) on st.ref = stobs.ref where st.ref = '324.1879.00.1'
20241122@115956.2230 5fkvnabib0p7uadv7sb5ie9v8p Query : select top 1 isnull(design,'') valor from st (nolock) left join stobs (nolock) on st.ref = stobs.ref where st.ref = '324.1879.00.1'
20241122@115956.2440 5fkvnabib0p7uadv7sb5ie9v8p Query : select top 1 isnull(design,'') valor from st (nolock) left join stobs (nolock) on st.ref = stobs.ref where st.ref = '324.1879.00.1'
20241122@115956.2660 5fkvnabib0p7uadv7sb5ie9v8p Query : select top 1 isnull(design,'') valor from st (nolock) left join stobs (nolock) on st.ref = stobs.ref where st.ref = '324.1879.00.1'
20241122@115956.2870 5fkvnabib0p7uadv7sb5ie9v8p Query : select top 1 isnull(design,'') valor from st (nolock) left join stobs (nolock) on st.ref = stobs.ref where st.ref = '324.1879.00.1'
20241122@115956.3070 5fkvnabib0p7uadv7sb5ie9v8p Query : select top 1 isnull(design,'') valor from st (nolock) left join stobs (nolock) on st.ref = stobs.ref where st.ref = '324.1879.00.1'
20241122@115956.3300 5fkvnabib0p7uadv7sb5ie9v8p Query : select top 1 isnull(design,'') valor from st (nolock) left join stobs (nolock) on st.ref = stobs.ref where st.ref = '324.1879.00.1'
20241122@115956.3520 5fkvnabib0p7uadv7sb5ie9v8p Query : select top 1 isnull(design,'') valor from st (nolock) left join stobs (nolock) on st.ref = stobs.ref where st.ref = '324.1879.00.1'
20241122@115956.3740 5fkvnabib0p7uadv7sb5ie9v8p Query : select top 1 isnull(design,'') valor from st (nolock) left join stobs (nolock) on st.ref = stobs.ref where st.ref = '324.1879.00.1'
20241122@115956.3950 5fkvnabib0p7uadv7sb5ie9v8p Query : select top 1 isnull(design,'') valor from st (nolock) left join stobs (nolock) on st.ref = stobs.ref where st.ref = '324.1879.00.1'
20241122@115956.4170 5fkvnabib0p7uadv7sb5ie9v8p Query : select top 1 isnull(design,'') valor from st (nolock) left join stobs (nolock) on st.ref = stobs.ref where st.ref = '324.1879.00.1'
20241122@115956.4370 5fkvnabib0p7uadv7sb5ie9v8p Query : select top 1 isnull(design,'') valor from st (nolock) left join stobs (nolock) on st.ref = stobs.ref where st.ref = '324.1879.00.1'
20241122@115956.4580 5fkvnabib0p7uadv7sb5ie9v8p Query : select top 1 isnull(design,'') valor from st (nolock) left join stobs (nolock) on st.ref = stobs.ref where st.ref = '324.1879.00.1'
20241122@115956.4810 5fkvnabib0p7uadv7sb5ie9v8p Query : select top 1 isnull(design,'') valor from st (nolock) left join stobs (nolock) on st.ref = stobs.ref where st.ref = '324.1879.00.1'
20241122@115956.5040 5fkvnabib0p7uadv7sb5ie9v8p Query : use flama_phc
20241122@115956.5080 5fkvnabib0p7uadv7sb5ie9v8p Query : select top 1 convert(date,fdata) valor from ft where ndoc = 39 and anulado= 0 and fno>0 order by fdata desc
20241122@115956.7530 5fkvnabib0p7uadv7sb5ie9v8p Query : use flama_phc
20241122@115956.7570 5fkvnabib0p7uadv7sb5ie9v8p Query : select top 1 1 valor from td where td.ndoc = 39
20241122@115956.8610 5fkvnabib0p7uadv7sb5ie9v8p Query : use flama_phc
20241122@115956.8650 5fkvnabib0p7uadv7sb5ie9v8p Query : select lower(descricao) descricao ,case when valor='s' then 1 else 0 end valor from para1 where descricao in ('st_lote','st_usalogifunc', 'st_grelha')
20241122@115956.9080 5fkvnabib0p7uadv7sb5ie9v8p Query : select top 1 manternumero ,assinadoc issigned ,tiposaft ,assinaimp ,nmdos ,td.assinadoc ,'cl' origin ,lancasl stocks ,case when cmsl<50 and td.lancasl=1 then 1 else 0 end entrada ,case when cmsl>50 and td.lancasl=1 then 1 else 0 end saida ,temserie assets ,~semgre usegridfields from td inner join td2 on td.tdstamp=td2.td2stamp where td.ndoc = 1
20241122@115956.1052 5fkvnabib0p7uadv7sb5ie9v8p Query : use flama_phc
20241122@115956.1056 5fkvnabib0p7uadv7sb5ie9v8p Query : select top 1 ~inactivo valor from cl where no = '100810' and estab = 0 order by inactivo desc
20241122@115956.1183 5fkvnabib0p7uadv7sb5ie9v8p Query : use flama_phc
20241122@115956.1187 5fkvnabib0p7uadv7sb5ie9v8p Query : select top 1 tipodoc,regrd from td where ndoc = 39
20241122@115956.1295 5fkvnabib0p7uadv7sb5ie9v8p Query : use flama_phc
20241122@115956.1298 5fkvnabib0p7uadv7sb5ie9v8p Query : select szadrsstamp valor from szadrs where szadrsdesc='espaÇotrans,lda'
20241122@115956.1345 5fkvnabib0p7uadv7sb5ie9v8p Query : use flama_phc
20241122@115956.1348 5fkvnabib0p7uadv7sb5ie9v8p Query : select szadrsstamp valor from szadrs where szadrsdesc='100810 - worten-equipamentos para o lar,sa.'
20241122@115956.1406 5fkvnabib0p7uadv7sb5ie9v8p Query : use flama_phc
20241122@115956.1409 5fkvnabib0p7uadv7sb5ie9v8p Query : select 1 valor from td where ndoc = 39
20241122@115956.1497 5fkvnabib0p7uadv7sb5ie9v8p Query : select top 1 manternumero, tiposaft, nmdos,td.assinadoc from td where td.ndoc = 39
20241122@115956.1581 5fkvnabib0p7uadv7sb5ie9v8p Query : select 1 valor from information_schema.tables where table_type='base table' and table_name='wstablefields'
20241122@115956.1612 5fkvnabib0p7uadv7sb5ie9v8p Query : select fieldkey,fieldname,fieldtype,mandatory from wstablefields where tablename = 'ft' and documentnumber = 39
20241122@115956.1664 5fkvnabib0p7uadv7sb5ie9v8p Query : select 1 valor from information_schema.tables where table_type='base table' and table_name='wstablefields'
20241122@115956.1681 5fkvnabib0p7uadv7sb5ie9v8p Query : select fieldkey,fieldname,fieldtype,mandatory from wstablefields where tablename = 'ft2' and documentnumber = 39
20241122@115956.1715 5fkvnabib0p7uadv7sb5ie9v8p Query : select 1 valor from information_schema.tables where table_type='base table' and table_name='wstablefields'
20241122@115956.1731 5fkvnabib0p7uadv7sb5ie9v8p Query : select fieldkey,fieldname,fieldtype,mandatory from wstablefields where tablename = 'ft3' and documentnumber = 39
20241122@115956.1747 5fkvnabib0p7uadv7sb5ie9v8p Query : select top 1 ft.fno valor from ft ft where ft.ndoc = 39 and ftano=2024 order by fno desc
20241122@115956.1943 5fkvnabib0p7uadv7sb5ie9v8p Query : select top 1 ft.fno valor from wsftdata ft where ft.ndoc = 39 and ftano=2024 order by fno desc
20241122@115956.2048 5fkvnabib0p7uadv7sb5ie9v8p Query : select 1 valor from information_schema.tables where table_type='base table' and table_name='wstablefields'
20241122@115956.2067 5fkvnabib0p7uadv7sb5ie9v8p Query : select fieldkey,fieldname,fieldtype,calcformula from wstablefields where tablename = 'ft3' and documentnumber = 39
20241122@115956.2094 5fkvnabib0p7uadv7sb5ie9v8p Query : insert into wsft3data (ft3stamp, ousrdata, ousrhora, usrdata,usrhora,ousrinis,usrinis,taxpointdt ) values ('aut67407460996740723c2a' ,getdate(),convert(char(8),convert (time,getdate())),getdate(),convert(char(8),convert (time,getdate())),'wsv','wsv',?)
20241122@115956.2504 5fkvnabib0p7uadv7sb5ie9v8p Query : select 1 valor from information_schema.tables where table_type='base table' and table_name='wstablefields'
20241122@115956.2524 5fkvnabib0p7uadv7sb5ie9v8p Query : select fieldkey,fieldname,fieldtype,calcformula from wstablefields where tablename = 'ft2' and documentnumber = 39
20241122@115956.2570 5fkvnabib0p7uadv7sb5ie9v8p Query : select top 1 bo.u_nomeenv valor from bo where bo.bostamp=''
20241122@115956.2685 5fkvnabib0p7uadv7sb5ie9v8p Query : select top 1 bo.u_moradaen valor from bo where bo.bostamp=''
20241122@115956.2793 5fkvnabib0p7uadv7sb5ie9v8p Query : select top 1 bo.u_codposen valor from bo where bo.bostamp=''
20241122@115956.2902 5fkvnabib0p7uadv7sb5ie9v8p Query : select top 1 bo.u_localenv valor from bo where bo.bostamp=''
20241122@115956.3010 5fkvnabib0p7uadv7sb5ie9v8p Query : select top 1 bo.trab5 valor from bo where bo.bostamp=''
20241122@115956.3117 5fkvnabib0p7uadv7sb5ie9v8p Query : select top 1 bo.serie valor from bo where bo.bostamp=''
20241122@115956.3208 5fkvnabib0p7uadv7sb5ie9v8p Query : insert into wsft2data (ft2stamp, ousrdata,ousrhora, usrdata,usrhora,ousrinis,usrinis,u_nomeenv ,u_moradaen ,u_codposen ,u_localenv ,u_coddest ,u_codby ) values ('aut67407460996740723c2a',getdate(),convert(char(8),convert (time,getdate())),getdate(),convert(char(8),convert (time,getdate())),'wsv','wsv',?,?,?,?,?,?)
20241122@115956.3904 5fkvnabib0p7uadv7sb5ie9v8p Query : select top 1 fno valor from wsftdata order by fno desc
20241122@115956.4008 5fkvnabib0p7uadv7sb5ie9v8p Query : select 1 valor from information_schema.tables where table_type='base table' and table_name='wstablefields'
20241122@115956.4025 5fkvnabib0p7uadv7sb5ie9v8p Query : select fieldkey,fieldname,fieldtype,calcformula from wstablefields where tablename = 'ft' and documentnumber = 39
20241122@115956.4053 5fkvnabib0p7uadv7sb5ie9v8p Query : select 'normal' from dummy
20241122@115956.4104 5fkvnabib0p7uadv7sb5ie9v8p Query : insert into wsftdata (ftstamp, ousrdata,ousrhora, usrdata,usrhora,ousrinis,usrinis,fno,no,estab,fdata,ndoc,moeda,cambio,cambiofixo,ftano,site ,classe ) values ('aut67407460996740723c2a',getdate(),convert(char(8),convert (time,getdate())),getdate(),convert(char(8),convert (time,getdate())),'wsv','wsv',1980,100810,0,'2024-11-22',39,'euro',0,0,2024 ,?,?)
20241122@115956.4570 5fkvnabib0p7uadv7sb5ie9v8p Query : use flama_phc
20241122@115956.4573 5fkvnabib0p7uadv7sb5ie9v8p Query : select st.usalote valor from st where st.ref = '324.1879.00.1'
20241122@115956.4612 5fkvnabib0p7uadv7sb5ie9v8p Query : select top 1 st.tabiva ,st.ivaincl ,st.stns ,st.uni2 ,st.familia ,isnull(tx.taxa, 0) txiva ,unidade ,usalote ,epcpond ,noserie ,conversao ,st.texteis from st left join taxasiva tx on st.tabiva = tx.codigo where st.ref = '324.1879.00.1'
20241122@115956.4769 5fkvnabib0p7uadv7sb5ie9v8p Query : select 1 valor from information_schema.tables where table_type='base table' and table_name='wstablefields'
20241122@115956.4786 5fkvnabib0p7uadv7sb5ie9v8p Query : select fieldkey,fieldname,fieldtype,mandatory from wstablefields where tablename = 'fi' and documentnumber = 39
20241122@115956.4843 5fkvnabib0p7uadv7sb5ie9v8p Query : select 1 valor from information_schema.tables where table_type='base table' and table_name='wstablefields'
20241122@115956.4861 5fkvnabib0p7uadv7sb5ie9v8p Query : select fieldkey,fieldname,fieldtype,mandatory from wstablefields where tablename = 'fi2' and documentnumber = 39
20241122@115956.4871 5fkvnabib0p7uadv7sb5ie9v8p Query : select top 1 convert(numeric(6,2),t.taxa) valor from taxasiva t where t.codigo='2'
20241122@115956.4894 5fkvnabib0p7uadv7sb5ie9v8p Query : select sestamp valor from se where ref ='324.1879.00.1' and lote = 'r2400283200a'
20241122@115956.4915 5fkvnabib0p7uadv7sb5ie9v8p Query : select 1 valor from information_schema.tables where table_type='base table' and table_name='wstablefields'
20241122@115956.4931 5fkvnabib0p7uadv7sb5ie9v8p Query : select fieldkey,fieldname,fieldtype,calcformula from wstablefields where tablename = 'fi2' and documentnumber = 39
20241122@115956.4950 5fkvnabib0p7uadv7sb5ie9v8p Query : insert into wsfi2data (fi2stamp,ftstamp ,ousrdata, ousrhora, usrdata,usrhora,ousrinis,usrinis) values ('aut67407091206740723c78','aut67407460996740723c2a' ,getdate(),convert(char(8),convert (time,getdate())),getdate(),convert(char(8),convert (time,getdate())),'wsv','wsv')
20241122@115956.5007 5fkvnabib0p7uadv7sb5ie9v8p Query : select 1 valor from information_schema.tables where table_type='base table' and table_name='wstablefields'
20241122@115956.5026 5fkvnabib0p7uadv7sb5ie9v8p Query : select fieldkey,fieldname,fieldtype,calcformula from wstablefields where tablename = 'fi' and documentnumber = 39
20241122@115956.5067 5fkvnabib0p7uadv7sb5ie9v8p Query : insert into wsfidata (fistamp,ousrdata, ousrhora, usrdata,usrhora,ousrinis,usrinis ,qtt ,ftstamp ,epv,pvmoeda ,tabiva,iva,lordem ,ref, design ,lote,armazem) values ('aut67407091206740723c78',getdate(),convert(char(8),convert (time,getdate())),getdate(),convert(char(8),convert (time,getdate())),'wsv','wsv',20.000 ,'aut67407460996740723c2a' ,0,0 ,2,23.00,10000,?,?,?,?)
20241122@115956.6752 5fkvnabib0p7uadv7sb5ie9v8p Query : select 1 valor from information_schema.tables where table_type='base table' and table_name='wstablefields'
20241122@115956.6772 5fkvnabib0p7uadv7sb5ie9v8p Query : select fieldkey,fieldname,fieldtype,mandatory from wstablefields where tablename = 'fi' and documentnumber = 39
20241122@115956.6805 5fkvnabib0p7uadv7sb5ie9v8p Query : select 1 valor from information_schema.tables where table_type='base table' and table_name='wstablefields'
20241122@115956.6824 5fkvnabib0p7uadv7sb5ie9v8p Query : select fieldkey,fieldname,fieldtype,mandatory from wstablefields where tablename = 'fi2' and documentnumber = 39
20241122@115956.6833 5fkvnabib0p7uadv7sb5ie9v8p Query : select top 1 convert(numeric(6,2),t.taxa) valor from taxasiva t where t.codigo='2'
20241122@115956.6848 5fkvnabib0p7uadv7sb5ie9v8p Query : select 1 valor from information_schema.tables where table_type='base table' and table_name='wstablefields'
20241122@115956.6868 5fkvnabib0p7uadv7sb5ie9v8p Query : select fieldkey,fieldname,fieldtype,calcformula from wstablefields where tablename = 'fi2' and documentnumber = 39
20241122@115956.6882 5fkvnabib0p7uadv7sb5ie9v8p Query : insert into wsfi2data (fi2stamp,ftstamp ,ousrdata, ousrhora, usrdata,usrhora,ousrinis,usrinis) values ('aut67407262206740723ca7','aut67407460996740723c2a' ,getdate(),convert(char(8),convert (time,getdate())),getdate(),convert(char(8),convert (time,getdate())),'wsv','wsv')
20241122@115956.6888 5fkvnabib0p7uadv7sb5ie9v8p Query : select 1 valor from information_schema.tables where table_type='base table' and table_name='wstablefields'
20241122@115956.6905 5fkvnabib0p7uadv7sb5ie9v8p Query : select fieldkey,fieldname,fieldtype,calcformula from wstablefields where tablename = 'fi' and documentnumber = 39
20241122@115956.6939 5fkvnabib0p7uadv7sb5ie9v8p Query : insert into wsfidata (fistamp,ousrdata, ousrhora, usrdata,usrhora,ousrinis,usrinis ,qtt ,ftstamp ,epv,pvmoeda ,tabiva,iva,lordem ,ref, design ,armazem) values ('aut67407262206740723ca7',getdate(),convert(char(8),convert (time,getdate())),getdate(),convert(char(8),convert (time,getdate())),'wsv','wsv',0 ,'aut67407460996740723c2a' ,0,0 ,2,23.00,20000,?,?,?)
20241122@115956.7237 5fkvnabib0p7uadv7sb5ie9v8p Query : use flama_phc
20241122@115956.7241 5fkvnabib0p7uadv7sb5ie9v8p Query : select st.usalote valor from st where st.ref = '324.1879.00.1'
20241122@115956.7265 5fkvnabib0p7uadv7sb5ie9v8p Query : select top 1 st.tabiva ,st.ivaincl ,st.stns ,st.uni2 ,st.familia ,isnull(tx.taxa, 0) txiva ,unidade ,usalote ,epcpond ,noserie ,conversao ,st.texteis from st left join taxasiva tx on st.tabiva = tx.codigo where st.ref = '324.1879.00.1'
20241122@115956.7283 5fkvnabib0p7uadv7sb5ie9v8p Query : select 1 valor from information_schema.tables where table_type='base table' and table_name='wstablefields'
20241122@115956.7302 5fkvnabib0p7uadv7sb5ie9v8p Query : select fieldkey,fieldname,fieldtype,mandatory from wstablefields where tablename = 'fi' and documentnumber = 39
20241122@115956.7331 5fkvnabib0p7uadv7sb5ie9v8p Query : select 1 valor from information_schema.tables where table_type='base table' and table_name='wstablefields'
20241122@115956.7348 5fkvnabib0p7uadv7sb5ie9v8p Query : select fieldkey,fieldname,fieldtype,mandatory from wstablefields where tablename = 'fi2' and documentnumber = 39
20241122@115956.7358 5fkvnabib0p7uadv7sb5ie9v8p Query : select top 1 convert(numeric(6,2),t.taxa) valor from taxasiva t where t.codigo='2'
20241122@115956.7371 5fkvnabib0p7uadv7sb5ie9v8p Query : select sestamp valor from se where ref ='324.1879.00.1' and lote = 'r2400283200a'
20241122@115956.7385 5fkvnabib0p7uadv7sb5ie9v8p Query : select 1 valor from information_schema.tables where table_type='base table' and table_name='wstablefields'
20241122@115956.7402 5fkvnabib0p7uadv7sb5ie9v8p Query : select fieldkey,fieldname,fieldtype,calcformula from wstablefields where tablename = 'fi2' and documentnumber = 39
20241122@115956.7416 5fkvnabib0p7uadv7sb5ie9v8p Query : insert into wsfi2data (fi2stamp,ftstamp ,ousrdata, ousrhora, usrdata,usrhora,ousrinis,usrinis) values ('aut67407433716740723cb4','aut67407460996740723c2a' ,getdate(),convert(char(8),convert (time,getdate())),getdate(),convert(char(8),convert (time,getdate())),'wsv','wsv')
20241122@115956.7421 5fkvnabib0p7uadv7sb5ie9v8p Query : select 1 valor from information_schema.tables where table_type='base table' and table_name='wstablefields'
20241122@115956.7436 5fkvnabib0p7uadv7sb5ie9v8p Query : select fieldkey,fieldname,fieldtype,calcformula from wstablefields where tablename = 'fi' and documentnumber = 39
20241122@115956.7467 5fkvnabib0p7uadv7sb5ie9v8p Query : insert into wsfidata (fistamp,ousrdata, ousrhora, usrdata,usrhora,ousrinis,usrinis ,qtt ,ftstamp ,epv,pvmoeda ,tabiva,iva,lordem ,ref, design ,lote,armazem) values ('aut67407433716740723cb4',getdate(),convert(char(8),convert (time,getdate())),getdate(),convert(char(8),convert (time,getdate())),'wsv','wsv',20.000 ,'aut67407460996740723c2a' ,0,0 ,2,23.00,40000,?,?,?,?)
20241122@115956.7768 5fkvnabib0p7uadv7sb5ie9v8p Query : select 1 valor from information_schema.tables where table_type='base table' and table_name='wstablefields'
20241122@115956.7786 5fkvnabib0p7uadv7sb5ie9v8p Query : select fieldkey,fieldname,fieldtype,mandatory from wstablefields where tablename = 'fi' and documentnumber = 39
20241122@115956.7819 5fkvnabib0p7uadv7sb5ie9v8p Query : select 1 valor from information_schema.tables where table_type='base table' and table_name='wstablefields'
20241122@115956.7835 5fkvnabib0p7uadv7sb5ie9v8p Query : select fieldkey,fieldname,fieldtype,mandatory from wstablefields where tablename = 'fi2' and documentnumber = 39
20241122@115956.7848 5fkvnabib0p7uadv7sb5ie9v8p Query : select top 1 convert(numeric(6,2),t.taxa) valor from taxasiva t where t.codigo='2'
20241122@115956.7863 5fkvnabib0p7uadv7sb5ie9v8p Query : select 1 valor from information_schema.tables where table_type='base table' and table_name='wstablefields'
20241122@115956.7880 5fkvnabib0p7uadv7sb5ie9v8p Query : select fieldkey,fieldname,fieldtype,calcformula from wstablefields where tablename = 'fi2' and documentnumber = 39
20241122@115956.7893 5fkvnabib0p7uadv7sb5ie9v8p Query : insert into wsfi2data (fi2stamp,ftstamp ,ousrdata, ousrhora, usrdata,usrhora,ousrinis,usrinis) values ('aut67407758216740723cbf','aut67407460996740723c2a' ,getdate(),convert(char(8),convert (time,getdate())),getdate(),convert(char(8),convert (time,getdate())),'wsv','wsv')
20241122@115956.7899 5fkvnabib0p7uadv7sb5ie9v8p Query : select 1 valor from information_schema.tables where table_type='base table' and table_name='wstablefields'
20241122@115956.7924 5fkvnabib0p7uadv7sb5ie9v8p Query : select fieldkey,fieldname,fieldtype,calcformula from wstablefields where tablename = 'fi' and documentnumber = 39
20241122@115956.7955 5fkvnabib0p7uadv7sb5ie9v8p Query : insert into wsfidata (fistamp,ousrdata, ousrhora, usrdata,usrhora,ousrinis,usrinis ,qtt ,ftstamp ,epv,pvmoeda ,tabiva,iva,lordem ,ref, design ,armazem) values ('aut67407758216740723cbf',getdate(),convert(char(8),convert (time,getdate())),getdate(),convert(char(8),convert (time,getdate())),'wsv','wsv',0 ,'aut67407460996740723c2a' ,0,0 ,2,23.00,50000,?,?,?)
20241122@115956.8241 5fkvnabib0p7uadv7sb5ie9v8p Query : use flama_phc
20241122@115956.8244 5fkvnabib0p7uadv7sb5ie9v8p Query : select st.usalote valor from st where st.ref = '324.1879.00.1'
20241122@115956.8270 5fkvnabib0p7uadv7sb5ie9v8p Query : select top 1 st.tabiva ,st.ivaincl ,st.stns ,st.uni2 ,st.familia ,isnull(tx.taxa, 0) txiva ,unidade ,usalote ,epcpond ,noserie ,conversao ,st.texteis from st left join taxasiva tx on st.tabiva = tx.codigo where st.ref = '324.1879.00.1'
20241122@115956.8287 5fkvnabib0p7uadv7sb5ie9v8p Query : select 1 valor from information_schema.tables where table_type='base table' and table_name='wstablefields'
20241122@115956.8306 5fkvnabib0p7uadv7sb5ie9v8p Query : select fieldkey,fieldname,fieldtype,mandatory from wstablefields where tablename = 'fi' and documentnumber = 39
20241122@115956.8335 5fkvnabib0p7uadv7sb5ie9v8p Query : select 1 valor from information_schema.tables where table_type='base table' and table_name='wstablefields'
20241122@115956.8351 5fkvnabib0p7uadv7sb5ie9v8p Query : select fieldkey,fieldname,fieldtype,mandatory from wstablefields where tablename = 'fi2' and documentnumber = 39
20241122@115956.8363 5fkvnabib0p7uadv7sb5ie9v8p Query : select top 1 convert(numeric(6,2),t.taxa) valor from taxasiva t where t.codigo='2'
20241122@115956.8377 5fkvnabib0p7uadv7sb5ie9v8p Query : select sestamp valor from se where ref ='324.1879.00.1' and lote = 'r2400283200a'
20241122@115956.8393 5fkvnabib0p7uadv7sb5ie9v8p Query : select 1 valor from information_schema.tables where table_type='base table' and table_name='wstablefields'
20241122@115956.8409 5fkvnabib0p7uadv7sb5ie9v8p Query : select fieldkey,fieldname,fieldtype,calcformula from wstablefields where tablename = 'fi2' and documentnumber = 39
20241122@115956.8423 5fkvnabib0p7uadv7sb5ie9v8p Query : insert into wsfi2data (fi2stamp,ftstamp ,ousrdata, ousrhora, usrdata,usrhora,ousrinis,usrinis) values ('aut67407181196740723ccc','aut67407460996740723c2a' ,getdate(),convert(char(8),convert (time,getdate())),getdate(),convert(char(8),convert (time,getdate())),'wsv','wsv')
20241122@115956.8428 5fkvnabib0p7uadv7sb5ie9v8p Query : select 1 valor from information_schema.tables where table_type='base table' and table_name='wstablefields'
20241122@115956.8444 5fkvnabib0p7uadv7sb5ie9v8p Query : select fieldkey,fieldname,fieldtype,calcformula from wstablefields where tablename = 'fi' and documentnumber = 39
20241122@115956.8477 5fkvnabib0p7uadv7sb5ie9v8p Query : insert into wsfidata (fistamp,ousrdata, ousrhora, usrdata,usrhora,ousrinis,usrinis ,qtt ,ftstamp ,epv,pvmoeda ,tabiva,iva,lordem ,ref, design ,lote,armazem) values ('aut67407181196740723ccc',getdate(),convert(char(8),convert (time,getdate())),getdate(),convert(char(8),convert (time,getdate())),'wsv','wsv',20.000 ,'aut67407460996740723c2a' ,0,0 ,2,23.00,70000,?,?,?,?)
20241122@115956.8773 5fkvnabib0p7uadv7sb5ie9v8p Query : select 1 valor from information_schema.tables where table_type='base table' and table_name='wstablefields'
20241122@115956.8793 5fkvnabib0p7uadv7sb5ie9v8p Query : select fieldkey,fieldname,fieldtype,mandatory from wstablefields where tablename = 'fi' and documentnumber = 39
20241122@115956.8825 5fkvnabib0p7uadv7sb5ie9v8p Query : select 1 valor from information_schema.tables where table_type='base table' and table_name='wstablefields'
20241122@115956.8844 5fkvnabib0p7uadv7sb5ie9v8p Query : select fieldkey,fieldname,fieldtype,mandatory from wstablefields where tablename = 'fi2' and documentnumber = 39
20241122@115956.8854 5fkvnabib0p7uadv7sb5ie9v8p Query : select top 1 convert(numeric(6,2),t.taxa) valor from taxasiva t where t.codigo='2'
20241122@115956.8872 5fkvnabib0p7uadv7sb5ie9v8p Query : select 1 valor from information_schema.tables where table_type='base table' and table_name='wstablefields'
20241122@115956.8955 5fkvnabib0p7uadv7sb5ie9v8p Query : select fieldkey,fieldname,fieldtype,calcformula from wstablefields where tablename = 'fi2' and documentnumber = 39
20241122@115956.8970 5fkvnabib0p7uadv7sb5ie9v8p Query : insert into wsfi2data (fi2stamp,ftstamp ,ousrdata, ousrhora, usrdata,usrhora,ousrinis,usrinis) values ('aut67407373146740723cd8','aut67407460996740723c2a' ,getdate(),convert(char(8),convert (time,getdate())),getdate(),convert(char(8),convert (time,getdate())),'wsv','wsv')
20241122@115956.8977 5fkvnabib0p7uadv7sb5ie9v8p Query : select 1 valor from information_schema.tables where table_type='base table' and table_name='wstablefields'
20241122@115956.8997 5fkvnabib0p7uadv7sb5ie9v8p Query : select fieldkey,fieldname,fieldtype,calcformula from wstablefields where tablename = 'fi' and documentnumber = 39
20241122@115956.9033 5fkvnabib0p7uadv7sb5ie9v8p Query : insert into wsfidata (fistamp,ousrdata, ousrhora, usrdata,usrhora,ousrinis,usrinis ,qtt ,ftstamp ,epv,pvmoeda ,tabiva,iva,lordem ,ref, design ,armazem) values ('aut67407373146740723cd8',getdate(),convert(char(8),convert (time,getdate())),getdate(),convert(char(8),convert (time,getdate())),'wsv','wsv',0 ,'aut67407460996740723c2a' ,0,0 ,2,23.00,80000,?,?,?)
20241122@115956.9345 5fkvnabib0p7uadv7sb5ie9v8p Query : use flama_phc
20241122@115956.9349 5fkvnabib0p7uadv7sb5ie9v8p Query : select st.usalote valor from st where st.ref = '324.1879.00.1'
20241122@115956.9373 5fkvnabib0p7uadv7sb5ie9v8p Query : select top 1 st.tabiva ,st.ivaincl ,st.stns ,st.uni2 ,st.familia ,isnull(tx.taxa, 0) txiva ,unidade ,usalote ,epcpond ,noserie ,conversao ,st.texteis from st left join taxasiva tx on st.tabiva = tx.codigo where st.ref = '324.1879.00.1'
20241122@115956.9391 5fkvnabib0p7uadv7sb5ie9v8p Query : select 1 valor from information_schema.tables where table_type='base table' and table_name='wstablefields'
20241122@115956.9409 5fkvnabib0p7uadv7sb5ie9v8p Query : select fieldkey,fieldname,fieldtype,mandatory from wstablefields where tablename = 'fi' and documentnumber = 39
20241122@115956.9440 5fkvnabib0p7uadv7sb5ie9v8p Query : select 1 valor from information_schema.tables where table_type='base table' and table_name='wstablefields'
20241122@115956.9457 5fkvnabib0p7uadv7sb5ie9v8p Query : select fieldkey,fieldname,fieldtype,mandatory from wstablefields where tablename = 'fi2' and documentnumber = 39
20241122@115956.9467 5fkvnabib0p7uadv7sb5ie9v8p Query : select top 1 convert(numeric(6,2),t.taxa) valor from taxasiva t where t.codigo='2'
20241122@115956.9482 5fkvnabib0p7uadv7sb5ie9v8p Query : select sestamp valor from se where ref ='324.1879.00.1' and lote = 'r2400283200a'
20241122@115956.9497 5fkvnabib0p7uadv7sb5ie9v8p Query : select 1 valor from information_schema.tables where table_type='base table' and table_name='wstablefields'
20241122@115956.9518 5fkvnabib0p7uadv7sb5ie9v8p Query : select fieldkey,fieldname,fieldtype,calcformula from wstablefields where tablename = 'fi2' and documentnumber = 39
20241122@115956.9537 5fkvnabib0p7uadv7sb5ie9v8p Query : insert into wsfi2data (fi2stamp,ftstamp ,ousrdata, ousrhora, usrdata,usrhora,ousrinis,usrinis) values ('aut67407229706740723ce7','aut67407460996740723c2a' ,getdate(),convert(char(8),convert (time,getdate())),getdate(),convert(char(8),convert (time,getdate())),'wsv','wsv')
20241122@115956.9545 5fkvnabib0p7uadv7sb5ie9v8p Query : select 1 valor from information_schema.tables where table_type='base table' and table_name='wstablefields'
20241122@115956.9571 5fkvnabib0p7uadv7sb5ie9v8p Query : select fieldkey,fieldname,fieldtype,calcformula from wstablefields where tablename = 'fi' and documentnumber = 39
20241122@115956.9614 5fkvnabib0p7uadv7sb5ie9v8p Query : insert into wsfidata (fistamp,ousrdata, ousrhora, usrdata,usrhora,ousrinis,usrinis ,qtt ,ftstamp ,epv,pvmoeda ,tabiva,iva,lordem ,ref, design ,lote,armazem) values ('aut67407229706740723ce7',getdate(),convert(char(8),convert (time,getdate())),getdate(),convert(char(8),convert (time,getdate())),'wsv','wsv',20.000 ,'aut67407460996740723c2a' ,0,0 ,2,23.00,100000,?,?,?,?)
20241122@115956.9930 5fkvnabib0p7uadv7sb5ie9v8p Query : select 1 valor from information_schema.tables where table_type='base table' and table_name='wstablefields'
20241122@115956.9953 5fkvnabib0p7uadv7sb5ie9v8p Query : select fieldkey,fieldname,fieldtype,mandatory from wstablefields where tablename = 'fi' and documentnumber = 39
20241122@115956.9984 5fkvnabib0p7uadv7sb5ie9v8p Query : select 1 valor from information_schema.tables where table_type='base table' and table_name='wstablefields'
20241122@115957.2000 5fkvnabib0p7uadv7sb5ie9v8p Query : select fieldkey,fieldname,fieldtype,mandatory from wstablefields where tablename = 'fi2' and documentnumber = 39
20241122@115957.1400 5fkvnabib0p7uadv7sb5ie9v8p Query : select top 1 convert(numeric(6,2),t.taxa) valor from taxasiva t where t.codigo='2'
20241122@115957.2800 5fkvnabib0p7uadv7sb5ie9v8p Query : select 1 valor from information_schema.tables where table_type='base table' and table_name='wstablefields'
20241122@115957.4700 5fkvnabib0p7uadv7sb5ie9v8p Query : select fieldkey,fieldname,fieldtype,calcformula from wstablefields where tablename = 'fi2' and documentnumber = 39
20241122@115957.6100 5fkvnabib0p7uadv7sb5ie9v8p Query : insert into wsfi2data (fi2stamp,ftstamp ,ousrdata, ousrhora, usrdata,usrhora,ousrinis,usrinis) values ('aut67407431886740723d00','aut67407460996740723c2a' ,getdate(),convert(char(8),convert (time,getdate())),getdate(),convert(char(8),convert (time,getdate())),'wsv','wsv')
20241122@115957.6600 5fkvnabib0p7uadv7sb5ie9v8p Query : select 1 valor from information_schema.tables where table_type='base table' and table_name='wstablefields'
20241122@115957.8400 5fkvnabib0p7uadv7sb5ie9v8p Query : select fieldkey,fieldname,fieldtype,calcformula from wstablefields where tablename = 'fi' and documentnumber = 39
20241122@115957.1180 5fkvnabib0p7uadv7sb5ie9v8p Query : insert into wsfidata (fistamp,ousrdata, ousrhora, usrdata,usrhora,ousrinis,usrinis ,qtt ,ftstamp ,epv,pvmoeda ,tabiva,iva,lordem ,ref, design ,armazem) values ('aut67407431886740723d00',getdate(),convert(char(8),convert (time,getdate())),getdate(),convert(char(8),convert (time,getdate())),'wsv','wsv',0 ,'aut67407460996740723c2a' ,0,0 ,2,23.00,110000,?,?,?)
20241122@115957.4130 5fkvnabib0p7uadv7sb5ie9v8p Query : use flama_phc
20241122@115957.4170 5fkvnabib0p7uadv7sb5ie9v8p Query : select st.usalote valor from st where st.ref = '324.1879.00.1'
20241122@115957.4390 5fkvnabib0p7uadv7sb5ie9v8p Query : select top 1 st.tabiva ,st.ivaincl ,st.stns ,st.uni2 ,st.familia ,isnull(tx.taxa, 0) txiva ,unidade ,usalote ,epcpond ,noserie ,conversao ,st.texteis from st left join taxasiva tx on st.tabiva = tx.codigo where st.ref = '324.1879.00.1'
20241122@115957.4550 5fkvnabib0p7uadv7sb5ie9v8p Query : select 1 valor from information_schema.tables where table_type='base table' and table_name='wstablefields'
20241122@115957.4740 5fkvnabib0p7uadv7sb5ie9v8p Query : select fieldkey,fieldname,fieldtype,mandatory from wstablefields where tablename = 'fi' and documentnumber = 39
20241122@115957.5060 5fkvnabib0p7uadv7sb5ie9v8p Query : select 1 valor from information_schema.tables where table_type='base table' and table_name='wstablefields'
20241122@115957.5240 5fkvnabib0p7uadv7sb5ie9v8p Query : select fieldkey,fieldname,fieldtype,mandatory from wstablefields where tablename = 'fi2' and documentnumber = 39
20241122@115957.5350 5fkvnabib0p7uadv7sb5ie9v8p Query : select top 1 convert(numeric(6,2),t.taxa) valor from taxasiva t where t.codigo='2'
20241122@115957.5510 5fkvnabib0p7uadv7sb5ie9v8p Query : select sestamp valor from se where ref ='324.1879.00.1' and lote = 'r2400283200a'
20241122@115957.5670 5fkvnabib0p7uadv7sb5ie9v8p Query : select 1 valor from information_schema.tables where table_type='base table' and table_name='wstablefields'
20241122@115957.5840 5fkvnabib0p7uadv7sb5ie9v8p Query : select fieldkey,fieldname,fieldtype,calcformula from wstablefields where tablename = 'fi2' and documentnumber = 39
20241122@115957.6080 5fkvnabib0p7uadv7sb5ie9v8p Query : insert into wsfi2data (fi2stamp,ftstamp ,ousrdata, ousrhora, usrdata,usrhora,ousrinis,usrinis) values ('aut67407587096740723d0d','aut67407460996740723c2a' ,getdate(),convert(char(8),convert (time,getdate())),getdate(),convert(char(8),convert (time,getdate())),'wsv','wsv')
20241122@115957.6130 5fkvnabib0p7uadv7sb5ie9v8p Query : select 1 valor from information_schema.tables where table_type='base table' and table_name='wstablefields'
20241122@115957.6300 5fkvnabib0p7uadv7sb5ie9v8p Query : select fieldkey,fieldname,fieldtype,calcformula from wstablefields where tablename = 'fi' and documentnumber = 39
20241122@115957.6640 5fkvnabib0p7uadv7sb5ie9v8p Query : insert into wsfidata (fistamp,ousrdata, ousrhora, usrdata,usrhora,ousrinis,usrinis ,qtt ,ftstamp ,epv,pvmoeda ,tabiva,iva,lordem ,ref, design ,lote,armazem) values ('aut67407587096740723d0d',getdate(),convert(char(8),convert (time,getdate())),getdate(),convert(char(8),convert (time,getdate())),'wsv','wsv',20.000 ,'aut67407460996740723c2a' ,0,0 ,2,23.00,130000,?,?,?,?)
20241122@115957.9630 5fkvnabib0p7uadv7sb5ie9v8p Query : select 1 valor from information_schema.tables where table_type='base table' and table_name='wstablefields'
20241122@115957.9860 5fkvnabib0p7uadv7sb5ie9v8p Query : select fieldkey,fieldname,fieldtype,mandatory from wstablefields where tablename = 'fi' and documentnumber = 39
20241122@115957.1019 5fkvnabib0p7uadv7sb5ie9v8p Query : select 1 valor from information_schema.tables where table_type='base table' and table_name='wstablefields'
20241122@115957.1037 5fkvnabib0p7uadv7sb5ie9v8p Query : select fieldkey,fieldname,fieldtype,mandatory from wstablefields where tablename = 'fi2' and documentnumber = 39
20241122@115957.1047 5fkvnabib0p7uadv7sb5ie9v8p Query : select top 1 convert(numeric(6,2),t.taxa) valor from taxasiva t where t.codigo='2'
20241122@115957.1062 5fkvnabib0p7uadv7sb5ie9v8p Query : select 1 valor from information_schema.tables where table_type='base table' and table_name='wstablefields'
20241122@115957.1080 5fkvnabib0p7uadv7sb5ie9v8p Query : select fieldkey,fieldname,fieldtype,calcformula from wstablefields where tablename = 'fi2' and documentnumber = 39
20241122@115957.1095 5fkvnabib0p7uadv7sb5ie9v8p Query : insert into wsfi2data (fi2stamp,ftstamp ,ousrdata, ousrhora, usrdata,usrhora,ousrinis,usrinis) values ('aut67407919406740723d19','aut67407460996740723c2a' ,getdate(),convert(char(8),convert (time,getdate())),getdate(),convert(char(8),convert (time,getdate())),'wsv','wsv')
20241122@115957.1100 5fkvnabib0p7uadv7sb5ie9v8p Query : select 1 valor from information_schema.tables where table_type='base table' and table_name='wstablefields'
20241122@115957.1119 5fkvnabib0p7uadv7sb5ie9v8p Query : select fieldkey,fieldname,fieldtype,calcformula from wstablefields where tablename = 'fi' and documentnumber = 39
20241122@115957.1155 5fkvnabib0p7uadv7sb5ie9v8p Query : insert into wsfidata (fistamp,ousrdata, ousrhora, usrdata,usrhora,ousrinis,usrinis ,qtt ,ftstamp ,epv,pvmoeda ,tabiva,iva,lordem ,ref, design ,armazem) values ('aut67407919406740723d19',getdate(),convert(char(8),convert (time,getdate())),getdate(),convert(char(8),convert (time,getdate())),'wsv','wsv',0 ,'aut67407460996740723c2a' ,0,0 ,2,23.00,140000,?,?,?)
20241122@115957.1458 5fkvnabib0p7uadv7sb5ie9v8p Query : use flama_phc
20241122@115957.1463 5fkvnabib0p7uadv7sb5ie9v8p Query : select st.usalote valor from st where st.ref = '324.1879.00.1'
20241122@115957.1488 5fkvnabib0p7uadv7sb5ie9v8p Query : select top 1 st.tabiva ,st.ivaincl ,st.stns ,st.uni2 ,st.familia ,isnull(tx.taxa, 0) txiva ,unidade ,usalote ,epcpond ,noserie ,conversao ,st.texteis from st left join taxasiva tx on st.tabiva = tx.codigo where st.ref = '324.1879.00.1'
20241122@115957.1505 5fkvnabib0p7uadv7sb5ie9v8p Query : select 1 valor from information_schema.tables where table_type='base table' and table_name='wstablefields'
20241122@115957.1524 5fkvnabib0p7uadv7sb5ie9v8p Query : select fieldkey,fieldname,fieldtype,mandatory from wstablefields where tablename = 'fi' and documentnumber = 39
20241122@115957.1556 5fkvnabib0p7uadv7sb5ie9v8p Query : select 1 valor from information_schema.tables where table_type='base table' and table_name='wstablefields'
20241122@115957.1574 5fkvnabib0p7uadv7sb5ie9v8p Query : select fieldkey,fieldname,fieldtype,mandatory from wstablefields where tablename = 'fi2' and documentnumber = 39
20241122@115957.1583 5fkvnabib0p7uadv7sb5ie9v8p Query : select top 1 convert(numeric(6,2),t.taxa) valor from taxasiva t where t.codigo='2'
20241122@115957.1597 5fkvnabib0p7uadv7sb5ie9v8p Query : select sestamp valor from se where ref ='324.1879.00.1' and lote = 'r2400283200a'
20241122@115957.1613 5fkvnabib0p7uadv7sb5ie9v8p Query : select 1 valor from information_schema.tables where table_type='base table' and table_name='wstablefields'
20241122@115957.1630 5fkvnabib0p7uadv7sb5ie9v8p Query : select fieldkey,fieldname,fieldtype,calcformula from wstablefields where tablename = 'fi2' and documentnumber = 39
20241122@115957.1644 5fkvnabib0p7uadv7sb5ie9v8p Query : insert into wsfi2data (fi2stamp,ftstamp ,ousrdata, ousrhora, usrdata,usrhora,ousrinis,usrinis) values ('aut67407613296740723d27','aut67407460996740723c2a' ,getdate(),convert(char(8),convert (time,getdate())),getdate(),convert(char(8),convert (time,getdate())),'wsv','wsv')
20241122@115957.1650 5fkvnabib0p7uadv7sb5ie9v8p Query : select 1 valor from information_schema.tables where table_type='base table' and table_name='wstablefields'
20241122@115957.1668 5fkvnabib0p7uadv7sb5ie9v8p Query : select fieldkey,fieldname,fieldtype,calcformula from wstablefields where tablename = 'fi' and documentnumber = 39
20241122@115957.1703 5fkvnabib0p7uadv7sb5ie9v8p Query : insert into wsfidata (fistamp,ousrdata, ousrhora, usrdata,usrhora,ousrinis,usrinis ,qtt ,ftstamp ,epv,pvmoeda ,tabiva,iva,lordem ,ref, design ,lote,armazem) values ('aut67407613296740723d27',getdate(),convert(char(8),convert (time,getdate())),getdate(),convert(char(8),convert (time,getdate())),'wsv','wsv',20.000 ,'aut67407460996740723c2a' ,0,0 ,2,23.00,160000,?,?,?,?)
20241122@115957.2050 5fkvnabib0p7uadv7sb5ie9v8p Query : select 1 valor from information_schema.tables where table_type='base table' and table_name='wstablefields'
20241122@115957.2074 5fkvnabib0p7uadv7sb5ie9v8p Query : select fieldkey,fieldname,fieldtype,mandatory from wstablefields where tablename = 'fi' and documentnumber = 39
20241122@115957.2113 5fkvnabib0p7uadv7sb5ie9v8p Query : select 1 valor from information_schema.tables where table_type='base table' and table_name='wstablefields'
20241122@115957.2135 5fkvnabib0p7uadv7sb5ie9v8p Query : select fieldkey,fieldname,fieldtype,mandatory from wstablefields where tablename = 'fi2' and documentnumber = 39
20241122@115957.2149 5fkvnabib0p7uadv7sb5ie9v8p Query : select top 1 convert(numeric(6,2),t.taxa) valor from taxasiva t where t.codigo='2'
20241122@115957.2168 5fkvnabib0p7uadv7sb5ie9v8p Query : select 1 valor from information_schema.tables where table_type='base table' and table_name='wstablefields'
20241122@115957.2185 5fkvnabib0p7uadv7sb5ie9v8p Query : select fieldkey,fieldname,fieldtype,calcformula from wstablefields where tablename = 'fi2' and documentnumber = 39
20241122@115957.2199 5fkvnabib0p7uadv7sb5ie9v8p Query : insert into wsfi2data (fi2stamp,ftstamp ,ousrdata, ousrhora, usrdata,usrhora,ousrinis,usrinis) values ('aut67407388656740723d34','aut67407460996740723c2a' ,getdate(),convert(char(8),convert (time,getdate())),getdate(),convert(char(8),convert (time,getdate())),'wsv','wsv')
20241122@115957.2204 5fkvnabib0p7uadv7sb5ie9v8p Query : select 1 valor from information_schema.tables where table_type='base table' and table_name='wstablefields'
20241122@115957.2221 5fkvnabib0p7uadv7sb5ie9v8p Query : select fieldkey,fieldname,fieldtype,calcformula from wstablefields where tablename = 'fi' and documentnumber = 39
20241122@115957.2258 5fkvnabib0p7uadv7sb5ie9v8p Query : insert into wsfidata (fistamp,ousrdata, ousrhora, usrdata,usrhora,ousrinis,usrinis ,qtt ,ftstamp ,epv,pvmoeda ,tabiva,iva,lordem ,ref, design ,armazem) values ('aut67407388656740723d34',getdate(),convert(char(8),convert (time,getdate())),getdate(),convert(char(8),convert (time,getdate())),'wsv','wsv',0 ,'aut67407460996740723c2a' ,0,0 ,2,23.00,170000,?,?,?)
20241122@115957.2561 5fkvnabib0p7uadv7sb5ie9v8p Query : use flama_phc
20241122@115957.2565 5fkvnabib0p7uadv7sb5ie9v8p Query : select st.usalote valor from st where st.ref = '324.1879.00.1'
20241122@115957.2587 5fkvnabib0p7uadv7sb5ie9v8p Query : select top 1 st.tabiva ,st.ivaincl ,st.stns ,st.uni2 ,st.familia ,isnull(tx.taxa, 0) txiva ,unidade ,usalote ,epcpond ,noserie ,conversao ,st.texteis from st left join taxasiva tx on st.tabiva = tx.codigo where st.ref = '324.1879.00.1'
20241122@115957.2604 5fkvnabib0p7uadv7sb5ie9v8p Query : select 1 valor from information_schema.tables where table_type='base table' and table_name='wstablefields'
20241122@115957.2625 5fkvnabib0p7uadv7sb5ie9v8p Query : select fieldkey,fieldname,fieldtype,mandatory from wstablefields where tablename = 'fi' and documentnumber = 39
20241122@115957.2658 5fkvnabib0p7uadv7sb5ie9v8p Query : select 1 valor from information_schema.tables where table_type='base table' and table_name='wstablefields'
20241122@115957.2675 5fkvnabib0p7uadv7sb5ie9v8p Query : select fieldkey,fieldname,fieldtype,mandatory from wstablefields where tablename = 'fi2' and documentnumber = 39
20241122@115957.2684 5fkvnabib0p7uadv7sb5ie9v8p Query : select top 1 convert(numeric(6,2),t.taxa) valor from taxasiva t where t.codigo='2'
20241122@115957.2699 5fkvnabib0p7uadv7sb5ie9v8p Query : select sestamp valor from se where ref ='324.1879.00.1' and lote = 'r2400283200a'
20241122@115957.2715 5fkvnabib0p7uadv7sb5ie9v8p Query : select 1 valor from information_schema.tables where table_type='base table' and table_name='wstablefields'
20241122@115957.2731 5fkvnabib0p7uadv7sb5ie9v8p Query : select fieldkey,fieldname,fieldtype,calcformula from wstablefields where tablename = 'fi2' and documentnumber = 39
20241122@115957.2750 5fkvnabib0p7uadv7sb5ie9v8p Query : insert into wsfi2data (fi2stamp,ftstamp ,ousrdata, ousrhora, usrdata,usrhora,ousrinis,usrinis) values ('aut67407945926740723d42','aut67407460996740723c2a' ,getdate(),convert(char(8),convert (time,getdate())),getdate(),convert(char(8),convert (time,getdate())),'wsv','wsv')
20241122@115957.2755 5fkvnabib0p7uadv7sb5ie9v8p Query : select 1 valor from information_schema.tables where table_type='base table' and table_name='wstablefields'
20241122@115957.2774 5fkvnabib0p7uadv7sb5ie9v8p Query : select fieldkey,fieldname,fieldtype,calcformula from wstablefields where tablename = 'fi' and documentnumber = 39
20241122@115957.2877 5fkvnabib0p7uadv7sb5ie9v8p Query : insert into wsfidata (fistamp,ousrdata, ousrhora, usrdata,usrhora,ousrinis,usrinis ,qtt ,ftstamp ,epv,pvmoeda ,tabiva,iva,lordem ,ref, design ,lote,armazem) values ('aut67407945926740723d42',getdate(),convert(char(8),convert (time,getdate())),getdate(),convert(char(8),convert (time,getdate())),'wsv','wsv',20.000 ,'aut67407460996740723c2a' ,0,0 ,2,23.00,190000,?,?,?,?)
20241122@115957.3254 5fkvnabib0p7uadv7sb5ie9v8p Query : select 1 valor from information_schema.tables where table_type='base table' and table_name='wstablefields'
20241122@115957.3277 5fkvnabib0p7uadv7sb5ie9v8p Query : select fieldkey,fieldname,fieldtype,mandatory from wstablefields where tablename = 'fi' and documentnumber = 39
20241122@115957.4490 5fkvnabib0p7uadv7sb5ie9v8p Query : select 1 valor from information_schema.tables where table_type='base table' and table_name='wstablefields'
20241122@115957.4511 5fkvnabib0p7uadv7sb5ie9v8p Query : select fieldkey,fieldname,fieldtype,mandatory from wstablefields where tablename = 'fi2' and documentnumber = 39
20241122@115957.4522 5fkvnabib0p7uadv7sb5ie9v8p Query : select top 1 convert(numeric(6,2),t.taxa) valor from taxasiva t where t.codigo='2'
20241122@115957.4536 5fkvnabib0p7uadv7sb5ie9v8p Query : select 1 valor from information_schema.tables where table_type='base table' and table_name='wstablefields'
20241122@115957.4556 5fkvnabib0p7uadv7sb5ie9v8p Query : select fieldkey,fieldname,fieldtype,calcformula from wstablefields where tablename = 'fi2' and documentnumber = 39
20241122@115957.4572 5fkvnabib0p7uadv7sb5ie9v8p Query : insert into wsfi2data (fi2stamp,ftstamp ,ousrdata, ousrhora, usrdata,usrhora,ousrinis,usrinis) values ('aut67407558316740723d6e','aut67407460996740723c2a' ,getdate(),convert(char(8),convert (time,getdate())),getdate(),convert(char(8),convert (time,getdate())),'wsv','wsv')
20241122@115957.4578 5fkvnabib0p7uadv7sb5ie9v8p Query : select 1 valor from information_schema.tables where table_type='base table' and table_name='wstablefields'
20241122@115957.4599 5fkvnabib0p7uadv7sb5ie9v8p Query : select fieldkey,fieldname,fieldtype,calcformula from wstablefields where tablename = 'fi' and documentnumber = 39
20241122@115957.4642 5fkvnabib0p7uadv7sb5ie9v8p Query : insert into wsfidata (fistamp,ousrdata, ousrhora, usrdata,usrhora,ousrinis,usrinis ,qtt ,ftstamp ,epv,pvmoeda ,tabiva,iva,lordem ,ref, design ,armazem) values ('aut67407558316740723d6e',getdate(),convert(char(8),convert (time,getdate())),getdate(),convert(char(8),convert (time,getdate())),'wsv','wsv',0 ,'aut67407460996740723c2a' ,0,0 ,2,23.00,200000,?,?,?)
20241122@115957.4931 5fkvnabib0p7uadv7sb5ie9v8p Query : use flama_phc
20241122@115957.4935 5fkvnabib0p7uadv7sb5ie9v8p Query : select st.usalote valor from st where st.ref = '324.1879.00.1'
20241122@115957.4961 5fkvnabib0p7uadv7sb5ie9v8p Query : select top 1 st.tabiva ,st.ivaincl ,st.stns ,st.uni2 ,st.familia ,isnull(tx.taxa, 0) txiva ,unidade ,usalote ,epcpond ,noserie ,conversao ,st.texteis from st left join taxasiva tx on st.tabiva = tx.codigo where st.ref = '324.1879.00.1'
20241122@115957.4978 5fkvnabib0p7uadv7sb5ie9v8p Query : select 1 valor from information_schema.tables where table_type='base table' and table_name='wstablefields'
20241122@115957.4999 5fkvnabib0p7uadv7sb5ie9v8p Query : select fieldkey,fieldname,fieldtype,mandatory from wstablefields where tablename = 'fi' and documentnumber = 39
20241122@115957.5029 5fkvnabib0p7uadv7sb5ie9v8p Query : select 1 valor from information_schema.tables where table_type='base table' and table_name='wstablefields'
20241122@115957.5047 5fkvnabib0p7uadv7sb5ie9v8p Query : select fieldkey,fieldname,fieldtype,mandatory from wstablefields where tablename = 'fi2' and documentnumber = 39
20241122@115957.5057 5fkvnabib0p7uadv7sb5ie9v8p Query : select top 1 convert(numeric(6,2),t.taxa) valor from taxasiva t where t.codigo='2'
20241122@115957.5071 5fkvnabib0p7uadv7sb5ie9v8p Query : select sestamp valor from se where ref ='324.1879.00.1' and lote = 'r2400283200a'
20241122@115957.5086 5fkvnabib0p7uadv7sb5ie9v8p Query : select 1 valor from information_schema.tables where table_type='base table' and table_name='wstablefields'
20241122@115957.5104 5fkvnabib0p7uadv7sb5ie9v8p Query : select fieldkey,fieldname,fieldtype,calcformula from wstablefields where tablename = 'fi2' and documentnumber = 39
20241122@115957.5118 5fkvnabib0p7uadv7sb5ie9v8p Query : insert into wsfi2data (fi2stamp,ftstamp ,ousrdata, ousrhora, usrdata,usrhora,ousrinis,usrinis) values ('aut67407725166740723d7c','aut67407460996740723c2a' ,getdate(),convert(char(8),convert (time,getdate())),getdate(),convert(char(8),convert (time,getdate())),'wsv','wsv')
20241122@115957.5126 5fkvnabib0p7uadv7sb5ie9v8p Query : select 1 valor from information_schema.tables where table_type='base table' and table_name='wstablefields'
20241122@115957.5143 5fkvnabib0p7uadv7sb5ie9v8p Query : select fieldkey,fieldname,fieldtype,calcformula from wstablefields where tablename = 'fi' and documentnumber = 39
20241122@115957.5177 5fkvnabib0p7uadv7sb5ie9v8p Query : insert into wsfidata (fistamp,ousrdata, ousrhora, usrdata,usrhora,ousrinis,usrinis ,qtt ,ftstamp ,epv,pvmoeda ,tabiva,iva,lordem ,ref, design ,lote,armazem) values ('aut67407725166740723d7c',getdate(),convert(char(8),convert (time,getdate())),getdate(),convert(char(8),convert (time,getdate())),'wsv','wsv',20.000 ,'aut67407460996740723c2a' ,0,0 ,2,23.00,220000,?,?,?,?)
20241122@115957.5475 5fkvnabib0p7uadv7sb5ie9v8p Query : select 1 valor from information_schema.tables where table_type='base table' and table_name='wstablefields'
20241122@115957.5495 5fkvnabib0p7uadv7sb5ie9v8p Query : select fieldkey,fieldname,fieldtype,mandatory from wstablefields where tablename = 'fi' and documentnumber = 39
20241122@115957.5527 5fkvnabib0p7uadv7sb5ie9v8p Query : select 1 valor from information_schema.tables where table_type='base table' and table_name='wstablefields'
20241122@115957.5545 5fkvnabib0p7uadv7sb5ie9v8p Query : select fieldkey,fieldname,fieldtype,mandatory from wstablefields where tablename = 'fi2' and documentnumber = 39
20241122@115957.5555 5fkvnabib0p7uadv7sb5ie9v8p Query : select top 1 convert(numeric(6,2),t.taxa) valor from taxasiva t where t.codigo='2'
20241122@115957.5568 5fkvnabib0p7uadv7sb5ie9v8p Query : select 1 valor from information_schema.tables where table_type='base table' and table_name='wstablefields'
20241122@115957.5585 5fkvnabib0p7uadv7sb5ie9v8p Query : select fieldkey,fieldname,fieldtype,calcformula from wstablefields where tablename = 'fi2' and documentnumber = 39
20241122@115957.5611 5fkvnabib0p7uadv7sb5ie9v8p Query : insert into wsfi2data (fi2stamp,ftstamp ,ousrdata, ousrhora, usrdata,usrhora,ousrinis,usrinis) values ('aut67407486796740723d87','aut67407460996740723c2a' ,getdate(),convert(char(8),convert (time,getdate())),getdate(),convert(char(8),convert (time,getdate())),'wsv','wsv')
20241122@115957.5616 5fkvnabib0p7uadv7sb5ie9v8p Query : select 1 valor from information_schema.tables where table_type='base table' and table_name='wstablefields'
20241122@115957.5633 5fkvnabib0p7uadv7sb5ie9v8p Query : select fieldkey,fieldname,fieldtype,calcformula from wstablefields where tablename = 'fi' and documentnumber = 39
20241122@115957.5670 5fkvnabib0p7uadv7sb5ie9v8p Query : insert into wsfidata (fistamp,ousrdata, ousrhora, usrdata,usrhora,ousrinis,usrinis ,qtt ,ftstamp ,epv,pvmoeda ,tabiva,iva,lordem ,ref, design ,armazem) values ('aut67407486796740723d87',getdate(),convert(char(8),convert (time,getdate())),getdate(),convert(char(8),convert (time,getdate())),'wsv','wsv',0 ,'aut67407460996740723c2a' ,0,0 ,2,23.00,230000,?,?,?)
20241122@115957.5982 5fkvnabib0p7uadv7sb5ie9v8p Query : use flama_phc
20241122@115957.5986 5fkvnabib0p7uadv7sb5ie9v8p Query : select st.usalote valor from st where st.ref = '324.1879.00.1'
20241122@115957.6009 5fkvnabib0p7uadv7sb5ie9v8p Query : select top 1 st.tabiva ,st.ivaincl ,st.stns ,st.uni2 ,st.familia ,isnull(tx.taxa, 0) txiva ,unidade ,usalote ,epcpond ,noserie ,conversao ,st.texteis from st left join taxasiva tx on st.tabiva = tx.codigo where st.ref = '324.1879.00.1'
20241122@115957.6025 5fkvnabib0p7uadv7sb5ie9v8p Query : select 1 valor from information_schema.tables where table_type='base table' and table_name='wstablefields'
20241122@115957.6045 5fkvnabib0p7uadv7sb5ie9v8p Query : select fieldkey,fieldname,fieldtype,mandatory from wstablefields where tablename = 'fi' and documentnumber = 39
20241122@115957.6076 5fkvnabib0p7uadv7sb5ie9v8p Query : select 1 valor from information_schema.tables where table_type='base table' and table_name='wstablefields'
20241122@115957.6093 5fkvnabib0p7uadv7sb5ie9v8p Query : select fieldkey,fieldname,fieldtype,mandatory from wstablefields where tablename = 'fi2' and documentnumber = 39
20241122@115957.6103 5fkvnabib0p7uadv7sb5ie9v8p Query : select top 1 convert(numeric(6,2),t.taxa) valor from taxasiva t where t.codigo='2'
20241122@115957.6118 5fkvnabib0p7uadv7sb5ie9v8p Query : select sestamp valor from se where ref ='324.1879.00.1' and lote = 'r2400283200a'
20241122@115957.6134 5fkvnabib0p7uadv7sb5ie9v8p Query : select 1 valor from information_schema.tables where table_type='base table' and table_name='wstablefields'
20241122@115957.6153 5fkvnabib0p7uadv7sb5ie9v8p Query : select fieldkey,fieldname,fieldtype,calcformula from wstablefields where tablename = 'fi2' and documentnumber = 39
20241122@115957.6165 5fkvnabib0p7uadv7sb5ie9v8p Query : insert into wsfi2data (fi2stamp,ftstamp ,ousrdata, ousrhora, usrdata,usrhora,ousrinis,usrinis) values ('aut67407863666740723d95','aut67407460996740723c2a' ,getdate(),convert(char(8),convert (time,getdate())),getdate(),convert(char(8),convert (time,getdate())),'wsv','wsv')
20241122@115957.6171 5fkvnabib0p7uadv7sb5ie9v8p Query : select 1 valor from information_schema.tables where table_type='base table' and table_name='wstablefields'
20241122@115957.6190 5fkvnabib0p7uadv7sb5ie9v8p Query : select fieldkey,fieldname,fieldtype,calcformula from wstablefields where tablename = 'fi' and documentnumber = 39
20241122@115957.6236 5fkvnabib0p7uadv7sb5ie9v8p Query : insert into wsfidata (fistamp,ousrdata, ousrhora, usrdata,usrhora,ousrinis,usrinis ,qtt ,ftstamp ,epv,pvmoeda ,tabiva,iva,lordem ,ref, design ,lote,armazem) values ('aut67407863666740723d95',getdate(),convert(char(8),convert (time,getdate())),getdate(),convert(char(8),convert (time,getdate())),'wsv','wsv',20.000 ,'aut67407460996740723c2a' ,0,0 ,2,23.00,250000,?,?,?,?)
20241122@115957.6547 5fkvnabib0p7uadv7sb5ie9v8p Query : select 1 valor from information_schema.tables where table_type='base table' and table_name='wstablefields'
20241122@115957.6569 5fkvnabib0p7uadv7sb5ie9v8p Query : select fieldkey,fieldname,fieldtype,mandatory from wstablefields where tablename = 'fi' and documentnumber = 39
20241122@115957.6602 5fkvnabib0p7uadv7sb5ie9v8p Query : select 1 valor from information_schema.tables where table_type='base table' and table_name='wstablefields'
20241122@115957.6628 5fkvnabib0p7uadv7sb5ie9v8p Query : select fieldkey,fieldname,fieldtype,mandatory from wstablefields where tablename = 'fi2' and documentnumber = 39
20241122@115957.6638 5fkvnabib0p7uadv7sb5ie9v8p Query : select top 1 convert(numeric(6,2),t.taxa) valor from taxasiva t where t.codigo='2'
20241122@115957.6654 5fkvnabib0p7uadv7sb5ie9v8p Query : select 1 valor from information_schema.tables where table_type='base table' and table_name='wstablefields'
20241122@115957.6673 5fkvnabib0p7uadv7sb5ie9v8p Query : select fieldkey,fieldname,fieldtype,calcformula from wstablefields where tablename = 'fi2' and documentnumber = 39
20241122@115957.6687 5fkvnabib0p7uadv7sb5ie9v8p Query : insert into wsfi2data (fi2stamp,ftstamp ,ousrdata, ousrhora, usrdata,usrhora,ousrinis,usrinis) values ('aut67407431276740723da2','aut67407460996740723c2a' ,getdate(),convert(char(8),convert (time,getdate())),getdate(),convert(char(8),convert (time,getdate())),'wsv','wsv')
20241122@115957.6693 5fkvnabib0p7uadv7sb5ie9v8p Query : select 1 valor from information_schema.tables where table_type='base table' and table_name='wstablefields'
20241122@115957.6710 5fkvnabib0p7uadv7sb5ie9v8p Query : select fieldkey,fieldname,fieldtype,calcformula from wstablefields where tablename = 'fi' and documentnumber = 39
20241122@115957.6744 5fkvnabib0p7uadv7sb5ie9v8p Query : insert into wsfidata (fistamp,ousrdata, ousrhora, usrdata,usrhora,ousrinis,usrinis ,qtt ,ftstamp ,epv,pvmoeda ,tabiva,iva,lordem ,ref, design ,armazem) values ('aut67407431276740723da2',getdate(),convert(char(8),convert (time,getdate())),getdate(),convert(char(8),convert (time,getdate())),'wsv','wsv',0 ,'aut67407460996740723c2a' ,0,0 ,2,23.00,260000,?,?,?)
20241122@115957.7058 5fkvnabib0p7uadv7sb5ie9v8p Query : use flama_phc
20241122@115957.7061 5fkvnabib0p7uadv7sb5ie9v8p Query : select st.usalote valor from st where st.ref = '324.1879.00.1'
20241122@115957.7084 5fkvnabib0p7uadv7sb5ie9v8p Query : select top 1 st.tabiva ,st.ivaincl ,st.stns ,st.uni2 ,st.familia ,isnull(tx.taxa, 0) txiva ,unidade ,usalote ,epcpond ,noserie ,conversao ,st.texteis from st left join taxasiva tx on st.tabiva = tx.codigo where st.ref = '324.1879.00.1'
20241122@115957.7104 5fkvnabib0p7uadv7sb5ie9v8p Query : select 1 valor from information_schema.tables where table_type='base table' and table_name='wstablefields'
20241122@115957.7149 5fkvnabib0p7uadv7sb5ie9v8p Query : select fieldkey,fieldname,fieldtype,mandatory from wstablefields where tablename = 'fi' and documentnumber = 39
20241122@115957.7180 5fkvnabib0p7uadv7sb5ie9v8p Query : select 1 valor from information_schema.tables where table_type='base table' and table_name='wstablefields'
20241122@115957.7201 5fkvnabib0p7uadv7sb5ie9v8p Query : select fieldkey,fieldname,fieldtype,mandatory from wstablefields where tablename = 'fi2' and documentnumber = 39
20241122@115957.7212 5fkvnabib0p7uadv7sb5ie9v8p Query : select top 1 convert(numeric(6,2),t.taxa) valor from taxasiva t where t.codigo='2'
20241122@115957.7228 5fkvnabib0p7uadv7sb5ie9v8p Query : select sestamp valor from se where ref ='324.1879.00.1' and lote = 'r2400283200a'
20241122@115957.7244 5fkvnabib0p7uadv7sb5ie9v8p Query : select 1 valor from information_schema.tables where table_type='base table' and table_name='wstablefields'
20241122@115957.7264 5fkvnabib0p7uadv7sb5ie9v8p Query : select fieldkey,fieldname,fieldtype,calcformula from wstablefields where tablename = 'fi2' and documentnumber = 39
20241122@115957.7278 5fkvnabib0p7uadv7sb5ie9v8p Query : insert into wsfi2data (fi2stamp,ftstamp ,ousrdata, ousrhora, usrdata,usrhora,ousrinis,usrinis) values ('aut67407570326740723db0','aut67407460996740723c2a' ,getdate(),convert(char(8),convert (time,getdate())),getdate(),convert(char(8),convert (time,getdate())),'wsv','wsv')
20241122@115957.7283 5fkvnabib0p7uadv7sb5ie9v8p Query : select 1 valor from information_schema.tables where table_type='base table' and table_name='wstablefields'
20241122@115957.7303 5fkvnabib0p7uadv7sb5ie9v8p Query : select fieldkey,fieldname,fieldtype,calcformula from wstablefields where tablename = 'fi' and documentnumber = 39
20241122@115957.7339 5fkvnabib0p7uadv7sb5ie9v8p Query : insert into wsfidata (fistamp,ousrdata, ousrhora, usrdata,usrhora,ousrinis,usrinis ,qtt ,ftstamp ,epv,pvmoeda ,tabiva,iva,lordem ,ref, design ,lote,armazem) values ('aut67407570326740723db0',getdate(),convert(char(8),convert (time,getdate())),getdate(),convert(char(8),convert (time,getdate())),'wsv','wsv',20.000 ,'aut67407460996740723c2a' ,0,0 ,2,23.00,280000,?,?,?,?)
20241122@115957.7644 5fkvnabib0p7uadv7sb5ie9v8p Query : select 1 valor from information_schema.tables where table_type='base table' and table_name='wstablefields'
20241122@115957.7666 5fkvnabib0p7uadv7sb5ie9v8p Query : select fieldkey,fieldname,fieldtype,mandatory from wstablefields where tablename = 'fi' and documentnumber = 39
20241122@115957.7696 5fkvnabib0p7uadv7sb5ie9v8p Query : select 1 valor from information_schema.tables where table_type='base table' and table_name='wstablefields'
20241122@115957.7723 5fkvnabib0p7uadv7sb5ie9v8p Query : select fieldkey,fieldname,fieldtype,mandatory from wstablefields where tablename = 'fi2' and documentnumber = 39
20241122@115957.7734 5fkvnabib0p7uadv7sb5ie9v8p Query : select top 1 convert(numeric(6,2),t.taxa) valor from taxasiva t where t.codigo='2'
20241122@115957.7749 5fkvnabib0p7uadv7sb5ie9v8p Query : select 1 valor from information_schema.tables where table_type='base table' and table_name='wstablefields'
20241122@115957.7766 5fkvnabib0p7uadv7sb5ie9v8p Query : select fieldkey,fieldname,fieldtype,calcformula from wstablefields where tablename = 'fi2' and documentnumber = 39
20241122@115957.7780 5fkvnabib0p7uadv7sb5ie9v8p Query : insert into wsfi2data (fi2stamp,ftstamp ,ousrdata, ousrhora, usrdata,usrhora,ousrinis,usrinis) values ('aut67407351486740723dbd','aut67407460996740723c2a' ,getdate(),convert(char(8),convert (time,getdate())),getdate(),convert(char(8),convert (time,getdate())),'wsv','wsv')
20241122@115957.7785 5fkvnabib0p7uadv7sb5ie9v8p Query : select 1 valor from information_schema.tables where table_type='base table' and table_name='wstablefields'
20241122@115957.7804 5fkvnabib0p7uadv7sb5ie9v8p Query : select fieldkey,fieldname,fieldtype,calcformula from wstablefields where tablename = 'fi' and documentnumber = 39
20241122@115957.7840 5fkvnabib0p7uadv7sb5ie9v8p Query : insert into wsfidata (fistamp,ousrdata, ousrhora, usrdata,usrhora,ousrinis,usrinis ,qtt ,ftstamp ,epv,pvmoeda ,tabiva,iva,lordem ,ref, design ,armazem) values ('aut67407351486740723dbd',getdate(),convert(char(8),convert (time,getdate())),getdate(),convert(char(8),convert (time,getdate())),'wsv','wsv',0 ,'aut67407460996740723c2a' ,0,0 ,2,23.00,290000,?,?,?)
20241122@115957.8141 5fkvnabib0p7uadv7sb5ie9v8p Query : use flama_phc
20241122@115957.8145 5fkvnabib0p7uadv7sb5ie9v8p Query : select st.usalote valor from st where st.ref = '324.1879.00.1'
20241122@115957.8169 5fkvnabib0p7uadv7sb5ie9v8p Query : select top 1 st.tabiva ,st.ivaincl ,st.stns ,st.uni2 ,st.familia ,isnull(tx.taxa, 0) txiva ,unidade ,usalote ,epcpond ,noserie ,conversao ,st.texteis from st left join taxasiva tx on st.tabiva = tx.codigo where st.ref = '324.1879.00.1'
20241122@115957.8188 5fkvnabib0p7uadv7sb5ie9v8p Query : select 1 valor from information_schema.tables where table_type='base table' and table_name='wstablefields'
20241122@115957.8206 5fkvnabib0p7uadv7sb5ie9v8p Query : select fieldkey,fieldname,fieldtype,mandatory from wstablefields where tablename = 'fi' and documentnumber = 39
20241122@115957.8237 5fkvnabib0p7uadv7sb5ie9v8p Query : select 1 valor from information_schema.tables where table_type='base table' and table_name='wstablefields'
20241122@115957.8254 5fkvnabib0p7uadv7sb5ie9v8p Query : select fieldkey,fieldname,fieldtype,mandatory from wstablefields where tablename = 'fi2' and documentnumber = 39
20241122@115957.8265 5fkvnabib0p7uadv7sb5ie9v8p Query : select top 1 convert(numeric(6,2),t.taxa) valor from taxasiva t where t.codigo='2'
20241122@115957.8280 5fkvnabib0p7uadv7sb5ie9v8p Query : select sestamp valor from se where ref ='324.1879.00.1' and lote = 'r2400283200a'
20241122@115957.8295 5fkvnabib0p7uadv7sb5ie9v8p Query : select 1 valor from information_schema.tables where table_type='base table' and table_name='wstablefields'
20241122@115957.8312 5fkvnabib0p7uadv7sb5ie9v8p Query : select fieldkey,fieldname,fieldtype,calcformula from wstablefields where tablename = 'fi2' and documentnumber = 39
20241122@115957.8326 5fkvnabib0p7uadv7sb5ie9v8p Query : insert into wsfi2data (fi2stamp,ftstamp ,ousrdata, ousrhora, usrdata,usrhora,ousrinis,usrinis) values ('aut67407762636740723dca','aut67407460996740723c2a' ,getdate(),convert(char(8),convert (time,getdate())),getdate(),convert(char(8),convert (time,getdate())),'wsv','wsv')
20241122@115957.8330 5fkvnabib0p7uadv7sb5ie9v8p Query : select 1 valor from information_schema.tables where table_type='base table' and table_name='wstablefields'
20241122@115957.8348 5fkvnabib0p7uadv7sb5ie9v8p Query : select fieldkey,fieldname,fieldtype,calcformula from wstablefields where tablename = 'fi' and documentnumber = 39
20241122@115957.8382 5fkvnabib0p7uadv7sb5ie9v8p Query : insert into wsfidata (fistamp,ousrdata, ousrhora, usrdata,usrhora,ousrinis,usrinis ,qtt ,ftstamp ,epv,pvmoeda ,tabiva,iva,lordem ,ref, design ,lote,armazem) values ('aut67407762636740723dca',getdate(),convert(char(8),convert (time,getdate())),getdate(),convert(char(8),convert (time,getdate())),'wsv','wsv',20.000 ,'aut67407460996740723c2a' ,0,0 ,2,23.00,310000,?,?,?,?)
20241122@115957.8777 5fkvnabib0p7uadv7sb5ie9v8p Query : select 1 valor from information_schema.tables where table_type='base table' and table_name='wstablefields'
20241122@115957.8797 5fkvnabib0p7uadv7sb5ie9v8p Query : select fieldkey,fieldname,fieldtype,mandatory from wstablefields where tablename = 'fi' and documentnumber = 39
20241122@115957.8828 5fkvnabib0p7uadv7sb5ie9v8p Query : select 1 valor from information_schema.tables where table_type='base table' and table_name='wstablefields'
20241122@115957.8844 5fkvnabib0p7uadv7sb5ie9v8p Query : select fieldkey,fieldname,fieldtype,mandatory from wstablefields where tablename = 'fi2' and documentnumber = 39
20241122@115957.8858 5fkvnabib0p7uadv7sb5ie9v8p Query : select top 1 convert(numeric(6,2),t.taxa) valor from taxasiva t where t.codigo='2'
20241122@115957.8875 5fkvnabib0p7uadv7sb5ie9v8p Query : select 1 valor from information_schema.tables where table_type='base table' and table_name='wstablefields'
20241122@115957.8896 5fkvnabib0p7uadv7sb5ie9v8p Query : select fieldkey,fieldname,fieldtype,calcformula from wstablefields where tablename = 'fi2' and documentnumber = 39
20241122@115957.8911 5fkvnabib0p7uadv7sb5ie9v8p Query : insert into wsfi2data (fi2stamp,ftstamp ,ousrdata, ousrhora, usrdata,usrhora,ousrinis,usrinis) values ('aut67407816886740723dd8','aut67407460996740723c2a' ,getdate(),convert(char(8),convert (time,getdate())),getdate(),convert(char(8),convert (time,getdate())),'wsv','wsv')
20241122@115957.8916 5fkvnabib0p7uadv7sb5ie9v8p Query : select 1 valor from information_schema.tables where table_type='base table' and table_name='wstablefields'
20241122@115957.8933 5fkvnabib0p7uadv7sb5ie9v8p Query : select fieldkey,fieldname,fieldtype,calcformula from wstablefields where tablename = 'fi' and documentnumber = 39
20241122@115957.8967 5fkvnabib0p7uadv7sb5ie9v8p Query : insert into wsfidata (fistamp,ousrdata, ousrhora, usrdata,usrhora,ousrinis,usrinis ,qtt ,ftstamp ,epv,pvmoeda ,tabiva,iva,lordem ,ref, design ,armazem) values ('aut67407816886740723dd8',getdate(),convert(char(8),convert (time,getdate())),getdate(),convert(char(8),convert (time,getdate())),'wsv','wsv',0 ,'aut67407460996740723c2a' ,0,0 ,2,23.00,320000,?,?,?)
20241122@115957.9255 5fkvnabib0p7uadv7sb5ie9v8p Query : use flama_phc
20241122@115957.9259 5fkvnabib0p7uadv7sb5ie9v8p Query : select st.usalote valor from st where st.ref = '324.1879.00.1'
20241122@115957.9282 5fkvnabib0p7uadv7sb5ie9v8p Query : select top 1 st.tabiva ,st.ivaincl ,st.stns ,st.uni2 ,st.familia ,isnull(tx.taxa, 0) txiva ,unidade ,usalote ,epcpond ,noserie ,conversao ,st.texteis from st left join taxasiva tx on st.tabiva = tx.codigo where st.ref = '324.1879.00.1'
20241122@115957.9298 5fkvnabib0p7uadv7sb5ie9v8p Query : select 1 valor from information_schema.tables where table_type='base table' and table_name='wstablefields'
20241122@115957.9317 5fkvnabib0p7uadv7sb5ie9v8p Query : select fieldkey,fieldname,fieldtype,mandatory from wstablefields where tablename = 'fi' and documentnumber = 39
20241122@115957.9349 5fkvnabib0p7uadv7sb5ie9v8p Query : select 1 valor from information_schema.tables where table_type='base table' and table_name='wstablefields'
20241122@115957.9369 5fkvnabib0p7uadv7sb5ie9v8p Query : select fieldkey,fieldname,fieldtype,mandatory from wstablefields where tablename = 'fi2' and documentnumber = 39
20241122@115957.9390 5fkvnabib0p7uadv7sb5ie9v8p Query : select top 1 convert(numeric(6,2),t.taxa) valor from taxasiva t where t.codigo='2'
20241122@115957.9406 5fkvnabib0p7uadv7sb5ie9v8p Query : select sestamp valor from se where ref ='324.1879.00.1' and lote = 'r2400283200a'
20241122@115957.9424 5fkvnabib0p7uadv7sb5ie9v8p Query : select 1 valor from information_schema.tables where table_type='base table' and table_name='wstablefields'
20241122@115957.9446 5fkvnabib0p7uadv7sb5ie9v8p Query : select fieldkey,fieldname,fieldtype,calcformula from wstablefields where tablename = 'fi2' and documentnumber = 39
20241122@115957.9461 5fkvnabib0p7uadv7sb5ie9v8p Query : insert into wsfi2data (fi2stamp,ftstamp ,ousrdata, ousrhora, usrdata,usrhora,ousrinis,usrinis) values ('aut67407584406740723de6','aut67407460996740723c2a' ,getdate(),convert(char(8),convert (time,getdate())),getdate(),convert(char(8),convert (time,getdate())),'wsv','wsv')
20241122@115957.9468 5fkvnabib0p7uadv7sb5ie9v8p Query : select 1 valor from information_schema.tables where table_type='base table' and table_name='wstablefields'
20241122@115957.9487 5fkvnabib0p7uadv7sb5ie9v8p Query : select fieldkey,fieldname,fieldtype,calcformula from wstablefields where tablename = 'fi' and documentnumber = 39
20241122@115957.9520 5fkvnabib0p7uadv7sb5ie9v8p Query : insert into wsfidata (fistamp,ousrdata, ousrhora, usrdata,usrhora,ousrinis,usrinis ,qtt ,ftstamp ,epv,pvmoeda ,tabiva,iva,lordem ,ref, design ,lote,armazem) values ('aut67407584406740723de6',getdate(),convert(char(8),convert (time,getdate())),getdate(),convert(char(8),convert (time,getdate())),'wsv','wsv',20.000 ,'aut67407460996740723c2a' ,0,0 ,2,23.00,340000,?,?,?,?)
20241122@115957.9846 5fkvnabib0p7uadv7sb5ie9v8p Query : select 1 valor from information_schema.tables where table_type='base table' and table_name='wstablefields'
20241122@115957.9868 5fkvnabib0p7uadv7sb5ie9v8p Query : select fieldkey,fieldname,fieldtype,mandatory from wstablefields where tablename = 'fi' and documentnumber = 39
20241122@115957.9903 5fkvnabib0p7uadv7sb5ie9v8p Query : select 1 valor from information_schema.tables where table_type='base table' and table_name='wstablefields'
20241122@115957.9920 5fkvnabib0p7uadv7sb5ie9v8p Query : select fieldkey,fieldname,fieldtype,mandatory from wstablefields where tablename = 'fi2' and documentnumber = 39
20241122@115957.9930 5fkvnabib0p7uadv7sb5ie9v8p Query : select top 1 convert(numeric(6,2),t.taxa) valor from taxasiva t where t.codigo='2'
20241122@115957.9947 5fkvnabib0p7uadv7sb5ie9v8p Query : select 1 valor from information_schema.tables where table_type='base table' and table_name='wstablefields'
20241122@115957.9968 5fkvnabib0p7uadv7sb5ie9v8p Query : select fieldkey,fieldname,fieldtype,calcformula from wstablefields where tablename = 'fi2' and documentnumber = 39
20241122@115957.9984 5fkvnabib0p7uadv7sb5ie9v8p Query : insert into wsfi2data (fi2stamp,ftstamp ,ousrdata, ousrhora, usrdata,usrhora,ousrinis,usrinis) values ('aut67407284276740723df2','aut67407460996740723c2a' ,getdate(),convert(char(8),convert (time,getdate())),getdate(),convert(char(8),convert (time,getdate())),'wsv','wsv')
20241122@115957.9990 5fkvnabib0p7uadv7sb5ie9v8p Query : select 1 valor from information_schema.tables where table_type='base table' and table_name='wstablefields'
20241122@115958.9000 5fkvnabib0p7uadv7sb5ie9v8p Query : select fieldkey,fieldname,fieldtype,calcformula from wstablefields where tablename = 'fi' and documentnumber = 39
20241122@115958.4300 5fkvnabib0p7uadv7sb5ie9v8p Query : insert into wsfidata (fistamp,ousrdata, ousrhora, usrdata,usrhora,ousrinis,usrinis ,qtt ,ftstamp ,epv,pvmoeda ,tabiva,iva,lordem ,ref, design ,armazem) values ('aut67407284276740723df2',getdate(),convert(char(8),convert (time,getdate())),getdate(),convert(char(8),convert (time,getdate())),'wsv','wsv',0 ,'aut67407460996740723c2a' ,0,0 ,2,23.00,350000,?,?,?)
20241122@115958.3340 5fkvnabib0p7uadv7sb5ie9v8p Query : use flama_phc
20241122@115958.3380 5fkvnabib0p7uadv7sb5ie9v8p Query : select st.usalote valor from st where st.ref = '324.1879.00.1'
20241122@115958.3620 5fkvnabib0p7uadv7sb5ie9v8p Query : select top 1 st.tabiva ,st.ivaincl ,st.stns ,st.uni2 ,st.familia ,isnull(tx.taxa, 0) txiva ,unidade ,usalote ,epcpond ,noserie ,conversao ,st.texteis from st left join taxasiva tx on st.tabiva = tx.codigo where st.ref = '324.1879.00.1'
20241122@115958.3850 5fkvnabib0p7uadv7sb5ie9v8p Query : select 1 valor from information_schema.tables where table_type='base table' and table_name='wstablefields'
20241122@115958.4050 5fkvnabib0p7uadv7sb5ie9v8p Query : select fieldkey,fieldname,fieldtype,mandatory from wstablefields where tablename = 'fi' and documentnumber = 39
20241122@115958.4340 5fkvnabib0p7uadv7sb5ie9v8p Query : select 1 valor from information_schema.tables where table_type='base table' and table_name='wstablefields'
20241122@115958.4510 5fkvnabib0p7uadv7sb5ie9v8p Query : select fieldkey,fieldname,fieldtype,mandatory from wstablefields where tablename = 'fi2' and documentnumber = 39
20241122@115958.4610 5fkvnabib0p7uadv7sb5ie9v8p Query : select top 1 convert(numeric(6,2),t.taxa) valor from taxasiva t where t.codigo='2'
20241122@115958.4760 5fkvnabib0p7uadv7sb5ie9v8p Query : select sestamp valor from se where ref ='324.1879.00.1' and lote = 'r2400283200a'
20241122@115958.4900 5fkvnabib0p7uadv7sb5ie9v8p Query : select 1 valor from information_schema.tables where table_type='base table' and table_name='wstablefields'
20241122@115958.5120 5fkvnabib0p7uadv7sb5ie9v8p Query : select fieldkey,fieldname,fieldtype,calcformula from wstablefields where tablename = 'fi2' and documentnumber = 39
20241122@115958.5290 5fkvnabib0p7uadv7sb5ie9v8p Query : insert into wsfi2data (fi2stamp,ftstamp ,ousrdata, ousrhora, usrdata,usrhora,ousrinis,usrinis) values ('aut67407237836740723e0b','aut67407460996740723c2a' ,getdate(),convert(char(8),convert (time,getdate())),getdate(),convert(char(8),convert (time,getdate())),'wsv','wsv')
20241122@115958.5350 5fkvnabib0p7uadv7sb5ie9v8p Query : select 1 valor from information_schema.tables where table_type='base table' and table_name='wstablefields'
20241122@115958.5540 5fkvnabib0p7uadv7sb5ie9v8p Query : select fieldkey,fieldname,fieldtype,calcformula from wstablefields where tablename = 'fi' and documentnumber = 39
20241122@115958.5910 5fkvnabib0p7uadv7sb5ie9v8p Query : insert into wsfidata (fistamp,ousrdata, ousrhora, usrdata,usrhora,ousrinis,usrinis ,qtt ,ftstamp ,epv,pvmoeda ,tabiva,iva,lordem ,ref, design ,lote,armazem) values ('aut67407237836740723e0b',getdate(),convert(char(8),convert (time,getdate())),getdate(),convert(char(8),convert (time,getdate())),'wsv','wsv',20.000 ,'aut67407460996740723c2a' ,0,0 ,2,23.00,370000,?,?,?,?)
20241122@115958.8920 5fkvnabib0p7uadv7sb5ie9v8p Query : select 1 valor from information_schema.tables where table_type='base table' and table_name='wstablefields'
20241122@115958.9200 5fkvnabib0p7uadv7sb5ie9v8p Query : select fieldkey,fieldname,fieldtype,mandatory from wstablefields where tablename = 'fi' and documentnumber = 39
20241122@115958.9530 5fkvnabib0p7uadv7sb5ie9v8p Query : select 1 valor from information_schema.tables where table_type='base table' and table_name='wstablefields'
20241122@115958.9700 5fkvnabib0p7uadv7sb5ie9v8p Query : select fieldkey,fieldname,fieldtype,mandatory from wstablefields where tablename = 'fi2' and documentnumber = 39
20241122@115958.9810 5fkvnabib0p7uadv7sb5ie9v8p Query : select top 1 convert(numeric(6,2),t.taxa) valor from taxasiva t where t.codigo='2'
20241122@115958.9970 5fkvnabib0p7uadv7sb5ie9v8p Query : select 1 valor from information_schema.tables where table_type='base table' and table_name='wstablefields'
20241122@115958.1013 5fkvnabib0p7uadv7sb5ie9v8p Query : select fieldkey,fieldname,fieldtype,calcformula from wstablefields where tablename = 'fi2' and documentnumber = 39
20241122@115958.1027 5fkvnabib0p7uadv7sb5ie9v8p Query : insert into wsfi2data (fi2stamp,ftstamp ,ousrdata, ousrhora, usrdata,usrhora,ousrinis,usrinis) values ('aut67407962436740723e18','aut67407460996740723c2a' ,getdate(),convert(char(8),convert (time,getdate())),getdate(),convert(char(8),convert (time,getdate())),'wsv','wsv')
20241122@115958.1032 5fkvnabib0p7uadv7sb5ie9v8p Query : select 1 valor from information_schema.tables where table_type='base table' and table_name='wstablefields'
20241122@115958.1114 5fkvnabib0p7uadv7sb5ie9v8p Query : select fieldkey,fieldname,fieldtype,calcformula from wstablefields where tablename = 'fi' and documentnumber = 39
20241122@115958.1148 5fkvnabib0p7uadv7sb5ie9v8p Query : insert into wsfidata (fistamp,ousrdata, ousrhora, usrdata,usrhora,ousrinis,usrinis ,qtt ,ftstamp ,epv,pvmoeda ,tabiva,iva,lordem ,ref, design ,armazem) values ('aut67407962436740723e18',getdate(),convert(char(8),convert (time,getdate())),getdate(),convert(char(8),convert (time,getdate())),'wsv','wsv',0 ,'aut67407460996740723c2a' ,0,0 ,2,23.00,380000,?,?,?)
20241122@115958.1734 5fkvnabib0p7uadv7sb5ie9v8p Query : use flama_phc
20241122@115958.2504 5fkvnabib0p7uadv7sb5ie9v8p Query : select st.usalote valor from st where st.ref = '324.1879.00.1'
20241122@115958.2531 5fkvnabib0p7uadv7sb5ie9v8p Query : select top 1 st.tabiva ,st.ivaincl ,st.stns ,st.uni2 ,st.familia ,isnull(tx.taxa, 0) txiva ,unidade ,usalote ,epcpond ,noserie ,conversao ,st.texteis from st left join taxasiva tx on st.tabiva = tx.codigo where st.ref = '324.1879.00.1'
20241122@115958.2549 5fkvnabib0p7uadv7sb5ie9v8p Query : select 1 valor from information_schema.tables where table_type='base table' and table_name='wstablefields'
20241122@115958.2570 5fkvnabib0p7uadv7sb5ie9v8p Query : select fieldkey,fieldname,fieldtype,mandatory from wstablefields where tablename = 'fi' and documentnumber = 39
20241122@115958.2600 5fkvnabib0p7uadv7sb5ie9v8p Query : select 1 valor from information_schema.tables where table_type='base table' and table_name='wstablefields'
20241122@115958.2619 5fkvnabib0p7uadv7sb5ie9v8p Query : select fieldkey,fieldname,fieldtype,mandatory from wstablefields where tablename = 'fi2' and documentnumber = 39
20241122@115958.2631 5fkvnabib0p7uadv7sb5ie9v8p Query : select top 1 convert(numeric(6,2),t.taxa) valor from taxasiva t where t.codigo='2'
20241122@115958.2647 5fkvnabib0p7uadv7sb5ie9v8p Query : select sestamp valor from se where ref ='324.1879.00.1' and lote = 'r2400283200a'
20241122@115958.2663 5fkvnabib0p7uadv7sb5ie9v8p Query : select 1 valor from information_schema.tables where table_type='base table' and table_name='wstablefields'
20241122@115958.2679 5fkvnabib0p7uadv7sb5ie9v8p Query : select fieldkey,fieldname,fieldtype,calcformula from wstablefields where tablename = 'fi2' and documentnumber = 39
20241122@115958.2694 5fkvnabib0p7uadv7sb5ie9v8p Query : insert into wsfi2data (fi2stamp,ftstamp ,ousrdata, ousrhora, usrdata,usrhora,ousrinis,usrinis) values ('aut67407385276740723e41','aut67407460996740723c2a' ,getdate(),convert(char(8),convert (time,getdate())),getdate(),convert(char(8),convert (time,getdate())),'wsv','wsv')
20241122@115958.2699 5fkvnabib0p7uadv7sb5ie9v8p Query : select 1 valor from information_schema.tables where table_type='base table' and table_name='wstablefields'
20241122@115958.2716 5fkvnabib0p7uadv7sb5ie9v8p Query : select fieldkey,fieldname,fieldtype,calcformula from wstablefields where tablename = 'fi' and documentnumber = 39
20241122@115958.2749 5fkvnabib0p7uadv7sb5ie9v8p Query : insert into wsfidata (fistamp,ousrdata, ousrhora, usrdata,usrhora,ousrinis,usrinis ,qtt ,ftstamp ,epv,pvmoeda ,tabiva,iva,lordem ,ref, design ,lote,armazem) values ('aut67407385276740723e41',getdate(),convert(char(8),convert (time,getdate())),getdate(),convert(char(8),convert (time,getdate())),'wsv','wsv',20.000 ,'aut67407460996740723c2a' ,0,0 ,2,23.00,400000,?,?,?,?)
20241122@115958.3032 5fkvnabib0p7uadv7sb5ie9v8p Query : select 1 valor from information_schema.tables where table_type='base table' and table_name='wstablefields'
20241122@115958.3053 5fkvnabib0p7uadv7sb5ie9v8p Query : select fieldkey,fieldname,fieldtype,mandatory from wstablefields where tablename = 'fi' and documentnumber = 39
20241122@115958.3084 5fkvnabib0p7uadv7sb5ie9v8p Query : select 1 valor from information_schema.tables where table_type='base table' and table_name='wstablefields'
20241122@115958.3105 5fkvnabib0p7uadv7sb5ie9v8p Query : select fieldkey,fieldname,fieldtype,mandatory from wstablefields where tablename = 'fi2' and documentnumber = 39
20241122@115958.3115 5fkvnabib0p7uadv7sb5ie9v8p Query : select top 1 convert(numeric(6,2),t.taxa) valor from taxasiva t where t.codigo='2'
20241122@115958.3130 5fkvnabib0p7uadv7sb5ie9v8p Query : select 1 valor from information_schema.tables where table_type='base table' and table_name='wstablefields'
20241122@115958.3150 5fkvnabib0p7uadv7sb5ie9v8p Query : select fieldkey,fieldname,fieldtype,calcformula from wstablefields where tablename = 'fi2' and documentnumber = 39
20241122@115958.3163 5fkvnabib0p7uadv7sb5ie9v8p Query : insert into wsfi2data (fi2stamp,ftstamp ,ousrdata, ousrhora, usrdata,usrhora,ousrinis,usrinis) values ('aut67407006246740723e4c','aut67407460996740723c2a' ,getdate(),convert(char(8),convert (time,getdate())),getdate(),convert(char(8),convert (time,getdate())),'wsv','wsv')
20241122@115958.3169 5fkvnabib0p7uadv7sb5ie9v8p Query : select 1 valor from information_schema.tables where table_type='base table' and table_name='wstablefields'
20241122@115958.3189 5fkvnabib0p7uadv7sb5ie9v8p Query : select fieldkey,fieldname,fieldtype,calcformula from wstablefields where tablename = 'fi' and documentnumber = 39
20241122@115958.3224 5fkvnabib0p7uadv7sb5ie9v8p Query : insert into wsfidata (fistamp,ousrdata, ousrhora, usrdata,usrhora,ousrinis,usrinis ,qtt ,ftstamp ,epv,pvmoeda ,tabiva,iva,lordem ,ref, design ,armazem) values ('aut67407006246740723e4c',getdate(),convert(char(8),convert (time,getdate())),getdate(),convert(char(8),convert (time,getdate())),'wsv','wsv',0 ,'aut67407460996740723c2a' ,0,0 ,2,23.00,410000,?,?,?)
20241122@115958.3533 5fkvnabib0p7uadv7sb5ie9v8p Query : use flama_phc
20241122@115958.3537 5fkvnabib0p7uadv7sb5ie9v8p Query : select st.usalote valor from st where st.ref = '324.1879.00.1'
20241122@115958.3561 5fkvnabib0p7uadv7sb5ie9v8p Query : select top 1 st.tabiva ,st.ivaincl ,st.stns ,st.uni2 ,st.familia ,isnull(tx.taxa, 0) txiva ,unidade ,usalote ,epcpond ,noserie ,conversao ,st.texteis from st left join taxasiva tx on st.tabiva = tx.codigo where st.ref = '324.1879.00.1'
20241122@115958.3579 5fkvnabib0p7uadv7sb5ie9v8p Query : select 1 valor from information_schema.tables where table_type='base table' and table_name='wstablefields'
20241122@115958.3603 5fkvnabib0p7uadv7sb5ie9v8p Query : select fieldkey,fieldname,fieldtype,mandatory from wstablefields where tablename = 'fi' and documentnumber = 39
20241122@115958.3637 5fkvnabib0p7uadv7sb5ie9v8p Query : select 1 valor from information_schema.tables where table_type='base table' and table_name='wstablefields'
20241122@115958.3656 5fkvnabib0p7uadv7sb5ie9v8p Query : select fieldkey,fieldname,fieldtype,mandatory from wstablefields where tablename = 'fi2' and documentnumber = 39
20241122@115958.3668 5fkvnabib0p7uadv7sb5ie9v8p Query : select top 1 convert(numeric(6,2),t.taxa) valor from taxasiva t where t.codigo='2'
20241122@115958.3684 5fkvnabib0p7uadv7sb5ie9v8p Query : select sestamp valor from se where ref ='324.1879.00.1' and lote = 'r2400283200a'
20241122@115958.3699 5fkvnabib0p7uadv7sb5ie9v8p Query : select 1 valor from information_schema.tables where table_type='base table' and table_name='wstablefields'
20241122@115958.3718 5fkvnabib0p7uadv7sb5ie9v8p Query : select fieldkey,fieldname,fieldtype,calcformula from wstablefields where tablename = 'fi2' and documentnumber = 39
20241122@115958.3733 5fkvnabib0p7uadv7sb5ie9v8p Query : insert into wsfi2data (fi2stamp,ftstamp ,ousrdata, ousrhora, usrdata,usrhora,ousrinis,usrinis) values ('aut67407711726740723e5a','aut67407460996740723c2a' ,getdate(),convert(char(8),convert (time,getdate())),getdate(),convert(char(8),convert (time,getdate())),'wsv','wsv')
20241122@115958.3739 5fkvnabib0p7uadv7sb5ie9v8p Query : select 1 valor from information_schema.tables where table_type='base table' and table_name='wstablefields'
20241122@115958.3756 5fkvnabib0p7uadv7sb5ie9v8p Query : select fieldkey,fieldname,fieldtype,calcformula from wstablefields where tablename = 'fi' and documentnumber = 39
20241122@115958.3792 5fkvnabib0p7uadv7sb5ie9v8p Query : insert into wsfidata (fistamp,ousrdata, ousrhora, usrdata,usrhora,ousrinis,usrinis ,qtt ,ftstamp ,epv,pvmoeda ,tabiva,iva,lordem ,ref, design ,lote,armazem) values ('aut67407711726740723e5a',getdate(),convert(char(8),convert (time,getdate())),getdate(),convert(char(8),convert (time,getdate())),'wsv','wsv',20.000 ,'aut67407460996740723c2a' ,0,0 ,2,23.00,430000,?,?,?,?)
20241122@115958.4119 5fkvnabib0p7uadv7sb5ie9v8p Query : select 1 valor from information_schema.tables where table_type='base table' and table_name='wstablefields'
20241122@115958.4139 5fkvnabib0p7uadv7sb5ie9v8p Query : select fieldkey,fieldname,fieldtype,mandatory from wstablefields where tablename = 'fi' and documentnumber = 39
20241122@115958.4178 5fkvnabib0p7uadv7sb5ie9v8p Query : select 1 valor from information_schema.tables where table_type='base table' and table_name='wstablefields'
20241122@115958.4197 5fkvnabib0p7uadv7sb5ie9v8p Query : select fieldkey,fieldname,fieldtype,mandatory from wstablefields where tablename = 'fi2' and documentnumber = 39
20241122@115958.4218 5fkvnabib0p7uadv7sb5ie9v8p Query : select top 1 convert(numeric(6,2),t.taxa) valor from taxasiva t where t.codigo='2'
20241122@115958.4233 5fkvnabib0p7uadv7sb5ie9v8p Query : select 1 valor from information_schema.tables where table_type='base table' and table_name='wstablefields'
20241122@115958.4252 5fkvnabib0p7uadv7sb5ie9v8p Query : select fieldkey,fieldname,fieldtype,calcformula from wstablefields where tablename = 'fi2' and documentnumber = 39
20241122@115958.4267 5fkvnabib0p7uadv7sb5ie9v8p Query : insert into wsfi2data (fi2stamp,ftstamp ,ousrdata, ousrhora, usrdata,usrhora,ousrinis,usrinis) values ('aut67407333986740723e67','aut67407460996740723c2a' ,getdate(),convert(char(8),convert (time,getdate())),getdate(),convert(char(8),convert (time,getdate())),'wsv','wsv')
20241122@115958.4272 5fkvnabib0p7uadv7sb5ie9v8p Query : select 1 valor from information_schema.tables where table_type='base table' and table_name='wstablefields'
20241122@115958.4291 5fkvnabib0p7uadv7sb5ie9v8p Query : select fieldkey,fieldname,fieldtype,calcformula from wstablefields where tablename = 'fi' and documentnumber = 39
20241122@115958.4331 5fkvnabib0p7uadv7sb5ie9v8p Query : insert into wsfidata (fistamp,ousrdata, ousrhora, usrdata,usrhora,ousrinis,usrinis ,qtt ,ftstamp ,epv,pvmoeda ,tabiva,iva,lordem ,ref, design ,armazem) values ('aut67407333986740723e67',getdate(),convert(char(8),convert (time,getdate())),getdate(),convert(char(8),convert (time,getdate())),'wsv','wsv',0 ,'aut67407460996740723c2a' ,0,0 ,2,23.00,440000,?,?,?)
20241122@115958.4643 5fkvnabib0p7uadv7sb5ie9v8p Query : use flama_phc
20241122@115958.4647 5fkvnabib0p7uadv7sb5ie9v8p Query : select st.usalote valor from st where st.ref = '324.1879.00.1'
20241122@115958.4674 5fkvnabib0p7uadv7sb5ie9v8p Query : select top 1 st.tabiva ,st.ivaincl ,st.stns ,st.uni2 ,st.familia ,isnull(tx.taxa, 0) txiva ,unidade ,usalote ,epcpond ,noserie ,conversao ,st.texteis from st left join taxasiva tx on st.tabiva = tx.codigo where st.ref = '324.1879.00.1'
20241122@115958.4692 5fkvnabib0p7uadv7sb5ie9v8p Query : select 1 valor from information_schema.tables where table_type='base table' and table_name='wstablefields'
20241122@115958.4712 5fkvnabib0p7uadv7sb5ie9v8p Query : select fieldkey,fieldname,fieldtype,mandatory from wstablefields where tablename = 'fi' and documentnumber = 39
20241122@115958.4743 5fkvnabib0p7uadv7sb5ie9v8p Query : select 1 valor from information_schema.tables where table_type='base table' and table_name='wstablefields'
20241122@115958.4762 5fkvnabib0p7uadv7sb5ie9v8p Query : select fieldkey,fieldname,fieldtype,mandatory from wstablefields where tablename = 'fi2' and documentnumber = 39
20241122@115958.4772 5fkvnabib0p7uadv7sb5ie9v8p Query : select top 1 convert(numeric(6,2),t.taxa) valor from taxasiva t where t.codigo='2'
20241122@115958.4787 5fkvnabib0p7uadv7sb5ie9v8p Query : select sestamp valor from se where ref ='324.1879.00.1' and lote = 'r2400283200a'
20241122@115958.4804 5fkvnabib0p7uadv7sb5ie9v8p Query : select 1 valor from information_schema.tables where table_type='base table' and table_name='wstablefields'
20241122@115958.4822 5fkvnabib0p7uadv7sb5ie9v8p Query : select fieldkey,fieldname,fieldtype,calcformula from wstablefields where tablename = 'fi2' and documentnumber = 39
20241122@115958.4838 5fkvnabib0p7uadv7sb5ie9v8p Query : insert into wsfi2data (fi2stamp,ftstamp ,ousrdata, ousrhora, usrdata,usrhora,ousrinis,usrinis) values ('aut67407296156740723e75','aut67407460996740723c2a' ,getdate(),convert(char(8),convert (time,getdate())),getdate(),convert(char(8),convert (time,getdate())),'wsv','wsv')
20241122@115958.4844 5fkvnabib0p7uadv7sb5ie9v8p Query : select 1 valor from information_schema.tables where table_type='base table' and table_name='wstablefields'
20241122@115958.4865 5fkvnabib0p7uadv7sb5ie9v8p Query : select fieldkey,fieldname,fieldtype,calcformula from wstablefields where tablename = 'fi' and documentnumber = 39
20241122@115958.4902 5fkvnabib0p7uadv7sb5ie9v8p Query : insert into wsfidata (fistamp,ousrdata, ousrhora, usrdata,usrhora,ousrinis,usrinis ,qtt ,ftstamp ,epv,pvmoeda ,tabiva,iva,lordem ,ref, design ,lote,armazem) values ('aut67407296156740723e75',getdate(),convert(char(8),convert (time,getdate())),getdate(),convert(char(8),convert (time,getdate())),'wsv','wsv',20.000 ,'aut67407460996740723c2a' ,0,0 ,2,23.00,460000,?,?,?,?)
20241122@115958.5269 5fkvnabib0p7uadv7sb5ie9v8p Query : select 1 valor from information_schema.tables where table_type='base table' and table_name='wstablefields'
20241122@115958.5290 5fkvnabib0p7uadv7sb5ie9v8p Query : select fieldkey,fieldname,fieldtype,mandatory from wstablefields where tablename = 'fi' and documentnumber = 39
20241122@115958.5324 5fkvnabib0p7uadv7sb5ie9v8p Query : select 1 valor from information_schema.tables where table_type='base table' and table_name='wstablefields'
20241122@115958.5344 5fkvnabib0p7uadv7sb5ie9v8p Query : select fieldkey,fieldname,fieldtype,mandatory from wstablefields where tablename = 'fi2' and documentnumber = 39
20241122@115958.5356 5fkvnabib0p7uadv7sb5ie9v8p Query : select top 1 convert(numeric(6,2),t.taxa) valor from taxasiva t where t.codigo='2'
20241122@115958.5374 5fkvnabib0p7uadv7sb5ie9v8p Query : select 1 valor from information_schema.tables where table_type='base table' and table_name='wstablefields'
20241122@115958.5392 5fkvnabib0p7uadv7sb5ie9v8p Query : select fieldkey,fieldname,fieldtype,calcformula from wstablefields where tablename = 'fi2' and documentnumber = 39
20241122@115958.5406 5fkvnabib0p7uadv7sb5ie9v8p Query : insert into wsfi2data (fi2stamp,ftstamp ,ousrdata, ousrhora, usrdata,usrhora,ousrinis,usrinis) values ('aut67407937236740723e83','aut67407460996740723c2a' ,getdate(),convert(char(8),convert (time,getdate())),getdate(),convert(char(8),convert (time,getdate())),'wsv','wsv')
20241122@115958.5411 5fkvnabib0p7uadv7sb5ie9v8p Query : select 1 valor from information_schema.tables where table_type='base table' and table_name='wstablefields'
20241122@115958.5430 5fkvnabib0p7uadv7sb5ie9v8p Query : select fieldkey,fieldname,fieldtype,calcformula from wstablefields where tablename = 'fi' and documentnumber = 39
20241122@115958.5467 5fkvnabib0p7uadv7sb5ie9v8p Query : insert into wsfidata (fistamp,ousrdata, ousrhora, usrdata,usrhora,ousrinis,usrinis ,qtt ,ftstamp ,epv,pvmoeda ,tabiva,iva,lordem ,ref, design ,armazem) values ('aut67407937236740723e83',getdate(),convert(char(8),convert (time,getdate())),getdate(),convert(char(8),convert (time,getdate())),'wsv','wsv',0 ,'aut67407460996740723c2a' ,0,0 ,2,23.00,470000,?,?,?)
20241122@115958.5785 5fkvnabib0p7uadv7sb5ie9v8p Query : use flama_phc
20241122@115958.5790 5fkvnabib0p7uadv7sb5ie9v8p Query : select st.usalote valor from st where st.ref = '324.1879.00.1'
20241122@115958.5817 5fkvnabib0p7uadv7sb5ie9v8p Query : select top 1 st.tabiva ,st.ivaincl ,st.stns ,st.uni2 ,st.familia ,isnull(tx.taxa, 0) txiva ,unidade ,usalote ,epcpond ,noserie ,conversao ,st.texteis from st left join taxasiva tx on st.tabiva = tx.codigo where st.ref = '324.1879.00.1'
20241122@115958.5835 5fkvnabib0p7uadv7sb5ie9v8p Query : select 1 valor from information_schema.tables where table_type='base table' and table_name='wstablefields'
20241122@115958.5857 5fkvnabib0p7uadv7sb5ie9v8p Query : select fieldkey,fieldname,fieldtype,mandatory from wstablefields where tablename = 'fi' and documentnumber = 39
20241122@115958.5890 5fkvnabib0p7uadv7sb5ie9v8p Query : select 1 valor from information_schema.tables where table_type='base table' and table_name='wstablefields'
20241122@115958.5909 5fkvnabib0p7uadv7sb5ie9v8p Query : select fieldkey,fieldname,fieldtype,mandatory from wstablefields where tablename = 'fi2' and documentnumber = 39
20241122@115958.5922 5fkvnabib0p7uadv7sb5ie9v8p Query : select top 1 convert(numeric(6,2),t.taxa) valor from taxasiva t where t.codigo='2'
20241122@115958.5937 5fkvnabib0p7uadv7sb5ie9v8p Query : select sestamp valor from se where ref ='324.1879.00.1' and lote = 'r2400283200a'
20241122@115958.5952 5fkvnabib0p7uadv7sb5ie9v8p Query : select 1 valor from information_schema.tables where table_type='base table' and table_name='wstablefields'
20241122@115958.5969 5fkvnabib0p7uadv7sb5ie9v8p Query : select fieldkey,fieldname,fieldtype,calcformula from wstablefields where tablename = 'fi2' and documentnumber = 39
20241122@115958.5984 5fkvnabib0p7uadv7sb5ie9v8p Query : insert into wsfi2data (fi2stamp,ftstamp ,ousrdata, ousrhora, usrdata,usrhora,ousrinis,usrinis) values ('aut67407813896740723e91','aut67407460996740723c2a' ,getdate(),convert(char(8),convert (time,getdate())),getdate(),convert(char(8),convert (time,getdate())),'wsv','wsv')
20241122@115958.5989 5fkvnabib0p7uadv7sb5ie9v8p Query : select 1 valor from information_schema.tables where table_type='base table' and table_name='wstablefields'
20241122@115958.6009 5fkvnabib0p7uadv7sb5ie9v8p Query : select fieldkey,fieldname,fieldtype,calcformula from wstablefields where tablename = 'fi' and documentnumber = 39
20241122@115958.6042 5fkvnabib0p7uadv7sb5ie9v8p Query : insert into wsfidata (fistamp,ousrdata, ousrhora, usrdata,usrhora,ousrinis,usrinis ,qtt ,ftstamp ,epv,pvmoeda ,tabiva,iva,lordem ,ref, design ,lote,armazem) values ('aut67407813896740723e91',getdate(),convert(char(8),convert (time,getdate())),getdate(),convert(char(8),convert (time,getdate())),'wsv','wsv',20.000 ,'aut67407460996740723c2a' ,0,0 ,2,23.00,490000,?,?,?,?)
20241122@115958.6333 5fkvnabib0p7uadv7sb5ie9v8p Query : select 1 valor from information_schema.tables where table_type='base table' and table_name='wstablefields'
20241122@115958.6355 5fkvnabib0p7uadv7sb5ie9v8p Query : select fieldkey,fieldname,fieldtype,mandatory from wstablefields where tablename = 'fi' and documentnumber = 39
20241122@115958.6388 5fkvnabib0p7uadv7sb5ie9v8p Query : select 1 valor from information_schema.tables where table_type='base table' and table_name='wstablefields'
20241122@115958.6406 5fkvnabib0p7uadv7sb5ie9v8p Query : select fieldkey,fieldname,fieldtype,mandatory from wstablefields where tablename = 'fi2' and documentnumber = 39
20241122@115958.6419 5fkvnabib0p7uadv7sb5ie9v8p Query : select top 1 convert(numeric(6,2),t.taxa) valor from taxasiva t where t.codigo='2'
20241122@115958.6435 5fkvnabib0p7uadv7sb5ie9v8p Query : select 1 valor from information_schema.tables where table_type='base table' and table_name='wstablefields'
20241122@115958.6454 5fkvnabib0p7uadv7sb5ie9v8p Query : select fieldkey,fieldname,fieldtype,calcformula from wstablefields where tablename = 'fi2' and documentnumber = 39
20241122@115958.6470 5fkvnabib0p7uadv7sb5ie9v8p Query : insert into wsfi2data (fi2stamp,ftstamp ,ousrdata, ousrhora, usrdata,usrhora,ousrinis,usrinis) values ('aut67407453166740723e9d','aut67407460996740723c2a' ,getdate(),convert(char(8),convert (time,getdate())),getdate(),convert(char(8),convert (time,getdate())),'wsv','wsv')
20241122@115958.6476 5fkvnabib0p7uadv7sb5ie9v8p Query : select 1 valor from information_schema.tables where table_type='base table' and table_name='wstablefields'
20241122@115958.6496 5fkvnabib0p7uadv7sb5ie9v8p Query : select fieldkey,fieldname,fieldtype,calcformula from wstablefields where tablename = 'fi' and documentnumber = 39
20241122@115958.6531 5fkvnabib0p7uadv7sb5ie9v8p Query : insert into wsfidata (fistamp,ousrdata, ousrhora, usrdata,usrhora,ousrinis,usrinis ,qtt ,ftstamp ,epv,pvmoeda ,tabiva,iva,lordem ,ref, design ,armazem) values ('aut67407453166740723e9d',getdate(),convert(char(8),convert (time,getdate())),getdate(),convert(char(8),convert (time,getdate())),'wsv','wsv',0 ,'aut67407460996740723c2a' ,0,0 ,2,23.00,500000,?,?,?)
20241122@115958.6861 5fkvnabib0p7uadv7sb5ie9v8p Query : use flama_phc
20241122@115958.6865 5fkvnabib0p7uadv7sb5ie9v8p Query : select st.usalote valor from st where st.ref = '324.1879.00.1'
20241122@115958.6891 5fkvnabib0p7uadv7sb5ie9v8p Query : select top 1 st.tabiva ,st.ivaincl ,st.stns ,st.uni2 ,st.familia ,isnull(tx.taxa, 0) txiva ,unidade ,usalote ,epcpond ,noserie ,conversao ,st.texteis from st left join taxasiva tx on st.tabiva = tx.codigo where st.ref = '324.1879.00.1'
20241122@115958.6911 5fkvnabib0p7uadv7sb5ie9v8p Query : select 1 valor from information_schema.tables where table_type='base table' and table_name='wstablefields'
20241122@115958.6930 5fkvnabib0p7uadv7sb5ie9v8p Query : select fieldkey,fieldname,fieldtype,mandatory from wstablefields where tablename = 'fi' and documentnumber = 39
20241122@115958.6964 5fkvnabib0p7uadv7sb5ie9v8p Query : select 1 valor from information_schema.tables where table_type='base table' and table_name='wstablefields'
20241122@115958.6985 5fkvnabib0p7uadv7sb5ie9v8p Query : select fieldkey,fieldname,fieldtype,mandatory from wstablefields where tablename = 'fi2' and documentnumber = 39
20241122@115958.6996 5fkvnabib0p7uadv7sb5ie9v8p Query : select top 1 convert(numeric(6,2),t.taxa) valor from taxasiva t where t.codigo='2'
20241122@115958.7010 5fkvnabib0p7uadv7sb5ie9v8p Query : select sestamp valor from se where ref ='324.1879.00.1' and lote = 'r2400283200a'
20241122@115958.7025 5fkvnabib0p7uadv7sb5ie9v8p Query : select 1 valor from information_schema.tables where table_type='base table' and table_name='wstablefields'
20241122@115958.7043 5fkvnabib0p7uadv7sb5ie9v8p Query : select fieldkey,fieldname,fieldtype,calcformula from wstablefields where tablename = 'fi2' and documentnumber = 39
20241122@115958.7058 5fkvnabib0p7uadv7sb5ie9v8p Query : insert into wsfi2data (fi2stamp,ftstamp ,ousrdata, ousrhora, usrdata,usrhora,ousrinis,usrinis) values ('aut67407326856740723eab','aut67407460996740723c2a' ,getdate(),convert(char(8),convert (time,getdate())),getdate(),convert(char(8),convert (time,getdate())),'wsv','wsv')
20241122@115958.7063 5fkvnabib0p7uadv7sb5ie9v8p Query : select 1 valor from information_schema.tables where table_type='base table' and table_name='wstablefields'
20241122@115958.7081 5fkvnabib0p7uadv7sb5ie9v8p Query : select fieldkey,fieldname,fieldtype,calcformula from wstablefields where tablename = 'fi' and documentnumber = 39
20241122@115958.7118 5fkvnabib0p7uadv7sb5ie9v8p Query : insert into wsfidata (fistamp,ousrdata, ousrhora, usrdata,usrhora,ousrinis,usrinis ,qtt ,ftstamp ,epv,pvmoeda ,tabiva,iva,lordem ,ref, design ,lote,armazem) values ('aut67407326856740723eab',getdate(),convert(char(8),convert (time,getdate())),getdate(),convert(char(8),convert (time,getdate())),'wsv','wsv',20.000 ,'aut67407460996740723c2a' ,0,0 ,2,23.00,520000,?,?,?,?)
20241122@115958.7427 5fkvnabib0p7uadv7sb5ie9v8p Query : select 1 valor from information_schema.tables where table_type='base table' and table_name='wstablefields'
20241122@115958.7448 5fkvnabib0p7uadv7sb5ie9v8p Query : select fieldkey,fieldname,fieldtype,mandatory from wstablefields where tablename = 'fi' and documentnumber = 39
20241122@115958.7479 5fkvnabib0p7uadv7sb5ie9v8p Query : select 1 valor from information_schema.tables where table_type='base table' and table_name='wstablefields'
20241122@115958.7497 5fkvnabib0p7uadv7sb5ie9v8p Query : select fieldkey,fieldname,fieldtype,mandatory from wstablefields where tablename = 'fi2' and documentnumber = 39
20241122@115958.7508 5fkvnabib0p7uadv7sb5ie9v8p Query : select top 1 convert(numeric(6,2),t.taxa) valor from taxasiva t where t.codigo='2'
20241122@115958.7523 5fkvnabib0p7uadv7sb5ie9v8p Query : select 1 valor from information_schema.tables where table_type='base table' and table_name='wstablefields'
20241122@115958.7540 5fkvnabib0p7uadv7sb5ie9v8p Query : select fieldkey,fieldname,fieldtype,calcformula from wstablefields where tablename = 'fi2' and documentnumber = 39
20241122@115958.7555 5fkvnabib0p7uadv7sb5ie9v8p Query : insert into wsfi2data (fi2stamp,ftstamp ,ousrdata, ousrhora, usrdata,usrhora,ousrinis,usrinis) values ('aut67407292436740723eb7','aut67407460996740723c2a' ,getdate(),convert(char(8),convert (time,getdate())),getdate(),convert(char(8),convert (time,getdate())),'wsv','wsv')
20241122@115958.7560 5fkvnabib0p7uadv7sb5ie9v8p Query : select 1 valor from information_schema.tables where table_type='base table' and table_name='wstablefields'
20241122@115958.7577 5fkvnabib0p7uadv7sb5ie9v8p Query : select fieldkey,fieldname,fieldtype,calcformula from wstablefields where tablename = 'fi' and documentnumber = 39
20241122@115958.7613 5fkvnabib0p7uadv7sb5ie9v8p Query : insert into wsfidata (fistamp,ousrdata, ousrhora, usrdata,usrhora,ousrinis,usrinis ,qtt ,ftstamp ,epv,pvmoeda ,tabiva,iva,lordem ,ref, design ,armazem) values ('aut67407292436740723eb7',getdate(),convert(char(8),convert (time,getdate())),getdate(),convert(char(8),convert (time,getdate())),'wsv','wsv',0 ,'aut67407460996740723c2a' ,0,0 ,2,23.00,530000,?,?,?)
20241122@115958.7918 5fkvnabib0p7uadv7sb5ie9v8p Query : use flama_phc
20241122@115958.7923 5fkvnabib0p7uadv7sb5ie9v8p Query : select st.usalote valor from st where st.ref = '324.1879.00.1'
20241122@115958.7947 5fkvnabib0p7uadv7sb5ie9v8p Query : select top 1 st.tabiva ,st.ivaincl ,st.stns ,st.uni2 ,st.familia ,isnull(tx.taxa, 0) txiva ,unidade ,usalote ,epcpond ,noserie ,conversao ,st.texteis from st left join taxasiva tx on st.tabiva = tx.codigo where st.ref = '324.1879.00.1'
20241122@115958.7967 5fkvnabib0p7uadv7sb5ie9v8p Query : select 1 valor from information_schema.tables where table_type='base table' and table_name='wstablefields'
20241122@115958.7985 5fkvnabib0p7uadv7sb5ie9v8p Query : select fieldkey,fieldname,fieldtype,mandatory from wstablefields where tablename = 'fi' and documentnumber = 39
20241122@115958.8019 5fkvnabib0p7uadv7sb5ie9v8p Query : select 1 valor from information_schema.tables where table_type='base table' and table_name='wstablefields'
20241122@115958.8039 5fkvnabib0p7uadv7sb5ie9v8p Query : select fieldkey,fieldname,fieldtype,mandatory from wstablefields where tablename = 'fi2' and documentnumber = 39
20241122@115958.8049 5fkvnabib0p7uadv7sb5ie9v8p Query : select top 1 convert(numeric(6,2),t.taxa) valor from taxasiva t where t.codigo='2'
20241122@115958.8065 5fkvnabib0p7uadv7sb5ie9v8p Query : select sestamp valor from se where ref ='324.1879.00.1' and lote = 'r2400283200a'
20241122@115958.8080 5fkvnabib0p7uadv7sb5ie9v8p Query : select 1 valor from information_schema.tables where table_type='base table' and table_name='wstablefields'
20241122@115958.8116 5fkvnabib0p7uadv7sb5ie9v8p Query : select fieldkey,fieldname,fieldtype,calcformula from wstablefields where tablename = 'fi2' and documentnumber = 39
20241122@115958.8132 5fkvnabib0p7uadv7sb5ie9v8p Query : insert into wsfi2data (fi2stamp,ftstamp ,ousrdata, ousrhora, usrdata,usrhora,ousrinis,usrinis) values ('aut67407013126740723ec5','aut67407460996740723c2a' ,getdate(),convert(char(8),convert (time,getdate())),getdate(),convert(char(8),convert (time,getdate())),'wsv','wsv')
20241122@115958.8137 5fkvnabib0p7uadv7sb5ie9v8p Query : select 1 valor from information_schema.tables where table_type='base table' and table_name='wstablefields'
20241122@115958.8155 5fkvnabib0p7uadv7sb5ie9v8p Query : select fieldkey,fieldname,fieldtype,calcformula from wstablefields where tablename = 'fi' and documentnumber = 39
20241122@115958.8193 5fkvnabib0p7uadv7sb5ie9v8p Query : insert into wsfidata (fistamp,ousrdata, ousrhora, usrdata,usrhora,ousrinis,usrinis ,qtt ,ftstamp ,epv,pvmoeda ,tabiva,iva,lordem ,ref, design ,lote,armazem) values ('aut67407013126740723ec5',getdate(),convert(char(8),convert (time,getdate())),getdate(),convert(char(8),convert (time,getdate())),'wsv','wsv',20.000 ,'aut67407460996740723c2a' ,0,0 ,2,23.00,550000,?,?,?,?)
20241122@115958.8485 5fkvnabib0p7uadv7sb5ie9v8p Query : select 1 valor from information_schema.tables where table_type='base table' and table_name='wstablefields'
20241122@115958.8508 5fkvnabib0p7uadv7sb5ie9v8p Query : select fieldkey,fieldname,fieldtype,mandatory from wstablefields where tablename = 'fi' and documentnumber = 39
20241122@115958.8540 5fkvnabib0p7uadv7sb5ie9v8p Query : select 1 valor from information_schema.tables where table_type='base table' and table_name='wstablefields'
20241122@115958.8558 5fkvnabib0p7uadv7sb5ie9v8p Query : select fieldkey,fieldname,fieldtype,mandatory from wstablefields where tablename = 'fi2' and documentnumber = 39
20241122@115958.8569 5fkvnabib0p7uadv7sb5ie9v8p Query : select top 1 convert(numeric(6,2),t.taxa) valor from taxasiva t where t.codigo='2'
20241122@115958.8583 5fkvnabib0p7uadv7sb5ie9v8p Query : select 1 valor from information_schema.tables where table_type='base table' and table_name='wstablefields'
20241122@115958.8600 5fkvnabib0p7uadv7sb5ie9v8p Query : select fieldkey,fieldname,fieldtype,calcformula from wstablefields where tablename = 'fi2' and documentnumber = 39
20241122@115958.8623 5fkvnabib0p7uadv7sb5ie9v8p Query : insert into wsfi2data (fi2stamp,ftstamp ,ousrdata, ousrhora, usrdata,usrhora,ousrinis,usrinis) values ('aut67407288076740723ed1','aut67407460996740723c2a' ,getdate(),convert(char(8),convert (time,getdate())),getdate(),convert(char(8),convert (time,getdate())),'wsv','wsv')
20241122@115958.8641 5fkvnabib0p7uadv7sb5ie9v8p Query : select 1 valor from information_schema.tables where table_type='base table' and table_name='wstablefields'
20241122@115958.8660 5fkvnabib0p7uadv7sb5ie9v8p Query : select fieldkey,fieldname,fieldtype,calcformula from wstablefields where tablename = 'fi' and documentnumber = 39
20241122@115958.8693 5fkvnabib0p7uadv7sb5ie9v8p Query : insert into wsfidata (fistamp,ousrdata, ousrhora, usrdata,usrhora,ousrinis,usrinis ,qtt ,ftstamp ,epv,pvmoeda ,tabiva,iva,lordem ,ref, design ,armazem) values ('aut67407288076740723ed1',getdate(),convert(char(8),convert (time,getdate())),getdate(),convert(char(8),convert (time,getdate())),'wsv','wsv',0 ,'aut67407460996740723c2a' ,0,0 ,2,23.00,560000,?,?,?)
20241122@115958.8967 5fkvnabib0p7uadv7sb5ie9v8p Query : use flama_phc
20241122@115958.8971 5fkvnabib0p7uadv7sb5ie9v8p Query : select st.usalote valor from st where st.ref = '324.1879.00.1'
20241122@115958.8996 5fkvnabib0p7uadv7sb5ie9v8p Query : select top 1 st.tabiva ,st.ivaincl ,st.stns ,st.uni2 ,st.familia ,isnull(tx.taxa, 0) txiva ,unidade ,usalote ,epcpond ,noserie ,conversao ,st.texteis from st left join taxasiva tx on st.tabiva = tx.codigo where st.ref = '324.1879.00.1'
20241122@115958.9017 5fkvnabib0p7uadv7sb5ie9v8p Query : select 1 valor from information_schema.tables where table_type='base table' and table_name='wstablefields'
20241122@115958.9035 5fkvnabib0p7uadv7sb5ie9v8p Query : select fieldkey,fieldname,fieldtype,mandatory from wstablefields where tablename = 'fi' and documentnumber = 39
20241122@115958.9064 5fkvnabib0p7uadv7sb5ie9v8p Query : select 1 valor from information_schema.tables where table_type='base table' and table_name='wstablefields'
20241122@115958.9082 5fkvnabib0p7uadv7sb5ie9v8p Query : select fieldkey,fieldname,fieldtype,mandatory from wstablefields where tablename = 'fi2' and documentnumber = 39
20241122@115958.9093 5fkvnabib0p7uadv7sb5ie9v8p Query : select top 1 convert(numeric(6,2),t.taxa) valor from taxasiva t where t.codigo='2'
20241122@115958.9108 5fkvnabib0p7uadv7sb5ie9v8p Query : select sestamp valor from se where ref ='324.1879.00.1' and lote = 'r2400283200a'
20241122@115958.9124 5fkvnabib0p7uadv7sb5ie9v8p Query : select 1 valor from information_schema.tables where table_type='base table' and table_name='wstablefields'
20241122@115958.9141 5fkvnabib0p7uadv7sb5ie9v8p Query : select fieldkey,fieldname,fieldtype,calcformula from wstablefields where tablename = 'fi2' and documentnumber = 39
20241122@115958.9156 5fkvnabib0p7uadv7sb5ie9v8p Query : insert into wsfi2data (fi2stamp,ftstamp ,ousrdata, ousrhora, usrdata,usrhora,ousrinis,usrinis) values ('aut67407778186740723ede','aut67407460996740723c2a' ,getdate(),convert(char(8),convert (time,getdate())),getdate(),convert(char(8),convert (time,getdate())),'wsv','wsv')
20241122@115958.9162 5fkvnabib0p7uadv7sb5ie9v8p Query : select 1 valor from information_schema.tables where table_type='base table' and table_name='wstablefields'
20241122@115958.9184 5fkvnabib0p7uadv7sb5ie9v8p Query : select fieldkey,fieldname,fieldtype,calcformula from wstablefields where tablename = 'fi' and documentnumber = 39
20241122@115958.9216 5fkvnabib0p7uadv7sb5ie9v8p Query : insert into wsfidata (fistamp,ousrdata, ousrhora, usrdata,usrhora,ousrinis,usrinis ,qtt ,ftstamp ,epv,pvmoeda ,tabiva,iva,lordem ,ref, design ,lote,armazem) values ('aut67407778186740723ede',getdate(),convert(char(8),convert (time,getdate())),getdate(),convert(char(8),convert (time,getdate())),'wsv','wsv',20.000 ,'aut67407460996740723c2a' ,0,0 ,2,23.00,580000,?,?,?,?)
20241122@115958.9493 5fkvnabib0p7uadv7sb5ie9v8p Query : select 1 valor from information_schema.tables where table_type='base table' and table_name='wstablefields'
20241122@115958.9514 5fkvnabib0p7uadv7sb5ie9v8p Query : select fieldkey,fieldname,fieldtype,mandatory from wstablefields where tablename = 'fi' and documentnumber = 39
20241122@115958.9546 5fkvnabib0p7uadv7sb5ie9v8p Query : select 1 valor from information_schema.tables where table_type='base table' and table_name='wstablefields'
20241122@115958.9563 5fkvnabib0p7uadv7sb5ie9v8p Query : select fieldkey,fieldname,fieldtype,mandatory from wstablefields where tablename = 'fi2' and documentnumber = 39
20241122@115958.9575 5fkvnabib0p7uadv7sb5ie9v8p Query : select top 1 convert(numeric(6,2),t.taxa) valor from taxasiva t where t.codigo='2'
20241122@115958.9590 5fkvnabib0p7uadv7sb5ie9v8p Query : select 1 valor from information_schema.tables where table_type='base table' and table_name='wstablefields'
20241122@115958.9609 5fkvnabib0p7uadv7sb5ie9v8p Query : select fieldkey,fieldname,fieldtype,calcformula from wstablefields where tablename = 'fi2' and documentnumber = 39
20241122@115958.9624 5fkvnabib0p7uadv7sb5ie9v8p Query : insert into wsfi2data (fi2stamp,ftstamp ,ousrdata, ousrhora, usrdata,usrhora,ousrinis,usrinis) values ('aut67407054966740723eea','aut67407460996740723c2a' ,getdate(),convert(char(8),convert (time,getdate())),getdate(),convert(char(8),convert (time,getdate())),'wsv','wsv')
20241122@115958.9629 5fkvnabib0p7uadv7sb5ie9v8p Query : select 1 valor from information_schema.tables where table_type='base table' and table_name='wstablefields'
20241122@115958.9647 5fkvnabib0p7uadv7sb5ie9v8p Query : select fieldkey,fieldname,fieldtype,calcformula from wstablefields where tablename = 'fi' and documentnumber = 39
20241122@115958.9685 5fkvnabib0p7uadv7sb5ie9v8p Query : insert into wsfidata (fistamp,ousrdata, ousrhora, usrdata,usrhora,ousrinis,usrinis ,qtt ,ftstamp ,epv,pvmoeda ,tabiva,iva,lordem ,ref, design ,armazem) values ('aut67407054966740723eea',getdate(),convert(char(8),convert (time,getdate())),getdate(),convert(char(8),convert (time,getdate())),'wsv','wsv',0 ,'aut67407460996740723c2a' ,0,0 ,2,23.00,590000,?,?,?)
20241122@115958.9974 5fkvnabib0p7uadv7sb5ie9v8p Query : insert into wsftcreationlog (initialftstamp,externalid,creationstatus,documenttypeid,idustamp) values ('aut67407460996740723c2a','2407772','wait',39,'adm09112754980.682000002')
20241122@115959.7400 5fkvnabib0p7uadv7sb5ie9v8p Query : use flama_phc
20241122@115959.7800 5fkvnabib0p7uadv7sb5ie9v8p Query : update u_wsusers set rqsttoken =? where userid ='userls001'
20241122@115959.1140 5fkvnabib0p7uadv7sb5ie9v8p Query : select concat(rtrim(relative_path),ltrim(name_new)) as valor from uploadfiles where uploadfile_id='3443';
20241122@115959.1550 5fkvnabib0p7uadv7sb5ie9v8p Query : update uploadfiles set whenupdated=current_timestamp where uploadfile_id='3443';
20241122@115959.2040 5fkvnabib0p7uadv7sb5ie9v8p Query : select concat(rtrim(relative_path),ltrim(name_new)) as valor from uploadfiles where uploadfile_id='3443';
20241122@115959.2400 5fkvnabib0p7uadv7sb5ie9v8p Query : update uploadfiles set whenupdated=current_timestamp where uploadfile_id='3443';
20241122@121909.5440 45lecm4ib3r0vc1ls0ai1tr301 Query : use flama_phc
20241122@121909.5446 45lecm4ib3r0vc1ls0ai1tr301 Query : select secretkey valor from u_wsusers u where u.userid = ? and u.username=? and u.password=? and u.inactivo=0
20241122@121909.5545 45lecm4ib3r0vc1ls0ai1tr301 Query : use flama_phc
20241122@121909.5549 45lecm4ib3r0vc1ls0ai1tr301 Query : update u_wsusers set rqsttoken =? where userid ='userls001'
20241122@123609.1130 tgqpsi191eohikq28s261iu56a Query : use flama_phc
20241122@123609.1135 tgqpsi191eohikq28s261iu56a Query : select secretkey valor from u_wsusers u where u.userid = ? and u.username=? and u.password=? and u.inactivo=0
20241122@123609.1253 tgqpsi191eohikq28s261iu56a Query : use flama_phc
20241122@123609.1256 tgqpsi191eohikq28s261iu56a Query : update u_wsusers set rqsttoken =? where userid ='userls001'
20241122@131909.4198 1aqj1elpl1n3jdj7l13l0fkil9 Query : use flama_phc
20241122@131909.4204 1aqj1elpl1n3jdj7l13l0fkil9 Query : select secretkey valor from u_wsusers u where u.userid = ? and u.username=? and u.password=? and u.inactivo=0
20241122@131909.4317 1aqj1elpl1n3jdj7l13l0fkil9 Query : use flama_phc
20241122@131909.4320 1aqj1elpl1n3jdj7l13l0fkil9 Query : update u_wsusers set rqsttoken =? where userid ='userls001'
20241122@133610.1060 vi3ru3rrr1ujhrmrrt69iotldq Query : use flama_phc
20241122@133610.1110 vi3ru3rrr1ujhrmrrt69iotldq Query : select secretkey valor from u_wsusers u where u.userid = ? and u.username=? and u.password=? and u.inactivo=0
20241122@133610.4400 vi3ru3rrr1ujhrmrrt69iotldq Query : use flama_phc
20241122@133610.4430 vi3ru3rrr1ujhrmrrt69iotldq Query : update u_wsusers set rqsttoken =? where userid ='userls001'
20241122@141912.3880 tnmvi5963u17kcrtoarlot3vr9 Query : use flama_phc
20241122@141912.3920 tnmvi5963u17kcrtoarlot3vr9 Query : select secretkey valor from u_wsusers u where u.userid = ? and u.username=? and u.password=? and u.inactivo=0
20241122@141912.4830 tnmvi5963u17kcrtoarlot3vr9 Query : use flama_phc
20241122@141912.4860 tnmvi5963u17kcrtoarlot3vr9 Query : update u_wsusers set rqsttoken =? where userid ='userls001'
20241122@143611.9976 1t6ofqqrh21as2lm549rh5ccv9 Query : use flama_phc
20241122@143611.9980 1t6ofqqrh21as2lm549rh5ccv9 Query : select secretkey valor from u_wsusers u where u.userid = ? and u.username=? and u.password=? and u.inactivo=0
20241122@143612.2660 1t6ofqqrh21as2lm549rh5ccv9 Query : use flama_phc
20241122@143612.2690 1t6ofqqrh21as2lm549rh5ccv9 Query : update u_wsusers set rqsttoken =? where userid ='userls001'
20241122@151910.4024 i3pm9o6hivqvmde8bbc8ccpsqe Query : use flama_phc
20241122@151910.4028 i3pm9o6hivqvmde8bbc8ccpsqe Query : select secretkey valor from u_wsusers u where u.userid = ? and u.username=? and u.password=? and u.inactivo=0
20241122@151910.4110 i3pm9o6hivqvmde8bbc8ccpsqe Query : use flama_phc
20241122@151910.4112 i3pm9o6hivqvmde8bbc8ccpsqe Query : update u_wsusers set rqsttoken =? where userid ='userls001'
20241122@152352.1549 nqm745gndnqui7sv6umqnbjoqc Query : insert into uploadfiles ( name_original, name_new, option_type, relative_path, whencreated ) values ( ?, ?, ?, ?, getdate() )
20241122@152352.1568 nqm745gndnqui7sv6umqnbjoqc Query : select uploadfile_id valor from uploadfiles where name_new = ? and option_type = ? 
20241122@152352.1751 nqm745gndnqui7sv6umqnbjoqc Query : select concat(rtrim(relative_path),ltrim(name_new)) as valor from uploadfiles where uploadfile_id='3444';
20241122@152352.1830 nqm745gndnqui7sv6umqnbjoqc Query : update uploadfiles set whenupdated=current_timestamp where uploadfile_id='3444';
20241122@152352.1887 nqm745gndnqui7sv6umqnbjoqc Query : select concat(rtrim(relative_path),ltrim(name_new)) as valor from uploadfiles where uploadfile_id='3444';
20241122@152352.1918 nqm745gndnqui7sv6umqnbjoqc Query : update uploadfiles set whenupdated=current_timestamp where uploadfile_id='3444';
20241122@152352.1973 nqm745gndnqui7sv6umqnbjoqc Query : use flama_phc
20241122@152352.1977 nqm745gndnqui7sv6umqnbjoqc Query : select top 1 secretkey valor from u_wsusers u where u.userid = ? and u.inactivo=0
20241122@152352.2046 nqm745gndnqui7sv6umqnbjoqc Query : use flama_phc
20241122@152352.2050 nqm745gndnqui7sv6umqnbjoqc Query : select no, estab,szadrsdesc from szadrs where u_coddest=9159
20241122@152352.2135 nqm745gndnqui7sv6umqnbjoqc Query : select top 1 isnull(design,'') valor from st (nolock) left join stobs (nolock) on st.ref = stobs.ref where st.ref = '324.2326.00.1'
20241122@152352.2292 nqm745gndnqui7sv6umqnbjoqc Query : select top 1 bistamp valor from bi inner join bo on bo.bostamp=bi.bostamp where bo.ndos =240 and bo.boano =2077 and bo.obrano = 2407715 and bi.ref ='324.2326.00.1' and bi.lordem =1
20241122@152352.2610 nqm745gndnqui7sv6umqnbjoqc Query : select top 1 isnull(design,'') valor from st (nolock) left join stobs (nolock) on st.ref = stobs.ref where st.ref = '324.2317.00.1'
20241122@152352.2821 nqm745gndnqui7sv6umqnbjoqc Query : select top 1 bistamp valor from bi inner join bo on bo.bostamp=bi.bostamp where bo.ndos =240 and bo.boano =2077 and bo.obrano = 2407715 and bi.ref ='324.2317.00.1' and bi.lordem =2
20241122@152352.3211 nqm745gndnqui7sv6umqnbjoqc Query : select top 1 isnull(design,'') valor from st (nolock) left join stobs (nolock) on st.ref = stobs.ref where st.ref = '324.2317.00.1'
20241122@152352.3230 nqm745gndnqui7sv6umqnbjoqc Query : select top 1 bistamp valor from bi inner join bo on bo.bostamp=bi.bostamp where bo.ndos =240 and bo.boano =2077 and bo.obrano = 2407715 and bi.ref ='324.2317.00.1' and bi.lordem =2
20241122@152352.3247 nqm745gndnqui7sv6umqnbjoqc Query : select top 1 isnull(design,'') valor from st (nolock) left join stobs (nolock) on st.ref = stobs.ref where st.ref = '324.2318.00.1'
20241122@152352.3412 nqm745gndnqui7sv6umqnbjoqc Query : select top 1 bistamp valor from bi inner join bo on bo.bostamp=bi.bostamp where bo.ndos =240 and bo.boano =2077 and bo.obrano = 2407715 and bi.ref ='324.2318.00.1' and bi.lordem =3
20241122@152352.3748 nqm745gndnqui7sv6umqnbjoqc Query : select top 1 isnull(design,'') valor from st (nolock) left join stobs (nolock) on st.ref = stobs.ref where st.ref = '324.2362.00.1'
20241122@152352.3903 nqm745gndnqui7sv6umqnbjoqc Query : select top 1 bistamp valor from bi inner join bo on bo.bostamp=bi.bostamp where bo.ndos =240 and bo.boano =2077 and bo.obrano = 2407715 and bi.ref ='324.2362.00.1' and bi.lordem =4
20241122@152352.4213 nqm745gndnqui7sv6umqnbjoqc Query : select top 1 isnull(design,'') valor from st (nolock) left join stobs (nolock) on st.ref = stobs.ref where st.ref = '324.2362.00.1'
20241122@152352.4233 nqm745gndnqui7sv6umqnbjoqc Query : select top 1 bistamp valor from bi inner join bo on bo.bostamp=bi.bostamp where bo.ndos =240 and bo.boano =2077 and bo.obrano = 2407715 and bi.ref ='324.2362.00.1' and bi.lordem =4
20241122@152352.4250 nqm745gndnqui7sv6umqnbjoqc Query : select top 1 isnull(design,'') valor from st (nolock) left join stobs (nolock) on st.ref = stobs.ref where st.ref = '324.2366.00.1'
20241122@152352.4422 nqm745gndnqui7sv6umqnbjoqc Query : select top 1 bistamp valor from bi inner join bo on bo.bostamp=bi.bostamp where bo.ndos =240 and bo.boano =2077 and bo.obrano = 2407715 and bi.ref ='324.2366.00.1' and bi.lordem =5
20241122@152352.4730 nqm745gndnqui7sv6umqnbjoqc Query : select top 1 isnull(design,'') valor from st (nolock) left join stobs (nolock) on st.ref = stobs.ref where st.ref = '324.2366.00.1'
20241122@152352.4751 nqm745gndnqui7sv6umqnbjoqc Query : select top 1 bistamp valor from bi inner join bo on bo.bostamp=bi.bostamp where bo.ndos =240 and bo.boano =2077 and bo.obrano = 2407715 and bi.ref ='324.2366.00.1' and bi.lordem =5
20241122@152352.4768 nqm745gndnqui7sv6umqnbjoqc Query : select top 1 isnull(design,'') valor from st (nolock) left join stobs (nolock) on st.ref = stobs.ref where st.ref = '324.2330.00.1'
20241122@152352.4915 nqm745gndnqui7sv6umqnbjoqc Query : select top 1 bistamp valor from bi inner join bo on bo.bostamp=bi.bostamp where bo.ndos =240 and bo.boano =2077 and bo.obrano = 2407715 and bi.ref ='324.2330.00.1' and bi.lordem =6
20241122@152352.5228 nqm745gndnqui7sv6umqnbjoqc Query : select top 1 isnull(design,'') valor from st (nolock) left join stobs (nolock) on st.ref = stobs.ref where st.ref = '324.2330.00.1'
20241122@152352.5250 nqm745gndnqui7sv6umqnbjoqc Query : select top 1 bistamp valor from bi inner join bo on bo.bostamp=bi.bostamp where bo.ndos =240 and bo.boano =2077 and bo.obrano = 2407715 and bi.ref ='324.2330.00.1' and bi.lordem =6
20241122@152352.5270 nqm745gndnqui7sv6umqnbjoqc Query : select top 1 isnull(design,'') valor from st (nolock) left join stobs (nolock) on st.ref = stobs.ref where st.ref = '324.2335.00.1'
20241122@152352.5624 nqm745gndnqui7sv6umqnbjoqc Query : select top 1 bistamp valor from bi inner join bo on bo.bostamp=bi.bostamp where bo.ndos =240 and bo.boano =2077 and bo.obrano = 2407715 and bi.ref ='324.2335.00.1' and bi.lordem =7
20241122@152352.6000 nqm745gndnqui7sv6umqnbjoqc Query : select top 1 isnull(design,'') valor from st (nolock) left join stobs (nolock) on st.ref = stobs.ref where st.ref = '324.2335.00.1'
20241122@152352.6022 nqm745gndnqui7sv6umqnbjoqc Query : select top 1 bistamp valor from bi inner join bo on bo.bostamp=bi.bostamp where bo.ndos =240 and bo.boano =2077 and bo.obrano = 2407715 and bi.ref ='324.2335.00.1' and bi.lordem =7
20241122@152352.6040 nqm745gndnqui7sv6umqnbjoqc Query : select top 1 isnull(design,'') valor from st (nolock) left join stobs (nolock) on st.ref = stobs.ref where st.ref = '324.2300.00.1'
20241122@152352.6195 nqm745gndnqui7sv6umqnbjoqc Query : select top 1 bistamp valor from bi inner join bo on bo.bostamp=bi.bostamp where bo.ndos =240 and bo.boano =2077 and bo.obrano = 2407715 and bi.ref ='324.2300.00.1' and bi.lordem =8
20241122@152352.7580 nqm745gndnqui7sv6umqnbjoqc Query : select top 1 isnull(design,'') valor from st (nolock) left join stobs (nolock) on st.ref = stobs.ref where st.ref = '324.2300.00.1'
20241122@152352.7601 nqm745gndnqui7sv6umqnbjoqc Query : select top 1 bistamp valor from bi inner join bo on bo.bostamp=bi.bostamp where bo.ndos =240 and bo.boano =2077 and bo.obrano = 2407715 and bi.ref ='324.2300.00.1' and bi.lordem =8
