20241125@141112.2012 v1pghbbu2491o3i3d7kvp5a3ul Query : select 1 valor from information_schema.tables where table_type='base table' and table_name='wstablefields'
20241125@141112.2032 v1pghbbu2491o3i3d7kvp5a3ul Query : select fieldkey,fieldname,fieldtype,calcformula from wstablefields where tablename = 'fi' and documentnumber = 39
20241125@141112.2134 v1pghbbu2491o3i3d7kvp5a3ul Query : insert into wsfidata (fistamp,ousrdata, ousrhora, usrdata,usrhora,ousrinis,usrinis ,qtt ,ftstamp ,epv,pvmoeda ,tabiva,iva,lordem ,ref, design ,lote,armazem,bistamp ) values ('aut67448195916744858030',getdate(),convert(char(8),convert (time,getdate())),getdate(),convert(char(8),convert (time,getdate())),'wsv','wsv',24.000 ,'aut67448330496744857ebb' ,0,0 ,2,23.00,280000,?,?,?,?,?)
20241125@141112.2445 v1pghbbu2491o3i3d7kvp5a3ul Query : select 1 valor from information_schema.tables where table_type='base table' and table_name='wstablefields'
20241125@141112.2463 v1pghbbu2491o3i3d7kvp5a3ul Query : select fieldkey,fieldname,fieldtype,mandatory from wstablefields where tablename = 'fi' and documentnumber = 39
20241125@141112.2502 v1pghbbu2491o3i3d7kvp5a3ul Query : select 1 valor from information_schema.tables where table_type='base table' and table_name='wstablefields'
20241125@141112.2528 v1pghbbu2491o3i3d7kvp5a3ul Query : select fieldkey,fieldname,fieldtype,mandatory from wstablefields where tablename = 'fi2' and documentnumber = 39
20241125@141112.2545 v1pghbbu2491o3i3d7kvp5a3ul Query : select top 1 convert(numeric(6,2),t.taxa) valor from taxasiva t where t.codigo='2'
20241125@141112.2558 v1pghbbu2491o3i3d7kvp5a3ul Query : select 1 valor from information_schema.tables where table_type='base table' and table_name='wstablefields'
20241125@141112.2584 v1pghbbu2491o3i3d7kvp5a3ul Query : select fieldkey,fieldname,fieldtype,calcformula from wstablefields where tablename = 'fi2' and documentnumber = 39
20241125@141112.2597 v1pghbbu2491o3i3d7kvp5a3ul Query : insert into wsfi2data (fi2stamp,ftstamp ,ousrdata, ousrhora, usrdata,usrhora,ousrinis,usrinis) values ('aut6744897884674485803e','aut67448330496744857ebb' ,getdate(),convert(char(8),convert (time,getdate())),getdate(),convert(char(8),convert (time,getdate())),'wsv','wsv')
20241125@141112.2602 v1pghbbu2491o3i3d7kvp5a3ul Query : select 1 valor from information_schema.tables where table_type='base table' and table_name='wstablefields'
20241125@141112.2629 v1pghbbu2491o3i3d7kvp5a3ul Query : select fieldkey,fieldname,fieldtype,calcformula from wstablefields where tablename = 'fi' and documentnumber = 39
20241125@141112.2672 v1pghbbu2491o3i3d7kvp5a3ul Query : insert into wsfidata (fistamp,ousrdata, ousrhora, usrdata,usrhora,ousrinis,usrinis ,qtt ,ftstamp ,epv,pvmoeda ,tabiva,iva,lordem ,ref, design ,armazem) values ('aut6744897884674485803e',getdate(),convert(char(8),convert (time,getdate())),getdate(),convert(char(8),convert (time,getdate())),'wsv','wsv',0 ,'aut67448330496744857ebb' ,0,0 ,2,23.00,290000,?,?,?)
20241125@141112.2974 v1pghbbu2491o3i3d7kvp5a3ul Query : use flama_phc
20241125@141112.2978 v1pghbbu2491o3i3d7kvp5a3ul Query : select st.usalote valor from st where st.ref = '324.646.00.01'
20241125@141112.3012 v1pghbbu2491o3i3d7kvp5a3ul Query : select top 1 st.tabiva ,st.ivaincl ,st.stns ,st.uni2 ,st.familia ,isnull(tx.taxa, 0) txiva ,unidade ,usalote ,epcpond ,noserie ,conversao ,st.texteis from st left join taxasiva tx on st.tabiva = tx.codigo where st.ref = '324.646.00.01'
20241125@141112.3036 v1pghbbu2491o3i3d7kvp5a3ul Query : select 1 valor from information_schema.tables where table_type='base table' and table_name='wstablefields'
20241125@141112.3058 v1pghbbu2491o3i3d7kvp5a3ul Query : select fieldkey,fieldname,fieldtype,mandatory from wstablefields where tablename = 'fi' and documentnumber = 39
20241125@141112.3288 v1pghbbu2491o3i3d7kvp5a3ul Query : select 1 valor from information_schema.tables where table_type='base table' and table_name='wstablefields'
20241125@141112.3626 v1pghbbu2491o3i3d7kvp5a3ul Query : select fieldkey,fieldname,fieldtype,mandatory from wstablefields where tablename = 'fi2' and documentnumber = 39
20241125@141112.3688 v1pghbbu2491o3i3d7kvp5a3ul Query : select top 1 convert(numeric(6,2),t.taxa) valor from taxasiva t where t.codigo='2'
20241125@141112.3719 v1pghbbu2491o3i3d7kvp5a3ul Query : select sestamp valor from se where ref ='324.646.00.01' and lote = 'r2400228100a'
20241125@141112.3744 v1pghbbu2491o3i3d7kvp5a3ul Query : select 1 valor from information_schema.tables where table_type='base table' and table_name='wstablefields'
20241125@141112.3770 v1pghbbu2491o3i3d7kvp5a3ul Query : select fieldkey,fieldname,fieldtype,calcformula from wstablefields where tablename = 'fi2' and documentnumber = 39
20241125@141112.3797 v1pghbbu2491o3i3d7kvp5a3ul Query : insert into wsfi2data (fi2stamp,ftstamp ,ousrdata, ousrhora, usrdata,usrhora,ousrinis,usrinis) values ('aut6744834083674485805b','aut67448330496744857ebb' ,getdate(),convert(char(8),convert (time,getdate())),getdate(),convert(char(8),convert (time,getdate())),'wsv','wsv')
20241125@141112.3803 v1pghbbu2491o3i3d7kvp5a3ul Query : select 1 valor from information_schema.tables where table_type='base table' and table_name='wstablefields'
20241125@141112.3828 v1pghbbu2491o3i3d7kvp5a3ul Query : select fieldkey,fieldname,fieldtype,calcformula from wstablefields where tablename = 'fi' and documentnumber = 39
20241125@141112.3887 v1pghbbu2491o3i3d7kvp5a3ul Query : insert into wsfidata (fistamp,ousrdata, ousrhora, usrdata,usrhora,ousrinis,usrinis ,qtt ,ftstamp ,epv,pvmoeda ,tabiva,iva,lordem ,ref, design ,lote,armazem,bistamp ) values ('aut6744834083674485805b',getdate(),convert(char(8),convert (time,getdate())),getdate(),convert(char(8),convert (time,getdate())),'wsv','wsv',24.000 ,'aut67448330496744857ebb' ,0,0 ,2,23.00,310000,?,?,?,?,?)
20241125@141112.4196 v1pghbbu2491o3i3d7kvp5a3ul Query : select 1 valor from information_schema.tables where table_type='base table' and table_name='wstablefields'
20241125@141112.4222 v1pghbbu2491o3i3d7kvp5a3ul Query : select fieldkey,fieldname,fieldtype,mandatory from wstablefields where tablename = 'fi' and documentnumber = 39
20241125@141112.4284 v1pghbbu2491o3i3d7kvp5a3ul Query : select 1 valor from information_schema.tables where table_type='base table' and table_name='wstablefields'
20241125@141112.4318 v1pghbbu2491o3i3d7kvp5a3ul Query : select fieldkey,fieldname,fieldtype,mandatory from wstablefields where tablename = 'fi2' and documentnumber = 39
20241125@141112.4329 v1pghbbu2491o3i3d7kvp5a3ul Query : select top 1 convert(numeric(6,2),t.taxa) valor from taxasiva t where t.codigo='2'
20241125@141112.4347 v1pghbbu2491o3i3d7kvp5a3ul Query : select 1 valor from information_schema.tables where table_type='base table' and table_name='wstablefields'
20241125@141112.4370 v1pghbbu2491o3i3d7kvp5a3ul Query : select fieldkey,fieldname,fieldtype,calcformula from wstablefields where tablename = 'fi2' and documentnumber = 39
20241125@141112.4390 v1pghbbu2491o3i3d7kvp5a3ul Query : insert into wsfi2data (fi2stamp,ftstamp ,ousrdata, ousrhora, usrdata,usrhora,ousrinis,usrinis) values ('aut6744876423674485806a','aut67448330496744857ebb' ,getdate(),convert(char(8),convert (time,getdate())),getdate(),convert(char(8),convert (time,getdate())),'wsv','wsv')
20241125@141112.4395 v1pghbbu2491o3i3d7kvp5a3ul Query : select 1 valor from information_schema.tables where table_type='base table' and table_name='wstablefields'
20241125@141112.4418 v1pghbbu2491o3i3d7kvp5a3ul Query : select fieldkey,fieldname,fieldtype,calcformula from wstablefields where tablename = 'fi' and documentnumber = 39
20241125@141112.4461 v1pghbbu2491o3i3d7kvp5a3ul Query : insert into wsfidata (fistamp,ousrdata, ousrhora, usrdata,usrhora,ousrinis,usrinis ,qtt ,ftstamp ,epv,pvmoeda ,tabiva,iva,lordem ,ref, design ,armazem) values ('aut6744876423674485806a',getdate(),convert(char(8),convert (time,getdate())),getdate(),convert(char(8),convert (time,getdate())),'wsv','wsv',0 ,'aut67448330496744857ebb' ,0,0 ,2,23.00,320000,?,?,?)
20241125@141112.4767 v1pghbbu2491o3i3d7kvp5a3ul Query : use flama_phc
20241125@141112.4771 v1pghbbu2491o3i3d7kvp5a3ul Query : select st.usalote valor from st where st.ref = '324.646.00.01'
20241125@141112.4793 v1pghbbu2491o3i3d7kvp5a3ul Query : select top 1 st.tabiva ,st.ivaincl ,st.stns ,st.uni2 ,st.familia ,isnull(tx.taxa, 0) txiva ,unidade ,usalote ,epcpond ,noserie ,conversao ,st.texteis from st left join taxasiva tx on st.tabiva = tx.codigo where st.ref = '324.646.00.01'
20241125@141112.4815 v1pghbbu2491o3i3d7kvp5a3ul Query : select 1 valor from information_schema.tables where table_type='base table' and table_name='wstablefields'
20241125@141112.4848 v1pghbbu2491o3i3d7kvp5a3ul Query : select fieldkey,fieldname,fieldtype,mandatory from wstablefields where tablename = 'fi' and documentnumber = 39
20241125@141112.4880 v1pghbbu2491o3i3d7kvp5a3ul Query : select 1 valor from information_schema.tables where table_type='base table' and table_name='wstablefields'
20241125@141112.4898 v1pghbbu2491o3i3d7kvp5a3ul Query : select fieldkey,fieldname,fieldtype,mandatory from wstablefields where tablename = 'fi2' and documentnumber = 39
20241125@141112.4907 v1pghbbu2491o3i3d7kvp5a3ul Query : select top 1 convert(numeric(6,2),t.taxa) valor from taxasiva t where t.codigo='2'
20241125@141112.4929 v1pghbbu2491o3i3d7kvp5a3ul Query : select sestamp valor from se where ref ='324.646.00.01' and lote = 'r2400228100a'
20241125@141112.4950 v1pghbbu2491o3i3d7kvp5a3ul Query : select 1 valor from information_schema.tables where table_type='base table' and table_name='wstablefields'
20241125@141112.4976 v1pghbbu2491o3i3d7kvp5a3ul Query : select fieldkey,fieldname,fieldtype,calcformula from wstablefields where tablename = 'fi2' and documentnumber = 39
20241125@141112.4991 v1pghbbu2491o3i3d7kvp5a3ul Query : insert into wsfi2data (fi2stamp,ftstamp ,ousrdata, ousrhora, usrdata,usrhora,ousrinis,usrinis) values ('aut67448503636744858078','aut67448330496744857ebb' ,getdate(),convert(char(8),convert (time,getdate())),getdate(),convert(char(8),convert (time,getdate())),'wsv','wsv')
20241125@141112.4995 v1pghbbu2491o3i3d7kvp5a3ul Query : select 1 valor from information_schema.tables where table_type='base table' and table_name='wstablefields'
20241125@141112.5087 v1pghbbu2491o3i3d7kvp5a3ul Query : select fieldkey,fieldname,fieldtype,calcformula from wstablefields where tablename = 'fi' and documentnumber = 39
20241125@141112.5124 v1pghbbu2491o3i3d7kvp5a3ul Query : insert into wsfidata (fistamp,ousrdata, ousrhora, usrdata,usrhora,ousrinis,usrinis ,qtt ,ftstamp ,epv,pvmoeda ,tabiva,iva,lordem ,ref, design ,lote,armazem,bistamp ) values ('aut67448503636744858078',getdate(),convert(char(8),convert (time,getdate())),getdate(),convert(char(8),convert (time,getdate())),'wsv','wsv',24.000 ,'aut67448330496744857ebb' ,0,0 ,2,23.00,340000,?,?,?,?,?)
20241125@141112.5434 v1pghbbu2491o3i3d7kvp5a3ul Query : select 1 valor from information_schema.tables where table_type='base table' and table_name='wstablefields'
20241125@141112.5453 v1pghbbu2491o3i3d7kvp5a3ul Query : select fieldkey,fieldname,fieldtype,mandatory from wstablefields where tablename = 'fi' and documentnumber = 39
20241125@141112.5489 v1pghbbu2491o3i3d7kvp5a3ul Query : select 1 valor from information_schema.tables where table_type='base table' and table_name='wstablefields'
20241125@141112.5511 v1pghbbu2491o3i3d7kvp5a3ul Query : select fieldkey,fieldname,fieldtype,mandatory from wstablefields where tablename = 'fi2' and documentnumber = 39
20241125@141112.5521 v1pghbbu2491o3i3d7kvp5a3ul Query : select top 1 convert(numeric(6,2),t.taxa) valor from taxasiva t where t.codigo='2'
20241125@141112.5547 v1pghbbu2491o3i3d7kvp5a3ul Query : select 1 valor from information_schema.tables where table_type='base table' and table_name='wstablefields'
20241125@141112.5572 v1pghbbu2491o3i3d7kvp5a3ul Query : select fieldkey,fieldname,fieldtype,calcformula from wstablefields where tablename = 'fi2' and documentnumber = 39
20241125@141112.5586 v1pghbbu2491o3i3d7kvp5a3ul Query : insert into wsfi2data (fi2stamp,ftstamp ,ousrdata, ousrhora, usrdata,usrhora,ousrinis,usrinis) values ('aut67448087216744858087','aut67448330496744857ebb' ,getdate(),convert(char(8),convert (time,getdate())),getdate(),convert(char(8),convert (time,getdate())),'wsv','wsv')
20241125@141112.5594 v1pghbbu2491o3i3d7kvp5a3ul Query : select 1 valor from information_schema.tables where table_type='base table' and table_name='wstablefields'
20241125@141112.5612 v1pghbbu2491o3i3d7kvp5a3ul Query : select fieldkey,fieldname,fieldtype,calcformula from wstablefields where tablename = 'fi' and documentnumber = 39
20241125@141112.5650 v1pghbbu2491o3i3d7kvp5a3ul Query : insert into wsfidata (fistamp,ousrdata, ousrhora, usrdata,usrhora,ousrinis,usrinis ,qtt ,ftstamp ,epv,pvmoeda ,tabiva,iva,lordem ,ref, design ,armazem) values ('aut67448087216744858087',getdate(),convert(char(8),convert (time,getdate())),getdate(),convert(char(8),convert (time,getdate())),'wsv','wsv',0 ,'aut67448330496744857ebb' ,0,0 ,2,23.00,350000,?,?,?)
20241125@141112.5956 v1pghbbu2491o3i3d7kvp5a3ul Query : use flama_phc
20241125@141112.5961 v1pghbbu2491o3i3d7kvp5a3ul Query : select st.usalote valor from st where st.ref = '324.646.00.01'
20241125@141112.6373 v1pghbbu2491o3i3d7kvp5a3ul Query : select top 1 st.tabiva ,st.ivaincl ,st.stns ,st.uni2 ,st.familia ,isnull(tx.taxa, 0) txiva ,unidade ,usalote ,epcpond ,noserie ,conversao ,st.texteis from st left join taxasiva tx on st.tabiva = tx.codigo where st.ref = '324.646.00.01'
20241125@141112.6409 v1pghbbu2491o3i3d7kvp5a3ul Query : select 1 valor from information_schema.tables where table_type='base table' and table_name='wstablefields'
20241125@141112.6436 v1pghbbu2491o3i3d7kvp5a3ul Query : select fieldkey,fieldname,fieldtype,mandatory from wstablefields where tablename = 'fi' and documentnumber = 39
20241125@141112.6470 v1pghbbu2491o3i3d7kvp5a3ul Query : select 1 valor from information_schema.tables where table_type='base table' and table_name='wstablefields'
20241125@141112.6486 v1pghbbu2491o3i3d7kvp5a3ul Query : select fieldkey,fieldname,fieldtype,mandatory from wstablefields where tablename = 'fi2' and documentnumber = 39
20241125@141112.6509 v1pghbbu2491o3i3d7kvp5a3ul Query : select top 1 convert(numeric(6,2),t.taxa) valor from taxasiva t where t.codigo='2'
20241125@141112.6523 v1pghbbu2491o3i3d7kvp5a3ul Query : select sestamp valor from se where ref ='324.646.00.01' and lote = 'r2400228100a'
20241125@141112.6538 v1pghbbu2491o3i3d7kvp5a3ul Query : select 1 valor from information_schema.tables where table_type='base table' and table_name='wstablefields'
20241125@141112.6559 v1pghbbu2491o3i3d7kvp5a3ul Query : select fieldkey,fieldname,fieldtype,calcformula from wstablefields where tablename = 'fi2' and documentnumber = 39
20241125@141112.6573 v1pghbbu2491o3i3d7kvp5a3ul Query : insert into wsfi2data (fi2stamp,ftstamp ,ousrdata, ousrhora, usrdata,usrhora,ousrinis,usrinis) values ('aut6744886519674485809f','aut67448330496744857ebb' ,getdate(),convert(char(8),convert (time,getdate())),getdate(),convert(char(8),convert (time,getdate())),'wsv','wsv')
20241125@141112.6578 v1pghbbu2491o3i3d7kvp5a3ul Query : select 1 valor from information_schema.tables where table_type='base table' and table_name='wstablefields'
20241125@141112.6599 v1pghbbu2491o3i3d7kvp5a3ul Query : select fieldkey,fieldname,fieldtype,calcformula from wstablefields where tablename = 'fi' and documentnumber = 39
20241125@141112.6648 v1pghbbu2491o3i3d7kvp5a3ul Query : insert into wsfidata (fistamp,ousrdata, ousrhora, usrdata,usrhora,ousrinis,usrinis ,qtt ,ftstamp ,epv,pvmoeda ,tabiva,iva,lordem ,ref, design ,lote,armazem,bistamp ) values ('aut6744886519674485809f',getdate(),convert(char(8),convert (time,getdate())),getdate(),convert(char(8),convert (time,getdate())),'wsv','wsv',24.000 ,'aut67448330496744857ebb' ,0,0 ,2,23.00,370000,?,?,?,?,?)
20241125@141112.6957 v1pghbbu2491o3i3d7kvp5a3ul Query : select 1 valor from information_schema.tables where table_type='base table' and table_name='wstablefields'
20241125@141112.6978 v1pghbbu2491o3i3d7kvp5a3ul Query : select fieldkey,fieldname,fieldtype,mandatory from wstablefields where tablename = 'fi' and documentnumber = 39
20241125@141112.7006 v1pghbbu2491o3i3d7kvp5a3ul Query : select 1 valor from information_schema.tables where table_type='base table' and table_name='wstablefields'
20241125@141112.7042 v1pghbbu2491o3i3d7kvp5a3ul Query : select fieldkey,fieldname,fieldtype,mandatory from wstablefields where tablename = 'fi2' and documentnumber = 39
20241125@141112.7051 v1pghbbu2491o3i3d7kvp5a3ul Query : select top 1 convert(numeric(6,2),t.taxa) valor from taxasiva t where t.codigo='2'
20241125@141112.7065 v1pghbbu2491o3i3d7kvp5a3ul Query : select 1 valor from information_schema.tables where table_type='base table' and table_name='wstablefields'
20241125@141112.7080 v1pghbbu2491o3i3d7kvp5a3ul Query : select fieldkey,fieldname,fieldtype,calcformula from wstablefields where tablename = 'fi2' and documentnumber = 39
20241125@141112.7144 v1pghbbu2491o3i3d7kvp5a3ul Query : insert into wsfi2data (fi2stamp,ftstamp ,ousrdata, ousrhora, usrdata,usrhora,ousrinis,usrinis) values ('aut674482825367448580ac','aut67448330496744857ebb' ,getdate(),convert(char(8),convert (time,getdate())),getdate(),convert(char(8),convert (time,getdate())),'wsv','wsv')
20241125@141112.7149 v1pghbbu2491o3i3d7kvp5a3ul Query : select 1 valor from information_schema.tables where table_type='base table' and table_name='wstablefields'
20241125@141112.7163 v1pghbbu2491o3i3d7kvp5a3ul Query : select fieldkey,fieldname,fieldtype,calcformula from wstablefields where tablename = 'fi' and documentnumber = 39
20241125@141112.7219 v1pghbbu2491o3i3d7kvp5a3ul Query : insert into wsfidata (fistamp,ousrdata, ousrhora, usrdata,usrhora,ousrinis,usrinis ,qtt ,ftstamp ,epv,pvmoeda ,tabiva,iva,lordem ,ref, design ,armazem) values ('aut674482825367448580ac',getdate(),convert(char(8),convert (time,getdate())),getdate(),convert(char(8),convert (time,getdate())),'wsv','wsv',0 ,'aut67448330496744857ebb' ,0,0 ,2,23.00,380000,?,?,?)
20241125@141112.7528 v1pghbbu2491o3i3d7kvp5a3ul Query : insert into wsftcreationlog (initialftstamp,externalid,creationstatus,documenttypeid,idustamp) values ('aut67448330496744857ebb','2407787','wait',39,'adm09112754980.682000002')
20241125@141112.7650 v1pghbbu2491o3i3d7kvp5a3ul Query : use flama_phc
20241125@141112.7658 v1pghbbu2491o3i3d7kvp5a3ul Query : update u_wsusers set rqsttoken =? where userid ='userls001'
20241125@141112.7699 v1pghbbu2491o3i3d7kvp5a3ul Query : select concat(rtrim(relative_path),ltrim(name_new)) as valor from uploadfiles where uploadfile_id='3471';
20241125@141112.7745 v1pghbbu2491o3i3d7kvp5a3ul Query : update uploadfiles set whenupdated=current_timestamp where uploadfile_id='3471';
20241125@141112.7798 v1pghbbu2491o3i3d7kvp5a3ul Query : select concat(rtrim(relative_path),ltrim(name_new)) as valor from uploadfiles where uploadfile_id='3471';
20241125@141112.7836 v1pghbbu2491o3i3d7kvp5a3ul Query : update uploadfiles set whenupdated=current_timestamp where uploadfile_id='3471';
20241125@141112.8368 2gn3lrfb1d86spenb0ltu7rgsk Query : insert into uploadfiles ( name_original, name_new, option_type, relative_path, whencreated ) values ( ?, ?, ?, ?, getdate() )
20241125@141112.8382 2gn3lrfb1d86spenb0ltu7rgsk Query : select uploadfile_id valor from uploadfiles where name_new = ? and option_type = ? 
20241125@141112.8449 2gn3lrfb1d86spenb0ltu7rgsk Query : select concat(rtrim(relative_path),ltrim(name_new)) as valor from uploadfiles where uploadfile_id='3472';
20241125@141112.9051 2gn3lrfb1d86spenb0ltu7rgsk Query : update uploadfiles set whenupdated=current_timestamp where uploadfile_id='3472';
20241125@141112.9138 2gn3lrfb1d86spenb0ltu7rgsk Query : select concat(rtrim(relative_path),ltrim(name_new)) as valor from uploadfiles where uploadfile_id='3472';
20241125@141112.9187 2gn3lrfb1d86spenb0ltu7rgsk Query : update uploadfiles set whenupdated=current_timestamp where uploadfile_id='3472';
20241125@141112.9248 2gn3lrfb1d86spenb0ltu7rgsk Query : use flama_phc
20241125@141112.9252 2gn3lrfb1d86spenb0ltu7rgsk Query : select top 1 secretkey valor from u_wsusers u where u.userid = ? and u.inactivo=0
20241125@141112.9345 2gn3lrfb1d86spenb0ltu7rgsk Query : use flama_phc
20241125@141112.9355 2gn3lrfb1d86spenb0ltu7rgsk Query : select no, estab,szadrsdesc from szadrs where u_coddest=4740
20241125@141112.9476 2gn3lrfb1d86spenb0ltu7rgsk Query : select top 1 isnull(design,'') valor from st (nolock) left join stobs (nolock) on st.ref = stobs.ref where st.ref = '324.4965.00.1'
20241125@141112.9670 2gn3lrfb1d86spenb0ltu7rgsk Query : select top 1 bistamp valor from bi inner join bo on bo.bostamp=bi.bostamp where bo.ndos =240 and bo.boano =2077 and bo.obrano = 2407792 and bi.ref ='324.4965.00.1' and bi.lordem =1
20241125@141113.2300 2gn3lrfb1d86spenb0ltu7rgsk Query : select top 1 isnull(design,'') valor from st (nolock) left join stobs (nolock) on st.ref = stobs.ref where st.ref = '324.4965.00.1'
20241125@141113.9400 2gn3lrfb1d86spenb0ltu7rgsk Query : select top 1 bistamp valor from bi inner join bo on bo.bostamp=bi.bostamp where bo.ndos =240 and bo.boano =2077 and bo.obrano = 2407792 and bi.ref ='324.4965.00.1' and bi.lordem =1
20241125@141113.1200 2gn3lrfb1d86spenb0ltu7rgsk Query : use flama_phc
20241125@141113.1290 2gn3lrfb1d86spenb0ltu7rgsk Query : select top 1 convert(date,fdata) valor from ft where ndoc = 39 and anulado= 0 and fno>0 order by fdata desc
20241125@141113.1760 2gn3lrfb1d86spenb0ltu7rgsk Query : use flama_phc
20241125@141113.1800 2gn3lrfb1d86spenb0ltu7rgsk Query : select top 1 1 valor from td where td.ndoc = 39
20241125@141113.2120 2gn3lrfb1d86spenb0ltu7rgsk Query : use flama_phc
20241125@141113.2150 2gn3lrfb1d86spenb0ltu7rgsk Query : select lower(descricao) descricao ,case when valor='s' then 1 else 0 end valor from para1 where descricao in ('st_lote','st_usalogifunc', 'st_grelha')
20241125@141113.2580 2gn3lrfb1d86spenb0ltu7rgsk Query : select top 1 manternumero ,assinadoc issigned ,tiposaft ,assinaimp ,nmdos ,td.assinadoc ,'cl' origin ,lancasl stocks ,case when cmsl<50 and td.lancasl=1 then 1 else 0 end entrada ,case when cmsl>50 and td.lancasl=1 then 1 else 0 end saida ,temserie assets ,~semgre usegridfields from td inner join td2 on td.tdstamp=td2.td2stamp where td.ndoc = 1
20241125@141113.3070 2gn3lrfb1d86spenb0ltu7rgsk Query : use flama_phc
20241125@141113.3090 2gn3lrfb1d86spenb0ltu7rgsk Query : select top 1 ~inactivo valor from cl where no = '100810' and estab = 0 order by inactivo desc
20241125@141113.4500 2gn3lrfb1d86spenb0ltu7rgsk Query : use flama_phc
20241125@141113.4530 2gn3lrfb1d86spenb0ltu7rgsk Query : select top 1 tipodoc,regrd from td where ndoc = 39
20241125@141113.5080 2gn3lrfb1d86spenb0ltu7rgsk Query : use flama_phc
20241125@141113.5120 2gn3lrfb1d86spenb0ltu7rgsk Query : select szadrsstamp valor from szadrs where szadrsdesc='espaÇotrans,lda'
20241125@141113.6720 2gn3lrfb1d86spenb0ltu7rgsk Query : use flama_phc
20241125@141113.6930 2gn3lrfb1d86spenb0ltu7rgsk Query : select szadrsstamp valor from szadrs where szadrsdesc='100810 - worten-equipamentos para o lar,sa.'
20241125@141113.7610 2gn3lrfb1d86spenb0ltu7rgsk Query : use flama_phc
20241125@141113.7640 2gn3lrfb1d86spenb0ltu7rgsk Query : select 1 valor from td where ndoc = 39
20241125@141113.7800 2gn3lrfb1d86spenb0ltu7rgsk Query : select top 1 manternumero, tiposaft, nmdos,td.assinadoc from td where td.ndoc = 39
20241125@141113.7980 2gn3lrfb1d86spenb0ltu7rgsk Query : select 1 valor from information_schema.tables where table_type='base table' and table_name='wstablefields'
20241125@141113.8190 2gn3lrfb1d86spenb0ltu7rgsk Query : select fieldkey,fieldname,fieldtype,mandatory from wstablefields where tablename = 'ft' and documentnumber = 39
20241125@141113.8520 2gn3lrfb1d86spenb0ltu7rgsk Query : select 1 valor from information_schema.tables where table_type='base table' and table_name='wstablefields'
20241125@141113.8670 2gn3lrfb1d86spenb0ltu7rgsk Query : select fieldkey,fieldname,fieldtype,mandatory from wstablefields where tablename = 'ft2' and documentnumber = 39
20241125@141113.9120 2gn3lrfb1d86spenb0ltu7rgsk Query : select 1 valor from information_schema.tables where table_type='base table' and table_name='wstablefields'
20241125@141113.9290 2gn3lrfb1d86spenb0ltu7rgsk Query : select fieldkey,fieldname,fieldtype,mandatory from wstablefields where tablename = 'ft3' and documentnumber = 39
20241125@141113.9440 2gn3lrfb1d86spenb0ltu7rgsk Query : select top 1 ft.fno valor from ft ft where ft.ndoc = 39 and ftano=2024 order by fno desc
20241125@141113.1004 2gn3lrfb1d86spenb0ltu7rgsk Query : select top 1 ft.fno valor from wsftdata ft where ft.ndoc = 39 and ftano=2024 order by fno desc
20241125@141113.1030 2gn3lrfb1d86spenb0ltu7rgsk Query : select 1 valor from information_schema.tables where table_type='base table' and table_name='wstablefields'
20241125@141113.1050 2gn3lrfb1d86spenb0ltu7rgsk Query : select fieldkey,fieldname,fieldtype,calcformula from wstablefields where tablename = 'ft3' and documentnumber = 39
20241125@141113.1067 2gn3lrfb1d86spenb0ltu7rgsk Query : insert into wsft3data (ft3stamp, ousrdata, ousrhora, usrdata,usrhora,ousrinis,usrinis,taxpointdt ) values ('aut67448794356744858117' ,getdate(),convert(char(8),convert (time,getdate())),getdate(),convert(char(8),convert (time,getdate())),'wsv','wsv',?)
20241125@141113.1263 2gn3lrfb1d86spenb0ltu7rgsk Query : select 1 valor from information_schema.tables where table_type='base table' and table_name='wstablefields'
20241125@141113.1300 2gn3lrfb1d86spenb0ltu7rgsk Query : select fieldkey,fieldname,fieldtype,calcformula from wstablefields where tablename = 'ft2' and documentnumber = 39
20241125@141113.1345 2gn3lrfb1d86spenb0ltu7rgsk Query : select top 1 bo.u_nomeenv valor from bo where bo.bostamp=''
20241125@141113.1356 2gn3lrfb1d86spenb0ltu7rgsk Query : select top 1 bo.u_moradaen valor from bo where bo.bostamp=''
20241125@141113.1367 2gn3lrfb1d86spenb0ltu7rgsk Query : select top 1 bo.u_codposen valor from bo where bo.bostamp=''
20241125@141113.1381 2gn3lrfb1d86spenb0ltu7rgsk Query : select top 1 bo.u_localenv valor from bo where bo.bostamp=''
20241125@141113.1395 2gn3lrfb1d86spenb0ltu7rgsk Query : select top 1 bo.trab5 valor from bo where bo.bostamp=''
20241125@141113.1406 2gn3lrfb1d86spenb0ltu7rgsk Query : select top 1 bo.serie valor from bo where bo.bostamp=''
20241125@141113.1419 2gn3lrfb1d86spenb0ltu7rgsk Query : insert into wsft2data (ft2stamp, ousrdata,ousrhora, usrdata,usrhora,ousrinis,usrinis,u_nomeenv ,u_moradaen ,u_codposen ,u_localenv ,u_coddest ,u_codby ) values ('aut67448794356744858117',getdate(),convert(char(8),convert (time,getdate())),getdate(),convert(char(8),convert (time,getdate())),'wsv','wsv',?,?,?,?,?,?)
20241125@141113.1695 2gn3lrfb1d86spenb0ltu7rgsk Query : select top 1 fno valor from wsftdata order by fno desc
20241125@141113.1726 2gn3lrfb1d86spenb0ltu7rgsk Query : select 1 valor from information_schema.tables where table_type='base table' and table_name='wstablefields'
20241125@141113.1753 2gn3lrfb1d86spenb0ltu7rgsk Query : select fieldkey,fieldname,fieldtype,calcformula from wstablefields where tablename = 'ft' and documentnumber = 39
20241125@141113.1802 2gn3lrfb1d86spenb0ltu7rgsk Query : select 'normal' from dummy
20241125@141113.1845 2gn3lrfb1d86spenb0ltu7rgsk Query : insert into wsftdata (ftstamp, ousrdata,ousrhora, usrdata,usrhora,ousrinis,usrinis,fno,no,estab,fdata,ndoc,moeda,cambio,cambiofixo,ftano,site ,classe ) values ('aut67448794356744858117',getdate(),convert(char(8),convert (time,getdate())),getdate(),convert(char(8),convert (time,getdate())),'wsv','wsv',2007,100810,0,'2024-11-25',39,'euro',0,0,2024 ,?,?)
20241125@141113.2183 2gn3lrfb1d86spenb0ltu7rgsk Query : use flama_phc
20241125@141113.2186 2gn3lrfb1d86spenb0ltu7rgsk Query : select st.usalote valor from st where st.ref = '324.4965.00.1'
20241125@141113.2213 2gn3lrfb1d86spenb0ltu7rgsk Query : select top 1 st.tabiva ,st.ivaincl ,st.stns ,st.uni2 ,st.familia ,isnull(tx.taxa, 0) txiva ,unidade ,usalote ,epcpond ,noserie ,conversao ,st.texteis from st left join taxasiva tx on st.tabiva = tx.codigo where st.ref = '324.4965.00.1'
20241125@141113.2471 2gn3lrfb1d86spenb0ltu7rgsk Query : select 1 valor from information_schema.tables where table_type='base table' and table_name='wstablefields'
20241125@141113.2506 2gn3lrfb1d86spenb0ltu7rgsk Query : select fieldkey,fieldname,fieldtype,mandatory from wstablefields where tablename = 'fi' and documentnumber = 39
20241125@141113.2566 2gn3lrfb1d86spenb0ltu7rgsk Query : select 1 valor from information_schema.tables where table_type='base table' and table_name='wstablefields'
20241125@141113.2594 2gn3lrfb1d86spenb0ltu7rgsk Query : select fieldkey,fieldname,fieldtype,mandatory from wstablefields where tablename = 'fi2' and documentnumber = 39
20241125@141113.2607 2gn3lrfb1d86spenb0ltu7rgsk Query : select top 1 convert(numeric(6,2),t.taxa) valor from taxasiva t where t.codigo='2'
20241125@141113.2629 2gn3lrfb1d86spenb0ltu7rgsk Query : select sestamp valor from se where ref ='324.4965.00.1' and lote = 'r2301278300a'
20241125@141113.2650 2gn3lrfb1d86spenb0ltu7rgsk Query : select 1 valor from information_schema.tables where table_type='base table' and table_name='wstablefields'
20241125@141113.2668 2gn3lrfb1d86spenb0ltu7rgsk Query : select fieldkey,fieldname,fieldtype,calcformula from wstablefields where tablename = 'fi2' and documentnumber = 39
20241125@141113.2682 2gn3lrfb1d86spenb0ltu7rgsk Query : insert into wsfi2data (fi2stamp,ftstamp ,ousrdata, ousrhora, usrdata,usrhora,ousrinis,usrinis) values ('aut67448892946744858140','aut67448794356744858117' ,getdate(),convert(char(8),convert (time,getdate())),getdate(),convert(char(8),convert (time,getdate())),'wsv','wsv')
20241125@141113.2687 2gn3lrfb1d86spenb0ltu7rgsk Query : select 1 valor from information_schema.tables where table_type='base table' and table_name='wstablefields'
20241125@141113.2730 2gn3lrfb1d86spenb0ltu7rgsk Query : select fieldkey,fieldname,fieldtype,calcformula from wstablefields where tablename = 'fi' and documentnumber = 39
20241125@141113.2778 2gn3lrfb1d86spenb0ltu7rgsk Query : insert into wsfidata (fistamp,ousrdata, ousrhora, usrdata,usrhora,ousrinis,usrinis ,qtt ,ftstamp ,epv,pvmoeda ,tabiva,iva,lordem ,ref, design ,lote,armazem,bistamp ) values ('aut67448892946744858140',getdate(),convert(char(8),convert (time,getdate())),getdate(),convert(char(8),convert (time,getdate())),'wsv','wsv',20.000 ,'aut67448794356744858117' ,0,0 ,2,23.00,10000,?,?,?,?,?)
20241125@141113.3084 2gn3lrfb1d86spenb0ltu7rgsk Query : use flama_phc
20241125@141113.3087 2gn3lrfb1d86spenb0ltu7rgsk Query : select st.usalote valor from st where st.ref = '324.4965.00.1'
20241125@141113.3129 2gn3lrfb1d86spenb0ltu7rgsk Query : select top 1 st.tabiva ,st.ivaincl ,st.stns ,st.uni2 ,st.familia ,isnull(tx.taxa, 0) txiva ,unidade ,usalote ,epcpond ,noserie ,conversao ,st.texteis from st left join taxasiva tx on st.tabiva = tx.codigo where st.ref = '324.4965.00.1'
20241125@141113.3161 2gn3lrfb1d86spenb0ltu7rgsk Query : select 1 valor from information_schema.tables where table_type='base table' and table_name='wstablefields'
20241125@141113.3194 2gn3lrfb1d86spenb0ltu7rgsk Query : select fieldkey,fieldname,fieldtype,mandatory from wstablefields where tablename = 'fi' and documentnumber = 39
20241125@141113.3237 2gn3lrfb1d86spenb0ltu7rgsk Query : select 1 valor from information_schema.tables where table_type='base table' and table_name='wstablefields'
20241125@141113.3254 2gn3lrfb1d86spenb0ltu7rgsk Query : select fieldkey,fieldname,fieldtype,mandatory from wstablefields where tablename = 'fi2' and documentnumber = 39
20241125@141113.3263 2gn3lrfb1d86spenb0ltu7rgsk Query : select top 1 convert(numeric(6,2),t.taxa) valor from taxasiva t where t.codigo='2'
20241125@141113.3280 2gn3lrfb1d86spenb0ltu7rgsk Query : select sestamp valor from se where ref ='324.4965.00.1' and lote = 'r2301278300a'
20241125@141113.3293 2gn3lrfb1d86spenb0ltu7rgsk Query : select 1 valor from information_schema.tables where table_type='base table' and table_name='wstablefields'
20241125@141113.3309 2gn3lrfb1d86spenb0ltu7rgsk Query : select fieldkey,fieldname,fieldtype,calcformula from wstablefields where tablename = 'fi2' and documentnumber = 39
20241125@141113.3328 2gn3lrfb1d86spenb0ltu7rgsk Query : insert into wsfi2data (fi2stamp,ftstamp ,ousrdata, ousrhora, usrdata,usrhora,ousrinis,usrinis) values ('aut67448471756744858150','aut67448794356744858117' ,getdate(),convert(char(8),convert (time,getdate())),getdate(),convert(char(8),convert (time,getdate())),'wsv','wsv')
20241125@141113.3334 2gn3lrfb1d86spenb0ltu7rgsk Query : select 1 valor from information_schema.tables where table_type='base table' and table_name='wstablefields'
20241125@141113.3351 2gn3lrfb1d86spenb0ltu7rgsk Query : select fieldkey,fieldname,fieldtype,calcformula from wstablefields where tablename = 'fi' and documentnumber = 39
20241125@141113.3388 2gn3lrfb1d86spenb0ltu7rgsk Query : insert into wsfidata (fistamp,ousrdata, ousrhora, usrdata,usrhora,ousrinis,usrinis ,qtt ,ftstamp ,epv,pvmoeda ,tabiva,iva,lordem ,ref, design ,lote,armazem,bistamp ) values ('aut67448471756744858150',getdate(),convert(char(8),convert (time,getdate())),getdate(),convert(char(8),convert (time,getdate())),'wsv','wsv',40.000 ,'aut67448794356744858117' ,0,0 ,2,23.00,20000,?,?,?,?,?)
20241125@141113.3705 2gn3lrfb1d86spenb0ltu7rgsk Query : insert into wsftcreationlog (initialftstamp,externalid,creationstatus,documenttypeid,idustamp) values ('aut67448794356744858117','2407792','wait',39,'adm09112754980.682000002')
20241125@141113.3786 2gn3lrfb1d86spenb0ltu7rgsk Query : use flama_phc
20241125@141113.3790 2gn3lrfb1d86spenb0ltu7rgsk Query : update u_wsusers set rqsttoken =? where userid ='userls001'
20241125@141113.3823 2gn3lrfb1d86spenb0ltu7rgsk Query : select concat(rtrim(relative_path),ltrim(name_new)) as valor from uploadfiles where uploadfile_id='3472';
20241125@141113.3874 2gn3lrfb1d86spenb0ltu7rgsk Query : update uploadfiles set whenupdated=current_timestamp where uploadfile_id='3472';
20241125@141113.3928 2gn3lrfb1d86spenb0ltu7rgsk Query : select concat(rtrim(relative_path),ltrim(name_new)) as valor from uploadfiles where uploadfile_id='3472';
20241125@141113.3966 2gn3lrfb1d86spenb0ltu7rgsk Query : update uploadfiles set whenupdated=current_timestamp where uploadfile_id='3472';
20241125@141113.4534 73oethpb9076m20nkssojehs00 Query : insert into uploadfiles ( name_original, name_new, option_type, relative_path, whencreated ) values ( ?, ?, ?, ?, getdate() )
20241125@141113.4547 73oethpb9076m20nkssojehs00 Query : select uploadfile_id valor from uploadfiles where name_new = ? and option_type = ? 
20241125@141113.4630 73oethpb9076m20nkssojehs00 Query : select concat(rtrim(relative_path),ltrim(name_new)) as valor from uploadfiles where uploadfile_id='3473';
20241125@141113.4738 73oethpb9076m20nkssojehs00 Query : update uploadfiles set whenupdated=current_timestamp where uploadfile_id='3473';
20241125@141113.4845 73oethpb9076m20nkssojehs00 Query : select concat(rtrim(relative_path),ltrim(name_new)) as valor from uploadfiles where uploadfile_id='3473';
20241125@141113.4907 73oethpb9076m20nkssojehs00 Query : update uploadfiles set whenupdated=current_timestamp where uploadfile_id='3473';
20241125@141113.4985 73oethpb9076m20nkssojehs00 Query : use flama_phc
20241125@141113.4994 73oethpb9076m20nkssojehs00 Query : select top 1 secretkey valor from u_wsusers u where u.userid = ? and u.inactivo=0
20241125@141113.5082 73oethpb9076m20nkssojehs00 Query : use flama_phc
20241125@141113.5086 73oethpb9076m20nkssojehs00 Query : select no, estab,szadrsdesc from szadrs where u_coddest=4740
20241125@141113.5139 73oethpb9076m20nkssojehs00 Query : select top 1 isnull(design,'') valor from st (nolock) left join stobs (nolock) on st.ref = stobs.ref where st.ref = '324.4966.00.1'
20241125@141113.5329 73oethpb9076m20nkssojehs00 Query : select top 1 bistamp valor from bi inner join bo on bo.bostamp=bi.bostamp where bo.ndos =240 and bo.boano =2077 and bo.obrano = 2407793 and bi.ref ='324.4966.00.1' and bi.lordem =1
20241125@141113.5727 73oethpb9076m20nkssojehs00 Query : select top 1 isnull(design,'') valor from st (nolock) left join stobs (nolock) on st.ref = stobs.ref where st.ref = '324.4966.00.1'
20241125@141113.5752 73oethpb9076m20nkssojehs00 Query : select top 1 bistamp valor from bi inner join bo on bo.bostamp=bi.bostamp where bo.ndos =240 and bo.boano =2077 and bo.obrano = 2407793 and bi.ref ='324.4966.00.1' and bi.lordem =1
20241125@141113.5776 73oethpb9076m20nkssojehs00 Query : select top 1 isnull(design,'') valor from st (nolock) left join stobs (nolock) on st.ref = stobs.ref where st.ref = '324.4966.00.1'
20241125@141113.5805 73oethpb9076m20nkssojehs00 Query : select top 1 bistamp valor from bi inner join bo on bo.bostamp=bi.bostamp where bo.ndos =240 and bo.boano =2077 and bo.obrano = 2407793 and bi.ref ='324.4966.00.1' and bi.lordem =1
20241125@141113.5824 73oethpb9076m20nkssojehs00 Query : use flama_phc
20241125@141113.5828 73oethpb9076m20nkssojehs00 Query : select top 1 convert(date,fdata) valor from ft where ndoc = 39 and anulado= 0 and fno>0 order by fdata desc
20241125@141113.5879 73oethpb9076m20nkssojehs00 Query : use flama_phc
20241125@141113.5882 73oethpb9076m20nkssojehs00 Query : select top 1 1 valor from td where td.ndoc = 39
20241125@141113.5909 73oethpb9076m20nkssojehs00 Query : use flama_phc
20241125@141113.5912 73oethpb9076m20nkssojehs00 Query : select lower(descricao) descricao ,case when valor='s' then 1 else 0 end valor from para1 where descricao in ('st_lote','st_usalogifunc', 'st_grelha')
20241125@141113.5947 73oethpb9076m20nkssojehs00 Query : select top 1 manternumero ,assinadoc issigned ,tiposaft ,assinaimp ,nmdos ,td.assinadoc ,'cl' origin ,lancasl stocks ,case when cmsl<50 and td.lancasl=1 then 1 else 0 end entrada ,case when cmsl>50 and td.lancasl=1 then 1 else 0 end saida ,temserie assets ,~semgre usegridfields from td inner join td2 on td.tdstamp=td2.td2stamp where td.ndoc = 1
20241125@141113.5986 73oethpb9076m20nkssojehs00 Query : use flama_phc
20241125@141113.5989 73oethpb9076m20nkssojehs00 Query : select top 1 ~inactivo valor from cl where no = '100810' and estab = 0 order by inactivo desc
20241125@141113.6024 73oethpb9076m20nkssojehs00 Query : use flama_phc
20241125@141113.6027 73oethpb9076m20nkssojehs00 Query : select top 1 tipodoc,regrd from td where ndoc = 39
20241125@141113.6060 73oethpb9076m20nkssojehs00 Query : use flama_phc
20241125@141113.6063 73oethpb9076m20nkssojehs00 Query : select szadrsstamp valor from szadrs where szadrsdesc='espaÇotrans,lda'
20241125@141113.6112 73oethpb9076m20nkssojehs00 Query : use flama_phc
20241125@141113.6115 73oethpb9076m20nkssojehs00 Query : select szadrsstamp valor from szadrs where szadrsdesc='100810 - worten-equipamentos para o lar,sa.'
20241125@141113.6166 73oethpb9076m20nkssojehs00 Query : use flama_phc
20241125@141113.6169 73oethpb9076m20nkssojehs00 Query : select 1 valor from td where ndoc = 39
20241125@141113.6190 73oethpb9076m20nkssojehs00 Query : select top 1 manternumero, tiposaft, nmdos,td.assinadoc from td where td.ndoc = 39
20241125@141113.6222 73oethpb9076m20nkssojehs00 Query : select 1 valor from information_schema.tables where table_type='base table' and table_name='wstablefields'
20241125@141113.6238 73oethpb9076m20nkssojehs00 Query : select fieldkey,fieldname,fieldtype,mandatory from wstablefields where tablename = 'ft' and documentnumber = 39
20241125@141113.6256 73oethpb9076m20nkssojehs00 Query : select 1 valor from information_schema.tables where table_type='base table' and table_name='wstablefields'
20241125@141113.6269 73oethpb9076m20nkssojehs00 Query : select fieldkey,fieldname,fieldtype,mandatory from wstablefields where tablename = 'ft2' and documentnumber = 39
20241125@141113.6304 73oethpb9076m20nkssojehs00 Query : select 1 valor from information_schema.tables where table_type='base table' and table_name='wstablefields'
20241125@141113.6317 73oethpb9076m20nkssojehs00 Query : select fieldkey,fieldname,fieldtype,mandatory from wstablefields where tablename = 'ft3' and documentnumber = 39
20241125@141113.6330 73oethpb9076m20nkssojehs00 Query : select top 1 ft.fno valor from ft ft where ft.ndoc = 39 and ftano=2024 order by fno desc
20241125@141113.6403 73oethpb9076m20nkssojehs00 Query : select top 1 ft.fno valor from wsftdata ft where ft.ndoc = 39 and ftano=2024 order by fno desc
20241125@141113.6415 73oethpb9076m20nkssojehs00 Query : select 1 valor from information_schema.tables where table_type='base table' and table_name='wstablefields'
20241125@141113.6436 73oethpb9076m20nkssojehs00 Query : select fieldkey,fieldname,fieldtype,calcformula from wstablefields where tablename = 'ft3' and documentnumber = 39
20241125@141113.6451 73oethpb9076m20nkssojehs00 Query : insert into wsft3data (ft3stamp, ousrdata, ousrhora, usrdata,usrhora,ousrinis,usrinis,taxpointdt ) values ('aut6744842833674485819a' ,getdate(),convert(char(8),convert (time,getdate())),getdate(),convert(char(8),convert (time,getdate())),'wsv','wsv',?)
20241125@141113.6684 73oethpb9076m20nkssojehs00 Query : select 1 valor from information_schema.tables where table_type='base table' and table_name='wstablefields'
20241125@141113.6713 73oethpb9076m20nkssojehs00 Query : select fieldkey,fieldname,fieldtype,calcformula from wstablefields where tablename = 'ft2' and documentnumber = 39
20241125@141113.6756 73oethpb9076m20nkssojehs00 Query : select top 1 bo.u_nomeenv valor from bo where bo.bostamp=''
20241125@141113.6768 73oethpb9076m20nkssojehs00 Query : select top 1 bo.u_moradaen valor from bo where bo.bostamp=''
20241125@141113.6822 73oethpb9076m20nkssojehs00 Query : select top 1 bo.u_codposen valor from bo where bo.bostamp=''
20241125@141113.6838 73oethpb9076m20nkssojehs00 Query : select top 1 bo.u_localenv valor from bo where bo.bostamp=''
20241125@141113.6856 73oethpb9076m20nkssojehs00 Query : select top 1 bo.trab5 valor from bo where bo.bostamp=''
20241125@141113.6873 73oethpb9076m20nkssojehs00 Query : select top 1 bo.serie valor from bo where bo.bostamp=''
20241125@141113.6888 73oethpb9076m20nkssojehs00 Query : insert into wsft2data (ft2stamp, ousrdata,ousrhora, usrdata,usrhora,ousrinis,usrinis,u_nomeenv ,u_moradaen ,u_codposen ,u_localenv ,u_coddest ,u_codby ) values ('aut6744842833674485819a',getdate(),convert(char(8),convert (time,getdate())),getdate(),convert(char(8),convert (time,getdate())),'wsv','wsv',?,?,?,?,?,?)
20241125@141113.7206 73oethpb9076m20nkssojehs00 Query : select top 1 fno valor from wsftdata order by fno desc
20241125@141113.7261 73oethpb9076m20nkssojehs00 Query : select 1 valor from information_schema.tables where table_type='base table' and table_name='wstablefields'
20241125@141113.7280 73oethpb9076m20nkssojehs00 Query : select fieldkey,fieldname,fieldtype,calcformula from wstablefields where tablename = 'ft' and documentnumber = 39
20241125@141113.7314 73oethpb9076m20nkssojehs00 Query : select 'normal' from dummy
20241125@141113.7347 73oethpb9076m20nkssojehs00 Query : insert into wsftdata (ftstamp, ousrdata,ousrhora, usrdata,usrhora,ousrinis,usrinis,fno,no,estab,fdata,ndoc,moeda,cambio,cambiofixo,ftano,site ,classe ) values ('aut6744842833674485819a',getdate(),convert(char(8),convert (time,getdate())),getdate(),convert(char(8),convert (time,getdate())),'wsv','wsv',2008,100810,0,'2024-11-25',39,'euro',0,0,2024 ,?,?)
20241125@141113.7776 73oethpb9076m20nkssojehs00 Query : use flama_phc
20241125@141113.7781 73oethpb9076m20nkssojehs00 Query : select st.usalote valor from st where st.ref = '324.4966.00.1'
20241125@141113.7834 73oethpb9076m20nkssojehs00 Query : select top 1 st.tabiva ,st.ivaincl ,st.stns ,st.uni2 ,st.familia ,isnull(tx.taxa, 0) txiva ,unidade ,usalote ,epcpond ,noserie ,conversao ,st.texteis from st left join taxasiva tx on st.tabiva = tx.codigo where st.ref = '324.4966.00.1'
20241125@141113.8092 73oethpb9076m20nkssojehs00 Query : select 1 valor from information_schema.tables where table_type='base table' and table_name='wstablefields'
20241125@141113.8111 73oethpb9076m20nkssojehs00 Query : select fieldkey,fieldname,fieldtype,mandatory from wstablefields where tablename = 'fi' and documentnumber = 39
20241125@141113.8154 73oethpb9076m20nkssojehs00 Query : select 1 valor from information_schema.tables where table_type='base table' and table_name='wstablefields'
20241125@141113.8171 73oethpb9076m20nkssojehs00 Query : select fieldkey,fieldname,fieldtype,mandatory from wstablefields where tablename = 'fi2' and documentnumber = 39
20241125@141113.8196 73oethpb9076m20nkssojehs00 Query : select top 1 convert(numeric(6,2),t.taxa) valor from taxasiva t where t.codigo='2'
20241125@141113.8216 73oethpb9076m20nkssojehs00 Query : select sestamp valor from se where ref ='324.4966.00.1' and lote = 'r2301277100a'
20241125@141113.8250 73oethpb9076m20nkssojehs00 Query : select 1 valor from information_schema.tables where table_type='base table' and table_name='wstablefields'
20241125@141113.8289 73oethpb9076m20nkssojehs00 Query : select fieldkey,fieldname,fieldtype,calcformula from wstablefields where tablename = 'fi2' and documentnumber = 39
20241125@141113.8301 73oethpb9076m20nkssojehs00 Query : insert into wsfi2data (fi2stamp,ftstamp ,ousrdata, ousrhora, usrdata,usrhora,ousrinis,usrinis) values ('aut674483047067448581c9','aut6744842833674485819a' ,getdate(),convert(char(8),convert (time,getdate())),getdate(),convert(char(8),convert (time,getdate())),'wsv','wsv')
20241125@141113.8306 73oethpb9076m20nkssojehs00 Query : select 1 valor from information_schema.tables where table_type='base table' and table_name='wstablefields'
20241125@141113.8329 73oethpb9076m20nkssojehs00 Query : select fieldkey,fieldname,fieldtype,calcformula from wstablefields where tablename = 'fi' and documentnumber = 39
20241125@141113.8359 73oethpb9076m20nkssojehs00 Query : insert into wsfidata (fistamp,ousrdata, ousrhora, usrdata,usrhora,ousrinis,usrinis ,qtt ,ftstamp ,epv,pvmoeda ,tabiva,iva,lordem ,ref, design ,lote,armazem,bistamp ) values ('aut674483047067448581c9',getdate(),convert(char(8),convert (time,getdate())),getdate(),convert(char(8),convert (time,getdate())),'wsv','wsv',20.000 ,'aut6744842833674485819a' ,0,0 ,2,23.00,10000,?,?,?,?,?)
20241125@141113.8902 73oethpb9076m20nkssojehs00 Query : use flama_phc
20241125@141113.8906 73oethpb9076m20nkssojehs00 Query : select st.usalote valor from st where st.ref = '324.4966.00.1'
20241125@141113.8927 73oethpb9076m20nkssojehs00 Query : select top 1 st.tabiva ,st.ivaincl ,st.stns ,st.uni2 ,st.familia ,isnull(tx.taxa, 0) txiva ,unidade ,usalote ,epcpond ,noserie ,conversao ,st.texteis from st left join taxasiva tx on st.tabiva = tx.codigo where st.ref = '324.4966.00.1'
20241125@141113.8942 73oethpb9076m20nkssojehs00 Query : select 1 valor from information_schema.tables where table_type='base table' and table_name='wstablefields'
20241125@141113.9041 73oethpb9076m20nkssojehs00 Query : select fieldkey,fieldname,fieldtype,mandatory from wstablefields where tablename = 'fi' and documentnumber = 39
20241125@141113.9067 73oethpb9076m20nkssojehs00 Query : select 1 valor from information_schema.tables where table_type='base table' and table_name='wstablefields'
20241125@141113.9082 73oethpb9076m20nkssojehs00 Query : select fieldkey,fieldname,fieldtype,mandatory from wstablefields where tablename = 'fi2' and documentnumber = 39
20241125@141113.9101 73oethpb9076m20nkssojehs00 Query : select top 1 convert(numeric(6,2),t.taxa) valor from taxasiva t where t.codigo='2'
20241125@141113.9118 73oethpb9076m20nkssojehs00 Query : select sestamp valor from se where ref ='324.4966.00.1' and lote = 'r2300825100a'
20241125@141113.9133 73oethpb9076m20nkssojehs00 Query : select 1 valor from information_schema.tables where table_type='base table' and table_name='wstablefields'
20241125@141113.9152 73oethpb9076m20nkssojehs00 Query : select fieldkey,fieldname,fieldtype,calcformula from wstablefields where tablename = 'fi2' and documentnumber = 39
20241125@141113.9165 73oethpb9076m20nkssojehs00 Query : insert into wsfi2data (fi2stamp,ftstamp ,ousrdata, ousrhora, usrdata,usrhora,ousrinis,usrinis) values ('aut674481778367448581de','aut6744842833674485819a' ,getdate(),convert(char(8),convert (time,getdate())),getdate(),convert(char(8),convert (time,getdate())),'wsv','wsv')
20241125@141113.9169 73oethpb9076m20nkssojehs00 Query : select 1 valor from information_schema.tables where table_type='base table' and table_name='wstablefields'
20241125@141113.9203 73oethpb9076m20nkssojehs00 Query : select fieldkey,fieldname,fieldtype,calcformula from wstablefields where tablename = 'fi' and documentnumber = 39
20241125@141113.9242 73oethpb9076m20nkssojehs00 Query : insert into wsfidata (fistamp,ousrdata, ousrhora, usrdata,usrhora,ousrinis,usrinis ,qtt ,ftstamp ,epv,pvmoeda ,tabiva,iva,lordem ,ref, design ,lote,armazem,bistamp ) values ('aut674481778367448581de',getdate(),convert(char(8),convert (time,getdate())),getdate(),convert(char(8),convert (time,getdate())),'wsv','wsv',52.000 ,'aut6744842833674485819a' ,0,0 ,2,23.00,20000,?,?,?,?,?)
20241125@141113.9807 73oethpb9076m20nkssojehs00 Query : use flama_phc
20241125@141113.9849 73oethpb9076m20nkssojehs00 Query : select st.usalote valor from st where st.ref = '324.4966.00.1'
20241125@141114.6900 73oethpb9076m20nkssojehs00 Query : select top 1 st.tabiva ,st.ivaincl ,st.stns ,st.uni2 ,st.familia ,isnull(tx.taxa, 0) txiva ,unidade ,usalote ,epcpond ,noserie ,conversao ,st.texteis from st left join taxasiva tx on st.tabiva = tx.codigo where st.ref = '324.4966.00.1'
20241125@141114.8600 73oethpb9076m20nkssojehs00 Query : select 1 valor from information_schema.tables where table_type='base table' and table_name='wstablefields'
20241125@141114.1090 73oethpb9076m20nkssojehs00 Query : select fieldkey,fieldname,fieldtype,mandatory from wstablefields where tablename = 'fi' and documentnumber = 39
20241125@141114.1480 73oethpb9076m20nkssojehs00 Query : select 1 valor from information_schema.tables where table_type='base table' and table_name='wstablefields'
20241125@141114.1780 73oethpb9076m20nkssojehs00 Query : select fieldkey,fieldname,fieldtype,mandatory from wstablefields where tablename = 'fi2' and documentnumber = 39
20241125@141114.1900 73oethpb9076m20nkssojehs00 Query : select top 1 convert(numeric(6,2),t.taxa) valor from taxasiva t where t.codigo='2'
20241125@141114.2110 73oethpb9076m20nkssojehs00 Query : select sestamp valor from se where ref ='324.4966.00.1' and lote = 'r2301277100a'
20241125@141114.2280 73oethpb9076m20nkssojehs00 Query : select 1 valor from information_schema.tables where table_type='base table' and table_name='wstablefields'
20241125@141114.2460 73oethpb9076m20nkssojehs00 Query : select fieldkey,fieldname,fieldtype,calcformula from wstablefields where tablename = 'fi2' and documentnumber = 39
20241125@141114.2620 73oethpb9076m20nkssojehs00 Query : insert into wsfi2data (fi2stamp,ftstamp ,ousrdata, ousrhora, usrdata,usrhora,ousrinis,usrinis) values ('aut67448218996744858205','aut6744842833674485819a' ,getdate(),convert(char(8),convert (time,getdate())),getdate(),convert(char(8),convert (time,getdate())),'wsv','wsv')
20241125@141114.2670 73oethpb9076m20nkssojehs00 Query : select 1 valor from information_schema.tables where table_type='base table' and table_name='wstablefields'
20241125@141114.2850 73oethpb9076m20nkssojehs00 Query : select fieldkey,fieldname,fieldtype,calcformula from wstablefields where tablename = 'fi' and documentnumber = 39
20241125@141114.3190 73oethpb9076m20nkssojehs00 Query : insert into wsfidata (fistamp,ousrdata, ousrhora, usrdata,usrhora,ousrinis,usrinis ,qtt ,ftstamp ,epv,pvmoeda ,tabiva,iva,lordem ,ref, design ,lote,armazem,bistamp ) values ('aut67448218996744858205',getdate(),convert(char(8),convert (time,getdate())),getdate(),convert(char(8),convert (time,getdate())),'wsv','wsv',80.000 ,'aut6744842833674485819a' ,0,0 ,2,23.00,30000,?,?,?,?,?)
20241125@141114.6230 73oethpb9076m20nkssojehs00 Query : insert into wsftcreationlog (initialftstamp,externalid,creationstatus,documenttypeid,idustamp) values ('aut6744842833674485819a','2407793','wait',39,'adm09112754980.682000002')
20241125@141114.7520 73oethpb9076m20nkssojehs00 Query : use flama_phc
20241125@141114.7560 73oethpb9076m20nkssojehs00 Query : update u_wsusers set rqsttoken =? where userid ='userls001'
20241125@141114.7980 73oethpb9076m20nkssojehs00 Query : select concat(rtrim(relative_path),ltrim(name_new)) as valor from uploadfiles where uploadfile_id='3473';
20241125@141114.8510 73oethpb9076m20nkssojehs00 Query : update uploadfiles set whenupdated=current_timestamp where uploadfile_id='3473';
20241125@141114.9110 73oethpb9076m20nkssojehs00 Query : select concat(rtrim(relative_path),ltrim(name_new)) as valor from uploadfiles where uploadfile_id='3473';
20241125@141114.9540 73oethpb9076m20nkssojehs00 Query : update uploadfiles set whenupdated=current_timestamp where uploadfile_id='3473';
20241125@141114.1446 89kgi8n6o4nom7tae60ovjh9sm Query : insert into uploadfiles ( name_original, name_new, option_type, relative_path, whencreated ) values ( ?, ?, ?, ?, getdate() )
20241125@141114.1460 89kgi8n6o4nom7tae60ovjh9sm Query : select uploadfile_id valor from uploadfiles where name_new = ? and option_type = ? 
20241125@141114.1543 89kgi8n6o4nom7tae60ovjh9sm Query : select concat(rtrim(relative_path),ltrim(name_new)) as valor from uploadfiles where uploadfile_id='3474';
20241125@141114.1622 89kgi8n6o4nom7tae60ovjh9sm Query : update uploadfiles set whenupdated=current_timestamp where uploadfile_id='3474';
20241125@141114.1687 89kgi8n6o4nom7tae60ovjh9sm Query : select concat(rtrim(relative_path),ltrim(name_new)) as valor from uploadfiles where uploadfile_id='3474';
20241125@141114.1719 89kgi8n6o4nom7tae60ovjh9sm Query : update uploadfiles set whenupdated=current_timestamp where uploadfile_id='3474';
20241125@141114.1781 89kgi8n6o4nom7tae60ovjh9sm Query : use flama_phc
20241125@141114.1784 89kgi8n6o4nom7tae60ovjh9sm Query : select top 1 secretkey valor from u_wsusers u where u.userid = ? and u.inactivo=0
20241125@141114.1855 89kgi8n6o4nom7tae60ovjh9sm Query : use flama_phc
20241125@141114.1858 89kgi8n6o4nom7tae60ovjh9sm Query : select no, estab,szadrsdesc from szadrs where u_coddest=4740
20241125@141114.1919 89kgi8n6o4nom7tae60ovjh9sm Query : select top 1 isnull(design,'') valor from st (nolock) left join stobs (nolock) on st.ref = stobs.ref where st.ref = '324.2222.00.1'
20241125@141114.2115 89kgi8n6o4nom7tae60ovjh9sm Query : select top 1 bistamp valor from bi inner join bo on bo.bostamp=bi.bostamp where bo.ndos =240 and bo.boano =2077 and bo.obrano = 2407794 and bi.ref ='324.2222.00.1' and bi.lordem =1
20241125@141114.2469 89kgi8n6o4nom7tae60ovjh9sm Query : select top 1 isnull(design,'') valor from st (nolock) left join stobs (nolock) on st.ref = stobs.ref where st.ref = '324.2222.00.1'
20241125@141114.2491 89kgi8n6o4nom7tae60ovjh9sm Query : select top 1 bistamp valor from bi inner join bo on bo.bostamp=bi.bostamp where bo.ndos =240 and bo.boano =2077 and bo.obrano = 2407794 and bi.ref ='324.2222.00.1' and bi.lordem =1
20241125@141114.2509 89kgi8n6o4nom7tae60ovjh9sm Query : select top 1 isnull(design,'') valor from st (nolock) left join stobs (nolock) on st.ref = stobs.ref where st.ref = '324.2222.00.1'
20241125@141114.2530 89kgi8n6o4nom7tae60ovjh9sm Query : select top 1 bistamp valor from bi inner join bo on bo.bostamp=bi.bostamp where bo.ndos =240 and bo.boano =2077 and bo.obrano = 2407794 and bi.ref ='324.2222.00.1' and bi.lordem =1
20241125@141114.2548 89kgi8n6o4nom7tae60ovjh9sm Query : use flama_phc
20241125@141114.2551 89kgi8n6o4nom7tae60ovjh9sm Query : select top 1 convert(date,fdata) valor from ft where ndoc = 39 and anulado= 0 and fno>0 order by fdata desc
20241125@141114.2583 89kgi8n6o4nom7tae60ovjh9sm Query : use flama_phc
20241125@141114.2586 89kgi8n6o4nom7tae60ovjh9sm Query : select top 1 1 valor from td where td.ndoc = 39
20241125@141114.2617 89kgi8n6o4nom7tae60ovjh9sm Query : use flama_phc
20241125@141114.2620 89kgi8n6o4nom7tae60ovjh9sm Query : select lower(descricao) descricao ,case when valor='s' then 1 else 0 end valor from para1 where descricao in ('st_lote','st_usalogifunc', 'st_grelha')
20241125@141114.2655 89kgi8n6o4nom7tae60ovjh9sm Query : select top 1 manternumero ,assinadoc issigned ,tiposaft ,assinaimp ,nmdos ,td.assinadoc ,'cl' origin ,lancasl stocks ,case when cmsl<50 and td.lancasl=1 then 1 else 0 end entrada ,case when cmsl>50 and td.lancasl=1 then 1 else 0 end saida ,temserie assets ,~semgre usegridfields from td inner join td2 on td.tdstamp=td2.td2stamp where td.ndoc = 1
20241125@141114.2696 89kgi8n6o4nom7tae60ovjh9sm Query : use flama_phc
20241125@141114.2699 89kgi8n6o4nom7tae60ovjh9sm Query : select top 1 ~inactivo valor from cl where no = '100810' and estab = 0 order by inactivo desc
20241125@141114.2727 89kgi8n6o4nom7tae60ovjh9sm Query : use flama_phc
20241125@141114.2730 89kgi8n6o4nom7tae60ovjh9sm Query : select top 1 tipodoc,regrd from td where ndoc = 39
20241125@141114.2758 89kgi8n6o4nom7tae60ovjh9sm Query : use flama_phc
20241125@141114.2761 89kgi8n6o4nom7tae60ovjh9sm Query : select szadrsstamp valor from szadrs where szadrsdesc='espaÇotrans,lda'
20241125@141114.2857 89kgi8n6o4nom7tae60ovjh9sm Query : use flama_phc
20241125@141114.2861 89kgi8n6o4nom7tae60ovjh9sm Query : select szadrsstamp valor from szadrs where szadrsdesc='100810 - worten-equipamentos para o lar,sa.'
20241125@141114.2917 89kgi8n6o4nom7tae60ovjh9sm Query : use flama_phc
20241125@141114.2921 89kgi8n6o4nom7tae60ovjh9sm Query : select 1 valor from td where ndoc = 39
20241125@141114.2939 89kgi8n6o4nom7tae60ovjh9sm Query : select top 1 manternumero, tiposaft, nmdos,td.assinadoc from td where td.ndoc = 39
20241125@141114.2956 89kgi8n6o4nom7tae60ovjh9sm Query : select 1 valor from information_schema.tables where table_type='base table' and table_name='wstablefields'
20241125@141114.2976 89kgi8n6o4nom7tae60ovjh9sm Query : select fieldkey,fieldname,fieldtype,mandatory from wstablefields where tablename = 'ft' and documentnumber = 39
20241125@141114.2999 89kgi8n6o4nom7tae60ovjh9sm Query : select 1 valor from information_schema.tables where table_type='base table' and table_name='wstablefields'
20241125@141114.3015 89kgi8n6o4nom7tae60ovjh9sm Query : select fieldkey,fieldname,fieldtype,mandatory from wstablefields where tablename = 'ft2' and documentnumber = 39
20241125@141114.3047 89kgi8n6o4nom7tae60ovjh9sm Query : select 1 valor from information_schema.tables where table_type='base table' and table_name='wstablefields'
20241125@141114.3062 89kgi8n6o4nom7tae60ovjh9sm Query : select fieldkey,fieldname,fieldtype,mandatory from wstablefields where tablename = 'ft3' and documentnumber = 39
20241125@141114.3075 89kgi8n6o4nom7tae60ovjh9sm Query : select top 1 ft.fno valor from ft ft where ft.ndoc = 39 and ftano=2024 order by fno desc
20241125@141114.3153 89kgi8n6o4nom7tae60ovjh9sm Query : select top 1 ft.fno valor from wsftdata ft where ft.ndoc = 39 and ftano=2024 order by fno desc
20241125@141114.3166 89kgi8n6o4nom7tae60ovjh9sm Query : select 1 valor from information_schema.tables where table_type='base table' and table_name='wstablefields'
20241125@141114.3184 89kgi8n6o4nom7tae60ovjh9sm Query : select fieldkey,fieldname,fieldtype,calcformula from wstablefields where tablename = 'ft3' and documentnumber = 39
20241125@141114.3201 89kgi8n6o4nom7tae60ovjh9sm Query : insert into wsft3data (ft3stamp, ousrdata, ousrhora, usrdata,usrhora,ousrinis,usrinis,taxpointdt ) values ('aut6744885116674485824b' ,getdate(),convert(char(8),convert (time,getdate())),getdate(),convert(char(8),convert (time,getdate())),'wsv','wsv',?)
20241125@141114.3424 89kgi8n6o4nom7tae60ovjh9sm Query : select 1 valor from information_schema.tables where table_type='base table' and table_name='wstablefields'
20241125@141114.3444 89kgi8n6o4nom7tae60ovjh9sm Query : select fieldkey,fieldname,fieldtype,calcformula from wstablefields where tablename = 'ft2' and documentnumber = 39
20241125@141114.3480 89kgi8n6o4nom7tae60ovjh9sm Query : select top 1 bo.u_nomeenv valor from bo where bo.bostamp=''
20241125@141114.3493 89kgi8n6o4nom7tae60ovjh9sm Query : select top 1 bo.u_moradaen valor from bo where bo.bostamp=''
20241125@141114.3505 89kgi8n6o4nom7tae60ovjh9sm Query : select top 1 bo.u_codposen valor from bo where bo.bostamp=''
20241125@141114.3517 89kgi8n6o4nom7tae60ovjh9sm Query : select top 1 bo.u_localenv valor from bo where bo.bostamp=''
20241125@141114.3529 89kgi8n6o4nom7tae60ovjh9sm Query : select top 1 bo.trab5 valor from bo where bo.bostamp=''
20241125@141114.3541 89kgi8n6o4nom7tae60ovjh9sm Query : select top 1 bo.serie valor from bo where bo.bostamp=''
20241125@141114.3554 89kgi8n6o4nom7tae60ovjh9sm Query : insert into wsft2data (ft2stamp, ousrdata,ousrhora, usrdata,usrhora,ousrinis,usrinis,u_nomeenv ,u_moradaen ,u_codposen ,u_localenv ,u_coddest ,u_codby ) values ('aut6744885116674485824b',getdate(),convert(char(8),convert (time,getdate())),getdate(),convert(char(8),convert (time,getdate())),'wsv','wsv',?,?,?,?,?,?)
20241125@141114.3861 89kgi8n6o4nom7tae60ovjh9sm Query : select top 1 fno valor from wsftdata order by fno desc
20241125@141114.3894 89kgi8n6o4nom7tae60ovjh9sm Query : select 1 valor from information_schema.tables where table_type='base table' and table_name='wstablefields'
20241125@141114.3913 89kgi8n6o4nom7tae60ovjh9sm Query : select fieldkey,fieldname,fieldtype,calcformula from wstablefields where tablename = 'ft' and documentnumber = 39
20241125@141114.3937 89kgi8n6o4nom7tae60ovjh9sm Query : select 'normal' from dummy
20241125@141114.3952 89kgi8n6o4nom7tae60ovjh9sm Query : insert into wsftdata (ftstamp, ousrdata,ousrhora, usrdata,usrhora,ousrinis,usrinis,fno,no,estab,fdata,ndoc,moeda,cambio,cambiofixo,ftano,site ,classe ) values ('aut6744885116674485824b',getdate(),convert(char(8),convert (time,getdate())),getdate(),convert(char(8),convert (time,getdate())),'wsv','wsv',2009,100810,0,'2024-11-25',39,'euro',0,0,2024 ,?,?)
20241125@141114.4306 89kgi8n6o4nom7tae60ovjh9sm Query : use flama_phc
20241125@141114.4311 89kgi8n6o4nom7tae60ovjh9sm Query : select st.usalote valor from st where st.ref = '324.2222.00.1'
20241125@141114.4334 89kgi8n6o4nom7tae60ovjh9sm Query : select top 1 st.tabiva ,st.ivaincl ,st.stns ,st.uni2 ,st.familia ,isnull(tx.taxa, 0) txiva ,unidade ,usalote ,epcpond ,noserie ,conversao ,st.texteis from st left join taxasiva tx on st.tabiva = tx.codigo where st.ref = '324.2222.00.1'
20241125@141114.4510 89kgi8n6o4nom7tae60ovjh9sm Query : select 1 valor from information_schema.tables where table_type='base table' and table_name='wstablefields'
20241125@141114.4527 89kgi8n6o4nom7tae60ovjh9sm Query : select fieldkey,fieldname,fieldtype,mandatory from wstablefields where tablename = 'fi' and documentnumber = 39
20241125@141114.4553 89kgi8n6o4nom7tae60ovjh9sm Query : select 1 valor from information_schema.tables where table_type='base table' and table_name='wstablefields'
20241125@141114.4568 89kgi8n6o4nom7tae60ovjh9sm Query : select fieldkey,fieldname,fieldtype,mandatory from wstablefields where tablename = 'fi2' and documentnumber = 39
20241125@141114.4577 89kgi8n6o4nom7tae60ovjh9sm Query : select top 1 convert(numeric(6,2),t.taxa) valor from taxasiva t where t.codigo='2'
20241125@141114.4589 89kgi8n6o4nom7tae60ovjh9sm Query : select sestamp valor from se where ref ='324.2222.00.1' and lote = 'r2301281400a'
20241125@141114.4603 89kgi8n6o4nom7tae60ovjh9sm Query : select 1 valor from information_schema.tables where table_type='base table' and table_name='wstablefields'
20241125@141114.4618 89kgi8n6o4nom7tae60ovjh9sm Query : select fieldkey,fieldname,fieldtype,calcformula from wstablefields where tablename = 'fi2' and documentnumber = 39
20241125@141114.4632 89kgi8n6o4nom7tae60ovjh9sm Query : insert into wsfi2data (fi2stamp,ftstamp ,ousrdata, ousrhora, usrdata,usrhora,ousrinis,usrinis) values ('aut67448088336744858270','aut6744885116674485824b' ,getdate(),convert(char(8),convert (time,getdate())),getdate(),convert(char(8),convert (time,getdate())),'wsv','wsv')
20241125@141114.4637 89kgi8n6o4nom7tae60ovjh9sm Query : select 1 valor from information_schema.tables where table_type='base table' and table_name='wstablefields'
20241125@141114.4651 89kgi8n6o4nom7tae60ovjh9sm Query : select fieldkey,fieldname,fieldtype,calcformula from wstablefields where tablename = 'fi' and documentnumber = 39
20241125@141114.4679 89kgi8n6o4nom7tae60ovjh9sm Query : insert into wsfidata (fistamp,ousrdata, ousrhora, usrdata,usrhora,ousrinis,usrinis ,qtt ,ftstamp ,epv,pvmoeda ,tabiva,iva,lordem ,ref, design ,lote,armazem,bistamp ) values ('aut67448088336744858270',getdate(),convert(char(8),convert (time,getdate())),getdate(),convert(char(8),convert (time,getdate())),'wsv','wsv',8.000 ,'aut6744885116674485824b' ,0,0 ,2,23.00,10000,?,?,?,?,?)
20241125@141114.4992 89kgi8n6o4nom7tae60ovjh9sm Query : use flama_phc
20241125@141114.4995 89kgi8n6o4nom7tae60ovjh9sm Query : select st.usalote valor from st where st.ref = '324.2222.00.1'
20241125@141114.5017 89kgi8n6o4nom7tae60ovjh9sm Query : select top 1 st.tabiva ,st.ivaincl ,st.stns ,st.uni2 ,st.familia ,isnull(tx.taxa, 0) txiva ,unidade ,usalote ,epcpond ,noserie ,conversao ,st.texteis from st left join taxasiva tx on st.tabiva = tx.codigo where st.ref = '324.2222.00.1'
20241125@141114.5032 89kgi8n6o4nom7tae60ovjh9sm Query : select 1 valor from information_schema.tables where table_type='base table' and table_name='wstablefields'
20241125@141114.5049 89kgi8n6o4nom7tae60ovjh9sm Query : select fieldkey,fieldname,fieldtype,mandatory from wstablefields where tablename = 'fi' and documentnumber = 39
20241125@141114.5079 89kgi8n6o4nom7tae60ovjh9sm Query : select 1 valor from information_schema.tables where table_type='base table' and table_name='wstablefields'
20241125@141114.5094 89kgi8n6o4nom7tae60ovjh9sm Query : select fieldkey,fieldname,fieldtype,mandatory from wstablefields where tablename = 'fi2' and documentnumber = 39
20241125@141114.5103 89kgi8n6o4nom7tae60ovjh9sm Query : select top 1 convert(numeric(6,2),t.taxa) valor from taxasiva t where t.codigo='2'
20241125@141114.5115 89kgi8n6o4nom7tae60ovjh9sm Query : select sestamp valor from se where ref ='324.2222.00.1' and lote = 'r2301280100a'
20241125@141114.5129 89kgi8n6o4nom7tae60ovjh9sm Query : select 1 valor from information_schema.tables where table_type='base table' and table_name='wstablefields'
20241125@141114.5143 89kgi8n6o4nom7tae60ovjh9sm Query : select fieldkey,fieldname,fieldtype,calcformula from wstablefields where tablename = 'fi2' and documentnumber = 39
20241125@141114.5155 89kgi8n6o4nom7tae60ovjh9sm Query : insert into wsfi2data (fi2stamp,ftstamp ,ousrdata, ousrhora, usrdata,usrhora,ousrinis,usrinis) values ('aut6744818110674485827d','aut6744885116674485824b' ,getdate(),convert(char(8),convert (time,getdate())),getdate(),convert(char(8),convert (time,getdate())),'wsv','wsv')
20241125@141114.5159 89kgi8n6o4nom7tae60ovjh9sm Query : select 1 valor from information_schema.tables where table_type='base table' and table_name='wstablefields'
20241125@141114.5178 89kgi8n6o4nom7tae60ovjh9sm Query : select fieldkey,fieldname,fieldtype,calcformula from wstablefields where tablename = 'fi' and documentnumber = 39
20241125@141114.5206 89kgi8n6o4nom7tae60ovjh9sm Query : insert into wsfidata (fistamp,ousrdata, ousrhora, usrdata,usrhora,ousrinis,usrinis ,qtt ,ftstamp ,epv,pvmoeda ,tabiva,iva,lordem ,ref, design ,lote,armazem,bistamp ) values ('aut6744818110674485827d',getdate(),convert(char(8),convert (time,getdate())),getdate(),convert(char(8),convert (time,getdate())),'wsv','wsv',48.000 ,'aut6744885116674485824b' ,0,0 ,2,23.00,20000,?,?,?,?,?)
20241125@141114.5525 89kgi8n6o4nom7tae60ovjh9sm Query : use flama_phc
20241125@141114.5539 89kgi8n6o4nom7tae60ovjh9sm Query : select st.usalote valor from st where st.ref = '324.2222.00.1'
20241125@141114.5562 89kgi8n6o4nom7tae60ovjh9sm Query : select top 1 st.tabiva ,st.ivaincl ,st.stns ,st.uni2 ,st.familia ,isnull(tx.taxa, 0) txiva ,unidade ,usalote ,epcpond ,noserie ,conversao ,st.texteis from st left join taxasiva tx on st.tabiva = tx.codigo where st.ref = '324.2222.00.1'
20241125@141114.5578 89kgi8n6o4nom7tae60ovjh9sm Query : select 1 valor from information_schema.tables where table_type='base table' and table_name='wstablefields'
20241125@141114.5596 89kgi8n6o4nom7tae60ovjh9sm Query : select fieldkey,fieldname,fieldtype,mandatory from wstablefields where tablename = 'fi' and documentnumber = 39
20241125@141114.5622 89kgi8n6o4nom7tae60ovjh9sm Query : select 1 valor from information_schema.tables where table_type='base table' and table_name='wstablefields'
20241125@141114.5639 89kgi8n6o4nom7tae60ovjh9sm Query : select fieldkey,fieldname,fieldtype,mandatory from wstablefields where tablename = 'fi2' and documentnumber = 39
20241125@141114.5649 89kgi8n6o4nom7tae60ovjh9sm Query : select top 1 convert(numeric(6,2),t.taxa) valor from taxasiva t where t.codigo='2'
20241125@141114.5662 89kgi8n6o4nom7tae60ovjh9sm Query : select sestamp valor from se where ref ='324.2222.00.1' and lote = 'r2301280100a'
20241125@141114.5676 89kgi8n6o4nom7tae60ovjh9sm Query : select 1 valor from information_schema.tables where table_type='base table' and table_name='wstablefields'
20241125@141114.5692 89kgi8n6o4nom7tae60ovjh9sm Query : select fieldkey,fieldname,fieldtype,calcformula from wstablefields where tablename = 'fi2' and documentnumber = 39
20241125@141114.5705 89kgi8n6o4nom7tae60ovjh9sm Query : insert into wsfi2data (fi2stamp,ftstamp ,ousrdata, ousrhora, usrdata,usrhora,ousrinis,usrinis) values ('aut6744855182674485828a','aut6744885116674485824b' ,getdate(),convert(char(8),convert (time,getdate())),getdate(),convert(char(8),convert (time,getdate())),'wsv','wsv')
20241125@141114.5710 89kgi8n6o4nom7tae60ovjh9sm Query : select 1 valor from information_schema.tables where table_type='base table' and table_name='wstablefields'
20241125@141114.5727 89kgi8n6o4nom7tae60ovjh9sm Query : select fieldkey,fieldname,fieldtype,calcformula from wstablefields where tablename = 'fi' and documentnumber = 39
20241125@141114.5757 89kgi8n6o4nom7tae60ovjh9sm Query : insert into wsfidata (fistamp,ousrdata, ousrhora, usrdata,usrhora,ousrinis,usrinis ,qtt ,ftstamp ,epv,pvmoeda ,tabiva,iva,lordem ,ref, design ,lote,armazem,bistamp ) values ('aut6744855182674485828a',getdate(),convert(char(8),convert (time,getdate())),getdate(),convert(char(8),convert (time,getdate())),'wsv','wsv',96.000 ,'aut6744885116674485824b' ,0,0 ,2,23.00,30000,?,?,?,?,?)
20241125@141114.6057 89kgi8n6o4nom7tae60ovjh9sm Query : insert into wsftcreationlog (initialftstamp,externalid,creationstatus,documenttypeid,idustamp) values ('aut6744885116674485824b','2407794','wait',39,'adm09112754980.682000002')
20241125@141114.6150 89kgi8n6o4nom7tae60ovjh9sm Query : use flama_phc
20241125@141114.6160 89kgi8n6o4nom7tae60ovjh9sm Query : update u_wsusers set rqsttoken =? where userid ='userls001'
20241125@141114.6193 89kgi8n6o4nom7tae60ovjh9sm Query : select concat(rtrim(relative_path),ltrim(name_new)) as valor from uploadfiles where uploadfile_id='3474';
20241125@141114.6247 89kgi8n6o4nom7tae60ovjh9sm Query : update uploadfiles set whenupdated=current_timestamp where uploadfile_id='3474';
20241125@141114.6303 89kgi8n6o4nom7tae60ovjh9sm Query : select concat(rtrim(relative_path),ltrim(name_new)) as valor from uploadfiles where uploadfile_id='3474';
20241125@141114.6345 89kgi8n6o4nom7tae60ovjh9sm Query : update uploadfiles set whenupdated=current_timestamp where uploadfile_id='3474';
20241125@141114.6881 vkqtiubj0d99u6fnrkef5bgcmj Query : insert into uploadfiles ( name_original, name_new, option_type, relative_path, whencreated ) values ( ?, ?, ?, ?, getdate() )
20241125@141114.6895 vkqtiubj0d99u6fnrkef5bgcmj Query : select uploadfile_id valor from uploadfiles where name_new = ? and option_type = ? 
20241125@141114.6967 vkqtiubj0d99u6fnrkef5bgcmj Query : select concat(rtrim(relative_path),ltrim(name_new)) as valor from uploadfiles where uploadfile_id='3475';
20241125@141114.7040 vkqtiubj0d99u6fnrkef5bgcmj Query : update uploadfiles set whenupdated=current_timestamp where uploadfile_id='3475';
20241125@141114.7114 vkqtiubj0d99u6fnrkef5bgcmj Query : select concat(rtrim(relative_path),ltrim(name_new)) as valor from uploadfiles where uploadfile_id='3475';
20241125@141114.7151 vkqtiubj0d99u6fnrkef5bgcmj Query : update uploadfiles set whenupdated=current_timestamp where uploadfile_id='3475';
20241125@141114.7220 vkqtiubj0d99u6fnrkef5bgcmj Query : use flama_phc
20241125@141114.7226 vkqtiubj0d99u6fnrkef5bgcmj Query : select top 1 secretkey valor from u_wsusers u where u.userid = ? and u.inactivo=0
20241125@141114.7300 vkqtiubj0d99u6fnrkef5bgcmj Query : use flama_phc
20241125@141114.7303 vkqtiubj0d99u6fnrkef5bgcmj Query : select no, estab,szadrsdesc from szadrs where u_coddest=4740
20241125@141114.7353 vkqtiubj0d99u6fnrkef5bgcmj Query : select top 1 isnull(design,'') valor from st (nolock) left join stobs (nolock) on st.ref = stobs.ref where st.ref = '324.4967.00.1'
20241125@141114.7568 vkqtiubj0d99u6fnrkef5bgcmj Query : select top 1 bistamp valor from bi inner join bo on bo.bostamp=bi.bostamp where bo.ndos =240 and bo.boano =2077 and bo.obrano = 2407795 and bi.ref ='324.4967.00.1' and bi.lordem =1
20241125@141114.7932 vkqtiubj0d99u6fnrkef5bgcmj Query : use flama_phc
20241125@141114.7940 vkqtiubj0d99u6fnrkef5bgcmj Query : select top 1 convert(date,fdata) valor from ft where ndoc = 39 and anulado= 0 and fno>0 order by fdata desc
20241125@141114.7983 vkqtiubj0d99u6fnrkef5bgcmj Query : use flama_phc
20241125@141114.7987 vkqtiubj0d99u6fnrkef5bgcmj Query : select top 1 1 valor from td where td.ndoc = 39
20241125@141114.9015 vkqtiubj0d99u6fnrkef5bgcmj Query : use flama_phc
20241125@141114.9018 vkqtiubj0d99u6fnrkef5bgcmj Query : select lower(descricao) descricao ,case when valor='s' then 1 else 0 end valor from para1 where descricao in ('st_lote','st_usalogifunc', 'st_grelha')
20241125@141114.9133 vkqtiubj0d99u6fnrkef5bgcmj Query : select top 1 manternumero ,assinadoc issigned ,tiposaft ,assinaimp ,nmdos ,td.assinadoc ,'cl' origin ,lancasl stocks ,case when cmsl<50 and td.lancasl=1 then 1 else 0 end entrada ,case when cmsl>50 and td.lancasl=1 then 1 else 0 end saida ,temserie assets ,~semgre usegridfields from td inner join td2 on td.tdstamp=td2.td2stamp where td.ndoc = 1
20241125@141114.9190 vkqtiubj0d99u6fnrkef5bgcmj Query : use flama_phc
20241125@141114.9195 vkqtiubj0d99u6fnrkef5bgcmj Query : select top 1 ~inactivo valor from cl where no = '100810' and estab = 0 order by inactivo desc
20241125@141114.9277 vkqtiubj0d99u6fnrkef5bgcmj Query : use flama_phc
20241125@141114.9282 vkqtiubj0d99u6fnrkef5bgcmj Query : select top 1 tipodoc,regrd from td where ndoc = 39
20241125@141114.9312 vkqtiubj0d99u6fnrkef5bgcmj Query : use flama_phc
20241125@141114.9336 vkqtiubj0d99u6fnrkef5bgcmj Query : select szadrsstamp valor from szadrs where szadrsdesc='espaÇotrans,lda'
20241125@141114.9454 vkqtiubj0d99u6fnrkef5bgcmj Query : use flama_phc
20241125@141114.9962 vkqtiubj0d99u6fnrkef5bgcmj Query : select szadrsstamp valor from szadrs where szadrsdesc='100810 - worten-equipamentos para o lar,sa.'
20241125@141115.5100 vkqtiubj0d99u6fnrkef5bgcmj Query : use flama_phc
20241125@141115.5400 vkqtiubj0d99u6fnrkef5bgcmj Query : select 1 valor from td where ndoc = 39
20241125@141115.7000 vkqtiubj0d99u6fnrkef5bgcmj Query : select top 1 manternumero, tiposaft, nmdos,td.assinadoc from td where td.ndoc = 39
20241125@141115.9100 vkqtiubj0d99u6fnrkef5bgcmj Query : select 1 valor from information_schema.tables where table_type='base table' and table_name='wstablefields'
20241125@141115.1100 vkqtiubj0d99u6fnrkef5bgcmj Query : select fieldkey,fieldname,fieldtype,mandatory from wstablefields where tablename = 'ft' and documentnumber = 39
20241125@141115.1370 vkqtiubj0d99u6fnrkef5bgcmj Query : select 1 valor from information_schema.tables where table_type='base table' and table_name='wstablefields'
20241125@141115.1660 vkqtiubj0d99u6fnrkef5bgcmj Query : select fieldkey,fieldname,fieldtype,mandatory from wstablefields where tablename = 'ft2' and documentnumber = 39
20241125@141115.2180 vkqtiubj0d99u6fnrkef5bgcmj Query : select 1 valor from information_schema.tables where table_type='base table' and table_name='wstablefields'
20241125@141115.2340 vkqtiubj0d99u6fnrkef5bgcmj Query : select fieldkey,fieldname,fieldtype,mandatory from wstablefields where tablename = 'ft3' and documentnumber = 39
20241125@141115.2510 vkqtiubj0d99u6fnrkef5bgcmj Query : select top 1 ft.fno valor from ft ft where ft.ndoc = 39 and ftano=2024 order by fno desc
20241125@141115.3290 vkqtiubj0d99u6fnrkef5bgcmj Query : select top 1 ft.fno valor from wsftdata ft where ft.ndoc = 39 and ftano=2024 order by fno desc
20241125@141115.3560 vkqtiubj0d99u6fnrkef5bgcmj Query : select 1 valor from information_schema.tables where table_type='base table' and table_name='wstablefields'
20241125@141115.3880 vkqtiubj0d99u6fnrkef5bgcmj Query : select fieldkey,fieldname,fieldtype,calcformula from wstablefields where tablename = 'ft3' and documentnumber = 39
20241125@141115.4180 vkqtiubj0d99u6fnrkef5bgcmj Query : insert into wsft3data (ft3stamp, ousrdata, ousrhora, usrdata,usrhora,ousrinis,usrinis,taxpointdt ) values ('aut67448331086744858306' ,getdate(),convert(char(8),convert (time,getdate())),getdate(),convert(char(8),convert (time,getdate())),'wsv','wsv',?)
20241125@141115.6340 vkqtiubj0d99u6fnrkef5bgcmj Query : select 1 valor from information_schema.tables where table_type='base table' and table_name='wstablefields'
20241125@141115.6570 vkqtiubj0d99u6fnrkef5bgcmj Query : select fieldkey,fieldname,fieldtype,calcformula from wstablefields where tablename = 'ft2' and documentnumber = 39
20241125@141115.6990 vkqtiubj0d99u6fnrkef5bgcmj Query : select top 1 bo.u_nomeenv valor from bo where bo.bostamp=''
20241125@141115.7290 vkqtiubj0d99u6fnrkef5bgcmj Query : select top 1 bo.u_moradaen valor from bo where bo.bostamp=''
20241125@141115.7430 vkqtiubj0d99u6fnrkef5bgcmj Query : select top 1 bo.u_codposen valor from bo where bo.bostamp=''
20241125@141115.7590 vkqtiubj0d99u6fnrkef5bgcmj Query : select top 1 bo.u_localenv valor from bo where bo.bostamp=''
20241125@141115.7720 vkqtiubj0d99u6fnrkef5bgcmj Query : select top 1 bo.trab5 valor from bo where bo.bostamp=''
20241125@141115.7840 vkqtiubj0d99u6fnrkef5bgcmj Query : select top 1 bo.serie valor from bo where bo.bostamp=''
20241125@141115.7950 vkqtiubj0d99u6fnrkef5bgcmj Query : insert into wsft2data (ft2stamp, ousrdata,ousrhora, usrdata,usrhora,ousrinis,usrinis,u_nomeenv ,u_moradaen ,u_codposen ,u_localenv ,u_coddest ,u_codby ) values ('aut67448331086744858306',getdate(),convert(char(8),convert (time,getdate())),getdate(),convert(char(8),convert (time,getdate())),'wsv','wsv',?,?,?,?,?,?)
20241125@141115.1093 vkqtiubj0d99u6fnrkef5bgcmj Query : select top 1 fno valor from wsftdata order by fno desc
20241125@141115.1129 vkqtiubj0d99u6fnrkef5bgcmj Query : select 1 valor from information_schema.tables where table_type='base table' and table_name='wstablefields'
20241125@141115.1295 vkqtiubj0d99u6fnrkef5bgcmj Query : select fieldkey,fieldname,fieldtype,calcformula from wstablefields where tablename = 'ft' and documentnumber = 39
20241125@141115.2144 vkqtiubj0d99u6fnrkef5bgcmj Query : select 'normal' from dummy
20241125@141115.2604 vkqtiubj0d99u6fnrkef5bgcmj Query : insert into wsftdata (ftstamp, ousrdata,ousrhora, usrdata,usrhora,ousrinis,usrinis,fno,no,estab,fdata,ndoc,moeda,cambio,cambiofixo,ftano,site ,classe ) values ('aut67448331086744858306',getdate(),convert(char(8),convert (time,getdate())),getdate(),convert(char(8),convert (time,getdate())),'wsv','wsv',2010,100810,0,'2024-11-25',39,'euro',0,0,2024 ,?,?)
20241125@141115.3653 vkqtiubj0d99u6fnrkef5bgcmj Query : use flama_phc
20241125@141115.3697 vkqtiubj0d99u6fnrkef5bgcmj Query : select st.usalote valor from st where st.ref = '324.4967.00.1'
20241125@141115.4079 vkqtiubj0d99u6fnrkef5bgcmj Query : select top 1 st.tabiva ,st.ivaincl ,st.stns ,st.uni2 ,st.familia ,isnull(tx.taxa, 0) txiva ,unidade ,usalote ,epcpond ,noserie ,conversao ,st.texteis from st left join taxasiva tx on st.tabiva = tx.codigo where st.ref = '324.4967.00.1'
20241125@141115.4282 vkqtiubj0d99u6fnrkef5bgcmj Query : select 1 valor from information_schema.tables where table_type='base table' and table_name='wstablefields'
20241125@141115.4300 vkqtiubj0d99u6fnrkef5bgcmj Query : select fieldkey,fieldname,fieldtype,mandatory from wstablefields where tablename = 'fi' and documentnumber = 39
20241125@141115.4340 vkqtiubj0d99u6fnrkef5bgcmj Query : select 1 valor from information_schema.tables where table_type='base table' and table_name='wstablefields'
20241125@141115.4367 vkqtiubj0d99u6fnrkef5bgcmj Query : select fieldkey,fieldname,fieldtype,mandatory from wstablefields where tablename = 'fi2' and documentnumber = 39
20241125@141115.4378 vkqtiubj0d99u6fnrkef5bgcmj Query : select top 1 convert(numeric(6,2),t.taxa) valor from taxasiva t where t.codigo='2'
20241125@141115.4394 vkqtiubj0d99u6fnrkef5bgcmj Query : select sestamp valor from se where ref ='324.4967.00.1' and lote = 'r2300825100a'
20241125@141115.4414 vkqtiubj0d99u6fnrkef5bgcmj Query : select 1 valor from information_schema.tables where table_type='base table' and table_name='wstablefields'
20241125@141115.4447 vkqtiubj0d99u6fnrkef5bgcmj Query : select fieldkey,fieldname,fieldtype,calcformula from wstablefields where tablename = 'fi2' and documentnumber = 39
20241125@141115.4508 vkqtiubj0d99u6fnrkef5bgcmj Query : insert into wsfi2data (fi2stamp,ftstamp ,ousrdata, ousrhora, usrdata,usrhora,ousrinis,usrinis) values ('aut6744890550674485836b','aut67448331086744858306' ,getdate(),convert(char(8),convert (time,getdate())),getdate(),convert(char(8),convert (time,getdate())),'wsv','wsv')
20241125@141115.4520 vkqtiubj0d99u6fnrkef5bgcmj Query : select 1 valor from information_schema.tables where table_type='base table' and table_name='wstablefields'
20241125@141115.4539 vkqtiubj0d99u6fnrkef5bgcmj Query : select fieldkey,fieldname,fieldtype,calcformula from wstablefields where tablename = 'fi' and documentnumber = 39
20241125@141115.4576 vkqtiubj0d99u6fnrkef5bgcmj Query : insert into wsfidata (fistamp,ousrdata, ousrhora, usrdata,usrhora,ousrinis,usrinis ,qtt ,ftstamp ,epv,pvmoeda ,tabiva,iva,lordem ,ref, design ,lote,armazem,bistamp ) values ('aut6744890550674485836b',getdate(),convert(char(8),convert (time,getdate())),getdate(),convert(char(8),convert (time,getdate())),'wsv','wsv',80.000 ,'aut67448331086744858306' ,0,0 ,2,23.00,10000,?,?,?,?,?)
20241125@141115.4936 vkqtiubj0d99u6fnrkef5bgcmj Query : insert into wsftcreationlog (initialftstamp,externalid,creationstatus,documenttypeid,idustamp) values ('aut67448331086744858306','2407795','wait',39,'adm09112754980.682000002')
20241125@141115.5026 vkqtiubj0d99u6fnrkef5bgcmj Query : use flama_phc
20241125@141115.5029 vkqtiubj0d99u6fnrkef5bgcmj Query : update u_wsusers set rqsttoken =? where userid ='userls001'
20241125@141115.5147 vkqtiubj0d99u6fnrkef5bgcmj Query : select concat(rtrim(relative_path),ltrim(name_new)) as valor from uploadfiles where uploadfile_id='3475';
20241125@141115.5202 vkqtiubj0d99u6fnrkef5bgcmj Query : update uploadfiles set whenupdated=current_timestamp where uploadfile_id='3475';
20241125@141115.5259 vkqtiubj0d99u6fnrkef5bgcmj Query : select concat(rtrim(relative_path),ltrim(name_new)) as valor from uploadfiles where uploadfile_id='3475';
20241125@141115.5295 vkqtiubj0d99u6fnrkef5bgcmj Query : update uploadfiles set whenupdated=current_timestamp where uploadfile_id='3475';
20241125@141115.5835 kcstjmg08mpkh1at47o8o65c1l Query : insert into uploadfiles ( name_original, name_new, option_type, relative_path, whencreated ) values ( ?, ?, ?, ?, getdate() )
20241125@141115.5847 kcstjmg08mpkh1at47o8o65c1l Query : select uploadfile_id valor from uploadfiles where name_new = ? and option_type = ? 
20241125@141115.5927 kcstjmg08mpkh1at47o8o65c1l Query : select concat(rtrim(relative_path),ltrim(name_new)) as valor from uploadfiles where uploadfile_id='3476';
20241125@141115.6009 kcstjmg08mpkh1at47o8o65c1l Query : update uploadfiles set whenupdated=current_timestamp where uploadfile_id='3476';
20241125@141115.6075 kcstjmg08mpkh1at47o8o65c1l Query : select concat(rtrim(relative_path),ltrim(name_new)) as valor from uploadfiles where uploadfile_id='3476';
20241125@141115.6109 kcstjmg08mpkh1at47o8o65c1l Query : update uploadfiles set whenupdated=current_timestamp where uploadfile_id='3476';
20241125@141115.6166 kcstjmg08mpkh1at47o8o65c1l Query : use flama_phc
20241125@141115.6169 kcstjmg08mpkh1at47o8o65c1l Query : select top 1 secretkey valor from u_wsusers u where u.userid = ? and u.inactivo=0
20241125@141115.6240 kcstjmg08mpkh1at47o8o65c1l Query : use flama_phc
20241125@141115.6244 kcstjmg08mpkh1at47o8o65c1l Query : select no, estab,szadrsdesc from szadrs where u_coddest=4740
20241125@141115.6426 kcstjmg08mpkh1at47o8o65c1l Query : select top 1 isnull(design,'') valor from st (nolock) left join stobs (nolock) on st.ref = stobs.ref where st.ref = '324.1805.00.1'
20241125@141115.6630 kcstjmg08mpkh1at47o8o65c1l Query : select top 1 bistamp valor from bi inner join bo on bo.bostamp=bi.bostamp where bo.ndos =240 and bo.boano =2078 and bo.obrano = 2407800 and bi.ref ='324.1805.00.1' and bi.lordem =1
20241125@141115.7194 kcstjmg08mpkh1at47o8o65c1l Query : select top 1 isnull(design,'') valor from st (nolock) left join stobs (nolock) on st.ref = stobs.ref where st.ref = '324.1805.00.1'
20241125@141115.7233 kcstjmg08mpkh1at47o8o65c1l Query : select top 1 bistamp valor from bi inner join bo on bo.bostamp=bi.bostamp where bo.ndos =240 and bo.boano =2078 and bo.obrano = 2407800 and bi.ref ='324.1805.00.1' and bi.lordem =1
20241125@141115.7256 kcstjmg08mpkh1at47o8o65c1l Query : select top 1 isnull(design,'') valor from st (nolock) left join stobs (nolock) on st.ref = stobs.ref where st.ref = '324.1805.00.1'
20241125@141115.7275 kcstjmg08mpkh1at47o8o65c1l Query : select top 1 bistamp valor from bi inner join bo on bo.bostamp=bi.bostamp where bo.ndos =240 and bo.boano =2078 and bo.obrano = 2407800 and bi.ref ='324.1805.00.1' and bi.lordem =1
20241125@141115.7291 kcstjmg08mpkh1at47o8o65c1l Query : select top 1 isnull(design,'') valor from st (nolock) left join stobs (nolock) on st.ref = stobs.ref where st.ref = '324.1805.00.1'
20241125@141115.7310 kcstjmg08mpkh1at47o8o65c1l Query : select top 1 bistamp valor from bi inner join bo on bo.bostamp=bi.bostamp where bo.ndos =240 and bo.boano =2078 and bo.obrano = 2407800 and bi.ref ='324.1805.00.1' and bi.lordem =1
20241125@141115.7326 kcstjmg08mpkh1at47o8o65c1l Query : select top 1 isnull(design,'') valor from st (nolock) left join stobs (nolock) on st.ref = stobs.ref where st.ref = '324.1805.00.1'
20241125@141115.7350 kcstjmg08mpkh1at47o8o65c1l Query : select top 1 bistamp valor from bi inner join bo on bo.bostamp=bi.bostamp where bo.ndos =240 and bo.boano =2078 and bo.obrano = 2407800 and bi.ref ='324.1805.00.1' and bi.lordem =1
20241125@141115.7366 kcstjmg08mpkh1at47o8o65c1l Query : use flama_phc
20241125@141115.7370 kcstjmg08mpkh1at47o8o65c1l Query : select top 1 convert(date,fdata) valor from ft where ndoc = 39 and anulado= 0 and fno>0 order by fdata desc
20241125@141115.7404 kcstjmg08mpkh1at47o8o65c1l Query : use flama_phc
20241125@141115.7407 kcstjmg08mpkh1at47o8o65c1l Query : select top 1 1 valor from td where td.ndoc = 39
20241125@141115.7440 kcstjmg08mpkh1at47o8o65c1l Query : use flama_phc
20241125@141115.7443 kcstjmg08mpkh1at47o8o65c1l Query : select lower(descricao) descricao ,case when valor='s' then 1 else 0 end valor from para1 where descricao in ('st_lote','st_usalogifunc', 'st_grelha')
20241125@141115.7474 kcstjmg08mpkh1at47o8o65c1l Query : select top 1 manternumero ,assinadoc issigned ,tiposaft ,assinaimp ,nmdos ,td.assinadoc ,'cl' origin ,lancasl stocks ,case when cmsl<50 and td.lancasl=1 then 1 else 0 end entrada ,case when cmsl>50 and td.lancasl=1 then 1 else 0 end saida ,temserie assets ,~semgre usegridfields from td inner join td2 on td.tdstamp=td2.td2stamp where td.ndoc = 1
20241125@141115.7589 kcstjmg08mpkh1at47o8o65c1l Query : use flama_phc
20241125@141115.7593 kcstjmg08mpkh1at47o8o65c1l Query : select top 1 ~inactivo valor from cl where no = '100810' and estab = 0 order by inactivo desc
20241125@141115.7631 kcstjmg08mpkh1at47o8o65c1l Query : use flama_phc
20241125@141115.7635 kcstjmg08mpkh1at47o8o65c1l Query : select top 1 tipodoc,regrd from td where ndoc = 39
20241125@141115.7684 kcstjmg08mpkh1at47o8o65c1l Query : use flama_phc
20241125@141115.7688 kcstjmg08mpkh1at47o8o65c1l Query : select szadrsstamp valor from szadrs where szadrsdesc='espaÇotrans,lda'
20241125@141115.7741 kcstjmg08mpkh1at47o8o65c1l Query : use flama_phc
20241125@141115.7744 kcstjmg08mpkh1at47o8o65c1l Query : select szadrsstamp valor from szadrs where szadrsdesc='100810 - worten-equipamentos para o lar,sa.'
20241125@141115.7806 kcstjmg08mpkh1at47o8o65c1l Query : use flama_phc
20241125@141115.7809 kcstjmg08mpkh1at47o8o65c1l Query : select 1 valor from td where ndoc = 39
20241125@141115.7822 kcstjmg08mpkh1at47o8o65c1l Query : select top 1 manternumero, tiposaft, nmdos,td.assinadoc from td where td.ndoc = 39
20241125@141115.7836 kcstjmg08mpkh1at47o8o65c1l Query : select 1 valor from information_schema.tables where table_type='base table' and table_name='wstablefields'
20241125@141115.7861 kcstjmg08mpkh1at47o8o65c1l Query : select fieldkey,fieldname,fieldtype,mandatory from wstablefields where tablename = 'ft' and documentnumber = 39
20241125@141115.7881 kcstjmg08mpkh1at47o8o65c1l Query : select 1 valor from information_schema.tables where table_type='base table' and table_name='wstablefields'
20241125@141115.7901 kcstjmg08mpkh1at47o8o65c1l Query : select fieldkey,fieldname,fieldtype,mandatory from wstablefields where tablename = 'ft2' and documentnumber = 39
20241125@141115.7929 kcstjmg08mpkh1at47o8o65c1l Query : select 1 valor from information_schema.tables where table_type='base table' and table_name='wstablefields'
20241125@141115.7950 kcstjmg08mpkh1at47o8o65c1l Query : select fieldkey,fieldname,fieldtype,mandatory from wstablefields where tablename = 'ft3' and documentnumber = 39
20241125@141115.7962 kcstjmg08mpkh1at47o8o65c1l Query : select top 1 ft.fno valor from ft ft where ft.ndoc = 39 and ftano=2024 order by fno desc
20241125@141115.8025 kcstjmg08mpkh1at47o8o65c1l Query : select top 1 ft.fno valor from wsftdata ft where ft.ndoc = 39 and ftano=2024 order by fno desc
20241125@141115.8037 kcstjmg08mpkh1at47o8o65c1l Query : select 1 valor from information_schema.tables where table_type='base table' and table_name='wstablefields'
20241125@141115.8052 kcstjmg08mpkh1at47o8o65c1l Query : select fieldkey,fieldname,fieldtype,calcformula from wstablefields where tablename = 'ft3' and documentnumber = 39
20241125@141115.8067 kcstjmg08mpkh1at47o8o65c1l Query : insert into wsft3data (ft3stamp, ousrdata, ousrhora, usrdata,usrhora,ousrinis,usrinis,taxpointdt ) values ('aut674482593267448583c2' ,getdate(),convert(char(8),convert (time,getdate())),getdate(),convert(char(8),convert (time,getdate())),'wsv','wsv',?)
20241125@141115.8272 kcstjmg08mpkh1at47o8o65c1l Query : select 1 valor from information_schema.tables where table_type='base table' and table_name='wstablefields'
20241125@141115.8296 kcstjmg08mpkh1at47o8o65c1l Query : select fieldkey,fieldname,fieldtype,calcformula from wstablefields where tablename = 'ft2' and documentnumber = 39
20241125@141115.8345 kcstjmg08mpkh1at47o8o65c1l Query : select top 1 bo.u_nomeenv valor from bo where bo.bostamp=''
20241125@141115.8358 kcstjmg08mpkh1at47o8o65c1l Query : select top 1 bo.u_moradaen valor from bo where bo.bostamp=''
20241125@141115.8377 kcstjmg08mpkh1at47o8o65c1l Query : select top 1 bo.u_codposen valor from bo where bo.bostamp=''
20241125@141115.8390 kcstjmg08mpkh1at47o8o65c1l Query : select top 1 bo.u_localenv valor from bo where bo.bostamp=''
20241125@141115.8402 kcstjmg08mpkh1at47o8o65c1l Query : select top 1 bo.trab5 valor from bo where bo.bostamp=''
20241125@141115.8413 kcstjmg08mpkh1at47o8o65c1l Query : select top 1 bo.serie valor from bo where bo.bostamp=''
20241125@141115.8425 kcstjmg08mpkh1at47o8o65c1l Query : insert into wsft2data (ft2stamp, ousrdata,ousrhora, usrdata,usrhora,ousrinis,usrinis,u_nomeenv ,u_moradaen ,u_codposen ,u_localenv ,u_coddest ,u_codby ) values ('aut674482593267448583c2',getdate(),convert(char(8),convert (time,getdate())),getdate(),convert(char(8),convert (time,getdate())),'wsv','wsv',?,?,?,?,?,?)
20241125@141115.8887 kcstjmg08mpkh1at47o8o65c1l Query : select top 1 fno valor from wsftdata order by fno desc
20241125@141115.8917 kcstjmg08mpkh1at47o8o65c1l Query : select 1 valor from information_schema.tables where table_type='base table' and table_name='wstablefields'
20241125@141115.8942 kcstjmg08mpkh1at47o8o65c1l Query : select fieldkey,fieldname,fieldtype,calcformula from wstablefields where tablename = 'ft' and documentnumber = 39
20241125@141115.8965 kcstjmg08mpkh1at47o8o65c1l Query : select 'normal' from dummy
20241125@141115.8997 kcstjmg08mpkh1at47o8o65c1l Query : insert into wsftdata (ftstamp, ousrdata,ousrhora, usrdata,usrhora,ousrinis,usrinis,fno,no,estab,fdata,ndoc,moeda,cambio,cambiofixo,ftano,site ,classe ) values ('aut674482593267448583c2',getdate(),convert(char(8),convert (time,getdate())),getdate(),convert(char(8),convert (time,getdate())),'wsv','wsv',2011,100810,0,'2024-11-25',39,'euro',0,0,2024 ,?,?)
20241125@141115.9362 kcstjmg08mpkh1at47o8o65c1l Query : use flama_phc
20241125@141115.9369 kcstjmg08mpkh1at47o8o65c1l Query : select st.usalote valor from st where st.ref = '324.1805.00.1'
20241125@141115.9407 kcstjmg08mpkh1at47o8o65c1l Query : select top 1 st.tabiva ,st.ivaincl ,st.stns ,st.uni2 ,st.familia ,isnull(tx.taxa, 0) txiva ,unidade ,usalote ,epcpond ,noserie ,conversao ,st.texteis from st left join taxasiva tx on st.tabiva = tx.codigo where st.ref = '324.1805.00.1'
20241125@141115.9664 kcstjmg08mpkh1at47o8o65c1l Query : select 1 valor from information_schema.tables where table_type='base table' and table_name='wstablefields'
20241125@141115.9725 kcstjmg08mpkh1at47o8o65c1l Query : select fieldkey,fieldname,fieldtype,mandatory from wstablefields where tablename = 'fi' and documentnumber = 39
20241125@141115.9754 kcstjmg08mpkh1at47o8o65c1l Query : select 1 valor from information_schema.tables where table_type='base table' and table_name='wstablefields'
20241125@141115.9788 kcstjmg08mpkh1at47o8o65c1l Query : select fieldkey,fieldname,fieldtype,mandatory from wstablefields where tablename = 'fi2' and documentnumber = 39
20241125@141115.9798 kcstjmg08mpkh1at47o8o65c1l Query : select top 1 convert(numeric(6,2),t.taxa) valor from taxasiva t where t.codigo='2'
20241125@141115.9818 kcstjmg08mpkh1at47o8o65c1l Query : select sestamp valor from se where ref ='324.1805.00.1' and lote = 'r2400291200a'
20241125@141115.9838 kcstjmg08mpkh1at47o8o65c1l Query : select 1 valor from information_schema.tables where table_type='base table' and table_name='wstablefields'
20241125@141115.9854 kcstjmg08mpkh1at47o8o65c1l Query : select fieldkey,fieldname,fieldtype,calcformula from wstablefields where tablename = 'fi2' and documentnumber = 39
20241125@141115.9871 kcstjmg08mpkh1at47o8o65c1l Query : insert into wsfi2data (fi2stamp,ftstamp ,ousrdata, ousrhora, usrdata,usrhora,ousrinis,usrinis) values ('aut674483570867448583f0','aut674482593267448583c2' ,getdate(),convert(char(8),convert (time,getdate())),getdate(),convert(char(8),convert (time,getdate())),'wsv','wsv')
20241125@141115.9876 kcstjmg08mpkh1at47o8o65c1l Query : select 1 valor from information_schema.tables where table_type='base table' and table_name='wstablefields'
20241125@141115.9893 kcstjmg08mpkh1at47o8o65c1l Query : select fieldkey,fieldname,fieldtype,calcformula from wstablefields where tablename = 'fi' and documentnumber = 39
20241125@141116.1250 kcstjmg08mpkh1at47o8o65c1l Query : insert into wsfidata (fistamp,ousrdata, ousrhora, usrdata,usrhora,ousrinis,usrinis ,qtt ,ftstamp ,epv,pvmoeda ,tabiva,iva,lordem ,ref, design ,lote,armazem,bistamp ) values ('aut674483570867448583f0',getdate(),convert(char(8),convert (time,getdate())),getdate(),convert(char(8),convert (time,getdate())),'wsv','wsv',4.000 ,'aut674482593267448583c2' ,0,0 ,2,23.00,10000,?,?,?,?,?)
20241125@141116.4650 kcstjmg08mpkh1at47o8o65c1l Query : use flama_phc
20241125@141116.4730 kcstjmg08mpkh1at47o8o65c1l Query : select st.usalote valor from st where st.ref = '324.1805.00.1'
20241125@141116.5660 kcstjmg08mpkh1at47o8o65c1l Query : select top 1 st.tabiva ,st.ivaincl ,st.stns ,st.uni2 ,st.familia ,isnull(tx.taxa, 0) txiva ,unidade ,usalote ,epcpond ,noserie ,conversao ,st.texteis from st left join taxasiva tx on st.tabiva = tx.codigo where st.ref = '324.1805.00.1'
20241125@141116.5850 kcstjmg08mpkh1at47o8o65c1l Query : select 1 valor from information_schema.tables where table_type='base table' and table_name='wstablefields'
20241125@141116.6030 kcstjmg08mpkh1at47o8o65c1l Query : select fieldkey,fieldname,fieldtype,mandatory from wstablefields where tablename = 'fi' and documentnumber = 39
20241125@141116.6360 kcstjmg08mpkh1at47o8o65c1l Query : select 1 valor from information_schema.tables where table_type='base table' and table_name='wstablefields'
20241125@141116.6510 kcstjmg08mpkh1at47o8o65c1l Query : select fieldkey,fieldname,fieldtype,mandatory from wstablefields where tablename = 'fi2' and documentnumber = 39
20241125@141116.6610 kcstjmg08mpkh1at47o8o65c1l Query : select top 1 convert(numeric(6,2),t.taxa) valor from taxasiva t where t.codigo='2'
20241125@141116.6810 kcstjmg08mpkh1at47o8o65c1l Query : select sestamp valor from se where ref ='324.1805.00.1' and lote = 'r2400291200a'
20241125@141116.6950 kcstjmg08mpkh1at47o8o65c1l Query : select 1 valor from information_schema.tables where table_type='base table' and table_name='wstablefields'
20241125@141116.7100 kcstjmg08mpkh1at47o8o65c1l Query : select fieldkey,fieldname,fieldtype,calcformula from wstablefields where tablename = 'fi2' and documentnumber = 39
20241125@141116.7260 kcstjmg08mpkh1at47o8o65c1l Query : insert into wsfi2data (fi2stamp,ftstamp ,ousrdata, ousrhora, usrdata,usrhora,ousrinis,usrinis) values ('aut67448388306744858410','aut674482593267448583c2' ,getdate(),convert(char(8),convert (time,getdate())),getdate(),convert(char(8),convert (time,getdate())),'wsv','wsv')
20241125@141116.7310 kcstjmg08mpkh1at47o8o65c1l Query : select 1 valor from information_schema.tables where table_type='base table' and table_name='wstablefields'
20241125@141116.7460 kcstjmg08mpkh1at47o8o65c1l Query : select fieldkey,fieldname,fieldtype,calcformula from wstablefields where tablename = 'fi' and documentnumber = 39
20241125@141116.7790 kcstjmg08mpkh1at47o8o65c1l Query : insert into wsfidata (fistamp,ousrdata, ousrhora, usrdata,usrhora,ousrinis,usrinis ,qtt ,ftstamp ,epv,pvmoeda ,tabiva,iva,lordem ,ref, design ,lote,armazem,bistamp ) values ('aut67448388306744858410',getdate(),convert(char(8),convert (time,getdate())),getdate(),convert(char(8),convert (time,getdate())),'wsv','wsv',14.000 ,'aut674482593267448583c2' ,0,0 ,2,23.00,20000,?,?,?,?,?)
20241125@141116.1153 kcstjmg08mpkh1at47o8o65c1l Query : use flama_phc
20241125@141116.1159 kcstjmg08mpkh1at47o8o65c1l Query : select st.usalote valor from st where st.ref = '324.1805.00.1'
20241125@141116.1183 kcstjmg08mpkh1at47o8o65c1l Query : select top 1 st.tabiva ,st.ivaincl ,st.stns ,st.uni2 ,st.familia ,isnull(tx.taxa, 0) txiva ,unidade ,usalote ,epcpond ,noserie ,conversao ,st.texteis from st left join taxasiva tx on st.tabiva = tx.codigo where st.ref = '324.1805.00.1'
20241125@141116.1203 kcstjmg08mpkh1at47o8o65c1l Query : select 1 valor from information_schema.tables where table_type='base table' and table_name='wstablefields'
20241125@141116.1221 kcstjmg08mpkh1at47o8o65c1l Query : select fieldkey,fieldname,fieldtype,mandatory from wstablefields where tablename = 'fi' and documentnumber = 39
20241125@141116.1253 kcstjmg08mpkh1at47o8o65c1l Query : select 1 valor from information_schema.tables where table_type='base table' and table_name='wstablefields'
20241125@141116.1271 kcstjmg08mpkh1at47o8o65c1l Query : select fieldkey,fieldname,fieldtype,mandatory from wstablefields where tablename = 'fi2' and documentnumber = 39
20241125@141116.1285 kcstjmg08mpkh1at47o8o65c1l Query : select top 1 convert(numeric(6,2),t.taxa) valor from taxasiva t where t.codigo='2'
20241125@141116.1299 kcstjmg08mpkh1at47o8o65c1l Query : select sestamp valor from se where ref ='324.1805.00.1' and lote = 'r2400291200a'
20241125@141116.1313 kcstjmg08mpkh1at47o8o65c1l Query : select 1 valor from information_schema.tables where table_type='base table' and table_name='wstablefields'
20241125@141116.1331 kcstjmg08mpkh1at47o8o65c1l Query : select fieldkey,fieldname,fieldtype,calcformula from wstablefields where tablename = 'fi2' and documentnumber = 39
20241125@141116.1345 kcstjmg08mpkh1at47o8o65c1l Query : insert into wsfi2data (fi2stamp,ftstamp ,ousrdata, ousrhora, usrdata,usrhora,ousrinis,usrinis) values ('aut67448224376744858420','aut674482593267448583c2' ,getdate(),convert(char(8),convert (time,getdate())),getdate(),convert(char(8),convert (time,getdate())),'wsv','wsv')
20241125@141116.1364 kcstjmg08mpkh1at47o8o65c1l Query : select 1 valor from information_schema.tables where table_type='base table' and table_name='wstablefields'
20241125@141116.1382 kcstjmg08mpkh1at47o8o65c1l Query : select fieldkey,fieldname,fieldtype,calcformula from wstablefields where tablename = 'fi' and documentnumber = 39
20241125@141116.1422 kcstjmg08mpkh1at47o8o65c1l Query : insert into wsfidata (fistamp,ousrdata, ousrhora, usrdata,usrhora,ousrinis,usrinis ,qtt ,ftstamp ,epv,pvmoeda ,tabiva,iva,lordem ,ref, design ,lote,armazem,bistamp ) values ('aut67448224376744858420',getdate(),convert(char(8),convert (time,getdate())),getdate(),convert(char(8),convert (time,getdate())),'wsv','wsv',14.000 ,'aut674482593267448583c2' ,0,0 ,2,23.00,30000,?,?,?,?,?)
20241125@141116.1765 kcstjmg08mpkh1at47o8o65c1l Query : use flama_phc
20241125@141116.1769 kcstjmg08mpkh1at47o8o65c1l Query : select st.usalote valor from st where st.ref = '324.1805.00.1'
20241125@141116.1791 kcstjmg08mpkh1at47o8o65c1l Query : select top 1 st.tabiva ,st.ivaincl ,st.stns ,st.uni2 ,st.familia ,isnull(tx.taxa, 0) txiva ,unidade ,usalote ,epcpond ,noserie ,conversao ,st.texteis from st left join taxasiva tx on st.tabiva = tx.codigo where st.ref = '324.1805.00.1'
20241125@141116.1808 kcstjmg08mpkh1at47o8o65c1l Query : select 1 valor from information_schema.tables where table_type='base table' and table_name='wstablefields'
20241125@141116.1826 kcstjmg08mpkh1at47o8o65c1l Query : select fieldkey,fieldname,fieldtype,mandatory from wstablefields where tablename = 'fi' and documentnumber = 39
20241125@141116.1857 kcstjmg08mpkh1at47o8o65c1l Query : select 1 valor from information_schema.tables where table_type='base table' and table_name='wstablefields'
20241125@141116.1872 kcstjmg08mpkh1at47o8o65c1l Query : select fieldkey,fieldname,fieldtype,mandatory from wstablefields where tablename = 'fi2' and documentnumber = 39
20241125@141116.1881 kcstjmg08mpkh1at47o8o65c1l Query : select top 1 convert(numeric(6,2),t.taxa) valor from taxasiva t where t.codigo='2'
20241125@141116.1900 kcstjmg08mpkh1at47o8o65c1l Query : select sestamp valor from se where ref ='324.1805.00.1' and lote = 'r2400291200a'
20241125@141116.1913 kcstjmg08mpkh1at47o8o65c1l Query : select 1 valor from information_schema.tables where table_type='base table' and table_name='wstablefields'
20241125@141116.2020 kcstjmg08mpkh1at47o8o65c1l Query : select fieldkey,fieldname,fieldtype,calcformula from wstablefields where tablename = 'fi2' and documentnumber = 39
20241125@141116.2055 kcstjmg08mpkh1at47o8o65c1l Query : insert into wsfi2data (fi2stamp,ftstamp ,ousrdata, ousrhora, usrdata,usrhora,ousrinis,usrinis) values ('aut6744813681674485842e','aut674482593267448583c2' ,getdate(),convert(char(8),convert (time,getdate())),getdate(),convert(char(8),convert (time,getdate())),'wsv','wsv')
20241125@141116.2060 kcstjmg08mpkh1at47o8o65c1l Query : select 1 valor from information_schema.tables where table_type='base table' and table_name='wstablefields'
20241125@141116.2077 kcstjmg08mpkh1at47o8o65c1l Query : select fieldkey,fieldname,fieldtype,calcformula from wstablefields where tablename = 'fi' and documentnumber = 39
20241125@141116.2112 kcstjmg08mpkh1at47o8o65c1l Query : insert into wsfidata (fistamp,ousrdata, ousrhora, usrdata,usrhora,ousrinis,usrinis ,qtt ,ftstamp ,epv,pvmoeda ,tabiva,iva,lordem ,ref, design ,lote,armazem,bistamp ) values ('aut6744813681674485842e',getdate(),convert(char(8),convert (time,getdate())),getdate(),convert(char(8),convert (time,getdate())),'wsv','wsv',14.000 ,'aut674482593267448583c2' ,0,0 ,2,23.00,40000,?,?,?,?,?)
20241125@141116.2438 kcstjmg08mpkh1at47o8o65c1l Query : use flama_phc
20241125@141116.2441 kcstjmg08mpkh1at47o8o65c1l Query : select st.usalote valor from st where st.ref = '324.1805.00.1'
20241125@141116.2465 kcstjmg08mpkh1at47o8o65c1l Query : select top 1 st.tabiva ,st.ivaincl ,st.stns ,st.uni2 ,st.familia ,isnull(tx.taxa, 0) txiva ,unidade ,usalote ,epcpond ,noserie ,conversao ,st.texteis from st left join taxasiva tx on st.tabiva = tx.codigo where st.ref = '324.1805.00.1'
20241125@141116.2493 kcstjmg08mpkh1at47o8o65c1l Query : select 1 valor from information_schema.tables where table_type='base table' and table_name='wstablefields'
20241125@141116.2513 kcstjmg08mpkh1at47o8o65c1l Query : select fieldkey,fieldname,fieldtype,mandatory from wstablefields where tablename = 'fi' and documentnumber = 39
20241125@141116.2575 kcstjmg08mpkh1at47o8o65c1l Query : select 1 valor from information_schema.tables where table_type='base table' and table_name='wstablefields'
20241125@141116.2591 kcstjmg08mpkh1at47o8o65c1l Query : select fieldkey,fieldname,fieldtype,mandatory from wstablefields where tablename = 'fi2' and documentnumber = 39
20241125@141116.2601 kcstjmg08mpkh1at47o8o65c1l Query : select top 1 convert(numeric(6,2),t.taxa) valor from taxasiva t where t.codigo='2'
20241125@141116.2613 kcstjmg08mpkh1at47o8o65c1l Query : select sestamp valor from se where ref ='324.1805.00.1' and lote = 'r2400291200a'
20241125@141116.2629 kcstjmg08mpkh1at47o8o65c1l Query : select 1 valor from information_schema.tables where table_type='base table' and table_name='wstablefields'
20241125@141116.3059 kcstjmg08mpkh1at47o8o65c1l Query : select fieldkey,fieldname,fieldtype,calcformula from wstablefields where tablename = 'fi2' and documentnumber = 39
20241125@141116.3072 kcstjmg08mpkh1at47o8o65c1l Query : insert into wsfi2data (fi2stamp,ftstamp ,ousrdata, ousrhora, usrdata,usrhora,ousrinis,usrinis) values ('aut67448240206744858440','aut674482593267448583c2' ,getdate(),convert(char(8),convert (time,getdate())),getdate(),convert(char(8),convert (time,getdate())),'wsv','wsv')
20241125@141116.3077 kcstjmg08mpkh1at47o8o65c1l Query : select 1 valor from information_schema.tables where table_type='base table' and table_name='wstablefields'
20241125@141116.3096 kcstjmg08mpkh1at47o8o65c1l Query : select fieldkey,fieldname,fieldtype,calcformula from wstablefields where tablename = 'fi' and documentnumber = 39
20241125@141116.3123 kcstjmg08mpkh1at47o8o65c1l Query : insert into wsfidata (fistamp,ousrdata, ousrhora, usrdata,usrhora,ousrinis,usrinis ,qtt ,ftstamp ,epv,pvmoeda ,tabiva,iva,lordem ,ref, design ,lote,armazem,bistamp ) values ('aut67448240206744858440',getdate(),convert(char(8),convert (time,getdate())),getdate(),convert(char(8),convert (time,getdate())),'wsv','wsv',14.000 ,'aut674482593267448583c2' ,0,0 ,2,23.00,50000,?,?,?,?,?)
20241125@141116.3413 kcstjmg08mpkh1at47o8o65c1l Query : insert into wsftcreationlog (initialftstamp,externalid,creationstatus,documenttypeid,idustamp) values ('aut674482593267448583c2','2407800','wait',39,'adm09112754980.682000002')
20241125@141116.3516 kcstjmg08mpkh1at47o8o65c1l Query : use flama_phc
20241125@141116.3519 kcstjmg08mpkh1at47o8o65c1l Query : update u_wsusers set rqsttoken =? where userid ='userls001'
20241125@141116.3554 kcstjmg08mpkh1at47o8o65c1l Query : select concat(rtrim(relative_path),ltrim(name_new)) as valor from uploadfiles where uploadfile_id='3476';
20241125@141116.3598 kcstjmg08mpkh1at47o8o65c1l Query : update uploadfiles set whenupdated=current_timestamp where uploadfile_id='3476';
20241125@141116.3657 kcstjmg08mpkh1at47o8o65c1l Query : select concat(rtrim(relative_path),ltrim(name_new)) as valor from uploadfiles where uploadfile_id='3476';
20241125@141116.3693 kcstjmg08mpkh1at47o8o65c1l Query : update uploadfiles set whenupdated=current_timestamp where uploadfile_id='3476';
20241125@141116.4230 kmo32ju4u2vsm7l03me93te2b6 Query : insert into uploadfiles ( name_original, name_new, option_type, relative_path, whencreated ) values ( ?, ?, ?, ?, getdate() )
20241125@141116.4241 kmo32ju4u2vsm7l03me93te2b6 Query : select uploadfile_id valor from uploadfiles where name_new = ? and option_type = ? 
20241125@141116.4312 kmo32ju4u2vsm7l03me93te2b6 Query : select concat(rtrim(relative_path),ltrim(name_new)) as valor from uploadfiles where uploadfile_id='3477';
20241125@141116.4423 kmo32ju4u2vsm7l03me93te2b6 Query : update uploadfiles set whenupdated=current_timestamp where uploadfile_id='3477';
20241125@141116.4490 kmo32ju4u2vsm7l03me93te2b6 Query : select concat(rtrim(relative_path),ltrim(name_new)) as valor from uploadfiles where uploadfile_id='3477';
20241125@141116.4525 kmo32ju4u2vsm7l03me93te2b6 Query : update uploadfiles set whenupdated=current_timestamp where uploadfile_id='3477';
20241125@141116.4584 kmo32ju4u2vsm7l03me93te2b6 Query : use flama_phc
20241125@141116.4587 kmo32ju4u2vsm7l03me93te2b6 Query : select top 1 secretkey valor from u_wsusers u where u.userid = ? and u.inactivo=0
20241125@141116.4655 kmo32ju4u2vsm7l03me93te2b6 Query : use flama_phc
20241125@141116.4658 kmo32ju4u2vsm7l03me93te2b6 Query : select no, estab,szadrsdesc from szadrs where u_coddest=2138
20241125@141116.4758 kmo32ju4u2vsm7l03me93te2b6 Query : select top 1 isnull(design,'') valor from st (nolock) left join stobs (nolock) on st.ref = stobs.ref where st.ref = '324.1803.00.1'
20241125@141116.4957 kmo32ju4u2vsm7l03me93te2b6 Query : select top 1 bistamp valor from bi inner join bo on bo.bostamp=bi.bostamp where bo.ndos =240 and bo.boano =2078 and bo.obrano = 2407812 and bi.ref ='324.1803.00.1' and bi.lordem =1
20241125@141116.5317 kmo32ju4u2vsm7l03me93te2b6 Query : select top 1 isnull(design,'') valor from st (nolock) left join stobs (nolock) on st.ref = stobs.ref where st.ref = '324.1879.00.1'
20241125@141116.5499 kmo32ju4u2vsm7l03me93te2b6 Query : select top 1 bistamp valor from bi inner join bo on bo.bostamp=bi.bostamp where bo.ndos =240 and bo.boano =2078 and bo.obrano = 2407812 and bi.ref ='324.1879.00.1' and bi.lordem =2
20241125@141116.5849 kmo32ju4u2vsm7l03me93te2b6 Query : select top 1 isnull(design,'') valor from st (nolock) left join stobs (nolock) on st.ref = stobs.ref where st.ref = '324.4970.00.1'
20241125@141116.6037 kmo32ju4u2vsm7l03me93te2b6 Query : select top 1 bistamp valor from bi inner join bo on bo.bostamp=bi.bostamp where bo.ndos =240 and bo.boano =2078 and bo.obrano = 2407812 and bi.ref ='324.4970.00.1' and bi.lordem =3
20241125@141116.6409 kmo32ju4u2vsm7l03me93te2b6 Query : select top 1 isnull(design,'') valor from st (nolock) left join stobs (nolock) on st.ref = stobs.ref where st.ref = '324.1608.00.1'
20241125@141116.6596 kmo32ju4u2vsm7l03me93te2b6 Query : select top 1 bistamp valor from bi inner join bo on bo.bostamp=bi.bostamp where bo.ndos =240 and bo.boano =2078 and bo.obrano = 2407812 and bi.ref ='324.1608.00.1' and bi.lordem =4
20241125@141116.6960 kmo32ju4u2vsm7l03me93te2b6 Query : select top 1 isnull(design,'') valor from st (nolock) left join stobs (nolock) on st.ref = stobs.ref where st.ref = '324.2221.00.1'
20241125@141116.7182 kmo32ju4u2vsm7l03me93te2b6 Query : select top 1 bistamp valor from bi inner join bo on bo.bostamp=bi.bostamp where bo.ndos =240 and bo.boano =2078 and bo.obrano = 2407812 and bi.ref ='324.2221.00.1' and bi.lordem =5
20241125@141116.7533 kmo32ju4u2vsm7l03me93te2b6 Query : select top 1 isnull(design,'') valor from st (nolock) left join stobs (nolock) on st.ref = stobs.ref where st.ref = '324.657.00.01'
20241125@141116.7739 kmo32ju4u2vsm7l03me93te2b6 Query : select top 1 bistamp valor from bi inner join bo on bo.bostamp=bi.bostamp where bo.ndos =240 and bo.boano =2078 and bo.obrano = 2407812 and bi.ref ='324.657.00.01' and bi.lordem =6
20241125@141116.8097 kmo32ju4u2vsm7l03me93te2b6 Query : select top 1 isnull(design,'') valor from st (nolock) left join stobs (nolock) on st.ref = stobs.ref where st.ref = '324.682.00.01'
20241125@141116.8282 kmo32ju4u2vsm7l03me93te2b6 Query : select top 1 bistamp valor from bi inner join bo on bo.bostamp=bi.bostamp where bo.ndos =240 and bo.boano =2078 and bo.obrano = 2407812 and bi.ref ='324.682.00.01' and bi.lordem =7
20241125@141116.8643 kmo32ju4u2vsm7l03me93te2b6 Query : select top 1 isnull(design,'') valor from st (nolock) left join stobs (nolock) on st.ref = stobs.ref where st.ref = '324.692.00.01'
20241125@141116.8962 kmo32ju4u2vsm7l03me93te2b6 Query : select top 1 bistamp valor from bi inner join bo on bo.bostamp=bi.bostamp where bo.ndos =240 and bo.boano =2078 and bo.obrano = 2407812 and bi.ref ='324.692.00.01' and bi.lordem =8
20241125@141116.9321 kmo32ju4u2vsm7l03me93te2b6 Query : select top 1 isnull(design,'') valor from st (nolock) left join stobs (nolock) on st.ref = stobs.ref where st.ref = '324.946.00.01'
20241125@141116.9512 kmo32ju4u2vsm7l03me93te2b6 Query : select top 1 bistamp valor from bi inner join bo on bo.bostamp=bi.bostamp where bo.ndos =240 and bo.boano =2078 and bo.obrano = 2407812 and bi.ref ='324.946.00.01' and bi.lordem =9
20241125@141116.9868 kmo32ju4u2vsm7l03me93te2b6 Query : select top 1 isnull(design,'') valor from st (nolock) left join stobs (nolock) on st.ref = stobs.ref where st.ref = '324.939.00.01'
20241125@141117.6800 kmo32ju4u2vsm7l03me93te2b6 Query : select top 1 bistamp valor from bi inner join bo on bo.bostamp=bi.bostamp where bo.ndos =240 and bo.boano =2078 and bo.obrano = 2407812 and bi.ref ='324.939.00.01' and bi.lordem =10
20241125@141117.3491 kmo32ju4u2vsm7l03me93te2b6 Query : use flama_phc
20241125@141117.3496 kmo32ju4u2vsm7l03me93te2b6 Query : select top 1 convert(date,fdata) valor from ft where ndoc = 39 and anulado= 0 and fno>0 order by fdata desc
20241125@141117.3535 kmo32ju4u2vsm7l03me93te2b6 Query : use flama_phc
20241125@141117.3541 kmo32ju4u2vsm7l03me93te2b6 Query : select top 1 1 valor from td where td.ndoc = 39
20241125@141117.3581 kmo32ju4u2vsm7l03me93te2b6 Query : use flama_phc
20241125@141117.3584 kmo32ju4u2vsm7l03me93te2b6 Query : select lower(descricao) descricao ,case when valor='s' then 1 else 0 end valor from para1 where descricao in ('st_lote','st_usalogifunc', 'st_grelha')
20241125@141117.3628 kmo32ju4u2vsm7l03me93te2b6 Query : select top 1 manternumero ,assinadoc issigned ,tiposaft ,assinaimp ,nmdos ,td.assinadoc ,'cl' origin ,lancasl stocks ,case when cmsl<50 and td.lancasl=1 then 1 else 0 end entrada ,case when cmsl>50 and td.lancasl=1 then 1 else 0 end saida ,temserie assets ,~semgre usegridfields from td inner join td2 on td.tdstamp=td2.td2stamp where td.ndoc = 1
20241125@141117.3672 kmo32ju4u2vsm7l03me93te2b6 Query : use flama_phc
20241125@141117.3675 kmo32ju4u2vsm7l03me93te2b6 Query : select top 1 ~inactivo valor from cl where no = '100404' and estab = 0 order by inactivo desc
20241125@141117.3816 kmo32ju4u2vsm7l03me93te2b6 Query : use flama_phc
20241125@141117.3819 kmo32ju4u2vsm7l03me93te2b6 Query : select top 1 tipodoc,regrd from td where ndoc = 39
20241125@141117.3871 kmo32ju4u2vsm7l03me93te2b6 Query : use flama_phc
20241125@141117.3888 kmo32ju4u2vsm7l03me93te2b6 Query : select szadrsstamp valor from szadrs where szadrsdesc='espaÇotrans,lda'
20241125@141117.3943 kmo32ju4u2vsm7l03me93te2b6 Query : use flama_phc
20241125@141117.3947 kmo32ju4u2vsm7l03me93te2b6 Query : select szadrsstamp valor from szadrs where szadrsdesc='bitranlis, agentes transitára'
20241125@141117.4001 kmo32ju4u2vsm7l03me93te2b6 Query : use flama_phc
20241125@141117.4004 kmo32ju4u2vsm7l03me93te2b6 Query : select 1 valor from td where ndoc = 39
20241125@141117.4027 kmo32ju4u2vsm7l03me93te2b6 Query : select top 1 manternumero, tiposaft, nmdos,td.assinadoc from td where td.ndoc = 39
20241125@141117.4044 kmo32ju4u2vsm7l03me93te2b6 Query : select 1 valor from information_schema.tables where table_type='base table' and table_name='wstablefields'
20241125@141117.4062 kmo32ju4u2vsm7l03me93te2b6 Query : select fieldkey,fieldname,fieldtype,mandatory from wstablefields where tablename = 'ft' and documentnumber = 39
20241125@141117.4091 kmo32ju4u2vsm7l03me93te2b6 Query : select 1 valor from information_schema.tables where table_type='base table' and table_name='wstablefields'
20241125@141117.4109 kmo32ju4u2vsm7l03me93te2b6 Query : select fieldkey,fieldname,fieldtype,mandatory from wstablefields where tablename = 'ft2' and documentnumber = 39
20241125@141117.4150 kmo32ju4u2vsm7l03me93te2b6 Query : select 1 valor from information_schema.tables where table_type='base table' and table_name='wstablefields'
20241125@141117.4165 kmo32ju4u2vsm7l03me93te2b6 Query : select fieldkey,fieldname,fieldtype,mandatory from wstablefields where tablename = 'ft3' and documentnumber = 39
20241125@141117.4192 kmo32ju4u2vsm7l03me93te2b6 Query : select top 1 ft.fno valor from ft ft where ft.ndoc = 39 and ftano=2024 order by fno desc
20241125@141117.4255 kmo32ju4u2vsm7l03me93te2b6 Query : select top 1 ft.fno valor from wsftdata ft where ft.ndoc = 39 and ftano=2024 order by fno desc
20241125@141117.4269 kmo32ju4u2vsm7l03me93te2b6 Query : select 1 valor from information_schema.tables where table_type='base table' and table_name='wstablefields'
20241125@141117.4296 kmo32ju4u2vsm7l03me93te2b6 Query : select fieldkey,fieldname,fieldtype,calcformula from wstablefields where tablename = 'ft3' and documentnumber = 39
20241125@141117.4322 kmo32ju4u2vsm7l03me93te2b6 Query : insert into wsft3data (ft3stamp, ousrdata, ousrhora, usrdata,usrhora,ousrinis,usrinis,taxpointdt ) values ('aut67448310896744858566' ,getdate(),convert(char(8),convert (time,getdate())),getdate(),convert(char(8),convert (time,getdate())),'wsv','wsv',?)
20241125@141117.4722 kmo32ju4u2vsm7l03me93te2b6 Query : select 1 valor from information_schema.tables where table_type='base table' and table_name='wstablefields'
20241125@141117.4828 kmo32ju4u2vsm7l03me93te2b6 Query : select fieldkey,fieldname,fieldtype,calcformula from wstablefields where tablename = 'ft2' and documentnumber = 39
20241125@141117.4911 kmo32ju4u2vsm7l03me93te2b6 Query : select top 1 bo.u_nomeenv valor from bo where bo.bostamp=''
20241125@141117.4939 kmo32ju4u2vsm7l03me93te2b6 Query : select top 1 bo.u_moradaen valor from bo where bo.bostamp=''
20241125@141117.4965 kmo32ju4u2vsm7l03me93te2b6 Query : select top 1 bo.u_codposen valor from bo where bo.bostamp=''
20241125@141117.4985 kmo32ju4u2vsm7l03me93te2b6 Query : select top 1 bo.u_localenv valor from bo where bo.bostamp=''
20241125@141117.4998 kmo32ju4u2vsm7l03me93te2b6 Query : select top 1 bo.trab5 valor from bo where bo.bostamp=''
20241125@141117.5196 kmo32ju4u2vsm7l03me93te2b6 Query : select top 1 bo.serie valor from bo where bo.bostamp=''
20241125@141117.5214 kmo32ju4u2vsm7l03me93te2b6 Query : insert into wsft2data (ft2stamp, ousrdata,ousrhora, usrdata,usrhora,ousrinis,usrinis,u_nomeenv ,u_moradaen ,u_codposen ,u_localenv ,u_coddest ,u_codby ) values ('aut67448310896744858566',getdate(),convert(char(8),convert (time,getdate())),getdate(),convert(char(8),convert (time,getdate())),'wsv','wsv',?,?,?,?,?,?)
20241125@141117.5525 kmo32ju4u2vsm7l03me93te2b6 Query : select top 1 fno valor from wsftdata order by fno desc
20241125@141117.5569 kmo32ju4u2vsm7l03me93te2b6 Query : select 1 valor from information_schema.tables where table_type='base table' and table_name='wstablefields'
20241125@141117.5596 kmo32ju4u2vsm7l03me93te2b6 Query : select fieldkey,fieldname,fieldtype,calcformula from wstablefields where tablename = 'ft' and documentnumber = 39
20241125@141117.5784 kmo32ju4u2vsm7l03me93te2b6 Query : select 'normal' from dummy
20241125@141117.5881 kmo32ju4u2vsm7l03me93te2b6 Query : insert into wsftdata (ftstamp, ousrdata,ousrhora, usrdata,usrhora,ousrinis,usrinis,fno,no,estab,fdata,ndoc,moeda,cambio,cambiofixo,ftano,site ,classe ) values ('aut67448310896744858566',getdate(),convert(char(8),convert (time,getdate())),getdate(),convert(char(8),convert (time,getdate())),'wsv','wsv',2012,100404,0,'2024-11-25',39,'euro',0,0,2024 ,?,?)
20241125@141117.6224 kmo32ju4u2vsm7l03me93te2b6 Query : use flama_phc
20241125@141117.6228 kmo32ju4u2vsm7l03me93te2b6 Query : select st.usalote valor from st where st.ref = '324.1803.00.1'
20241125@141117.6255 kmo32ju4u2vsm7l03me93te2b6 Query : select top 1 st.tabiva ,st.ivaincl ,st.stns ,st.uni2 ,st.familia ,isnull(tx.taxa, 0) txiva ,unidade ,usalote ,epcpond ,noserie ,conversao ,st.texteis from st left join taxasiva tx on st.tabiva = tx.codigo where st.ref = '324.1803.00.1'
20241125@141117.6423 kmo32ju4u2vsm7l03me93te2b6 Query : select 1 valor from information_schema.tables where table_type='base table' and table_name='wstablefields'
20241125@141117.6443 kmo32ju4u2vsm7l03me93te2b6 Query : select fieldkey,fieldname,fieldtype,mandatory from wstablefields where tablename = 'fi' and documentnumber = 39
20241125@141117.6472 kmo32ju4u2vsm7l03me93te2b6 Query : select 1 valor from information_schema.tables where table_type='base table' and table_name='wstablefields'
20241125@141117.6496 kmo32ju4u2vsm7l03me93te2b6 Query : select fieldkey,fieldname,fieldtype,mandatory from wstablefields where tablename = 'fi2' and documentnumber = 39
20241125@141117.6505 kmo32ju4u2vsm7l03me93te2b6 Query : select top 1 convert(numeric(6,2),t.taxa) valor from taxasiva t where t.codigo='2'
20241125@141117.6518 kmo32ju4u2vsm7l03me93te2b6 Query : select sestamp valor from se where ref ='324.1803.00.1' and lote = 'r2301274200a'
20241125@141117.6538 kmo32ju4u2vsm7l03me93te2b6 Query : select 1 valor from information_schema.tables where table_type='base table' and table_name='wstablefields'
20241125@141117.6556 kmo32ju4u2vsm7l03me93te2b6 Query : select fieldkey,fieldname,fieldtype,calcformula from wstablefields where tablename = 'fi2' and documentnumber = 39
20241125@141117.6569 kmo32ju4u2vsm7l03me93te2b6 Query : insert into wsfi2data (fi2stamp,ftstamp ,ousrdata, ousrhora, usrdata,usrhora,ousrinis,usrinis) values ('aut6744837072674485859f','aut67448310896744858566' ,getdate(),convert(char(8),convert (time,getdate())),getdate(),convert(char(8),convert (time,getdate())),'wsv','wsv')
20241125@141117.6575 kmo32ju4u2vsm7l03me93te2b6 Query : select 1 valor from information_schema.tables where table_type='base table' and table_name='wstablefields'
20241125@141117.6594 kmo32ju4u2vsm7l03me93te2b6 Query : select fieldkey,fieldname,fieldtype,calcformula from wstablefields where tablename = 'fi' and documentnumber = 39
20241125@141117.6630 kmo32ju4u2vsm7l03me93te2b6 Query : insert into wsfidata (fistamp,ousrdata, ousrhora, usrdata,usrhora,ousrinis,usrinis ,qtt ,ftstamp ,epv,pvmoeda ,tabiva,iva,lordem ,ref, design ,lote,armazem,bistamp ) values ('aut6744837072674485859f',getdate(),convert(char(8),convert (time,getdate())),getdate(),convert(char(8),convert (time,getdate())),'wsv','wsv',3.000 ,'aut67448310896744858566' ,0,0 ,2,23.00,10000,?,?,?,?,?)
20241125@141117.6927 kmo32ju4u2vsm7l03me93te2b6 Query : use flama_phc
20241125@141117.6931 kmo32ju4u2vsm7l03me93te2b6 Query : select st.usalote valor from st where st.ref = '324.1879.00.1'
20241125@141117.6952 kmo32ju4u2vsm7l03me93te2b6 Query : select top 1 st.tabiva ,st.ivaincl ,st.stns ,st.uni2 ,st.familia ,isnull(tx.taxa, 0) txiva ,unidade ,usalote ,epcpond ,noserie ,conversao ,st.texteis from st left join taxasiva tx on st.tabiva = tx.codigo where st.ref = '324.1879.00.1'
20241125@141117.7119 kmo32ju4u2vsm7l03me93te2b6 Query : select 1 valor from information_schema.tables where table_type='base table' and table_name='wstablefields'
20241125@141117.7136 kmo32ju4u2vsm7l03me93te2b6 Query : select fieldkey,fieldname,fieldtype,mandatory from wstablefields where tablename = 'fi' and documentnumber = 39
20241125@141117.7164 kmo32ju4u2vsm7l03me93te2b6 Query : select 1 valor from information_schema.tables where table_type='base table' and table_name='wstablefields'
20241125@141117.7181 kmo32ju4u2vsm7l03me93te2b6 Query : select fieldkey,fieldname,fieldtype,mandatory from wstablefields where tablename = 'fi2' and documentnumber = 39
20241125@141117.7189 kmo32ju4u2vsm7l03me93te2b6 Query : select top 1 convert(numeric(6,2),t.taxa) valor from taxasiva t where t.codigo='2'
20241125@141117.7201 kmo32ju4u2vsm7l03me93te2b6 Query : select sestamp valor from se where ref ='324.1879.00.1' and lote = 'r2400283200a'
20241125@141117.7215 kmo32ju4u2vsm7l03me93te2b6 Query : select 1 valor from information_schema.tables where table_type='base table' and table_name='wstablefields'
20241125@141117.7229 kmo32ju4u2vsm7l03me93te2b6 Query : select fieldkey,fieldname,fieldtype,calcformula from wstablefields where tablename = 'fi2' and documentnumber = 39
20241125@141117.7241 kmo32ju4u2vsm7l03me93te2b6 Query : insert into wsfi2data (fi2stamp,ftstamp ,ousrdata, ousrhora, usrdata,usrhora,ousrinis,usrinis) values ('aut674485810867448585b0','aut67448310896744858566' ,getdate(),convert(char(8),convert (time,getdate())),getdate(),convert(char(8),convert (time,getdate())),'wsv','wsv')
20241125@141117.7245 kmo32ju4u2vsm7l03me93te2b6 Query : select 1 valor from information_schema.tables where table_type='base table' and table_name='wstablefields'
20241125@141117.7259 kmo32ju4u2vsm7l03me93te2b6 Query : select fieldkey,fieldname,fieldtype,calcformula from wstablefields where tablename = 'fi' and documentnumber = 39
20241125@141117.7287 kmo32ju4u2vsm7l03me93te2b6 Query : insert into wsfidata (fistamp,ousrdata, ousrhora, usrdata,usrhora,ousrinis,usrinis ,qtt ,ftstamp ,epv,pvmoeda ,tabiva,iva,lordem ,ref, design ,lote,armazem,bistamp ) values ('aut674485810867448585b0',getdate(),convert(char(8),convert (time,getdate())),getdate(),convert(char(8),convert (time,getdate())),'wsv','wsv',4.000 ,'aut67448310896744858566' ,0,0 ,2,23.00,20000,?,?,?,?,?)
20241125@141117.7590 kmo32ju4u2vsm7l03me93te2b6 Query : select 1 valor from information_schema.tables where table_type='base table' and table_name='wstablefields'
20241125@141117.7608 kmo32ju4u2vsm7l03me93te2b6 Query : select fieldkey,fieldname,fieldtype,mandatory from wstablefields where tablename = 'fi' and documentnumber = 39
20241125@141117.7657 kmo32ju4u2vsm7l03me93te2b6 Query : select 1 valor from information_schema.tables where table_type='base table' and table_name='wstablefields'
20241125@141117.7675 kmo32ju4u2vsm7l03me93te2b6 Query : select fieldkey,fieldname,fieldtype,mandatory from wstablefields where tablename = 'fi2' and documentnumber = 39
20241125@141117.7685 kmo32ju4u2vsm7l03me93te2b6 Query : select top 1 convert(numeric(6,2),t.taxa) valor from taxasiva t where t.codigo='2'
20241125@141117.7699 kmo32ju4u2vsm7l03me93te2b6 Query : select 1 valor from information_schema.tables where table_type='base table' and table_name='wstablefields'
20241125@141117.7714 kmo32ju4u2vsm7l03me93te2b6 Query : select fieldkey,fieldname,fieldtype,calcformula from wstablefields where tablename = 'fi2' and documentnumber = 39
20241125@141117.7727 kmo32ju4u2vsm7l03me93te2b6 Query : insert into wsfi2data (fi2stamp,ftstamp ,ousrdata, ousrhora, usrdata,usrhora,ousrinis,usrinis) values ('aut674489589967448585bb','aut67448310896744858566' ,getdate(),convert(char(8),convert (time,getdate())),getdate(),convert(char(8),convert (time,getdate())),'wsv','wsv')
20241125@141117.7731 kmo32ju4u2vsm7l03me93te2b6 Query : select 1 valor from information_schema.tables where table_type='base table' and table_name='wstablefields'
20241125@141117.7747 kmo32ju4u2vsm7l03me93te2b6 Query : select fieldkey,fieldname,fieldtype,calcformula from wstablefields where tablename = 'fi' and documentnumber = 39
20241125@141117.7795 kmo32ju4u2vsm7l03me93te2b6 Query : insert into wsfidata (fistamp,ousrdata, ousrhora, usrdata,usrhora,ousrinis,usrinis ,qtt ,ftstamp ,epv,pvmoeda ,tabiva,iva,lordem ,ref, design ,armazem) values ('aut674489589967448585bb',getdate(),convert(char(8),convert (time,getdate())),getdate(),convert(char(8),convert (time,getdate())),'wsv','wsv',0 ,'aut67448310896744858566' ,0,0 ,2,23.00,30000,?,?,?)
20241125@141117.8087 kmo32ju4u2vsm7l03me93te2b6 Query : use flama_phc
20241125@141117.8093 kmo32ju4u2vsm7l03me93te2b6 Query : select st.usalote valor from st where st.ref = '324.4970.00.1'
20241125@141117.8263 kmo32ju4u2vsm7l03me93te2b6 Query : select top 1 st.tabiva ,st.ivaincl ,st.stns ,st.uni2 ,st.familia ,isnull(tx.taxa, 0) txiva ,unidade ,usalote ,epcpond ,noserie ,conversao ,st.texteis from st left join taxasiva tx on st.tabiva = tx.codigo where st.ref = '324.4970.00.1'
20241125@141117.8438 kmo32ju4u2vsm7l03me93te2b6 Query : select 1 valor from information_schema.tables where table_type='base table' and table_name='wstablefields'
20241125@141117.8542 kmo32ju4u2vsm7l03me93te2b6 Query : select fieldkey,fieldname,fieldtype,mandatory from wstablefields where tablename = 'fi' and documentnumber = 39
20241125@141117.8576 kmo32ju4u2vsm7l03me93te2b6 Query : select 1 valor from information_schema.tables where table_type='base table' and table_name='wstablefields'
20241125@141117.8591 kmo32ju4u2vsm7l03me93te2b6 Query : select fieldkey,fieldname,fieldtype,mandatory from wstablefields where tablename = 'fi2' and documentnumber = 39
20241125@141117.8599 kmo32ju4u2vsm7l03me93te2b6 Query : select top 1 convert(numeric(6,2),t.taxa) valor from taxasiva t where t.codigo='2'
20241125@141117.9208 kmo32ju4u2vsm7l03me93te2b6 Query : select sestamp valor from se where ref ='324.4970.00.1' and lote = 'r2400492200a'
20241125@141117.9397 kmo32ju4u2vsm7l03me93te2b6 Query : select 1 valor from information_schema.tables where table_type='base table' and table_name='wstablefields'
20241125@141117.9427 kmo32ju4u2vsm7l03me93te2b6 Query : select fieldkey,fieldname,fieldtype,calcformula from wstablefields where tablename = 'fi2' and documentnumber = 39
20241125@141117.9440 kmo32ju4u2vsm7l03me93te2b6 Query : insert into wsfi2data (fi2stamp,ftstamp ,ousrdata, ousrhora, usrdata,usrhora,ousrinis,usrinis) values ('aut674480457067448585e5','aut67448310896744858566' ,getdate(),convert(char(8),convert (time,getdate())),getdate(),convert(char(8),convert (time,getdate())),'wsv','wsv')
20241125@141117.9445 kmo32ju4u2vsm7l03me93te2b6 Query : select 1 valor from information_schema.tables where table_type='base table' and table_name='wstablefields'
20241125@141117.9460 kmo32ju4u2vsm7l03me93te2b6 Query : select fieldkey,fieldname,fieldtype,calcformula from wstablefields where tablename = 'fi' and documentnumber = 39
20241125@141117.9489 kmo32ju4u2vsm7l03me93te2b6 Query : insert into wsfidata (fistamp,ousrdata, ousrhora, usrdata,usrhora,ousrinis,usrinis ,qtt ,ftstamp ,epv,pvmoeda ,tabiva,iva,lordem ,ref, design ,lote,armazem,bistamp ) values ('aut674480457067448585e5',getdate(),convert(char(8),convert (time,getdate())),getdate(),convert(char(8),convert (time,getdate())),'wsv','wsv',8.000 ,'aut67448310896744858566' ,0,0 ,2,23.00,50000,?,?,?,?,?)
20241125@141117.9802 kmo32ju4u2vsm7l03me93te2b6 Query : use flama_phc
20241125@141117.9807 kmo32ju4u2vsm7l03me93te2b6 Query : select st.usalote valor from st where st.ref = '324.1608.00.1'
20241125@141117.9901 kmo32ju4u2vsm7l03me93te2b6 Query : select top 1 st.tabiva ,st.ivaincl ,st.stns ,st.uni2 ,st.familia ,isnull(tx.taxa, 0) txiva ,unidade ,usalote ,epcpond ,noserie ,conversao ,st.texteis from st left join taxasiva tx on st.tabiva = tx.codigo where st.ref = '324.1608.00.1'
20241125@141118.8700 kmo32ju4u2vsm7l03me93te2b6 Query : select 1 valor from information_schema.tables where table_type='base table' and table_name='wstablefields'
20241125@141118.1060 kmo32ju4u2vsm7l03me93te2b6 Query : select fieldkey,fieldname,fieldtype,mandatory from wstablefields where tablename = 'fi' and documentnumber = 39
20241125@141118.1520 kmo32ju4u2vsm7l03me93te2b6 Query : select 1 valor from information_schema.tables where table_type='base table' and table_name='wstablefields'
20241125@141118.1810 kmo32ju4u2vsm7l03me93te2b6 Query : select fieldkey,fieldname,fieldtype,mandatory from wstablefields where tablename = 'fi2' and documentnumber = 39
20241125@141118.1930 kmo32ju4u2vsm7l03me93te2b6 Query : select top 1 convert(numeric(6,2),t.taxa) valor from taxasiva t where t.codigo='2'
20241125@141118.2080 kmo32ju4u2vsm7l03me93te2b6 Query : select sestamp valor from se where ref ='324.1608.00.1' and lote = 'r2400237100a'
20241125@141118.2270 kmo32ju4u2vsm7l03me93te2b6 Query : select 1 valor from information_schema.tables where table_type='base table' and table_name='wstablefields'
20241125@141118.2490 kmo32ju4u2vsm7l03me93te2b6 Query : select fieldkey,fieldname,fieldtype,calcformula from wstablefields where tablename = 'fi2' and documentnumber = 39
20241125@141118.2670 kmo32ju4u2vsm7l03me93te2b6 Query : insert into wsfi2data (fi2stamp,ftstamp ,ousrdata, ousrhora, usrdata,usrhora,ousrinis,usrinis) values ('aut67448114276744858605','aut67448310896744858566' ,getdate(),convert(char(8),convert (time,getdate())),getdate(),convert(char(8),convert (time,getdate())),'wsv','wsv')
20241125@141118.2720 kmo32ju4u2vsm7l03me93te2b6 Query : select 1 valor from information_schema.tables where table_type='base table' and table_name='wstablefields'
20241125@141118.2890 kmo32ju4u2vsm7l03me93te2b6 Query : select fieldkey,fieldname,fieldtype,calcformula from wstablefields where tablename = 'fi' and documentnumber = 39
20241125@141118.3350 kmo32ju4u2vsm7l03me93te2b6 Query : insert into wsfidata (fistamp,ousrdata, ousrhora, usrdata,usrhora,ousrinis,usrinis ,qtt ,ftstamp ,epv,pvmoeda ,tabiva,iva,lordem ,ref, design ,lote,armazem,bistamp ) values ('aut67448114276744858605',getdate(),convert(char(8),convert (time,getdate())),getdate(),convert(char(8),convert (time,getdate())),'wsv','wsv',6.000 ,'aut67448310896744858566' ,0,0 ,2,23.00,60000,?,?,?,?,?)
20241125@141118.8830 kmo32ju4u2vsm7l03me93te2b6 Query : use flama_phc
20241125@141118.8910 kmo32ju4u2vsm7l03me93te2b6 Query : select st.usalote valor from st where st.ref = '324.2221.00.1'
20241125@141118.9170 kmo32ju4u2vsm7l03me93te2b6 Query : select top 1 st.tabiva ,st.ivaincl ,st.stns ,st.uni2 ,st.familia ,isnull(tx.taxa, 0) txiva ,unidade ,usalote ,epcpond ,noserie ,conversao ,st.texteis from st left join taxasiva tx on st.tabiva = tx.codigo where st.ref = '324.2221.00.1'
20241125@141118.1264 kmo32ju4u2vsm7l03me93te2b6 Query : select 1 valor from information_schema.tables where table_type='base table' and table_name='wstablefields'
20241125@141118.1287 kmo32ju4u2vsm7l03me93te2b6 Query : select fieldkey,fieldname,fieldtype,mandatory from wstablefields where tablename = 'fi' and documentnumber = 39
20241125@141118.1334 kmo32ju4u2vsm7l03me93te2b6 Query : select 1 valor from information_schema.tables where table_type='base table' and table_name='wstablefields'
20241125@141118.1349 kmo32ju4u2vsm7l03me93te2b6 Query : select fieldkey,fieldname,fieldtype,mandatory from wstablefields where tablename = 'fi2' and documentnumber = 39
20241125@141118.1359 kmo32ju4u2vsm7l03me93te2b6 Query : select top 1 convert(numeric(6,2),t.taxa) valor from taxasiva t where t.codigo='2'
20241125@141118.1385 kmo32ju4u2vsm7l03me93te2b6 Query : select sestamp valor from se where ref ='324.2221.00.1' and lote = 'r2301280100a'
20241125@141118.1400 kmo32ju4u2vsm7l03me93te2b6 Query : select 1 valor from information_schema.tables where table_type='base table' and table_name='wstablefields'
20241125@141118.1429 kmo32ju4u2vsm7l03me93te2b6 Query : select fieldkey,fieldname,fieldtype,calcformula from wstablefields where tablename = 'fi2' and documentnumber = 39
20241125@141118.1442 kmo32ju4u2vsm7l03me93te2b6 Query : insert into wsfi2data (fi2stamp,ftstamp ,ousrdata, ousrhora, usrdata,usrhora,ousrinis,usrinis) values ('aut67448048856744858622','aut67448310896744858566' ,getdate(),convert(char(8),convert (time,getdate())),getdate(),convert(char(8),convert (time,getdate())),'wsv','wsv')
20241125@141118.1446 kmo32ju4u2vsm7l03me93te2b6 Query : select 1 valor from information_schema.tables where table_type='base table' and table_name='wstablefields'
20241125@141118.1462 kmo32ju4u2vsm7l03me93te2b6 Query : select fieldkey,fieldname,fieldtype,calcformula from wstablefields where tablename = 'fi' and documentnumber = 39
20241125@141118.1512 kmo32ju4u2vsm7l03me93te2b6 Query : insert into wsfidata (fistamp,ousrdata, ousrhora, usrdata,usrhora,ousrinis,usrinis ,qtt ,ftstamp ,epv,pvmoeda ,tabiva,iva,lordem ,ref, design ,lote,armazem,bistamp ) values ('aut67448048856744858622',getdate(),convert(char(8),convert (time,getdate())),getdate(),convert(char(8),convert (time,getdate())),'wsv','wsv',4.000 ,'aut67448310896744858566' ,0,0 ,2,23.00,70000,?,?,?,?,?)
20241125@141118.1809 kmo32ju4u2vsm7l03me93te2b6 Query : use flama_phc
20241125@141118.1813 kmo32ju4u2vsm7l03me93te2b6 Query : select st.usalote valor from st where st.ref = '324.657.00.01'
20241125@141118.1848 kmo32ju4u2vsm7l03me93te2b6 Query : select top 1 st.tabiva ,st.ivaincl ,st.stns ,st.uni2 ,st.familia ,isnull(tx.taxa, 0) txiva ,unidade ,usalote ,epcpond ,noserie ,conversao ,st.texteis from st left join taxasiva tx on st.tabiva = tx.codigo where st.ref = '324.657.00.01'
20241125@141118.2014 kmo32ju4u2vsm7l03me93te2b6 Query : select 1 valor from information_schema.tables where table_type='base table' and table_name='wstablefields'
20241125@141118.2045 kmo32ju4u2vsm7l03me93te2b6 Query : select fieldkey,fieldname,fieldtype,mandatory from wstablefields where tablename = 'fi' and documentnumber = 39
20241125@141118.2082 kmo32ju4u2vsm7l03me93te2b6 Query : select 1 valor from information_schema.tables where table_type='base table' and table_name='wstablefields'
20241125@141118.2109 kmo32ju4u2vsm7l03me93te2b6 Query : select fieldkey,fieldname,fieldtype,mandatory from wstablefields where tablename = 'fi2' and documentnumber = 39
20241125@141118.2119 kmo32ju4u2vsm7l03me93te2b6 Query : select top 1 convert(numeric(6,2),t.taxa) valor from taxasiva t where t.codigo='2'
20241125@141118.2151 kmo32ju4u2vsm7l03me93te2b6 Query : select sestamp valor from se where ref ='324.657.00.01' and lote = 'r2301261100a'
20241125@141118.2175 kmo32ju4u2vsm7l03me93te2b6 Query : select 1 valor from information_schema.tables where table_type='base table' and table_name='wstablefields'
20241125@141118.2192 kmo32ju4u2vsm7l03me93te2b6 Query : select fieldkey,fieldname,fieldtype,calcformula from wstablefields where tablename = 'fi2' and documentnumber = 39
20241125@141118.2204 kmo32ju4u2vsm7l03me93te2b6 Query : insert into wsfi2data (fi2stamp,ftstamp ,ousrdata, ousrhora, usrdata,usrhora,ousrinis,usrinis) values ('aut67448064226744858635','aut67448310896744858566' ,getdate(),convert(char(8),convert (time,getdate())),getdate(),convert(char(8),convert (time,getdate())),'wsv','wsv')
20241125@141118.2209 kmo32ju4u2vsm7l03me93te2b6 Query : select 1 valor from information_schema.tables where table_type='base table' and table_name='wstablefields'
20241125@141118.2225 kmo32ju4u2vsm7l03me93te2b6 Query : select fieldkey,fieldname,fieldtype,calcformula from wstablefields where tablename = 'fi' and documentnumber = 39
20241125@141118.2254 kmo32ju4u2vsm7l03me93te2b6 Query : insert into wsfidata (fistamp,ousrdata, ousrhora, usrdata,usrhora,ousrinis,usrinis ,qtt ,ftstamp ,epv,pvmoeda ,tabiva,iva,lordem ,ref, design ,lote,armazem,bistamp ) values ('aut67448064226744858635',getdate(),convert(char(8),convert (time,getdate())),getdate(),convert(char(8),convert (time,getdate())),'wsv','wsv',4.000 ,'aut67448310896744858566' ,0,0 ,2,23.00,80000,?,?,?,?,?)
20241125@141118.2566 kmo32ju4u2vsm7l03me93te2b6 Query : select 1 valor from information_schema.tables where table_type='base table' and table_name='wstablefields'
20241125@141118.2601 kmo32ju4u2vsm7l03me93te2b6 Query : select fieldkey,fieldname,fieldtype,mandatory from wstablefields where tablename = 'fi' and documentnumber = 39
20241125@141118.2644 kmo32ju4u2vsm7l03me93te2b6 Query : select 1 valor from information_schema.tables where table_type='base table' and table_name='wstablefields'
20241125@141118.2662 kmo32ju4u2vsm7l03me93te2b6 Query : select fieldkey,fieldname,fieldtype,mandatory from wstablefields where tablename = 'fi2' and documentnumber = 39
20241125@141118.2673 kmo32ju4u2vsm7l03me93te2b6 Query : select top 1 convert(numeric(6,2),t.taxa) valor from taxasiva t where t.codigo='2'
20241125@141118.2688 kmo32ju4u2vsm7l03me93te2b6 Query : select 1 valor from information_schema.tables where table_type='base table' and table_name='wstablefields'
20241125@141118.2720 kmo32ju4u2vsm7l03me93te2b6 Query : select fieldkey,fieldname,fieldtype,calcformula from wstablefields where tablename = 'fi2' and documentnumber = 39
20241125@141118.2750 kmo32ju4u2vsm7l03me93te2b6 Query : insert into wsfi2data (fi2stamp,ftstamp ,ousrdata, ousrhora, usrdata,usrhora,ousrinis,usrinis) values ('aut67448534996744858641','aut67448310896744858566' ,getdate(),convert(char(8),convert (time,getdate())),getdate(),convert(char(8),convert (time,getdate())),'wsv','wsv')
20241125@141118.2755 kmo32ju4u2vsm7l03me93te2b6 Query : select 1 valor from information_schema.tables where table_type='base table' and table_name='wstablefields'
20241125@141118.2780 kmo32ju4u2vsm7l03me93te2b6 Query : select fieldkey,fieldname,fieldtype,calcformula from wstablefields where tablename = 'fi' and documentnumber = 39
20241125@141118.2821 kmo32ju4u2vsm7l03me93te2b6 Query : insert into wsfidata (fistamp,ousrdata, ousrhora, usrdata,usrhora,ousrinis,usrinis ,qtt ,ftstamp ,epv,pvmoeda ,tabiva,iva,lordem ,ref, design ,armazem) values ('aut67448534996744858641',getdate(),convert(char(8),convert (time,getdate())),getdate(),convert(char(8),convert (time,getdate())),'wsv','wsv',0 ,'aut67448310896744858566' ,0,0 ,2,23.00,90000,?,?,?)
20241125@141118.3148 kmo32ju4u2vsm7l03me93te2b6 Query : use flama_phc
20241125@141118.3152 kmo32ju4u2vsm7l03me93te2b6 Query : select st.usalote valor from st where st.ref = '324.682.00.01'
20241125@141118.3175 kmo32ju4u2vsm7l03me93te2b6 Query : select top 1 st.tabiva ,st.ivaincl ,st.stns ,st.uni2 ,st.familia ,isnull(tx.taxa, 0) txiva ,unidade ,usalote ,epcpond ,noserie ,conversao ,st.texteis from st left join taxasiva tx on st.tabiva = tx.codigo where st.ref = '324.682.00.01'
20241125@141118.3342 kmo32ju4u2vsm7l03me93te2b6 Query : select 1 valor from information_schema.tables where table_type='base table' and table_name='wstablefields'
20241125@141118.3375 kmo32ju4u2vsm7l03me93te2b6 Query : select fieldkey,fieldname,fieldtype,mandatory from wstablefields where tablename = 'fi' and documentnumber = 39
20241125@141118.3408 kmo32ju4u2vsm7l03me93te2b6 Query : select 1 valor from information_schema.tables where table_type='base table' and table_name='wstablefields'
20241125@141118.3425 kmo32ju4u2vsm7l03me93te2b6 Query : select fieldkey,fieldname,fieldtype,mandatory from wstablefields where tablename = 'fi2' and documentnumber = 39
20241125@141118.3435 kmo32ju4u2vsm7l03me93te2b6 Query : select top 1 convert(numeric(6,2),t.taxa) valor from taxasiva t where t.codigo='2'
20241125@141118.3459 kmo32ju4u2vsm7l03me93te2b6 Query : select sestamp valor from se where ref ='324.682.00.01' and lote = 'r2400223100a'
20241125@141118.3485 kmo32ju4u2vsm7l03me93te2b6 Query : select 1 valor from information_schema.tables where table_type='base table' and table_name='wstablefields'
20241125@141118.3502 kmo32ju4u2vsm7l03me93te2b6 Query : select fieldkey,fieldname,fieldtype,calcformula from wstablefields where tablename = 'fi2' and documentnumber = 39
20241125@141118.3517 kmo32ju4u2vsm7l03me93te2b6 Query : insert into wsfi2data (fi2stamp,ftstamp ,ousrdata, ousrhora, usrdata,usrhora,ousrinis,usrinis) values ('aut67448308466744858655','aut67448310896744858566' ,getdate(),convert(char(8),convert (time,getdate())),getdate(),convert(char(8),convert (time,getdate())),'wsv','wsv')
20241125@141118.3522 kmo32ju4u2vsm7l03me93te2b6 Query : select 1 valor from information_schema.tables where table_type='base table' and table_name='wstablefields'
20241125@141118.3538 kmo32ju4u2vsm7l03me93te2b6 Query : select fieldkey,fieldname,fieldtype,calcformula from wstablefields where tablename = 'fi' and documentnumber = 39
20241125@141118.3590 kmo32ju4u2vsm7l03me93te2b6 Query : insert into wsfidata (fistamp,ousrdata, ousrhora, usrdata,usrhora,ousrinis,usrinis ,qtt ,ftstamp ,epv,pvmoeda ,tabiva,iva,lordem ,ref, design ,lote,armazem,bistamp ) values ('aut67448308466744858655',getdate(),convert(char(8),convert (time,getdate())),getdate(),convert(char(8),convert (time,getdate())),'wsv','wsv',4.000 ,'aut67448310896744858566' ,0,0 ,2,23.00,110000,?,?,?,?,?)
20241125@141118.3908 kmo32ju4u2vsm7l03me93te2b6 Query : select 1 valor from information_schema.tables where table_type='base table' and table_name='wstablefields'
20241125@141118.4021 kmo32ju4u2vsm7l03me93te2b6 Query : select fieldkey,fieldname,fieldtype,mandatory from wstablefields where tablename = 'fi' and documentnumber = 39
20241125@141118.4057 kmo32ju4u2vsm7l03me93te2b6 Query : select 1 valor from information_schema.tables where table_type='base table' and table_name='wstablefields'
20241125@141118.4076 kmo32ju4u2vsm7l03me93te2b6 Query : select fieldkey,fieldname,fieldtype,mandatory from wstablefields where tablename = 'fi2' and documentnumber = 39
20241125@141118.4086 kmo32ju4u2vsm7l03me93te2b6 Query : select top 1 convert(numeric(6,2),t.taxa) valor from taxasiva t where t.codigo='2'
20241125@141118.4106 kmo32ju4u2vsm7l03me93te2b6 Query : select 1 valor from information_schema.tables where table_type='base table' and table_name='wstablefields'
20241125@141118.4131 kmo32ju4u2vsm7l03me93te2b6 Query : select fieldkey,fieldname,fieldtype,calcformula from wstablefields where tablename = 'fi2' and documentnumber = 39
20241125@141118.4157 kmo32ju4u2vsm7l03me93te2b6 Query : insert into wsfi2data (fi2stamp,ftstamp ,ousrdata, ousrhora, usrdata,usrhora,ousrinis,usrinis) values ('aut67448019816744858664','aut67448310896744858566' ,getdate(),convert(char(8),convert (time,getdate())),getdate(),convert(char(8),convert (time,getdate())),'wsv','wsv')
20241125@141118.4163 kmo32ju4u2vsm7l03me93te2b6 Query : select 1 valor from information_schema.tables where table_type='base table' and table_name='wstablefields'
20241125@141118.4193 kmo32ju4u2vsm7l03me93te2b6 Query : select fieldkey,fieldname,fieldtype,calcformula from wstablefields where tablename = 'fi' and documentnumber = 39
20241125@141118.4235 kmo32ju4u2vsm7l03me93te2b6 Query : insert into wsfidata (fistamp,ousrdata, ousrhora, usrdata,usrhora,ousrinis,usrinis ,qtt ,ftstamp ,epv,pvmoeda ,tabiva,iva,lordem ,ref, design ,armazem) values ('aut67448019816744858664',getdate(),convert(char(8),convert (time,getdate())),getdate(),convert(char(8),convert (time,getdate())),'wsv','wsv',0 ,'aut67448310896744858566' ,0,0 ,2,23.00,120000,?,?,?)
20241125@141118.4631 kmo32ju4u2vsm7l03me93te2b6 Query : use flama_phc
20241125@141118.4635 kmo32ju4u2vsm7l03me93te2b6 Query : select st.usalote valor from st where st.ref = '324.692.00.01'
20241125@141118.4656 kmo32ju4u2vsm7l03me93te2b6 Query : select top 1 st.tabiva ,st.ivaincl ,st.stns ,st.uni2 ,st.familia ,isnull(tx.taxa, 0) txiva ,unidade ,usalote ,epcpond ,noserie ,conversao ,st.texteis from st left join taxasiva tx on st.tabiva = tx.codigo where st.ref = '324.692.00.01'
20241125@141118.4866 kmo32ju4u2vsm7l03me93te2b6 Query : select 1 valor from information_schema.tables where table_type='base table' and table_name='wstablefields'
20241125@141118.4882 kmo32ju4u2vsm7l03me93te2b6 Query : select fieldkey,fieldname,fieldtype,mandatory from wstablefields where tablename = 'fi' and documentnumber = 39
20241125@141118.4908 kmo32ju4u2vsm7l03me93te2b6 Query : select 1 valor from information_schema.tables where table_type='base table' and table_name='wstablefields'
20241125@141118.4921 kmo32ju4u2vsm7l03me93te2b6 Query : select fieldkey,fieldname,fieldtype,mandatory from wstablefields where tablename = 'fi2' and documentnumber = 39
20241125@141118.4929 kmo32ju4u2vsm7l03me93te2b6 Query : select top 1 convert(numeric(6,2),t.taxa) valor from taxasiva t where t.codigo='2'
20241125@141118.4949 kmo32ju4u2vsm7l03me93te2b6 Query : select sestamp valor from se where ref ='324.692.00.01' and lote = 'r2400211200a'
20241125@141118.4961 kmo32ju4u2vsm7l03me93te2b6 Query : select 1 valor from information_schema.tables where table_type='base table' and table_name='wstablefields'
20241125@141118.4982 kmo32ju4u2vsm7l03me93te2b6 Query : select fieldkey,fieldname,fieldtype,calcformula from wstablefields where tablename = 'fi2' and documentnumber = 39
20241125@141118.4996 kmo32ju4u2vsm7l03me93te2b6 Query : insert into wsfi2data (fi2stamp,ftstamp ,ousrdata, ousrhora, usrdata,usrhora,ousrinis,usrinis) values ('aut67448063216744858679','aut67448310896744858566' ,getdate(),convert(char(8),convert (time,getdate())),getdate(),convert(char(8),convert (time,getdate())),'wsv','wsv')
20241125@141118.5002 kmo32ju4u2vsm7l03me93te2b6 Query : select 1 valor from information_schema.tables where table_type='base table' and table_name='wstablefields'
20241125@141118.5018 kmo32ju4u2vsm7l03me93te2b6 Query : select fieldkey,fieldname,fieldtype,calcformula from wstablefields where tablename = 'fi' and documentnumber = 39
20241125@141118.5053 kmo32ju4u2vsm7l03me93te2b6 Query : insert into wsfidata (fistamp,ousrdata, ousrhora, usrdata,usrhora,ousrinis,usrinis ,qtt ,ftstamp ,epv,pvmoeda ,tabiva,iva,lordem ,ref, design ,lote,armazem,bistamp ) values ('aut67448063216744858679',getdate(),convert(char(8),convert (time,getdate())),getdate(),convert(char(8),convert (time,getdate())),'wsv','wsv',2.000 ,'aut67448310896744858566' ,0,0 ,2,23.00,140000,?,?,?,?,?)
20241125@141118.5381 kmo32ju4u2vsm7l03me93te2b6 Query : select 1 valor from information_schema.tables where table_type='base table' and table_name='wstablefields'
20241125@141118.5402 kmo32ju4u2vsm7l03me93te2b6 Query : select fieldkey,fieldname,fieldtype,mandatory from wstablefields where tablename = 'fi' and documentnumber = 39
20241125@141118.5463 kmo32ju4u2vsm7l03me93te2b6 Query : select 1 valor from information_schema.tables where table_type='base table' and table_name='wstablefields'
20241125@141118.5478 kmo32ju4u2vsm7l03me93te2b6 Query : select fieldkey,fieldname,fieldtype,mandatory from wstablefields where tablename = 'fi2' and documentnumber = 39
20241125@141118.5486 kmo32ju4u2vsm7l03me93te2b6 Query : select top 1 convert(numeric(6,2),t.taxa) valor from taxasiva t where t.codigo='2'
20241125@141118.5497 kmo32ju4u2vsm7l03me93te2b6 Query : select 1 valor from information_schema.tables where table_type='base table' and table_name='wstablefields'
20241125@141118.5511 kmo32ju4u2vsm7l03me93te2b6 Query : select fieldkey,fieldname,fieldtype,calcformula from wstablefields where tablename = 'fi2' and documentnumber = 39
20241125@141118.5522 kmo32ju4u2vsm7l03me93te2b6 Query : insert into wsfi2data (fi2stamp,ftstamp ,ousrdata, ousrhora, usrdata,usrhora,ousrinis,usrinis) values ('aut67448650556744858686','aut67448310896744858566' ,getdate(),convert(char(8),convert (time,getdate())),getdate(),convert(char(8),convert (time,getdate())),'wsv','wsv')
20241125@141118.5527 kmo32ju4u2vsm7l03me93te2b6 Query : select 1 valor from information_schema.tables where table_type='base table' and table_name='wstablefields'
20241125@141118.5543 kmo32ju4u2vsm7l03me93te2b6 Query : select fieldkey,fieldname,fieldtype,calcformula from wstablefields where tablename = 'fi' and documentnumber = 39
20241125@141118.5576 kmo32ju4u2vsm7l03me93te2b6 Query : insert into wsfidata (fistamp,ousrdata, ousrhora, usrdata,usrhora,ousrinis,usrinis ,qtt ,ftstamp ,epv,pvmoeda ,tabiva,iva,lordem ,ref, design ,armazem) values ('aut67448650556744858686',getdate(),convert(char(8),convert (time,getdate())),getdate(),convert(char(8),convert (time,getdate())),'wsv','wsv',0 ,'aut67448310896744858566' ,0,0 ,2,23.00,150000,?,?,?)
20241125@141118.5883 kmo32ju4u2vsm7l03me93te2b6 Query : use flama_phc
20241125@141118.5886 kmo32ju4u2vsm7l03me93te2b6 Query : select st.usalote valor from st where st.ref = '324.946.00.01'
20241125@141118.5907 kmo32ju4u2vsm7l03me93te2b6 Query : select top 1 st.tabiva ,st.ivaincl ,st.stns ,st.uni2 ,st.familia ,isnull(tx.taxa, 0) txiva ,unidade ,usalote ,epcpond ,noserie ,conversao ,st.texteis from st left join taxasiva tx on st.tabiva = tx.codigo where st.ref = '324.946.00.01'
20241125@141118.6144 kmo32ju4u2vsm7l03me93te2b6 Query : select 1 valor from information_schema.tables where table_type='base table' and table_name='wstablefields'
20241125@141118.6187 kmo32ju4u2vsm7l03me93te2b6 Query : select fieldkey,fieldname,fieldtype,mandatory from wstablefields where tablename = 'fi' and documentnumber = 39
20241125@141118.6229 kmo32ju4u2vsm7l03me93te2b6 Query : select 1 valor from information_schema.tables where table_type='base table' and table_name='wstablefields'
20241125@141118.6249 kmo32ju4u2vsm7l03me93te2b6 Query : select fieldkey,fieldname,fieldtype,mandatory from wstablefields where tablename = 'fi2' and documentnumber = 39
20241125@141118.6259 kmo32ju4u2vsm7l03me93te2b6 Query : select top 1 convert(numeric(6,2),t.taxa) valor from taxasiva t where t.codigo='2'
20241125@141118.6272 kmo32ju4u2vsm7l03me93te2b6 Query : select sestamp valor from se where ref ='324.946.00.01' and lote = 'r2300941200a'
20241125@141118.6288 kmo32ju4u2vsm7l03me93te2b6 Query : select 1 valor from information_schema.tables where table_type='base table' and table_name='wstablefields'
20241125@141118.6303 kmo32ju4u2vsm7l03me93te2b6 Query : select fieldkey,fieldname,fieldtype,calcformula from wstablefields where tablename = 'fi2' and documentnumber = 39
20241125@141118.6316 kmo32ju4u2vsm7l03me93te2b6 Query : insert into wsfi2data (fi2stamp,ftstamp ,ousrdata, ousrhora, usrdata,usrhora,ousrinis,usrinis) values ('aut67448812156744858699','aut67448310896744858566' ,getdate(),convert(char(8),convert (time,getdate())),getdate(),convert(char(8),convert (time,getdate())),'wsv','wsv')
20241125@141118.6320 kmo32ju4u2vsm7l03me93te2b6 Query : select 1 valor from information_schema.tables where table_type='base table' and table_name='wstablefields'
20241125@141118.6339 kmo32ju4u2vsm7l03me93te2b6 Query : select fieldkey,fieldname,fieldtype,calcformula from wstablefields where tablename = 'fi' and documentnumber = 39
20241125@141118.6369 kmo32ju4u2vsm7l03me93te2b6 Query : insert into wsfidata (fistamp,ousrdata, ousrhora, usrdata,usrhora,ousrinis,usrinis ,qtt ,ftstamp ,epv,pvmoeda ,tabiva,iva,lordem ,ref, design ,lote,armazem,bistamp ) values ('aut67448812156744858699',getdate(),convert(char(8),convert (time,getdate())),getdate(),convert(char(8),convert (time,getdate())),'wsv','wsv',4.000 ,'aut67448310896744858566' ,0,0 ,2,23.00,170000,?,?,?,?,?)
20241125@141118.6693 kmo32ju4u2vsm7l03me93te2b6 Query : use flama_phc
20241125@141118.6696 kmo32ju4u2vsm7l03me93te2b6 Query : select st.usalote valor from st where st.ref = '324.939.00.01'
20241125@141118.6732 kmo32ju4u2vsm7l03me93te2b6 Query : select top 1 st.tabiva ,st.ivaincl ,st.stns ,st.uni2 ,st.familia ,isnull(tx.taxa, 0) txiva ,unidade ,usalote ,epcpond ,noserie ,conversao ,st.texteis from st left join taxasiva tx on st.tabiva = tx.codigo where st.ref = '324.939.00.01'
20241125@141118.6919 kmo32ju4u2vsm7l03me93te2b6 Query : select 1 valor from information_schema.tables where table_type='base table' and table_name='wstablefields'
20241125@141118.6948 kmo32ju4u2vsm7l03me93te2b6 Query : select fieldkey,fieldname,fieldtype,mandatory from wstablefields where tablename = 'fi' and documentnumber = 39
20241125@141118.6979 kmo32ju4u2vsm7l03me93te2b6 Query : select 1 valor from information_schema.tables where table_type='base table' and table_name='wstablefields'
20241125@141118.7001 kmo32ju4u2vsm7l03me93te2b6 Query : select fieldkey,fieldname,fieldtype,mandatory from wstablefields where tablename = 'fi2' and documentnumber = 39
20241125@141118.7010 kmo32ju4u2vsm7l03me93te2b6 Query : select top 1 convert(numeric(6,2),t.taxa) valor from taxasiva t where t.codigo='2'
20241125@141118.7030 kmo32ju4u2vsm7l03me93te2b6 Query : select sestamp valor from se where ref ='324.939.00.01' and lote = 'r2301371200a'
20241125@141118.7051 kmo32ju4u2vsm7l03me93te2b6 Query : select 1 valor from information_schema.tables where table_type='base table' and table_name='wstablefields'
20241125@141118.7070 kmo32ju4u2vsm7l03me93te2b6 Query : select fieldkey,fieldname,fieldtype,calcformula from wstablefields where tablename = 'fi2' and documentnumber = 39
20241125@141118.7087 kmo32ju4u2vsm7l03me93te2b6 Query : insert into wsfi2data (fi2stamp,ftstamp ,ousrdata, ousrhora, usrdata,usrhora,ousrinis,usrinis) values ('aut674485673867448586ac','aut67448310896744858566' ,getdate(),convert(char(8),convert (time,getdate())),getdate(),convert(char(8),convert (time,getdate())),'wsv','wsv')
20241125@141118.7092 kmo32ju4u2vsm7l03me93te2b6 Query : select 1 valor from information_schema.tables where table_type='base table' and table_name='wstablefields'
20241125@141118.7108 kmo32ju4u2vsm7l03me93te2b6 Query : select fieldkey,fieldname,fieldtype,calcformula from wstablefields where tablename = 'fi' and documentnumber = 39
20241125@141118.7143 kmo32ju4u2vsm7l03me93te2b6 Query : insert into wsfidata (fistamp,ousrdata, ousrhora, usrdata,usrhora,ousrinis,usrinis ,qtt ,ftstamp ,epv,pvmoeda ,tabiva,iva,lordem ,ref, design ,lote,armazem,bistamp ) values ('aut674485673867448586ac',getdate(),convert(char(8),convert (time,getdate())),getdate(),convert(char(8),convert (time,getdate())),'wsv','wsv',4.000 ,'aut67448310896744858566' ,0,0 ,2,23.00,180000,?,?,?,?,?)
20241125@141118.7455 kmo32ju4u2vsm7l03me93te2b6 Query : insert into wsftcreationlog (initialftstamp,externalid,creationstatus,documenttypeid,idustamp) values ('aut67448310896744858566','2407812','wait',39,'adm09112754980.682000002')
20241125@141118.7537 kmo32ju4u2vsm7l03me93te2b6 Query : use flama_phc
20241125@141118.7543 kmo32ju4u2vsm7l03me93te2b6 Query : update u_wsusers set rqsttoken =? where userid ='userls001'
20241125@141118.7574 kmo32ju4u2vsm7l03me93te2b6 Query : select concat(rtrim(relative_path),ltrim(name_new)) as valor from uploadfiles where uploadfile_id='3477';
20241125@141118.7617 kmo32ju4u2vsm7l03me93te2b6 Query : update uploadfiles set whenupdated=current_timestamp where uploadfile_id='3477';
20241125@141118.7678 kmo32ju4u2vsm7l03me93te2b6 Query : select concat(rtrim(relative_path),ltrim(name_new)) as valor from uploadfiles where uploadfile_id='3477';
20241125@141118.7712 kmo32ju4u2vsm7l03me93te2b6 Query : update uploadfiles set whenupdated=current_timestamp where uploadfile_id='3477';
20241125@141118.8252 11g8098qjt8frm7l41bu9blf66 Query : insert into uploadfiles ( name_original, name_new, option_type, relative_path, whencreated ) values ( ?, ?, ?, ?, getdate() )
20241125@141118.8264 11g8098qjt8frm7l41bu9blf66 Query : select uploadfile_id valor from uploadfiles where name_new = ? and option_type = ? 
20241125@141118.8354 11g8098qjt8frm7l41bu9blf66 Query : select concat(rtrim(relative_path),ltrim(name_new)) as valor from uploadfiles where uploadfile_id='3478';
20241125@141118.8447 11g8098qjt8frm7l41bu9blf66 Query : update uploadfiles set whenupdated=current_timestamp where uploadfile_id='3478';
20241125@141118.8513 11g8098qjt8frm7l41bu9blf66 Query : select concat(rtrim(relative_path),ltrim(name_new)) as valor from uploadfiles where uploadfile_id='3478';
20241125@141118.8562 11g8098qjt8frm7l41bu9blf66 Query : update uploadfiles set whenupdated=current_timestamp where uploadfile_id='3478';
20241125@141118.8651 11g8098qjt8frm7l41bu9blf66 Query : use flama_phc
20241125@141118.8860 11g8098qjt8frm7l41bu9blf66 Query : select top 1 secretkey valor from u_wsusers u where u.userid = ? and u.inactivo=0
20241125@141118.8942 11g8098qjt8frm7l41bu9blf66 Query : use flama_phc
20241125@141118.8945 11g8098qjt8frm7l41bu9blf66 Query : select no, estab,szadrsdesc from szadrs where u_coddest=4740
20241125@141118.9008 11g8098qjt8frm7l41bu9blf66 Query : select top 1 isnull(design,'') valor from st (nolock) left join stobs (nolock) on st.ref = stobs.ref where st.ref = '324.1832.00.2'
20241125@141118.9197 11g8098qjt8frm7l41bu9blf66 Query : select top 1 bistamp valor from bi inner join bo on bo.bostamp=bi.bostamp where bo.ndos =240 and bo.boano =2078 and bo.obrano = 2407819 and bi.ref ='324.1832.00.2' and bi.lordem =1
20241125@141118.9575 11g8098qjt8frm7l41bu9blf66 Query : select top 1 isnull(design,'') valor from st (nolock) left join stobs (nolock) on st.ref = stobs.ref where st.ref = '324.1832.00.2'
20241125@141118.9598 11g8098qjt8frm7l41bu9blf66 Query : select top 1 bistamp valor from bi inner join bo on bo.bostamp=bi.bostamp where bo.ndos =240 and bo.boano =2078 and bo.obrano = 2407819 and bi.ref ='324.1832.00.2' and bi.lordem =1
20241125@141118.9616 11g8098qjt8frm7l41bu9blf66 Query : select top 1 isnull(design,'') valor from st (nolock) left join stobs (nolock) on st.ref = stobs.ref where st.ref = '324.1832.00.2'
20241125@141118.9642 11g8098qjt8frm7l41bu9blf66 Query : select top 1 bistamp valor from bi inner join bo on bo.bostamp=bi.bostamp where bo.ndos =240 and bo.boano =2078 and bo.obrano = 2407819 and bi.ref ='324.1832.00.2' and bi.lordem =1
20241125@141118.9661 11g8098qjt8frm7l41bu9blf66 Query : select top 1 isnull(design,'') valor from st (nolock) left join stobs (nolock) on st.ref = stobs.ref where st.ref = '324.1832.00.2'
20241125@141118.9690 11g8098qjt8frm7l41bu9blf66 Query : select top 1 bistamp valor from bi inner join bo on bo.bostamp=bi.bostamp where bo.ndos =240 and bo.boano =2078 and bo.obrano = 2407819 and bi.ref ='324.1832.00.2' and bi.lordem =1
20241125@141118.9712 11g8098qjt8frm7l41bu9blf66 Query : use flama_phc
20241125@141118.9715 11g8098qjt8frm7l41bu9blf66 Query : select top 1 convert(date,fdata) valor from ft where ndoc = 39 and anulado= 0 and fno>0 order by fdata desc
20241125@141118.9751 11g8098qjt8frm7l41bu9blf66 Query : use flama_phc
20241125@141118.9754 11g8098qjt8frm7l41bu9blf66 Query : select top 1 1 valor from td where td.ndoc = 39
20241125@141118.9782 11g8098qjt8frm7l41bu9blf66 Query : use flama_phc
20241125@141118.9785 11g8098qjt8frm7l41bu9blf66 Query : select lower(descricao) descricao ,case when valor='s' then 1 else 0 end valor from para1 where descricao in ('st_lote','st_usalogifunc', 'st_grelha')
20241125@141118.9814 11g8098qjt8frm7l41bu9blf66 Query : select top 1 manternumero ,assinadoc issigned ,tiposaft ,assinaimp ,nmdos ,td.assinadoc ,'cl' origin ,lancasl stocks ,case when cmsl<50 and td.lancasl=1 then 1 else 0 end entrada ,case when cmsl>50 and td.lancasl=1 then 1 else 0 end saida ,temserie assets ,~semgre usegridfields from td inner join td2 on td.tdstamp=td2.td2stamp where td.ndoc = 1
20241125@141118.9852 11g8098qjt8frm7l41bu9blf66 Query : use flama_phc
20241125@141118.9855 11g8098qjt8frm7l41bu9blf66 Query : select top 1 ~inactivo valor from cl where no = '100810' and estab = 0 order by inactivo desc
20241125@141118.9887 11g8098qjt8frm7l41bu9blf66 Query : use flama_phc
20241125@141118.9892 11g8098qjt8frm7l41bu9blf66 Query : select top 1 tipodoc,regrd from td where ndoc = 39
20241125@141118.9929 11g8098qjt8frm7l41bu9blf66 Query : use flama_phc
20241125@141118.9932 11g8098qjt8frm7l41bu9blf66 Query : select szadrsstamp valor from szadrs where szadrsdesc='espaÇotrans,lda'
20241125@141118.9973 11g8098qjt8frm7l41bu9blf66 Query : use flama_phc
20241125@141118.9976 11g8098qjt8frm7l41bu9blf66 Query : select szadrsstamp valor from szadrs where szadrsdesc='100810 - worten-equipamentos para o lar,sa.'
20241125@141119.1020 11g8098qjt8frm7l41bu9blf66 Query : use flama_phc
20241125@141119.1050 11g8098qjt8frm7l41bu9blf66 Query : select 1 valor from td where ndoc = 39
20241125@141119.1190 11g8098qjt8frm7l41bu9blf66 Query : select top 1 manternumero, tiposaft, nmdos,td.assinadoc from td where td.ndoc = 39
20241125@141119.1410 11g8098qjt8frm7l41bu9blf66 Query : select 1 valor from information_schema.tables where table_type='base table' and table_name='wstablefields'
20241125@141119.1610 11g8098qjt8frm7l41bu9blf66 Query : select fieldkey,fieldname,fieldtype,mandatory from wstablefields where tablename = 'ft' and documentnumber = 39
20241125@141119.1850 11g8098qjt8frm7l41bu9blf66 Query : select 1 valor from information_schema.tables where table_type='base table' and table_name='wstablefields'
20241125@141119.2040 11g8098qjt8frm7l41bu9blf66 Query : select fieldkey,fieldname,fieldtype,mandatory from wstablefields where tablename = 'ft2' and documentnumber = 39
20241125@141119.2590 11g8098qjt8frm7l41bu9blf66 Query : select 1 valor from information_schema.tables where table_type='base table' and table_name='wstablefields'
20241125@141119.2750 11g8098qjt8frm7l41bu9blf66 Query : select fieldkey,fieldname,fieldtype,mandatory from wstablefields where tablename = 'ft3' and documentnumber = 39
20241125@141119.2890 11g8098qjt8frm7l41bu9blf66 Query : select top 1 ft.fno valor from ft ft where ft.ndoc = 39 and ftano=2024 order by fno desc
20241125@141119.3640 11g8098qjt8frm7l41bu9blf66 Query : select top 1 ft.fno valor from wsftdata ft where ft.ndoc = 39 and ftano=2024 order by fno desc
20241125@141119.3890 11g8098qjt8frm7l41bu9blf66 Query : select 1 valor from information_schema.tables where table_type='base table' and table_name='wstablefields'
20241125@141119.4070 11g8098qjt8frm7l41bu9blf66 Query : select fieldkey,fieldname,fieldtype,calcformula from wstablefields where tablename = 'ft3' and documentnumber = 39
20241125@141119.4250 11g8098qjt8frm7l41bu9blf66 Query : insert into wsft3data (ft3stamp, ousrdata, ousrhora, usrdata,usrhora,ousrinis,usrinis,taxpointdt ) values ('aut67448530256744858707' ,getdate(),convert(char(8),convert (time,getdate())),getdate(),convert(char(8),convert (time,getdate())),'wsv','wsv',?)
20241125@141119.6310 11g8098qjt8frm7l41bu9blf66 Query : select 1 valor from information_schema.tables where table_type='base table' and table_name='wstablefields'
20241125@141119.6620 11g8098qjt8frm7l41bu9blf66 Query : select fieldkey,fieldname,fieldtype,calcformula from wstablefields where tablename = 'ft2' and documentnumber = 39
20241125@141119.7050 11g8098qjt8frm7l41bu9blf66 Query : select top 1 bo.u_nomeenv valor from bo where bo.bostamp=''
20241125@141119.7180 11g8098qjt8frm7l41bu9blf66 Query : select top 1 bo.u_moradaen valor from bo where bo.bostamp=''
20241125@141119.7310 11g8098qjt8frm7l41bu9blf66 Query : select top 1 bo.u_codposen valor from bo where bo.bostamp=''
20241125@141119.7460 11g8098qjt8frm7l41bu9blf66 Query : select top 1 bo.u_localenv valor from bo where bo.bostamp=''
20241125@141119.7600 11g8098qjt8frm7l41bu9blf66 Query : select top 1 bo.trab5 valor from bo where bo.bostamp=''
20241125@141119.7780 11g8098qjt8frm7l41bu9blf66 Query : select top 1 bo.serie valor from bo where bo.bostamp=''
20241125@141119.8150 11g8098qjt8frm7l41bu9blf66 Query : insert into wsft2data (ft2stamp, ousrdata,ousrhora, usrdata,usrhora,ousrinis,usrinis,u_nomeenv ,u_moradaen ,u_codposen ,u_localenv ,u_coddest ,u_codby ) values ('aut67448530256744858707',getdate(),convert(char(8),convert (time,getdate())),getdate(),convert(char(8),convert (time,getdate())),'wsv','wsv',?,?,?,?,?,?)
20241125@141119.1103 11g8098qjt8frm7l41bu9blf66 Query : select top 1 fno valor from wsftdata order by fno desc
20241125@141119.1167 11g8098qjt8frm7l41bu9blf66 Query : select 1 valor from information_schema.tables where table_type='base table' and table_name='wstablefields'
20241125@141119.1327 11g8098qjt8frm7l41bu9blf66 Query : select fieldkey,fieldname,fieldtype,calcformula from wstablefields where tablename = 'ft' and documentnumber = 39
20241125@141119.1366 11g8098qjt8frm7l41bu9blf66 Query : select 'normal' from dummy
20241125@141119.1388 11g8098qjt8frm7l41bu9blf66 Query : insert into wsftdata (ftstamp, ousrdata,ousrhora, usrdata,usrhora,ousrinis,usrinis,fno,no,estab,fdata,ndoc,moeda,cambio,cambiofixo,ftano,site ,classe ) values ('aut67448530256744858707',getdate(),convert(char(8),convert (time,getdate())),getdate(),convert(char(8),convert (time,getdate())),'wsv','wsv',2013,100810,0,'2024-11-25',39,'euro',0,0,2024 ,?,?)
20241125@141119.1765 11g8098qjt8frm7l41bu9blf66 Query : use flama_phc
20241125@141119.1769 11g8098qjt8frm7l41bu9blf66 Query : select st.usalote valor from st where st.ref = '324.1832.00.2'
20241125@141119.1802 11g8098qjt8frm7l41bu9blf66 Query : select top 1 st.tabiva ,st.ivaincl ,st.stns ,st.uni2 ,st.familia ,isnull(tx.taxa, 0) txiva ,unidade ,usalote ,epcpond ,noserie ,conversao ,st.texteis from st left join taxasiva tx on st.tabiva = tx.codigo where st.ref = '324.1832.00.2'
20241125@141119.1985 11g8098qjt8frm7l41bu9blf66 Query : select 1 valor from information_schema.tables where table_type='base table' and table_name='wstablefields'
20241125@141119.2008 11g8098qjt8frm7l41bu9blf66 Query : select fieldkey,fieldname,fieldtype,mandatory from wstablefields where tablename = 'fi' and documentnumber = 39
20241125@141119.2037 11g8098qjt8frm7l41bu9blf66 Query : select 1 valor from information_schema.tables where table_type='base table' and table_name='wstablefields'
20241125@141119.2053 11g8098qjt8frm7l41bu9blf66 Query : select fieldkey,fieldname,fieldtype,mandatory from wstablefields where tablename = 'fi2' and documentnumber = 39
20241125@141119.2062 11g8098qjt8frm7l41bu9blf66 Query : select top 1 convert(numeric(6,2),t.taxa) valor from taxasiva t where t.codigo='2'
20241125@141119.2078 11g8098qjt8frm7l41bu9blf66 Query : select sestamp valor from se where ref ='324.1832.00.2' and lote = 'r2301257100a'
20241125@141119.2093 11g8098qjt8frm7l41bu9blf66 Query : select 1 valor from information_schema.tables where table_type='base table' and table_name='wstablefields'
20241125@141119.2109 11g8098qjt8frm7l41bu9blf66 Query : select fieldkey,fieldname,fieldtype,calcformula from wstablefields where tablename = 'fi2' and documentnumber = 39
20241125@141119.2134 11g8098qjt8frm7l41bu9blf66 Query : insert into wsfi2data (fi2stamp,ftstamp ,ousrdata, ousrhora, usrdata,usrhora,ousrinis,usrinis) values ('aut67448251126744858733','aut67448530256744858707' ,getdate(),convert(char(8),convert (time,getdate())),getdate(),convert(char(8),convert (time,getdate())),'wsv','wsv')
20241125@141119.2139 11g8098qjt8frm7l41bu9blf66 Query : select 1 valor from information_schema.tables where table_type='base table' and table_name='wstablefields'
20241125@141119.2156 11g8098qjt8frm7l41bu9blf66 Query : select fieldkey,fieldname,fieldtype,calcformula from wstablefields where tablename = 'fi' and documentnumber = 39
20241125@141119.2199 11g8098qjt8frm7l41bu9blf66 Query : insert into wsfidata (fistamp,ousrdata, ousrhora, usrdata,usrhora,ousrinis,usrinis ,qtt ,ftstamp ,epv,pvmoeda ,tabiva,iva,lordem ,ref, design ,lote,armazem,bistamp ) values ('aut67448251126744858733',getdate(),convert(char(8),convert (time,getdate())),getdate(),convert(char(8),convert (time,getdate())),'wsv','wsv',20.000 ,'aut67448530256744858707' ,0,0 ,2,23.00,10000,?,?,?,?,?)
20241125@141119.2511 11g8098qjt8frm7l41bu9blf66 Query : select 1 valor from information_schema.tables where table_type='base table' and table_name='wstablefields'
20241125@141119.2610 11g8098qjt8frm7l41bu9blf66 Query : select fieldkey,fieldname,fieldtype,mandatory from wstablefields where tablename = 'fi' and documentnumber = 39
20241125@141119.2651 11g8098qjt8frm7l41bu9blf66 Query : select 1 valor from information_schema.tables where table_type='base table' and table_name='wstablefields'
20241125@141119.3397 11g8098qjt8frm7l41bu9blf66 Query : select fieldkey,fieldname,fieldtype,mandatory from wstablefields where tablename = 'fi2' and documentnumber = 39
20241125@141119.3409 11g8098qjt8frm7l41bu9blf66 Query : select top 1 convert(numeric(6,2),t.taxa) valor from taxasiva t where t.codigo='2'
20241125@141119.3424 11g8098qjt8frm7l41bu9blf66 Query : select 1 valor from information_schema.tables where table_type='base table' and table_name='wstablefields'
20241125@141119.3443 11g8098qjt8frm7l41bu9blf66 Query : select fieldkey,fieldname,fieldtype,calcformula from wstablefields where tablename = 'fi2' and documentnumber = 39
20241125@141119.3458 11g8098qjt8frm7l41bu9blf66 Query : insert into wsfi2data (fi2stamp,ftstamp ,ousrdata, ousrhora, usrdata,usrhora,ousrinis,usrinis) values ('aut67448989636744858753','aut67448530256744858707' ,getdate(),convert(char(8),convert (time,getdate())),getdate(),convert(char(8),convert (time,getdate())),'wsv','wsv')
20241125@141119.3463 11g8098qjt8frm7l41bu9blf66 Query : select 1 valor from information_schema.tables where table_type='base table' and table_name='wstablefields'
20241125@141119.3488 11g8098qjt8frm7l41bu9blf66 Query : select fieldkey,fieldname,fieldtype,calcformula from wstablefields where tablename = 'fi' and documentnumber = 39
20241125@141119.3535 11g8098qjt8frm7l41bu9blf66 Query : insert into wsfidata (fistamp,ousrdata, ousrhora, usrdata,usrhora,ousrinis,usrinis ,qtt ,ftstamp ,epv,pvmoeda ,tabiva,iva,lordem ,ref, design ,armazem) values ('aut67448989636744858753',getdate(),convert(char(8),convert (time,getdate())),getdate(),convert(char(8),convert (time,getdate())),'wsv','wsv',0 ,'aut67448530256744858707' ,0,0 ,2,23.00,20000,?,?,?)
20241125@141119.3861 11g8098qjt8frm7l41bu9blf66 Query : use flama_phc
20241125@141119.3867 11g8098qjt8frm7l41bu9blf66 Query : select st.usalote valor from st where st.ref = '324.1832.00.2'
20241125@141119.3899 11g8098qjt8frm7l41bu9blf66 Query : select top 1 st.tabiva ,st.ivaincl ,st.stns ,st.uni2 ,st.familia ,isnull(tx.taxa, 0) txiva ,unidade ,usalote ,epcpond ,noserie ,conversao ,st.texteis from st left join taxasiva tx on st.tabiva = tx.codigo where st.ref = '324.1832.00.2'
20241125@141119.3917 11g8098qjt8frm7l41bu9blf66 Query : select 1 valor from information_schema.tables where table_type='base table' and table_name='wstablefields'
20241125@141119.3939 11g8098qjt8frm7l41bu9blf66 Query : select fieldkey,fieldname,fieldtype,mandatory from wstablefields where tablename = 'fi' and documentnumber = 39
20241125@141119.3972 11g8098qjt8frm7l41bu9blf66 Query : select 1 valor from information_schema.tables where table_type='base table' and table_name='wstablefields'
20241125@141119.4014 11g8098qjt8frm7l41bu9blf66 Query : select fieldkey,fieldname,fieldtype,mandatory from wstablefields where tablename = 'fi2' and documentnumber = 39
20241125@141119.4027 11g8098qjt8frm7l41bu9blf66 Query : select top 1 convert(numeric(6,2),t.taxa) valor from taxasiva t where t.codigo='2'
20241125@141119.4038 11g8098qjt8frm7l41bu9blf66 Query : select sestamp valor from se where ref ='324.1832.00.2' and lote = 'r2301257100a'
20241125@141119.4050 11g8098qjt8frm7l41bu9blf66 Query : select 1 valor from information_schema.tables where table_type='base table' and table_name='wstablefields'
20241125@141119.4064 11g8098qjt8frm7l41bu9blf66 Query : select fieldkey,fieldname,fieldtype,calcformula from wstablefields where tablename = 'fi2' and documentnumber = 39
20241125@141119.4076 11g8098qjt8frm7l41bu9blf66 Query : insert into wsfi2data (fi2stamp,ftstamp ,ousrdata, ousrhora, usrdata,usrhora,ousrinis,usrinis) values ('aut67448696646744858762','aut67448530256744858707' ,getdate(),convert(char(8),convert (time,getdate())),getdate(),convert(char(8),convert (time,getdate())),'wsv','wsv')
20241125@141119.4080 11g8098qjt8frm7l41bu9blf66 Query : select 1 valor from information_schema.tables where table_type='base table' and table_name='wstablefields'
20241125@141119.4094 11g8098qjt8frm7l41bu9blf66 Query : select fieldkey,fieldname,fieldtype,calcformula from wstablefields where tablename = 'fi' and documentnumber = 39
20241125@141119.4119 11g8098qjt8frm7l41bu9blf66 Query : insert into wsfidata (fistamp,ousrdata, ousrhora, usrdata,usrhora,ousrinis,usrinis ,qtt ,ftstamp ,epv,pvmoeda ,tabiva,iva,lordem ,ref, design ,lote,armazem,bistamp ) values ('aut67448696646744858762',getdate(),convert(char(8),convert (time,getdate())),getdate(),convert(char(8),convert (time,getdate())),'wsv','wsv',20.000 ,'aut67448530256744858707' ,0,0 ,2,23.00,40000,?,?,?,?,?)
20241125@141119.4557 11g8098qjt8frm7l41bu9blf66 Query : select 1 valor from information_schema.tables where table_type='base table' and table_name='wstablefields'
20241125@141119.4594 11g8098qjt8frm7l41bu9blf66 Query : select fieldkey,fieldname,fieldtype,mandatory from wstablefields where tablename = 'fi' and documentnumber = 39
20241125@141119.4624 11g8098qjt8frm7l41bu9blf66 Query : select 1 valor from information_schema.tables where table_type='base table' and table_name='wstablefields'
20241125@141119.4641 11g8098qjt8frm7l41bu9blf66 Query : select fieldkey,fieldname,fieldtype,mandatory from wstablefields where tablename = 'fi2' and documentnumber = 39
20241125@141119.4651 11g8098qjt8frm7l41bu9blf66 Query : select top 1 convert(numeric(6,2),t.taxa) valor from taxasiva t where t.codigo='2'
20241125@141119.4666 11g8098qjt8frm7l41bu9blf66 Query : select 1 valor from information_schema.tables where table_type='base table' and table_name='wstablefields'
20241125@141119.4695 11g8098qjt8frm7l41bu9blf66 Query : select fieldkey,fieldname,fieldtype,calcformula from wstablefields where tablename = 'fi2' and documentnumber = 39
20241125@141119.4711 11g8098qjt8frm7l41bu9blf66 Query : insert into wsfi2data (fi2stamp,ftstamp ,ousrdata, ousrhora, usrdata,usrhora,ousrinis,usrinis) values ('aut67448684456744858771','aut67448530256744858707' ,getdate(),convert(char(8),convert (time,getdate())),getdate(),convert(char(8),convert (time,getdate())),'wsv','wsv')
20241125@141119.4716 11g8098qjt8frm7l41bu9blf66 Query : select 1 valor from information_schema.tables where table_type='base table' and table_name='wstablefields'
20241125@141119.4749 11g8098qjt8frm7l41bu9blf66 Query : select fieldkey,fieldname,fieldtype,calcformula from wstablefields where tablename = 'fi' and documentnumber = 39
20241125@141119.4785 11g8098qjt8frm7l41bu9blf66 Query : insert into wsfidata (fistamp,ousrdata, ousrhora, usrdata,usrhora,ousrinis,usrinis ,qtt ,ftstamp ,epv,pvmoeda ,tabiva,iva,lordem ,ref, design ,armazem) values ('aut67448684456744858771',getdate(),convert(char(8),convert (time,getdate())),getdate(),convert(char(8),convert (time,getdate())),'wsv','wsv',0 ,'aut67448530256744858707' ,0,0 ,2,23.00,50000,?,?,?)
20241125@141119.5080 11g8098qjt8frm7l41bu9blf66 Query : use flama_phc
20241125@141119.5085 11g8098qjt8frm7l41bu9blf66 Query : select st.usalote valor from st where st.ref = '324.1832.00.2'
20241125@141119.5108 11g8098qjt8frm7l41bu9blf66 Query : select top 1 st.tabiva ,st.ivaincl ,st.stns ,st.uni2 ,st.familia ,isnull(tx.taxa, 0) txiva ,unidade ,usalote ,epcpond ,noserie ,conversao ,st.texteis from st left join taxasiva tx on st.tabiva = tx.codigo where st.ref = '324.1832.00.2'
20241125@141119.5125 11g8098qjt8frm7l41bu9blf66 Query : select 1 valor from information_schema.tables where table_type='base table' and table_name='wstablefields'
20241125@141119.5145 11g8098qjt8frm7l41bu9blf66 Query : select fieldkey,fieldname,fieldtype,mandatory from wstablefields where tablename = 'fi' and documentnumber = 39
20241125@141119.5188 11g8098qjt8frm7l41bu9blf66 Query : select 1 valor from information_schema.tables where table_type='base table' and table_name='wstablefields'
20241125@141119.5206 11g8098qjt8frm7l41bu9blf66 Query : select fieldkey,fieldname,fieldtype,mandatory from wstablefields where tablename = 'fi2' and documentnumber = 39
20241125@141119.5229 11g8098qjt8frm7l41bu9blf66 Query : select top 1 convert(numeric(6,2),t.taxa) valor from taxasiva t where t.codigo='2'
20241125@141119.5249 11g8098qjt8frm7l41bu9blf66 Query : select sestamp valor from se where ref ='324.1832.00.2' and lote = 'r2301257100a'
20241125@141119.5265 11g8098qjt8frm7l41bu9blf66 Query : select 1 valor from information_schema.tables where table_type='base table' and table_name='wstablefields'
20241125@141119.5294 11g8098qjt8frm7l41bu9blf66 Query : select fieldkey,fieldname,fieldtype,calcformula from wstablefields where tablename = 'fi2' and documentnumber = 39
20241125@141119.5308 11g8098qjt8frm7l41bu9blf66 Query : insert into wsfi2data (fi2stamp,ftstamp ,ousrdata, ousrhora, usrdata,usrhora,ousrinis,usrinis) values ('aut67448038226744858780','aut67448530256744858707' ,getdate(),convert(char(8),convert (time,getdate())),getdate(),convert(char(8),convert (time,getdate())),'wsv','wsv')
20241125@141119.5315 11g8098qjt8frm7l41bu9blf66 Query : select 1 valor from information_schema.tables where table_type='base table' and table_name='wstablefields'
20241125@141119.5340 11g8098qjt8frm7l41bu9blf66 Query : select fieldkey,fieldname,fieldtype,calcformula from wstablefields where tablename = 'fi' and documentnumber = 39
20241125@141119.5385 11g8098qjt8frm7l41bu9blf66 Query : insert into wsfidata (fistamp,ousrdata, ousrhora, usrdata,usrhora,ousrinis,usrinis ,qtt ,ftstamp ,epv,pvmoeda ,tabiva,iva,lordem ,ref, design ,lote,armazem,bistamp ) values ('aut67448038226744858780',getdate(),convert(char(8),convert (time,getdate())),getdate(),convert(char(8),convert (time,getdate())),'wsv','wsv',20.000 ,'aut67448530256744858707' ,0,0 ,2,23.00,70000,?,?,?,?,?)
20241125@141119.5767 11g8098qjt8frm7l41bu9blf66 Query : select 1 valor from information_schema.tables where table_type='base table' and table_name='wstablefields'
20241125@141119.5788 11g8098qjt8frm7l41bu9blf66 Query : select fieldkey,fieldname,fieldtype,mandatory from wstablefields where tablename = 'fi' and documentnumber = 39
20241125@141119.5820 11g8098qjt8frm7l41bu9blf66 Query : select 1 valor from information_schema.tables where table_type='base table' and table_name='wstablefields'
20241125@141119.5838 11g8098qjt8frm7l41bu9blf66 Query : select fieldkey,fieldname,fieldtype,mandatory from wstablefields where tablename = 'fi2' and documentnumber = 39
20241125@141119.5859 11g8098qjt8frm7l41bu9blf66 Query : select top 1 convert(numeric(6,2),t.taxa) valor from taxasiva t where t.codigo='2'
20241125@141119.5948 11g8098qjt8frm7l41bu9blf66 Query : select 1 valor from information_schema.tables where table_type='base table' and table_name='wstablefields'
20241125@141119.5964 11g8098qjt8frm7l41bu9blf66 Query : select fieldkey,fieldname,fieldtype,calcformula from wstablefields where tablename = 'fi2' and documentnumber = 39
20241125@141119.5977 11g8098qjt8frm7l41bu9blf66 Query : insert into wsfi2data (fi2stamp,ftstamp ,ousrdata, ousrhora, usrdata,usrhora,ousrinis,usrinis) values ('aut67448266846744858791','aut67448530256744858707' ,getdate(),convert(char(8),convert (time,getdate())),getdate(),convert(char(8),convert (time,getdate())),'wsv','wsv')
20241125@141119.5983 11g8098qjt8frm7l41bu9blf66 Query : select 1 valor from information_schema.tables where table_type='base table' and table_name='wstablefields'
20241125@141119.6009 11g8098qjt8frm7l41bu9blf66 Query : select fieldkey,fieldname,fieldtype,calcformula from wstablefields where tablename = 'fi' and documentnumber = 39
20241125@141119.6039 11g8098qjt8frm7l41bu9blf66 Query : insert into wsfidata (fistamp,ousrdata, ousrhora, usrdata,usrhora,ousrinis,usrinis ,qtt ,ftstamp ,epv,pvmoeda ,tabiva,iva,lordem ,ref, design ,armazem) values ('aut67448266846744858791',getdate(),convert(char(8),convert (time,getdate())),getdate(),convert(char(8),convert (time,getdate())),'wsv','wsv',0 ,'aut67448530256744858707' ,0,0 ,2,23.00,80000,?,?,?)
20241125@141119.6336 11g8098qjt8frm7l41bu9blf66 Query : use flama_phc
20241125@141119.6340 11g8098qjt8frm7l41bu9blf66 Query : select st.usalote valor from st where st.ref = '324.1832.00.2'
20241125@141119.6360 11g8098qjt8frm7l41bu9blf66 Query : select top 1 st.tabiva ,st.ivaincl ,st.stns ,st.uni2 ,st.familia ,isnull(tx.taxa, 0) txiva ,unidade ,usalote ,epcpond ,noserie ,conversao ,st.texteis from st left join taxasiva tx on st.tabiva = tx.codigo where st.ref = '324.1832.00.2'
20241125@141119.6375 11g8098qjt8frm7l41bu9blf66 Query : select 1 valor from information_schema.tables where table_type='base table' and table_name='wstablefields'
20241125@141119.6392 11g8098qjt8frm7l41bu9blf66 Query : select fieldkey,fieldname,fieldtype,mandatory from wstablefields where tablename = 'fi' and documentnumber = 39
20241125@141119.6420 11g8098qjt8frm7l41bu9blf66 Query : select 1 valor from information_schema.tables where table_type='base table' and table_name='wstablefields'
20241125@141119.6438 11g8098qjt8frm7l41bu9blf66 Query : select fieldkey,fieldname,fieldtype,mandatory from wstablefields where tablename = 'fi2' and documentnumber = 39
20241125@141119.6448 11g8098qjt8frm7l41bu9blf66 Query : select top 1 convert(numeric(6,2),t.taxa) valor from taxasiva t where t.codigo='2'
20241125@141119.6462 11g8098qjt8frm7l41bu9blf66 Query : select sestamp valor from se where ref ='324.1832.00.2' and lote = 'r2301257100a'
20241125@141119.6483 11g8098qjt8frm7l41bu9blf66 Query : select 1 valor from information_schema.tables where table_type='base table' and table_name='wstablefields'
20241125@141119.6498 11g8098qjt8frm7l41bu9blf66 Query : select fieldkey,fieldname,fieldtype,calcformula from wstablefields where tablename = 'fi2' and documentnumber = 39
20241125@141119.6510 11g8098qjt8frm7l41bu9blf66 Query : insert into wsfi2data (fi2stamp,ftstamp ,ousrdata, ousrhora, usrdata,usrhora,ousrinis,usrinis) values ('aut6744859730674485879e','aut67448530256744858707' ,getdate(),convert(char(8),convert (time,getdate())),getdate(),convert(char(8),convert (time,getdate())),'wsv','wsv')
20241125@141119.6515 11g8098qjt8frm7l41bu9blf66 Query : select 1 valor from information_schema.tables where table_type='base table' and table_name='wstablefields'
20241125@141119.6534 11g8098qjt8frm7l41bu9blf66 Query : select fieldkey,fieldname,fieldtype,calcformula from wstablefields where tablename = 'fi' and documentnumber = 39
20241125@141119.6564 11g8098qjt8frm7l41bu9blf66 Query : insert into wsfidata (fistamp,ousrdata, ousrhora, usrdata,usrhora,ousrinis,usrinis ,qtt ,ftstamp ,epv,pvmoeda ,tabiva,iva,lordem ,ref, design ,lote,armazem,bistamp ) values ('aut6744859730674485879e',getdate(),convert(char(8),convert (time,getdate())),getdate(),convert(char(8),convert (time,getdate())),'wsv','wsv',20.000 ,'aut67448530256744858707' ,0,0 ,2,23.00,100000,?,?,?,?,?)
20241125@141119.7067 11g8098qjt8frm7l41bu9blf66 Query : select 1 valor from information_schema.tables where table_type='base table' and table_name='wstablefields'
20241125@141119.7151 11g8098qjt8frm7l41bu9blf66 Query : select fieldkey,fieldname,fieldtype,mandatory from wstablefields where tablename = 'fi' and documentnumber = 39
20241125@141119.7357 11g8098qjt8frm7l41bu9blf66 Query : select 1 valor from information_schema.tables where table_type='base table' and table_name='wstablefields'
20241125@141119.7378 11g8098qjt8frm7l41bu9blf66 Query : select fieldkey,fieldname,fieldtype,mandatory from wstablefields where tablename = 'fi2' and documentnumber = 39
20241125@141119.7387 11g8098qjt8frm7l41bu9blf66 Query : select top 1 convert(numeric(6,2),t.taxa) valor from taxasiva t where t.codigo='2'
20241125@141119.7404 11g8098qjt8frm7l41bu9blf66 Query : select 1 valor from information_schema.tables where table_type='base table' and table_name='wstablefields'
20241125@141119.7420 11g8098qjt8frm7l41bu9blf66 Query : select fieldkey,fieldname,fieldtype,calcformula from wstablefields where tablename = 'fi2' and documentnumber = 39
20241125@141119.7434 11g8098qjt8frm7l41bu9blf66 Query : insert into wsfi2data (fi2stamp,ftstamp ,ousrdata, ousrhora, usrdata,usrhora,ousrinis,usrinis) values ('aut674488416567448587b4','aut67448530256744858707' ,getdate(),convert(char(8),convert (time,getdate())),getdate(),convert(char(8),convert (time,getdate())),'wsv','wsv')
20241125@141119.7438 11g8098qjt8frm7l41bu9blf66 Query : select 1 valor from information_schema.tables where table_type='base table' and table_name='wstablefields'
20241125@141119.7465 11g8098qjt8frm7l41bu9blf66 Query : select fieldkey,fieldname,fieldtype,calcformula from wstablefields where tablename = 'fi' and documentnumber = 39
20241125@141119.7502 11g8098qjt8frm7l41bu9blf66 Query : insert into wsfidata (fistamp,ousrdata, ousrhora, usrdata,usrhora,ousrinis,usrinis ,qtt ,ftstamp ,epv,pvmoeda ,tabiva,iva,lordem ,ref, design ,armazem) values ('aut674488416567448587b4',getdate(),convert(char(8),convert (time,getdate())),getdate(),convert(char(8),convert (time,getdate())),'wsv','wsv',0 ,'aut67448530256744858707' ,0,0 ,2,23.00,110000,?,?,?)
20241125@141119.7798 11g8098qjt8frm7l41bu9blf66 Query : insert into wsftcreationlog (initialftstamp,externalid,creationstatus,documenttypeid,idustamp) values ('aut67448530256744858707','2407819','wait',39,'adm09112754980.682000002')
20241125@141119.7895 11g8098qjt8frm7l41bu9blf66 Query : use flama_phc
20241125@141119.7898 11g8098qjt8frm7l41bu9blf66 Query : update u_wsusers set rqsttoken =? where userid ='userls001'
20241125@141119.7929 11g8098qjt8frm7l41bu9blf66 Query : select concat(rtrim(relative_path),ltrim(name_new)) as valor from uploadfiles where uploadfile_id='3478';
20241125@141119.7970 11g8098qjt8frm7l41bu9blf66 Query : update uploadfiles set whenupdated=current_timestamp where uploadfile_id='3478';
20241125@141119.8167 11g8098qjt8frm7l41bu9blf66 Query : select concat(rtrim(relative_path),ltrim(name_new)) as valor from uploadfiles where uploadfile_id='3478';
20241125@141119.8205 11g8098qjt8frm7l41bu9blf66 Query : update uploadfiles set whenupdated=current_timestamp where uploadfile_id='3478';
20241125@141119.8919 lkp5tfjun017t12mdb3rcti3sb Query : insert into uploadfiles ( name_original, name_new, option_type, relative_path, whencreated ) values ( ?, ?, ?, ?, getdate() )
20241125@141119.8931 lkp5tfjun017t12mdb3rcti3sb Query : select uploadfile_id valor from uploadfiles where name_new = ? and option_type = ? 
20241125@141119.9030 lkp5tfjun017t12mdb3rcti3sb Query : select concat(rtrim(relative_path),ltrim(name_new)) as valor from uploadfiles where uploadfile_id='3479';
20241125@141119.9101 lkp5tfjun017t12mdb3rcti3sb Query : update uploadfiles set whenupdated=current_timestamp where uploadfile_id='3479';
20241125@141119.9174 lkp5tfjun017t12mdb3rcti3sb Query : select concat(rtrim(relative_path),ltrim(name_new)) as valor from uploadfiles where uploadfile_id='3479';
20241125@141119.9211 lkp5tfjun017t12mdb3rcti3sb Query : update uploadfiles set whenupdated=current_timestamp where uploadfile_id='3479';
20241125@141119.9294 lkp5tfjun017t12mdb3rcti3sb Query : use flama_phc
20241125@141119.9298 lkp5tfjun017t12mdb3rcti3sb Query : select top 1 secretkey valor from u_wsusers u where u.userid = ? and u.inactivo=0
20241125@141119.9395 lkp5tfjun017t12mdb3rcti3sb Query : use flama_phc
20241125@141119.9400 lkp5tfjun017t12mdb3rcti3sb Query : select no, estab,szadrsdesc from szadrs where u_coddest=4740
20241125@141119.9453 lkp5tfjun017t12mdb3rcti3sb Query : select top 1 isnull(design,'') valor from st (nolock) left join stobs (nolock) on st.ref = stobs.ref where st.ref = '324.1834.00.1'
20241125@141119.9678 lkp5tfjun017t12mdb3rcti3sb Query : select top 1 bistamp valor from bi inner join bo on bo.bostamp=bi.bostamp where bo.ndos =240 and bo.boano =2078 and bo.obrano = 2407820 and bi.ref ='324.1834.00.1' and bi.lordem =1
20241125@141120.4560 lkp5tfjun017t12mdb3rcti3sb Query : select top 1 isnull(design,'') valor from st (nolock) left join stobs (nolock) on st.ref = stobs.ref where st.ref = '324.1834.00.1'
20241125@141120.5090 lkp5tfjun017t12mdb3rcti3sb Query : select top 1 bistamp valor from bi inner join bo on bo.bostamp=bi.bostamp where bo.ndos =240 and bo.boano =2078 and bo.obrano = 2407820 and bi.ref ='324.1834.00.1' and bi.lordem =1
20241125@141120.5480 lkp5tfjun017t12mdb3rcti3sb Query : select top 1 isnull(design,'') valor from st (nolock) left join stobs (nolock) on st.ref = stobs.ref where st.ref = '324.1834.00.1'
20241125@141120.5780 lkp5tfjun017t12mdb3rcti3sb Query : select top 1 bistamp valor from bi inner join bo on bo.bostamp=bi.bostamp where bo.ndos =240 and bo.boano =2078 and bo.obrano = 2407820 and bi.ref ='324.1834.00.1' and bi.lordem =1
20241125@141120.6000 lkp5tfjun017t12mdb3rcti3sb Query : select top 1 isnull(design,'') valor from st (nolock) left join stobs (nolock) on st.ref = stobs.ref where st.ref = '324.1834.00.1'
20241125@141120.6250 lkp5tfjun017t12mdb3rcti3sb Query : select top 1 bistamp valor from bi inner join bo on bo.bostamp=bi.bostamp where bo.ndos =240 and bo.boano =2078 and bo.obrano = 2407820 and bi.ref ='324.1834.00.1' and bi.lordem =1
20241125@141120.6440 lkp5tfjun017t12mdb3rcti3sb Query : use flama_phc
20241125@141120.6470 lkp5tfjun017t12mdb3rcti3sb Query : select top 1 convert(date,fdata) valor from ft where ndoc = 39 and anulado= 0 and fno>0 order by fdata desc
20241125@141120.6850 lkp5tfjun017t12mdb3rcti3sb Query : use flama_phc
20241125@141120.6880 lkp5tfjun017t12mdb3rcti3sb Query : select top 1 1 valor from td where td.ndoc = 39
20241125@141120.7450 lkp5tfjun017t12mdb3rcti3sb Query : use flama_phc
20241125@141120.7480 lkp5tfjun017t12mdb3rcti3sb Query : select lower(descricao) descricao ,case when valor='s' then 1 else 0 end valor from para1 where descricao in ('st_lote','st_usalogifunc', 'st_grelha')
20241125@141120.7800 lkp5tfjun017t12mdb3rcti3sb Query : select top 1 manternumero ,assinadoc issigned ,tiposaft ,assinaimp ,nmdos ,td.assinadoc ,'cl' origin ,lancasl stocks ,case when cmsl<50 and td.lancasl=1 then 1 else 0 end entrada ,case when cmsl>50 and td.lancasl=1 then 1 else 0 end saida ,temserie assets ,~semgre usegridfields from td inner join td2 on td.tdstamp=td2.td2stamp where td.ndoc = 1
20241125@141120.8180 lkp5tfjun017t12mdb3rcti3sb Query : use flama_phc
20241125@141120.8210 lkp5tfjun017t12mdb3rcti3sb Query : select top 1 ~inactivo valor from cl where no = '100810' and estab = 0 order by inactivo desc
20241125@141120.8630 lkp5tfjun017t12mdb3rcti3sb Query : use flama_phc
20241125@141120.8660 lkp5tfjun017t12mdb3rcti3sb Query : select top 1 tipodoc,regrd from td where ndoc = 39
20241125@141120.9120 lkp5tfjun017t12mdb3rcti3sb Query : use flama_phc
20241125@141120.9150 lkp5tfjun017t12mdb3rcti3sb Query : select szadrsstamp valor from szadrs where szadrsdesc='espaÇotrans,lda'
20241125@141120.9840 lkp5tfjun017t12mdb3rcti3sb Query : use flama_phc
20241125@141120.9870 lkp5tfjun017t12mdb3rcti3sb Query : select szadrsstamp valor from szadrs where szadrsdesc='100810 - worten-equipamentos para o lar,sa.'
20241125@141120.1213 lkp5tfjun017t12mdb3rcti3sb Query : use flama_phc
20241125@141120.1217 lkp5tfjun017t12mdb3rcti3sb Query : select 1 valor from td where ndoc = 39
20241125@141120.1233 lkp5tfjun017t12mdb3rcti3sb Query : select top 1 manternumero, tiposaft, nmdos,td.assinadoc from td where td.ndoc = 39
20241125@141120.1249 lkp5tfjun017t12mdb3rcti3sb Query : select 1 valor from information_schema.tables where table_type='base table' and table_name='wstablefields'
20241125@141120.1269 lkp5tfjun017t12mdb3rcti3sb Query : select fieldkey,fieldname,fieldtype,mandatory from wstablefields where tablename = 'ft' and documentnumber = 39
20241125@141120.1487 lkp5tfjun017t12mdb3rcti3sb Query : select 1 valor from information_schema.tables where table_type='base table' and table_name='wstablefields'
20241125@141120.1543 lkp5tfjun017t12mdb3rcti3sb Query : select fieldkey,fieldname,fieldtype,mandatory from wstablefields where tablename = 'ft2' and documentnumber = 39
20241125@141120.1714 lkp5tfjun017t12mdb3rcti3sb Query : select 1 valor from information_schema.tables where table_type='base table' and table_name='wstablefields'
20241125@141120.2468 lkp5tfjun017t12mdb3rcti3sb Query : select fieldkey,fieldname,fieldtype,mandatory from wstablefields where tablename = 'ft3' and documentnumber = 39
20241125@141120.2490 lkp5tfjun017t12mdb3rcti3sb Query : select top 1 ft.fno valor from ft ft where ft.ndoc = 39 and ftano=2024 order by fno desc
20241125@141120.2563 lkp5tfjun017t12mdb3rcti3sb Query : select top 1 ft.fno valor from wsftdata ft where ft.ndoc = 39 and ftano=2024 order by fno desc
20241125@141120.2594 lkp5tfjun017t12mdb3rcti3sb Query : select 1 valor from information_schema.tables where table_type='base table' and table_name='wstablefields'
20241125@141120.2619 lkp5tfjun017t12mdb3rcti3sb Query : select fieldkey,fieldname,fieldtype,calcformula from wstablefields where tablename = 'ft3' and documentnumber = 39
20241125@141120.2647 lkp5tfjun017t12mdb3rcti3sb Query : insert into wsft3data (ft3stamp, ousrdata, ousrhora, usrdata,usrhora,ousrinis,usrinis,taxpointdt ) values ('aut6744851348674485883c' ,getdate(),convert(char(8),convert (time,getdate())),getdate(),convert(char(8),convert (time,getdate())),'wsv','wsv',?)
20241125@141120.2861 lkp5tfjun017t12mdb3rcti3sb Query : select 1 valor from information_schema.tables where table_type='base table' and table_name='wstablefields'
20241125@141120.2894 lkp5tfjun017t12mdb3rcti3sb Query : select fieldkey,fieldname,fieldtype,calcformula from wstablefields where tablename = 'ft2' and documentnumber = 39
20241125@141120.2947 lkp5tfjun017t12mdb3rcti3sb Query : select top 1 bo.u_nomeenv valor from bo where bo.bostamp=''
20241125@141120.2962 lkp5tfjun017t12mdb3rcti3sb Query : select top 1 bo.u_moradaen valor from bo where bo.bostamp=''
20241125@141120.2977 lkp5tfjun017t12mdb3rcti3sb Query : select top 1 bo.u_codposen valor from bo where bo.bostamp=''
20241125@141120.2991 lkp5tfjun017t12mdb3rcti3sb Query : select top 1 bo.u_localenv valor from bo where bo.bostamp=''
20241125@141120.3004 lkp5tfjun017t12mdb3rcti3sb Query : select top 1 bo.trab5 valor from bo where bo.bostamp=''
20241125@141120.3020 lkp5tfjun017t12mdb3rcti3sb Query : select top 1 bo.serie valor from bo where bo.bostamp=''
20241125@141120.3036 lkp5tfjun017t12mdb3rcti3sb Query : insert into wsft2data (ft2stamp, ousrdata,ousrhora, usrdata,usrhora,ousrinis,usrinis,u_nomeenv ,u_moradaen ,u_codposen ,u_localenv ,u_coddest ,u_codby ) values ('aut6744851348674485883c',getdate(),convert(char(8),convert (time,getdate())),getdate(),convert(char(8),convert (time,getdate())),'wsv','wsv',?,?,?,?,?,?)
20241125@141120.3335 lkp5tfjun017t12mdb3rcti3sb Query : select top 1 fno valor from wsftdata order by fno desc
20241125@141120.3368 lkp5tfjun017t12mdb3rcti3sb Query : select 1 valor from information_schema.tables where table_type='base table' and table_name='wstablefields'
20241125@141120.3391 lkp5tfjun017t12mdb3rcti3sb Query : select fieldkey,fieldname,fieldtype,calcformula from wstablefields where tablename = 'ft' and documentnumber = 39
20241125@141120.3487 lkp5tfjun017t12mdb3rcti3sb Query : select 'normal' from dummy
20241125@141120.3507 lkp5tfjun017t12mdb3rcti3sb Query : insert into wsftdata (ftstamp, ousrdata,ousrhora, usrdata,usrhora,ousrinis,usrinis,fno,no,estab,fdata,ndoc,moeda,cambio,cambiofixo,ftano,site ,classe ) values ('aut6744851348674485883c',getdate(),convert(char(8),convert (time,getdate())),getdate(),convert(char(8),convert (time,getdate())),'wsv','wsv',2014,100810,0,'2024-11-25',39,'euro',0,0,2024 ,?,?)
20241125@141120.3859 lkp5tfjun017t12mdb3rcti3sb Query : use flama_phc
20241125@141120.3862 lkp5tfjun017t12mdb3rcti3sb Query : select st.usalote valor from st where st.ref = '324.1834.00.1'
20241125@141120.3889 lkp5tfjun017t12mdb3rcti3sb Query : select top 1 st.tabiva ,st.ivaincl ,st.stns ,st.uni2 ,st.familia ,isnull(tx.taxa, 0) txiva ,unidade ,usalote ,epcpond ,noserie ,conversao ,st.texteis from st left join taxasiva tx on st.tabiva = tx.codigo where st.ref = '324.1834.00.1'
20241125@141120.4720 lkp5tfjun017t12mdb3rcti3sb Query : select 1 valor from information_schema.tables where table_type='base table' and table_name='wstablefields'
20241125@141120.5777 lkp5tfjun017t12mdb3rcti3sb Query : select fieldkey,fieldname,fieldtype,mandatory from wstablefields where tablename = 'fi' and documentnumber = 39
20241125@141120.5804 lkp5tfjun017t12mdb3rcti3sb Query : select 1 valor from information_schema.tables where table_type='base table' and table_name='wstablefields'
20241125@141120.5820 lkp5tfjun017t12mdb3rcti3sb Query : select fieldkey,fieldname,fieldtype,mandatory from wstablefields where tablename = 'fi2' and documentnumber = 39
20241125@141120.5829 lkp5tfjun017t12mdb3rcti3sb Query : select top 1 convert(numeric(6,2),t.taxa) valor from taxasiva t where t.codigo='2'
20241125@141120.5842 lkp5tfjun017t12mdb3rcti3sb Query : select sestamp valor from se where ref ='324.1834.00.1' and lote = 'r2400214200a'
20241125@141120.5896 lkp5tfjun017t12mdb3rcti3sb Query : select 1 valor from information_schema.tables where table_type='base table' and table_name='wstablefields'
20241125@141120.5913 lkp5tfjun017t12mdb3rcti3sb Query : select fieldkey,fieldname,fieldtype,calcformula from wstablefields where tablename = 'fi2' and documentnumber = 39
20241125@141120.5930 lkp5tfjun017t12mdb3rcti3sb Query : insert into wsfi2data (fi2stamp,ftstamp ,ousrdata, ousrhora, usrdata,usrhora,ousrinis,usrinis) values ('aut6744803770674485888f','aut6744851348674485883c' ,getdate(),convert(char(8),convert (time,getdate())),getdate(),convert(char(8),convert (time,getdate())),'wsv','wsv')
20241125@141120.5935 lkp5tfjun017t12mdb3rcti3sb Query : select 1 valor from information_schema.tables where table_type='base table' and table_name='wstablefields'
20241125@141120.5952 lkp5tfjun017t12mdb3rcti3sb Query : select fieldkey,fieldname,fieldtype,calcformula from wstablefields where tablename = 'fi' and documentnumber = 39
20241125@141120.5985 lkp5tfjun017t12mdb3rcti3sb Query : insert into wsfidata (fistamp,ousrdata, ousrhora, usrdata,usrhora,ousrinis,usrinis ,qtt ,ftstamp ,epv,pvmoeda ,tabiva,iva,lordem ,ref, design ,lote,armazem,bistamp ) values ('aut6744803770674485888f',getdate(),convert(char(8),convert (time,getdate())),getdate(),convert(char(8),convert (time,getdate())),'wsv','wsv',20.000 ,'aut6744851348674485883c' ,0,0 ,2,23.00,10000,?,?,?,?,?)
20241125@141120.6371 lkp5tfjun017t12mdb3rcti3sb Query : select 1 valor from information_schema.tables where table_type='base table' and table_name='wstablefields'
20241125@141120.6394 lkp5tfjun017t12mdb3rcti3sb Query : select fieldkey,fieldname,fieldtype,mandatory from wstablefields where tablename = 'fi' and documentnumber = 39
20241125@141120.6425 lkp5tfjun017t12mdb3rcti3sb Query : select 1 valor from information_schema.tables where table_type='base table' and table_name='wstablefields'
20241125@141120.6478 lkp5tfjun017t12mdb3rcti3sb Query : select fieldkey,fieldname,fieldtype,mandatory from wstablefields where tablename = 'fi2' and documentnumber = 39
20241125@141120.6488 lkp5tfjun017t12mdb3rcti3sb Query : select top 1 convert(numeric(6,2),t.taxa) valor from taxasiva t where t.codigo='2'
20241125@141120.6503 lkp5tfjun017t12mdb3rcti3sb Query : select 1 valor from information_schema.tables where table_type='base table' and table_name='wstablefields'
20241125@141120.6521 lkp5tfjun017t12mdb3rcti3sb Query : select fieldkey,fieldname,fieldtype,calcformula from wstablefields where tablename = 'fi2' and documentnumber = 39
20241125@141120.6535 lkp5tfjun017t12mdb3rcti3sb Query : insert into wsfi2data (fi2stamp,ftstamp ,ousrdata, ousrhora, usrdata,usrhora,ousrinis,usrinis) values ('aut6744814927674485889e','aut6744851348674485883c' ,getdate(),convert(char(8),convert (time,getdate())),getdate(),convert(char(8),convert (time,getdate())),'wsv','wsv')
20241125@141120.6541 lkp5tfjun017t12mdb3rcti3sb Query : select 1 valor from information_schema.tables where table_type='base table' and table_name='wstablefields'
20241125@141120.6760 lkp5tfjun017t12mdb3rcti3sb Query : select fieldkey,fieldname,fieldtype,calcformula from wstablefields where tablename = 'fi' and documentnumber = 39
20241125@141120.6795 lkp5tfjun017t12mdb3rcti3sb Query : insert into wsfidata (fistamp,ousrdata, ousrhora, usrdata,usrhora,ousrinis,usrinis ,qtt ,ftstamp ,epv,pvmoeda ,tabiva,iva,lordem ,ref, design ,armazem) values ('aut6744814927674485889e',getdate(),convert(char(8),convert (time,getdate())),getdate(),convert(char(8),convert (time,getdate())),'wsv','wsv',0 ,'aut6744851348674485883c' ,0,0 ,2,23.00,20000,?,?,?)
20241125@141120.7122 lkp5tfjun017t12mdb3rcti3sb Query : use flama_phc
20241125@141120.7125 lkp5tfjun017t12mdb3rcti3sb Query : select st.usalote valor from st where st.ref = '324.1834.00.1'
20241125@141120.7146 lkp5tfjun017t12mdb3rcti3sb Query : select top 1 st.tabiva ,st.ivaincl ,st.stns ,st.uni2 ,st.familia ,isnull(tx.taxa, 0) txiva ,unidade ,usalote ,epcpond ,noserie ,conversao ,st.texteis from st left join taxasiva tx on st.tabiva = tx.codigo where st.ref = '324.1834.00.1'
20241125@141120.7163 lkp5tfjun017t12mdb3rcti3sb Query : select 1 valor from information_schema.tables where table_type='base table' and table_name='wstablefields'
20241125@141120.7181 lkp5tfjun017t12mdb3rcti3sb Query : select fieldkey,fieldname,fieldtype,mandatory from wstablefields where tablename = 'fi' and documentnumber = 39
20241125@141120.7213 lkp5tfjun017t12mdb3rcti3sb Query : select 1 valor from information_schema.tables where table_type='base table' and table_name='wstablefields'
20241125@141120.7229 lkp5tfjun017t12mdb3rcti3sb Query : select fieldkey,fieldname,fieldtype,mandatory from wstablefields where tablename = 'fi2' and documentnumber = 39
20241125@141120.7238 lkp5tfjun017t12mdb3rcti3sb Query : select top 1 convert(numeric(6,2),t.taxa) valor from taxasiva t where t.codigo='2'
20241125@141120.7346 lkp5tfjun017t12mdb3rcti3sb Query : select sestamp valor from se where ref ='324.1834.00.1' and lote = 'r2400214200a'
20241125@141120.7363 lkp5tfjun017t12mdb3rcti3sb Query : select 1 valor from information_schema.tables where table_type='base table' and table_name='wstablefields'
20241125@141120.7387 lkp5tfjun017t12mdb3rcti3sb Query : select fieldkey,fieldname,fieldtype,calcformula from wstablefields where tablename = 'fi2' and documentnumber = 39
20241125@141120.7403 lkp5tfjun017t12mdb3rcti3sb Query : insert into wsfi2data (fi2stamp,ftstamp ,ousrdata, ousrhora, usrdata,usrhora,ousrinis,usrinis) values ('aut674483248767448588b3','aut6744851348674485883c' ,getdate(),convert(char(8),convert (time,getdate())),getdate(),convert(char(8),convert (time,getdate())),'wsv','wsv')
20241125@141120.7409 lkp5tfjun017t12mdb3rcti3sb Query : select 1 valor from information_schema.tables where table_type='base table' and table_name='wstablefields'
20241125@141120.7432 lkp5tfjun017t12mdb3rcti3sb Query : select fieldkey,fieldname,fieldtype,calcformula from wstablefields where tablename = 'fi' and documentnumber = 39
20241125@141120.7470 lkp5tfjun017t12mdb3rcti3sb Query : insert into wsfidata (fistamp,ousrdata, ousrhora, usrdata,usrhora,ousrinis,usrinis ,qtt ,ftstamp ,epv,pvmoeda ,tabiva,iva,lordem ,ref, design ,lote,armazem,bistamp ) values ('aut674483248767448588b3',getdate(),convert(char(8),convert (time,getdate())),getdate(),convert(char(8),convert (time,getdate())),'wsv','wsv',20.000 ,'aut6744851348674485883c' ,0,0 ,2,23.00,40000,?,?,?,?,?)
20241125@141120.7799 lkp5tfjun017t12mdb3rcti3sb Query : select 1 valor from information_schema.tables where table_type='base table' and table_name='wstablefields'
20241125@141120.7820 lkp5tfjun017t12mdb3rcti3sb Query : select fieldkey,fieldname,fieldtype,mandatory from wstablefields where tablename = 'fi' and documentnumber = 39
20241125@141120.7868 lkp5tfjun017t12mdb3rcti3sb Query : select 1 valor from information_schema.tables where table_type='base table' and table_name='wstablefields'
20241125@141120.7895 lkp5tfjun017t12mdb3rcti3sb Query : select fieldkey,fieldname,fieldtype,mandatory from wstablefields where tablename = 'fi2' and documentnumber = 39
20241125@141120.7905 lkp5tfjun017t12mdb3rcti3sb Query : select top 1 convert(numeric(6,2),t.taxa) valor from taxasiva t where t.codigo='2'
20241125@141120.7918 lkp5tfjun017t12mdb3rcti3sb Query : select 1 valor from information_schema.tables where table_type='base table' and table_name='wstablefields'
20241125@141120.7940 lkp5tfjun017t12mdb3rcti3sb Query : select fieldkey,fieldname,fieldtype,calcformula from wstablefields where tablename = 'fi2' and documentnumber = 39
20241125@141120.7951 lkp5tfjun017t12mdb3rcti3sb Query : insert into wsfi2data (fi2stamp,ftstamp ,ousrdata, ousrhora, usrdata,usrhora,ousrinis,usrinis) values ('aut674489378667448588c1','aut6744851348674485883c' ,getdate(),convert(char(8),convert (time,getdate())),getdate(),convert(char(8),convert (time,getdate())),'wsv','wsv')
20241125@141120.7956 lkp5tfjun017t12mdb3rcti3sb Query : select 1 valor from information_schema.tables where table_type='base table' and table_name='wstablefields'
20241125@141120.8001 lkp5tfjun017t12mdb3rcti3sb Query : select fieldkey,fieldname,fieldtype,calcformula from wstablefields where tablename = 'fi' and documentnumber = 39
20241125@141120.8034 lkp5tfjun017t12mdb3rcti3sb Query : insert into wsfidata (fistamp,ousrdata, ousrhora, usrdata,usrhora,ousrinis,usrinis ,qtt ,ftstamp ,epv,pvmoeda ,tabiva,iva,lordem ,ref, design ,armazem) values ('aut674489378667448588c1',getdate(),convert(char(8),convert (time,getdate())),getdate(),convert(char(8),convert (time,getdate())),'wsv','wsv',0 ,'aut6744851348674485883c' ,0,0 ,2,23.00,50000,?,?,?)
20241125@141120.8379 lkp5tfjun017t12mdb3rcti3sb Query : use flama_phc
20241125@141120.8382 lkp5tfjun017t12mdb3rcti3sb Query : select st.usalote valor from st where st.ref = '324.1834.00.1'
20241125@141120.8402 lkp5tfjun017t12mdb3rcti3sb Query : select top 1 st.tabiva ,st.ivaincl ,st.stns ,st.uni2 ,st.familia ,isnull(tx.taxa, 0) txiva ,unidade ,usalote ,epcpond ,noserie ,conversao ,st.texteis from st left join taxasiva tx on st.tabiva = tx.codigo where st.ref = '324.1834.00.1'
20241125@141120.8415 lkp5tfjun017t12mdb3rcti3sb Query : select 1 valor from information_schema.tables where table_type='base table' and table_name='wstablefields'
20241125@141120.8436 lkp5tfjun017t12mdb3rcti3sb Query : select fieldkey,fieldname,fieldtype,mandatory from wstablefields where tablename = 'fi' and documentnumber = 39
20241125@141120.8459 lkp5tfjun017t12mdb3rcti3sb Query : select 1 valor from information_schema.tables where table_type='base table' and table_name='wstablefields'
20241125@141120.8476 lkp5tfjun017t12mdb3rcti3sb Query : select fieldkey,fieldname,fieldtype,mandatory from wstablefields where tablename = 'fi2' and documentnumber = 39
20241125@141120.8484 lkp5tfjun017t12mdb3rcti3sb Query : select top 1 convert(numeric(6,2),t.taxa) valor from taxasiva t where t.codigo='2'
20241125@141120.8495 lkp5tfjun017t12mdb3rcti3sb Query : select sestamp valor from se where ref ='324.1834.00.1' and lote = 'r2400214200a'
20241125@141120.8507 lkp5tfjun017t12mdb3rcti3sb Query : select 1 valor from information_schema.tables where table_type='base table' and table_name='wstablefields'
20241125@141120.8525 lkp5tfjun017t12mdb3rcti3sb Query : select fieldkey,fieldname,fieldtype,calcformula from wstablefields where tablename = 'fi2' and documentnumber = 39
20241125@141120.8538 lkp5tfjun017t12mdb3rcti3sb Query : insert into wsfi2data (fi2stamp,ftstamp ,ousrdata, ousrhora, usrdata,usrhora,ousrinis,usrinis) values ('aut674486897567448588cf','aut6744851348674485883c' ,getdate(),convert(char(8),convert (time,getdate())),getdate(),convert(char(8),convert (time,getdate())),'wsv','wsv')
20241125@141120.8543 lkp5tfjun017t12mdb3rcti3sb Query : select 1 valor from information_schema.tables where table_type='base table' and table_name='wstablefields'
20241125@141120.8562 lkp5tfjun017t12mdb3rcti3sb Query : select fieldkey,fieldname,fieldtype,calcformula from wstablefields where tablename = 'fi' and documentnumber = 39
20241125@141120.8596 lkp5tfjun017t12mdb3rcti3sb Query : insert into wsfidata (fistamp,ousrdata, ousrhora, usrdata,usrhora,ousrinis,usrinis ,qtt ,ftstamp ,epv,pvmoeda ,tabiva,iva,lordem ,ref, design ,lote,armazem,bistamp ) values ('aut674486897567448588cf',getdate(),convert(char(8),convert (time,getdate())),getdate(),convert(char(8),convert (time,getdate())),'wsv','wsv',20.000 ,'aut6744851348674485883c' ,0,0 ,2,23.00,70000,?,?,?,?,?)
20241125@141120.9123 lkp5tfjun017t12mdb3rcti3sb Query : select 1 valor from information_schema.tables where table_type='base table' and table_name='wstablefields'
20241125@141120.9143 lkp5tfjun017t12mdb3rcti3sb Query : select fieldkey,fieldname,fieldtype,mandatory from wstablefields where tablename = 'fi' and documentnumber = 39
20241125@141120.9168 lkp5tfjun017t12mdb3rcti3sb Query : select 1 valor from information_schema.tables where table_type='base table' and table_name='wstablefields'
20241125@141120.9187 lkp5tfjun017t12mdb3rcti3sb Query : select fieldkey,fieldname,fieldtype,mandatory from wstablefields where tablename = 'fi2' and documentnumber = 39
20241125@141120.9196 lkp5tfjun017t12mdb3rcti3sb Query : select top 1 convert(numeric(6,2),t.taxa) valor from taxasiva t where t.codigo='2'
20241125@141120.9208 lkp5tfjun017t12mdb3rcti3sb Query : select 1 valor from information_schema.tables where table_type='base table' and table_name='wstablefields'
20241125@141120.9222 lkp5tfjun017t12mdb3rcti3sb Query : select fieldkey,fieldname,fieldtype,calcformula from wstablefields where tablename = 'fi2' and documentnumber = 39
20241125@141120.9234 lkp5tfjun017t12mdb3rcti3sb Query : insert into wsfi2data (fi2stamp,ftstamp ,ousrdata, ousrhora, usrdata,usrhora,ousrinis,usrinis) values ('aut674480986567448588e0','aut6744851348674485883c' ,getdate(),convert(char(8),convert (time,getdate())),getdate(),convert(char(8),convert (time,getdate())),'wsv','wsv')
20241125@141120.9240 lkp5tfjun017t12mdb3rcti3sb Query : select 1 valor from information_schema.tables where table_type='base table' and table_name='wstablefields'
20241125@141120.9254 lkp5tfjun017t12mdb3rcti3sb Query : select fieldkey,fieldname,fieldtype,calcformula from wstablefields where tablename = 'fi' and documentnumber = 39
20241125@141120.9282 lkp5tfjun017t12mdb3rcti3sb Query : insert into wsfidata (fistamp,ousrdata, ousrhora, usrdata,usrhora,ousrinis,usrinis ,qtt ,ftstamp ,epv,pvmoeda ,tabiva,iva,lordem ,ref, design ,armazem) values ('aut674480986567448588e0',getdate(),convert(char(8),convert (time,getdate())),getdate(),convert(char(8),convert (time,getdate())),'wsv','wsv',0 ,'aut6744851348674485883c' ,0,0 ,2,23.00,80000,?,?,?)
20241125@141120.9584 lkp5tfjun017t12mdb3rcti3sb Query : use flama_phc
20241125@141120.9587 lkp5tfjun017t12mdb3rcti3sb Query : select st.usalote valor from st where st.ref = '324.1834.00.1'
20241125@141120.9607 lkp5tfjun017t12mdb3rcti3sb Query : select top 1 st.tabiva ,st.ivaincl ,st.stns ,st.uni2 ,st.familia ,isnull(tx.taxa, 0) txiva ,unidade ,usalote ,epcpond ,noserie ,conversao ,st.texteis from st left join taxasiva tx on st.tabiva = tx.codigo where st.ref = '324.1834.00.1'
20241125@141120.9621 lkp5tfjun017t12mdb3rcti3sb Query : select 1 valor from information_schema.tables where table_type='base table' and table_name='wstablefields'
20241125@141120.9646 lkp5tfjun017t12mdb3rcti3sb Query : select fieldkey,fieldname,fieldtype,mandatory from wstablefields where tablename = 'fi' and documentnumber = 39
20241125@141120.9678 lkp5tfjun017t12mdb3rcti3sb Query : select 1 valor from information_schema.tables where table_type='base table' and table_name='wstablefields'
20241125@141120.9695 lkp5tfjun017t12mdb3rcti3sb Query : select fieldkey,fieldname,fieldtype,mandatory from wstablefields where tablename = 'fi2' and documentnumber = 39
20241125@141120.9703 lkp5tfjun017t12mdb3rcti3sb Query : select top 1 convert(numeric(6,2),t.taxa) valor from taxasiva t where t.codigo='2'
20241125@141120.9716 lkp5tfjun017t12mdb3rcti3sb Query : select sestamp valor from se where ref ='324.1834.00.1' and lote = 'r2400214200a'
20241125@141120.9733 lkp5tfjun017t12mdb3rcti3sb Query : select 1 valor from information_schema.tables where table_type='base table' and table_name='wstablefields'
20241125@141120.9751 lkp5tfjun017t12mdb3rcti3sb Query : select fieldkey,fieldname,fieldtype,calcformula from wstablefields where tablename = 'fi2' and documentnumber = 39
20241125@141120.9764 lkp5tfjun017t12mdb3rcti3sb Query : insert into wsfi2data (fi2stamp,ftstamp ,ousrdata, ousrhora, usrdata,usrhora,ousrinis,usrinis) values ('aut674481670467448588ed','aut6744851348674485883c' ,getdate(),convert(char(8),convert (time,getdate())),getdate(),convert(char(8),convert (time,getdate())),'wsv','wsv')
20241125@141120.9770 lkp5tfjun017t12mdb3rcti3sb Query : select 1 valor from information_schema.tables where table_type='base table' and table_name='wstablefields'
20241125@141120.9786 lkp5tfjun017t12mdb3rcti3sb Query : select fieldkey,fieldname,fieldtype,calcformula from wstablefields where tablename = 'fi' and documentnumber = 39
20241125@141120.9829 lkp5tfjun017t12mdb3rcti3sb Query : insert into wsfidata (fistamp,ousrdata, ousrhora, usrdata,usrhora,ousrinis,usrinis ,qtt ,ftstamp ,epv,pvmoeda ,tabiva,iva,lordem ,ref, design ,lote,armazem,bistamp ) values ('aut674481670467448588ed',getdate(),convert(char(8),convert (time,getdate())),getdate(),convert(char(8),convert (time,getdate())),'wsv','wsv',20.000 ,'aut6744851348674485883c' ,0,0 ,2,23.00,100000,?,?,?,?,?)
20241125@141121.1720 lkp5tfjun017t12mdb3rcti3sb Query : select 1 valor from information_schema.tables where table_type='base table' and table_name='wstablefields'
20241125@141121.2000 lkp5tfjun017t12mdb3rcti3sb Query : select fieldkey,fieldname,fieldtype,mandatory from wstablefields where tablename = 'fi' and documentnumber = 39
20241125@141121.2310 lkp5tfjun017t12mdb3rcti3sb Query : select 1 valor from information_schema.tables where table_type='base table' and table_name='wstablefields'
20241125@141121.2480 lkp5tfjun017t12mdb3rcti3sb Query : select fieldkey,fieldname,fieldtype,mandatory from wstablefields where tablename = 'fi2' and documentnumber = 39
20241125@141121.2570 lkp5tfjun017t12mdb3rcti3sb Query : select top 1 convert(numeric(6,2),t.taxa) valor from taxasiva t where t.codigo='2'
20241125@141121.2690 lkp5tfjun017t12mdb3rcti3sb Query : select 1 valor from information_schema.tables where table_type='base table' and table_name='wstablefields'
20241125@141121.2840 lkp5tfjun017t12mdb3rcti3sb Query : select fieldkey,fieldname,fieldtype,calcformula from wstablefields where tablename = 'fi2' and documentnumber = 39
20241125@141121.2960 lkp5tfjun017t12mdb3rcti3sb Query : insert into wsfi2data (fi2stamp,ftstamp ,ousrdata, ousrhora, usrdata,usrhora,ousrinis,usrinis) values ('aut67448020086744858906','aut6744851348674485883c' ,getdate(),convert(char(8),convert (time,getdate())),getdate(),convert(char(8),convert (time,getdate())),'wsv','wsv')
20241125@141121.3000 lkp5tfjun017t12mdb3rcti3sb Query : select 1 valor from information_schema.tables where table_type='base table' and table_name='wstablefields'
20241125@141121.3190 lkp5tfjun017t12mdb3rcti3sb Query : select fieldkey,fieldname,fieldtype,calcformula from wstablefields where tablename = 'fi' and documentnumber = 39
20241125@141121.3490 lkp5tfjun017t12mdb3rcti3sb Query : insert into wsfidata (fistamp,ousrdata, ousrhora, usrdata,usrhora,ousrinis,usrinis ,qtt ,ftstamp ,epv,pvmoeda ,tabiva,iva,lordem ,ref, design ,armazem) values ('aut67448020086744858906',getdate(),convert(char(8),convert (time,getdate())),getdate(),convert(char(8),convert (time,getdate())),'wsv','wsv',0 ,'aut6744851348674485883c' ,0,0 ,2,23.00,110000,?,?,?)
20241125@141121.6530 lkp5tfjun017t12mdb3rcti3sb Query : insert into wsftcreationlog (initialftstamp,externalid,creationstatus,documenttypeid,idustamp) values ('aut6744851348674485883c','2407820','wait',39,'adm09112754980.682000002')
20241125@141121.7310 lkp5tfjun017t12mdb3rcti3sb Query : use flama_phc
20241125@141121.7380 lkp5tfjun017t12mdb3rcti3sb Query : update u_wsusers set rqsttoken =? where userid ='userls001'
20241125@141121.7730 lkp5tfjun017t12mdb3rcti3sb Query : select concat(rtrim(relative_path),ltrim(name_new)) as valor from uploadfiles where uploadfile_id='3479';
20241125@141121.8250 lkp5tfjun017t12mdb3rcti3sb Query : update uploadfiles set whenupdated=current_timestamp where uploadfile_id='3479';
20241125@141121.8810 lkp5tfjun017t12mdb3rcti3sb Query : select concat(rtrim(relative_path),ltrim(name_new)) as valor from uploadfiles where uploadfile_id='3479';
20241125@141121.9480 lkp5tfjun017t12mdb3rcti3sb Query : update uploadfiles set whenupdated=current_timestamp where uploadfile_id='3479';
20241125@141121.1757 vnnjhqacuhqlhr8qdt5aulp6dl Query : insert into uploadfiles ( name_original, name_new, option_type, relative_path, whencreated ) values ( ?, ?, ?, ?, getdate() )
20241125@141121.1770 vnnjhqacuhqlhr8qdt5aulp6dl Query : select uploadfile_id valor from uploadfiles where name_new = ? and option_type = ? 
20241125@141121.1846 vnnjhqacuhqlhr8qdt5aulp6dl Query : select concat(rtrim(relative_path),ltrim(name_new)) as valor from uploadfiles where uploadfile_id='3480';
20241125@141121.1951 vnnjhqacuhqlhr8qdt5aulp6dl Query : update uploadfiles set whenupdated=current_timestamp where uploadfile_id='3480';
20241125@141121.2019 vnnjhqacuhqlhr8qdt5aulp6dl Query : select concat(rtrim(relative_path),ltrim(name_new)) as valor from uploadfiles where uploadfile_id='3480';
20241125@141121.2058 vnnjhqacuhqlhr8qdt5aulp6dl Query : update uploadfiles set whenupdated=current_timestamp where uploadfile_id='3480';
20241125@141121.2114 vnnjhqacuhqlhr8qdt5aulp6dl Query : use flama_phc
20241125@141121.2117 vnnjhqacuhqlhr8qdt5aulp6dl Query : select top 1 secretkey valor from u_wsusers u where u.userid = ? and u.inactivo=0
20241125@141121.2177 vnnjhqacuhqlhr8qdt5aulp6dl Query : use flama_phc
20241125@141121.2180 vnnjhqacuhqlhr8qdt5aulp6dl Query : select no, estab,szadrsdesc from szadrs where u_coddest=4740
20241125@141121.2226 vnnjhqacuhqlhr8qdt5aulp6dl Query : select top 1 isnull(design,'') valor from st (nolock) left join stobs (nolock) on st.ref = stobs.ref where st.ref = '324.1831.00.2'
20241125@141121.2414 vnnjhqacuhqlhr8qdt5aulp6dl Query : select top 1 bistamp valor from bi inner join bo on bo.bostamp=bi.bostamp where bo.ndos =240 and bo.boano =2078 and bo.obrano = 2407821 and bi.ref ='324.1831.00.2' and bi.lordem =1
20241125@141121.2773 vnnjhqacuhqlhr8qdt5aulp6dl Query : select top 1 isnull(design,'') valor from st (nolock) left join stobs (nolock) on st.ref = stobs.ref where st.ref = '324.1831.00.2'
20241125@141121.2794 vnnjhqacuhqlhr8qdt5aulp6dl Query : select top 1 bistamp valor from bi inner join bo on bo.bostamp=bi.bostamp where bo.ndos =240 and bo.boano =2078 and bo.obrano = 2407821 and bi.ref ='324.1831.00.2' and bi.lordem =1
20241125@141121.2810 vnnjhqacuhqlhr8qdt5aulp6dl Query : select top 1 isnull(design,'') valor from st (nolock) left join stobs (nolock) on st.ref = stobs.ref where st.ref = '324.1831.00.2'
20241125@141121.2837 vnnjhqacuhqlhr8qdt5aulp6dl Query : select top 1 bistamp valor from bi inner join bo on bo.bostamp=bi.bostamp where bo.ndos =240 and bo.boano =2078 and bo.obrano = 2407821 and bi.ref ='324.1831.00.2' and bi.lordem =1
20241125@141121.2853 vnnjhqacuhqlhr8qdt5aulp6dl Query : select top 1 isnull(design,'') valor from st (nolock) left join stobs (nolock) on st.ref = stobs.ref where st.ref = '324.1831.00.2'
20241125@141121.2871 vnnjhqacuhqlhr8qdt5aulp6dl Query : select top 1 bistamp valor from bi inner join bo on bo.bostamp=bi.bostamp where bo.ndos =240 and bo.boano =2078 and bo.obrano = 2407821 and bi.ref ='324.1831.00.2' and bi.lordem =1
20241125@141121.2893 vnnjhqacuhqlhr8qdt5aulp6dl Query : select top 1 isnull(design,'') valor from st (nolock) left join stobs (nolock) on st.ref = stobs.ref where st.ref = '324.1831.00.2'
20241125@141121.2915 vnnjhqacuhqlhr8qdt5aulp6dl Query : select top 1 bistamp valor from bi inner join bo on bo.bostamp=bi.bostamp where bo.ndos =240 and bo.boano =2078 and bo.obrano = 2407821 and bi.ref ='324.1831.00.2' and bi.lordem =1
20241125@141121.2987 vnnjhqacuhqlhr8qdt5aulp6dl Query : use flama_phc
20241125@141121.2991 vnnjhqacuhqlhr8qdt5aulp6dl Query : select top 1 convert(date,fdata) valor from ft where ndoc = 39 and anulado= 0 and fno>0 order by fdata desc
20241125@141121.3028 vnnjhqacuhqlhr8qdt5aulp6dl Query : use flama_phc
20241125@141121.3033 vnnjhqacuhqlhr8qdt5aulp6dl Query : select top 1 1 valor from td where td.ndoc = 39
20241125@141121.3064 vnnjhqacuhqlhr8qdt5aulp6dl Query : use flama_phc
20241125@141121.3067 vnnjhqacuhqlhr8qdt5aulp6dl Query : select lower(descricao) descricao ,case when valor='s' then 1 else 0 end valor from para1 where descricao in ('st_lote','st_usalogifunc', 'st_grelha')
20241125@141121.3097 vnnjhqacuhqlhr8qdt5aulp6dl Query : select top 1 manternumero ,assinadoc issigned ,tiposaft ,assinaimp ,nmdos ,td.assinadoc ,'cl' origin ,lancasl stocks ,case when cmsl<50 and td.lancasl=1 then 1 else 0 end entrada ,case when cmsl>50 and td.lancasl=1 then 1 else 0 end saida ,temserie assets ,~semgre usegridfields from td inner join td2 on td.tdstamp=td2.td2stamp where td.ndoc = 1
20241125@141121.3133 vnnjhqacuhqlhr8qdt5aulp6dl Query : use flama_phc
20241125@141121.3136 vnnjhqacuhqlhr8qdt5aulp6dl Query : select top 1 ~inactivo valor from cl where no = '100810' and estab = 0 order by inactivo desc
20241125@141121.3166 vnnjhqacuhqlhr8qdt5aulp6dl Query : use flama_phc
20241125@141121.3169 vnnjhqacuhqlhr8qdt5aulp6dl Query : select top 1 tipodoc,regrd from td where ndoc = 39
20241125@141121.3205 vnnjhqacuhqlhr8qdt5aulp6dl Query : use flama_phc
20241125@141121.3208 vnnjhqacuhqlhr8qdt5aulp6dl Query : select szadrsstamp valor from szadrs where szadrsdesc='espaÇotrans,lda'
20241125@141121.3256 vnnjhqacuhqlhr8qdt5aulp6dl Query : use flama_phc
20241125@141121.3259 vnnjhqacuhqlhr8qdt5aulp6dl Query : select szadrsstamp valor from szadrs where szadrsdesc='100810 - worten-equipamentos para o lar,sa.'
20241125@141121.3307 vnnjhqacuhqlhr8qdt5aulp6dl Query : use flama_phc
20241125@141121.3310 vnnjhqacuhqlhr8qdt5aulp6dl Query : select 1 valor from td where ndoc = 39
20241125@141121.3322 vnnjhqacuhqlhr8qdt5aulp6dl Query : select top 1 manternumero, tiposaft, nmdos,td.assinadoc from td where td.ndoc = 39
20241125@141121.3337 vnnjhqacuhqlhr8qdt5aulp6dl Query : select 1 valor from information_schema.tables where table_type='base table' and table_name='wstablefields'
20241125@141121.3362 vnnjhqacuhqlhr8qdt5aulp6dl Query : select fieldkey,fieldname,fieldtype,mandatory from wstablefields where tablename = 'ft' and documentnumber = 39
20241125@141121.3385 vnnjhqacuhqlhr8qdt5aulp6dl Query : select 1 valor from information_schema.tables where table_type='base table' and table_name='wstablefields'
20241125@141121.3401 vnnjhqacuhqlhr8qdt5aulp6dl Query : select fieldkey,fieldname,fieldtype,mandatory from wstablefields where tablename = 'ft2' and documentnumber = 39
20241125@141121.3435 vnnjhqacuhqlhr8qdt5aulp6dl Query : select 1 valor from information_schema.tables where table_type='base table' and table_name='wstablefields'
20241125@141121.3451 vnnjhqacuhqlhr8qdt5aulp6dl Query : select fieldkey,fieldname,fieldtype,mandatory from wstablefields where tablename = 'ft3' and documentnumber = 39
20241125@141121.3466 vnnjhqacuhqlhr8qdt5aulp6dl Query : select top 1 ft.fno valor from ft ft where ft.ndoc = 39 and ftano=2024 order by fno desc
20241125@141121.3535 vnnjhqacuhqlhr8qdt5aulp6dl Query : select top 1 ft.fno valor from wsftdata ft where ft.ndoc = 39 and ftano=2024 order by fno desc
20241125@141121.3550 vnnjhqacuhqlhr8qdt5aulp6dl Query : select 1 valor from information_schema.tables where table_type='base table' and table_name='wstablefields'
20241125@141121.3566 vnnjhqacuhqlhr8qdt5aulp6dl Query : select fieldkey,fieldname,fieldtype,calcformula from wstablefields where tablename = 'ft3' and documentnumber = 39
20241125@141121.3582 vnnjhqacuhqlhr8qdt5aulp6dl Query : insert into wsft3data (ft3stamp, ousrdata, ousrhora, usrdata,usrhora,ousrinis,usrinis,taxpointdt ) values ('aut67448763376744858954' ,getdate(),convert(char(8),convert (time,getdate())),getdate(),convert(char(8),convert (time,getdate())),'wsv','wsv',?)
20241125@141121.3787 vnnjhqacuhqlhr8qdt5aulp6dl Query : select 1 valor from information_schema.tables where table_type='base table' and table_name='wstablefields'
20241125@141121.3806 vnnjhqacuhqlhr8qdt5aulp6dl Query : select fieldkey,fieldname,fieldtype,calcformula from wstablefields where tablename = 'ft2' and documentnumber = 39
20241125@141121.3842 vnnjhqacuhqlhr8qdt5aulp6dl Query : select top 1 bo.u_nomeenv valor from bo where bo.bostamp=''
20241125@141121.3859 vnnjhqacuhqlhr8qdt5aulp6dl Query : select top 1 bo.u_moradaen valor from bo where bo.bostamp=''
20241125@141121.3872 vnnjhqacuhqlhr8qdt5aulp6dl Query : select top 1 bo.u_codposen valor from bo where bo.bostamp=''
20241125@141121.3884 vnnjhqacuhqlhr8qdt5aulp6dl Query : select top 1 bo.u_localenv valor from bo where bo.bostamp=''
20241125@141121.3907 vnnjhqacuhqlhr8qdt5aulp6dl Query : select top 1 bo.trab5 valor from bo where bo.bostamp=''
20241125@141121.3927 vnnjhqacuhqlhr8qdt5aulp6dl Query : select top 1 bo.serie valor from bo where bo.bostamp=''
20241125@141121.3961 vnnjhqacuhqlhr8qdt5aulp6dl Query : insert into wsft2data (ft2stamp, ousrdata,ousrhora, usrdata,usrhora,ousrinis,usrinis,u_nomeenv ,u_moradaen ,u_codposen ,u_localenv ,u_coddest ,u_codby ) values ('aut67448763376744858954',getdate(),convert(char(8),convert (time,getdate())),getdate(),convert(char(8),convert (time,getdate())),'wsv','wsv',?,?,?,?,?,?)
20241125@141121.4247 vnnjhqacuhqlhr8qdt5aulp6dl Query : select top 1 fno valor from wsftdata order by fno desc
20241125@141121.4281 vnnjhqacuhqlhr8qdt5aulp6dl Query : select 1 valor from information_schema.tables where table_type='base table' and table_name='wstablefields'
20241125@141121.4297 vnnjhqacuhqlhr8qdt5aulp6dl Query : select fieldkey,fieldname,fieldtype,calcformula from wstablefields where tablename = 'ft' and documentnumber = 39
20241125@141121.4319 vnnjhqacuhqlhr8qdt5aulp6dl Query : select 'normal' from dummy
20241125@141121.4348 vnnjhqacuhqlhr8qdt5aulp6dl Query : insert into wsftdata (ftstamp, ousrdata,ousrhora, usrdata,usrhora,ousrinis,usrinis,fno,no,estab,fdata,ndoc,moeda,cambio,cambiofixo,ftano,site ,classe ) values ('aut67448763376744858954',getdate(),convert(char(8),convert (time,getdate())),getdate(),convert(char(8),convert (time,getdate())),'wsv','wsv',2015,100810,0,'2024-11-25',39,'euro',0,0,2024 ,?,?)
20241125@141121.4719 vnnjhqacuhqlhr8qdt5aulp6dl Query : use flama_phc
20241125@141121.4723 vnnjhqacuhqlhr8qdt5aulp6dl Query : select st.usalote valor from st where st.ref = '324.1831.00.2'
20241125@141121.4750 vnnjhqacuhqlhr8qdt5aulp6dl Query : select top 1 st.tabiva ,st.ivaincl ,st.stns ,st.uni2 ,st.familia ,isnull(tx.taxa, 0) txiva ,unidade ,usalote ,epcpond ,noserie ,conversao ,st.texteis from st left join taxasiva tx on st.tabiva = tx.codigo where st.ref = '324.1831.00.2'
20241125@141121.4922 vnnjhqacuhqlhr8qdt5aulp6dl Query : select 1 valor from information_schema.tables where table_type='base table' and table_name='wstablefields'
20241125@141121.4940 vnnjhqacuhqlhr8qdt5aulp6dl Query : select fieldkey,fieldname,fieldtype,mandatory from wstablefields where tablename = 'fi' and documentnumber = 39
20241125@141121.4973 vnnjhqacuhqlhr8qdt5aulp6dl Query : select 1 valor from information_schema.tables where table_type='base table' and table_name='wstablefields'
20241125@141121.4988 vnnjhqacuhqlhr8qdt5aulp6dl Query : select fieldkey,fieldname,fieldtype,mandatory from wstablefields where tablename = 'fi2' and documentnumber = 39
20241125@141121.4997 vnnjhqacuhqlhr8qdt5aulp6dl Query : select top 1 convert(numeric(6,2),t.taxa) valor from taxasiva t where t.codigo='2'
20241125@141121.5010 vnnjhqacuhqlhr8qdt5aulp6dl Query : select sestamp valor from se where ref ='324.1831.00.2' and lote = 'r2400481200a'
20241125@141121.5037 vnnjhqacuhqlhr8qdt5aulp6dl Query : select 1 valor from information_schema.tables where table_type='base table' and table_name='wstablefields'
20241125@141121.5052 vnnjhqacuhqlhr8qdt5aulp6dl Query : select fieldkey,fieldname,fieldtype,calcformula from wstablefields where tablename = 'fi2' and documentnumber = 39
20241125@141121.5065 vnnjhqacuhqlhr8qdt5aulp6dl Query : insert into wsfi2data (fi2stamp,ftstamp ,ousrdata, ousrhora, usrdata,usrhora,ousrinis,usrinis) values ('aut6744893409674485897a','aut67448763376744858954' ,getdate(),convert(char(8),convert (time,getdate())),getdate(),convert(char(8),convert (time,getdate())),'wsv','wsv')
20241125@141121.5070 vnnjhqacuhqlhr8qdt5aulp6dl Query : select 1 valor from information_schema.tables where table_type='base table' and table_name='wstablefields'
20241125@141121.5085 vnnjhqacuhqlhr8qdt5aulp6dl Query : select fieldkey,fieldname,fieldtype,calcformula from wstablefields where tablename = 'fi' and documentnumber = 39
20241125@141121.5116 vnnjhqacuhqlhr8qdt5aulp6dl Query : insert into wsfidata (fistamp,ousrdata, ousrhora, usrdata,usrhora,ousrinis,usrinis ,qtt ,ftstamp ,epv,pvmoeda ,tabiva,iva,lordem ,ref, design ,lote,armazem,bistamp ) values ('aut6744893409674485897a',getdate(),convert(char(8),convert (time,getdate())),getdate(),convert(char(8),convert (time,getdate())),'wsv','wsv',20.000 ,'aut67448763376744858954' ,0,0 ,2,23.00,10000,?,?,?,?,?)
20241125@141121.5416 vnnjhqacuhqlhr8qdt5aulp6dl Query : select 1 valor from information_schema.tables where table_type='base table' and table_name='wstablefields'
20241125@141121.5436 vnnjhqacuhqlhr8qdt5aulp6dl Query : select fieldkey,fieldname,fieldtype,mandatory from wstablefields where tablename = 'fi' and documentnumber = 39
20241125@141121.5470 vnnjhqacuhqlhr8qdt5aulp6dl Query : select 1 valor from information_schema.tables where table_type='base table' and table_name='wstablefields'
20241125@141121.5500 vnnjhqacuhqlhr8qdt5aulp6dl Query : select fieldkey,fieldname,fieldtype,mandatory from wstablefields where tablename = 'fi2' and documentnumber = 39
20241125@141121.5514 vnnjhqacuhqlhr8qdt5aulp6dl Query : select top 1 convert(numeric(6,2),t.taxa) valor from taxasiva t where t.codigo='2'
20241125@141121.5529 vnnjhqacuhqlhr8qdt5aulp6dl Query : select 1 valor from information_schema.tables where table_type='base table' and table_name='wstablefields'
20241125@141121.5557 vnnjhqacuhqlhr8qdt5aulp6dl Query : select fieldkey,fieldname,fieldtype,calcformula from wstablefields where tablename = 'fi2' and documentnumber = 39
20241125@141121.5569 vnnjhqacuhqlhr8qdt5aulp6dl Query : insert into wsfi2data (fi2stamp,ftstamp ,ousrdata, ousrhora, usrdata,usrhora,ousrinis,usrinis) values ('aut67448879416744858986','aut67448763376744858954' ,getdate(),convert(char(8),convert (time,getdate())),getdate(),convert(char(8),convert (time,getdate())),'wsv','wsv')
20241125@141121.5576 vnnjhqacuhqlhr8qdt5aulp6dl Query : select 1 valor from information_schema.tables where table_type='base table' and table_name='wstablefields'
20241125@141121.5602 vnnjhqacuhqlhr8qdt5aulp6dl Query : select fieldkey,fieldname,fieldtype,calcformula from wstablefields where tablename = 'fi' and documentnumber = 39
20241125@141121.5637 vnnjhqacuhqlhr8qdt5aulp6dl Query : insert into wsfidata (fistamp,ousrdata, ousrhora, usrdata,usrhora,ousrinis,usrinis ,qtt ,ftstamp ,epv,pvmoeda ,tabiva,iva,lordem ,ref, design ,armazem) values ('aut67448879416744858986',getdate(),convert(char(8),convert (time,getdate())),getdate(),convert(char(8),convert (time,getdate())),'wsv','wsv',0 ,'aut67448763376744858954' ,0,0 ,2,23.00,20000,?,?,?)
20241125@141121.5939 vnnjhqacuhqlhr8qdt5aulp6dl Query : use flama_phc
20241125@141121.5942 vnnjhqacuhqlhr8qdt5aulp6dl Query : select st.usalote valor from st where st.ref = '324.1831.00.2'
20241125@141121.5963 vnnjhqacuhqlhr8qdt5aulp6dl Query : select top 1 st.tabiva ,st.ivaincl ,st.stns ,st.uni2 ,st.familia ,isnull(tx.taxa, 0) txiva ,unidade ,usalote ,epcpond ,noserie ,conversao ,st.texteis from st left join taxasiva tx on st.tabiva = tx.codigo where st.ref = '324.1831.00.2'
20241125@141121.5978 vnnjhqacuhqlhr8qdt5aulp6dl Query : select 1 valor from information_schema.tables where table_type='base table' and table_name='wstablefields'
20241125@141121.6003 vnnjhqacuhqlhr8qdt5aulp6dl Query : select fieldkey,fieldname,fieldtype,mandatory from wstablefields where tablename = 'fi' and documentnumber = 39
20241125@141121.6031 vnnjhqacuhqlhr8qdt5aulp6dl Query : select 1 valor from information_schema.tables where table_type='base table' and table_name='wstablefields'
20241125@141121.6050 vnnjhqacuhqlhr8qdt5aulp6dl Query : select fieldkey,fieldname,fieldtype,mandatory from wstablefields where tablename = 'fi2' and documentnumber = 39
20241125@141121.6066 vnnjhqacuhqlhr8qdt5aulp6dl Query : select top 1 convert(numeric(6,2),t.taxa) valor from taxasiva t where t.codigo='2'
20241125@141121.6082 vnnjhqacuhqlhr8qdt5aulp6dl Query : select sestamp valor from se where ref ='324.1831.00.2' and lote = 'r2400481200a'
20241125@141121.6099 vnnjhqacuhqlhr8qdt5aulp6dl Query : select 1 valor from information_schema.tables where table_type='base table' and table_name='wstablefields'
20241125@141121.6125 vnnjhqacuhqlhr8qdt5aulp6dl Query : select fieldkey,fieldname,fieldtype,calcformula from wstablefields where tablename = 'fi2' and documentnumber = 39
20241125@141121.6138 vnnjhqacuhqlhr8qdt5aulp6dl Query : insert into wsfi2data (fi2stamp,ftstamp ,ousrdata, ousrhora, usrdata,usrhora,ousrinis,usrinis) values ('aut67448776126744858994','aut67448763376744858954' ,getdate(),convert(char(8),convert (time,getdate())),getdate(),convert(char(8),convert (time,getdate())),'wsv','wsv')
20241125@141121.6147 vnnjhqacuhqlhr8qdt5aulp6dl Query : select 1 valor from information_schema.tables where table_type='base table' and table_name='wstablefields'
20241125@141121.6165 vnnjhqacuhqlhr8qdt5aulp6dl Query : select fieldkey,fieldname,fieldtype,calcformula from wstablefields where tablename = 'fi' and documentnumber = 39
20241125@141121.6219 vnnjhqacuhqlhr8qdt5aulp6dl Query : insert into wsfidata (fistamp,ousrdata, ousrhora, usrdata,usrhora,ousrinis,usrinis ,qtt ,ftstamp ,epv,pvmoeda ,tabiva,iva,lordem ,ref, design ,lote,armazem,bistamp ) values ('aut67448776126744858994',getdate(),convert(char(8),convert (time,getdate())),getdate(),convert(char(8),convert (time,getdate())),'wsv','wsv',20.000 ,'aut67448763376744858954' ,0,0 ,2,23.00,40000,?,?,?,?,?)
20241125@141121.6538 vnnjhqacuhqlhr8qdt5aulp6dl Query : select 1 valor from information_schema.tables where table_type='base table' and table_name='wstablefields'
20241125@141121.6573 vnnjhqacuhqlhr8qdt5aulp6dl Query : select fieldkey,fieldname,fieldtype,mandatory from wstablefields where tablename = 'fi' and documentnumber = 39
20241125@141121.6648 vnnjhqacuhqlhr8qdt5aulp6dl Query : select 1 valor from information_schema.tables where table_type='base table' and table_name='wstablefields'
20241125@141121.6673 vnnjhqacuhqlhr8qdt5aulp6dl Query : select fieldkey,fieldname,fieldtype,mandatory from wstablefields where tablename = 'fi2' and documentnumber = 39
20241125@141121.6700 vnnjhqacuhqlhr8qdt5aulp6dl Query : select top 1 convert(numeric(6,2),t.taxa) valor from taxasiva t where t.codigo='2'
20241125@141121.6716 vnnjhqacuhqlhr8qdt5aulp6dl Query : select 1 valor from information_schema.tables where table_type='base table' and table_name='wstablefields'
20241125@141121.6737 vnnjhqacuhqlhr8qdt5aulp6dl Query : select fieldkey,fieldname,fieldtype,calcformula from wstablefields where tablename = 'fi2' and documentnumber = 39
20241125@141121.6752 vnnjhqacuhqlhr8qdt5aulp6dl Query : insert into wsfi2data (fi2stamp,ftstamp ,ousrdata, ousrhora, usrdata,usrhora,ousrinis,usrinis) values ('aut674485827667448589a3','aut67448763376744858954' ,getdate(),convert(char(8),convert (time,getdate())),getdate(),convert(char(8),convert (time,getdate())),'wsv','wsv')
20241125@141121.6757 vnnjhqacuhqlhr8qdt5aulp6dl Query : select 1 valor from information_schema.tables where table_type='base table' and table_name='wstablefields'
20241125@141121.6781 vnnjhqacuhqlhr8qdt5aulp6dl Query : select fieldkey,fieldname,fieldtype,calcformula from wstablefields where tablename = 'fi' and documentnumber = 39
20241125@141121.6830 vnnjhqacuhqlhr8qdt5aulp6dl Query : insert into wsfidata (fistamp,ousrdata, ousrhora, usrdata,usrhora,ousrinis,usrinis ,qtt ,ftstamp ,epv,pvmoeda ,tabiva,iva,lordem ,ref, design ,armazem) values ('aut674485827667448589a3',getdate(),convert(char(8),convert (time,getdate())),getdate(),convert(char(8),convert (time,getdate())),'wsv','wsv',0 ,'aut67448763376744858954' ,0,0 ,2,23.00,50000,?,?,?)
20241125@141121.7131 vnnjhqacuhqlhr8qdt5aulp6dl Query : use flama_phc
20241125@141121.7135 vnnjhqacuhqlhr8qdt5aulp6dl Query : select st.usalote valor from st where st.ref = '324.1831.00.2'
20241125@141121.7158 vnnjhqacuhqlhr8qdt5aulp6dl Query : select top 1 st.tabiva ,st.ivaincl ,st.stns ,st.uni2 ,st.familia ,isnull(tx.taxa, 0) txiva ,unidade ,usalote ,epcpond ,noserie ,conversao ,st.texteis from st left join taxasiva tx on st.tabiva = tx.codigo where st.ref = '324.1831.00.2'
20241125@141121.7180 vnnjhqacuhqlhr8qdt5aulp6dl Query : select 1 valor from information_schema.tables where table_type='base table' and table_name='wstablefields'
20241125@141121.7200 vnnjhqacuhqlhr8qdt5aulp6dl Query : select fieldkey,fieldname,fieldtype,mandatory from wstablefields where tablename = 'fi' and documentnumber = 39
20241125@141121.7268 vnnjhqacuhqlhr8qdt5aulp6dl Query : select 1 valor from information_schema.tables where table_type='base table' and table_name='wstablefields'
20241125@141121.7293 vnnjhqacuhqlhr8qdt5aulp6dl Query : select fieldkey,fieldname,fieldtype,mandatory from wstablefields where tablename = 'fi2' and documentnumber = 39
20241125@141121.7305 vnnjhqacuhqlhr8qdt5aulp6dl Query : select top 1 convert(numeric(6,2),t.taxa) valor from taxasiva t where t.codigo='2'
20241125@141121.7317 vnnjhqacuhqlhr8qdt5aulp6dl Query : select sestamp valor from se where ref ='324.1831.00.2' and lote = 'r2400481200a'
20241125@141121.7349 vnnjhqacuhqlhr8qdt5aulp6dl Query : select 1 valor from information_schema.tables where table_type='base table' and table_name='wstablefields'
20241125@141121.7368 vnnjhqacuhqlhr8qdt5aulp6dl Query : select fieldkey,fieldname,fieldtype,calcformula from wstablefields where tablename = 'fi2' and documentnumber = 39
20241125@141121.7381 vnnjhqacuhqlhr8qdt5aulp6dl Query : insert into wsfi2data (fi2stamp,ftstamp ,ousrdata, ousrhora, usrdata,usrhora,ousrinis,usrinis) values ('aut674484721867448589b3','aut67448763376744858954' ,getdate(),convert(char(8),convert (time,getdate())),getdate(),convert(char(8),convert (time,getdate())),'wsv','wsv')
20241125@141121.7403 vnnjhqacuhqlhr8qdt5aulp6dl Query : select 1 valor from information_schema.tables where table_type='base table' and table_name='wstablefields'
20241125@141121.7433 vnnjhqacuhqlhr8qdt5aulp6dl Query : select fieldkey,fieldname,fieldtype,calcformula from wstablefields where tablename = 'fi' and documentnumber = 39
20241125@141121.7490 vnnjhqacuhqlhr8qdt5aulp6dl Query : insert into wsfidata (fistamp,ousrdata, ousrhora, usrdata,usrhora,ousrinis,usrinis ,qtt ,ftstamp ,epv,pvmoeda ,tabiva,iva,lordem ,ref, design ,lote,armazem,bistamp ) values ('aut674484721867448589b3',getdate(),convert(char(8),convert (time,getdate())),getdate(),convert(char(8),convert (time,getdate())),'wsv','wsv',20.000 ,'aut67448763376744858954' ,0,0 ,2,23.00,70000,?,?,?,?,?)
20241125@141121.7805 vnnjhqacuhqlhr8qdt5aulp6dl Query : select 1 valor from information_schema.tables where table_type='base table' and table_name='wstablefields'
20241125@141121.7823 vnnjhqacuhqlhr8qdt5aulp6dl Query : select fieldkey,fieldname,fieldtype,mandatory from wstablefields where tablename = 'fi' and documentnumber = 39
20241125@141121.7859 vnnjhqacuhqlhr8qdt5aulp6dl Query : select 1 valor from information_schema.tables where table_type='base table' and table_name='wstablefields'
20241125@141121.7882 vnnjhqacuhqlhr8qdt5aulp6dl Query : select fieldkey,fieldname,fieldtype,mandatory from wstablefields where tablename = 'fi2' and documentnumber = 39
20241125@141121.7899 vnnjhqacuhqlhr8qdt5aulp6dl Query : select top 1 convert(numeric(6,2),t.taxa) valor from taxasiva t where t.codigo='2'
20241125@141121.7913 vnnjhqacuhqlhr8qdt5aulp6dl Query : select 1 valor from information_schema.tables where table_type='base table' and table_name='wstablefields'
20241125@141121.7933 vnnjhqacuhqlhr8qdt5aulp6dl Query : select fieldkey,fieldname,fieldtype,calcformula from wstablefields where tablename = 'fi2' and documentnumber = 39
20241125@141121.7950 vnnjhqacuhqlhr8qdt5aulp6dl Query : insert into wsfi2data (fi2stamp,ftstamp ,ousrdata, ousrhora, usrdata,usrhora,ousrinis,usrinis) values ('aut674481043167448589c1','aut67448763376744858954' ,getdate(),convert(char(8),convert (time,getdate())),getdate(),convert(char(8),convert (time,getdate())),'wsv','wsv')
20241125@141121.7956 vnnjhqacuhqlhr8qdt5aulp6dl Query : select 1 valor from information_schema.tables where table_type='base table' and table_name='wstablefields'
20241125@141121.7979 vnnjhqacuhqlhr8qdt5aulp6dl Query : select fieldkey,fieldname,fieldtype,calcformula from wstablefields where tablename = 'fi' and documentnumber = 39
20241125@141121.8026 vnnjhqacuhqlhr8qdt5aulp6dl Query : insert into wsfidata (fistamp,ousrdata, ousrhora, usrdata,usrhora,ousrinis,usrinis ,qtt ,ftstamp ,epv,pvmoeda ,tabiva,iva,lordem ,ref, design ,armazem) values ('aut674481043167448589c1',getdate(),convert(char(8),convert (time,getdate())),getdate(),convert(char(8),convert (time,getdate())),'wsv','wsv',0 ,'aut67448763376744858954' ,0,0 ,2,23.00,80000,?,?,?)
20241125@141121.8302 vnnjhqacuhqlhr8qdt5aulp6dl Query : use flama_phc
20241125@141121.8306 vnnjhqacuhqlhr8qdt5aulp6dl Query : select st.usalote valor from st where st.ref = '324.1831.00.2'
20241125@141121.8327 vnnjhqacuhqlhr8qdt5aulp6dl Query : select top 1 st.tabiva ,st.ivaincl ,st.stns ,st.uni2 ,st.familia ,isnull(tx.taxa, 0) txiva ,unidade ,usalote ,epcpond ,noserie ,conversao ,st.texteis from st left join taxasiva tx on st.tabiva = tx.codigo where st.ref = '324.1831.00.2'
20241125@141121.8357 vnnjhqacuhqlhr8qdt5aulp6dl Query : select 1 valor from information_schema.tables where table_type='base table' and table_name='wstablefields'
20241125@141121.8384 vnnjhqacuhqlhr8qdt5aulp6dl Query : select fieldkey,fieldname,fieldtype,mandatory from wstablefields where tablename = 'fi' and documentnumber = 39
20241125@141121.8420 vnnjhqacuhqlhr8qdt5aulp6dl Query : select 1 valor from information_schema.tables where table_type='base table' and table_name='wstablefields'
20241125@141121.8475 vnnjhqacuhqlhr8qdt5aulp6dl Query : select fieldkey,fieldname,fieldtype,mandatory from wstablefields where tablename = 'fi2' and documentnumber = 39
20241125@141121.8501 vnnjhqacuhqlhr8qdt5aulp6dl Query : select top 1 convert(numeric(6,2),t.taxa) valor from taxasiva t where t.codigo='2'
20241125@141121.8527 vnnjhqacuhqlhr8qdt5aulp6dl Query : select sestamp valor from se where ref ='324.1831.00.2' and lote = 'r2400481200a'
20241125@141121.8543 vnnjhqacuhqlhr8qdt5aulp6dl Query : select 1 valor from information_schema.tables where table_type='base table' and table_name='wstablefields'
20241125@141121.8562 vnnjhqacuhqlhr8qdt5aulp6dl Query : select fieldkey,fieldname,fieldtype,calcformula from wstablefields where tablename = 'fi2' and documentnumber = 39
20241125@141121.8581 vnnjhqacuhqlhr8qdt5aulp6dl Query : insert into wsfi2data (fi2stamp,ftstamp ,ousrdata, ousrhora, usrdata,usrhora,ousrinis,usrinis) values ('aut674484515867448589d0','aut67448763376744858954' ,getdate(),convert(char(8),convert (time,getdate())),getdate(),convert(char(8),convert (time,getdate())),'wsv','wsv')
20241125@141121.8586 vnnjhqacuhqlhr8qdt5aulp6dl Query : select 1 valor from information_schema.tables where table_type='base table' and table_name='wstablefields'
20241125@141121.8634 vnnjhqacuhqlhr8qdt5aulp6dl Query : select fieldkey,fieldname,fieldtype,calcformula from wstablefields where tablename = 'fi' and documentnumber = 39
20241125@141121.8876 vnnjhqacuhqlhr8qdt5aulp6dl Query : insert into wsfidata (fistamp,ousrdata, ousrhora, usrdata,usrhora,ousrinis,usrinis ,qtt ,ftstamp ,epv,pvmoeda ,tabiva,iva,lordem ,ref, design ,lote,armazem,bistamp ) values ('aut674484515867448589d0',getdate(),convert(char(8),convert (time,getdate())),getdate(),convert(char(8),convert (time,getdate())),'wsv','wsv',20.000 ,'aut67448763376744858954' ,0,0 ,2,23.00,100000,?,?,?,?,?)
20241125@141121.9190 vnnjhqacuhqlhr8qdt5aulp6dl Query : select 1 valor from information_schema.tables where table_type='base table' and table_name='wstablefields'
20241125@141121.9223 vnnjhqacuhqlhr8qdt5aulp6dl Query : select fieldkey,fieldname,fieldtype,mandatory from wstablefields where tablename = 'fi' and documentnumber = 39
20241125@141121.9283 vnnjhqacuhqlhr8qdt5aulp6dl Query : select 1 valor from information_schema.tables where table_type='base table' and table_name='wstablefields'
20241125@141121.9306 vnnjhqacuhqlhr8qdt5aulp6dl Query : select fieldkey,fieldname,fieldtype,mandatory from wstablefields where tablename = 'fi2' and documentnumber = 39
20241125@141121.9322 vnnjhqacuhqlhr8qdt5aulp6dl Query : select top 1 convert(numeric(6,2),t.taxa) valor from taxasiva t where t.codigo='2'
20241125@141121.9345 vnnjhqacuhqlhr8qdt5aulp6dl Query : select 1 valor from information_schema.tables where table_type='base table' and table_name='wstablefields'
20241125@141121.9361 vnnjhqacuhqlhr8qdt5aulp6dl Query : select fieldkey,fieldname,fieldtype,calcformula from wstablefields where tablename = 'fi2' and documentnumber = 39
20241125@141121.9374 vnnjhqacuhqlhr8qdt5aulp6dl Query : insert into wsfi2data (fi2stamp,ftstamp ,ousrdata, ousrhora, usrdata,usrhora,ousrinis,usrinis) values ('aut674488118467448589e4','aut67448763376744858954' ,getdate(),convert(char(8),convert (time,getdate())),getdate(),convert(char(8),convert (time,getdate())),'wsv','wsv')
20241125@141121.9384 vnnjhqacuhqlhr8qdt5aulp6dl Query : select 1 valor from information_schema.tables where table_type='base table' and table_name='wstablefields'
20241125@141121.9403 vnnjhqacuhqlhr8qdt5aulp6dl Query : select fieldkey,fieldname,fieldtype,calcformula from wstablefields where tablename = 'fi' and documentnumber = 39
20241125@141121.9433 vnnjhqacuhqlhr8qdt5aulp6dl Query : insert into wsfidata (fistamp,ousrdata, ousrhora, usrdata,usrhora,ousrinis,usrinis ,qtt ,ftstamp ,epv,pvmoeda ,tabiva,iva,lordem ,ref, design ,armazem) values ('aut674488118467448589e4',getdate(),convert(char(8),convert (time,getdate())),getdate(),convert(char(8),convert (time,getdate())),'wsv','wsv',0 ,'aut67448763376744858954' ,0,0 ,2,23.00,110000,?,?,?)
20241125@141121.9747 vnnjhqacuhqlhr8qdt5aulp6dl Query : use flama_phc
20241125@141121.9773 vnnjhqacuhqlhr8qdt5aulp6dl Query : select st.usalote valor from st where st.ref = '324.1831.00.2'
20241125@141121.9794 vnnjhqacuhqlhr8qdt5aulp6dl Query : select top 1 st.tabiva ,st.ivaincl ,st.stns ,st.uni2 ,st.familia ,isnull(tx.taxa, 0) txiva ,unidade ,usalote ,epcpond ,noserie ,conversao ,st.texteis from st left join taxasiva tx on st.tabiva = tx.codigo where st.ref = '324.1831.00.2'
20241125@141121.9878 vnnjhqacuhqlhr8qdt5aulp6dl Query : select 1 valor from information_schema.tables where table_type='base table' and table_name='wstablefields'
20241125@141121.9928 vnnjhqacuhqlhr8qdt5aulp6dl Query : select fieldkey,fieldname,fieldtype,mandatory from wstablefields where tablename = 'fi' and documentnumber = 39
20241125@141121.9958 vnnjhqacuhqlhr8qdt5aulp6dl Query : select 1 valor from information_schema.tables where table_type='base table' and table_name='wstablefields'
20241125@141121.9972 vnnjhqacuhqlhr8qdt5aulp6dl Query : select fieldkey,fieldname,fieldtype,mandatory from wstablefields where tablename = 'fi2' and documentnumber = 39
20241125@141121.9981 vnnjhqacuhqlhr8qdt5aulp6dl Query : select top 1 convert(numeric(6,2),t.taxa) valor from taxasiva t where t.codigo='2'
20241125@141121.9992 vnnjhqacuhqlhr8qdt5aulp6dl Query : select sestamp valor from se where ref ='324.1831.00.2' and lote = 'r2400481200a'
20241125@141122.5000 vnnjhqacuhqlhr8qdt5aulp6dl Query : select 1 valor from information_schema.tables where table_type='base table' and table_name='wstablefields'
20241125@141122.1900 vnnjhqacuhqlhr8qdt5aulp6dl Query : select fieldkey,fieldname,fieldtype,calcformula from wstablefields where tablename = 'fi2' and documentnumber = 39
20241125@141122.4600 vnnjhqacuhqlhr8qdt5aulp6dl Query : insert into wsfi2data (fi2stamp,ftstamp ,ousrdata, ousrhora, usrdata,usrhora,ousrinis,usrinis) values ('aut67448981726744858a00','aut67448763376744858954' ,getdate(),convert(char(8),convert (time,getdate())),getdate(),convert(char(8),convert (time,getdate())),'wsv','wsv')
20241125@141122.9400 vnnjhqacuhqlhr8qdt5aulp6dl Query : select 1 valor from information_schema.tables where table_type='base table' and table_name='wstablefields'
20241125@141122.1160 vnnjhqacuhqlhr8qdt5aulp6dl Query : select fieldkey,fieldname,fieldtype,calcformula from wstablefields where tablename = 'fi' and documentnumber = 39
20241125@141122.1850 vnnjhqacuhqlhr8qdt5aulp6dl Query : insert into wsfidata (fistamp,ousrdata, ousrhora, usrdata,usrhora,ousrinis,usrinis ,qtt ,ftstamp ,epv,pvmoeda ,tabiva,iva,lordem ,ref, design ,lote,armazem,bistamp ) values ('aut67448981726744858a00',getdate(),convert(char(8),convert (time,getdate())),getdate(),convert(char(8),convert (time,getdate())),'wsv','wsv',20.000 ,'aut67448763376744858954' ,0,0 ,2,23.00,130000,?,?,?,?,?)
20241125@141122.4810 vnnjhqacuhqlhr8qdt5aulp6dl Query : select 1 valor from information_schema.tables where table_type='base table' and table_name='wstablefields'
20241125@141122.4970 vnnjhqacuhqlhr8qdt5aulp6dl Query : select fieldkey,fieldname,fieldtype,mandatory from wstablefields where tablename = 'fi' and documentnumber = 39
20241125@141122.5270 vnnjhqacuhqlhr8qdt5aulp6dl Query : select 1 valor from information_schema.tables where table_type='base table' and table_name='wstablefields'
20241125@141122.5480 vnnjhqacuhqlhr8qdt5aulp6dl Query : select fieldkey,fieldname,fieldtype,mandatory from wstablefields where tablename = 'fi2' and documentnumber = 39
20241125@141122.5560 vnnjhqacuhqlhr8qdt5aulp6dl Query : select top 1 convert(numeric(6,2),t.taxa) valor from taxasiva t where t.codigo='2'
20241125@141122.5670 vnnjhqacuhqlhr8qdt5aulp6dl Query : select 1 valor from information_schema.tables where table_type='base table' and table_name='wstablefields'
20241125@141122.6520 vnnjhqacuhqlhr8qdt5aulp6dl Query : select fieldkey,fieldname,fieldtype,calcformula from wstablefields where tablename = 'fi2' and documentnumber = 39
20241125@141122.7580 vnnjhqacuhqlhr8qdt5aulp6dl Query : insert into wsfi2data (fi2stamp,ftstamp ,ousrdata, ousrhora, usrdata,usrhora,ousrinis,usrinis) values ('aut67448794696744858a0d','aut67448763376744858954' ,getdate(),convert(char(8),convert (time,getdate())),getdate(),convert(char(8),convert (time,getdate())),'wsv','wsv')
20241125@141122.9660 vnnjhqacuhqlhr8qdt5aulp6dl Query : select 1 valor from information_schema.tables where table_type='base table' and table_name='wstablefields'
20241125@141122.1190 vnnjhqacuhqlhr8qdt5aulp6dl Query : select fieldkey,fieldname,fieldtype,calcformula from wstablefields where tablename = 'fi' and documentnumber = 39
20241125@141122.1231 vnnjhqacuhqlhr8qdt5aulp6dl Query : insert into wsfidata (fistamp,ousrdata, ousrhora, usrdata,usrhora,ousrinis,usrinis ,qtt ,ftstamp ,epv,pvmoeda ,tabiva,iva,lordem ,ref, design ,armazem) values ('aut67448794696744858a0d',getdate(),convert(char(8),convert (time,getdate())),getdate(),convert(char(8),convert (time,getdate())),'wsv','wsv',0 ,'aut67448763376744858954' ,0,0 ,2,23.00,140000,?,?,?)
20241125@141122.1590 vnnjhqacuhqlhr8qdt5aulp6dl Query : insert into wsftcreationlog (initialftstamp,externalid,creationstatus,documenttypeid,idustamp) values ('aut67448763376744858954','2407821','wait',39,'adm09112754980.682000002')
20241125@141122.1689 vnnjhqacuhqlhr8qdt5aulp6dl Query : use flama_phc
20241125@141122.1703 vnnjhqacuhqlhr8qdt5aulp6dl Query : update u_wsusers set rqsttoken =? where userid ='userls001'
20241125@141122.1749 vnnjhqacuhqlhr8qdt5aulp6dl Query : select concat(rtrim(relative_path),ltrim(name_new)) as valor from uploadfiles where uploadfile_id='3480';
20241125@141122.1803 vnnjhqacuhqlhr8qdt5aulp6dl Query : update uploadfiles set whenupdated=current_timestamp where uploadfile_id='3480';
20241125@141122.1850 vnnjhqacuhqlhr8qdt5aulp6dl Query : select concat(rtrim(relative_path),ltrim(name_new)) as valor from uploadfiles where uploadfile_id='3480';
20241125@141122.1919 vnnjhqacuhqlhr8qdt5aulp6dl Query : update uploadfiles set whenupdated=current_timestamp where uploadfile_id='3480';
20241125@141122.2506 g7607730bmnk6m1jbfsds5u3mg Query : insert into uploadfiles ( name_original, name_new, option_type, relative_path, whencreated ) values ( ?, ?, ?, ?, getdate() )
20241125@141122.2544 g7607730bmnk6m1jbfsds5u3mg Query : select uploadfile_id valor from uploadfiles where name_new = ? and option_type = ? 
20241125@141122.2632 g7607730bmnk6m1jbfsds5u3mg Query : select concat(rtrim(relative_path),ltrim(name_new)) as valor from uploadfiles where uploadfile_id='3481';
20241125@141122.2705 g7607730bmnk6m1jbfsds5u3mg Query : update uploadfiles set whenupdated=current_timestamp where uploadfile_id='3481';
20241125@141122.2809 g7607730bmnk6m1jbfsds5u3mg Query : select concat(rtrim(relative_path),ltrim(name_new)) as valor from uploadfiles where uploadfile_id='3481';
20241125@141122.2850 g7607730bmnk6m1jbfsds5u3mg Query : update uploadfiles set whenupdated=current_timestamp where uploadfile_id='3481';
20241125@141122.2928 g7607730bmnk6m1jbfsds5u3mg Query : use flama_phc
20241125@141122.2931 g7607730bmnk6m1jbfsds5u3mg Query : select top 1 secretkey valor from u_wsusers u where u.userid = ? and u.inactivo=0
20241125@141122.3080 g7607730bmnk6m1jbfsds5u3mg Query : use flama_phc
20241125@141122.3092 g7607730bmnk6m1jbfsds5u3mg Query : select no, estab,szadrsdesc from szadrs where u_coddest=4740
20241125@141122.3142 g7607730bmnk6m1jbfsds5u3mg Query : select top 1 isnull(design,'') valor from st (nolock) left join stobs (nolock) on st.ref = stobs.ref where st.ref = '324.1889.00.1'
20241125@141122.3320 g7607730bmnk6m1jbfsds5u3mg Query : select top 1 bistamp valor from bi inner join bo on bo.bostamp=bi.bostamp where bo.ndos =240 and bo.boano =2078 and bo.obrano = 2407822 and bi.ref ='324.1889.00.1' and bi.lordem =1
20241125@141122.3705 g7607730bmnk6m1jbfsds5u3mg Query : select top 1 isnull(design,'') valor from st (nolock) left join stobs (nolock) on st.ref = stobs.ref where st.ref = '324.1889.00.1'
20241125@141122.3727 g7607730bmnk6m1jbfsds5u3mg Query : select top 1 bistamp valor from bi inner join bo on bo.bostamp=bi.bostamp where bo.ndos =240 and bo.boano =2078 and bo.obrano = 2407822 and bi.ref ='324.1889.00.1' and bi.lordem =1
20241125@141122.3754 g7607730bmnk6m1jbfsds5u3mg Query : select top 1 isnull(design,'') valor from st (nolock) left join stobs (nolock) on st.ref = stobs.ref where st.ref = '324.1889.00.1'
20241125@141122.3782 g7607730bmnk6m1jbfsds5u3mg Query : select top 1 bistamp valor from bi inner join bo on bo.bostamp=bi.bostamp where bo.ndos =240 and bo.boano =2078 and bo.obrano = 2407822 and bi.ref ='324.1889.00.1' and bi.lordem =1
20241125@141122.3811 g7607730bmnk6m1jbfsds5u3mg Query : use flama_phc
20241125@141122.3818 g7607730bmnk6m1jbfsds5u3mg Query : select top 1 convert(date,fdata) valor from ft where ndoc = 39 and anulado= 0 and fno>0 order by fdata desc
20241125@141122.3849 g7607730bmnk6m1jbfsds5u3mg Query : use flama_phc
20241125@141122.3856 g7607730bmnk6m1jbfsds5u3mg Query : select top 1 1 valor from td where td.ndoc = 39
20241125@141122.3917 g7607730bmnk6m1jbfsds5u3mg Query : use flama_phc
20241125@141122.3920 g7607730bmnk6m1jbfsds5u3mg Query : select lower(descricao) descricao ,case when valor='s' then 1 else 0 end valor from para1 where descricao in ('st_lote','st_usalogifunc', 'st_grelha')
20241125@141122.3971 g7607730bmnk6m1jbfsds5u3mg Query : select top 1 manternumero ,assinadoc issigned ,tiposaft ,assinaimp ,nmdos ,td.assinadoc ,'cl' origin ,lancasl stocks ,case when cmsl<50 and td.lancasl=1 then 1 else 0 end entrada ,case when cmsl>50 and td.lancasl=1 then 1 else 0 end saida ,temserie assets ,~semgre usegridfields from td inner join td2 on td.tdstamp=td2.td2stamp where td.ndoc = 1
20241125@141122.4079 g7607730bmnk6m1jbfsds5u3mg Query : use flama_phc
20241125@141122.4082 g7607730bmnk6m1jbfsds5u3mg Query : select top 1 ~inactivo valor from cl where no = '100810' and estab = 0 order by inactivo desc
20241125@141122.4140 g7607730bmnk6m1jbfsds5u3mg Query : use flama_phc
20241125@141122.4142 g7607730bmnk6m1jbfsds5u3mg Query : select top 1 tipodoc,regrd from td where ndoc = 39
20241125@141122.4181 g7607730bmnk6m1jbfsds5u3mg Query : use flama_phc
20241125@141122.4184 g7607730bmnk6m1jbfsds5u3mg Query : select szadrsstamp valor from szadrs where szadrsdesc='espaÇotrans,lda'
20241125@141122.4235 g7607730bmnk6m1jbfsds5u3mg Query : use flama_phc
20241125@141122.4241 g7607730bmnk6m1jbfsds5u3mg Query : select szadrsstamp valor from szadrs where szadrsdesc='100810 - worten-equipamentos para o lar,sa.'
20241125@141122.4288 g7607730bmnk6m1jbfsds5u3mg Query : use flama_phc
20241125@141122.4290 g7607730bmnk6m1jbfsds5u3mg Query : select 1 valor from td where ndoc = 39
20241125@141122.4302 g7607730bmnk6m1jbfsds5u3mg Query : select top 1 manternumero, tiposaft, nmdos,td.assinadoc from td where td.ndoc = 39
20241125@141122.4326 g7607730bmnk6m1jbfsds5u3mg Query : select 1 valor from information_schema.tables where table_type='base table' and table_name='wstablefields'
20241125@141122.4369 g7607730bmnk6m1jbfsds5u3mg Query : select fieldkey,fieldname,fieldtype,mandatory from wstablefields where tablename = 'ft' and documentnumber = 39
20241125@141122.4430 g7607730bmnk6m1jbfsds5u3mg Query : select 1 valor from information_schema.tables where table_type='base table' and table_name='wstablefields'
20241125@141122.4453 g7607730bmnk6m1jbfsds5u3mg Query : select fieldkey,fieldname,fieldtype,mandatory from wstablefields where tablename = 'ft2' and documentnumber = 39
20241125@141122.4492 g7607730bmnk6m1jbfsds5u3mg Query : select 1 valor from information_schema.tables where table_type='base table' and table_name='wstablefields'
20241125@141122.4507 g7607730bmnk6m1jbfsds5u3mg Query : select fieldkey,fieldname,fieldtype,mandatory from wstablefields where tablename = 'ft3' and documentnumber = 39
20241125@141122.4542 g7607730bmnk6m1jbfsds5u3mg Query : select top 1 ft.fno valor from ft ft where ft.ndoc = 39 and ftano=2024 order by fno desc
20241125@141122.4672 g7607730bmnk6m1jbfsds5u3mg Query : select top 1 ft.fno valor from wsftdata ft where ft.ndoc = 39 and ftano=2024 order by fno desc
20241125@141122.4708 g7607730bmnk6m1jbfsds5u3mg Query : select 1 valor from information_schema.tables where table_type='base table' and table_name='wstablefields'
20241125@141122.4776 g7607730bmnk6m1jbfsds5u3mg Query : select fieldkey,fieldname,fieldtype,calcformula from wstablefields where tablename = 'ft3' and documentnumber = 39
20241125@141122.4827 g7607730bmnk6m1jbfsds5u3mg Query : insert into wsft3data (ft3stamp, ousrdata, ousrhora, usrdata,usrhora,ousrinis,usrinis,taxpointdt ) values ('aut67448590696744858a6e' ,getdate(),convert(char(8),convert (time,getdate())),getdate(),convert(char(8),convert (time,getdate())),'wsv','wsv',?)
20241125@141122.5069 g7607730bmnk6m1jbfsds5u3mg Query : select 1 valor from information_schema.tables where table_type='base table' and table_name='wstablefields'
20241125@141122.5108 g7607730bmnk6m1jbfsds5u3mg Query : select fieldkey,fieldname,fieldtype,calcformula from wstablefields where tablename = 'ft2' and documentnumber = 39
20241125@141122.5145 g7607730bmnk6m1jbfsds5u3mg Query : select top 1 bo.u_nomeenv valor from bo where bo.bostamp=''
20241125@141122.5157 g7607730bmnk6m1jbfsds5u3mg Query : select top 1 bo.u_moradaen valor from bo where bo.bostamp=''
20241125@141122.5168 g7607730bmnk6m1jbfsds5u3mg Query : select top 1 bo.u_codposen valor from bo where bo.bostamp=''
20241125@141122.5187 g7607730bmnk6m1jbfsds5u3mg Query : select top 1 bo.u_localenv valor from bo where bo.bostamp=''
20241125@141122.5203 g7607730bmnk6m1jbfsds5u3mg Query : select top 1 bo.trab5 valor from bo where bo.bostamp=''
20241125@141122.5215 g7607730bmnk6m1jbfsds5u3mg Query : select top 1 bo.serie valor from bo where bo.bostamp=''
20241125@141122.5226 g7607730bmnk6m1jbfsds5u3mg Query : insert into wsft2data (ft2stamp, ousrdata,ousrhora, usrdata,usrhora,ousrinis,usrinis,u_nomeenv ,u_moradaen ,u_codposen ,u_localenv ,u_coddest ,u_codby ) values ('aut67448590696744858a6e',getdate(),convert(char(8),convert (time,getdate())),getdate(),convert(char(8),convert (time,getdate())),'wsv','wsv',?,?,?,?,?,?)
20241125@141122.5508 g7607730bmnk6m1jbfsds5u3mg Query : select top 1 fno valor from wsftdata order by fno desc
20241125@141122.5551 g7607730bmnk6m1jbfsds5u3mg Query : select 1 valor from information_schema.tables where table_type='base table' and table_name='wstablefields'
20241125@141122.5577 g7607730bmnk6m1jbfsds5u3mg Query : select fieldkey,fieldname,fieldtype,calcformula from wstablefields where tablename = 'ft' and documentnumber = 39
20241125@141122.5677 g7607730bmnk6m1jbfsds5u3mg Query : select 'normal' from dummy
20241125@141122.5693 g7607730bmnk6m1jbfsds5u3mg Query : insert into wsftdata (ftstamp, ousrdata,ousrhora, usrdata,usrhora,ousrinis,usrinis,fno,no,estab,fdata,ndoc,moeda,cambio,cambiofixo,ftano,site ,classe ) values ('aut67448590696744858a6e',getdate(),convert(char(8),convert (time,getdate())),getdate(),convert(char(8),convert (time,getdate())),'wsv','wsv',2016,100810,0,'2024-11-25',39,'euro',0,0,2024 ,?,?)
20241125@141122.6033 g7607730bmnk6m1jbfsds5u3mg Query : use flama_phc
20241125@141122.6036 g7607730bmnk6m1jbfsds5u3mg Query : select st.usalote valor from st where st.ref = '324.1889.00.1'
20241125@141122.6061 g7607730bmnk6m1jbfsds5u3mg Query : select top 1 st.tabiva ,st.ivaincl ,st.stns ,st.uni2 ,st.familia ,isnull(tx.taxa, 0) txiva ,unidade ,usalote ,epcpond ,noserie ,conversao ,st.texteis from st left join taxasiva tx on st.tabiva = tx.codigo where st.ref = '324.1889.00.1'
20241125@141122.6250 g7607730bmnk6m1jbfsds5u3mg Query : select 1 valor from information_schema.tables where table_type='base table' and table_name='wstablefields'
20241125@141122.6267 g7607730bmnk6m1jbfsds5u3mg Query : select fieldkey,fieldname,fieldtype,mandatory from wstablefields where tablename = 'fi' and documentnumber = 39
20241125@141122.6298 g7607730bmnk6m1jbfsds5u3mg Query : select 1 valor from information_schema.tables where table_type='base table' and table_name='wstablefields'
20241125@141122.6321 g7607730bmnk6m1jbfsds5u3mg Query : select fieldkey,fieldname,fieldtype,mandatory from wstablefields where tablename = 'fi2' and documentnumber = 39
20241125@141122.6338 g7607730bmnk6m1jbfsds5u3mg Query : select top 1 convert(numeric(6,2),t.taxa) valor from taxasiva t where t.codigo='2'
20241125@141122.6351 g7607730bmnk6m1jbfsds5u3mg Query : select sestamp valor from se where ref ='324.1889.00.1' and lote = 'r2400452200a'
20241125@141122.6367 g7607730bmnk6m1jbfsds5u3mg Query : select 1 valor from information_schema.tables where table_type='base table' and table_name='wstablefields'
20241125@141122.6383 g7607730bmnk6m1jbfsds5u3mg Query : select fieldkey,fieldname,fieldtype,calcformula from wstablefields where tablename = 'fi2' and documentnumber = 39
20241125@141122.6395 g7607730bmnk6m1jbfsds5u3mg Query : insert into wsfi2data (fi2stamp,ftstamp ,ousrdata, ousrhora, usrdata,usrhora,ousrinis,usrinis) values ('aut67448228366744858a9b','aut67448590696744858a6e' ,getdate(),convert(char(8),convert (time,getdate())),getdate(),convert(char(8),convert (time,getdate())),'wsv','wsv')
20241125@141122.6400 g7607730bmnk6m1jbfsds5u3mg Query : select 1 valor from information_schema.tables where table_type='base table' and table_name='wstablefields'
20241125@141122.6414 g7607730bmnk6m1jbfsds5u3mg Query : select fieldkey,fieldname,fieldtype,calcformula from wstablefields where tablename = 'fi' and documentnumber = 39
20241125@141122.6446 g7607730bmnk6m1jbfsds5u3mg Query : insert into wsfidata (fistamp,ousrdata, ousrhora, usrdata,usrhora,ousrinis,usrinis ,qtt ,ftstamp ,epv,pvmoeda ,tabiva,iva,lordem ,ref, design ,lote,armazem,bistamp ) values ('aut67448228366744858a9b',getdate(),convert(char(8),convert (time,getdate())),getdate(),convert(char(8),convert (time,getdate())),'wsv','wsv',20.000 ,'aut67448590696744858a6e' ,0,0 ,2,23.00,10000,?,?,?,?,?)
20241125@141122.7050 g7607730bmnk6m1jbfsds5u3mg Query : select 1 valor from information_schema.tables where table_type='base table' and table_name='wstablefields'
20241125@141122.7628 g7607730bmnk6m1jbfsds5u3mg Query : select fieldkey,fieldname,fieldtype,mandatory from wstablefields where tablename = 'fi' and documentnumber = 39
20241125@141122.8930 g7607730bmnk6m1jbfsds5u3mg Query : select 1 valor from information_schema.tables where table_type='base table' and table_name='wstablefields'
20241125@141122.9424 g7607730bmnk6m1jbfsds5u3mg Query : select fieldkey,fieldname,fieldtype,mandatory from wstablefields where tablename = 'fi2' and documentnumber = 39
20241125@141122.9444 g7607730bmnk6m1jbfsds5u3mg Query : select top 1 convert(numeric(6,2),t.taxa) valor from taxasiva t where t.codigo='2'
20241125@141122.9462 g7607730bmnk6m1jbfsds5u3mg Query : select 1 valor from information_schema.tables where table_type='base table' and table_name='wstablefields'
20241125@141122.9486 g7607730bmnk6m1jbfsds5u3mg Query : select fieldkey,fieldname,fieldtype,calcformula from wstablefields where tablename = 'fi2' and documentnumber = 39
20241125@141122.9500 g7607730bmnk6m1jbfsds5u3mg Query : insert into wsfi2data (fi2stamp,ftstamp ,ousrdata, ousrhora, usrdata,usrhora,ousrinis,usrinis) values ('aut67448312186744858ae7','aut67448590696744858a6e' ,getdate(),convert(char(8),convert (time,getdate())),getdate(),convert(char(8),convert (time,getdate())),'wsv','wsv')
20241125@141122.9505 g7607730bmnk6m1jbfsds5u3mg Query : select 1 valor from information_schema.tables where table_type='base table' and table_name='wstablefields'
20241125@141122.9520 g7607730bmnk6m1jbfsds5u3mg Query : select fieldkey,fieldname,fieldtype,calcformula from wstablefields where tablename = 'fi' and documentnumber = 39
20241125@141122.9565 g7607730bmnk6m1jbfsds5u3mg Query : insert into wsfidata (fistamp,ousrdata, ousrhora, usrdata,usrhora,ousrinis,usrinis ,qtt ,ftstamp ,epv,pvmoeda ,tabiva,iva,lordem ,ref, design ,armazem) values ('aut67448312186744858ae7',getdate(),convert(char(8),convert (time,getdate())),getdate(),convert(char(8),convert (time,getdate())),'wsv','wsv',0 ,'aut67448590696744858a6e' ,0,0 ,2,23.00,20000,?,?,?)
20241125@141122.9877 g7607730bmnk6m1jbfsds5u3mg Query : use flama_phc
20241125@141122.9882 g7607730bmnk6m1jbfsds5u3mg Query : select st.usalote valor from st where st.ref = '324.1889.00.1'
20241125@141122.9907 g7607730bmnk6m1jbfsds5u3mg Query : select top 1 st.tabiva ,st.ivaincl ,st.stns ,st.uni2 ,st.familia ,isnull(tx.taxa, 0) txiva ,unidade ,usalote ,epcpond ,noserie ,conversao ,st.texteis from st left join taxasiva tx on st.tabiva = tx.codigo where st.ref = '324.1889.00.1'
20241125@141122.9925 g7607730bmnk6m1jbfsds5u3mg Query : select 1 valor from information_schema.tables where table_type='base table' and table_name='wstablefields'
20241125@141122.9942 g7607730bmnk6m1jbfsds5u3mg Query : select fieldkey,fieldname,fieldtype,mandatory from wstablefields where tablename = 'fi' and documentnumber = 39
20241125@141122.9968 g7607730bmnk6m1jbfsds5u3mg Query : select 1 valor from information_schema.tables where table_type='base table' and table_name='wstablefields'
20241125@141122.9985 g7607730bmnk6m1jbfsds5u3mg Query : select fieldkey,fieldname,fieldtype,mandatory from wstablefields where tablename = 'fi2' and documentnumber = 39
20241125@141122.9995 g7607730bmnk6m1jbfsds5u3mg Query : select top 1 convert(numeric(6,2),t.taxa) valor from taxasiva t where t.codigo='2'
20241125@141123.8000 g7607730bmnk6m1jbfsds5u3mg Query : select sestamp valor from se where ref ='324.1889.00.1' and lote = 'r2400452200a'
20241125@141123.2200 g7607730bmnk6m1jbfsds5u3mg Query : select 1 valor from information_schema.tables where table_type='base table' and table_name='wstablefields'
20241125@141123.3800 g7607730bmnk6m1jbfsds5u3mg Query : select fieldkey,fieldname,fieldtype,calcformula from wstablefields where tablename = 'fi2' and documentnumber = 39
20241125@141123.5300 g7607730bmnk6m1jbfsds5u3mg Query : insert into wsfi2data (fi2stamp,ftstamp ,ousrdata, ousrhora, usrdata,usrhora,ousrinis,usrinis) values ('aut67448450946744858b00','aut67448590696744858a6e' ,getdate(),convert(char(8),convert (time,getdate())),getdate(),convert(char(8),convert (time,getdate())),'wsv','wsv')
20241125@141123.5800 g7607730bmnk6m1jbfsds5u3mg Query : select 1 valor from information_schema.tables where table_type='base table' and table_name='wstablefields'
20241125@141123.7500 g7607730bmnk6m1jbfsds5u3mg Query : select fieldkey,fieldname,fieldtype,calcformula from wstablefields where tablename = 'fi' and documentnumber = 39
20241125@141123.1060 g7607730bmnk6m1jbfsds5u3mg Query : insert into wsfidata (fistamp,ousrdata, ousrhora, usrdata,usrhora,ousrinis,usrinis ,qtt ,ftstamp ,epv,pvmoeda ,tabiva,iva,lordem ,ref, design ,lote,armazem,bistamp ) values ('aut67448450946744858b00',getdate(),convert(char(8),convert (time,getdate())),getdate(),convert(char(8),convert (time,getdate())),'wsv','wsv',20.000 ,'aut67448590696744858a6e' ,0,0 ,2,23.00,40000,?,?,?,?,?)
20241125@141123.4960 g7607730bmnk6m1jbfsds5u3mg Query : select 1 valor from information_schema.tables where table_type='base table' and table_name='wstablefields'
20241125@141123.5150 g7607730bmnk6m1jbfsds5u3mg Query : select fieldkey,fieldname,fieldtype,mandatory from wstablefields where tablename = 'fi' and documentnumber = 39
20241125@141123.5450 g7607730bmnk6m1jbfsds5u3mg Query : select 1 valor from information_schema.tables where table_type='base table' and table_name='wstablefields'
20241125@141123.5600 g7607730bmnk6m1jbfsds5u3mg Query : select fieldkey,fieldname,fieldtype,mandatory from wstablefields where tablename = 'fi2' and documentnumber = 39
20241125@141123.5690 g7607730bmnk6m1jbfsds5u3mg Query : select top 1 convert(numeric(6,2),t.taxa) valor from taxasiva t where t.codigo='2'
20241125@141123.6290 g7607730bmnk6m1jbfsds5u3mg Query : select 1 valor from information_schema.tables where table_type='base table' and table_name='wstablefields'
20241125@141123.6460 g7607730bmnk6m1jbfsds5u3mg Query : select fieldkey,fieldname,fieldtype,calcformula from wstablefields where tablename = 'fi2' and documentnumber = 39
20241125@141123.6620 g7607730bmnk6m1jbfsds5u3mg Query : insert into wsfi2data (fi2stamp,ftstamp ,ousrdata, ousrhora, usrdata,usrhora,ousrinis,usrinis) values ('aut67448088246744858b0f','aut67448590696744858a6e' ,getdate(),convert(char(8),convert (time,getdate())),getdate(),convert(char(8),convert (time,getdate())),'wsv','wsv')
20241125@141123.6670 g7607730bmnk6m1jbfsds5u3mg Query : select 1 valor from information_schema.tables where table_type='base table' and table_name='wstablefields'
20241125@141123.6820 g7607730bmnk6m1jbfsds5u3mg Query : select fieldkey,fieldname,fieldtype,calcformula from wstablefields where tablename = 'fi' and documentnumber = 39
20241125@141123.7150 g7607730bmnk6m1jbfsds5u3mg Query : insert into wsfidata (fistamp,ousrdata, ousrhora, usrdata,usrhora,ousrinis,usrinis ,qtt ,ftstamp ,epv,pvmoeda ,tabiva,iva,lordem ,ref, design ,armazem) values ('aut67448088246744858b0f',getdate(),convert(char(8),convert (time,getdate())),getdate(),convert(char(8),convert (time,getdate())),'wsv','wsv',0 ,'aut67448590696744858a6e' ,0,0 ,2,23.00,50000,?,?,?)
20241125@141123.1035 g7607730bmnk6m1jbfsds5u3mg Query : use flama_phc
20241125@141123.1038 g7607730bmnk6m1jbfsds5u3mg Query : select st.usalote valor from st where st.ref = '324.1889.00.1'
20241125@141123.1060 g7607730bmnk6m1jbfsds5u3mg Query : select top 1 st.tabiva ,st.ivaincl ,st.stns ,st.uni2 ,st.familia ,isnull(tx.taxa, 0) txiva ,unidade ,usalote ,epcpond ,noserie ,conversao ,st.texteis from st left join taxasiva tx on st.tabiva = tx.codigo where st.ref = '324.1889.00.1'
20241125@141123.1075 g7607730bmnk6m1jbfsds5u3mg Query : select 1 valor from information_schema.tables where table_type='base table' and table_name='wstablefields'
20241125@141123.1091 g7607730bmnk6m1jbfsds5u3mg Query : select fieldkey,fieldname,fieldtype,mandatory from wstablefields where tablename = 'fi' and documentnumber = 39
20241125@141123.1120 g7607730bmnk6m1jbfsds5u3mg Query : select 1 valor from information_schema.tables where table_type='base table' and table_name='wstablefields'
20241125@141123.1139 g7607730bmnk6m1jbfsds5u3mg Query : select fieldkey,fieldname,fieldtype,mandatory from wstablefields where tablename = 'fi2' and documentnumber = 39
20241125@141123.1151 g7607730bmnk6m1jbfsds5u3mg Query : select top 1 convert(numeric(6,2),t.taxa) valor from taxasiva t where t.codigo='2'
20241125@141123.1162 g7607730bmnk6m1jbfsds5u3mg Query : select sestamp valor from se where ref ='324.1889.00.1' and lote = 'r2400452200a'
20241125@141123.1177 g7607730bmnk6m1jbfsds5u3mg Query : select 1 valor from information_schema.tables where table_type='base table' and table_name='wstablefields'
20241125@141123.1191 g7607730bmnk6m1jbfsds5u3mg Query : select fieldkey,fieldname,fieldtype,calcformula from wstablefields where tablename = 'fi2' and documentnumber = 39
20241125@141123.1202 g7607730bmnk6m1jbfsds5u3mg Query : insert into wsfi2data (fi2stamp,ftstamp ,ousrdata, ousrhora, usrdata,usrhora,ousrinis,usrinis) values ('aut67448338556744858b1c','aut67448590696744858a6e' ,getdate(),convert(char(8),convert (time,getdate())),getdate(),convert(char(8),convert (time,getdate())),'wsv','wsv')
20241125@141123.1206 g7607730bmnk6m1jbfsds5u3mg Query : select 1 valor from information_schema.tables where table_type='base table' and table_name='wstablefields'
20241125@141123.1222 g7607730bmnk6m1jbfsds5u3mg Query : select fieldkey,fieldname,fieldtype,calcformula from wstablefields where tablename = 'fi' and documentnumber = 39
20241125@141123.1250 g7607730bmnk6m1jbfsds5u3mg Query : insert into wsfidata (fistamp,ousrdata, ousrhora, usrdata,usrhora,ousrinis,usrinis ,qtt ,ftstamp ,epv,pvmoeda ,tabiva,iva,lordem ,ref, design ,lote,armazem,bistamp ) values ('aut67448338556744858b1c',getdate(),convert(char(8),convert (time,getdate())),getdate(),convert(char(8),convert (time,getdate())),'wsv','wsv',20.000 ,'aut67448590696744858a6e' ,0,0 ,2,23.00,70000,?,?,?,?,?)
20241125@141123.1683 g7607730bmnk6m1jbfsds5u3mg Query : select 1 valor from information_schema.tables where table_type='base table' and table_name='wstablefields'
20241125@141123.1701 g7607730bmnk6m1jbfsds5u3mg Query : select fieldkey,fieldname,fieldtype,mandatory from wstablefields where tablename = 'fi' and documentnumber = 39
20241125@141123.1729 g7607730bmnk6m1jbfsds5u3mg Query : select 1 valor from information_schema.tables where table_type='base table' and table_name='wstablefields'
20241125@141123.1743 g7607730bmnk6m1jbfsds5u3mg Query : select fieldkey,fieldname,fieldtype,mandatory from wstablefields where tablename = 'fi2' and documentnumber = 39
20241125@141123.1751 g7607730bmnk6m1jbfsds5u3mg Query : select top 1 convert(numeric(6,2),t.taxa) valor from taxasiva t where t.codigo='2'
20241125@141123.1765 g7607730bmnk6m1jbfsds5u3mg Query : select 1 valor from information_schema.tables where table_type='base table' and table_name='wstablefields'
20241125@141123.1780 g7607730bmnk6m1jbfsds5u3mg Query : select fieldkey,fieldname,fieldtype,calcformula from wstablefields where tablename = 'fi2' and documentnumber = 39
20241125@141123.1791 g7607730bmnk6m1jbfsds5u3mg Query : insert into wsfi2data (fi2stamp,ftstamp ,ousrdata, ousrhora, usrdata,usrhora,ousrinis,usrinis) values ('aut67448362966744858b2b','aut67448590696744858a6e' ,getdate(),convert(char(8),convert (time,getdate())),getdate(),convert(char(8),convert (time,getdate())),'wsv','wsv')
20241125@141123.1795 g7607730bmnk6m1jbfsds5u3mg Query : select 1 valor from information_schema.tables where table_type='base table' and table_name='wstablefields'
20241125@141123.1811 g7607730bmnk6m1jbfsds5u3mg Query : select fieldkey,fieldname,fieldtype,calcformula from wstablefields where tablename = 'fi' and documentnumber = 39
20241125@141123.1838 g7607730bmnk6m1jbfsds5u3mg Query : insert into wsfidata (fistamp,ousrdata, ousrhora, usrdata,usrhora,ousrinis,usrinis ,qtt ,ftstamp ,epv,pvmoeda ,tabiva,iva,lordem ,ref, design ,armazem) values ('aut67448362966744858b2b',getdate(),convert(char(8),convert (time,getdate())),getdate(),convert(char(8),convert (time,getdate())),'wsv','wsv',0 ,'aut67448590696744858a6e' ,0,0 ,2,23.00,80000,?,?,?)
20241125@141123.2156 g7607730bmnk6m1jbfsds5u3mg Query : insert into wsftcreationlog (initialftstamp,externalid,creationstatus,documenttypeid,idustamp) values ('aut67448590696744858a6e','2407822','wait',39,'adm09112754980.682000002')
20241125@141123.2228 g7607730bmnk6m1jbfsds5u3mg Query : use flama_phc
20241125@141123.2231 g7607730bmnk6m1jbfsds5u3mg Query : update u_wsusers set rqsttoken =? where userid ='userls001'
20241125@141123.2260 g7607730bmnk6m1jbfsds5u3mg Query : select concat(rtrim(relative_path),ltrim(name_new)) as valor from uploadfiles where uploadfile_id='3481';
20241125@141123.2301 g7607730bmnk6m1jbfsds5u3mg Query : update uploadfiles set whenupdated=current_timestamp where uploadfile_id='3481';
20241125@141123.2351 g7607730bmnk6m1jbfsds5u3mg Query : select concat(rtrim(relative_path),ltrim(name_new)) as valor from uploadfiles where uploadfile_id='3481';
20241125@141123.2390 g7607730bmnk6m1jbfsds5u3mg Query : update uploadfiles set whenupdated=current_timestamp where uploadfile_id='3481';
20241125@141123.2916 rno5f7mvh3da4as7okonbgri4k Query : insert into uploadfiles ( name_original, name_new, option_type, relative_path, whencreated ) values ( ?, ?, ?, ?, getdate() )
20241125@141123.2930 rno5f7mvh3da4as7okonbgri4k Query : select uploadfile_id valor from uploadfiles where name_new = ? and option_type = ? 
20241125@141123.2998 rno5f7mvh3da4as7okonbgri4k Query : select concat(rtrim(relative_path),ltrim(name_new)) as valor from uploadfiles where uploadfile_id='3482';
20241125@141123.3068 rno5f7mvh3da4as7okonbgri4k Query : update uploadfiles set whenupdated=current_timestamp where uploadfile_id='3482';
20241125@141123.3132 rno5f7mvh3da4as7okonbgri4k Query : select concat(rtrim(relative_path),ltrim(name_new)) as valor from uploadfiles where uploadfile_id='3482';
20241125@141123.3166 rno5f7mvh3da4as7okonbgri4k Query : update uploadfiles set whenupdated=current_timestamp where uploadfile_id='3482';
20241125@141123.3222 rno5f7mvh3da4as7okonbgri4k Query : use flama_phc
20241125@141123.3226 rno5f7mvh3da4as7okonbgri4k Query : select top 1 secretkey valor from u_wsusers u where u.userid = ? and u.inactivo=0
20241125@141123.3288 rno5f7mvh3da4as7okonbgri4k Query : use flama_phc
20241125@141123.3291 rno5f7mvh3da4as7okonbgri4k Query : select no, estab,szadrsdesc from szadrs where u_coddest=2138
20241125@141123.3341 rno5f7mvh3da4as7okonbgri4k Query : select top 1 isnull(design,'') valor from st (nolock) left join stobs (nolock) on st.ref = stobs.ref where st.ref = '324.1706.00.1'
20241125@141123.3540 rno5f7mvh3da4as7okonbgri4k Query : select top 1 bistamp valor from bi inner join bo on bo.bostamp=bi.bostamp where bo.ndos =240 and bo.boano =2078 and bo.obrano = 2407823 and bi.ref ='324.1706.00.1' and bi.lordem =1
20241125@141123.3916 rno5f7mvh3da4as7okonbgri4k Query : select top 1 isnull(design,'') valor from st (nolock) left join stobs (nolock) on st.ref = stobs.ref where st.ref = '324.1405.00.1'
20241125@141123.4122 rno5f7mvh3da4as7okonbgri4k Query : select top 1 bistamp valor from bi inner join bo on bo.bostamp=bi.bostamp where bo.ndos =240 and bo.boano =2078 and bo.obrano = 2407823 and bi.ref ='324.1405.00.1' and bi.lordem =2
20241125@141123.4505 rno5f7mvh3da4as7okonbgri4k Query : select top 1 isnull(design,'') valor from st (nolock) left join stobs (nolock) on st.ref = stobs.ref where st.ref = '324.736.00.01'
20241125@141123.4690 rno5f7mvh3da4as7okonbgri4k Query : select top 1 bistamp valor from bi inner join bo on bo.bostamp=bi.bostamp where bo.ndos =240 and bo.boano =2078 and bo.obrano = 2407823 and bi.ref ='324.736.00.01' and bi.lordem =3
20241125@141123.5062 rno5f7mvh3da4as7okonbgri4k Query : select top 1 isnull(design,'') valor from st (nolock) left join stobs (nolock) on st.ref = stobs.ref where st.ref = '324.5343.00.1'
20241125@141123.5254 rno5f7mvh3da4as7okonbgri4k Query : select top 1 bistamp valor from bi inner join bo on bo.bostamp=bi.bostamp where bo.ndos =240 and bo.boano =2078 and bo.obrano = 2407823 and bi.ref ='324.5343.00.1' and bi.lordem =4
20241125@141123.5736 rno5f7mvh3da4as7okonbgri4k Query : select top 1 isnull(design,'') valor from st (nolock) left join stobs (nolock) on st.ref = stobs.ref where st.ref = '324.1416.00.1'
20241125@141123.5915 rno5f7mvh3da4as7okonbgri4k Query : select top 1 bistamp valor from bi inner join bo on bo.bostamp=bi.bostamp where bo.ndos =240 and bo.boano =2078 and bo.obrano = 2407823 and bi.ref ='324.1416.00.1' and bi.lordem =5
20241125@141123.6246 rno5f7mvh3da4as7okonbgri4k Query : select top 1 isnull(design,'') valor from st (nolock) left join stobs (nolock) on st.ref = stobs.ref where st.ref = '324.2066.00.1'
20241125@141123.6411 rno5f7mvh3da4as7okonbgri4k Query : select top 1 bistamp valor from bi inner join bo on bo.bostamp=bi.bostamp where bo.ndos =240 and bo.boano =2078 and bo.obrano = 2407823 and bi.ref ='324.2066.00.1' and bi.lordem =6
20241125@141123.6757 rno5f7mvh3da4as7okonbgri4k Query : select top 1 isnull(design,'') valor from st (nolock) left join stobs (nolock) on st.ref = stobs.ref where st.ref = '324.966.00.01'
20241125@141123.6940 rno5f7mvh3da4as7okonbgri4k Query : select top 1 bistamp valor from bi inner join bo on bo.bostamp=bi.bostamp where bo.ndos =240 and bo.boano =2078 and bo.obrano = 2407823 and bi.ref ='324.966.00.01' and bi.lordem =7
20241125@141123.7275 rno5f7mvh3da4as7okonbgri4k Query : select top 1 isnull(design,'') valor from st (nolock) left join stobs (nolock) on st.ref = stobs.ref where st.ref = '324.711.00.01'
20241125@141123.7451 rno5f7mvh3da4as7okonbgri4k Query : select top 1 bistamp valor from bi inner join bo on bo.bostamp=bi.bostamp where bo.ndos =240 and bo.boano =2078 and bo.obrano = 2407823 and bi.ref ='324.711.00.01' and bi.lordem =8
20241125@141123.7786 rno5f7mvh3da4as7okonbgri4k Query : select top 1 isnull(design,'') valor from st (nolock) left join stobs (nolock) on st.ref = stobs.ref where st.ref = '324.945.00.01'
20241125@141123.7954 rno5f7mvh3da4as7okonbgri4k Query : select top 1 bistamp valor from bi inner join bo on bo.bostamp=bi.bostamp where bo.ndos =240 and bo.boano =2078 and bo.obrano = 2407823 and bi.ref ='324.945.00.01' and bi.lordem =9
20241125@141123.8566 rno5f7mvh3da4as7okonbgri4k Query : select top 1 isnull(design,'') valor from st (nolock) left join stobs (nolock) on st.ref = stobs.ref where st.ref = '324.657.00.01'
20241125@141123.8842 rno5f7mvh3da4as7okonbgri4k Query : select top 1 bistamp valor from bi inner join bo on bo.bostamp=bi.bostamp where bo.ndos =240 and bo.boano =2078 and bo.obrano = 2407823 and bi.ref ='324.657.00.01' and bi.lordem =10
20241125@141123.9211 rno5f7mvh3da4as7okonbgri4k Query : select top 1 isnull(design,'') valor from st (nolock) left join stobs (nolock) on st.ref = stobs.ref where st.ref = '324.657.00.01'
20241125@141123.9234 rno5f7mvh3da4as7okonbgri4k Query : select top 1 bistamp valor from bi inner join bo on bo.bostamp=bi.bostamp where bo.ndos =240 and bo.boano =2078 and bo.obrano = 2407823 and bi.ref ='324.657.00.01' and bi.lordem =10
20241125@141123.9252 rno5f7mvh3da4as7okonbgri4k Query : select top 1 isnull(design,'') valor from st (nolock) left join stobs (nolock) on st.ref = stobs.ref where st.ref = '324.682.00.01'
20241125@141123.9273 rno5f7mvh3da4as7okonbgri4k Query : select top 1 bistamp valor from bi inner join bo on bo.bostamp=bi.bostamp where bo.ndos =240 and bo.boano =2078 and bo.obrano = 2407823 and bi.ref ='324.682.00.01' and bi.lordem =11
20241125@141123.9623 rno5f7mvh3da4as7okonbgri4k Query : select top 1 isnull(design,'') valor from st (nolock) left join stobs (nolock) on st.ref = stobs.ref where st.ref = '324.692.00.01'
20241125@141123.9644 rno5f7mvh3da4as7okonbgri4k Query : select top 1 bistamp valor from bi inner join bo on bo.bostamp=bi.bostamp where bo.ndos =240 and bo.boano =2078 and bo.obrano = 2407823 and bi.ref ='324.692.00.01' and bi.lordem =12
20241125@141124.2000 rno5f7mvh3da4as7okonbgri4k Query : select top 1 isnull(design,'') valor from st (nolock) left join stobs (nolock) on st.ref = stobs.ref where st.ref = '324.692.00.01'
20241125@141124.2500 rno5f7mvh3da4as7okonbgri4k Query : select top 1 bistamp valor from bi inner join bo on bo.bostamp=bi.bostamp where bo.ndos =240 and bo.boano =2078 and bo.obrano = 2407823 and bi.ref ='324.692.00.01' and bi.lordem =12
20241125@141124.4200 rno5f7mvh3da4as7okonbgri4k Query : select top 1 isnull(design,'') valor from st (nolock) left join stobs (nolock) on st.ref = stobs.ref where st.ref = '324.4968.00.1'
20241125@141124.2170 rno5f7mvh3da4as7okonbgri4k Query : select top 1 bistamp valor from bi inner join bo on bo.bostamp=bi.bostamp where bo.ndos =240 and bo.boano =2078 and bo.obrano = 2407823 and bi.ref ='324.4968.00.1' and bi.lordem =13
20241125@141124.5680 rno5f7mvh3da4as7okonbgri4k Query : use flama_phc
20241125@141124.5730 rno5f7mvh3da4as7okonbgri4k Query : select top 1 convert(date,fdata) valor from ft where ndoc = 39 and anulado= 0 and fno>0 order by fdata desc
20241125@141124.6060 rno5f7mvh3da4as7okonbgri4k Query : use flama_phc
20241125@141124.6090 rno5f7mvh3da4as7okonbgri4k Query : select top 1 1 valor from td where td.ndoc = 39
20241125@141124.6400 rno5f7mvh3da4as7okonbgri4k Query : use flama_phc
20241125@141124.6430 rno5f7mvh3da4as7okonbgri4k Query : select lower(descricao) descricao ,case when valor='s' then 1 else 0 end valor from para1 where descricao in ('st_lote','st_usalogifunc', 'st_grelha')
20241125@141124.6710 rno5f7mvh3da4as7okonbgri4k Query : select top 1 manternumero ,assinadoc issigned ,tiposaft ,assinaimp ,nmdos ,td.assinadoc ,'cl' origin ,lancasl stocks ,case when cmsl<50 and td.lancasl=1 then 1 else 0 end entrada ,case when cmsl>50 and td.lancasl=1 then 1 else 0 end saida ,temserie assets ,~semgre usegridfields from td inner join td2 on td.tdstamp=td2.td2stamp where td.ndoc = 1
20241125@141124.7080 rno5f7mvh3da4as7okonbgri4k Query : use flama_phc
20241125@141124.7110 rno5f7mvh3da4as7okonbgri4k Query : select top 1 ~inactivo valor from cl where no = '100404' and estab = 0 order by inactivo desc
20241125@141124.7420 rno5f7mvh3da4as7okonbgri4k Query : use flama_phc
20241125@141124.7450 rno5f7mvh3da4as7okonbgri4k Query : select top 1 tipodoc,regrd from td where ndoc = 39
20241125@141124.7750 rno5f7mvh3da4as7okonbgri4k Query : use flama_phc
20241125@141124.7780 rno5f7mvh3da4as7okonbgri4k Query : select szadrsstamp valor from szadrs where szadrsdesc='espaÇotrans,lda'
20241125@141124.8180 rno5f7mvh3da4as7okonbgri4k Query : use flama_phc
20241125@141124.8210 rno5f7mvh3da4as7okonbgri4k Query : select szadrsstamp valor from szadrs where szadrsdesc='bitranlis, agentes transitára'
20241125@141124.8650 rno5f7mvh3da4as7okonbgri4k Query : use flama_phc
20241125@141124.8670 rno5f7mvh3da4as7okonbgri4k Query : select 1 valor from td where ndoc = 39
20241125@141124.8830 rno5f7mvh3da4as7okonbgri4k Query : select top 1 manternumero, tiposaft, nmdos,td.assinadoc from td where td.ndoc = 39
20241125@141124.8980 rno5f7mvh3da4as7okonbgri4k Query : select 1 valor from information_schema.tables where table_type='base table' and table_name='wstablefields'
20241125@141124.9170 rno5f7mvh3da4as7okonbgri4k Query : select fieldkey,fieldname,fieldtype,mandatory from wstablefields where tablename = 'ft' and documentnumber = 39
20241125@141124.9390 rno5f7mvh3da4as7okonbgri4k Query : select 1 valor from information_schema.tables where table_type='base table' and table_name='wstablefields'
20241125@141124.9550 rno5f7mvh3da4as7okonbgri4k Query : select fieldkey,fieldname,fieldtype,mandatory from wstablefields where tablename = 'ft2' and documentnumber = 39
20241125@141124.9910 rno5f7mvh3da4as7okonbgri4k Query : select 1 valor from information_schema.tables where table_type='base table' and table_name='wstablefields'
20241125@141124.1009 rno5f7mvh3da4as7okonbgri4k Query : select fieldkey,fieldname,fieldtype,mandatory from wstablefields where tablename = 'ft3' and documentnumber = 39
20241125@141124.1027 rno5f7mvh3da4as7okonbgri4k Query : select top 1 ft.fno valor from ft ft where ft.ndoc = 39 and ftano=2024 order by fno desc
20241125@141124.1086 rno5f7mvh3da4as7okonbgri4k Query : select top 1 ft.fno valor from wsftdata ft where ft.ndoc = 39 and ftano=2024 order by fno desc
20241125@141124.1100 rno5f7mvh3da4as7okonbgri4k Query : select 1 valor from information_schema.tables where table_type='base table' and table_name='wstablefields'
20241125@141124.1115 rno5f7mvh3da4as7okonbgri4k Query : select fieldkey,fieldname,fieldtype,calcformula from wstablefields where tablename = 'ft3' and documentnumber = 39
20241125@141124.1132 rno5f7mvh3da4as7okonbgri4k Query : insert into wsft3data (ft3stamp, ousrdata, ousrhora, usrdata,usrhora,ousrinis,usrinis,taxpointdt ) values ('aut67448705956744858c19' ,getdate(),convert(char(8),convert (time,getdate())),getdate(),convert(char(8),convert (time,getdate())),'wsv','wsv',?)
20241125@141124.1333 rno5f7mvh3da4as7okonbgri4k Query : select 1 valor from information_schema.tables where table_type='base table' and table_name='wstablefields'
20241125@141124.1351 rno5f7mvh3da4as7okonbgri4k Query : select fieldkey,fieldname,fieldtype,calcformula from wstablefields where tablename = 'ft2' and documentnumber = 39
20241125@141124.1384 rno5f7mvh3da4as7okonbgri4k Query : select top 1 bo.u_nomeenv valor from bo where bo.bostamp=''
20241125@141124.1396 rno5f7mvh3da4as7okonbgri4k Query : select top 1 bo.u_moradaen valor from bo where bo.bostamp=''
20241125@141124.1407 rno5f7mvh3da4as7okonbgri4k Query : select top 1 bo.u_codposen valor from bo where bo.bostamp=''
20241125@141124.1419 rno5f7mvh3da4as7okonbgri4k Query : select top 1 bo.u_localenv valor from bo where bo.bostamp=''
20241125@141124.1431 rno5f7mvh3da4as7okonbgri4k Query : select top 1 bo.trab5 valor from bo where bo.bostamp=''
20241125@141124.1442 rno5f7mvh3da4as7okonbgri4k Query : select top 1 bo.serie valor from bo where bo.bostamp=''
20241125@141124.1454 rno5f7mvh3da4as7okonbgri4k Query : insert into wsft2data (ft2stamp, ousrdata,ousrhora, usrdata,usrhora,ousrinis,usrinis,u_nomeenv ,u_moradaen ,u_codposen ,u_localenv ,u_coddest ,u_codby ) values ('aut67448705956744858c19',getdate(),convert(char(8),convert (time,getdate())),getdate(),convert(char(8),convert (time,getdate())),'wsv','wsv',?,?,?,?,?,?)
20241125@141124.1885 rno5f7mvh3da4as7okonbgri4k Query : select top 1 fno valor from wsftdata order by fno desc
20241125@141124.1915 rno5f7mvh3da4as7okonbgri4k Query : select 1 valor from information_schema.tables where table_type='base table' and table_name='wstablefields'
20241125@141124.1942 rno5f7mvh3da4as7okonbgri4k Query : select fieldkey,fieldname,fieldtype,calcformula from wstablefields where tablename = 'ft' and documentnumber = 39
20241125@141124.1966 rno5f7mvh3da4as7okonbgri4k Query : select 'normal' from dummy
20241125@141124.1984 rno5f7mvh3da4as7okonbgri4k Query : insert into wsftdata (ftstamp, ousrdata,ousrhora, usrdata,usrhora,ousrinis,usrinis,fno,no,estab,fdata,ndoc,moeda,cambio,cambiofixo,ftano,site ,classe ) values ('aut67448705956744858c19',getdate(),convert(char(8),convert (time,getdate())),getdate(),convert(char(8),convert (time,getdate())),'wsv','wsv',2017,100404,0,'2024-11-25',39,'euro',0,0,2024 ,?,?)
20241125@141124.2357 rno5f7mvh3da4as7okonbgri4k Query : use flama_phc
20241125@141124.2361 rno5f7mvh3da4as7okonbgri4k Query : select st.usalote valor from st where st.ref = '324.1706.00.1'
20241125@141124.2387 rno5f7mvh3da4as7okonbgri4k Query : select top 1 st.tabiva ,st.ivaincl ,st.stns ,st.uni2 ,st.familia ,isnull(tx.taxa, 0) txiva ,unidade ,usalote ,epcpond ,noserie ,conversao ,st.texteis from st left join taxasiva tx on st.tabiva = tx.codigo where st.ref = '324.1706.00.1'
20241125@141124.2576 rno5f7mvh3da4as7okonbgri4k Query : select 1 valor from information_schema.tables where table_type='base table' and table_name='wstablefields'
20241125@141124.2595 rno5f7mvh3da4as7okonbgri4k Query : select fieldkey,fieldname,fieldtype,mandatory from wstablefields where tablename = 'fi' and documentnumber = 39
20241125@141124.2626 rno5f7mvh3da4as7okonbgri4k Query : select 1 valor from information_schema.tables where table_type='base table' and table_name='wstablefields'
20241125@141124.2657 rno5f7mvh3da4as7okonbgri4k Query : select fieldkey,fieldname,fieldtype,mandatory from wstablefields where tablename = 'fi2' and documentnumber = 39
20241125@141124.2668 rno5f7mvh3da4as7okonbgri4k Query : select top 1 convert(numeric(6,2),t.taxa) valor from taxasiva t where t.codigo='2'
20241125@141124.2683 rno5f7mvh3da4as7okonbgri4k Query : select sestamp valor from se where ref ='324.1706.00.1' and lote = 'r2100123100b'
20241125@141124.2701 rno5f7mvh3da4as7okonbgri4k Query : select 1 valor from information_schema.tables where table_type='base table' and table_name='wstablefields'
20241125@141124.2719 rno5f7mvh3da4as7okonbgri4k Query : select fieldkey,fieldname,fieldtype,calcformula from wstablefields where tablename = 'fi2' and documentnumber = 39
20241125@141124.2733 rno5f7mvh3da4as7okonbgri4k Query : insert into wsfi2data (fi2stamp,ftstamp ,ousrdata, ousrhora, usrdata,usrhora,ousrinis,usrinis) values ('aut67448266746744858c41','aut67448705956744858c19' ,getdate(),convert(char(8),convert (time,getdate())),getdate(),convert(char(8),convert (time,getdate())),'wsv','wsv')
20241125@141124.2739 rno5f7mvh3da4as7okonbgri4k Query : select 1 valor from information_schema.tables where table_type='base table' and table_name='wstablefields'
20241125@141124.2758 rno5f7mvh3da4as7okonbgri4k Query : select fieldkey,fieldname,fieldtype,calcformula from wstablefields where tablename = 'fi' and documentnumber = 39
20241125@141124.2796 rno5f7mvh3da4as7okonbgri4k Query : insert into wsfidata (fistamp,ousrdata, ousrhora, usrdata,usrhora,ousrinis,usrinis ,qtt ,ftstamp ,epv,pvmoeda ,tabiva,iva,lordem ,ref, design ,lote,armazem,bistamp ) values ('aut67448266746744858c41',getdate(),convert(char(8),convert (time,getdate())),getdate(),convert(char(8),convert (time,getdate())),'wsv','wsv',6.000 ,'aut67448705956744858c19' ,0,0 ,2,23.00,10000,?,?,?,?,?)
20241125@141124.3156 rno5f7mvh3da4as7okonbgri4k Query : use flama_phc
20241125@141124.3160 rno5f7mvh3da4as7okonbgri4k Query : select st.usalote valor from st where st.ref = '324.1405.00.1'
20241125@141124.3188 rno5f7mvh3da4as7okonbgri4k Query : select top 1 st.tabiva ,st.ivaincl ,st.stns ,st.uni2 ,st.familia ,isnull(tx.taxa, 0) txiva ,unidade ,usalote ,epcpond ,noserie ,conversao ,st.texteis from st left join taxasiva tx on st.tabiva = tx.codigo where st.ref = '324.1405.00.1'
20241125@141124.3389 rno5f7mvh3da4as7okonbgri4k Query : select 1 valor from information_schema.tables where table_type='base table' and table_name='wstablefields'
20241125@141124.3409 rno5f7mvh3da4as7okonbgri4k Query : select fieldkey,fieldname,fieldtype,mandatory from wstablefields where tablename = 'fi' and documentnumber = 39
20241125@141124.3440 rno5f7mvh3da4as7okonbgri4k Query : select 1 valor from information_schema.tables where table_type='base table' and table_name='wstablefields'
20241125@141124.3457 rno5f7mvh3da4as7okonbgri4k Query : select fieldkey,fieldname,fieldtype,mandatory from wstablefields where tablename = 'fi2' and documentnumber = 39
20241125@141124.3468 rno5f7mvh3da4as7okonbgri4k Query : select top 1 convert(numeric(6,2),t.taxa) valor from taxasiva t where t.codigo='2'
20241125@141124.3484 rno5f7mvh3da4as7okonbgri4k Query : select sestamp valor from se where ref ='324.1405.00.1' and lote = 'r2100212200a'
20241125@141124.3501 rno5f7mvh3da4as7okonbgri4k Query : select 1 valor from information_schema.tables where table_type='base table' and table_name='wstablefields'
20241125@141124.3529 rno5f7mvh3da4as7okonbgri4k Query : select fieldkey,fieldname,fieldtype,calcformula from wstablefields where tablename = 'fi2' and documentnumber = 39
20241125@141124.3557 rno5f7mvh3da4as7okonbgri4k Query : insert into wsfi2data (fi2stamp,ftstamp ,ousrdata, ousrhora, usrdata,usrhora,ousrinis,usrinis) values ('aut67448564026744858c55','aut67448705956744858c19' ,getdate(),convert(char(8),convert (time,getdate())),getdate(),convert(char(8),convert (time,getdate())),'wsv','wsv')
20241125@141124.3562 rno5f7mvh3da4as7okonbgri4k Query : select 1 valor from information_schema.tables where table_type='base table' and table_name='wstablefields'
20241125@141124.3582 rno5f7mvh3da4as7okonbgri4k Query : select fieldkey,fieldname,fieldtype,calcformula from wstablefields where tablename = 'fi' and documentnumber = 39
20241125@141124.3625 rno5f7mvh3da4as7okonbgri4k Query : insert into wsfidata (fistamp,ousrdata, ousrhora, usrdata,usrhora,ousrinis,usrinis ,qtt ,ftstamp ,epv,pvmoeda ,tabiva,iva,lordem ,ref, design ,lote,armazem,bistamp ) values ('aut67448564026744858c55',getdate(),convert(char(8),convert (time,getdate())),getdate(),convert(char(8),convert (time,getdate())),'wsv','wsv',6.000 ,'aut67448705956744858c19' ,0,0 ,2,23.00,20000,?,?,?,?,?)
20241125@141124.4001 rno5f7mvh3da4as7okonbgri4k Query : use flama_phc
20241125@141124.4006 rno5f7mvh3da4as7okonbgri4k Query : select st.usalote valor from st where st.ref = '324.736.00.01'
20241125@141124.4048 rno5f7mvh3da4as7okonbgri4k Query : select top 1 st.tabiva ,st.ivaincl ,st.stns ,st.uni2 ,st.familia ,isnull(tx.taxa, 0) txiva ,unidade ,usalote ,epcpond ,noserie ,conversao ,st.texteis from st left join taxasiva tx on st.tabiva = tx.codigo where st.ref = '324.736.00.01'
20241125@141124.4235 rno5f7mvh3da4as7okonbgri4k Query : select 1 valor from information_schema.tables where table_type='base table' and table_name='wstablefields'
20241125@141124.4253 rno5f7mvh3da4as7okonbgri4k Query : select fieldkey,fieldname,fieldtype,mandatory from wstablefields where tablename = 'fi' and documentnumber = 39
20241125@141124.4280 rno5f7mvh3da4as7okonbgri4k Query : select 1 valor from information_schema.tables where table_type='base table' and table_name='wstablefields'
20241125@141124.4295 rno5f7mvh3da4as7okonbgri4k Query : select fieldkey,fieldname,fieldtype,mandatory from wstablefields where tablename = 'fi2' and documentnumber = 39
20241125@141124.4303 rno5f7mvh3da4as7okonbgri4k Query : select top 1 convert(numeric(6,2),t.taxa) valor from taxasiva t where t.codigo='2'
20241125@141124.4316 rno5f7mvh3da4as7okonbgri4k Query : select sestamp valor from se where ref ='324.736.00.01' and lote = 'r2400239300a'
20241125@141124.4331 rno5f7mvh3da4as7okonbgri4k Query : select 1 valor from information_schema.tables where table_type='base table' and table_name='wstablefields'
20241125@141124.4347 rno5f7mvh3da4as7okonbgri4k Query : select fieldkey,fieldname,fieldtype,calcformula from wstablefields where tablename = 'fi2' and documentnumber = 39
20241125@141124.4359 rno5f7mvh3da4as7okonbgri4k Query : insert into wsfi2data (fi2stamp,ftstamp ,ousrdata, ousrhora, usrdata,usrhora,ousrinis,usrinis) values ('aut67448912886744858c69','aut67448705956744858c19' ,getdate(),convert(char(8),convert (time,getdate())),getdate(),convert(char(8),convert (time,getdate())),'wsv','wsv')
20241125@141124.4363 rno5f7mvh3da4as7okonbgri4k Query : select 1 valor from information_schema.tables where table_type='base table' and table_name='wstablefields'
20241125@141124.4379 rno5f7mvh3da4as7okonbgri4k Query : select fieldkey,fieldname,fieldtype,calcformula from wstablefields where tablename = 'fi' and documentnumber = 39
20241125@141124.4407 rno5f7mvh3da4as7okonbgri4k Query : insert into wsfidata (fistamp,ousrdata, ousrhora, usrdata,usrhora,ousrinis,usrinis ,qtt ,ftstamp ,epv,pvmoeda ,tabiva,iva,lordem ,ref, design ,lote,armazem,bistamp ) values ('aut67448912886744858c69',getdate(),convert(char(8),convert (time,getdate())),getdate(),convert(char(8),convert (time,getdate())),'wsv','wsv',8.000 ,'aut67448705956744858c19' ,0,0 ,2,23.00,30000,?,?,?,?,?)
20241125@141124.4759 rno5f7mvh3da4as7okonbgri4k Query : use flama_phc
20241125@141124.4796 rno5f7mvh3da4as7okonbgri4k Query : select st.usalote valor from st where st.ref = '324.5343.00.1'
20241125@141124.4828 rno5f7mvh3da4as7okonbgri4k Query : select top 1 st.tabiva ,st.ivaincl ,st.stns ,st.uni2 ,st.familia ,isnull(tx.taxa, 0) txiva ,unidade ,usalote ,epcpond ,noserie ,conversao ,st.texteis from st left join taxasiva tx on st.tabiva = tx.codigo where st.ref = '324.5343.00.1'
20241125@141124.5018 rno5f7mvh3da4as7okonbgri4k Query : select 1 valor from information_schema.tables where table_type='base table' and table_name='wstablefields'
20241125@141124.5038 rno5f7mvh3da4as7okonbgri4k Query : select fieldkey,fieldname,fieldtype,mandatory from wstablefields where tablename = 'fi' and documentnumber = 39
20241125@141124.5065 rno5f7mvh3da4as7okonbgri4k Query : select 1 valor from information_schema.tables where table_type='base table' and table_name='wstablefields'
20241125@141124.5082 rno5f7mvh3da4as7okonbgri4k Query : select fieldkey,fieldname,fieldtype,mandatory from wstablefields where tablename = 'fi2' and documentnumber = 39
20241125@141124.5091 rno5f7mvh3da4as7okonbgri4k Query : select top 1 convert(numeric(6,2),t.taxa) valor from taxasiva t where t.codigo='2'
20241125@141124.5104 rno5f7mvh3da4as7okonbgri4k Query : select sestamp valor from se where ref ='324.5343.00.1' and lote = 'r2300915100a'
20241125@141124.5138 rno5f7mvh3da4as7okonbgri4k Query : select 1 valor from information_schema.tables where table_type='base table' and table_name='wstablefields'
20241125@141124.5154 rno5f7mvh3da4as7okonbgri4k Query : select fieldkey,fieldname,fieldtype,calcformula from wstablefields where tablename = 'fi2' and documentnumber = 39
20241125@141124.5167 rno5f7mvh3da4as7okonbgri4k Query : insert into wsfi2data (fi2stamp,ftstamp ,ousrdata, ousrhora, usrdata,usrhora,ousrinis,usrinis) values ('aut67448944046744858c7d','aut67448705956744858c19' ,getdate(),convert(char(8),convert (time,getdate())),getdate(),convert(char(8),convert (time,getdate())),'wsv','wsv')
20241125@141124.5173 rno5f7mvh3da4as7okonbgri4k Query : select 1 valor from information_schema.tables where table_type='base table' and table_name='wstablefields'
20241125@141124.5188 rno5f7mvh3da4as7okonbgri4k Query : select fieldkey,fieldname,fieldtype,calcformula from wstablefields where tablename = 'fi' and documentnumber = 39
20241125@141124.5219 rno5f7mvh3da4as7okonbgri4k Query : insert into wsfidata (fistamp,ousrdata, ousrhora, usrdata,usrhora,ousrinis,usrinis ,qtt ,ftstamp ,epv,pvmoeda ,tabiva,iva,lordem ,ref, design ,lote,armazem,bistamp ) values ('aut67448944046744858c7d',getdate(),convert(char(8),convert (time,getdate())),getdate(),convert(char(8),convert (time,getdate())),'wsv','wsv',6.000 ,'aut67448705956744858c19' ,0,0 ,2,23.00,40000,?,?,?,?,?)
20241125@141124.5560 rno5f7mvh3da4as7okonbgri4k Query : select 1 valor from information_schema.tables where table_type='base table' and table_name='wstablefields'
20241125@141124.5636 rno5f7mvh3da4as7okonbgri4k Query : select fieldkey,fieldname,fieldtype,mandatory from wstablefields where tablename = 'fi' and documentnumber = 39
20241125@141124.6991 rno5f7mvh3da4as7okonbgri4k Query : select 1 valor from information_schema.tables where table_type='base table' and table_name='wstablefields'
20241125@141124.7038 rno5f7mvh3da4as7okonbgri4k Query : select fieldkey,fieldname,fieldtype,mandatory from wstablefields where tablename = 'fi2' and documentnumber = 39
20241125@141124.7067 rno5f7mvh3da4as7okonbgri4k Query : select top 1 convert(numeric(6,2),t.taxa) valor from taxasiva t where t.codigo='2'
20241125@141124.7085 rno5f7mvh3da4as7okonbgri4k Query : select 1 valor from information_schema.tables where table_type='base table' and table_name='wstablefields'
20241125@141124.7102 rno5f7mvh3da4as7okonbgri4k Query : select fieldkey,fieldname,fieldtype,calcformula from wstablefields where tablename = 'fi2' and documentnumber = 39
20241125@141124.7152 rno5f7mvh3da4as7okonbgri4k Query : insert into wsfi2data (fi2stamp,ftstamp ,ousrdata, ousrhora, usrdata,usrhora,ousrinis,usrinis) values ('aut67448952266744858cac','aut67448705956744858c19' ,getdate(),convert(char(8),convert (time,getdate())),getdate(),convert(char(8),convert (time,getdate())),'wsv','wsv')
20241125@141124.7158 rno5f7mvh3da4as7okonbgri4k Query : select 1 valor from information_schema.tables where table_type='base table' and table_name='wstablefields'
20241125@141124.7194 rno5f7mvh3da4as7okonbgri4k Query : select fieldkey,fieldname,fieldtype,calcformula from wstablefields where tablename = 'fi' and documentnumber = 39
20241125@141124.7240 rno5f7mvh3da4as7okonbgri4k Query : insert into wsfidata (fistamp,ousrdata, ousrhora, usrdata,usrhora,ousrinis,usrinis ,qtt ,ftstamp ,epv,pvmoeda ,tabiva,iva,lordem ,ref, design ,armazem) values ('aut67448952266744858cac',getdate(),convert(char(8),convert (time,getdate())),getdate(),convert(char(8),convert (time,getdate())),'wsv','wsv',0 ,'aut67448705956744858c19' ,0,0 ,2,23.00,50000,?,?,?)
20241125@141124.7648 rno5f7mvh3da4as7okonbgri4k Query : use flama_phc
20241125@141124.7652 rno5f7mvh3da4as7okonbgri4k Query : select st.usalote valor from st where st.ref = '324.1416.00.1'
20241125@141124.7677 rno5f7mvh3da4as7okonbgri4k Query : select top 1 st.tabiva ,st.ivaincl ,st.stns ,st.uni2 ,st.familia ,isnull(tx.taxa, 0) txiva ,unidade ,usalote ,epcpond ,noserie ,conversao ,st.texteis from st left join taxasiva tx on st.tabiva = tx.codigo where st.ref = '324.1416.00.1'
20241125@141124.8371 rno5f7mvh3da4as7okonbgri4k Query : select 1 valor from information_schema.tables where table_type='base table' and table_name='wstablefields'
20241125@141124.8389 rno5f7mvh3da4as7okonbgri4k Query : select fieldkey,fieldname,fieldtype,mandatory from wstablefields where tablename = 'fi' and documentnumber = 39
20241125@141124.8416 rno5f7mvh3da4as7okonbgri4k Query : select 1 valor from information_schema.tables where table_type='base table' and table_name='wstablefields'
20241125@141124.8433 rno5f7mvh3da4as7okonbgri4k Query : select fieldkey,fieldname,fieldtype,mandatory from wstablefields where tablename = 'fi2' and documentnumber = 39
20241125@141124.8442 rno5f7mvh3da4as7okonbgri4k Query : select top 1 convert(numeric(6,2),t.taxa) valor from taxasiva t where t.codigo='2'
20241125@141124.8454 rno5f7mvh3da4as7okonbgri4k Query : select sestamp valor from se where ref ='324.1416.00.1' and lote = 'r2400079200a'
20241125@141124.8470 rno5f7mvh3da4as7okonbgri4k Query : select 1 valor from information_schema.tables where table_type='base table' and table_name='wstablefields'
20241125@141124.8486 rno5f7mvh3da4as7okonbgri4k Query : select fieldkey,fieldname,fieldtype,calcformula from wstablefields where tablename = 'fi2' and documentnumber = 39
20241125@141124.8498 rno5f7mvh3da4as7okonbgri4k Query : insert into wsfi2data (fi2stamp,ftstamp ,ousrdata, ousrhora, usrdata,usrhora,ousrinis,usrinis) values ('aut67448648106744858cce','aut67448705956744858c19' ,getdate(),convert(char(8),convert (time,getdate())),getdate(),convert(char(8),convert (time,getdate())),'wsv','wsv')
20241125@141124.8503 rno5f7mvh3da4as7okonbgri4k Query : select 1 valor from information_schema.tables where table_type='base table' and table_name='wstablefields'
20241125@141124.8517 rno5f7mvh3da4as7okonbgri4k Query : select fieldkey,fieldname,fieldtype,calcformula from wstablefields where tablename = 'fi' and documentnumber = 39
20241125@141124.8549 rno5f7mvh3da4as7okonbgri4k Query : insert into wsfidata (fistamp,ousrdata, ousrhora, usrdata,usrhora,ousrinis,usrinis ,qtt ,ftstamp ,epv,pvmoeda ,tabiva,iva,lordem ,ref, design ,lote,armazem,bistamp ) values ('aut67448648106744858cce',getdate(),convert(char(8),convert (time,getdate())),getdate(),convert(char(8),convert (time,getdate())),'wsv','wsv',4.000 ,'aut67448705956744858c19' ,0,0 ,2,23.00,70000,?,?,?,?,?)
20241125@141124.8971 rno5f7mvh3da4as7okonbgri4k Query : select 1 valor from information_schema.tables where table_type='base table' and table_name='wstablefields'
20241125@141124.9005 rno5f7mvh3da4as7okonbgri4k Query : select fieldkey,fieldname,fieldtype,mandatory from wstablefields where tablename = 'fi' and documentnumber = 39
20241125@141124.9034 rno5f7mvh3da4as7okonbgri4k Query : select 1 valor from information_schema.tables where table_type='base table' and table_name='wstablefields'
20241125@141124.9048 rno5f7mvh3da4as7okonbgri4k Query : select fieldkey,fieldname,fieldtype,mandatory from wstablefields where tablename = 'fi2' and documentnumber = 39
20241125@141124.9057 rno5f7mvh3da4as7okonbgri4k Query : select top 1 convert(numeric(6,2),t.taxa) valor from taxasiva t where t.codigo='2'
20241125@141124.9069 rno5f7mvh3da4as7okonbgri4k Query : select 1 valor from information_schema.tables where table_type='base table' and table_name='wstablefields'
20241125@141124.9084 rno5f7mvh3da4as7okonbgri4k Query : select fieldkey,fieldname,fieldtype,calcformula from wstablefields where tablename = 'fi2' and documentnumber = 39
20241125@141124.9096 rno5f7mvh3da4as7okonbgri4k Query : insert into wsfi2data (fi2stamp,ftstamp ,ousrdata, ousrhora, usrdata,usrhora,ousrinis,usrinis) values ('aut67448363606744858cdd','aut67448705956744858c19' ,getdate(),convert(char(8),convert (time,getdate())),getdate(),convert(char(8),convert (time,getdate())),'wsv','wsv')
20241125@141124.9101 rno5f7mvh3da4as7okonbgri4k Query : select 1 valor from information_schema.tables where table_type='base table' and table_name='wstablefields'
20241125@141124.9116 rno5f7mvh3da4as7okonbgri4k Query : select fieldkey,fieldname,fieldtype,calcformula from wstablefields where tablename = 'fi' and documentnumber = 39
20241125@141124.9146 rno5f7mvh3da4as7okonbgri4k Query : insert into wsfidata (fistamp,ousrdata, ousrhora, usrdata,usrhora,ousrinis,usrinis ,qtt ,ftstamp ,epv,pvmoeda ,tabiva,iva,lordem ,ref, design ,armazem) values ('aut67448363606744858cdd',getdate(),convert(char(8),convert (time,getdate())),getdate(),convert(char(8),convert (time,getdate())),'wsv','wsv',0 ,'aut67448705956744858c19' ,0,0 ,2,23.00,80000,?,?,?)
20241125@141124.9457 rno5f7mvh3da4as7okonbgri4k Query : use flama_phc
20241125@141124.9487 rno5f7mvh3da4as7okonbgri4k Query : select st.usalote valor from st where st.ref = '324.2066.00.1'
20241125@141124.9510 rno5f7mvh3da4as7okonbgri4k Query : select top 1 st.tabiva ,st.ivaincl ,st.stns ,st.uni2 ,st.familia ,isnull(tx.taxa, 0) txiva ,unidade ,usalote ,epcpond ,noserie ,conversao ,st.texteis from st left join taxasiva tx on st.tabiva = tx.codigo where st.ref = '324.2066.00.1'
20241125@141124.9705 rno5f7mvh3da4as7okonbgri4k Query : select 1 valor from information_schema.tables where table_type='base table' and table_name='wstablefields'
20241125@141124.9735 rno5f7mvh3da4as7okonbgri4k Query : select fieldkey,fieldname,fieldtype,mandatory from wstablefields where tablename = 'fi' and documentnumber = 39
20241125@141124.9801 rno5f7mvh3da4as7okonbgri4k Query : select 1 valor from information_schema.tables where table_type='base table' and table_name='wstablefields'
20241125@141124.9825 rno5f7mvh3da4as7okonbgri4k Query : select fieldkey,fieldname,fieldtype,mandatory from wstablefields where tablename = 'fi2' and documentnumber = 39
20241125@141124.9836 rno5f7mvh3da4as7okonbgri4k Query : select top 1 convert(numeric(6,2),t.taxa) valor from taxasiva t where t.codigo='2'
20241125@141124.9850 rno5f7mvh3da4as7okonbgri4k Query : select sestamp valor from se where ref ='324.2066.00.1' and lote = 'r2400051100a'
20241125@141124.9900 rno5f7mvh3da4as7okonbgri4k Query : select 1 valor from information_schema.tables where table_type='base table' and table_name='wstablefields'
20241125@141124.9919 rno5f7mvh3da4as7okonbgri4k Query : select fieldkey,fieldname,fieldtype,calcformula from wstablefields where tablename = 'fi2' and documentnumber = 39
20241125@141124.9947 rno5f7mvh3da4as7okonbgri4k Query : insert into wsfi2data (fi2stamp,ftstamp ,ousrdata, ousrhora, usrdata,usrhora,ousrinis,usrinis) values ('aut67448411966744858cf1','aut67448705956744858c19' ,getdate(),convert(char(8),convert (time,getdate())),getdate(),convert(char(8),convert (time,getdate())),'wsv','wsv')
20241125@141124.9951 rno5f7mvh3da4as7okonbgri4k Query : select 1 valor from information_schema.tables where table_type='base table' and table_name='wstablefields'
20241125@141124.9981 rno5f7mvh3da4as7okonbgri4k Query : select fieldkey,fieldname,fieldtype,calcformula from wstablefields where tablename = 'fi' and documentnumber = 39
20241125@141125.1100 rno5f7mvh3da4as7okonbgri4k Query : insert into wsfidata (fistamp,ousrdata, ousrhora, usrdata,usrhora,ousrinis,usrinis ,qtt ,ftstamp ,epv,pvmoeda ,tabiva,iva,lordem ,ref, design ,lote,armazem,bistamp ) values ('aut67448411966744858cf1',getdate(),convert(char(8),convert (time,getdate())),getdate(),convert(char(8),convert (time,getdate())),'wsv','wsv',6.000 ,'aut67448705956744858c19' ,0,0 ,2,23.00,100000,?,?,?,?,?)
20241125@141125.3730 rno5f7mvh3da4as7okonbgri4k Query : select 1 valor from information_schema.tables where table_type='base table' and table_name='wstablefields'
20241125@141125.3990 rno5f7mvh3da4as7okonbgri4k Query : select fieldkey,fieldname,fieldtype,mandatory from wstablefields where tablename = 'fi' and documentnumber = 39
20241125@141125.4220 rno5f7mvh3da4as7okonbgri4k Query : select 1 valor from information_schema.tables where table_type='base table' and table_name='wstablefields'
20241125@141125.4360 rno5f7mvh3da4as7okonbgri4k Query : select fieldkey,fieldname,fieldtype,mandatory from wstablefields where tablename = 'fi2' and documentnumber = 39
20241125@141125.4450 rno5f7mvh3da4as7okonbgri4k Query : select top 1 convert(numeric(6,2),t.taxa) valor from taxasiva t where t.codigo='2'
20241125@141125.4610 rno5f7mvh3da4as7okonbgri4k Query : select 1 valor from information_schema.tables where table_type='base table' and table_name='wstablefields'
20241125@141125.4810 rno5f7mvh3da4as7okonbgri4k Query : select fieldkey,fieldname,fieldtype,calcformula from wstablefields where tablename = 'fi2' and documentnumber = 39
20241125@141125.4920 rno5f7mvh3da4as7okonbgri4k Query : insert into wsfi2data (fi2stamp,ftstamp ,ousrdata, ousrhora, usrdata,usrhora,ousrinis,usrinis) values ('aut67448515096744858d0b','aut67448705956744858c19' ,getdate(),convert(char(8),convert (time,getdate())),getdate(),convert(char(8),convert (time,getdate())),'wsv','wsv')
20241125@141125.4970 rno5f7mvh3da4as7okonbgri4k Query : select 1 valor from information_schema.tables where table_type='base table' and table_name='wstablefields'
20241125@141125.5130 rno5f7mvh3da4as7okonbgri4k Query : select fieldkey,fieldname,fieldtype,calcformula from wstablefields where tablename = 'fi' and documentnumber = 39
20241125@141125.7160 rno5f7mvh3da4as7okonbgri4k Query : insert into wsfidata (fistamp,ousrdata, ousrhora, usrdata,usrhora,ousrinis,usrinis ,qtt ,ftstamp ,epv,pvmoeda ,tabiva,iva,lordem ,ref, design ,armazem) values ('aut67448515096744858d0b',getdate(),convert(char(8),convert (time,getdate())),getdate(),convert(char(8),convert (time,getdate())),'wsv','wsv',0 ,'aut67448705956744858c19' ,0,0 ,2,23.00,110000,?,?,?)
20241125@141125.1062 rno5f7mvh3da4as7okonbgri4k Query : use flama_phc
20241125@141125.1066 rno5f7mvh3da4as7okonbgri4k Query : select st.usalote valor from st where st.ref = '324.966.00.01'
20241125@141125.1096 rno5f7mvh3da4as7okonbgri4k Query : select top 1 st.tabiva ,st.ivaincl ,st.stns ,st.uni2 ,st.familia ,isnull(tx.taxa, 0) txiva ,unidade ,usalote ,epcpond ,noserie ,conversao ,st.texteis from st left join taxasiva tx on st.tabiva = tx.codigo where st.ref = '324.966.00.01'
20241125@141125.1270 rno5f7mvh3da4as7okonbgri4k Query : select 1 valor from information_schema.tables where table_type='base table' and table_name='wstablefields'
20241125@141125.1286 rno5f7mvh3da4as7okonbgri4k Query : select fieldkey,fieldname,fieldtype,mandatory from wstablefields where tablename = 'fi' and documentnumber = 39
20241125@141125.1312 rno5f7mvh3da4as7okonbgri4k Query : select 1 valor from information_schema.tables where table_type='base table' and table_name='wstablefields'
20241125@141125.1328 rno5f7mvh3da4as7okonbgri4k Query : select fieldkey,fieldname,fieldtype,mandatory from wstablefields where tablename = 'fi2' and documentnumber = 39
20241125@141125.1337 rno5f7mvh3da4as7okonbgri4k Query : select top 1 convert(numeric(6,2),t.taxa) valor from taxasiva t where t.codigo='2'
20241125@141125.1349 rno5f7mvh3da4as7okonbgri4k Query : select sestamp valor from se where ref ='324.966.00.01' and lote = 'r2400743200a'
20241125@141125.1363 rno5f7mvh3da4as7okonbgri4k Query : select 1 valor from information_schema.tables where table_type='base table' and table_name='wstablefields'
20241125@141125.1380 rno5f7mvh3da4as7okonbgri4k Query : select fieldkey,fieldname,fieldtype,calcformula from wstablefields where tablename = 'fi2' and documentnumber = 39
20241125@141125.1395 rno5f7mvh3da4as7okonbgri4k Query : insert into wsfi2data (fi2stamp,ftstamp ,ousrdata, ousrhora, usrdata,usrhora,ousrinis,usrinis) values ('aut67448086986744858d21','aut67448705956744858c19' ,getdate(),convert(char(8),convert (time,getdate())),getdate(),convert(char(8),convert (time,getdate())),'wsv','wsv')
20241125@141125.1400 rno5f7mvh3da4as7okonbgri4k Query : select 1 valor from information_schema.tables where table_type='base table' and table_name='wstablefields'
20241125@141125.1432 rno5f7mvh3da4as7okonbgri4k Query : select fieldkey,fieldname,fieldtype,calcformula from wstablefields where tablename = 'fi' and documentnumber = 39
20241125@141125.1468 rno5f7mvh3da4as7okonbgri4k Query : insert into wsfidata (fistamp,ousrdata, ousrhora, usrdata,usrhora,ousrinis,usrinis ,qtt ,ftstamp ,epv,pvmoeda ,tabiva,iva,lordem ,ref, design ,lote,armazem,bistamp ) values ('aut67448086986744858d21',getdate(),convert(char(8),convert (time,getdate())),getdate(),convert(char(8),convert (time,getdate())),'wsv','wsv',4.000 ,'aut67448705956744858c19' ,0,0 ,2,23.00,130000,?,?,?,?,?)
20241125@141125.1785 rno5f7mvh3da4as7okonbgri4k Query : use flama_phc
20241125@141125.1789 rno5f7mvh3da4as7okonbgri4k Query : select st.usalote valor from st where st.ref = '324.711.00.01'
20241125@141125.1813 rno5f7mvh3da4as7okonbgri4k Query : select top 1 st.tabiva ,st.ivaincl ,st.stns ,st.uni2 ,st.familia ,isnull(tx.taxa, 0) txiva ,unidade ,usalote ,epcpond ,noserie ,conversao ,st.texteis from st left join taxasiva tx on st.tabiva = tx.codigo where st.ref = '324.711.00.01'
20241125@141125.1986 rno5f7mvh3da4as7okonbgri4k Query : select 1 valor from information_schema.tables where table_type='base table' and table_name='wstablefields'
20241125@141125.2004 rno5f7mvh3da4as7okonbgri4k Query : select fieldkey,fieldname,fieldtype,mandatory from wstablefields where tablename = 'fi' and documentnumber = 39
20241125@141125.2034 rno5f7mvh3da4as7okonbgri4k Query : select 1 valor from information_schema.tables where table_type='base table' and table_name='wstablefields'
20241125@141125.2051 rno5f7mvh3da4as7okonbgri4k Query : select fieldkey,fieldname,fieldtype,mandatory from wstablefields where tablename = 'fi2' and documentnumber = 39
20241125@141125.2062 rno5f7mvh3da4as7okonbgri4k Query : select top 1 convert(numeric(6,2),t.taxa) valor from taxasiva t where t.codigo='2'
20241125@141125.2078 rno5f7mvh3da4as7okonbgri4k Query : select sestamp valor from se where ref ='324.711.00.01' and lote = 'r2301222100a'
20241125@141125.2120 rno5f7mvh3da4as7okonbgri4k Query : select 1 valor from information_schema.tables where table_type='base table' and table_name='wstablefields'
20241125@141125.2137 rno5f7mvh3da4as7okonbgri4k Query : select fieldkey,fieldname,fieldtype,calcformula from wstablefields where tablename = 'fi2' and documentnumber = 39
20241125@141125.2150 rno5f7mvh3da4as7okonbgri4k Query : insert into wsfi2data (fi2stamp,ftstamp ,ousrdata, ousrhora, usrdata,usrhora,ousrinis,usrinis) values ('aut67448923866744858d33','aut67448705956744858c19' ,getdate(),convert(char(8),convert (time,getdate())),getdate(),convert(char(8),convert (time,getdate())),'wsv','wsv')
20241125@141125.2155 rno5f7mvh3da4as7okonbgri4k Query : select 1 valor from information_schema.tables where table_type='base table' and table_name='wstablefields'
20241125@141125.2170 rno5f7mvh3da4as7okonbgri4k Query : select fieldkey,fieldname,fieldtype,calcformula from wstablefields where tablename = 'fi' and documentnumber = 39
20241125@141125.2207 rno5f7mvh3da4as7okonbgri4k Query : insert into wsfidata (fistamp,ousrdata, ousrhora, usrdata,usrhora,ousrinis,usrinis ,qtt ,ftstamp ,epv,pvmoeda ,tabiva,iva,lordem ,ref, design ,lote,armazem,bistamp ) values ('aut67448923866744858d33',getdate(),convert(char(8),convert (time,getdate())),getdate(),convert(char(8),convert (time,getdate())),'wsv','wsv',8.000 ,'aut67448705956744858c19' ,0,0 ,2,23.00,140000,?,?,?,?,?)
20241125@141125.2540 rno5f7mvh3da4as7okonbgri4k Query : select 1 valor from information_schema.tables where table_type='base table' and table_name='wstablefields'
20241125@141125.2558 rno5f7mvh3da4as7okonbgri4k Query : select fieldkey,fieldname,fieldtype,mandatory from wstablefields where tablename = 'fi' and documentnumber = 39
20241125@141125.2602 rno5f7mvh3da4as7okonbgri4k Query : select 1 valor from information_schema.tables where table_type='base table' and table_name='wstablefields'
20241125@141125.2622 rno5f7mvh3da4as7okonbgri4k Query : select fieldkey,fieldname,fieldtype,mandatory from wstablefields where tablename = 'fi2' and documentnumber = 39
20241125@141125.2640 rno5f7mvh3da4as7okonbgri4k Query : select top 1 convert(numeric(6,2),t.taxa) valor from taxasiva t where t.codigo='2'
20241125@141125.2654 rno5f7mvh3da4as7okonbgri4k Query : select 1 valor from information_schema.tables where table_type='base table' and table_name='wstablefields'
20241125@141125.2681 rno5f7mvh3da4as7okonbgri4k Query : select fieldkey,fieldname,fieldtype,calcformula from wstablefields where tablename = 'fi2' and documentnumber = 39
20241125@141125.2693 rno5f7mvh3da4as7okonbgri4k Query : insert into wsfi2data (fi2stamp,ftstamp ,ousrdata, ousrhora, usrdata,usrhora,ousrinis,usrinis) values ('aut67448969216744858d40','aut67448705956744858c19' ,getdate(),convert(char(8),convert (time,getdate())),getdate(),convert(char(8),convert (time,getdate())),'wsv','wsv')
20241125@141125.2698 rno5f7mvh3da4as7okonbgri4k Query : select 1 valor from information_schema.tables where table_type='base table' and table_name='wstablefields'
20241125@141125.2716 rno5f7mvh3da4as7okonbgri4k Query : select fieldkey,fieldname,fieldtype,calcformula from wstablefields where tablename = 'fi' and documentnumber = 39
20241125@141125.2944 rno5f7mvh3da4as7okonbgri4k Query : insert into wsfidata (fistamp,ousrdata, ousrhora, usrdata,usrhora,ousrinis,usrinis ,qtt ,ftstamp ,epv,pvmoeda ,tabiva,iva,lordem ,ref, design ,armazem) values ('aut67448969216744858d40',getdate(),convert(char(8),convert (time,getdate())),getdate(),convert(char(8),convert (time,getdate())),'wsv','wsv',0 ,'aut67448705956744858c19' ,0,0 ,2,23.00,150000,?,?,?)
20241125@141125.3268 rno5f7mvh3da4as7okonbgri4k Query : use flama_phc
20241125@141125.3273 rno5f7mvh3da4as7okonbgri4k Query : select st.usalote valor from st where st.ref = '324.945.00.01'
20241125@141125.3293 rno5f7mvh3da4as7okonbgri4k Query : select top 1 st.tabiva ,st.ivaincl ,st.stns ,st.uni2 ,st.familia ,isnull(tx.taxa, 0) txiva ,unidade ,usalote ,epcpond ,noserie ,conversao ,st.texteis from st left join taxasiva tx on st.tabiva = tx.codigo where st.ref = '324.945.00.01'
20241125@141125.3467 rno5f7mvh3da4as7okonbgri4k Query : select 1 valor from information_schema.tables where table_type='base table' and table_name='wstablefields'
20241125@141125.3520 rno5f7mvh3da4as7okonbgri4k Query : select fieldkey,fieldname,fieldtype,mandatory from wstablefields where tablename = 'fi' and documentnumber = 39
20241125@141125.3839 rno5f7mvh3da4as7okonbgri4k Query : select 1 valor from information_schema.tables where table_type='base table' and table_name='wstablefields'
20241125@141125.3859 rno5f7mvh3da4as7okonbgri4k Query : select fieldkey,fieldname,fieldtype,mandatory from wstablefields where tablename = 'fi2' and documentnumber = 39
20241125@141125.3874 rno5f7mvh3da4as7okonbgri4k Query : select top 1 convert(numeric(6,2),t.taxa) valor from taxasiva t where t.codigo='2'
20241125@141125.3885 rno5f7mvh3da4as7okonbgri4k Query : select sestamp valor from se where ref ='324.945.00.01' and lote = 'r2400091100a'
20241125@141125.3899 rno5f7mvh3da4as7okonbgri4k Query : select 1 valor from information_schema.tables where table_type='base table' and table_name='wstablefields'
20241125@141125.3931 rno5f7mvh3da4as7okonbgri4k Query : select fieldkey,fieldname,fieldtype,calcformula from wstablefields where tablename = 'fi2' and documentnumber = 39
20241125@141125.3942 rno5f7mvh3da4as7okonbgri4k Query : insert into wsfi2data (fi2stamp,ftstamp ,ousrdata, ousrhora, usrdata,usrhora,ousrinis,usrinis) values ('aut67448473736744858d5f','aut67448705956744858c19' ,getdate(),convert(char(8),convert (time,getdate())),getdate(),convert(char(8),convert (time,getdate())),'wsv','wsv')
20241125@141125.3947 rno5f7mvh3da4as7okonbgri4k Query : select 1 valor from information_schema.tables where table_type='base table' and table_name='wstablefields'
20241125@141125.3966 rno5f7mvh3da4as7okonbgri4k Query : select fieldkey,fieldname,fieldtype,calcformula from wstablefields where tablename = 'fi' and documentnumber = 39
20241125@141125.4004 rno5f7mvh3da4as7okonbgri4k Query : insert into wsfidata (fistamp,ousrdata, ousrhora, usrdata,usrhora,ousrinis,usrinis ,qtt ,ftstamp ,epv,pvmoeda ,tabiva,iva,lordem ,ref, design ,lote,armazem,bistamp ) values ('aut67448473736744858d5f',getdate(),convert(char(8),convert (time,getdate())),getdate(),convert(char(8),convert (time,getdate())),'wsv','wsv',8.000 ,'aut67448705956744858c19' ,0,0 ,2,23.00,170000,?,?,?,?,?)
20241125@141125.4332 rno5f7mvh3da4as7okonbgri4k Query : use flama_phc
20241125@141125.4335 rno5f7mvh3da4as7okonbgri4k Query : select st.usalote valor from st where st.ref = '324.657.00.01'
20241125@141125.4355 rno5f7mvh3da4as7okonbgri4k Query : select top 1 st.tabiva ,st.ivaincl ,st.stns ,st.uni2 ,st.familia ,isnull(tx.taxa, 0) txiva ,unidade ,usalote ,epcpond ,noserie ,conversao ,st.texteis from st left join taxasiva tx on st.tabiva = tx.codigo where st.ref = '324.657.00.01'
20241125@141125.4369 rno5f7mvh3da4as7okonbgri4k Query : select 1 valor from information_schema.tables where table_type='base table' and table_name='wstablefields'
20241125@141125.4387 rno5f7mvh3da4as7okonbgri4k Query : select fieldkey,fieldname,fieldtype,mandatory from wstablefields where tablename = 'fi' and documentnumber = 39
20241125@141125.4424 rno5f7mvh3da4as7okonbgri4k Query : select 1 valor from information_schema.tables where table_type='base table' and table_name='wstablefields'
20241125@141125.4439 rno5f7mvh3da4as7okonbgri4k Query : select fieldkey,fieldname,fieldtype,mandatory from wstablefields where tablename = 'fi2' and documentnumber = 39
20241125@141125.4447 rno5f7mvh3da4as7okonbgri4k Query : select top 1 convert(numeric(6,2),t.taxa) valor from taxasiva t where t.codigo='2'
20241125@141125.4459 rno5f7mvh3da4as7okonbgri4k Query : select sestamp valor from se where ref ='324.657.00.01' and lote = 'r2301261100a'
20241125@141125.4471 rno5f7mvh3da4as7okonbgri4k Query : select 1 valor from information_schema.tables where table_type='base table' and table_name='wstablefields'
20241125@141125.4485 rno5f7mvh3da4as7okonbgri4k Query : select fieldkey,fieldname,fieldtype,calcformula from wstablefields where tablename = 'fi2' and documentnumber = 39
20241125@141125.4496 rno5f7mvh3da4as7okonbgri4k Query : insert into wsfi2data (fi2stamp,ftstamp ,ousrdata, ousrhora, usrdata,usrhora,ousrinis,usrinis) values ('aut67448301056744858d6d','aut67448705956744858c19' ,getdate(),convert(char(8),convert (time,getdate())),getdate(),convert(char(8),convert (time,getdate())),'wsv','wsv')
20241125@141125.4500 rno5f7mvh3da4as7okonbgri4k Query : select 1 valor from information_schema.tables where table_type='base table' and table_name='wstablefields'
20241125@141125.4521 rno5f7mvh3da4as7okonbgri4k Query : select fieldkey,fieldname,fieldtype,calcformula from wstablefields where tablename = 'fi' and documentnumber = 39
20241125@141125.4605 rno5f7mvh3da4as7okonbgri4k Query : insert into wsfidata (fistamp,ousrdata, ousrhora, usrdata,usrhora,ousrinis,usrinis ,qtt ,ftstamp ,epv,pvmoeda ,tabiva,iva,lordem ,ref, design ,lote,armazem,bistamp ) values ('aut67448301056744858d6d',getdate(),convert(char(8),convert (time,getdate())),getdate(),convert(char(8),convert (time,getdate())),'wsv','wsv',1.000 ,'aut67448705956744858c19' ,0,0 ,2,23.00,180000,?,?,?,?,?)
20241125@141125.4906 rno5f7mvh3da4as7okonbgri4k Query : select 1 valor from information_schema.tables where table_type='base table' and table_name='wstablefields'
20241125@141125.4924 rno5f7mvh3da4as7okonbgri4k Query : select fieldkey,fieldname,fieldtype,mandatory from wstablefields where tablename = 'fi' and documentnumber = 39
20241125@141125.4951 rno5f7mvh3da4as7okonbgri4k Query : select 1 valor from information_schema.tables where table_type='base table' and table_name='wstablefields'
20241125@141125.4997 rno5f7mvh3da4as7okonbgri4k Query : select fieldkey,fieldname,fieldtype,mandatory from wstablefields where tablename = 'fi2' and documentnumber = 39
20241125@141125.5005 rno5f7mvh3da4as7okonbgri4k Query : select top 1 convert(numeric(6,2),t.taxa) valor from taxasiva t where t.codigo='2'
20241125@141125.5017 rno5f7mvh3da4as7okonbgri4k Query : select 1 valor from information_schema.tables where table_type='base table' and table_name='wstablefields'
20241125@141125.5032 rno5f7mvh3da4as7okonbgri4k Query : select fieldkey,fieldname,fieldtype,calcformula from wstablefields where tablename = 'fi2' and documentnumber = 39
20241125@141125.5044 rno5f7mvh3da4as7okonbgri4k Query : insert into wsfi2data (fi2stamp,ftstamp ,ousrdata, ousrhora, usrdata,usrhora,ousrinis,usrinis) values ('aut67448235046744858d7a','aut67448705956744858c19' ,getdate(),convert(char(8),convert (time,getdate())),getdate(),convert(char(8),convert (time,getdate())),'wsv','wsv')
20241125@141125.5049 rno5f7mvh3da4as7okonbgri4k Query : select 1 valor from information_schema.tables where table_type='base table' and table_name='wstablefields'
20241125@141125.5064 rno5f7mvh3da4as7okonbgri4k Query : select fieldkey,fieldname,fieldtype,calcformula from wstablefields where tablename = 'fi' and documentnumber = 39
20241125@141125.5092 rno5f7mvh3da4as7okonbgri4k Query : insert into wsfidata (fistamp,ousrdata, ousrhora, usrdata,usrhora,ousrinis,usrinis ,qtt ,ftstamp ,epv,pvmoeda ,tabiva,iva,lordem ,ref, design ,armazem) values ('aut67448235046744858d7a',getdate(),convert(char(8),convert (time,getdate())),getdate(),convert(char(8),convert (time,getdate())),'wsv','wsv',0 ,'aut67448705956744858c19' ,0,0 ,2,23.00,190000,?,?,?)
20241125@141125.5469 rno5f7mvh3da4as7okonbgri4k Query : use flama_phc
20241125@141125.5472 rno5f7mvh3da4as7okonbgri4k Query : select st.usalote valor from st where st.ref = '324.657.00.01'
20241125@141125.5491 rno5f7mvh3da4as7okonbgri4k Query : select top 1 st.tabiva ,st.ivaincl ,st.stns ,st.uni2 ,st.familia ,isnull(tx.taxa, 0) txiva ,unidade ,usalote ,epcpond ,noserie ,conversao ,st.texteis from st left join taxasiva tx on st.tabiva = tx.codigo where st.ref = '324.657.00.01'
20241125@141125.5507 rno5f7mvh3da4as7okonbgri4k Query : select 1 valor from information_schema.tables where table_type='base table' and table_name='wstablefields'
20241125@141125.5524 rno5f7mvh3da4as7okonbgri4k Query : select fieldkey,fieldname,fieldtype,mandatory from wstablefields where tablename = 'fi' and documentnumber = 39
20241125@141125.5628 rno5f7mvh3da4as7okonbgri4k Query : select 1 valor from information_schema.tables where table_type='base table' and table_name='wstablefields'
20241125@141125.5883 rno5f7mvh3da4as7okonbgri4k Query : select fieldkey,fieldname,fieldtype,mandatory from wstablefields where tablename = 'fi2' and documentnumber = 39
20241125@141125.6012 rno5f7mvh3da4as7okonbgri4k Query : select top 1 convert(numeric(6,2),t.taxa) valor from taxasiva t where t.codigo='2'
20241125@141125.6026 rno5f7mvh3da4as7okonbgri4k Query : select sestamp valor from se where ref ='324.657.00.01' and lote = 'r2400220100a'
20241125@141125.6042 rno5f7mvh3da4as7okonbgri4k Query : select 1 valor from information_schema.tables where table_type='base table' and table_name='wstablefields'
20241125@141125.6058 rno5f7mvh3da4as7okonbgri4k Query : select fieldkey,fieldname,fieldtype,calcformula from wstablefields where tablename = 'fi2' and documentnumber = 39
20241125@141125.6070 rno5f7mvh3da4as7okonbgri4k Query : insert into wsfi2data (fi2stamp,ftstamp ,ousrdata, ousrhora, usrdata,usrhora,ousrinis,usrinis) values ('aut67448918916744858d93','aut67448705956744858c19' ,getdate(),convert(char(8),convert (time,getdate())),getdate(),convert(char(8),convert (time,getdate())),'wsv','wsv')
20241125@141125.6075 rno5f7mvh3da4as7okonbgri4k Query : select 1 valor from information_schema.tables where table_type='base table' and table_name='wstablefields'
20241125@141125.6089 rno5f7mvh3da4as7okonbgri4k Query : select fieldkey,fieldname,fieldtype,calcformula from wstablefields where tablename = 'fi' and documentnumber = 39
20241125@141125.6117 rno5f7mvh3da4as7okonbgri4k Query : insert into wsfidata (fistamp,ousrdata, ousrhora, usrdata,usrhora,ousrinis,usrinis ,qtt ,ftstamp ,epv,pvmoeda ,tabiva,iva,lordem ,ref, design ,lote,armazem,bistamp ) values ('aut67448918916744858d93',getdate(),convert(char(8),convert (time,getdate())),getdate(),convert(char(8),convert (time,getdate())),'wsv','wsv',6.000 ,'aut67448705956744858c19' ,0,0 ,2,23.00,210000,?,?,?,?,?)
20241125@141125.6411 rno5f7mvh3da4as7okonbgri4k Query : select 1 valor from information_schema.tables where table_type='base table' and table_name='wstablefields'
20241125@141125.6430 rno5f7mvh3da4as7okonbgri4k Query : select fieldkey,fieldname,fieldtype,mandatory from wstablefields where tablename = 'fi' and documentnumber = 39
20241125@141125.6466 rno5f7mvh3da4as7okonbgri4k Query : select 1 valor from information_schema.tables where table_type='base table' and table_name='wstablefields'
20241125@141125.6489 rno5f7mvh3da4as7okonbgri4k Query : select fieldkey,fieldname,fieldtype,mandatory from wstablefields where tablename = 'fi2' and documentnumber = 39
20241125@141125.6498 rno5f7mvh3da4as7okonbgri4k Query : select top 1 convert(numeric(6,2),t.taxa) valor from taxasiva t where t.codigo='2'
20241125@141125.6516 rno5f7mvh3da4as7okonbgri4k Query : select 1 valor from information_schema.tables where table_type='base table' and table_name='wstablefields'
20241125@141125.6531 rno5f7mvh3da4as7okonbgri4k Query : select fieldkey,fieldname,fieldtype,calcformula from wstablefields where tablename = 'fi2' and documentnumber = 39
20241125@141125.6544 rno5f7mvh3da4as7okonbgri4k Query : insert into wsfi2data (fi2stamp,ftstamp ,ousrdata, ousrhora, usrdata,usrhora,ousrinis,usrinis) values ('aut67448040546744858d9f','aut67448705956744858c19' ,getdate(),convert(char(8),convert (time,getdate())),getdate(),convert(char(8),convert (time,getdate())),'wsv','wsv')
20241125@141125.6549 rno5f7mvh3da4as7okonbgri4k Query : select 1 valor from information_schema.tables where table_type='base table' and table_name='wstablefields'
20241125@141125.6563 rno5f7mvh3da4as7okonbgri4k Query : select fieldkey,fieldname,fieldtype,calcformula from wstablefields where tablename = 'fi' and documentnumber = 39
20241125@141125.6592 rno5f7mvh3da4as7okonbgri4k Query : insert into wsfidata (fistamp,ousrdata, ousrhora, usrdata,usrhora,ousrinis,usrinis ,qtt ,ftstamp ,epv,pvmoeda ,tabiva,iva,lordem ,ref, design ,armazem) values ('aut67448040546744858d9f',getdate(),convert(char(8),convert (time,getdate())),getdate(),convert(char(8),convert (time,getdate())),'wsv','wsv',0 ,'aut67448705956744858c19' ,0,0 ,2,23.00,220000,?,?,?)
20241125@141125.6889 rno5f7mvh3da4as7okonbgri4k Query : use flama_phc
20241125@141125.6893 rno5f7mvh3da4as7okonbgri4k Query : select st.usalote valor from st where st.ref = '324.682.00.01'
20241125@141125.6912 rno5f7mvh3da4as7okonbgri4k Query : select top 1 st.tabiva ,st.ivaincl ,st.stns ,st.uni2 ,st.familia ,isnull(tx.taxa, 0) txiva ,unidade ,usalote ,epcpond ,noserie ,conversao ,st.texteis from st left join taxasiva tx on st.tabiva = tx.codigo where st.ref = '324.682.00.01'
20241125@141125.6926 rno5f7mvh3da4as7okonbgri4k Query : select 1 valor from information_schema.tables where table_type='base table' and table_name='wstablefields'
20241125@141125.6942 rno5f7mvh3da4as7okonbgri4k Query : select fieldkey,fieldname,fieldtype,mandatory from wstablefields where tablename = 'fi' and documentnumber = 39
20241125@141125.6981 rno5f7mvh3da4as7okonbgri4k Query : select 1 valor from information_schema.tables where table_type='base table' and table_name='wstablefields'
20241125@141125.6995 rno5f7mvh3da4as7okonbgri4k Query : select fieldkey,fieldname,fieldtype,mandatory from wstablefields where tablename = 'fi2' and documentnumber = 39
20241125@141125.7002 rno5f7mvh3da4as7okonbgri4k Query : select top 1 convert(numeric(6,2),t.taxa) valor from taxasiva t where t.codigo='2'
20241125@141125.7013 rno5f7mvh3da4as7okonbgri4k Query : select sestamp valor from se where ref ='324.682.00.01' and lote = 'r2400223100a'
20241125@141125.7027 rno5f7mvh3da4as7okonbgri4k Query : select 1 valor from information_schema.tables where table_type='base table' and table_name='wstablefields'
20241125@141125.7041 rno5f7mvh3da4as7okonbgri4k Query : select fieldkey,fieldname,fieldtype,calcformula from wstablefields where tablename = 'fi2' and documentnumber = 39
20241125@141125.7053 rno5f7mvh3da4as7okonbgri4k Query : insert into wsfi2data (fi2stamp,ftstamp ,ousrdata, ousrhora, usrdata,usrhora,ousrinis,usrinis) values ('aut67448877746744858dab','aut67448705956744858c19' ,getdate(),convert(char(8),convert (time,getdate())),getdate(),convert(char(8),convert (time,getdate())),'wsv','wsv')
20241125@141125.7058 rno5f7mvh3da4as7okonbgri4k Query : select 1 valor from information_schema.tables where table_type='base table' and table_name='wstablefields'
20241125@141125.7073 rno5f7mvh3da4as7okonbgri4k Query : select fieldkey,fieldname,fieldtype,calcformula from wstablefields where tablename = 'fi' and documentnumber = 39
20241125@141125.7101 rno5f7mvh3da4as7okonbgri4k Query : insert into wsfidata (fistamp,ousrdata, ousrhora, usrdata,usrhora,ousrinis,usrinis ,qtt ,ftstamp ,epv,pvmoeda ,tabiva,iva,lordem ,ref, design ,lote,armazem,bistamp ) values ('aut67448877746744858dab',getdate(),convert(char(8),convert (time,getdate())),getdate(),convert(char(8),convert (time,getdate())),'wsv','wsv',6.000 ,'aut67448705956744858c19' ,0,0 ,2,23.00,240000,?,?,?,?,?)
20241125@141125.7410 rno5f7mvh3da4as7okonbgri4k Query : select 1 valor from information_schema.tables where table_type='base table' and table_name='wstablefields'
20241125@141125.7428 rno5f7mvh3da4as7okonbgri4k Query : select fieldkey,fieldname,fieldtype,mandatory from wstablefields where tablename = 'fi' and documentnumber = 39
20241125@141125.7453 rno5f7mvh3da4as7okonbgri4k Query : select 1 valor from information_schema.tables where table_type='base table' and table_name='wstablefields'
20241125@141125.7470 rno5f7mvh3da4as7okonbgri4k Query : select fieldkey,fieldname,fieldtype,mandatory from wstablefields where tablename = 'fi2' and documentnumber = 39
20241125@141125.7479 rno5f7mvh3da4as7okonbgri4k Query : select top 1 convert(numeric(6,2),t.taxa) valor from taxasiva t where t.codigo='2'
20241125@141125.7491 rno5f7mvh3da4as7okonbgri4k Query : select 1 valor from information_schema.tables where table_type='base table' and table_name='wstablefields'
20241125@141125.7506 rno5f7mvh3da4as7okonbgri4k Query : select fieldkey,fieldname,fieldtype,calcformula from wstablefields where tablename = 'fi2' and documentnumber = 39
20241125@141125.7518 rno5f7mvh3da4as7okonbgri4k Query : insert into wsfi2data (fi2stamp,ftstamp ,ousrdata, ousrhora, usrdata,usrhora,ousrinis,usrinis) values ('aut67448117506744858db6','aut67448705956744858c19' ,getdate(),convert(char(8),convert (time,getdate())),getdate(),convert(char(8),convert (time,getdate())),'wsv','wsv')
20241125@141125.7523 rno5f7mvh3da4as7okonbgri4k Query : select 1 valor from information_schema.tables where table_type='base table' and table_name='wstablefields'
20241125@141125.7537 rno5f7mvh3da4as7okonbgri4k Query : select fieldkey,fieldname,fieldtype,calcformula from wstablefields where tablename = 'fi' and documentnumber = 39
20241125@141125.7565 rno5f7mvh3da4as7okonbgri4k Query : insert into wsfidata (fistamp,ousrdata, ousrhora, usrdata,usrhora,ousrinis,usrinis ,qtt ,ftstamp ,epv,pvmoeda ,tabiva,iva,lordem ,ref, design ,armazem) values ('aut67448117506744858db6',getdate(),convert(char(8),convert (time,getdate())),getdate(),convert(char(8),convert (time,getdate())),'wsv','wsv',0 ,'aut67448705956744858c19' ,0,0 ,2,23.00,250000,?,?,?)
20241125@141125.7888 rno5f7mvh3da4as7okonbgri4k Query : use flama_phc
20241125@141125.7891 rno5f7mvh3da4as7okonbgri4k Query : select st.usalote valor from st where st.ref = '324.692.00.01'
20241125@141125.7911 rno5f7mvh3da4as7okonbgri4k Query : select top 1 st.tabiva ,st.ivaincl ,st.stns ,st.uni2 ,st.familia ,isnull(tx.taxa, 0) txiva ,unidade ,usalote ,epcpond ,noserie ,conversao ,st.texteis from st left join taxasiva tx on st.tabiva = tx.codigo where st.ref = '324.692.00.01'
20241125@141125.7924 rno5f7mvh3da4as7okonbgri4k Query : select 1 valor from information_schema.tables where table_type='base table' and table_name='wstablefields'
20241125@141125.7940 rno5f7mvh3da4as7okonbgri4k Query : select fieldkey,fieldname,fieldtype,mandatory from wstablefields where tablename = 'fi' and documentnumber = 39
20241125@141125.7964 rno5f7mvh3da4as7okonbgri4k Query : select 1 valor from information_schema.tables where table_type='base table' and table_name='wstablefields'
20241125@141125.7981 rno5f7mvh3da4as7okonbgri4k Query : select fieldkey,fieldname,fieldtype,mandatory from wstablefields where tablename = 'fi2' and documentnumber = 39
20241125@141125.7990 rno5f7mvh3da4as7okonbgri4k Query : select top 1 convert(numeric(6,2),t.taxa) valor from taxasiva t where t.codigo='2'
20241125@141125.8001 rno5f7mvh3da4as7okonbgri4k Query : select sestamp valor from se where ref ='324.692.00.01' and lote = 'r2400211200a'
20241125@141125.8014 rno5f7mvh3da4as7okonbgri4k Query : select 1 valor from information_schema.tables where table_type='base table' and table_name='wstablefields'
20241125@141125.8028 rno5f7mvh3da4as7okonbgri4k Query : select fieldkey,fieldname,fieldtype,calcformula from wstablefields where tablename = 'fi2' and documentnumber = 39
20241125@141125.8039 rno5f7mvh3da4as7okonbgri4k Query : insert into wsfi2data (fi2stamp,ftstamp ,ousrdata, ousrhora, usrdata,usrhora,ousrinis,usrinis) values ('aut67448690396744858dc3','aut67448705956744858c19' ,getdate(),convert(char(8),convert (time,getdate())),getdate(),convert(char(8),convert (time,getdate())),'wsv','wsv')
20241125@141125.8043 rno5f7mvh3da4as7okonbgri4k Query : select 1 valor from information_schema.tables where table_type='base table' and table_name='wstablefields'
20241125@141125.8057 rno5f7mvh3da4as7okonbgri4k Query : select fieldkey,fieldname,fieldtype,calcformula from wstablefields where tablename = 'fi' and documentnumber = 39
20241125@141125.8085 rno5f7mvh3da4as7okonbgri4k Query : insert into wsfidata (fistamp,ousrdata, ousrhora, usrdata,usrhora,ousrinis,usrinis ,qtt ,ftstamp ,epv,pvmoeda ,tabiva,iva,lordem ,ref, design ,lote,armazem,bistamp ) values ('aut67448690396744858dc3',getdate(),convert(char(8),convert (time,getdate())),getdate(),convert(char(8),convert (time,getdate())),'wsv','wsv',3.000 ,'aut67448705956744858c19' ,0,0 ,2,23.00,270000,?,?,?,?,?)
20241125@141125.8390 rno5f7mvh3da4as7okonbgri4k Query : select 1 valor from information_schema.tables where table_type='base table' and table_name='wstablefields'
20241125@141125.8408 rno5f7mvh3da4as7okonbgri4k Query : select fieldkey,fieldname,fieldtype,mandatory from wstablefields where tablename = 'fi' and documentnumber = 39
20241125@141125.8433 rno5f7mvh3da4as7okonbgri4k Query : select 1 valor from information_schema.tables where table_type='base table' and table_name='wstablefields'
20241125@141125.8448 rno5f7mvh3da4as7okonbgri4k Query : select fieldkey,fieldname,fieldtype,mandatory from wstablefields where tablename = 'fi2' and documentnumber = 39
20241125@141125.8456 rno5f7mvh3da4as7okonbgri4k Query : select top 1 convert(numeric(6,2),t.taxa) valor from taxasiva t where t.codigo='2'
20241125@141125.8469 rno5f7mvh3da4as7okonbgri4k Query : select 1 valor from information_schema.tables where table_type='base table' and table_name='wstablefields'
20241125@141125.8483 rno5f7mvh3da4as7okonbgri4k Query : select fieldkey,fieldname,fieldtype,calcformula from wstablefields where tablename = 'fi2' and documentnumber = 39
20241125@141125.8499 rno5f7mvh3da4as7okonbgri4k Query : insert into wsfi2data (fi2stamp,ftstamp ,ousrdata, ousrhora, usrdata,usrhora,ousrinis,usrinis) values ('aut67448360106744858dce','aut67448705956744858c19' ,getdate(),convert(char(8),convert (time,getdate())),getdate(),convert(char(8),convert (time,getdate())),'wsv','wsv')
20241125@141125.8503 rno5f7mvh3da4as7okonbgri4k Query : select 1 valor from information_schema.tables where table_type='base table' and table_name='wstablefields'
20241125@141125.8518 rno5f7mvh3da4as7okonbgri4k Query : select fieldkey,fieldname,fieldtype,calcformula from wstablefields where tablename = 'fi' and documentnumber = 39
20241125@141125.8548 rno5f7mvh3da4as7okonbgri4k Query : insert into wsfidata (fistamp,ousrdata, ousrhora, usrdata,usrhora,ousrinis,usrinis ,qtt ,ftstamp ,epv,pvmoeda ,tabiva,iva,lordem ,ref, design ,armazem) values ('aut67448360106744858dce',getdate(),convert(char(8),convert (time,getdate())),getdate(),convert(char(8),convert (time,getdate())),'wsv','wsv',0 ,'aut67448705956744858c19' ,0,0 ,2,23.00,280000,?,?,?)
20241125@141125.9047 rno5f7mvh3da4as7okonbgri4k Query : use flama_phc
20241125@141125.9050 rno5f7mvh3da4as7okonbgri4k Query : select st.usalote valor from st where st.ref = '324.692.00.01'
20241125@141125.9069 rno5f7mvh3da4as7okonbgri4k Query : select top 1 st.tabiva ,st.ivaincl ,st.stns ,st.uni2 ,st.familia ,isnull(tx.taxa, 0) txiva ,unidade ,usalote ,epcpond ,noserie ,conversao ,st.texteis from st left join taxasiva tx on st.tabiva = tx.codigo where st.ref = '324.692.00.01'
20241125@141125.9083 rno5f7mvh3da4as7okonbgri4k Query : select 1 valor from information_schema.tables where table_type='base table' and table_name='wstablefields'
20241125@141125.9098 rno5f7mvh3da4as7okonbgri4k Query : select fieldkey,fieldname,fieldtype,mandatory from wstablefields where tablename = 'fi' and documentnumber = 39
20241125@141125.9121 rno5f7mvh3da4as7okonbgri4k Query : select 1 valor from information_schema.tables where table_type='base table' and table_name='wstablefields'
20241125@141125.9136 rno5f7mvh3da4as7okonbgri4k Query : select fieldkey,fieldname,fieldtype,mandatory from wstablefields where tablename = 'fi2' and documentnumber = 39
20241125@141125.9144 rno5f7mvh3da4as7okonbgri4k Query : select top 1 convert(numeric(6,2),t.taxa) valor from taxasiva t where t.codigo='2'
20241125@141125.9157 rno5f7mvh3da4as7okonbgri4k Query : select sestamp valor from se where ref ='324.692.00.01' and lote = 'r2400211200a'
20241125@141125.9169 rno5f7mvh3da4as7okonbgri4k Query : select 1 valor from information_schema.tables where table_type='base table' and table_name='wstablefields'
20241125@141125.9183 rno5f7mvh3da4as7okonbgri4k Query : select fieldkey,fieldname,fieldtype,calcformula from wstablefields where tablename = 'fi2' and documentnumber = 39
20241125@141125.9195 rno5f7mvh3da4as7okonbgri4k Query : insert into wsfi2data (fi2stamp,ftstamp ,ousrdata, ousrhora, usrdata,usrhora,ousrinis,usrinis) values ('aut67448398926744858ddf','aut67448705956744858c19' ,getdate(),convert(char(8),convert (time,getdate())),getdate(),convert(char(8),convert (time,getdate())),'wsv','wsv')
20241125@141125.9199 rno5f7mvh3da4as7okonbgri4k Query : select 1 valor from information_schema.tables where table_type='base table' and table_name='wstablefields'
20241125@141125.9213 rno5f7mvh3da4as7okonbgri4k Query : select fieldkey,fieldname,fieldtype,calcformula from wstablefields where tablename = 'fi' and documentnumber = 39
20241125@141125.9242 rno5f7mvh3da4as7okonbgri4k Query : insert into wsfidata (fistamp,ousrdata, ousrhora, usrdata,usrhora,ousrinis,usrinis ,qtt ,ftstamp ,epv,pvmoeda ,tabiva,iva,lordem ,ref, design ,lote,armazem,bistamp ) values ('aut67448398926744858ddf',getdate(),convert(char(8),convert (time,getdate())),getdate(),convert(char(8),convert (time,getdate())),'wsv','wsv',5.000 ,'aut67448705956744858c19' ,0,0 ,2,23.00,300000,?,?,?,?,?)
20241125@141125.9549 rno5f7mvh3da4as7okonbgri4k Query : select 1 valor from information_schema.tables where table_type='base table' and table_name='wstablefields'
20241125@141125.9567 rno5f7mvh3da4as7okonbgri4k Query : select fieldkey,fieldname,fieldtype,mandatory from wstablefields where tablename = 'fi' and documentnumber = 39
20241125@141125.9594 rno5f7mvh3da4as7okonbgri4k Query : select 1 valor from information_schema.tables where table_type='base table' and table_name='wstablefields'
20241125@141125.9611 rno5f7mvh3da4as7okonbgri4k Query : select fieldkey,fieldname,fieldtype,mandatory from wstablefields where tablename = 'fi2' and documentnumber = 39
20241125@141125.9622 rno5f7mvh3da4as7okonbgri4k Query : select top 1 convert(numeric(6,2),t.taxa) valor from taxasiva t where t.codigo='2'
20241125@141125.9637 rno5f7mvh3da4as7okonbgri4k Query : select 1 valor from information_schema.tables where table_type='base table' and table_name='wstablefields'
20241125@141125.9653 rno5f7mvh3da4as7okonbgri4k Query : select fieldkey,fieldname,fieldtype,calcformula from wstablefields where tablename = 'fi2' and documentnumber = 39
20241125@141125.9665 rno5f7mvh3da4as7okonbgri4k Query : insert into wsfi2data (fi2stamp,ftstamp ,ousrdata, ousrhora, usrdata,usrhora,ousrinis,usrinis) values ('aut67448826536744858deb','aut67448705956744858c19' ,getdate(),convert(char(8),convert (time,getdate())),getdate(),convert(char(8),convert (time,getdate())),'wsv','wsv')
20241125@141125.9669 rno5f7mvh3da4as7okonbgri4k Query : select 1 valor from information_schema.tables where table_type='base table' and table_name='wstablefields'
20241125@141125.9686 rno5f7mvh3da4as7okonbgri4k Query : select fieldkey,fieldname,fieldtype,calcformula from wstablefields where tablename = 'fi' and documentnumber = 39
20241125@141125.9715 rno5f7mvh3da4as7okonbgri4k Query : insert into wsfidata (fistamp,ousrdata, ousrhora, usrdata,usrhora,ousrinis,usrinis ,qtt ,ftstamp ,epv,pvmoeda ,tabiva,iva,lordem ,ref, design ,armazem) values ('aut67448826536744858deb',getdate(),convert(char(8),convert (time,getdate())),getdate(),convert(char(8),convert (time,getdate())),'wsv','wsv',0 ,'aut67448705956744858c19' ,0,0 ,2,23.00,310000,?,?,?)
20241125@141126.2000 rno5f7mvh3da4as7okonbgri4k Query : use flama_phc
20241125@141126.2800 rno5f7mvh3da4as7okonbgri4k Query : select st.usalote valor from st where st.ref = '324.4968.00.1'
20241125@141126.4900 rno5f7mvh3da4as7okonbgri4k Query : select top 1 st.tabiva ,st.ivaincl ,st.stns ,st.uni2 ,st.familia ,isnull(tx.taxa, 0) txiva ,unidade ,usalote ,epcpond ,noserie ,conversao ,st.texteis from st left join taxasiva tx on st.tabiva = tx.codigo where st.ref = '324.4968.00.1'
20241125@141126.1461 rno5f7mvh3da4as7okonbgri4k Query : select 1 valor from information_schema.tables where table_type='base table' and table_name='wstablefields'
20241125@141126.1493 rno5f7mvh3da4as7okonbgri4k Query : select fieldkey,fieldname,fieldtype,mandatory from wstablefields where tablename = 'fi' and documentnumber = 39
20241125@141126.1581 rno5f7mvh3da4as7okonbgri4k Query : select 1 valor from information_schema.tables where table_type='base table' and table_name='wstablefields'
20241125@141126.1596 rno5f7mvh3da4as7okonbgri4k Query : select fieldkey,fieldname,fieldtype,mandatory from wstablefields where tablename = 'fi2' and documentnumber = 39
20241125@141126.1609 rno5f7mvh3da4as7okonbgri4k Query : select top 1 convert(numeric(6,2),t.taxa) valor from taxasiva t where t.codigo='2'
20241125@141126.1621 rno5f7mvh3da4as7okonbgri4k Query : select sestamp valor from se where ref ='324.4968.00.1' and lote = 'r2301277100a'
20241125@141126.1634 rno5f7mvh3da4as7okonbgri4k Query : select 1 valor from information_schema.tables where table_type='base table' and table_name='wstablefields'
20241125@141126.1648 rno5f7mvh3da4as7okonbgri4k Query : select fieldkey,fieldname,fieldtype,calcformula from wstablefields where tablename = 'fi2' and documentnumber = 39
20241125@141126.1660 rno5f7mvh3da4as7okonbgri4k Query : insert into wsfi2data (fi2stamp,ftstamp ,ousrdata, ousrhora, usrdata,usrhora,ousrinis,usrinis) values ('aut67448491926744858e27','aut67448705956744858c19' ,getdate(),convert(char(8),convert (time,getdate())),getdate(),convert(char(8),convert (time,getdate())),'wsv','wsv')
20241125@141126.1664 rno5f7mvh3da4as7okonbgri4k Query : select 1 valor from information_schema.tables where table_type='base table' and table_name='wstablefields'
20241125@141126.1678 rno5f7mvh3da4as7okonbgri4k Query : select fieldkey,fieldname,fieldtype,calcformula from wstablefields where tablename = 'fi' and documentnumber = 39
20241125@141126.1724 rno5f7mvh3da4as7okonbgri4k Query : insert into wsfidata (fistamp,ousrdata, ousrhora, usrdata,usrhora,ousrinis,usrinis ,qtt ,ftstamp ,epv,pvmoeda ,tabiva,iva,lordem ,ref, design ,lote,armazem,bistamp ) values ('aut67448491926744858e27',getdate(),convert(char(8),convert (time,getdate())),getdate(),convert(char(8),convert (time,getdate())),'wsv','wsv',4.000 ,'aut67448705956744858c19' ,0,0 ,2,23.00,330000,?,?,?,?,?)
20241125@141126.2185 rno5f7mvh3da4as7okonbgri4k Query : insert into wsftcreationlog (initialftstamp,externalid,creationstatus,documenttypeid,idustamp) values ('aut67448705956744858c19','2407823','wait',39,'adm09112754980.682000002')
20241125@141126.2308 rno5f7mvh3da4as7okonbgri4k Query : use flama_phc
20241125@141126.2311 rno5f7mvh3da4as7okonbgri4k Query : update u_wsusers set rqsttoken =? where userid ='userls001'
20241125@141126.2344 rno5f7mvh3da4as7okonbgri4k Query : select concat(rtrim(relative_path),ltrim(name_new)) as valor from uploadfiles where uploadfile_id='3482';
20241125@141126.2433 rno5f7mvh3da4as7okonbgri4k Query : update uploadfiles set whenupdated=current_timestamp where uploadfile_id='3482';
20241125@141126.2497 rno5f7mvh3da4as7okonbgri4k Query : select concat(rtrim(relative_path),ltrim(name_new)) as valor from uploadfiles where uploadfile_id='3482';
20241125@141126.2537 rno5f7mvh3da4as7okonbgri4k Query : update uploadfiles set whenupdated=current_timestamp where uploadfile_id='3482';
20241125@141126.3996 3j76al30dut1ceu8q0htemb04q Query : insert into uploadfiles ( name_original, name_new, option_type, relative_path, whencreated ) values ( ?, ?, ?, ?, getdate() )
20241125@141126.4274 3j76al30dut1ceu8q0htemb04q Query : select uploadfile_id valor from uploadfiles where name_new = ? and option_type = ? 
20241125@141126.4486 3j76al30dut1ceu8q0htemb04q Query : select concat(rtrim(relative_path),ltrim(name_new)) as valor from uploadfiles where uploadfile_id='3483';
20241125@141126.4603 3j76al30dut1ceu8q0htemb04q Query : update uploadfiles set whenupdated=current_timestamp where uploadfile_id='3483';
20241125@141126.4661 3j76al30dut1ceu8q0htemb04q Query : select concat(rtrim(relative_path),ltrim(name_new)) as valor from uploadfiles where uploadfile_id='3483';
20241125@141126.4702 3j76al30dut1ceu8q0htemb04q Query : update uploadfiles set whenupdated=current_timestamp where uploadfile_id='3483';
20241125@141126.4754 3j76al30dut1ceu8q0htemb04q Query : use flama_phc
20241125@141126.4758 3j76al30dut1ceu8q0htemb04q Query : select top 1 secretkey valor from u_wsusers u where u.userid = ? and u.inactivo=0
20241125@141126.4819 3j76al30dut1ceu8q0htemb04q Query : use flama_phc
20241125@141126.4823 3j76al30dut1ceu8q0htemb04q Query : select no, estab,szadrsdesc from szadrs where u_coddest=4740
20241125@141126.4868 3j76al30dut1ceu8q0htemb04q Query : select top 1 isnull(design,'') valor from st (nolock) left join stobs (nolock) on st.ref = stobs.ref where st.ref = '324.4970.00.1'
20241125@141126.4894 3j76al30dut1ceu8q0htemb04q Query : select top 1 bistamp valor from bi inner join bo on bo.bostamp=bi.bostamp where bo.ndos =240 and bo.boano =2078 and bo.obrano = 2407824 and bi.ref ='324.4970.00.1' and bi.lordem =1
20241125@141126.5360 3j76al30dut1ceu8q0htemb04q Query : select top 1 isnull(design,'') valor from st (nolock) left join stobs (nolock) on st.ref = stobs.ref where st.ref = '324.4970.00.1'
20241125@141126.5382 3j76al30dut1ceu8q0htemb04q Query : select top 1 bistamp valor from bi inner join bo on bo.bostamp=bi.bostamp where bo.ndos =240 and bo.boano =2078 and bo.obrano = 2407824 and bi.ref ='324.4970.00.1' and bi.lordem =1
20241125@141126.5410 3j76al30dut1ceu8q0htemb04q Query : select top 1 isnull(design,'') valor from st (nolock) left join stobs (nolock) on st.ref = stobs.ref where st.ref = '324.4970.00.1'
20241125@141126.5432 3j76al30dut1ceu8q0htemb04q Query : select top 1 bistamp valor from bi inner join bo on bo.bostamp=bi.bostamp where bo.ndos =240 and bo.boano =2078 and bo.obrano = 2407824 and bi.ref ='324.4970.00.1' and bi.lordem =1
20241125@141126.5456 3j76al30dut1ceu8q0htemb04q Query : use flama_phc
20241125@141126.5460 3j76al30dut1ceu8q0htemb04q Query : select top 1 convert(date,fdata) valor from ft where ndoc = 39 and anulado= 0 and fno>0 order by fdata desc
20241125@141126.7300 3j76al30dut1ceu8q0htemb04q Query : use flama_phc
20241125@141126.7308 3j76al30dut1ceu8q0htemb04q Query : select top 1 1 valor from td where td.ndoc = 39
20241125@141126.7340 3j76al30dut1ceu8q0htemb04q Query : use flama_phc
20241125@141126.7343 3j76al30dut1ceu8q0htemb04q Query : select lower(descricao) descricao ,case when valor='s' then 1 else 0 end valor from para1 where descricao in ('st_lote','st_usalogifunc', 'st_grelha')
20241125@141126.7386 3j76al30dut1ceu8q0htemb04q Query : select top 1 manternumero ,assinadoc issigned ,tiposaft ,assinaimp ,nmdos ,td.assinadoc ,'cl' origin ,lancasl stocks ,case when cmsl<50 and td.lancasl=1 then 1 else 0 end entrada ,case when cmsl>50 and td.lancasl=1 then 1 else 0 end saida ,temserie assets ,~semgre usegridfields from td inner join td2 on td.tdstamp=td2.td2stamp where td.ndoc = 1
20241125@141126.7431 3j76al30dut1ceu8q0htemb04q Query : use flama_phc
20241125@141126.7435 3j76al30dut1ceu8q0htemb04q Query : select top 1 ~inactivo valor from cl where no = '100810' and estab = 0 order by inactivo desc
20241125@141126.7489 3j76al30dut1ceu8q0htemb04q Query : use flama_phc
20241125@141126.7493 3j76al30dut1ceu8q0htemb04q Query : select top 1 tipodoc,regrd from td where ndoc = 39
20241125@141126.7534 3j76al30dut1ceu8q0htemb04q Query : use flama_phc
20241125@141126.7542 3j76al30dut1ceu8q0htemb04q Query : select szadrsstamp valor from szadrs where szadrsdesc='espaÇotrans,lda'
20241125@141126.7651 3j76al30dut1ceu8q0htemb04q Query : use flama_phc
20241125@141126.7655 3j76al30dut1ceu8q0htemb04q Query : select szadrsstamp valor from szadrs where szadrsdesc='100810 - worten-equipamentos para o lar,sa.'
20241125@141126.8158 3j76al30dut1ceu8q0htemb04q Query : use flama_phc
20241125@141126.8162 3j76al30dut1ceu8q0htemb04q Query : select 1 valor from td where ndoc = 39
20241125@141126.8177 3j76al30dut1ceu8q0htemb04q Query : select top 1 manternumero, tiposaft, nmdos,td.assinadoc from td where td.ndoc = 39
20241125@141126.8190 3j76al30dut1ceu8q0htemb04q Query : select 1 valor from information_schema.tables where table_type='base table' and table_name='wstablefields'
20241125@141126.8206 3j76al30dut1ceu8q0htemb04q Query : select fieldkey,fieldname,fieldtype,mandatory from wstablefields where tablename = 'ft' and documentnumber = 39
20241125@141126.8226 3j76al30dut1ceu8q0htemb04q Query : select 1 valor from information_schema.tables where table_type='base table' and table_name='wstablefields'
20241125@141126.8241 3j76al30dut1ceu8q0htemb04q Query : select fieldkey,fieldname,fieldtype,mandatory from wstablefields where tablename = 'ft2' and documentnumber = 39
20241125@141126.8270 3j76al30dut1ceu8q0htemb04q Query : select 1 valor from information_schema.tables where table_type='base table' and table_name='wstablefields'
20241125@141126.8285 3j76al30dut1ceu8q0htemb04q Query : select fieldkey,fieldname,fieldtype,mandatory from wstablefields where tablename = 'ft3' and documentnumber = 39
20241125@141126.8298 3j76al30dut1ceu8q0htemb04q Query : select top 1 ft.fno valor from ft ft where ft.ndoc = 39 and ftano=2024 order by fno desc
20241125@141126.8358 3j76al30dut1ceu8q0htemb04q Query : select top 1 ft.fno valor from wsftdata ft where ft.ndoc = 39 and ftano=2024 order by fno desc
20241125@141126.8370 3j76al30dut1ceu8q0htemb04q Query : select 1 valor from information_schema.tables where table_type='base table' and table_name='wstablefields'
20241125@141126.8386 3j76al30dut1ceu8q0htemb04q Query : select fieldkey,fieldname,fieldtype,calcformula from wstablefields where tablename = 'ft3' and documentnumber = 39
20241125@141126.8402 3j76al30dut1ceu8q0htemb04q Query : insert into wsft3data (ft3stamp, ousrdata, ousrhora, usrdata,usrhora,ousrinis,usrinis,taxpointdt ) values ('aut67448342686744858eca' ,getdate(),convert(char(8),convert (time,getdate())),getdate(),convert(char(8),convert (time,getdate())),'wsv','wsv',?)
20241125@141126.8599 3j76al30dut1ceu8q0htemb04q Query : select 1 valor from information_schema.tables where table_type='base table' and table_name='wstablefields'
20241125@141126.8625 3j76al30dut1ceu8q0htemb04q Query : select fieldkey,fieldname,fieldtype,calcformula from wstablefields where tablename = 'ft2' and documentnumber = 39
20241125@141126.8668 3j76al30dut1ceu8q0htemb04q Query : select top 1 bo.u_nomeenv valor from bo where bo.bostamp=''
20241125@141126.8681 3j76al30dut1ceu8q0htemb04q Query : select top 1 bo.u_moradaen valor from bo where bo.bostamp=''
20241125@141126.8693 3j76al30dut1ceu8q0htemb04q Query : select top 1 bo.u_codposen valor from bo where bo.bostamp=''
20241125@141126.8709 3j76al30dut1ceu8q0htemb04q Query : select top 1 bo.u_localenv valor from bo where bo.bostamp=''
20241125@141126.8720 3j76al30dut1ceu8q0htemb04q Query : select top 1 bo.trab5 valor from bo where bo.bostamp=''
20241125@141126.8808 3j76al30dut1ceu8q0htemb04q Query : select top 1 bo.serie valor from bo where bo.bostamp=''
20241125@141126.8820 3j76al30dut1ceu8q0htemb04q Query : insert into wsft2data (ft2stamp, ousrdata,ousrhora, usrdata,usrhora,ousrinis,usrinis,u_nomeenv ,u_moradaen ,u_codposen ,u_localenv ,u_coddest ,u_codby ) values ('aut67448342686744858eca',getdate(),convert(char(8),convert (time,getdate())),getdate(),convert(char(8),convert (time,getdate())),'wsv','wsv',?,?,?,?,?,?)
20241125@141126.9116 3j76al30dut1ceu8q0htemb04q Query : select top 1 fno valor from wsftdata order by fno desc
20241125@141126.9144 3j76al30dut1ceu8q0htemb04q Query : select 1 valor from information_schema.tables where table_type='base table' and table_name='wstablefields'
20241125@141126.9161 3j76al30dut1ceu8q0htemb04q Query : select fieldkey,fieldname,fieldtype,calcformula from wstablefields where tablename = 'ft' and documentnumber = 39
20241125@141126.9183 3j76al30dut1ceu8q0htemb04q Query : select 'normal' from dummy
20241125@141126.9198 3j76al30dut1ceu8q0htemb04q Query : insert into wsftdata (ftstamp, ousrdata,ousrhora, usrdata,usrhora,ousrinis,usrinis,fno,no,estab,fdata,ndoc,moeda,cambio,cambiofixo,ftano,site ,classe ) values ('aut67448342686744858eca',getdate(),convert(char(8),convert (time,getdate())),getdate(),convert(char(8),convert (time,getdate())),'wsv','wsv',2018,100810,0,'2024-11-25',39,'euro',0,0,2024 ,?,?)
20241125@141126.9532 3j76al30dut1ceu8q0htemb04q Query : use flama_phc
20241125@141126.9535 3j76al30dut1ceu8q0htemb04q Query : select st.usalote valor from st where st.ref = '324.4970.00.1'
20241125@141126.9557 3j76al30dut1ceu8q0htemb04q Query : select top 1 st.tabiva ,st.ivaincl ,st.stns ,st.uni2 ,st.familia ,isnull(tx.taxa, 0) txiva ,unidade ,usalote ,epcpond ,noserie ,conversao ,st.texteis from st left join taxasiva tx on st.tabiva = tx.codigo where st.ref = '324.4970.00.1'
20241125@141126.9571 3j76al30dut1ceu8q0htemb04q Query : select 1 valor from information_schema.tables where table_type='base table' and table_name='wstablefields'
20241125@141126.9587 3j76al30dut1ceu8q0htemb04q Query : select fieldkey,fieldname,fieldtype,mandatory from wstablefields where tablename = 'fi' and documentnumber = 39
20241125@141126.9610 3j76al30dut1ceu8q0htemb04q Query : select 1 valor from information_schema.tables where table_type='base table' and table_name='wstablefields'
20241125@141126.9625 3j76al30dut1ceu8q0htemb04q Query : select fieldkey,fieldname,fieldtype,mandatory from wstablefields where tablename = 'fi2' and documentnumber = 39
20241125@141126.9633 3j76al30dut1ceu8q0htemb04q Query : select top 1 convert(numeric(6,2),t.taxa) valor from taxasiva t where t.codigo='2'
20241125@141126.9646 3j76al30dut1ceu8q0htemb04q Query : select sestamp valor from se where ref ='324.4970.00.1' and lote = 'r2400492200a'
20241125@141126.9659 3j76al30dut1ceu8q0htemb04q Query : select 1 valor from information_schema.tables where table_type='base table' and table_name='wstablefields'
20241125@141126.9674 3j76al30dut1ceu8q0htemb04q Query : select fieldkey,fieldname,fieldtype,calcformula from wstablefields where tablename = 'fi2' and documentnumber = 39
20241125@141126.9686 3j76al30dut1ceu8q0htemb04q Query : insert into wsfi2data (fi2stamp,ftstamp ,ousrdata, ousrhora, usrdata,usrhora,ousrinis,usrinis) values ('aut67448377816744858eeb','aut67448342686744858eca' ,getdate(),convert(char(8),convert (time,getdate())),getdate(),convert(char(8),convert (time,getdate())),'wsv','wsv')
20241125@141126.9691 3j76al30dut1ceu8q0htemb04q Query : select 1 valor from information_schema.tables where table_type='base table' and table_name='wstablefields'
20241125@141126.9706 3j76al30dut1ceu8q0htemb04q Query : select fieldkey,fieldname,fieldtype,calcformula from wstablefields where tablename = 'fi' and documentnumber = 39
20241125@141126.9740 3j76al30dut1ceu8q0htemb04q Query : insert into wsfidata (fistamp,ousrdata, ousrhora, usrdata,usrhora,ousrinis,usrinis ,qtt ,ftstamp ,epv,pvmoeda ,tabiva,iva,lordem ,ref, design ,lote,armazem,bistamp ) values ('aut67448377816744858eeb',getdate(),convert(char(8),convert (time,getdate())),getdate(),convert(char(8),convert (time,getdate())),'wsv','wsv',60.000 ,'aut67448342686744858eca' ,0,0 ,2,23.00,10000,?,?,?,?,?)
20241125@141127.3200 3j76al30dut1ceu8q0htemb04q Query : use flama_phc
20241125@141127.3500 3j76al30dut1ceu8q0htemb04q Query : select st.usalote valor from st where st.ref = '324.4970.00.1'
20241125@141127.5500 3j76al30dut1ceu8q0htemb04q Query : select top 1 st.tabiva ,st.ivaincl ,st.stns ,st.uni2 ,st.familia ,isnull(tx.taxa, 0) txiva ,unidade ,usalote ,epcpond ,noserie ,conversao ,st.texteis from st left join taxasiva tx on st.tabiva = tx.codigo where st.ref = '324.4970.00.1'
20241125@141127.6900 3j76al30dut1ceu8q0htemb04q Query : select 1 valor from information_schema.tables where table_type='base table' and table_name='wstablefields'
20241125@141127.8600 3j76al30dut1ceu8q0htemb04q Query : select fieldkey,fieldname,fieldtype,mandatory from wstablefields where tablename = 'fi' and documentnumber = 39
20241125@141127.1090 3j76al30dut1ceu8q0htemb04q Query : select 1 valor from information_schema.tables where table_type='base table' and table_name='wstablefields'
20241125@141127.1230 3j76al30dut1ceu8q0htemb04q Query : select fieldkey,fieldname,fieldtype,mandatory from wstablefields where tablename = 'fi2' and documentnumber = 39
20241125@141127.1310 3j76al30dut1ceu8q0htemb04q Query : select top 1 convert(numeric(6,2),t.taxa) valor from taxasiva t where t.codigo='2'
20241125@141127.1430 3j76al30dut1ceu8q0htemb04q Query : select sestamp valor from se where ref ='324.4970.00.1' and lote = 'r2400492200a'
20241125@141127.1550 3j76al30dut1ceu8q0htemb04q Query : select 1 valor from information_schema.tables where table_type='base table' and table_name='wstablefields'
20241125@141127.1700 3j76al30dut1ceu8q0htemb04q Query : select fieldkey,fieldname,fieldtype,calcformula from wstablefields where tablename = 'fi2' and documentnumber = 39
20241125@141127.1830 3j76al30dut1ceu8q0htemb04q Query : insert into wsfi2data (fi2stamp,ftstamp ,ousrdata, ousrhora, usrdata,usrhora,ousrinis,usrinis) values ('aut67448057916744858f03','aut67448342686744858eca' ,getdate(),convert(char(8),convert (time,getdate())),getdate(),convert(char(8),convert (time,getdate())),'wsv','wsv')
20241125@141127.1880 3j76al30dut1ceu8q0htemb04q Query : select 1 valor from information_schema.tables where table_type='base table' and table_name='wstablefields'
20241125@141127.2010 3j76al30dut1ceu8q0htemb04q Query : select fieldkey,fieldname,fieldtype,calcformula from wstablefields where tablename = 'fi' and documentnumber = 39
20241125@141127.2350 3j76al30dut1ceu8q0htemb04q Query : insert into wsfidata (fistamp,ousrdata, ousrhora, usrdata,usrhora,ousrinis,usrinis ,qtt ,ftstamp ,epv,pvmoeda ,tabiva,iva,lordem ,ref, design ,lote,armazem,bistamp ) values ('aut67448057916744858f03',getdate(),convert(char(8),convert (time,getdate())),getdate(),convert(char(8),convert (time,getdate())),'wsv','wsv',96.000 ,'aut67448342686744858eca' ,0,0 ,2,23.00,20000,?,?,?,?,?)
20241125@141127.5250 3j76al30dut1ceu8q0htemb04q Query : use flama_phc
20241125@141127.5300 3j76al30dut1ceu8q0htemb04q Query : select st.usalote valor from st where st.ref = '324.4970.00.1'
20241125@141127.5580 3j76al30dut1ceu8q0htemb04q Query : select top 1 st.tabiva ,st.ivaincl ,st.stns ,st.uni2 ,st.familia ,isnull(tx.taxa, 0) txiva ,unidade ,usalote ,epcpond ,noserie ,conversao ,st.texteis from st left join taxasiva tx on st.tabiva = tx.codigo where st.ref = '324.4970.00.1'
20241125@141127.5740 3j76al30dut1ceu8q0htemb04q Query : select 1 valor from information_schema.tables where table_type='base table' and table_name='wstablefields'
20241125@141127.5930 3j76al30dut1ceu8q0htemb04q Query : select fieldkey,fieldname,fieldtype,mandatory from wstablefields where tablename = 'fi' and documentnumber = 39
20241125@141127.6180 3j76al30dut1ceu8q0htemb04q Query : select 1 valor from information_schema.tables where table_type='base table' and table_name='wstablefields'
20241125@141127.6410 3j76al30dut1ceu8q0htemb04q Query : select fieldkey,fieldname,fieldtype,mandatory from wstablefields where tablename = 'fi2' and documentnumber = 39
20241125@141127.6500 3j76al30dut1ceu8q0htemb04q Query : select top 1 convert(numeric(6,2),t.taxa) valor from taxasiva t where t.codigo='2'
20241125@141127.6670 3j76al30dut1ceu8q0htemb04q Query : select sestamp valor from se where ref ='324.4970.00.1' and lote = 'r2400492200a'
20241125@141127.6800 3j76al30dut1ceu8q0htemb04q Query : select 1 valor from information_schema.tables where table_type='base table' and table_name='wstablefields'
20241125@141127.6960 3j76al30dut1ceu8q0htemb04q Query : select fieldkey,fieldname,fieldtype,calcformula from wstablefields where tablename = 'fi2' and documentnumber = 39
20241125@141127.7090 3j76al30dut1ceu8q0htemb04q Query : insert into wsfi2data (fi2stamp,ftstamp ,ousrdata, ousrhora, usrdata,usrhora,ousrinis,usrinis) values ('aut67448226286744858f10','aut67448342686744858eca' ,getdate(),convert(char(8),convert (time,getdate())),getdate(),convert(char(8),convert (time,getdate())),'wsv','wsv')
20241125@141127.7140 3j76al30dut1ceu8q0htemb04q Query : select 1 valor from information_schema.tables where table_type='base table' and table_name='wstablefields'
20241125@141127.7290 3j76al30dut1ceu8q0htemb04q Query : select fieldkey,fieldname,fieldtype,calcformula from wstablefields where tablename = 'fi' and documentnumber = 39
20241125@141127.7590 3j76al30dut1ceu8q0htemb04q Query : insert into wsfidata (fistamp,ousrdata, ousrhora, usrdata,usrhora,ousrinis,usrinis ,qtt ,ftstamp ,epv,pvmoeda ,tabiva,iva,lordem ,ref, design ,lote,armazem,bistamp ) values ('aut67448226286744858f10',getdate(),convert(char(8),convert (time,getdate())),getdate(),convert(char(8),convert (time,getdate())),'wsv','wsv',96.000 ,'aut67448342686744858eca' ,0,0 ,2,23.00,30000,?,?,?,?,?)
20241125@141127.1056 3j76al30dut1ceu8q0htemb04q Query : insert into wsftcreationlog (initialftstamp,externalid,creationstatus,documenttypeid,idustamp) values ('aut67448342686744858eca','2407824','wait',39,'adm09112754980.682000002')
20241125@141127.3521 3j76al30dut1ceu8q0htemb04q Query : use flama_phc
20241125@141127.3526 3j76al30dut1ceu8q0htemb04q Query : update u_wsusers set rqsttoken =? where userid ='userls001'
20241125@141127.3565 3j76al30dut1ceu8q0htemb04q Query : select concat(rtrim(relative_path),ltrim(name_new)) as valor from uploadfiles where uploadfile_id='3483';
20241125@141127.3644 3j76al30dut1ceu8q0htemb04q Query : update uploadfiles set whenupdated=current_timestamp where uploadfile_id='3483';
20241125@141127.3707 3j76al30dut1ceu8q0htemb04q Query : select concat(rtrim(relative_path),ltrim(name_new)) as valor from uploadfiles where uploadfile_id='3483';
20241125@141127.3750 3j76al30dut1ceu8q0htemb04q Query : update uploadfiles set whenupdated=current_timestamp where uploadfile_id='3483';
20241125@141127.4279 0js6l5gumoqoljnc30b95dtji3 Query : insert into uploadfiles ( name_original, name_new, option_type, relative_path, whencreated ) values ( ?, ?, ?, ?, getdate() )
20241125@141127.4289 0js6l5gumoqoljnc30b95dtji3 Query : select uploadfile_id valor from uploadfiles where name_new = ? and option_type = ? 
20241125@141127.4389 0js6l5gumoqoljnc30b95dtji3 Query : select concat(rtrim(relative_path),ltrim(name_new)) as valor from uploadfiles where uploadfile_id='3484';
20241125@141127.4461 0js6l5gumoqoljnc30b95dtji3 Query : update uploadfiles set whenupdated=current_timestamp where uploadfile_id='3484';
20241125@141127.4538 0js6l5gumoqoljnc30b95dtji3 Query : select concat(rtrim(relative_path),ltrim(name_new)) as valor from uploadfiles where uploadfile_id='3484';
20241125@141127.4781 0js6l5gumoqoljnc30b95dtji3 Query : update uploadfiles set whenupdated=current_timestamp where uploadfile_id='3484';
20241125@141127.4853 0js6l5gumoqoljnc30b95dtji3 Query : use flama_phc
20241125@141127.4856 0js6l5gumoqoljnc30b95dtji3 Query : select top 1 secretkey valor from u_wsusers u where u.userid = ? and u.inactivo=0
20241125@141127.5265 0js6l5gumoqoljnc30b95dtji3 Query : use flama_phc
20241125@141127.5269 0js6l5gumoqoljnc30b95dtji3 Query : select no, estab,szadrsdesc from szadrs where u_coddest=4740
20241125@141127.5507 0js6l5gumoqoljnc30b95dtji3 Query : select top 1 isnull(design,'') valor from st (nolock) left join stobs (nolock) on st.ref = stobs.ref where st.ref = '324.2041.00.1'
20241125@141127.5694 0js6l5gumoqoljnc30b95dtji3 Query : select top 1 bistamp valor from bi inner join bo on bo.bostamp=bi.bostamp where bo.ndos =240 and bo.boano =2078 and bo.obrano = 2407825 and bi.ref ='324.2041.00.1' and bi.lordem =1
20241125@141127.6192 0js6l5gumoqoljnc30b95dtji3 Query : select top 1 isnull(design,'') valor from st (nolock) left join stobs (nolock) on st.ref = stobs.ref where st.ref = '324.2041.00.1'
20241125@141127.6214 0js6l5gumoqoljnc30b95dtji3 Query : select top 1 bistamp valor from bi inner join bo on bo.bostamp=bi.bostamp where bo.ndos =240 and bo.boano =2078 and bo.obrano = 2407825 and bi.ref ='324.2041.00.1' and bi.lordem =1
20241125@141127.6231 0js6l5gumoqoljnc30b95dtji3 Query : use flama_phc
20241125@141127.6234 0js6l5gumoqoljnc30b95dtji3 Query : select top 1 convert(date,fdata) valor from ft where ndoc = 39 and anulado= 0 and fno>0 order by fdata desc
20241125@141127.6268 0js6l5gumoqoljnc30b95dtji3 Query : use flama_phc
20241125@141127.6271 0js6l5gumoqoljnc30b95dtji3 Query : select top 1 1 valor from td where td.ndoc = 39
20241125@141127.6303 0js6l5gumoqoljnc30b95dtji3 Query : use flama_phc
20241125@141127.6306 0js6l5gumoqoljnc30b95dtji3 Query : select lower(descricao) descricao ,case when valor='s' then 1 else 0 end valor from para1 where descricao in ('st_lote','st_usalogifunc', 'st_grelha')
20241125@141127.6333 0js6l5gumoqoljnc30b95dtji3 Query : select top 1 manternumero ,assinadoc issigned ,tiposaft ,assinaimp ,nmdos ,td.assinadoc ,'cl' origin ,lancasl stocks ,case when cmsl<50 and td.lancasl=1 then 1 else 0 end entrada ,case when cmsl>50 and td.lancasl=1 then 1 else 0 end saida ,temserie assets ,~semgre usegridfields from td inner join td2 on td.tdstamp=td2.td2stamp where td.ndoc = 1
20241125@141127.6372 0js6l5gumoqoljnc30b95dtji3 Query : use flama_phc
20241125@141127.6375 0js6l5gumoqoljnc30b95dtji3 Query : select top 1 ~inactivo valor from cl where no = '100810' and estab = 0 order by inactivo desc
20241125@141127.6407 0js6l5gumoqoljnc30b95dtji3 Query : use flama_phc
20241125@141127.6410 0js6l5gumoqoljnc30b95dtji3 Query : select top 1 tipodoc,regrd from td where ndoc = 39
20241125@141127.6438 0js6l5gumoqoljnc30b95dtji3 Query : use flama_phc
20241125@141127.6441 0js6l5gumoqoljnc30b95dtji3 Query : select szadrsstamp valor from szadrs where szadrsdesc='espaÇotrans,lda'
20241125@141127.6484 0js6l5gumoqoljnc30b95dtji3 Query : use flama_phc
20241125@141127.6487 0js6l5gumoqoljnc30b95dtji3 Query : select szadrsstamp valor from szadrs where szadrsdesc='100810 - worten-equipamentos para o lar,sa.'
20241125@141127.6535 0js6l5gumoqoljnc30b95dtji3 Query : use flama_phc
20241125@141127.6537 0js6l5gumoqoljnc30b95dtji3 Query : select 1 valor from td where ndoc = 39
20241125@141127.6549 0js6l5gumoqoljnc30b95dtji3 Query : select top 1 manternumero, tiposaft, nmdos,td.assinadoc from td where td.ndoc = 39
20241125@141127.6562 0js6l5gumoqoljnc30b95dtji3 Query : select 1 valor from information_schema.tables where table_type='base table' and table_name='wstablefields'
20241125@141127.6590 0js6l5gumoqoljnc30b95dtji3 Query : select fieldkey,fieldname,fieldtype,mandatory from wstablefields where tablename = 'ft' and documentnumber = 39
20241125@141127.6607 0js6l5gumoqoljnc30b95dtji3 Query : select 1 valor from information_schema.tables where table_type='base table' and table_name='wstablefields'
20241125@141127.6629 0js6l5gumoqoljnc30b95dtji3 Query : select fieldkey,fieldname,fieldtype,mandatory from wstablefields where tablename = 'ft2' and documentnumber = 39
20241125@141127.6656 0js6l5gumoqoljnc30b95dtji3 Query : select 1 valor from information_schema.tables where table_type='base table' and table_name='wstablefields'
20241125@141127.6678 0js6l5gumoqoljnc30b95dtji3 Query : select fieldkey,fieldname,fieldtype,mandatory from wstablefields where tablename = 'ft3' and documentnumber = 39
20241125@141127.6690 0js6l5gumoqoljnc30b95dtji3 Query : select top 1 ft.fno valor from ft ft where ft.ndoc = 39 and ftano=2024 order by fno desc
20241125@141127.6787 0js6l5gumoqoljnc30b95dtji3 Query : select top 1 ft.fno valor from wsftdata ft where ft.ndoc = 39 and ftano=2024 order by fno desc
20241125@141127.6803 0js6l5gumoqoljnc30b95dtji3 Query : select 1 valor from information_schema.tables where table_type='base table' and table_name='wstablefields'
20241125@141127.6818 0js6l5gumoqoljnc30b95dtji3 Query : select fieldkey,fieldname,fieldtype,calcformula from wstablefields where tablename = 'ft3' and documentnumber = 39
20241125@141127.6836 0js6l5gumoqoljnc30b95dtji3 Query : insert into wsft3data (ft3stamp, ousrdata, ousrhora, usrdata,usrhora,ousrinis,usrinis,taxpointdt ) values ('aut67448912606744858fa3' ,getdate(),convert(char(8),convert (time,getdate())),getdate(),convert(char(8),convert (time,getdate())),'wsv','wsv',?)
20241125@141127.8385 0js6l5gumoqoljnc30b95dtji3 Query : select 1 valor from information_schema.tables where table_type='base table' and table_name='wstablefields'
20241125@141127.8964 0js6l5gumoqoljnc30b95dtji3 Query : select fieldkey,fieldname,fieldtype,calcformula from wstablefields where tablename = 'ft2' and documentnumber = 39
20241125@141127.9777 0js6l5gumoqoljnc30b95dtji3 Query : select top 1 bo.u_nomeenv valor from bo where bo.bostamp=''
20241125@141127.9789 0js6l5gumoqoljnc30b95dtji3 Query : select top 1 bo.u_moradaen valor from bo where bo.bostamp=''
20241125@141127.9800 0js6l5gumoqoljnc30b95dtji3 Query : select top 1 bo.u_codposen valor from bo where bo.bostamp=''
20241125@141127.9814 0js6l5gumoqoljnc30b95dtji3 Query : select top 1 bo.u_localenv valor from bo where bo.bostamp=''
20241125@141127.9827 0js6l5gumoqoljnc30b95dtji3 Query : select top 1 bo.trab5 valor from bo where bo.bostamp=''
20241125@141127.9838 0js6l5gumoqoljnc30b95dtji3 Query : select top 1 bo.serie valor from bo where bo.bostamp=''
20241125@141127.9858 0js6l5gumoqoljnc30b95dtji3 Query : insert into wsft2data (ft2stamp, ousrdata,ousrhora, usrdata,usrhora,ousrinis,usrinis,u_nomeenv ,u_moradaen ,u_codposen ,u_localenv ,u_coddest ,u_codby ) values ('aut67448912606744858fa3',getdate(),convert(char(8),convert (time,getdate())),getdate(),convert(char(8),convert (time,getdate())),'wsv','wsv',?,?,?,?,?,?)
20241125@141128.1560 0js6l5gumoqoljnc30b95dtji3 Query : select top 1 fno valor from wsftdata order by fno desc
20241125@141128.1950 0js6l5gumoqoljnc30b95dtji3 Query : select 1 valor from information_schema.tables where table_type='base table' and table_name='wstablefields'
20241125@141128.2190 0js6l5gumoqoljnc30b95dtji3 Query : select fieldkey,fieldname,fieldtype,calcformula from wstablefields where tablename = 'ft' and documentnumber = 39
20241125@141128.2450 0js6l5gumoqoljnc30b95dtji3 Query : select 'normal' from dummy
20241125@141128.2680 0js6l5gumoqoljnc30b95dtji3 Query : insert into wsftdata (ftstamp, ousrdata,ousrhora, usrdata,usrhora,ousrinis,usrinis,fno,no,estab,fdata,ndoc,moeda,cambio,cambiofixo,ftano,site ,classe ) values ('aut67448912606744858fa3',getdate(),convert(char(8),convert (time,getdate())),getdate(),convert(char(8),convert (time,getdate())),'wsv','wsv',2019,100810,0,'2024-11-25',39,'euro',0,0,2024 ,?,?)
20241125@141128.6670 0js6l5gumoqoljnc30b95dtji3 Query : use flama_phc
20241125@141128.6710 0js6l5gumoqoljnc30b95dtji3 Query : select st.usalote valor from st where st.ref = '324.2041.00.1'
20241125@141128.7050 0js6l5gumoqoljnc30b95dtji3 Query : select top 1 st.tabiva ,st.ivaincl ,st.stns ,st.uni2 ,st.familia ,isnull(tx.taxa, 0) txiva ,unidade ,usalote ,epcpond ,noserie ,conversao ,st.texteis from st left join taxasiva tx on st.tabiva = tx.codigo where st.ref = '324.2041.00.1'
20241125@141128.8880 0js6l5gumoqoljnc30b95dtji3 Query : select 1 valor from information_schema.tables where table_type='base table' and table_name='wstablefields'
20241125@141128.9530 0js6l5gumoqoljnc30b95dtji3 Query : select fieldkey,fieldname,fieldtype,mandatory from wstablefields where tablename = 'fi' and documentnumber = 39
20241125@141128.1020 0js6l5gumoqoljnc30b95dtji3 Query : select 1 valor from information_schema.tables where table_type='base table' and table_name='wstablefields'
20241125@141128.1048 0js6l5gumoqoljnc30b95dtji3 Query : select fieldkey,fieldname,fieldtype,mandatory from wstablefields where tablename = 'fi2' and documentnumber = 39
20241125@141128.1058 0js6l5gumoqoljnc30b95dtji3 Query : select top 1 convert(numeric(6,2),t.taxa) valor from taxasiva t where t.codigo='2'
20241125@141128.1418 0js6l5gumoqoljnc30b95dtji3 Query : select sestamp valor from se where ref ='324.2041.00.1' and lote = 'r2100232100a'
20241125@141128.1438 0js6l5gumoqoljnc30b95dtji3 Query : select 1 valor from information_schema.tables where table_type='base table' and table_name='wstablefields'
20241125@141128.1458 0js6l5gumoqoljnc30b95dtji3 Query : select fieldkey,fieldname,fieldtype,calcformula from wstablefields where tablename = 'fi2' and documentnumber = 39
20241125@141128.1472 0js6l5gumoqoljnc30b95dtji3 Query : insert into wsfi2data (fi2stamp,ftstamp ,ousrdata, ousrhora, usrdata,usrhora,ousrinis,usrinis) values ('aut67448041816744859023','aut67448912606744858fa3' ,getdate(),convert(char(8),convert (time,getdate())),getdate(),convert(char(8),convert (time,getdate())),'wsv','wsv')
20241125@141128.1483 0js6l5gumoqoljnc30b95dtji3 Query : select 1 valor from information_schema.tables where table_type='base table' and table_name='wstablefields'
20241125@141128.1501 0js6l5gumoqoljnc30b95dtji3 Query : select fieldkey,fieldname,fieldtype,calcformula from wstablefields where tablename = 'fi' and documentnumber = 39
20241125@141128.1545 0js6l5gumoqoljnc30b95dtji3 Query : insert into wsfidata (fistamp,ousrdata, ousrhora, usrdata,usrhora,ousrinis,usrinis ,qtt ,ftstamp ,epv,pvmoeda ,tabiva,iva,lordem ,ref, design ,lote,armazem,bistamp ) values ('aut67448041816744859023',getdate(),convert(char(8),convert (time,getdate())),getdate(),convert(char(8),convert (time,getdate())),'wsv','wsv',18.000 ,'aut67448912606744858fa3' ,0,0 ,2,23.00,10000,?,?,?,?,?)
20241125@141128.1849 0js6l5gumoqoljnc30b95dtji3 Query : select 1 valor from information_schema.tables where table_type='base table' and table_name='wstablefields'
20241125@141128.1868 0js6l5gumoqoljnc30b95dtji3 Query : select fieldkey,fieldname,fieldtype,mandatory from wstablefields where tablename = 'fi' and documentnumber = 39
20241125@141128.1895 0js6l5gumoqoljnc30b95dtji3 Query : select 1 valor from information_schema.tables where table_type='base table' and table_name='wstablefields'
20241125@141128.1910 0js6l5gumoqoljnc30b95dtji3 Query : select fieldkey,fieldname,fieldtype,mandatory from wstablefields where tablename = 'fi2' and documentnumber = 39
20241125@141128.1919 0js6l5gumoqoljnc30b95dtji3 Query : select top 1 convert(numeric(6,2),t.taxa) valor from taxasiva t where t.codigo='2'
20241125@141128.1931 0js6l5gumoqoljnc30b95dtji3 Query : select 1 valor from information_schema.tables where table_type='base table' and table_name='wstablefields'
20241125@141128.1946 0js6l5gumoqoljnc30b95dtji3 Query : select fieldkey,fieldname,fieldtype,calcformula from wstablefields where tablename = 'fi2' and documentnumber = 39
20241125@141128.1958 0js6l5gumoqoljnc30b95dtji3 Query : insert into wsfi2data (fi2stamp,ftstamp ,ousrdata, ousrhora, usrdata,usrhora,ousrinis,usrinis) values ('aut6744847169674485902f','aut67448912606744858fa3' ,getdate(),convert(char(8),convert (time,getdate())),getdate(),convert(char(8),convert (time,getdate())),'wsv','wsv')
20241125@141128.1962 0js6l5gumoqoljnc30b95dtji3 Query : select 1 valor from information_schema.tables where table_type='base table' and table_name='wstablefields'
20241125@141128.1976 0js6l5gumoqoljnc30b95dtji3 Query : select fieldkey,fieldname,fieldtype,calcformula from wstablefields where tablename = 'fi' and documentnumber = 39
20241125@141128.2034 0js6l5gumoqoljnc30b95dtji3 Query : insert into wsfidata (fistamp,ousrdata, ousrhora, usrdata,usrhora,ousrinis,usrinis ,qtt ,ftstamp ,epv,pvmoeda ,tabiva,iva,lordem ,ref, design ,armazem) values ('aut6744847169674485902f',getdate(),convert(char(8),convert (time,getdate())),getdate(),convert(char(8),convert (time,getdate())),'wsv','wsv',0 ,'aut67448912606744858fa3' ,0,0 ,2,23.00,20000,?,?,?)
20241125@141128.2525 0js6l5gumoqoljnc30b95dtji3 Query : use flama_phc
20241125@141128.2567 0js6l5gumoqoljnc30b95dtji3 Query : select st.usalote valor from st where st.ref = '324.2041.00.1'
20241125@141128.2811 0js6l5gumoqoljnc30b95dtji3 Query : select top 1 st.tabiva ,st.ivaincl ,st.stns ,st.uni2 ,st.familia ,isnull(tx.taxa, 0) txiva ,unidade ,usalote ,epcpond ,noserie ,conversao ,st.texteis from st left join taxasiva tx on st.tabiva = tx.codigo where st.ref = '324.2041.00.1'
20241125@141128.2828 0js6l5gumoqoljnc30b95dtji3 Query : select 1 valor from information_schema.tables where table_type='base table' and table_name='wstablefields'
20241125@141128.2845 0js6l5gumoqoljnc30b95dtji3 Query : select fieldkey,fieldname,fieldtype,mandatory from wstablefields where tablename = 'fi' and documentnumber = 39
20241125@141128.2868 0js6l5gumoqoljnc30b95dtji3 Query : select 1 valor from information_schema.tables where table_type='base table' and table_name='wstablefields'
20241125@141128.2896 0js6l5gumoqoljnc30b95dtji3 Query : select fieldkey,fieldname,fieldtype,mandatory from wstablefields where tablename = 'fi2' and documentnumber = 39
20241125@141128.2904 0js6l5gumoqoljnc30b95dtji3 Query : select top 1 convert(numeric(6,2),t.taxa) valor from taxasiva t where t.codigo='2'
20241125@141128.2920 0js6l5gumoqoljnc30b95dtji3 Query : select sestamp valor from se where ref ='324.2041.00.1' and lote = 'r2100232100a'
20241125@141128.2940 0js6l5gumoqoljnc30b95dtji3 Query : select 1 valor from information_schema.tables where table_type='base table' and table_name='wstablefields'
20241125@141128.2954 0js6l5gumoqoljnc30b95dtji3 Query : select fieldkey,fieldname,fieldtype,calcformula from wstablefields where tablename = 'fi2' and documentnumber = 39
20241125@141128.2965 0js6l5gumoqoljnc30b95dtji3 Query : insert into wsfi2data (fi2stamp,ftstamp ,ousrdata, ousrhora, usrdata,usrhora,ousrinis,usrinis) values ('aut67448500786744859047','aut67448912606744858fa3' ,getdate(),convert(char(8),convert (time,getdate())),getdate(),convert(char(8),convert (time,getdate())),'wsv','wsv')
20241125@141128.2969 0js6l5gumoqoljnc30b95dtji3 Query : select 1 valor from information_schema.tables where table_type='base table' and table_name='wstablefields'
20241125@141128.2984 0js6l5gumoqoljnc30b95dtji3 Query : select fieldkey,fieldname,fieldtype,calcformula from wstablefields where tablename = 'fi' and documentnumber = 39
20241125@141128.3011 0js6l5gumoqoljnc30b95dtji3 Query : insert into wsfidata (fistamp,ousrdata, ousrhora, usrdata,usrhora,ousrinis,usrinis ,qtt ,ftstamp ,epv,pvmoeda ,tabiva,iva,lordem ,ref, design ,lote,armazem,bistamp ) values ('aut67448500786744859047',getdate(),convert(char(8),convert (time,getdate())),getdate(),convert(char(8),convert (time,getdate())),'wsv','wsv',36.000 ,'aut67448912606744858fa3' ,0,0 ,2,23.00,40000,?,?,?,?,?)
20241125@141128.3304 0js6l5gumoqoljnc30b95dtji3 Query : select 1 valor from information_schema.tables where table_type='base table' and table_name='wstablefields'
20241125@141128.3320 0js6l5gumoqoljnc30b95dtji3 Query : select fieldkey,fieldname,fieldtype,mandatory from wstablefields where tablename = 'fi' and documentnumber = 39
20241125@141128.3348 0js6l5gumoqoljnc30b95dtji3 Query : select 1 valor from information_schema.tables where table_type='base table' and table_name='wstablefields'
20241125@141128.3362 0js6l5gumoqoljnc30b95dtji3 Query : select fieldkey,fieldname,fieldtype,mandatory from wstablefields where tablename = 'fi2' and documentnumber = 39
20241125@141128.3370 0js6l5gumoqoljnc30b95dtji3 Query : select top 1 convert(numeric(6,2),t.taxa) valor from taxasiva t where t.codigo='2'
20241125@141128.3382 0js6l5gumoqoljnc30b95dtji3 Query : select 1 valor from information_schema.tables where table_type='base table' and table_name='wstablefields'
20241125@141128.3397 0js6l5gumoqoljnc30b95dtji3 Query : select fieldkey,fieldname,fieldtype,calcformula from wstablefields where tablename = 'fi2' and documentnumber = 39
20241125@141128.3407 0js6l5gumoqoljnc30b95dtji3 Query : insert into wsfi2data (fi2stamp,ftstamp ,ousrdata, ousrhora, usrdata,usrhora,ousrinis,usrinis) values ('aut67448902506744859052','aut67448912606744858fa3' ,getdate(),convert(char(8),convert (time,getdate())),getdate(),convert(char(8),convert (time,getdate())),'wsv','wsv')
20241125@141128.3412 0js6l5gumoqoljnc30b95dtji3 Query : select 1 valor from information_schema.tables where table_type='base table' and table_name='wstablefields'
20241125@141128.3428 0js6l5gumoqoljnc30b95dtji3 Query : select fieldkey,fieldname,fieldtype,calcformula from wstablefields where tablename = 'fi' and documentnumber = 39
20241125@141128.3456 0js6l5gumoqoljnc30b95dtji3 Query : insert into wsfidata (fistamp,ousrdata, ousrhora, usrdata,usrhora,ousrinis,usrinis ,qtt ,ftstamp ,epv,pvmoeda ,tabiva,iva,lordem ,ref, design ,armazem) values ('aut67448902506744859052',getdate(),convert(char(8),convert (time,getdate())),getdate(),convert(char(8),convert (time,getdate())),'wsv','wsv',0 ,'aut67448912606744858fa3' ,0,0 ,2,23.00,50000,?,?,?)
20241125@141128.3746 0js6l5gumoqoljnc30b95dtji3 Query : insert into wsftcreationlog (initialftstamp,externalid,creationstatus,documenttypeid,idustamp) values ('aut67448912606744858fa3','2407825','wait',39,'adm09112754980.682000002')
20241125@141128.3833 0js6l5gumoqoljnc30b95dtji3 Query : use flama_phc
20241125@141128.3837 0js6l5gumoqoljnc30b95dtji3 Query : update u_wsusers set rqsttoken =? where userid ='userls001'
20241125@141128.3868 0js6l5gumoqoljnc30b95dtji3 Query : select concat(rtrim(relative_path),ltrim(name_new)) as valor from uploadfiles where uploadfile_id='3484';
20241125@141128.3908 0js6l5gumoqoljnc30b95dtji3 Query : update uploadfiles set whenupdated=current_timestamp where uploadfile_id='3484';
20241125@141128.3956 0js6l5gumoqoljnc30b95dtji3 Query : select concat(rtrim(relative_path),ltrim(name_new)) as valor from uploadfiles where uploadfile_id='3484';
20241125@141128.3984 0js6l5gumoqoljnc30b95dtji3 Query : update uploadfiles set whenupdated=current_timestamp where uploadfile_id='3484';
20241125@141128.4481 oh363euo7nr06ukh4176bpvf5b Query : insert into uploadfiles ( name_original, name_new, option_type, relative_path, whencreated ) values ( ?, ?, ?, ?, getdate() )
20241125@141128.4492 oh363euo7nr06ukh4176bpvf5b Query : select uploadfile_id valor from uploadfiles where name_new = ? and option_type = ? 
20241125@141128.4569 oh363euo7nr06ukh4176bpvf5b Query : select concat(rtrim(relative_path),ltrim(name_new)) as valor from uploadfiles where uploadfile_id='3485';
20241125@141128.4637 oh363euo7nr06ukh4176bpvf5b Query : update uploadfiles set whenupdated=current_timestamp where uploadfile_id='3485';
20241125@141128.4701 oh363euo7nr06ukh4176bpvf5b Query : select concat(rtrim(relative_path),ltrim(name_new)) as valor from uploadfiles where uploadfile_id='3485';
20241125@141128.4734 oh363euo7nr06ukh4176bpvf5b Query : update uploadfiles set whenupdated=current_timestamp where uploadfile_id='3485';
20241125@141128.4813 oh363euo7nr06ukh4176bpvf5b Query : use flama_phc
20241125@141128.4817 oh363euo7nr06ukh4176bpvf5b Query : select top 1 secretkey valor from u_wsusers u where u.userid = ? and u.inactivo=0
20241125@141128.4895 oh363euo7nr06ukh4176bpvf5b Query : use flama_phc
20241125@141128.4898 oh363euo7nr06ukh4176bpvf5b Query : select no, estab,szadrsdesc from szadrs where u_coddest=4740
20241125@141128.4946 oh363euo7nr06ukh4176bpvf5b Query : select top 1 isnull(design,'') valor from st (nolock) left join stobs (nolock) on st.ref = stobs.ref where st.ref = '324.946.00.01'
20241125@141128.4966 oh363euo7nr06ukh4176bpvf5b Query : select top 1 bistamp valor from bi inner join bo on bo.bostamp=bi.bostamp where bo.ndos =240 and bo.boano =2078 and bo.obrano = 2407826 and bi.ref ='324.946.00.01' and bi.lordem =1
20241125@141128.5318 oh363euo7nr06ukh4176bpvf5b Query : select top 1 isnull(design,'') valor from st (nolock) left join stobs (nolock) on st.ref = stobs.ref where st.ref = '324.946.00.01'
20241125@141128.5339 oh363euo7nr06ukh4176bpvf5b Query : select top 1 bistamp valor from bi inner join bo on bo.bostamp=bi.bostamp where bo.ndos =240 and bo.boano =2078 and bo.obrano = 2407826 and bi.ref ='324.946.00.01' and bi.lordem =1
20241125@141128.5355 oh363euo7nr06ukh4176bpvf5b Query : select top 1 isnull(design,'') valor from st (nolock) left join stobs (nolock) on st.ref = stobs.ref where st.ref = '324.946.00.01'
20241125@141128.5373 oh363euo7nr06ukh4176bpvf5b Query : select top 1 bistamp valor from bi inner join bo on bo.bostamp=bi.bostamp where bo.ndos =240 and bo.boano =2078 and bo.obrano = 2407826 and bi.ref ='324.946.00.01' and bi.lordem =1
20241125@141128.5392 oh363euo7nr06ukh4176bpvf5b Query : use flama_phc
20241125@141128.5396 oh363euo7nr06ukh4176bpvf5b Query : select top 1 convert(date,fdata) valor from ft where ndoc = 39 and anulado= 0 and fno>0 order by fdata desc
20241125@141128.5428 oh363euo7nr06ukh4176bpvf5b Query : use flama_phc
20241125@141128.5431 oh363euo7nr06ukh4176bpvf5b Query : select top 1 1 valor from td where td.ndoc = 39
20241125@141128.5478 oh363euo7nr06ukh4176bpvf5b Query : use flama_phc
20241125@141128.5481 oh363euo7nr06ukh4176bpvf5b Query : select lower(descricao) descricao ,case when valor='s' then 1 else 0 end valor from para1 where descricao in ('st_lote','st_usalogifunc', 'st_grelha')
20241125@141128.5507 oh363euo7nr06ukh4176bpvf5b Query : select top 1 manternumero ,assinadoc issigned ,tiposaft ,assinaimp ,nmdos ,td.assinadoc ,'cl' origin ,lancasl stocks ,case when cmsl<50 and td.lancasl=1 then 1 else 0 end entrada ,case when cmsl>50 and td.lancasl=1 then 1 else 0 end saida ,temserie assets ,~semgre usegridfields from td inner join td2 on td.tdstamp=td2.td2stamp where td.ndoc = 1
20241125@141128.5539 oh363euo7nr06ukh4176bpvf5b Query : use flama_phc
20241125@141128.5542 oh363euo7nr06ukh4176bpvf5b Query : select top 1 ~inactivo valor from cl where no = '100810' and estab = 0 order by inactivo desc
20241125@141128.5570 oh363euo7nr06ukh4176bpvf5b Query : use flama_phc
20241125@141128.5573 oh363euo7nr06ukh4176bpvf5b Query : select top 1 tipodoc,regrd from td where ndoc = 39
20241125@141128.5600 oh363euo7nr06ukh4176bpvf5b Query : use flama_phc
20241125@141128.5603 oh363euo7nr06ukh4176bpvf5b Query : select szadrsstamp valor from szadrs where szadrsdesc='espaÇotrans,lda'
20241125@141128.5642 oh363euo7nr06ukh4176bpvf5b Query : use flama_phc
20241125@141128.5645 oh363euo7nr06ukh4176bpvf5b Query : select szadrsstamp valor from szadrs where szadrsdesc='100810 - worten-equipamentos para o lar,sa.'
20241125@141128.5718 oh363euo7nr06ukh4176bpvf5b Query : use flama_phc
20241125@141128.5721 oh363euo7nr06ukh4176bpvf5b Query : select 1 valor from td where ndoc = 39
20241125@141128.5733 oh363euo7nr06ukh4176bpvf5b Query : select top 1 manternumero, tiposaft, nmdos,td.assinadoc from td where td.ndoc = 39
20241125@141128.5747 oh363euo7nr06ukh4176bpvf5b Query : select 1 valor from information_schema.tables where table_type='base table' and table_name='wstablefields'
20241125@141128.5772 oh363euo7nr06ukh4176bpvf5b Query : select fieldkey,fieldname,fieldtype,mandatory from wstablefields where tablename = 'ft' and documentnumber = 39
20241125@141128.5790 oh363euo7nr06ukh4176bpvf5b Query : select 1 valor from information_schema.tables where table_type='base table' and table_name='wstablefields'
20241125@141128.5804 oh363euo7nr06ukh4176bpvf5b Query : select fieldkey,fieldname,fieldtype,mandatory from wstablefields where tablename = 'ft2' and documentnumber = 39
20241125@141128.5830 oh363euo7nr06ukh4176bpvf5b Query : select 1 valor from information_schema.tables where table_type='base table' and table_name='wstablefields'
20241125@141128.5844 oh363euo7nr06ukh4176bpvf5b Query : select fieldkey,fieldname,fieldtype,mandatory from wstablefields where tablename = 'ft3' and documentnumber = 39
20241125@141128.5856 oh363euo7nr06ukh4176bpvf5b Query : select top 1 ft.fno valor from ft ft where ft.ndoc = 39 and ftano=2024 order by fno desc
20241125@141128.5918 oh363euo7nr06ukh4176bpvf5b Query : select top 1 ft.fno valor from wsftdata ft where ft.ndoc = 39 and ftano=2024 order by fno desc
20241125@141128.5933 oh363euo7nr06ukh4176bpvf5b Query : select 1 valor from information_schema.tables where table_type='base table' and table_name='wstablefields'
20241125@141128.5948 oh363euo7nr06ukh4176bpvf5b Query : select fieldkey,fieldname,fieldtype,calcformula from wstablefields where tablename = 'ft3' and documentnumber = 39
20241125@141128.5963 oh363euo7nr06ukh4176bpvf5b Query : insert into wsft3data (ft3stamp, ousrdata, ousrhora, usrdata,usrhora,ousrinis,usrinis,taxpointdt ) values ('aut6744836774674485908e' ,getdate(),convert(char(8),convert (time,getdate())),getdate(),convert(char(8),convert (time,getdate())),'wsv','wsv',?)
20241125@141128.6154 oh363euo7nr06ukh4176bpvf5b Query : select 1 valor from information_schema.tables where table_type='base table' and table_name='wstablefields'
20241125@141128.6182 oh363euo7nr06ukh4176bpvf5b Query : select fieldkey,fieldname,fieldtype,calcformula from wstablefields where tablename = 'ft2' and documentnumber = 39
20241125@141128.6213 oh363euo7nr06ukh4176bpvf5b Query : select top 1 bo.u_nomeenv valor from bo where bo.bostamp=''
20241125@141128.6225 oh363euo7nr06ukh4176bpvf5b Query : select top 1 bo.u_moradaen valor from bo where bo.bostamp=''
20241125@141128.6236 oh363euo7nr06ukh4176bpvf5b Query : select top 1 bo.u_codposen valor from bo where bo.bostamp=''
20241125@141128.6248 oh363euo7nr06ukh4176bpvf5b Query : select top 1 bo.u_localenv valor from bo where bo.bostamp=''
20241125@141128.6259 oh363euo7nr06ukh4176bpvf5b Query : select top 1 bo.trab5 valor from bo where bo.bostamp=''
20241125@141128.6272 oh363euo7nr06ukh4176bpvf5b Query : select top 1 bo.serie valor from bo where bo.bostamp=''
20241125@141128.6283 oh363euo7nr06ukh4176bpvf5b Query : insert into wsft2data (ft2stamp, ousrdata,ousrhora, usrdata,usrhora,ousrinis,usrinis,u_nomeenv ,u_moradaen ,u_codposen ,u_localenv ,u_coddest ,u_codby ) values ('aut6744836774674485908e',getdate(),convert(char(8),convert (time,getdate())),getdate(),convert(char(8),convert (time,getdate())),'wsv','wsv',?,?,?,?,?,?)
20241125@141128.6563 oh363euo7nr06ukh4176bpvf5b Query : select top 1 fno valor from wsftdata order by fno desc
20241125@141128.6594 oh363euo7nr06ukh4176bpvf5b Query : select 1 valor from information_schema.tables where table_type='base table' and table_name='wstablefields'
20241125@141128.6610 oh363euo7nr06ukh4176bpvf5b Query : select fieldkey,fieldname,fieldtype,calcformula from wstablefields where tablename = 'ft' and documentnumber = 39
20241125@141128.6631 oh363euo7nr06ukh4176bpvf5b Query : select 'normal' from dummy
20241125@141128.6647 oh363euo7nr06ukh4176bpvf5b Query : insert into wsftdata (ftstamp, ousrdata,ousrhora, usrdata,usrhora,ousrinis,usrinis,fno,no,estab,fdata,ndoc,moeda,cambio,cambiofixo,ftano,site ,classe ) values ('aut6744836774674485908e',getdate(),convert(char(8),convert (time,getdate())),getdate(),convert(char(8),convert (time,getdate())),'wsv','wsv',2020,100810,0,'2024-11-25',39,'euro',0,0,2024 ,?,?)
20241125@141128.6983 oh363euo7nr06ukh4176bpvf5b Query : use flama_phc
20241125@141128.6987 oh363euo7nr06ukh4176bpvf5b Query : select st.usalote valor from st where st.ref = '324.946.00.01'
20241125@141128.7008 oh363euo7nr06ukh4176bpvf5b Query : select top 1 st.tabiva ,st.ivaincl ,st.stns ,st.uni2 ,st.familia ,isnull(tx.taxa, 0) txiva ,unidade ,usalote ,epcpond ,noserie ,conversao ,st.texteis from st left join taxasiva tx on st.tabiva = tx.codigo where st.ref = '324.946.00.01'
20241125@141128.7029 oh363euo7nr06ukh4176bpvf5b Query : select 1 valor from information_schema.tables where table_type='base table' and table_name='wstablefields'
20241125@141128.7045 oh363euo7nr06ukh4176bpvf5b Query : select fieldkey,fieldname,fieldtype,mandatory from wstablefields where tablename = 'fi' and documentnumber = 39
20241125@141128.7072 oh363euo7nr06ukh4176bpvf5b Query : select 1 valor from information_schema.tables where table_type='base table' and table_name='wstablefields'
20241125@141128.7087 oh363euo7nr06ukh4176bpvf5b Query : select fieldkey,fieldname,fieldtype,mandatory from wstablefields where tablename = 'fi2' and documentnumber = 39
20241125@141128.7096 oh363euo7nr06ukh4176bpvf5b Query : select top 1 convert(numeric(6,2),t.taxa) valor from taxasiva t where t.codigo='2'
20241125@141128.7109 oh363euo7nr06ukh4176bpvf5b Query : select sestamp valor from se where ref ='324.946.00.01' and lote = 'r2300941200a'
20241125@141128.7122 oh363euo7nr06ukh4176bpvf5b Query : select 1 valor from information_schema.tables where table_type='base table' and table_name='wstablefields'
20241125@141128.7136 oh363euo7nr06ukh4176bpvf5b Query : select fieldkey,fieldname,fieldtype,calcformula from wstablefields where tablename = 'fi2' and documentnumber = 39
20241125@141128.7148 oh363euo7nr06ukh4176bpvf5b Query : insert into wsfi2data (fi2stamp,ftstamp ,ousrdata, ousrhora, usrdata,usrhora,ousrinis,usrinis) values ('aut674480540967448590ad','aut6744836774674485908e' ,getdate(),convert(char(8),convert (time,getdate())),getdate(),convert(char(8),convert (time,getdate())),'wsv','wsv')
20241125@141128.7152 oh363euo7nr06ukh4176bpvf5b Query : select 1 valor from information_schema.tables where table_type='base table' and table_name='wstablefields'
20241125@141128.7167 oh363euo7nr06ukh4176bpvf5b Query : select fieldkey,fieldname,fieldtype,calcformula from wstablefields where tablename = 'fi' and documentnumber = 39
20241125@141128.7197 oh363euo7nr06ukh4176bpvf5b Query : insert into wsfidata (fistamp,ousrdata, ousrhora, usrdata,usrhora,ousrinis,usrinis ,qtt ,ftstamp ,epv,pvmoeda ,tabiva,iva,lordem ,ref, design ,lote,armazem,bistamp ) values ('aut674480540967448590ad',getdate(),convert(char(8),convert (time,getdate())),getdate(),convert(char(8),convert (time,getdate())),'wsv','wsv',12.000 ,'aut6744836774674485908e' ,0,0 ,2,23.00,10000,?,?,?,?,?)
20241125@141128.7496 oh363euo7nr06ukh4176bpvf5b Query : use flama_phc
20241125@141128.7500 oh363euo7nr06ukh4176bpvf5b Query : select st.usalote valor from st where st.ref = '324.946.00.01'
20241125@141128.7521 oh363euo7nr06ukh4176bpvf5b Query : select top 1 st.tabiva ,st.ivaincl ,st.stns ,st.uni2 ,st.familia ,isnull(tx.taxa, 0) txiva ,unidade ,usalote ,epcpond ,noserie ,conversao ,st.texteis from st left join taxasiva tx on st.tabiva = tx.codigo where st.ref = '324.946.00.01'
20241125@141128.7539 oh363euo7nr06ukh4176bpvf5b Query : select 1 valor from information_schema.tables where table_type='base table' and table_name='wstablefields'
20241125@141128.7557 oh363euo7nr06ukh4176bpvf5b Query : select fieldkey,fieldname,fieldtype,mandatory from wstablefields where tablename = 'fi' and documentnumber = 39
20241125@141128.7603 oh363euo7nr06ukh4176bpvf5b Query : select 1 valor from information_schema.tables where table_type='base table' and table_name='wstablefields'
20241125@141128.7618 oh363euo7nr06ukh4176bpvf5b Query : select fieldkey,fieldname,fieldtype,mandatory from wstablefields where tablename = 'fi2' and documentnumber = 39
20241125@141128.7628 oh363euo7nr06ukh4176bpvf5b Query : select top 1 convert(numeric(6,2),t.taxa) valor from taxasiva t where t.codigo='2'
20241125@141128.7643 oh363euo7nr06ukh4176bpvf5b Query : select sestamp valor from se where ref ='324.946.00.01' and lote = 'r2300941200a'
20241125@141128.7659 oh363euo7nr06ukh4176bpvf5b Query : select 1 valor from information_schema.tables where table_type='base table' and table_name='wstablefields'
20241125@141128.7689 oh363euo7nr06ukh4176bpvf5b Query : select fieldkey,fieldname,fieldtype,calcformula from wstablefields where tablename = 'fi2' and documentnumber = 39
20241125@141128.7701 oh363euo7nr06ukh4176bpvf5b Query : insert into wsfi2data (fi2stamp,ftstamp ,ousrdata, ousrhora, usrdata,usrhora,ousrinis,usrinis) values ('aut674487908567448590bb','aut6744836774674485908e' ,getdate(),convert(char(8),convert (time,getdate())),getdate(),convert(char(8),convert (time,getdate())),'wsv','wsv')
20241125@141128.7706 oh363euo7nr06ukh4176bpvf5b Query : select 1 valor from information_schema.tables where table_type='base table' and table_name='wstablefields'
20241125@141128.7728 oh363euo7nr06ukh4176bpvf5b Query : select fieldkey,fieldname,fieldtype,calcformula from wstablefields where tablename = 'fi' and documentnumber = 39
20241125@141128.7755 oh363euo7nr06ukh4176bpvf5b Query : insert into wsfidata (fistamp,ousrdata, ousrhora, usrdata,usrhora,ousrinis,usrinis ,qtt ,ftstamp ,epv,pvmoeda ,tabiva,iva,lordem ,ref, design ,lote,armazem,bistamp ) values ('aut674487908567448590bb',getdate(),convert(char(8),convert (time,getdate())),getdate(),convert(char(8),convert (time,getdate())),'wsv','wsv',12.000 ,'aut6744836774674485908e' ,0,0 ,2,23.00,20000,?,?,?,?,?)
20241125@141128.9466 oh363euo7nr06ukh4176bpvf5b Query : use flama_phc
20241125@141128.9589 oh363euo7nr06ukh4176bpvf5b Query : select st.usalote valor from st where st.ref = '324.946.00.01'
20241125@141128.9915 oh363euo7nr06ukh4176bpvf5b Query : select top 1 st.tabiva ,st.ivaincl ,st.stns ,st.uni2 ,st.familia ,isnull(tx.taxa, 0) txiva ,unidade ,usalote ,epcpond ,noserie ,conversao ,st.texteis from st left join taxasiva tx on st.tabiva = tx.codigo where st.ref = '324.946.00.01'
20241125@141128.9936 oh363euo7nr06ukh4176bpvf5b Query : select 1 valor from information_schema.tables where table_type='base table' and table_name='wstablefields'
20241125@141128.9962 oh363euo7nr06ukh4176bpvf5b Query : select fieldkey,fieldname,fieldtype,mandatory from wstablefields where tablename = 'fi' and documentnumber = 39
20241125@141128.9991 oh363euo7nr06ukh4176bpvf5b Query : select 1 valor from information_schema.tables where table_type='base table' and table_name='wstablefields'
20241125@141129.9800 oh363euo7nr06ukh4176bpvf5b Query : select fieldkey,fieldname,fieldtype,mandatory from wstablefields where tablename = 'fi2' and documentnumber = 39
20241125@141129.1070 oh363euo7nr06ukh4176bpvf5b Query : select top 1 convert(numeric(6,2),t.taxa) valor from taxasiva t where t.codigo='2'
20241125@141129.1200 oh363euo7nr06ukh4176bpvf5b Query : select sestamp valor from se where ref ='324.946.00.01' and lote = 'r2300941200a'
20241125@141129.1370 oh363euo7nr06ukh4176bpvf5b Query : select 1 valor from information_schema.tables where table_type='base table' and table_name='wstablefields'
20241125@141129.1530 oh363euo7nr06ukh4176bpvf5b Query : select fieldkey,fieldname,fieldtype,calcformula from wstablefields where tablename = 'fi2' and documentnumber = 39
20241125@141129.1640 oh363euo7nr06ukh4176bpvf5b Query : insert into wsfi2data (fi2stamp,ftstamp ,ousrdata, ousrhora, usrdata,usrhora,ousrinis,usrinis) values ('aut67448833226744859103','aut6744836774674485908e' ,getdate(),convert(char(8),convert (time,getdate())),getdate(),convert(char(8),convert (time,getdate())),'wsv','wsv')
20241125@141129.1690 oh363euo7nr06ukh4176bpvf5b Query : select 1 valor from information_schema.tables where table_type='base table' and table_name='wstablefields'
20241125@141129.1870 oh363euo7nr06ukh4176bpvf5b Query : select fieldkey,fieldname,fieldtype,calcformula from wstablefields where tablename = 'fi' and documentnumber = 39
20241125@141129.2170 oh363euo7nr06ukh4176bpvf5b Query : insert into wsfidata (fistamp,ousrdata, ousrhora, usrdata,usrhora,ousrinis,usrinis ,qtt ,ftstamp ,epv,pvmoeda ,tabiva,iva,lordem ,ref, design ,lote,armazem,bistamp ) values ('aut67448833226744859103',getdate(),convert(char(8),convert (time,getdate())),getdate(),convert(char(8),convert (time,getdate())),'wsv','wsv',96.000 ,'aut6744836774674485908e' ,0,0 ,2,23.00,30000,?,?,?,?,?)
20241125@141129.5980 oh363euo7nr06ukh4176bpvf5b Query : insert into wsftcreationlog (initialftstamp,externalid,creationstatus,documenttypeid,idustamp) values ('aut6744836774674485908e','2407826','wait',39,'adm09112754980.682000002')
20241125@141129.6680 oh363euo7nr06ukh4176bpvf5b Query : use flama_phc
20241125@141129.6720 oh363euo7nr06ukh4176bpvf5b Query : update u_wsusers set rqsttoken =? where userid ='userls001'
20241125@141129.7030 oh363euo7nr06ukh4176bpvf5b Query : select concat(rtrim(relative_path),ltrim(name_new)) as valor from uploadfiles where uploadfile_id='3485';
20241125@141129.7430 oh363euo7nr06ukh4176bpvf5b Query : update uploadfiles set whenupdated=current_timestamp where uploadfile_id='3485';
20241125@141129.7930 oh363euo7nr06ukh4176bpvf5b Query : select concat(rtrim(relative_path),ltrim(name_new)) as valor from uploadfiles where uploadfile_id='3485';
20241125@141129.8220 oh363euo7nr06ukh4176bpvf5b Query : update uploadfiles set whenupdated=current_timestamp where uploadfile_id='3485';
20241125@141129.1390 qbk0fm7vg72m568ngg8fdr3kp1 Query : insert into uploadfiles ( name_original, name_new, option_type, relative_path, whencreated ) values ( ?, ?, ?, ?, getdate() )
20241125@141129.1401 qbk0fm7vg72m568ngg8fdr3kp1 Query : select uploadfile_id valor from uploadfiles where name_new = ? and option_type = ? 
20241125@141129.1465 qbk0fm7vg72m568ngg8fdr3kp1 Query : select concat(rtrim(relative_path),ltrim(name_new)) as valor from uploadfiles where uploadfile_id='3486';
20241125@141129.1538 qbk0fm7vg72m568ngg8fdr3kp1 Query : update uploadfiles set whenupdated=current_timestamp where uploadfile_id='3486';
20241125@141129.1604 qbk0fm7vg72m568ngg8fdr3kp1 Query : select concat(rtrim(relative_path),ltrim(name_new)) as valor from uploadfiles where uploadfile_id='3486';
20241125@141129.1635 qbk0fm7vg72m568ngg8fdr3kp1 Query : update uploadfiles set whenupdated=current_timestamp where uploadfile_id='3486';
20241125@141129.1688 qbk0fm7vg72m568ngg8fdr3kp1 Query : use flama_phc
20241125@141129.1691 qbk0fm7vg72m568ngg8fdr3kp1 Query : select top 1 secretkey valor from u_wsusers u where u.userid = ? and u.inactivo=0
20241125@141129.1755 qbk0fm7vg72m568ngg8fdr3kp1 Query : use flama_phc
20241125@141129.1758 qbk0fm7vg72m568ngg8fdr3kp1 Query : select no, estab,szadrsdesc from szadrs where u_coddest=4740
20241125@141129.1816 qbk0fm7vg72m568ngg8fdr3kp1 Query : select top 1 isnull(design,'') valor from st (nolock) left join stobs (nolock) on st.ref = stobs.ref where st.ref = '324.1406.00.1'
20241125@141129.2009 qbk0fm7vg72m568ngg8fdr3kp1 Query : select top 1 bistamp valor from bi inner join bo on bo.bostamp=bi.bostamp where bo.ndos =240 and bo.boano =2078 and bo.obrano = 2407827 and bi.ref ='324.1406.00.1' and bi.lordem =1
20241125@141129.2346 qbk0fm7vg72m568ngg8fdr3kp1 Query : select top 1 isnull(design,'') valor from st (nolock) left join stobs (nolock) on st.ref = stobs.ref where st.ref = '324.1406.00.1'
20241125@141129.2365 qbk0fm7vg72m568ngg8fdr3kp1 Query : select top 1 bistamp valor from bi inner join bo on bo.bostamp=bi.bostamp where bo.ndos =240 and bo.boano =2078 and bo.obrano = 2407827 and bi.ref ='324.1406.00.1' and bi.lordem =1
20241125@141129.2382 qbk0fm7vg72m568ngg8fdr3kp1 Query : use flama_phc
20241125@141129.2386 qbk0fm7vg72m568ngg8fdr3kp1 Query : select top 1 convert(date,fdata) valor from ft where ndoc = 39 and anulado= 0 and fno>0 order by fdata desc
20241125@141129.2418 qbk0fm7vg72m568ngg8fdr3kp1 Query : use flama_phc
20241125@141129.2421 qbk0fm7vg72m568ngg8fdr3kp1 Query : select top 1 1 valor from td where td.ndoc = 39
20241125@141129.2450 qbk0fm7vg72m568ngg8fdr3kp1 Query : use flama_phc
20241125@141129.2453 qbk0fm7vg72m568ngg8fdr3kp1 Query : select lower(descricao) descricao ,case when valor='s' then 1 else 0 end valor from para1 where descricao in ('st_lote','st_usalogifunc', 'st_grelha')
20241125@141129.2479 qbk0fm7vg72m568ngg8fdr3kp1 Query : select top 1 manternumero ,assinadoc issigned ,tiposaft ,assinaimp ,nmdos ,td.assinadoc ,'cl' origin ,lancasl stocks ,case when cmsl<50 and td.lancasl=1 then 1 else 0 end entrada ,case when cmsl>50 and td.lancasl=1 then 1 else 0 end saida ,temserie assets ,~semgre usegridfields from td inner join td2 on td.tdstamp=td2.td2stamp where td.ndoc = 1
20241125@141129.2510 qbk0fm7vg72m568ngg8fdr3kp1 Query : use flama_phc
20241125@141129.2512 qbk0fm7vg72m568ngg8fdr3kp1 Query : select top 1 ~inactivo valor from cl where no = '100810' and estab = 0 order by inactivo desc
20241125@141129.2550 qbk0fm7vg72m568ngg8fdr3kp1 Query : use flama_phc
20241125@141129.2553 qbk0fm7vg72m568ngg8fdr3kp1 Query : select top 1 tipodoc,regrd from td where ndoc = 39
20241125@141129.2581 qbk0fm7vg72m568ngg8fdr3kp1 Query : use flama_phc
20241125@141129.2584 qbk0fm7vg72m568ngg8fdr3kp1 Query : select szadrsstamp valor from szadrs where szadrsdesc='espaÇotrans,lda'
20241125@141129.2623 qbk0fm7vg72m568ngg8fdr3kp1 Query : use flama_phc
20241125@141129.2626 qbk0fm7vg72m568ngg8fdr3kp1 Query : select szadrsstamp valor from szadrs where szadrsdesc='100810 - worten-equipamentos para o lar,sa.'
20241125@141129.2670 qbk0fm7vg72m568ngg8fdr3kp1 Query : use flama_phc
20241125@141129.2675 qbk0fm7vg72m568ngg8fdr3kp1 Query : select 1 valor from td where ndoc = 39
20241125@141129.2687 qbk0fm7vg72m568ngg8fdr3kp1 Query : select top 1 manternumero, tiposaft, nmdos,td.assinadoc from td where td.ndoc = 39
20241125@141129.2710 qbk0fm7vg72m568ngg8fdr3kp1 Query : select 1 valor from information_schema.tables where table_type='base table' and table_name='wstablefields'
20241125@141129.2732 qbk0fm7vg72m568ngg8fdr3kp1 Query : select fieldkey,fieldname,fieldtype,mandatory from wstablefields where tablename = 'ft' and documentnumber = 39
20241125@141129.2751 qbk0fm7vg72m568ngg8fdr3kp1 Query : select 1 valor from information_schema.tables where table_type='base table' and table_name='wstablefields'
20241125@141129.2766 qbk0fm7vg72m568ngg8fdr3kp1 Query : select fieldkey,fieldname,fieldtype,mandatory from wstablefields where tablename = 'ft2' and documentnumber = 39
20241125@141129.2804 qbk0fm7vg72m568ngg8fdr3kp1 Query : select 1 valor from information_schema.tables where table_type='base table' and table_name='wstablefields'
20241125@141129.2819 qbk0fm7vg72m568ngg8fdr3kp1 Query : select fieldkey,fieldname,fieldtype,mandatory from wstablefields where tablename = 'ft3' and documentnumber = 39
20241125@141129.2838 qbk0fm7vg72m568ngg8fdr3kp1 Query : select top 1 ft.fno valor from ft ft where ft.ndoc = 39 and ftano=2024 order by fno desc
20241125@141129.2900 qbk0fm7vg72m568ngg8fdr3kp1 Query : select top 1 ft.fno valor from wsftdata ft where ft.ndoc = 39 and ftano=2024 order by fno desc
20241125@141129.2913 qbk0fm7vg72m568ngg8fdr3kp1 Query : select 1 valor from information_schema.tables where table_type='base table' and table_name='wstablefields'
20241125@141129.2937 qbk0fm7vg72m568ngg8fdr3kp1 Query : select fieldkey,fieldname,fieldtype,calcformula from wstablefields where tablename = 'ft3' and documentnumber = 39
20241125@141129.2952 qbk0fm7vg72m568ngg8fdr3kp1 Query : insert into wsft3data (ft3stamp, ousrdata, ousrhora, usrdata,usrhora,ousrinis,usrinis,taxpointdt ) values ('aut67448202666744859145' ,getdate(),convert(char(8),convert (time,getdate())),getdate(),convert(char(8),convert (time,getdate())),'wsv','wsv',?)
20241125@141129.3141 qbk0fm7vg72m568ngg8fdr3kp1 Query : select 1 valor from information_schema.tables where table_type='base table' and table_name='wstablefields'
20241125@141129.3185 qbk0fm7vg72m568ngg8fdr3kp1 Query : select fieldkey,fieldname,fieldtype,calcformula from wstablefields where tablename = 'ft2' and documentnumber = 39
20241125@141129.3252 qbk0fm7vg72m568ngg8fdr3kp1 Query : select top 1 bo.u_nomeenv valor from bo where bo.bostamp=''
20241125@141129.3264 qbk0fm7vg72m568ngg8fdr3kp1 Query : select top 1 bo.u_moradaen valor from bo where bo.bostamp=''
20241125@141129.3278 qbk0fm7vg72m568ngg8fdr3kp1 Query : select top 1 bo.u_codposen valor from bo where bo.bostamp=''
20241125@141129.3290 qbk0fm7vg72m568ngg8fdr3kp1 Query : select top 1 bo.u_localenv valor from bo where bo.bostamp=''
20241125@141129.3302 qbk0fm7vg72m568ngg8fdr3kp1 Query : select top 1 bo.trab5 valor from bo where bo.bostamp=''
20241125@141129.3313 qbk0fm7vg72m568ngg8fdr3kp1 Query : select top 1 bo.serie valor from bo where bo.bostamp=''
20241125@141129.3325 qbk0fm7vg72m568ngg8fdr3kp1 Query : insert into wsft2data (ft2stamp, ousrdata,ousrhora, usrdata,usrhora,ousrinis,usrinis,u_nomeenv ,u_moradaen ,u_codposen ,u_localenv ,u_coddest ,u_codby ) values ('aut67448202666744859145',getdate(),convert(char(8),convert (time,getdate())),getdate(),convert(char(8),convert (time,getdate())),'wsv','wsv',?,?,?,?,?,?)
20241125@141129.3608 qbk0fm7vg72m568ngg8fdr3kp1 Query : select top 1 fno valor from wsftdata order by fno desc
20241125@141129.3637 qbk0fm7vg72m568ngg8fdr3kp1 Query : select 1 valor from information_schema.tables where table_type='base table' and table_name='wstablefields'
20241125@141129.3656 qbk0fm7vg72m568ngg8fdr3kp1 Query : select fieldkey,fieldname,fieldtype,calcformula from wstablefields where tablename = 'ft' and documentnumber = 39
20241125@141129.3679 qbk0fm7vg72m568ngg8fdr3kp1 Query : select 'normal' from dummy
20241125@141129.3695 qbk0fm7vg72m568ngg8fdr3kp1 Query : insert into wsftdata (ftstamp, ousrdata,ousrhora, usrdata,usrhora,ousrinis,usrinis,fno,no,estab,fdata,ndoc,moeda,cambio,cambiofixo,ftano,site ,classe ) values ('aut67448202666744859145',getdate(),convert(char(8),convert (time,getdate())),getdate(),convert(char(8),convert (time,getdate())),'wsv','wsv',2021,100810,0,'2024-11-25',39,'euro',0,0,2024 ,?,?)
20241125@141129.4013 qbk0fm7vg72m568ngg8fdr3kp1 Query : use flama_phc
20241125@141129.4016 qbk0fm7vg72m568ngg8fdr3kp1 Query : select st.usalote valor from st where st.ref = '324.1406.00.1'
20241125@141129.4038 qbk0fm7vg72m568ngg8fdr3kp1 Query : select top 1 st.tabiva ,st.ivaincl ,st.stns ,st.uni2 ,st.familia ,isnull(tx.taxa, 0) txiva ,unidade ,usalote ,epcpond ,noserie ,conversao ,st.texteis from st left join taxasiva tx on st.tabiva = tx.codigo where st.ref = '324.1406.00.1'
20241125@141129.4191 qbk0fm7vg72m568ngg8fdr3kp1 Query : select 1 valor from information_schema.tables where table_type='base table' and table_name='wstablefields'
20241125@141129.4206 qbk0fm7vg72m568ngg8fdr3kp1 Query : select fieldkey,fieldname,fieldtype,mandatory from wstablefields where tablename = 'fi' and documentnumber = 39
20241125@141129.4231 qbk0fm7vg72m568ngg8fdr3kp1 Query : select 1 valor from information_schema.tables where table_type='base table' and table_name='wstablefields'
20241125@141129.4246 qbk0fm7vg72m568ngg8fdr3kp1 Query : select fieldkey,fieldname,fieldtype,mandatory from wstablefields where tablename = 'fi2' and documentnumber = 39
20241125@141129.4253 qbk0fm7vg72m568ngg8fdr3kp1 Query : select top 1 convert(numeric(6,2),t.taxa) valor from taxasiva t where t.codigo='2'
20241125@141129.4264 qbk0fm7vg72m568ngg8fdr3kp1 Query : select sestamp valor from se where ref ='324.1406.00.1' and lote = 'r2400744200a'
20241125@141129.4279 qbk0fm7vg72m568ngg8fdr3kp1 Query : select 1 valor from information_schema.tables where table_type='base table' and table_name='wstablefields'
20241125@141129.4293 qbk0fm7vg72m568ngg8fdr3kp1 Query : select fieldkey,fieldname,fieldtype,calcformula from wstablefields where tablename = 'fi2' and documentnumber = 39
20241125@141129.4304 qbk0fm7vg72m568ngg8fdr3kp1 Query : insert into wsfi2data (fi2stamp,ftstamp ,ousrdata, ousrhora, usrdata,usrhora,ousrinis,usrinis) values ('aut67448483706744859168','aut67448202666744859145' ,getdate(),convert(char(8),convert (time,getdate())),getdate(),convert(char(8),convert (time,getdate())),'wsv','wsv')
20241125@141129.4308 qbk0fm7vg72m568ngg8fdr3kp1 Query : select 1 valor from information_schema.tables where table_type='base table' and table_name='wstablefields'
20241125@141129.4322 qbk0fm7vg72m568ngg8fdr3kp1 Query : select fieldkey,fieldname,fieldtype,calcformula from wstablefields where tablename = 'fi' and documentnumber = 39
20241125@141129.4349 qbk0fm7vg72m568ngg8fdr3kp1 Query : insert into wsfidata (fistamp,ousrdata, ousrhora, usrdata,usrhora,ousrinis,usrinis ,qtt ,ftstamp ,epv,pvmoeda ,tabiva,iva,lordem ,ref, design ,lote,armazem,bistamp ) values ('aut67448483706744859168',getdate(),convert(char(8),convert (time,getdate())),getdate(),convert(char(8),convert (time,getdate())),'wsv','wsv',72.000 ,'aut67448202666744859145' ,0,0 ,2,23.00,10000,?,?,?,?,?)
20241125@141129.4625 qbk0fm7vg72m568ngg8fdr3kp1 Query : use flama_phc
20241125@141129.4628 qbk0fm7vg72m568ngg8fdr3kp1 Query : select st.usalote valor from st where st.ref = '324.1406.00.1'
20241125@141129.4651 qbk0fm7vg72m568ngg8fdr3kp1 Query : select top 1 st.tabiva ,st.ivaincl ,st.stns ,st.uni2 ,st.familia ,isnull(tx.taxa, 0) txiva ,unidade ,usalote ,epcpond ,noserie ,conversao ,st.texteis from st left join taxasiva tx on st.tabiva = tx.codigo where st.ref = '324.1406.00.1'
20241125@141129.4668 qbk0fm7vg72m568ngg8fdr3kp1 Query : select 1 valor from information_schema.tables where table_type='base table' and table_name='wstablefields'
20241125@141129.4697 qbk0fm7vg72m568ngg8fdr3kp1 Query : select fieldkey,fieldname,fieldtype,mandatory from wstablefields where tablename = 'fi' and documentnumber = 39
20241125@141129.4726 qbk0fm7vg72m568ngg8fdr3kp1 Query : select 1 valor from information_schema.tables where table_type='base table' and table_name='wstablefields'
20241125@141129.4741 qbk0fm7vg72m568ngg8fdr3kp1 Query : select fieldkey,fieldname,fieldtype,mandatory from wstablefields where tablename = 'fi2' and documentnumber = 39
20241125@141129.4749 qbk0fm7vg72m568ngg8fdr3kp1 Query : select top 1 convert(numeric(6,2),t.taxa) valor from taxasiva t where t.codigo='2'
20241125@141129.4762 qbk0fm7vg72m568ngg8fdr3kp1 Query : select sestamp valor from se where ref ='324.1406.00.1' and lote = 'r2400744200a'
20241125@141129.4777 qbk0fm7vg72m568ngg8fdr3kp1 Query : select 1 valor from information_schema.tables where table_type='base table' and table_name='wstablefields'
20241125@141129.4793 qbk0fm7vg72m568ngg8fdr3kp1 Query : select fieldkey,fieldname,fieldtype,calcformula from wstablefields where tablename = 'fi2' and documentnumber = 39
20241125@141129.4805 qbk0fm7vg72m568ngg8fdr3kp1 Query : insert into wsfi2data (fi2stamp,ftstamp ,ousrdata, ousrhora, usrdata,usrhora,ousrinis,usrinis) values ('aut67448771986744859174','aut67448202666744859145' ,getdate(),convert(char(8),convert (time,getdate())),getdate(),convert(char(8),convert (time,getdate())),'wsv','wsv')
20241125@141129.4810 qbk0fm7vg72m568ngg8fdr3kp1 Query : select 1 valor from information_schema.tables where table_type='base table' and table_name='wstablefields'
20241125@141129.4840 qbk0fm7vg72m568ngg8fdr3kp1 Query : select fieldkey,fieldname,fieldtype,calcformula from wstablefields where tablename = 'fi' and documentnumber = 39
20241125@141129.4871 qbk0fm7vg72m568ngg8fdr3kp1 Query : insert into wsfidata (fistamp,ousrdata, ousrhora, usrdata,usrhora,ousrinis,usrinis ,qtt ,ftstamp ,epv,pvmoeda ,tabiva,iva,lordem ,ref, design ,lote,armazem,bistamp ) values ('aut67448771986744859174',getdate(),convert(char(8),convert (time,getdate())),getdate(),convert(char(8),convert (time,getdate())),'wsv','wsv',48.000 ,'aut67448202666744859145' ,0,0 ,2,23.00,20000,?,?,?,?,?)
20241125@141129.5192 qbk0fm7vg72m568ngg8fdr3kp1 Query : insert into wsftcreationlog (initialftstamp,externalid,creationstatus,documenttypeid,idustamp) values ('aut67448202666744859145','2407827','wait',39,'adm09112754980.682000002')
20241125@141129.6607 qbk0fm7vg72m568ngg8fdr3kp1 Query : use flama_phc
20241125@141129.6610 qbk0fm7vg72m568ngg8fdr3kp1 Query : update u_wsusers set rqsttoken =? where userid ='userls001'
20241125@141129.6642 qbk0fm7vg72m568ngg8fdr3kp1 Query : select concat(rtrim(relative_path),ltrim(name_new)) as valor from uploadfiles where uploadfile_id='3486';
20241125@141129.6680 qbk0fm7vg72m568ngg8fdr3kp1 Query : update uploadfiles set whenupdated=current_timestamp where uploadfile_id='3486';
20241125@141129.6726 qbk0fm7vg72m568ngg8fdr3kp1 Query : select concat(rtrim(relative_path),ltrim(name_new)) as valor from uploadfiles where uploadfile_id='3486';
20241125@141129.6753 qbk0fm7vg72m568ngg8fdr3kp1 Query : update uploadfiles set whenupdated=current_timestamp where uploadfile_id='3486';
20241125@141129.7814 pcksicm1clfi6970gpklpcpoj6 Query : insert into uploadfiles ( name_original, name_new, option_type, relative_path, whencreated ) values ( ?, ?, ?, ?, getdate() )
20241125@141129.7825 pcksicm1clfi6970gpklpcpoj6 Query : select uploadfile_id valor from uploadfiles where name_new = ? and option_type = ? 
20241125@141129.7908 pcksicm1clfi6970gpklpcpoj6 Query : select concat(rtrim(relative_path),ltrim(name_new)) as valor from uploadfiles where uploadfile_id='3487';
20241125@141129.7983 pcksicm1clfi6970gpklpcpoj6 Query : update uploadfiles set whenupdated=current_timestamp where uploadfile_id='3487';
20241125@141129.8042 pcksicm1clfi6970gpklpcpoj6 Query : select concat(rtrim(relative_path),ltrim(name_new)) as valor from uploadfiles where uploadfile_id='3487';
20241125@141129.8089 pcksicm1clfi6970gpklpcpoj6 Query : update uploadfiles set whenupdated=current_timestamp where uploadfile_id='3487';
20241125@141129.8168 pcksicm1clfi6970gpklpcpoj6 Query : use flama_phc
20241125@141129.8171 pcksicm1clfi6970gpklpcpoj6 Query : select top 1 secretkey valor from u_wsusers u where u.userid = ? and u.inactivo=0
20241125@141129.8235 pcksicm1clfi6970gpklpcpoj6 Query : use flama_phc
20241125@141129.8238 pcksicm1clfi6970gpklpcpoj6 Query : select no, estab,szadrsdesc from szadrs where u_coddest=4740
20241125@141129.8286 pcksicm1clfi6970gpklpcpoj6 Query : select top 1 isnull(design,'') valor from st (nolock) left join stobs (nolock) on st.ref = stobs.ref where st.ref = '324.4988.00.1'
20241125@141129.8503 pcksicm1clfi6970gpklpcpoj6 Query : select top 1 bistamp valor from bi inner join bo on bo.bostamp=bi.bostamp where bo.ndos =240 and bo.boano =2078 and bo.obrano = 2407828 and bi.ref ='324.4988.00.1' and bi.lordem =1
20241125@141129.9036 pcksicm1clfi6970gpklpcpoj6 Query : select top 1 isnull(design,'') valor from st (nolock) left join stobs (nolock) on st.ref = stobs.ref where st.ref = '324.4988.00.1'
20241125@141129.9057 pcksicm1clfi6970gpklpcpoj6 Query : select top 1 bistamp valor from bi inner join bo on bo.bostamp=bi.bostamp where bo.ndos =240 and bo.boano =2078 and bo.obrano = 2407828 and bi.ref ='324.4988.00.1' and bi.lordem =1
20241125@141129.9074 pcksicm1clfi6970gpklpcpoj6 Query : use flama_phc
20241125@141129.9077 pcksicm1clfi6970gpklpcpoj6 Query : select top 1 convert(date,fdata) valor from ft where ndoc = 39 and anulado= 0 and fno>0 order by fdata desc
20241125@141129.9112 pcksicm1clfi6970gpklpcpoj6 Query : use flama_phc
20241125@141129.9115 pcksicm1clfi6970gpklpcpoj6 Query : select top 1 1 valor from td where td.ndoc = 39
20241125@141129.9146 pcksicm1clfi6970gpklpcpoj6 Query : use flama_phc
20241125@141129.9149 pcksicm1clfi6970gpklpcpoj6 Query : select lower(descricao) descricao ,case when valor='s' then 1 else 0 end valor from para1 where descricao in ('st_lote','st_usalogifunc', 'st_grelha')
20241125@141129.9179 pcksicm1clfi6970gpklpcpoj6 Query : select top 1 manternumero ,assinadoc issigned ,tiposaft ,assinaimp ,nmdos ,td.assinadoc ,'cl' origin ,lancasl stocks ,case when cmsl<50 and td.lancasl=1 then 1 else 0 end entrada ,case when cmsl>50 and td.lancasl=1 then 1 else 0 end saida ,temserie assets ,~semgre usegridfields from td inner join td2 on td.tdstamp=td2.td2stamp where td.ndoc = 1
20241125@141129.9213 pcksicm1clfi6970gpklpcpoj6 Query : use flama_phc
20241125@141129.9216 pcksicm1clfi6970gpklpcpoj6 Query : select top 1 ~inactivo valor from cl where no = '100810' and estab = 0 order by inactivo desc
20241125@141129.9246 pcksicm1clfi6970gpklpcpoj6 Query : use flama_phc
20241125@141129.9249 pcksicm1clfi6970gpklpcpoj6 Query : select top 1 tipodoc,regrd from td where ndoc = 39
20241125@141129.9288 pcksicm1clfi6970gpklpcpoj6 Query : use flama_phc
20241125@141129.9291 pcksicm1clfi6970gpklpcpoj6 Query : select szadrsstamp valor from szadrs where szadrsdesc='espaÇotrans,lda'
20241125@141129.9330 pcksicm1clfi6970gpklpcpoj6 Query : use flama_phc
20241125@141129.9333 pcksicm1clfi6970gpklpcpoj6 Query : select szadrsstamp valor from szadrs where szadrsdesc='100810 - worten-equipamentos para o lar,sa.'
20241125@141129.9376 pcksicm1clfi6970gpklpcpoj6 Query : use flama_phc
20241125@141129.9379 pcksicm1clfi6970gpklpcpoj6 Query : select 1 valor from td where ndoc = 39
20241125@141129.9392 pcksicm1clfi6970gpklpcpoj6 Query : select top 1 manternumero, tiposaft, nmdos,td.assinadoc from td where td.ndoc = 39
20241125@141129.9406 pcksicm1clfi6970gpklpcpoj6 Query : select 1 valor from information_schema.tables where table_type='base table' and table_name='wstablefields'
20241125@141129.9424 pcksicm1clfi6970gpklpcpoj6 Query : select fieldkey,fieldname,fieldtype,mandatory from wstablefields where tablename = 'ft' and documentnumber = 39
20241125@141129.9448 pcksicm1clfi6970gpklpcpoj6 Query : select 1 valor from information_schema.tables where table_type='base table' and table_name='wstablefields'
20241125@141129.9467 pcksicm1clfi6970gpklpcpoj6 Query : select fieldkey,fieldname,fieldtype,mandatory from wstablefields where tablename = 'ft2' and documentnumber = 39
20241125@141129.9502 pcksicm1clfi6970gpklpcpoj6 Query : select 1 valor from information_schema.tables where table_type='base table' and table_name='wstablefields'
20241125@141129.9522 pcksicm1clfi6970gpklpcpoj6 Query : select fieldkey,fieldname,fieldtype,mandatory from wstablefields where tablename = 'ft3' and documentnumber = 39
20241125@141129.9542 pcksicm1clfi6970gpklpcpoj6 Query : select top 1 ft.fno valor from ft ft where ft.ndoc = 39 and ftano=2024 order by fno desc
20241125@141129.9603 pcksicm1clfi6970gpklpcpoj6 Query : select top 1 ft.fno valor from wsftdata ft where ft.ndoc = 39 and ftano=2024 order by fno desc
20241125@141129.9625 pcksicm1clfi6970gpklpcpoj6 Query : select 1 valor from information_schema.tables where table_type='base table' and table_name='wstablefields'
20241125@141129.9655 pcksicm1clfi6970gpklpcpoj6 Query : select fieldkey,fieldname,fieldtype,calcformula from wstablefields where tablename = 'ft3' and documentnumber = 39
20241125@141129.9683 pcksicm1clfi6970gpklpcpoj6 Query : insert into wsft3data (ft3stamp, ousrdata, ousrhora, usrdata,usrhora,ousrinis,usrinis,taxpointdt ) values ('aut674485424167448591e8' ,getdate(),convert(char(8),convert (time,getdate())),getdate(),convert(char(8),convert (time,getdate())),'wsv','wsv',?)
20241125@141129.9901 pcksicm1clfi6970gpklpcpoj6 Query : select 1 valor from information_schema.tables where table_type='base table' and table_name='wstablefields'
20241125@141129.9920 pcksicm1clfi6970gpklpcpoj6 Query : select fieldkey,fieldname,fieldtype,calcformula from wstablefields where tablename = 'ft2' and documentnumber = 39
20241125@141129.9961 pcksicm1clfi6970gpklpcpoj6 Query : select top 1 bo.u_nomeenv valor from bo where bo.bostamp=''
20241125@141129.9973 pcksicm1clfi6970gpklpcpoj6 Query : select top 1 bo.u_moradaen valor from bo where bo.bostamp=''
20241125@141129.9986 pcksicm1clfi6970gpklpcpoj6 Query : select top 1 bo.u_codposen valor from bo where bo.bostamp=''
20241125@141129.9998 pcksicm1clfi6970gpklpcpoj6 Query : select top 1 bo.u_localenv valor from bo where bo.bostamp=''
20241125@141130.1000 pcksicm1clfi6970gpklpcpoj6 Query : select top 1 bo.trab5 valor from bo where bo.bostamp=''
20241125@141130.2400 pcksicm1clfi6970gpklpcpoj6 Query : select top 1 bo.serie valor from bo where bo.bostamp=''
20241125@141130.3500 pcksicm1clfi6970gpklpcpoj6 Query : insert into wsft2data (ft2stamp, ousrdata,ousrhora, usrdata,usrhora,ousrinis,usrinis,u_nomeenv ,u_moradaen ,u_codposen ,u_localenv ,u_coddest ,u_codby ) values ('aut674485424167448591e8',getdate(),convert(char(8),convert (time,getdate())),getdate(),convert(char(8),convert (time,getdate())),'wsv','wsv',?,?,?,?,?,?)
20241125@141130.3060 pcksicm1clfi6970gpklpcpoj6 Query : select top 1 fno valor from wsftdata order by fno desc
20241125@141130.3370 pcksicm1clfi6970gpklpcpoj6 Query : select 1 valor from information_schema.tables where table_type='base table' and table_name='wstablefields'
20241125@141130.3570 pcksicm1clfi6970gpklpcpoj6 Query : select fieldkey,fieldname,fieldtype,calcformula from wstablefields where tablename = 'ft' and documentnumber = 39
20241125@141130.3880 pcksicm1clfi6970gpklpcpoj6 Query : select 'normal' from dummy
20241125@141130.4070 pcksicm1clfi6970gpklpcpoj6 Query : insert into wsftdata (ftstamp, ousrdata,ousrhora, usrdata,usrhora,ousrinis,usrinis,fno,no,estab,fdata,ndoc,moeda,cambio,cambiofixo,ftano,site ,classe ) values ('aut674485424167448591e8',getdate(),convert(char(8),convert (time,getdate())),getdate(),convert(char(8),convert (time,getdate())),'wsv','wsv',2022,100810,0,'2024-11-25',39,'euro',0,0,2024 ,?,?)
20241125@141130.7510 pcksicm1clfi6970gpklpcpoj6 Query : use flama_phc
20241125@141130.7550 pcksicm1clfi6970gpklpcpoj6 Query : select st.usalote valor from st where st.ref = '324.4988.00.1'
20241125@141130.7840 pcksicm1clfi6970gpklpcpoj6 Query : select top 1 st.tabiva ,st.ivaincl ,st.stns ,st.uni2 ,st.familia ,isnull(tx.taxa, 0) txiva ,unidade ,usalote ,epcpond ,noserie ,conversao ,st.texteis from st left join taxasiva tx on st.tabiva = tx.codigo where st.ref = '324.4988.00.1'
20241125@141130.9670 pcksicm1clfi6970gpklpcpoj6 Query : select 1 valor from information_schema.tables where table_type='base table' and table_name='wstablefields'
20241125@141130.9860 pcksicm1clfi6970gpklpcpoj6 Query : select fieldkey,fieldname,fieldtype,mandatory from wstablefields where tablename = 'fi' and documentnumber = 39
20241125@141130.1014 pcksicm1clfi6970gpklpcpoj6 Query : select 1 valor from information_schema.tables where table_type='base table' and table_name='wstablefields'
20241125@141130.1032 pcksicm1clfi6970gpklpcpoj6 Query : select fieldkey,fieldname,fieldtype,mandatory from wstablefields where tablename = 'fi2' and documentnumber = 39
20241125@141130.1042 pcksicm1clfi6970gpklpcpoj6 Query : select top 1 convert(numeric(6,2),t.taxa) valor from taxasiva t where t.codigo='2'
20241125@141130.1056 pcksicm1clfi6970gpklpcpoj6 Query : select sestamp valor from se where ref ='324.4988.00.1' and lote = 'r2100754100a'
20241125@141130.1071 pcksicm1clfi6970gpklpcpoj6 Query : select 1 valor from information_schema.tables where table_type='base table' and table_name='wstablefields'
20241125@141130.1089 pcksicm1clfi6970gpklpcpoj6 Query : select fieldkey,fieldname,fieldtype,calcformula from wstablefields where tablename = 'fi2' and documentnumber = 39
20241125@141130.1104 pcksicm1clfi6970gpklpcpoj6 Query : insert into wsfi2data (fi2stamp,ftstamp ,ousrdata, ousrhora, usrdata,usrhora,ousrinis,usrinis) values ('aut6744844010674485921a','aut674485424167448591e8' ,getdate(),convert(char(8),convert (time,getdate())),getdate(),convert(char(8),convert (time,getdate())),'wsv','wsv')
20241125@141130.1109 pcksicm1clfi6970gpklpcpoj6 Query : select 1 valor from information_schema.tables where table_type='base table' and table_name='wstablefields'
20241125@141130.1125 pcksicm1clfi6970gpklpcpoj6 Query : select fieldkey,fieldname,fieldtype,calcformula from wstablefields where tablename = 'fi' and documentnumber = 39
20241125@141130.1157 pcksicm1clfi6970gpklpcpoj6 Query : insert into wsfidata (fistamp,ousrdata, ousrhora, usrdata,usrhora,ousrinis,usrinis ,qtt ,ftstamp ,epv,pvmoeda ,tabiva,iva,lordem ,ref, design ,lote,armazem,bistamp ) values ('aut6744844010674485921a',getdate(),convert(char(8),convert (time,getdate())),getdate(),convert(char(8),convert (time,getdate())),'wsv','wsv',4.000 ,'aut674485424167448591e8' ,0,0 ,2,23.00,10000,?,?,?,?,?)
20241125@141130.1464 pcksicm1clfi6970gpklpcpoj6 Query : use flama_phc
20241125@141130.1468 pcksicm1clfi6970gpklpcpoj6 Query : select st.usalote valor from st where st.ref = '324.4988.00.1'
20241125@141130.1489 pcksicm1clfi6970gpklpcpoj6 Query : select top 1 st.tabiva ,st.ivaincl ,st.stns ,st.uni2 ,st.familia ,isnull(tx.taxa, 0) txiva ,unidade ,usalote ,epcpond ,noserie ,conversao ,st.texteis from st left join taxasiva tx on st.tabiva = tx.codigo where st.ref = '324.4988.00.1'
20241125@141130.1503 pcksicm1clfi6970gpklpcpoj6 Query : select 1 valor from information_schema.tables where table_type='base table' and table_name='wstablefields'
20241125@141130.1519 pcksicm1clfi6970gpklpcpoj6 Query : select fieldkey,fieldname,fieldtype,mandatory from wstablefields where tablename = 'fi' and documentnumber = 39
20241125@141130.1560 pcksicm1clfi6970gpklpcpoj6 Query : select 1 valor from information_schema.tables where table_type='base table' and table_name='wstablefields'
20241125@141130.1580 pcksicm1clfi6970gpklpcpoj6 Query : select fieldkey,fieldname,fieldtype,mandatory from wstablefields where tablename = 'fi2' and documentnumber = 39
20241125@141130.1589 pcksicm1clfi6970gpklpcpoj6 Query : select top 1 convert(numeric(6,2),t.taxa) valor from taxasiva t where t.codigo='2'
20241125@141130.1601 pcksicm1clfi6970gpklpcpoj6 Query : select sestamp valor from se where ref ='324.4988.00.1' and lote = 'r2100754100a'
20241125@141130.1613 pcksicm1clfi6970gpklpcpoj6 Query : select 1 valor from information_schema.tables where table_type='base table' and table_name='wstablefields'
20241125@141130.1634 pcksicm1clfi6970gpklpcpoj6 Query : select fieldkey,fieldname,fieldtype,calcformula from wstablefields where tablename = 'fi2' and documentnumber = 39
20241125@141130.1646 pcksicm1clfi6970gpklpcpoj6 Query : insert into wsfi2data (fi2stamp,ftstamp ,ousrdata, ousrhora, usrdata,usrhora,ousrinis,usrinis) values ('aut67448176016744859227','aut674485424167448591e8' ,getdate(),convert(char(8),convert (time,getdate())),getdate(),convert(char(8),convert (time,getdate())),'wsv','wsv')
20241125@141130.1651 pcksicm1clfi6970gpklpcpoj6 Query : select 1 valor from information_schema.tables where table_type='base table' and table_name='wstablefields'
20241125@141130.1666 pcksicm1clfi6970gpklpcpoj6 Query : select fieldkey,fieldname,fieldtype,calcformula from wstablefields where tablename = 'fi' and documentnumber = 39
20241125@141130.1695 pcksicm1clfi6970gpklpcpoj6 Query : insert into wsfidata (fistamp,ousrdata, ousrhora, usrdata,usrhora,ousrinis,usrinis ,qtt ,ftstamp ,epv,pvmoeda ,tabiva,iva,lordem ,ref, design ,lote,armazem,bistamp ) values ('aut67448176016744859227',getdate(),convert(char(8),convert (time,getdate())),getdate(),convert(char(8),convert (time,getdate())),'wsv','wsv',64.000 ,'aut674485424167448591e8' ,0,0 ,2,23.00,20000,?,?,?,?,?)
20241125@141130.1984 pcksicm1clfi6970gpklpcpoj6 Query : insert into wsftcreationlog (initialftstamp,externalid,creationstatus,documenttypeid,idustamp) values ('aut674485424167448591e8','2407828','wait',39,'adm09112754980.682000002')
20241125@141130.2052 pcksicm1clfi6970gpklpcpoj6 Query : use flama_phc
20241125@141130.2055 pcksicm1clfi6970gpklpcpoj6 Query : update u_wsusers set rqsttoken =? where userid ='userls001'
20241125@141130.2084 pcksicm1clfi6970gpklpcpoj6 Query : select concat(rtrim(relative_path),ltrim(name_new)) as valor from uploadfiles where uploadfile_id='3487';
20241125@141130.2122 pcksicm1clfi6970gpklpcpoj6 Query : update uploadfiles set whenupdated=current_timestamp where uploadfile_id='3487';
20241125@141130.2173 pcksicm1clfi6970gpklpcpoj6 Query : select concat(rtrim(relative_path),ltrim(name_new)) as valor from uploadfiles where uploadfile_id='3487';
20241125@141130.2203 pcksicm1clfi6970gpklpcpoj6 Query : update uploadfiles set whenupdated=current_timestamp where uploadfile_id='3487';
20241125@141130.4650 odtluufko6tbeg6q9m5vbfcf6u Query : insert into uploadfiles ( name_original, name_new, option_type, relative_path, whencreated ) values ( ?, ?, ?, ?, getdate() )
20241125@141130.4663 odtluufko6tbeg6q9m5vbfcf6u Query : select uploadfile_id valor from uploadfiles where name_new = ? and option_type = ? 
20241125@141130.5138 odtluufko6tbeg6q9m5vbfcf6u Query : select concat(rtrim(relative_path),ltrim(name_new)) as valor from uploadfiles where uploadfile_id='3488';
20241125@141130.5204 odtluufko6tbeg6q9m5vbfcf6u Query : update uploadfiles set whenupdated=current_timestamp where uploadfile_id='3488';
20241125@141130.5273 odtluufko6tbeg6q9m5vbfcf6u Query : select concat(rtrim(relative_path),ltrim(name_new)) as valor from uploadfiles where uploadfile_id='3488';
20241125@141130.5319 odtluufko6tbeg6q9m5vbfcf6u Query : update uploadfiles set whenupdated=current_timestamp where uploadfile_id='3488';
20241125@141130.5379 odtluufko6tbeg6q9m5vbfcf6u Query : use flama_phc
20241125@141130.5383 odtluufko6tbeg6q9m5vbfcf6u Query : select top 1 secretkey valor from u_wsusers u where u.userid = ? and u.inactivo=0
20241125@141130.5507 odtluufko6tbeg6q9m5vbfcf6u Query : use flama_phc
20241125@141130.5510 odtluufko6tbeg6q9m5vbfcf6u Query : select no, estab,szadrsdesc from szadrs where u_coddest=2138
20241125@141130.5558 odtluufko6tbeg6q9m5vbfcf6u Query : select top 1 isnull(design,'') valor from st (nolock) left join stobs (nolock) on st.ref = stobs.ref where st.ref = '324.698.00.01'
20241125@141130.5588 odtluufko6tbeg6q9m5vbfcf6u Query : select top 1 bistamp valor from bi inner join bo on bo.bostamp=bi.bostamp where bo.ndos =240 and bo.boano =2078 and bo.obrano = 2407829 and bi.ref ='324.698.00.01' and bi.lordem =1
20241125@141130.6015 odtluufko6tbeg6q9m5vbfcf6u Query : select top 1 isnull(design,'') valor from st (nolock) left join stobs (nolock) on st.ref = stobs.ref where st.ref = '324.649.00.01'
20241125@141130.6190 odtluufko6tbeg6q9m5vbfcf6u Query : select top 1 bistamp valor from bi inner join bo on bo.bostamp=bi.bostamp where bo.ndos =240 and bo.boano =2078 and bo.obrano = 2407829 and bi.ref ='324.649.00.01' and bi.lordem =2
20241125@141130.6515 odtluufko6tbeg6q9m5vbfcf6u Query : select top 1 isnull(design,'') valor from st (nolock) left join stobs (nolock) on st.ref = stobs.ref where st.ref = '324.649.00.01'
20241125@141130.6535 odtluufko6tbeg6q9m5vbfcf6u Query : select top 1 bistamp valor from bi inner join bo on bo.bostamp=bi.bostamp where bo.ndos =240 and bo.boano =2078 and bo.obrano = 2407829 and bi.ref ='324.649.00.01' and bi.lordem =2
20241125@141130.6557 odtluufko6tbeg6q9m5vbfcf6u Query : select top 1 isnull(design,'') valor from st (nolock) left join stobs (nolock) on st.ref = stobs.ref where st.ref = '324.675.00.01'
20241125@141130.6733 odtluufko6tbeg6q9m5vbfcf6u Query : select top 1 bistamp valor from bi inner join bo on bo.bostamp=bi.bostamp where bo.ndos =240 and bo.boano =2078 and bo.obrano = 2407829 and bi.ref ='324.675.00.01' and bi.lordem =3
20241125@141130.7089 odtluufko6tbeg6q9m5vbfcf6u Query : select top 1 isnull(design,'') valor from st (nolock) left join stobs (nolock) on st.ref = stobs.ref where st.ref = '324.1461.00.1'
20241125@141130.7257 odtluufko6tbeg6q9m5vbfcf6u Query : select top 1 bistamp valor from bi inner join bo on bo.bostamp=bi.bostamp where bo.ndos =240 and bo.boano =2078 and bo.obrano = 2407829 and bi.ref ='324.1461.00.1' and bi.lordem =4
20241125@141130.7611 odtluufko6tbeg6q9m5vbfcf6u Query : select top 1 isnull(design,'') valor from st (nolock) left join stobs (nolock) on st.ref = stobs.ref where st.ref = '324.729.00.01'
20241125@141130.7791 odtluufko6tbeg6q9m5vbfcf6u Query : select top 1 bistamp valor from bi inner join bo on bo.bostamp=bi.bostamp where bo.ndos =240 and bo.boano =2078 and bo.obrano = 2407829 and bi.ref ='324.729.00.01' and bi.lordem =5
20241125@141130.8136 odtluufko6tbeg6q9m5vbfcf6u Query : use flama_phc
20241125@141130.8139 odtluufko6tbeg6q9m5vbfcf6u Query : select top 1 convert(date,fdata) valor from ft where ndoc = 39 and anulado= 0 and fno>0 order by fdata desc
20241125@141130.8171 odtluufko6tbeg6q9m5vbfcf6u Query : use flama_phc
20241125@141130.8174 odtluufko6tbeg6q9m5vbfcf6u Query : select top 1 1 valor from td where td.ndoc = 39
20241125@141130.8202 odtluufko6tbeg6q9m5vbfcf6u Query : use flama_phc
20241125@141130.8205 odtluufko6tbeg6q9m5vbfcf6u Query : select lower(descricao) descricao ,case when valor='s' then 1 else 0 end valor from para1 where descricao in ('st_lote','st_usalogifunc', 'st_grelha')
20241125@141130.8232 odtluufko6tbeg6q9m5vbfcf6u Query : select top 1 manternumero ,assinadoc issigned ,tiposaft ,assinaimp ,nmdos ,td.assinadoc ,'cl' origin ,lancasl stocks ,case when cmsl<50 and td.lancasl=1 then 1 else 0 end entrada ,case when cmsl>50 and td.lancasl=1 then 1 else 0 end saida ,temserie assets ,~semgre usegridfields from td inner join td2 on td.tdstamp=td2.td2stamp where td.ndoc = 1
20241125@141130.8266 odtluufko6tbeg6q9m5vbfcf6u Query : use flama_phc
20241125@141130.8270 odtluufko6tbeg6q9m5vbfcf6u Query : select top 1 ~inactivo valor from cl where no = '100404' and estab = 0 order by inactivo desc
20241125@141130.8300 odtluufko6tbeg6q9m5vbfcf6u Query : use flama_phc
20241125@141130.8303 odtluufko6tbeg6q9m5vbfcf6u Query : select top 1 tipodoc,regrd from td where ndoc = 39
20241125@141130.8334 odtluufko6tbeg6q9m5vbfcf6u Query : use flama_phc
20241125@141130.8336 odtluufko6tbeg6q9m5vbfcf6u Query : select szadrsstamp valor from szadrs where szadrsdesc='espaÇotrans,lda'
20241125@141130.8379 odtluufko6tbeg6q9m5vbfcf6u Query : use flama_phc
20241125@141130.8384 odtluufko6tbeg6q9m5vbfcf6u Query : select szadrsstamp valor from szadrs where szadrsdesc='bitranlis, agentes transitára'
20241125@141130.8433 odtluufko6tbeg6q9m5vbfcf6u Query : use flama_phc
20241125@141130.8436 odtluufko6tbeg6q9m5vbfcf6u Query : select 1 valor from td where ndoc = 39
20241125@141130.8453 odtluufko6tbeg6q9m5vbfcf6u Query : select top 1 manternumero, tiposaft, nmdos,td.assinadoc from td where td.ndoc = 39
20241125@141130.8468 odtluufko6tbeg6q9m5vbfcf6u Query : select 1 valor from information_schema.tables where table_type='base table' and table_name='wstablefields'
20241125@141130.8487 odtluufko6tbeg6q9m5vbfcf6u Query : select fieldkey,fieldname,fieldtype,mandatory from wstablefields where tablename = 'ft' and documentnumber = 39
20241125@141130.8508 odtluufko6tbeg6q9m5vbfcf6u Query : select 1 valor from information_schema.tables where table_type='base table' and table_name='wstablefields'
20241125@141130.8524 odtluufko6tbeg6q9m5vbfcf6u Query : select fieldkey,fieldname,fieldtype,mandatory from wstablefields where tablename = 'ft2' and documentnumber = 39
20241125@141130.8556 odtluufko6tbeg6q9m5vbfcf6u Query : select 1 valor from information_schema.tables where table_type='base table' and table_name='wstablefields'
20241125@141130.8572 odtluufko6tbeg6q9m5vbfcf6u Query : select fieldkey,fieldname,fieldtype,mandatory from wstablefields where tablename = 'ft3' and documentnumber = 39
20241125@141130.8587 odtluufko6tbeg6q9m5vbfcf6u Query : select top 1 ft.fno valor from ft ft where ft.ndoc = 39 and ftano=2024 order by fno desc
20241125@141130.8651 odtluufko6tbeg6q9m5vbfcf6u Query : select top 1 ft.fno valor from wsftdata ft where ft.ndoc = 39 and ftano=2024 order by fno desc
20241125@141130.8664 odtluufko6tbeg6q9m5vbfcf6u Query : select 1 valor from information_schema.tables where table_type='base table' and table_name='wstablefields'
20241125@141130.8824 odtluufko6tbeg6q9m5vbfcf6u Query : select fieldkey,fieldname,fieldtype,calcformula from wstablefields where tablename = 'ft3' and documentnumber = 39
20241125@141130.8839 odtluufko6tbeg6q9m5vbfcf6u Query : insert into wsft3data (ft3stamp, ousrdata, ousrhora, usrdata,usrhora,ousrinis,usrinis,taxpointdt ) values ('aut674488853167448592d1' ,getdate(),convert(char(8),convert (time,getdate())),getdate(),convert(char(8),convert (time,getdate())),'wsv','wsv',?)
20241125@141130.9034 odtluufko6tbeg6q9m5vbfcf6u Query : select 1 valor from information_schema.tables where table_type='base table' and table_name='wstablefields'
20241125@141130.9053 odtluufko6tbeg6q9m5vbfcf6u Query : select fieldkey,fieldname,fieldtype,calcformula from wstablefields where tablename = 'ft2' and documentnumber = 39
20241125@141130.9088 odtluufko6tbeg6q9m5vbfcf6u Query : select top 1 bo.u_nomeenv valor from bo where bo.bostamp=''
20241125@141130.9100 odtluufko6tbeg6q9m5vbfcf6u Query : select top 1 bo.u_moradaen valor from bo where bo.bostamp=''
20241125@141130.9111 odtluufko6tbeg6q9m5vbfcf6u Query : select top 1 bo.u_codposen valor from bo where bo.bostamp=''
20241125@141130.9123 odtluufko6tbeg6q9m5vbfcf6u Query : select top 1 bo.u_localenv valor from bo where bo.bostamp=''
20241125@141130.9135 odtluufko6tbeg6q9m5vbfcf6u Query : select top 1 bo.trab5 valor from bo where bo.bostamp=''
20241125@141130.9147 odtluufko6tbeg6q9m5vbfcf6u Query : select top 1 bo.serie valor from bo where bo.bostamp=''
20241125@141130.9158 odtluufko6tbeg6q9m5vbfcf6u Query : insert into wsft2data (ft2stamp, ousrdata,ousrhora, usrdata,usrhora,ousrinis,usrinis,u_nomeenv ,u_moradaen ,u_codposen ,u_localenv ,u_coddest ,u_codby ) values ('aut674488853167448592d1',getdate(),convert(char(8),convert (time,getdate())),getdate(),convert(char(8),convert (time,getdate())),'wsv','wsv',?,?,?,?,?,?)
20241125@141130.9437 odtluufko6tbeg6q9m5vbfcf6u Query : select top 1 fno valor from wsftdata order by fno desc
20241125@141130.9465 odtluufko6tbeg6q9m5vbfcf6u Query : select 1 valor from information_schema.tables where table_type='base table' and table_name='wstablefields'
20241125@141130.9483 odtluufko6tbeg6q9m5vbfcf6u Query : select fieldkey,fieldname,fieldtype,calcformula from wstablefields where tablename = 'ft' and documentnumber = 39
20241125@141130.9506 odtluufko6tbeg6q9m5vbfcf6u Query : select 'normal' from dummy
20241125@141130.9521 odtluufko6tbeg6q9m5vbfcf6u Query : insert into wsftdata (ftstamp, ousrdata,ousrhora, usrdata,usrhora,ousrinis,usrinis,fno,no,estab,fdata,ndoc,moeda,cambio,cambiofixo,ftano,site ,classe ) values ('aut674488853167448592d1',getdate(),convert(char(8),convert (time,getdate())),getdate(),convert(char(8),convert (time,getdate())),'wsv','wsv',2023,100404,0,'2024-11-25',39,'euro',0,0,2024 ,?,?)
