20241213@184928.1750 k79hlhq2rtq30ov5come65fgfb Query : use flama_phc
20241213@184928.1790 k79hlhq2rtq30ov5come65fgfb Query : select st.usalote valor from st where st.ref = '324.2000.94.1'
20241213@184928.2070 k79hlhq2rtq30ov5come65fgfb Query : select top 1 st.tabiva ,st.ivaincl ,st.stns ,st.uni2 ,st.familia ,isnull(tx.taxa, 0) txiva ,unidade ,usalote ,epcpond ,noserie ,conversao ,st.texteis from st left join taxasiva tx on st.tabiva = tx.codigo where st.ref = '324.2000.94.1'
20241213@184928.4000 k79hlhq2rtq30ov5come65fgfb Query : select 1 valor from information_schema.tables where table_type='base table' and table_name='wstablefields'
20241213@184928.4240 k79hlhq2rtq30ov5come65fgfb Query : select fieldkey,fieldname,fieldtype,mandatory from wstablefields where tablename = 'fi' and documentnumber = 39
20241213@184928.4590 k79hlhq2rtq30ov5come65fgfb Query : select 1 valor from information_schema.tables where table_type='base table' and table_name='wstablefields'
20241213@184928.4810 k79hlhq2rtq30ov5come65fgfb Query : select fieldkey,fieldname,fieldtype,mandatory from wstablefields where tablename = 'fi2' and documentnumber = 39
20241213@184928.4930 k79hlhq2rtq30ov5come65fgfb Query : select top 1 convert(numeric(6,2),t.taxa) valor from taxasiva t where t.codigo='2'
20241213@184928.5110 k79hlhq2rtq30ov5come65fgfb Query : select sestamp valor from se where ref ='324.2000.94.1' and lote = 'r2300916200a'
20241213@184928.5410 k79hlhq2rtq30ov5come65fgfb Query : select 1 valor from information_schema.tables where table_type='base table' and table_name='wstablefields'
20241213@184928.5600 k79hlhq2rtq30ov5come65fgfb Query : select fieldkey,fieldname,fieldtype,calcformula from wstablefields where tablename = 'fi2' and documentnumber = 39
20241213@184928.5740 k79hlhq2rtq30ov5come65fgfb Query : insert into wsfi2data (fi2stamp,ftstamp ,ousrdata, ousrhora, usrdata,usrhora,ousrinis,usrinis) values ('aut675c806243675c81b80d','aut675c861757675c81b7a6' ,getdate(),convert(char(8),convert (time,getdate())),getdate(),convert(char(8),convert (time,getdate())),'wsv','wsv')
20241213@184928.5790 k79hlhq2rtq30ov5come65fgfb Query : select 1 valor from information_schema.tables where table_type='base table' and table_name='wstablefields'
20241213@184928.5990 k79hlhq2rtq30ov5come65fgfb Query : select fieldkey,fieldname,fieldtype,calcformula from wstablefields where tablename = 'fi' and documentnumber = 39
20241213@184928.6340 k79hlhq2rtq30ov5come65fgfb Query : insert into wsfidata (fistamp,ousrdata, ousrhora, usrdata,usrhora,ousrinis,usrinis ,qtt ,ftstamp ,epv,pvmoeda ,tabiva,iva,lordem ,ref, design ,lote,armazem,bistamp ) values ('aut675c806243675c81b80d',getdate(),convert(char(8),convert (time,getdate())),getdate(),convert(char(8),convert (time,getdate())),'wsv','wsv',16.000 ,'aut675c861757675c81b7a6' ,0,0 ,2,23.00,40000,?,?,?,?,?)
20241213@184928.8710 k79hlhq2rtq30ov5come65fgfb Query : use flama_phc
20241213@184928.8740 k79hlhq2rtq30ov5come65fgfb Query : select st.usalote valor from st where st.ref = '324.900.94.01'
20241213@184928.9040 k79hlhq2rtq30ov5come65fgfb Query : select top 1 st.tabiva ,st.ivaincl ,st.stns ,st.uni2 ,st.familia ,isnull(tx.taxa, 0) txiva ,unidade ,usalote ,epcpond ,noserie ,conversao ,st.texteis from st left join taxasiva tx on st.tabiva = tx.codigo where st.ref = '324.900.94.01'
20241213@184928.1027 k79hlhq2rtq30ov5come65fgfb Query : select 1 valor from information_schema.tables where table_type='base table' and table_name='wstablefields'
20241213@184928.1048 k79hlhq2rtq30ov5come65fgfb Query : select fieldkey,fieldname,fieldtype,mandatory from wstablefields where tablename = 'fi' and documentnumber = 39
20241213@184928.1087 k79hlhq2rtq30ov5come65fgfb Query : select 1 valor from information_schema.tables where table_type='base table' and table_name='wstablefields'
20241213@184928.1108 k79hlhq2rtq30ov5come65fgfb Query : select fieldkey,fieldname,fieldtype,mandatory from wstablefields where tablename = 'fi2' and documentnumber = 39
20241213@184928.1121 k79hlhq2rtq30ov5come65fgfb Query : select top 1 convert(numeric(6,2),t.taxa) valor from taxasiva t where t.codigo='2'
20241213@184928.1138 k79hlhq2rtq30ov5come65fgfb Query : select sestamp valor from se where ref ='324.900.94.01' and lote = 'r2300952200a'
20241213@184928.1166 k79hlhq2rtq30ov5come65fgfb Query : select 1 valor from information_schema.tables where table_type='base table' and table_name='wstablefields'
20241213@184928.1186 k79hlhq2rtq30ov5come65fgfb Query : select fieldkey,fieldname,fieldtype,calcformula from wstablefields where tablename = 'fi2' and documentnumber = 39
20241213@184928.1200 k79hlhq2rtq30ov5come65fgfb Query : insert into wsfi2data (fi2stamp,ftstamp ,ousrdata, ousrhora, usrdata,usrhora,ousrinis,usrinis) values ('aut675c859046675c81b81c','aut675c861757675c81b7a6' ,getdate(),convert(char(8),convert (time,getdate())),getdate(),convert(char(8),convert (time,getdate())),'wsv','wsv')
20241213@184928.1205 k79hlhq2rtq30ov5come65fgfb Query : select 1 valor from information_schema.tables where table_type='base table' and table_name='wstablefields'
20241213@184928.1224 k79hlhq2rtq30ov5come65fgfb Query : select fieldkey,fieldname,fieldtype,calcformula from wstablefields where tablename = 'fi' and documentnumber = 39
20241213@184928.1256 k79hlhq2rtq30ov5come65fgfb Query : insert into wsfidata (fistamp,ousrdata, ousrhora, usrdata,usrhora,ousrinis,usrinis ,qtt ,ftstamp ,epv,pvmoeda ,tabiva,iva,lordem ,ref, design ,lote,armazem,bistamp ) values ('aut675c859046675c81b81c',getdate(),convert(char(8),convert (time,getdate())),getdate(),convert(char(8),convert (time,getdate())),'wsv','wsv',4.000 ,'aut675c861757675c81b7a6' ,0,0 ,2,23.00,50000,?,?,?,?,?)
20241213@184928.1478 k79hlhq2rtq30ov5come65fgfb Query : use flama_phc
20241213@184928.1482 k79hlhq2rtq30ov5come65fgfb Query : select st.usalote valor from st where st.ref = '324.900.94.01'
20241213@184928.1505 k79hlhq2rtq30ov5come65fgfb Query : select top 1 st.tabiva ,st.ivaincl ,st.stns ,st.uni2 ,st.familia ,isnull(tx.taxa, 0) txiva ,unidade ,usalote ,epcpond ,noserie ,conversao ,st.texteis from st left join taxasiva tx on st.tabiva = tx.codigo where st.ref = '324.900.94.01'
20241213@184928.1528 k79hlhq2rtq30ov5come65fgfb Query : select 1 valor from information_schema.tables where table_type='base table' and table_name='wstablefields'
20241213@184928.1549 k79hlhq2rtq30ov5come65fgfb Query : select fieldkey,fieldname,fieldtype,mandatory from wstablefields where tablename = 'fi' and documentnumber = 39
20241213@184928.1586 k79hlhq2rtq30ov5come65fgfb Query : select 1 valor from information_schema.tables where table_type='base table' and table_name='wstablefields'
20241213@184928.1605 k79hlhq2rtq30ov5come65fgfb Query : select fieldkey,fieldname,fieldtype,mandatory from wstablefields where tablename = 'fi2' and documentnumber = 39
20241213@184928.1615 k79hlhq2rtq30ov5come65fgfb Query : select top 1 convert(numeric(6,2),t.taxa) valor from taxasiva t where t.codigo='2'
20241213@184928.1632 k79hlhq2rtq30ov5come65fgfb Query : select sestamp valor from se where ref ='324.900.94.01' and lote = 'r2300952200a'
20241213@184928.1650 k79hlhq2rtq30ov5come65fgfb Query : select 1 valor from information_schema.tables where table_type='base table' and table_name='wstablefields'
20241213@184928.1669 k79hlhq2rtq30ov5come65fgfb Query : select fieldkey,fieldname,fieldtype,calcformula from wstablefields where tablename = 'fi2' and documentnumber = 39
20241213@184928.1688 k79hlhq2rtq30ov5come65fgfb Query : insert into wsfi2data (fi2stamp,ftstamp ,ousrdata, ousrhora, usrdata,usrhora,ousrinis,usrinis) values ('aut675c875051675c81b828','aut675c861757675c81b7a6' ,getdate(),convert(char(8),convert (time,getdate())),getdate(),convert(char(8),convert (time,getdate())),'wsv','wsv')
20241213@184928.1693 k79hlhq2rtq30ov5come65fgfb Query : select 1 valor from information_schema.tables where table_type='base table' and table_name='wstablefields'
20241213@184928.1712 k79hlhq2rtq30ov5come65fgfb Query : select fieldkey,fieldname,fieldtype,calcformula from wstablefields where tablename = 'fi' and documentnumber = 39
20241213@184928.1750 k79hlhq2rtq30ov5come65fgfb Query : insert into wsfidata (fistamp,ousrdata, ousrhora, usrdata,usrhora,ousrinis,usrinis ,qtt ,ftstamp ,epv,pvmoeda ,tabiva,iva,lordem ,ref, design ,lote,armazem,bistamp ) values ('aut675c875051675c81b828',getdate(),convert(char(8),convert (time,getdate())),getdate(),convert(char(8),convert (time,getdate())),'wsv','wsv',18.000 ,'aut675c861757675c81b7a6' ,0,0 ,2,23.00,60000,?,?,?,?,?)
20241213@184928.1967 k79hlhq2rtq30ov5come65fgfb Query : use flama_phc
20241213@184928.1971 k79hlhq2rtq30ov5come65fgfb Query : select st.usalote valor from st where st.ref = '324.700.94.01'
20241213@184928.2001 k79hlhq2rtq30ov5come65fgfb Query : select top 1 st.tabiva ,st.ivaincl ,st.stns ,st.uni2 ,st.familia ,isnull(tx.taxa, 0) txiva ,unidade ,usalote ,epcpond ,noserie ,conversao ,st.texteis from st left join taxasiva tx on st.tabiva = tx.codigo where st.ref = '324.700.94.01'
20241213@184928.2156 k79hlhq2rtq30ov5come65fgfb Query : select 1 valor from information_schema.tables where table_type='base table' and table_name='wstablefields'
20241213@184928.2176 k79hlhq2rtq30ov5come65fgfb Query : select fieldkey,fieldname,fieldtype,mandatory from wstablefields where tablename = 'fi' and documentnumber = 39
20241213@184928.2211 k79hlhq2rtq30ov5come65fgfb Query : select 1 valor from information_schema.tables where table_type='base table' and table_name='wstablefields'
20241213@184928.2229 k79hlhq2rtq30ov5come65fgfb Query : select fieldkey,fieldname,fieldtype,mandatory from wstablefields where tablename = 'fi2' and documentnumber = 39
20241213@184928.2239 k79hlhq2rtq30ov5come65fgfb Query : select top 1 convert(numeric(6,2),t.taxa) valor from taxasiva t where t.codigo='2'
20241213@184928.2254 k79hlhq2rtq30ov5come65fgfb Query : select sestamp valor from se where ref ='324.700.94.01' and lote = 'r2300913100a'
20241213@184928.2271 k79hlhq2rtq30ov5come65fgfb Query : select 1 valor from information_schema.tables where table_type='base table' and table_name='wstablefields'
20241213@184928.2291 k79hlhq2rtq30ov5come65fgfb Query : select fieldkey,fieldname,fieldtype,calcformula from wstablefields where tablename = 'fi2' and documentnumber = 39
20241213@184928.2309 k79hlhq2rtq30ov5come65fgfb Query : insert into wsfi2data (fi2stamp,ftstamp ,ousrdata, ousrhora, usrdata,usrhora,ousrinis,usrinis) values ('aut675c875845675c81b837','aut675c861757675c81b7a6' ,getdate(),convert(char(8),convert (time,getdate())),getdate(),convert(char(8),convert (time,getdate())),'wsv','wsv')
20241213@184928.2314 k79hlhq2rtq30ov5come65fgfb Query : select 1 valor from information_schema.tables where table_type='base table' and table_name='wstablefields'
20241213@184928.2333 k79hlhq2rtq30ov5come65fgfb Query : select fieldkey,fieldname,fieldtype,calcformula from wstablefields where tablename = 'fi' and documentnumber = 39
20241213@184928.2365 k79hlhq2rtq30ov5come65fgfb Query : insert into wsfidata (fistamp,ousrdata, ousrhora, usrdata,usrhora,ousrinis,usrinis ,qtt ,ftstamp ,epv,pvmoeda ,tabiva,iva,lordem ,ref, design ,lote,armazem,bistamp ) values ('aut675c875845675c81b837',getdate(),convert(char(8),convert (time,getdate())),getdate(),convert(char(8),convert (time,getdate())),'wsv','wsv',28.000 ,'aut675c861757675c81b7a6' ,0,0 ,2,23.00,70000,?,?,?,?,?)
20241213@184928.2583 k79hlhq2rtq30ov5come65fgfb Query : use flama_phc
20241213@184928.2586 k79hlhq2rtq30ov5come65fgfb Query : select st.usalote valor from st where st.ref = '324.2200.94.1'
20241213@184928.2610 k79hlhq2rtq30ov5come65fgfb Query : select top 1 st.tabiva ,st.ivaincl ,st.stns ,st.uni2 ,st.familia ,isnull(tx.taxa, 0) txiva ,unidade ,usalote ,epcpond ,noserie ,conversao ,st.texteis from st left join taxasiva tx on st.tabiva = tx.codigo where st.ref = '324.2200.94.1'
20241213@184928.2733 k79hlhq2rtq30ov5come65fgfb Query : select 1 valor from information_schema.tables where table_type='base table' and table_name='wstablefields'
20241213@184928.2752 k79hlhq2rtq30ov5come65fgfb Query : select fieldkey,fieldname,fieldtype,mandatory from wstablefields where tablename = 'fi' and documentnumber = 39
20241213@184928.2784 k79hlhq2rtq30ov5come65fgfb Query : select 1 valor from information_schema.tables where table_type='base table' and table_name='wstablefields'
20241213@184928.2802 k79hlhq2rtq30ov5come65fgfb Query : select fieldkey,fieldname,fieldtype,mandatory from wstablefields where tablename = 'fi2' and documentnumber = 39
20241213@184928.2812 k79hlhq2rtq30ov5come65fgfb Query : select top 1 convert(numeric(6,2),t.taxa) valor from taxasiva t where t.codigo='2'
20241213@184928.2827 k79hlhq2rtq30ov5come65fgfb Query : select sestamp valor from se where ref ='324.2200.94.1' and lote = 'r2400046200a'
20241213@184928.2845 k79hlhq2rtq30ov5come65fgfb Query : select 1 valor from information_schema.tables where table_type='base table' and table_name='wstablefields'
20241213@184928.2866 k79hlhq2rtq30ov5come65fgfb Query : select fieldkey,fieldname,fieldtype,calcformula from wstablefields where tablename = 'fi2' and documentnumber = 39
20241213@184928.2881 k79hlhq2rtq30ov5come65fgfb Query : insert into wsfi2data (fi2stamp,ftstamp ,ousrdata, ousrhora, usrdata,usrhora,ousrinis,usrinis) values ('aut675c821139675c81b845','aut675c861757675c81b7a6' ,getdate(),convert(char(8),convert (time,getdate())),getdate(),convert(char(8),convert (time,getdate())),'wsv','wsv')
20241213@184928.2886 k79hlhq2rtq30ov5come65fgfb Query : select 1 valor from information_schema.tables where table_type='base table' and table_name='wstablefields'
20241213@184928.2903 k79hlhq2rtq30ov5come65fgfb Query : select fieldkey,fieldname,fieldtype,calcformula from wstablefields where tablename = 'fi' and documentnumber = 39
20241213@184928.2938 k79hlhq2rtq30ov5come65fgfb Query : insert into wsfidata (fistamp,ousrdata, ousrhora, usrdata,usrhora,ousrinis,usrinis ,qtt ,ftstamp ,epv,pvmoeda ,tabiva,iva,lordem ,ref, design ,lote,armazem,bistamp ) values ('aut675c821139675c81b845',getdate(),convert(char(8),convert (time,getdate())),getdate(),convert(char(8),convert (time,getdate())),'wsv','wsv',3.000 ,'aut675c861757675c81b7a6' ,0,0 ,2,23.00,80000,?,?,?,?,?)
20241213@184928.3157 k79hlhq2rtq30ov5come65fgfb Query : insert into wsftcreationlog (initialftstamp,externalid,creationstatus,documenttypeid,idustamp) values ('aut675c861757675c81b7a6','2408563','wait',39,'adm09112754980.682000002')
20241213@184928.3241 k79hlhq2rtq30ov5come65fgfb Query : use flama_phc
20241213@184928.3245 k79hlhq2rtq30ov5come65fgfb Query : update u_wsusers set rqsttoken =? where userid ='userls001'
20241213@184928.3280 k79hlhq2rtq30ov5come65fgfb Query : select concat(rtrim(relative_path),ltrim(name_new)) as valor from uploadfiles where uploadfile_id='3962';
20241213@184928.3323 k79hlhq2rtq30ov5come65fgfb Query : update uploadfiles set whenupdated=current_timestamp where uploadfile_id='3962';
20241213@184928.3375 k79hlhq2rtq30ov5come65fgfb Query : select concat(rtrim(relative_path),ltrim(name_new)) as valor from uploadfiles where uploadfile_id='3962';
20241213@184928.3439 k79hlhq2rtq30ov5come65fgfb Query : update uploadfiles set whenupdated=current_timestamp where uploadfile_id='3962';
20241213@184928.3988 lfnqvif2jp9civ61cu1m6pr09k Query : insert into uploadfiles ( name_original, name_new, option_type, relative_path, whencreated ) values ( ?, ?, ?, ?, getdate() )
20241213@184928.4005 lfnqvif2jp9civ61cu1m6pr09k Query : select uploadfile_id valor from uploadfiles where name_new = ? and option_type = ? 
20241213@184928.4082 lfnqvif2jp9civ61cu1m6pr09k Query : select concat(rtrim(relative_path),ltrim(name_new)) as valor from uploadfiles where uploadfile_id='3963';
20241213@184928.4153 lfnqvif2jp9civ61cu1m6pr09k Query : update uploadfiles set whenupdated=current_timestamp where uploadfile_id='3963';
20241213@184928.4220 lfnqvif2jp9civ61cu1m6pr09k Query : select concat(rtrim(relative_path),ltrim(name_new)) as valor from uploadfiles where uploadfile_id='3963';
20241213@184928.4256 lfnqvif2jp9civ61cu1m6pr09k Query : update uploadfiles set whenupdated=current_timestamp where uploadfile_id='3963';
20241213@184928.4316 lfnqvif2jp9civ61cu1m6pr09k Query : use flama_phc
20241213@184928.4320 lfnqvif2jp9civ61cu1m6pr09k Query : select top 1 secretkey valor from u_wsusers u where u.userid = ? and u.inactivo=0
20241213@184928.4393 lfnqvif2jp9civ61cu1m6pr09k Query : use flama_phc
20241213@184928.4396 lfnqvif2jp9civ61cu1m6pr09k Query : select no, estab,szadrsdesc from szadrs where u_coddest=6737
20241213@184928.4494 lfnqvif2jp9civ61cu1m6pr09k Query : select top 1 isnull(design,'') valor from st (nolock) left join stobs (nolock) on st.ref = stobs.ref where st.ref = '328.9005.00.1'
20241213@184928.4651 lfnqvif2jp9civ61cu1m6pr09k Query : select top 1 bistamp valor from bi inner join bo on bo.bostamp=bi.bostamp where bo.ndos =240 and bo.boano =2085 and bo.obrano = 2408564 and bi.ref ='328.9005.00.1' and bi.lordem =1
20241213@184928.4957 lfnqvif2jp9civ61cu1m6pr09k Query : select top 1 isnull(design,'') valor from st (nolock) left join stobs (nolock) on st.ref = stobs.ref where st.ref = '328.9345.00.1'
20241213@184928.5078 lfnqvif2jp9civ61cu1m6pr09k Query : select top 1 bistamp valor from bi inner join bo on bo.bostamp=bi.bostamp where bo.ndos =240 and bo.boano =2085 and bo.obrano = 2408564 and bi.ref ='328.9345.00.1' and bi.lordem =2
20241213@184928.5382 lfnqvif2jp9civ61cu1m6pr09k Query : select top 1 isnull(design,'') valor from st (nolock) left join stobs (nolock) on st.ref = stobs.ref where st.ref = '328.9345.00.1'
20241213@184928.5404 lfnqvif2jp9civ61cu1m6pr09k Query : select top 1 bistamp valor from bi inner join bo on bo.bostamp=bi.bostamp where bo.ndos =240 and bo.boano =2085 and bo.obrano = 2408564 and bi.ref ='328.9345.00.1' and bi.lordem =2
20241213@184928.5425 lfnqvif2jp9civ61cu1m6pr09k Query : use flama_phc
20241213@184928.5429 lfnqvif2jp9civ61cu1m6pr09k Query : select top 1 convert(date,fdata) valor from ft where ndoc = 39 and anulado= 0 and fno>0 order by fdata desc
20241213@184928.5469 lfnqvif2jp9civ61cu1m6pr09k Query : use flama_phc
20241213@184928.5474 lfnqvif2jp9civ61cu1m6pr09k Query : select top 1 1 valor from td where td.ndoc = 39
20241213@184928.5513 lfnqvif2jp9civ61cu1m6pr09k Query : use flama_phc
20241213@184928.5520 lfnqvif2jp9civ61cu1m6pr09k Query : select lower(descricao) descricao ,case when valor='s' then 1 else 0 end valor from para1 where descricao in ('st_lote','st_usalogifunc', 'st_grelha')
20241213@184928.5570 lfnqvif2jp9civ61cu1m6pr09k Query : select top 1 manternumero ,assinadoc issigned ,tiposaft ,assinaimp ,nmdos ,td.assinadoc ,'cl' origin ,lancasl stocks ,case when cmsl<50 and td.lancasl=1 then 1 else 0 end entrada ,case when cmsl>50 and td.lancasl=1 then 1 else 0 end saida ,temserie assets ,~semgre usegridfields from td inner join td2 on td.tdstamp=td2.td2stamp where td.ndoc = 1
20241213@184928.5611 lfnqvif2jp9civ61cu1m6pr09k Query : use flama_phc
20241213@184928.5615 lfnqvif2jp9civ61cu1m6pr09k Query : select top 1 ~inactivo valor from cl where no = '100810' and estab = 0 order by inactivo desc
20241213@184928.5723 lfnqvif2jp9civ61cu1m6pr09k Query : use flama_phc
20241213@184928.5727 lfnqvif2jp9civ61cu1m6pr09k Query : select top 1 tipodoc,regrd from td where ndoc = 39
20241213@184928.5762 lfnqvif2jp9civ61cu1m6pr09k Query : use flama_phc
20241213@184928.5766 lfnqvif2jp9civ61cu1m6pr09k Query : select szadrsstamp valor from szadrs where szadrsdesc='espaÇotrans,lda'
20241213@184928.5814 lfnqvif2jp9civ61cu1m6pr09k Query : use flama_phc
20241213@184928.5817 lfnqvif2jp9civ61cu1m6pr09k Query : select szadrsstamp valor from szadrs where szadrsdesc='100810 - worten-plaza large formats rainha'
20241213@184928.5876 lfnqvif2jp9civ61cu1m6pr09k Query : use flama_phc
20241213@184928.5880 lfnqvif2jp9civ61cu1m6pr09k Query : select 1 valor from td where ndoc = 39
20241213@184928.5895 lfnqvif2jp9civ61cu1m6pr09k Query : select top 1 manternumero, tiposaft, nmdos,td.assinadoc from td where td.ndoc = 39
20241213@184928.5913 lfnqvif2jp9civ61cu1m6pr09k Query : select 1 valor from information_schema.tables where table_type='base table' and table_name='wstablefields'
20241213@184928.5937 lfnqvif2jp9civ61cu1m6pr09k Query : select fieldkey,fieldname,fieldtype,mandatory from wstablefields where tablename = 'ft' and documentnumber = 39
20241213@184928.5967 lfnqvif2jp9civ61cu1m6pr09k Query : select 1 valor from information_schema.tables where table_type='base table' and table_name='wstablefields'
20241213@184928.6012 lfnqvif2jp9civ61cu1m6pr09k Query : select fieldkey,fieldname,fieldtype,mandatory from wstablefields where tablename = 'ft2' and documentnumber = 39
20241213@184928.6043 lfnqvif2jp9civ61cu1m6pr09k Query : select 1 valor from information_schema.tables where table_type='base table' and table_name='wstablefields'
20241213@184928.6059 lfnqvif2jp9civ61cu1m6pr09k Query : select fieldkey,fieldname,fieldtype,mandatory from wstablefields where tablename = 'ft3' and documentnumber = 39
20241213@184928.6074 lfnqvif2jp9civ61cu1m6pr09k Query : select top 1 ft.fno valor from ft ft where ft.ndoc = 39 and ftano=2024 order by fno desc
20241213@184928.6130 lfnqvif2jp9civ61cu1m6pr09k Query : select top 1 ft.fno valor from wsftdata ft where ft.ndoc = 39 and ftano=2024 order by fno desc
20241213@184928.6146 lfnqvif2jp9civ61cu1m6pr09k Query : select 1 valor from information_schema.tables where table_type='base table' and table_name='wstablefields'
20241213@184928.6162 lfnqvif2jp9civ61cu1m6pr09k Query : select fieldkey,fieldname,fieldtype,calcformula from wstablefields where tablename = 'ft3' and documentnumber = 39
20241213@184928.6182 lfnqvif2jp9civ61cu1m6pr09k Query : insert into wsft3data (ft3stamp, ousrdata, ousrhora, usrdata,usrhora,ousrinis,usrinis,taxpointdt ) values ('aut675c801218675c81b894' ,getdate(),convert(char(8),convert (time,getdate())),getdate(),convert(char(8),convert (time,getdate())),'wsv','wsv',?)
20241213@184928.6335 lfnqvif2jp9civ61cu1m6pr09k Query : select 1 valor from information_schema.tables where table_type='base table' and table_name='wstablefields'
20241213@184928.6356 lfnqvif2jp9civ61cu1m6pr09k Query : select fieldkey,fieldname,fieldtype,calcformula from wstablefields where tablename = 'ft2' and documentnumber = 39
20241213@184928.6398 lfnqvif2jp9civ61cu1m6pr09k Query : select top 1 bo.u_nomeenv valor from bo where bo.bostamp=''
20241213@184928.6416 lfnqvif2jp9civ61cu1m6pr09k Query : select top 1 bo.u_moradaen valor from bo where bo.bostamp=''
20241213@184928.6448 lfnqvif2jp9civ61cu1m6pr09k Query : select top 1 bo.u_codposen valor from bo where bo.bostamp=''
20241213@184928.6463 lfnqvif2jp9civ61cu1m6pr09k Query : select top 1 bo.u_localenv valor from bo where bo.bostamp=''
20241213@184928.6480 lfnqvif2jp9civ61cu1m6pr09k Query : select top 1 bo.trab5 valor from bo where bo.bostamp=''
20241213@184928.6497 lfnqvif2jp9civ61cu1m6pr09k Query : select top 1 bo.serie valor from bo where bo.bostamp=''
20241213@184928.6512 lfnqvif2jp9civ61cu1m6pr09k Query : insert into wsft2data (ft2stamp, ousrdata,ousrhora, usrdata,usrhora,ousrinis,usrinis,u_nomeenv ,u_moradaen ,u_codposen ,u_localenv ,u_coddest ,u_codby ) values ('aut675c801218675c81b894',getdate(),convert(char(8),convert (time,getdate())),getdate(),convert(char(8),convert (time,getdate())),'wsv','wsv',?,?,?,?,?,?)
20241213@184928.6736 lfnqvif2jp9civ61cu1m6pr09k Query : select top 1 fno valor from wsftdata order by fno desc
20241213@184928.6777 lfnqvif2jp9civ61cu1m6pr09k Query : select 1 valor from information_schema.tables where table_type='base table' and table_name='wstablefields'
20241213@184928.6797 lfnqvif2jp9civ61cu1m6pr09k Query : select fieldkey,fieldname,fieldtype,calcformula from wstablefields where tablename = 'ft' and documentnumber = 39
20241213@184928.6824 lfnqvif2jp9civ61cu1m6pr09k Query : select 'normal' from dummy
20241213@184928.6842 lfnqvif2jp9civ61cu1m6pr09k Query : insert into wsftdata (ftstamp, ousrdata,ousrhora, usrdata,usrhora,ousrinis,usrinis,fno,no,estab,fdata,ndoc,moeda,cambio,cambiofixo,ftano,site ,classe ) values ('aut675c801218675c81b894',getdate(),convert(char(8),convert (time,getdate())),getdate(),convert(char(8),convert (time,getdate())),'wsv','wsv',2445,100810,0,'2024-12-13',39,'euro',0,0,2024 ,?,?)
20241213@184928.7108 lfnqvif2jp9civ61cu1m6pr09k Query : use flama_phc
20241213@184928.7112 lfnqvif2jp9civ61cu1m6pr09k Query : select st.usalote valor from st where st.ref = '328.9005.00.1'
20241213@184928.7157 lfnqvif2jp9civ61cu1m6pr09k Query : select top 1 st.tabiva ,st.ivaincl ,st.stns ,st.uni2 ,st.familia ,isnull(tx.taxa, 0) txiva ,unidade ,usalote ,epcpond ,noserie ,conversao ,st.texteis from st left join taxasiva tx on st.tabiva = tx.codigo where st.ref = '328.9005.00.1'
20241213@184928.7292 lfnqvif2jp9civ61cu1m6pr09k Query : select 1 valor from information_schema.tables where table_type='base table' and table_name='wstablefields'
20241213@184928.7315 lfnqvif2jp9civ61cu1m6pr09k Query : select fieldkey,fieldname,fieldtype,mandatory from wstablefields where tablename = 'fi' and documentnumber = 39
20241213@184928.7350 lfnqvif2jp9civ61cu1m6pr09k Query : select 1 valor from information_schema.tables where table_type='base table' and table_name='wstablefields'
20241213@184928.7367 lfnqvif2jp9civ61cu1m6pr09k Query : select fieldkey,fieldname,fieldtype,mandatory from wstablefields where tablename = 'fi2' and documentnumber = 39
20241213@184928.7381 lfnqvif2jp9civ61cu1m6pr09k Query : select top 1 convert(numeric(6,2),t.taxa) valor from taxasiva t where t.codigo='2'
20241213@184928.7405 lfnqvif2jp9civ61cu1m6pr09k Query : select sestamp valor from se where ref ='328.9005.00.1' and lote = 'r2100770200a'
20241213@184928.7436 lfnqvif2jp9civ61cu1m6pr09k Query : select 1 valor from information_schema.tables where table_type='base table' and table_name='wstablefields'
20241213@184928.7454 lfnqvif2jp9civ61cu1m6pr09k Query : select fieldkey,fieldname,fieldtype,calcformula from wstablefields where tablename = 'fi2' and documentnumber = 39
20241213@184928.7469 lfnqvif2jp9civ61cu1m6pr09k Query : insert into wsfi2data (fi2stamp,ftstamp ,ousrdata, ousrhora, usrdata,usrhora,ousrinis,usrinis) values ('aut675c881602675c81b8b5','aut675c801218675c81b894' ,getdate(),convert(char(8),convert (time,getdate())),getdate(),convert(char(8),convert (time,getdate())),'wsv','wsv')
20241213@184928.7473 lfnqvif2jp9civ61cu1m6pr09k Query : select 1 valor from information_schema.tables where table_type='base table' and table_name='wstablefields'
20241213@184928.7491 lfnqvif2jp9civ61cu1m6pr09k Query : select fieldkey,fieldname,fieldtype,calcformula from wstablefields where tablename = 'fi' and documentnumber = 39
20241213@184928.7533 lfnqvif2jp9civ61cu1m6pr09k Query : insert into wsfidata (fistamp,ousrdata, ousrhora, usrdata,usrhora,ousrinis,usrinis ,qtt ,ftstamp ,epv,pvmoeda ,tabiva,iva,lordem ,ref, design ,lote,armazem,bistamp ) values ('aut675c881602675c81b8b5',getdate(),convert(char(8),convert (time,getdate())),getdate(),convert(char(8),convert (time,getdate())),'wsv','wsv',2.000 ,'aut675c801218675c81b894' ,0,0 ,2,23.00,10000,?,?,?,?,?)
20241213@184928.7773 lfnqvif2jp9civ61cu1m6pr09k Query : select 1 valor from information_schema.tables where table_type='base table' and table_name='wstablefields'
20241213@184928.7798 lfnqvif2jp9civ61cu1m6pr09k Query : select fieldkey,fieldname,fieldtype,mandatory from wstablefields where tablename = 'fi' and documentnumber = 39
20241213@184928.7829 lfnqvif2jp9civ61cu1m6pr09k Query : select 1 valor from information_schema.tables where table_type='base table' and table_name='wstablefields'
20241213@184928.7846 lfnqvif2jp9civ61cu1m6pr09k Query : select fieldkey,fieldname,fieldtype,mandatory from wstablefields where tablename = 'fi2' and documentnumber = 39
20241213@184928.7858 lfnqvif2jp9civ61cu1m6pr09k Query : select top 1 convert(numeric(6,2),t.taxa) valor from taxasiva t where t.codigo='2'
20241213@184928.7881 lfnqvif2jp9civ61cu1m6pr09k Query : select 1 valor from information_schema.tables where table_type='base table' and table_name='wstablefields'
20241213@184928.7900 lfnqvif2jp9civ61cu1m6pr09k Query : select fieldkey,fieldname,fieldtype,calcformula from wstablefields where tablename = 'fi2' and documentnumber = 39
20241213@184928.7915 lfnqvif2jp9civ61cu1m6pr09k Query : insert into wsfi2data (fi2stamp,ftstamp ,ousrdata, ousrhora, usrdata,usrhora,ousrinis,usrinis) values ('aut675c893944675c81b8c0','aut675c801218675c81b894' ,getdate(),convert(char(8),convert (time,getdate())),getdate(),convert(char(8),convert (time,getdate())),'wsv','wsv')
20241213@184928.7920 lfnqvif2jp9civ61cu1m6pr09k Query : select 1 valor from information_schema.tables where table_type='base table' and table_name='wstablefields'
20241213@184928.7947 lfnqvif2jp9civ61cu1m6pr09k Query : select fieldkey,fieldname,fieldtype,calcformula from wstablefields where tablename = 'fi' and documentnumber = 39
20241213@184928.7981 lfnqvif2jp9civ61cu1m6pr09k Query : insert into wsfidata (fistamp,ousrdata, ousrhora, usrdata,usrhora,ousrinis,usrinis ,qtt ,ftstamp ,epv,pvmoeda ,tabiva,iva,lordem ,ref, design ,armazem) values ('aut675c893944675c81b8c0',getdate(),convert(char(8),convert (time,getdate())),getdate(),convert(char(8),convert (time,getdate())),'wsv','wsv',0 ,'aut675c801218675c81b894' ,0,0 ,2,23.00,20000,?,?,?)
20241213@184928.8196 lfnqvif2jp9civ61cu1m6pr09k Query : use flama_phc
20241213@184928.8200 lfnqvif2jp9civ61cu1m6pr09k Query : select st.usalote valor from st where st.ref = '328.9345.00.1'
20241213@184928.8224 lfnqvif2jp9civ61cu1m6pr09k Query : select top 1 st.tabiva ,st.ivaincl ,st.stns ,st.uni2 ,st.familia ,isnull(tx.taxa, 0) txiva ,unidade ,usalote ,epcpond ,noserie ,conversao ,st.texteis from st left join taxasiva tx on st.tabiva = tx.codigo where st.ref = '328.9345.00.1'
20241213@184928.8395 lfnqvif2jp9civ61cu1m6pr09k Query : select 1 valor from information_schema.tables where table_type='base table' and table_name='wstablefields'
20241213@184928.8425 lfnqvif2jp9civ61cu1m6pr09k Query : select fieldkey,fieldname,fieldtype,mandatory from wstablefields where tablename = 'fi' and documentnumber = 39
20241213@184928.8457 lfnqvif2jp9civ61cu1m6pr09k Query : select 1 valor from information_schema.tables where table_type='base table' and table_name='wstablefields'
20241213@184928.8476 lfnqvif2jp9civ61cu1m6pr09k Query : select fieldkey,fieldname,fieldtype,mandatory from wstablefields where tablename = 'fi2' and documentnumber = 39
20241213@184928.8487 lfnqvif2jp9civ61cu1m6pr09k Query : select top 1 convert(numeric(6,2),t.taxa) valor from taxasiva t where t.codigo='2'
20241213@184928.8507 lfnqvif2jp9civ61cu1m6pr09k Query : select sestamp valor from se where ref ='328.9345.00.1' and lote = 'r2101101300a'
20241213@184928.8539 lfnqvif2jp9civ61cu1m6pr09k Query : select 1 valor from information_schema.tables where table_type='base table' and table_name='wstablefields'
20241213@184928.8557 lfnqvif2jp9civ61cu1m6pr09k Query : select fieldkey,fieldname,fieldtype,calcformula from wstablefields where tablename = 'fi2' and documentnumber = 39
20241213@184928.8570 lfnqvif2jp9civ61cu1m6pr09k Query : insert into wsfi2data (fi2stamp,ftstamp ,ousrdata, ousrhora, usrdata,usrhora,ousrinis,usrinis) values ('aut675c818686675c81b8d0','aut675c801218675c81b894' ,getdate(),convert(char(8),convert (time,getdate())),getdate(),convert(char(8),convert (time,getdate())),'wsv','wsv')
20241213@184928.8574 lfnqvif2jp9civ61cu1m6pr09k Query : select 1 valor from information_schema.tables where table_type='base table' and table_name='wstablefields'
20241213@184928.8596 lfnqvif2jp9civ61cu1m6pr09k Query : select fieldkey,fieldname,fieldtype,calcformula from wstablefields where tablename = 'fi' and documentnumber = 39
20241213@184928.8632 lfnqvif2jp9civ61cu1m6pr09k Query : insert into wsfidata (fistamp,ousrdata, ousrhora, usrdata,usrhora,ousrinis,usrinis ,qtt ,ftstamp ,epv,pvmoeda ,tabiva,iva,lordem ,ref, design ,lote,armazem,bistamp ) values ('aut675c818686675c81b8d0',getdate(),convert(char(8),convert (time,getdate())),getdate(),convert(char(8),convert (time,getdate())),'wsv','wsv',1.000 ,'aut675c801218675c81b894' ,0,0 ,2,23.00,40000,?,?,?,?,?)
20241213@184928.9057 lfnqvif2jp9civ61cu1m6pr09k Query : select 1 valor from information_schema.tables where table_type='base table' and table_name='wstablefields'
20241213@184928.9079 lfnqvif2jp9civ61cu1m6pr09k Query : select fieldkey,fieldname,fieldtype,mandatory from wstablefields where tablename = 'fi' and documentnumber = 39
20241213@184928.9112 lfnqvif2jp9civ61cu1m6pr09k Query : select 1 valor from information_schema.tables where table_type='base table' and table_name='wstablefields'
20241213@184928.9132 lfnqvif2jp9civ61cu1m6pr09k Query : select fieldkey,fieldname,fieldtype,mandatory from wstablefields where tablename = 'fi2' and documentnumber = 39
20241213@184928.9143 lfnqvif2jp9civ61cu1m6pr09k Query : select top 1 convert(numeric(6,2),t.taxa) valor from taxasiva t where t.codigo='2'
20241213@184928.9157 lfnqvif2jp9civ61cu1m6pr09k Query : select 1 valor from information_schema.tables where table_type='base table' and table_name='wstablefields'
20241213@184928.9178 lfnqvif2jp9civ61cu1m6pr09k Query : select fieldkey,fieldname,fieldtype,calcformula from wstablefields where tablename = 'fi2' and documentnumber = 39
20241213@184928.9192 lfnqvif2jp9civ61cu1m6pr09k Query : insert into wsfi2data (fi2stamp,ftstamp ,ousrdata, ousrhora, usrdata,usrhora,ousrinis,usrinis) values ('aut675c851922675c81b8df','aut675c801218675c81b894' ,getdate(),convert(char(8),convert (time,getdate())),getdate(),convert(char(8),convert (time,getdate())),'wsv','wsv')
20241213@184928.9196 lfnqvif2jp9civ61cu1m6pr09k Query : select 1 valor from information_schema.tables where table_type='base table' and table_name='wstablefields'
20241213@184928.9214 lfnqvif2jp9civ61cu1m6pr09k Query : select fieldkey,fieldname,fieldtype,calcformula from wstablefields where tablename = 'fi' and documentnumber = 39
20241213@184928.9249 lfnqvif2jp9civ61cu1m6pr09k Query : insert into wsfidata (fistamp,ousrdata, ousrhora, usrdata,usrhora,ousrinis,usrinis ,qtt ,ftstamp ,epv,pvmoeda ,tabiva,iva,lordem ,ref, design ,armazem) values ('aut675c851922675c81b8df',getdate(),convert(char(8),convert (time,getdate())),getdate(),convert(char(8),convert (time,getdate())),'wsv','wsv',0 ,'aut675c801218675c81b894' ,0,0 ,2,23.00,50000,?,?,?)
20241213@184928.9472 lfnqvif2jp9civ61cu1m6pr09k Query : use flama_phc
20241213@184928.9475 lfnqvif2jp9civ61cu1m6pr09k Query : select st.usalote valor from st where st.ref = '328.9345.00.1'
20241213@184928.9503 lfnqvif2jp9civ61cu1m6pr09k Query : select top 1 st.tabiva ,st.ivaincl ,st.stns ,st.uni2 ,st.familia ,isnull(tx.taxa, 0) txiva ,unidade ,usalote ,epcpond ,noserie ,conversao ,st.texteis from st left join taxasiva tx on st.tabiva = tx.codigo where st.ref = '328.9345.00.1'
20241213@184928.9519 lfnqvif2jp9civ61cu1m6pr09k Query : select 1 valor from information_schema.tables where table_type='base table' and table_name='wstablefields'
20241213@184928.9540 lfnqvif2jp9civ61cu1m6pr09k Query : select fieldkey,fieldname,fieldtype,mandatory from wstablefields where tablename = 'fi' and documentnumber = 39
20241213@184928.9569 lfnqvif2jp9civ61cu1m6pr09k Query : select 1 valor from information_schema.tables where table_type='base table' and table_name='wstablefields'
20241213@184928.9598 lfnqvif2jp9civ61cu1m6pr09k Query : select fieldkey,fieldname,fieldtype,mandatory from wstablefields where tablename = 'fi2' and documentnumber = 39
20241213@184928.9608 lfnqvif2jp9civ61cu1m6pr09k Query : select top 1 convert(numeric(6,2),t.taxa) valor from taxasiva t where t.codigo='2'
20241213@184928.9626 lfnqvif2jp9civ61cu1m6pr09k Query : select sestamp valor from se where ref ='328.9345.00.1' and lote = 'r2101101300a'
20241213@184928.9644 lfnqvif2jp9civ61cu1m6pr09k Query : select 1 valor from information_schema.tables where table_type='base table' and table_name='wstablefields'
20241213@184928.9661 lfnqvif2jp9civ61cu1m6pr09k Query : select fieldkey,fieldname,fieldtype,calcformula from wstablefields where tablename = 'fi2' and documentnumber = 39
20241213@184928.9678 lfnqvif2jp9civ61cu1m6pr09k Query : insert into wsfi2data (fi2stamp,ftstamp ,ousrdata, ousrhora, usrdata,usrhora,ousrinis,usrinis) values ('aut675c834881675c81b8eb','aut675c801218675c81b894' ,getdate(),convert(char(8),convert (time,getdate())),getdate(),convert(char(8),convert (time,getdate())),'wsv','wsv')
20241213@184928.9686 lfnqvif2jp9civ61cu1m6pr09k Query : select 1 valor from information_schema.tables where table_type='base table' and table_name='wstablefields'
20241213@184928.9704 lfnqvif2jp9civ61cu1m6pr09k Query : select fieldkey,fieldname,fieldtype,calcformula from wstablefields where tablename = 'fi' and documentnumber = 39
20241213@184928.9738 lfnqvif2jp9civ61cu1m6pr09k Query : insert into wsfidata (fistamp,ousrdata, ousrhora, usrdata,usrhora,ousrinis,usrinis ,qtt ,ftstamp ,epv,pvmoeda ,tabiva,iva,lordem ,ref, design ,lote,armazem,bistamp ) values ('aut675c834881675c81b8eb',getdate(),convert(char(8),convert (time,getdate())),getdate(),convert(char(8),convert (time,getdate())),'wsv','wsv',1.000 ,'aut675c801218675c81b894' ,0,0 ,2,23.00,70000,?,?,?,?,?)
20241213@184928.9971 lfnqvif2jp9civ61cu1m6pr09k Query : select 1 valor from information_schema.tables where table_type='base table' and table_name='wstablefields'
20241213@184928.9990 lfnqvif2jp9civ61cu1m6pr09k Query : select fieldkey,fieldname,fieldtype,mandatory from wstablefields where tablename = 'fi' and documentnumber = 39
20241213@184929.2300 lfnqvif2jp9civ61cu1m6pr09k Query : select 1 valor from information_schema.tables where table_type='base table' and table_name='wstablefields'
20241213@184929.4100 lfnqvif2jp9civ61cu1m6pr09k Query : select fieldkey,fieldname,fieldtype,mandatory from wstablefields where tablename = 'fi2' and documentnumber = 39
20241213@184929.5200 lfnqvif2jp9civ61cu1m6pr09k Query : select top 1 convert(numeric(6,2),t.taxa) valor from taxasiva t where t.codigo='2'
20241213@184929.6800 lfnqvif2jp9civ61cu1m6pr09k Query : select 1 valor from information_schema.tables where table_type='base table' and table_name='wstablefields'
20241213@184929.8500 lfnqvif2jp9civ61cu1m6pr09k Query : select fieldkey,fieldname,fieldtype,calcformula from wstablefields where tablename = 'fi2' and documentnumber = 39
20241213@184929.1000 lfnqvif2jp9civ61cu1m6pr09k Query : insert into wsfi2data (fi2stamp,ftstamp ,ousrdata, ousrhora, usrdata,usrhora,ousrinis,usrinis) values ('aut675c819428675c81b901','aut675c801218675c81b894' ,getdate(),convert(char(8),convert (time,getdate())),getdate(),convert(char(8),convert (time,getdate())),'wsv','wsv')
20241213@184929.1060 lfnqvif2jp9civ61cu1m6pr09k Query : select 1 valor from information_schema.tables where table_type='base table' and table_name='wstablefields'
20241213@184929.1240 lfnqvif2jp9civ61cu1m6pr09k Query : select fieldkey,fieldname,fieldtype,calcformula from wstablefields where tablename = 'fi' and documentnumber = 39
20241213@184929.1680 lfnqvif2jp9civ61cu1m6pr09k Query : insert into wsfidata (fistamp,ousrdata, ousrhora, usrdata,usrhora,ousrinis,usrinis ,qtt ,ftstamp ,epv,pvmoeda ,tabiva,iva,lordem ,ref, design ,armazem) values ('aut675c819428675c81b901',getdate(),convert(char(8),convert (time,getdate())),getdate(),convert(char(8),convert (time,getdate())),'wsv','wsv',0 ,'aut675c801218675c81b894' ,0,0 ,2,23.00,80000,?,?,?)
20241213@184929.4730 lfnqvif2jp9civ61cu1m6pr09k Query : insert into wsftcreationlog (initialftstamp,externalid,creationstatus,documenttypeid,idustamp) values ('aut675c801218675c81b894','2408564','wait',39,'adm09112754980.682000002')
20241213@184929.5620 lfnqvif2jp9civ61cu1m6pr09k Query : use flama_phc
20241213@184929.5660 lfnqvif2jp9civ61cu1m6pr09k Query : update u_wsusers set rqsttoken =? where userid ='userls001'
20241213@184929.5990 lfnqvif2jp9civ61cu1m6pr09k Query : select concat(rtrim(relative_path),ltrim(name_new)) as valor from uploadfiles where uploadfile_id='3963';
20241213@184929.6510 lfnqvif2jp9civ61cu1m6pr09k Query : update uploadfiles set whenupdated=current_timestamp where uploadfile_id='3963';
20241213@184929.7070 lfnqvif2jp9civ61cu1m6pr09k Query : select concat(rtrim(relative_path),ltrim(name_new)) as valor from uploadfiles where uploadfile_id='3963';
20241213@184929.7530 lfnqvif2jp9civ61cu1m6pr09k Query : update uploadfiles set whenupdated=current_timestamp where uploadfile_id='3963';
20241213@184929.1290 t0b1k1fur8k39uuntt40laa12o Query : insert into uploadfiles ( name_original, name_new, option_type, relative_path, whencreated ) values ( ?, ?, ?, ?, getdate() )
20241213@184929.1302 t0b1k1fur8k39uuntt40laa12o Query : select uploadfile_id valor from uploadfiles where name_new = ? and option_type = ? 
20241213@184929.1382 t0b1k1fur8k39uuntt40laa12o Query : select concat(rtrim(relative_path),ltrim(name_new)) as valor from uploadfiles where uploadfile_id='3964';
20241213@184929.1449 t0b1k1fur8k39uuntt40laa12o Query : update uploadfiles set whenupdated=current_timestamp where uploadfile_id='3964';
20241213@184929.1523 t0b1k1fur8k39uuntt40laa12o Query : select concat(rtrim(relative_path),ltrim(name_new)) as valor from uploadfiles where uploadfile_id='3964';
20241213@184929.1559 t0b1k1fur8k39uuntt40laa12o Query : update uploadfiles set whenupdated=current_timestamp where uploadfile_id='3964';
20241213@184929.1635 t0b1k1fur8k39uuntt40laa12o Query : use flama_phc
20241213@184929.1638 t0b1k1fur8k39uuntt40laa12o Query : select top 1 secretkey valor from u_wsusers u where u.userid = ? and u.inactivo=0
20241213@184929.1714 t0b1k1fur8k39uuntt40laa12o Query : use flama_phc
20241213@184929.1717 t0b1k1fur8k39uuntt40laa12o Query : select no, estab,szadrsdesc from szadrs where u_coddest=6737
20241213@184929.1764 t0b1k1fur8k39uuntt40laa12o Query : select top 1 isnull(design,'') valor from st (nolock) left join stobs (nolock) on st.ref = stobs.ref where st.ref = '327.8253.00.1'
20241213@184929.1907 t0b1k1fur8k39uuntt40laa12o Query : select top 1 bistamp valor from bi inner join bo on bo.bostamp=bi.bostamp where bo.ndos =240 and bo.boano =2085 and bo.obrano = 2408565 and bi.ref ='327.8253.00.1' and bi.lordem =1
20241213@184929.2215 t0b1k1fur8k39uuntt40laa12o Query : use flama_phc
20241213@184929.2218 t0b1k1fur8k39uuntt40laa12o Query : select top 1 convert(date,fdata) valor from ft where ndoc = 39 and anulado= 0 and fno>0 order by fdata desc
20241213@184929.2253 t0b1k1fur8k39uuntt40laa12o Query : use flama_phc
20241213@184929.2256 t0b1k1fur8k39uuntt40laa12o Query : select top 1 1 valor from td where td.ndoc = 39
20241213@184929.2291 t0b1k1fur8k39uuntt40laa12o Query : use flama_phc
20241213@184929.2294 t0b1k1fur8k39uuntt40laa12o Query : select lower(descricao) descricao ,case when valor='s' then 1 else 0 end valor from para1 where descricao in ('st_lote','st_usalogifunc', 'st_grelha')
20241213@184929.2342 t0b1k1fur8k39uuntt40laa12o Query : select top 1 manternumero ,assinadoc issigned ,tiposaft ,assinaimp ,nmdos ,td.assinadoc ,'cl' origin ,lancasl stocks ,case when cmsl<50 and td.lancasl=1 then 1 else 0 end entrada ,case when cmsl>50 and td.lancasl=1 then 1 else 0 end saida ,temserie assets ,~semgre usegridfields from td inner join td2 on td.tdstamp=td2.td2stamp where td.ndoc = 1
20241213@184929.2380 t0b1k1fur8k39uuntt40laa12o Query : use flama_phc
20241213@184929.2383 t0b1k1fur8k39uuntt40laa12o Query : select top 1 ~inactivo valor from cl where no = '100810' and estab = 0 order by inactivo desc
20241213@184929.2421 t0b1k1fur8k39uuntt40laa12o Query : use flama_phc
20241213@184929.2423 t0b1k1fur8k39uuntt40laa12o Query : select top 1 tipodoc,regrd from td where ndoc = 39
20241213@184929.2462 t0b1k1fur8k39uuntt40laa12o Query : use flama_phc
20241213@184929.2464 t0b1k1fur8k39uuntt40laa12o Query : select szadrsstamp valor from szadrs where szadrsdesc='espaÇotrans,lda'
20241213@184929.2511 t0b1k1fur8k39uuntt40laa12o Query : use flama_phc
20241213@184929.2514 t0b1k1fur8k39uuntt40laa12o Query : select szadrsstamp valor from szadrs where szadrsdesc='100810 - worten-plaza large formats rainha'
20241213@184929.2572 t0b1k1fur8k39uuntt40laa12o Query : use flama_phc
20241213@184929.2575 t0b1k1fur8k39uuntt40laa12o Query : select 1 valor from td where ndoc = 39
20241213@184929.2587 t0b1k1fur8k39uuntt40laa12o Query : select top 1 manternumero, tiposaft, nmdos,td.assinadoc from td where td.ndoc = 39
20241213@184929.2602 t0b1k1fur8k39uuntt40laa12o Query : select 1 valor from information_schema.tables where table_type='base table' and table_name='wstablefields'
20241213@184929.2618 t0b1k1fur8k39uuntt40laa12o Query : select fieldkey,fieldname,fieldtype,mandatory from wstablefields where tablename = 'ft' and documentnumber = 39
20241213@184929.2638 t0b1k1fur8k39uuntt40laa12o Query : select 1 valor from information_schema.tables where table_type='base table' and table_name='wstablefields'
20241213@184929.2654 t0b1k1fur8k39uuntt40laa12o Query : select fieldkey,fieldname,fieldtype,mandatory from wstablefields where tablename = 'ft2' and documentnumber = 39
20241213@184929.2716 t0b1k1fur8k39uuntt40laa12o Query : select 1 valor from information_schema.tables where table_type='base table' and table_name='wstablefields'
20241213@184929.2731 t0b1k1fur8k39uuntt40laa12o Query : select fieldkey,fieldname,fieldtype,mandatory from wstablefields where tablename = 'ft3' and documentnumber = 39
20241213@184929.2743 t0b1k1fur8k39uuntt40laa12o Query : select top 1 ft.fno valor from ft ft where ft.ndoc = 39 and ftano=2024 order by fno desc
20241213@184929.2804 t0b1k1fur8k39uuntt40laa12o Query : select top 1 ft.fno valor from wsftdata ft where ft.ndoc = 39 and ftano=2024 order by fno desc
20241213@184929.2816 t0b1k1fur8k39uuntt40laa12o Query : select 1 valor from information_schema.tables where table_type='base table' and table_name='wstablefields'
20241213@184929.2831 t0b1k1fur8k39uuntt40laa12o Query : select fieldkey,fieldname,fieldtype,calcformula from wstablefields where tablename = 'ft3' and documentnumber = 39
20241213@184929.2861 t0b1k1fur8k39uuntt40laa12o Query : insert into wsft3data (ft3stamp, ousrdata, ousrhora, usrdata,usrhora,ousrinis,usrinis,taxpointdt ) values ('aut675c871890675c81b942' ,getdate(),convert(char(8),convert (time,getdate())),getdate(),convert(char(8),convert (time,getdate())),'wsv','wsv',?)
20241213@184929.3014 t0b1k1fur8k39uuntt40laa12o Query : select 1 valor from information_schema.tables where table_type='base table' and table_name='wstablefields'
20241213@184929.3029 t0b1k1fur8k39uuntt40laa12o Query : select fieldkey,fieldname,fieldtype,calcformula from wstablefields where tablename = 'ft2' and documentnumber = 39
20241213@184929.3061 t0b1k1fur8k39uuntt40laa12o Query : select top 1 bo.u_nomeenv valor from bo where bo.bostamp=''
20241213@184929.3074 t0b1k1fur8k39uuntt40laa12o Query : select top 1 bo.u_moradaen valor from bo where bo.bostamp=''
20241213@184929.3086 t0b1k1fur8k39uuntt40laa12o Query : select top 1 bo.u_codposen valor from bo where bo.bostamp=''
20241213@184929.3098 t0b1k1fur8k39uuntt40laa12o Query : select top 1 bo.u_localenv valor from bo where bo.bostamp=''
20241213@184929.3110 t0b1k1fur8k39uuntt40laa12o Query : select top 1 bo.trab5 valor from bo where bo.bostamp=''
20241213@184929.3123 t0b1k1fur8k39uuntt40laa12o Query : select top 1 bo.serie valor from bo where bo.bostamp=''
20241213@184929.3134 t0b1k1fur8k39uuntt40laa12o Query : insert into wsft2data (ft2stamp, ousrdata,ousrhora, usrdata,usrhora,ousrinis,usrinis,u_nomeenv ,u_moradaen ,u_codposen ,u_localenv ,u_coddest ,u_codby ) values ('aut675c871890675c81b942',getdate(),convert(char(8),convert (time,getdate())),getdate(),convert(char(8),convert (time,getdate())),'wsv','wsv',?,?,?,?,?,?)
20241213@184929.3350 t0b1k1fur8k39uuntt40laa12o Query : select top 1 fno valor from wsftdata order by fno desc
20241213@184929.3380 t0b1k1fur8k39uuntt40laa12o Query : select 1 valor from information_schema.tables where table_type='base table' and table_name='wstablefields'
20241213@184929.3399 t0b1k1fur8k39uuntt40laa12o Query : select fieldkey,fieldname,fieldtype,calcformula from wstablefields where tablename = 'ft' and documentnumber = 39
20241213@184929.3421 t0b1k1fur8k39uuntt40laa12o Query : select 'normal' from dummy
20241213@184929.3439 t0b1k1fur8k39uuntt40laa12o Query : insert into wsftdata (ftstamp, ousrdata,ousrhora, usrdata,usrhora,ousrinis,usrinis,fno,no,estab,fdata,ndoc,moeda,cambio,cambiofixo,ftano,site ,classe ) values ('aut675c871890675c81b942',getdate(),convert(char(8),convert (time,getdate())),getdate(),convert(char(8),convert (time,getdate())),'wsv','wsv',2446,100810,0,'2024-12-13',39,'euro',0,0,2024 ,?,?)
20241213@184929.3694 t0b1k1fur8k39uuntt40laa12o Query : use flama_phc
20241213@184929.3698 t0b1k1fur8k39uuntt40laa12o Query : select st.usalote valor from st where st.ref = '327.8253.00.1'
20241213@184929.3719 t0b1k1fur8k39uuntt40laa12o Query : select top 1 st.tabiva ,st.ivaincl ,st.stns ,st.uni2 ,st.familia ,isnull(tx.taxa, 0) txiva ,unidade ,usalote ,epcpond ,noserie ,conversao ,st.texteis from st left join taxasiva tx on st.tabiva = tx.codigo where st.ref = '327.8253.00.1'
20241213@184929.3871 t0b1k1fur8k39uuntt40laa12o Query : select 1 valor from information_schema.tables where table_type='base table' and table_name='wstablefields'
20241213@184929.3888 t0b1k1fur8k39uuntt40laa12o Query : select fieldkey,fieldname,fieldtype,mandatory from wstablefields where tablename = 'fi' and documentnumber = 39
20241213@184929.3914 t0b1k1fur8k39uuntt40laa12o Query : select 1 valor from information_schema.tables where table_type='base table' and table_name='wstablefields'
20241213@184929.3929 t0b1k1fur8k39uuntt40laa12o Query : select fieldkey,fieldname,fieldtype,mandatory from wstablefields where tablename = 'fi2' and documentnumber = 39
20241213@184929.3937 t0b1k1fur8k39uuntt40laa12o Query : select top 1 convert(numeric(6,2),t.taxa) valor from taxasiva t where t.codigo='2'
20241213@184929.3949 t0b1k1fur8k39uuntt40laa12o Query : select sestamp valor from se where ref ='327.8253.00.1' and lote = 'r2400073100b'
20241213@184929.3969 t0b1k1fur8k39uuntt40laa12o Query : select 1 valor from information_schema.tables where table_type='base table' and table_name='wstablefields'
20241213@184929.3985 t0b1k1fur8k39uuntt40laa12o Query : select fieldkey,fieldname,fieldtype,calcformula from wstablefields where tablename = 'fi2' and documentnumber = 39
20241213@184929.3998 t0b1k1fur8k39uuntt40laa12o Query : insert into wsfi2data (fi2stamp,ftstamp ,ousrdata, ousrhora, usrdata,usrhora,ousrinis,usrinis) values ('aut675c822767675c81b960','aut675c871890675c81b942' ,getdate(),convert(char(8),convert (time,getdate())),getdate(),convert(char(8),convert (time,getdate())),'wsv','wsv')
20241213@184929.4003 t0b1k1fur8k39uuntt40laa12o Query : select 1 valor from information_schema.tables where table_type='base table' and table_name='wstablefields'
20241213@184929.4021 t0b1k1fur8k39uuntt40laa12o Query : select fieldkey,fieldname,fieldtype,calcformula from wstablefields where tablename = 'fi' and documentnumber = 39
20241213@184929.4052 t0b1k1fur8k39uuntt40laa12o Query : insert into wsfidata (fistamp,ousrdata, ousrhora, usrdata,usrhora,ousrinis,usrinis ,qtt ,ftstamp ,epv,pvmoeda ,tabiva,iva,lordem ,ref, design ,lote,armazem,bistamp ) values ('aut675c822767675c81b960',getdate(),convert(char(8),convert (time,getdate())),getdate(),convert(char(8),convert (time,getdate())),'wsv','wsv',1.000 ,'aut675c871890675c81b942' ,0,0 ,2,23.00,10000,?,?,?,?,?)
20241213@184929.4355 t0b1k1fur8k39uuntt40laa12o Query : select 1 valor from information_schema.tables where table_type='base table' and table_name='wstablefields'
20241213@184929.4373 t0b1k1fur8k39uuntt40laa12o Query : select fieldkey,fieldname,fieldtype,mandatory from wstablefields where tablename = 'fi' and documentnumber = 39
20241213@184929.4400 t0b1k1fur8k39uuntt40laa12o Query : select 1 valor from information_schema.tables where table_type='base table' and table_name='wstablefields'
20241213@184929.4416 t0b1k1fur8k39uuntt40laa12o Query : select fieldkey,fieldname,fieldtype,mandatory from wstablefields where tablename = 'fi2' and documentnumber = 39
20241213@184929.4427 t0b1k1fur8k39uuntt40laa12o Query : select top 1 convert(numeric(6,2),t.taxa) valor from taxasiva t where t.codigo='2'
20241213@184929.4439 t0b1k1fur8k39uuntt40laa12o Query : select 1 valor from information_schema.tables where table_type='base table' and table_name='wstablefields'
20241213@184929.4455 t0b1k1fur8k39uuntt40laa12o Query : select fieldkey,fieldname,fieldtype,calcformula from wstablefields where tablename = 'fi2' and documentnumber = 39
20241213@184929.4467 t0b1k1fur8k39uuntt40laa12o Query : insert into wsfi2data (fi2stamp,ftstamp ,ousrdata, ousrhora, usrdata,usrhora,ousrinis,usrinis) values ('aut675c882542675c81b96c','aut675c871890675c81b942' ,getdate(),convert(char(8),convert (time,getdate())),getdate(),convert(char(8),convert (time,getdate())),'wsv','wsv')
20241213@184929.4474 t0b1k1fur8k39uuntt40laa12o Query : select 1 valor from information_schema.tables where table_type='base table' and table_name='wstablefields'
20241213@184929.4489 t0b1k1fur8k39uuntt40laa12o Query : select fieldkey,fieldname,fieldtype,calcformula from wstablefields where tablename = 'fi' and documentnumber = 39
20241213@184929.4517 t0b1k1fur8k39uuntt40laa12o Query : insert into wsfidata (fistamp,ousrdata, ousrhora, usrdata,usrhora,ousrinis,usrinis ,qtt ,ftstamp ,epv,pvmoeda ,tabiva,iva,lordem ,ref, design ,armazem) values ('aut675c882542675c81b96c',getdate(),convert(char(8),convert (time,getdate())),getdate(),convert(char(8),convert (time,getdate())),'wsv','wsv',0 ,'aut675c871890675c81b942' ,0,0 ,2,23.00,20000,?,?,?)
20241213@184929.4768 t0b1k1fur8k39uuntt40laa12o Query : insert into wsftcreationlog (initialftstamp,externalid,creationstatus,documenttypeid,idustamp) values ('aut675c871890675c81b942','2408565','wait',39,'adm09112754980.682000002')
20241213@184929.4836 t0b1k1fur8k39uuntt40laa12o Query : use flama_phc
20241213@184929.4840 t0b1k1fur8k39uuntt40laa12o Query : update u_wsusers set rqsttoken =? where userid ='userls001'
20241213@184929.4870 t0b1k1fur8k39uuntt40laa12o Query : select concat(rtrim(relative_path),ltrim(name_new)) as valor from uploadfiles where uploadfile_id='3964';
20241213@184929.4912 t0b1k1fur8k39uuntt40laa12o Query : update uploadfiles set whenupdated=current_timestamp where uploadfile_id='3964';
20241213@184929.4964 t0b1k1fur8k39uuntt40laa12o Query : select concat(rtrim(relative_path),ltrim(name_new)) as valor from uploadfiles where uploadfile_id='3964';
20241213@184929.4994 t0b1k1fur8k39uuntt40laa12o Query : update uploadfiles set whenupdated=current_timestamp where uploadfile_id='3964';
20241213@184929.5514 l6lr0lr13b6quh3umdba80n19h Query : insert into uploadfiles ( name_original, name_new, option_type, relative_path, whencreated ) values ( ?, ?, ?, ?, getdate() )
20241213@184929.5528 l6lr0lr13b6quh3umdba80n19h Query : select uploadfile_id valor from uploadfiles where name_new = ? and option_type = ? 
20241213@184929.5596 l6lr0lr13b6quh3umdba80n19h Query : select concat(rtrim(relative_path),ltrim(name_new)) as valor from uploadfiles where uploadfile_id='3965';
20241213@184929.5659 l6lr0lr13b6quh3umdba80n19h Query : update uploadfiles set whenupdated=current_timestamp where uploadfile_id='3965';
20241213@184929.5735 l6lr0lr13b6quh3umdba80n19h Query : select concat(rtrim(relative_path),ltrim(name_new)) as valor from uploadfiles where uploadfile_id='3965';
20241213@184929.5774 l6lr0lr13b6quh3umdba80n19h Query : update uploadfiles set whenupdated=current_timestamp where uploadfile_id='3965';
20241213@184929.5857 l6lr0lr13b6quh3umdba80n19h Query : use flama_phc
20241213@184929.5860 l6lr0lr13b6quh3umdba80n19h Query : select top 1 secretkey valor from u_wsusers u where u.userid = ? and u.inactivo=0
20241213@184929.5927 l6lr0lr13b6quh3umdba80n19h Query : use flama_phc
20241213@184929.5930 l6lr0lr13b6quh3umdba80n19h Query : select no, estab,szadrsdesc from szadrs where u_coddest=6737
20241213@184929.5977 l6lr0lr13b6quh3umdba80n19h Query : select top 1 isnull(design,'') valor from st (nolock) left join stobs (nolock) on st.ref = stobs.ref where st.ref = '327.8152.00.1'
20241213@184929.6107 l6lr0lr13b6quh3umdba80n19h Query : select top 1 bistamp valor from bi inner join bo on bo.bostamp=bi.bostamp where bo.ndos =240 and bo.boano =2085 and bo.obrano = 2408566 and bi.ref ='327.8152.00.1' and bi.lordem =1
20241213@184929.6433 l6lr0lr13b6quh3umdba80n19h Query : use flama_phc
20241213@184929.6437 l6lr0lr13b6quh3umdba80n19h Query : select top 1 convert(date,fdata) valor from ft where ndoc = 39 and anulado= 0 and fno>0 order by fdata desc
20241213@184929.6470 l6lr0lr13b6quh3umdba80n19h Query : use flama_phc
20241213@184929.6473 l6lr0lr13b6quh3umdba80n19h Query : select top 1 1 valor from td where td.ndoc = 39
20241213@184929.6503 l6lr0lr13b6quh3umdba80n19h Query : use flama_phc
20241213@184929.6506 l6lr0lr13b6quh3umdba80n19h Query : select lower(descricao) descricao ,case when valor='s' then 1 else 0 end valor from para1 where descricao in ('st_lote','st_usalogifunc', 'st_grelha')
20241213@184929.6535 l6lr0lr13b6quh3umdba80n19h Query : select top 1 manternumero ,assinadoc issigned ,tiposaft ,assinaimp ,nmdos ,td.assinadoc ,'cl' origin ,lancasl stocks ,case when cmsl<50 and td.lancasl=1 then 1 else 0 end entrada ,case when cmsl>50 and td.lancasl=1 then 1 else 0 end saida ,temserie assets ,~semgre usegridfields from td inner join td2 on td.tdstamp=td2.td2stamp where td.ndoc = 1
20241213@184929.6605 l6lr0lr13b6quh3umdba80n19h Query : use flama_phc
20241213@184929.6641 l6lr0lr13b6quh3umdba80n19h Query : select top 1 ~inactivo valor from cl where no = '100810' and estab = 0 order by inactivo desc
20241213@184929.6674 l6lr0lr13b6quh3umdba80n19h Query : use flama_phc
20241213@184929.6678 l6lr0lr13b6quh3umdba80n19h Query : select top 1 tipodoc,regrd from td where ndoc = 39
20241213@184929.6708 l6lr0lr13b6quh3umdba80n19h Query : use flama_phc
20241213@184929.6711 l6lr0lr13b6quh3umdba80n19h Query : select szadrsstamp valor from szadrs where szadrsdesc='espaÇotrans,lda'
20241213@184929.6771 l6lr0lr13b6quh3umdba80n19h Query : use flama_phc
20241213@184929.6775 l6lr0lr13b6quh3umdba80n19h Query : select szadrsstamp valor from szadrs where szadrsdesc='100810 - worten-plaza large formats rainha'
20241213@184929.6822 l6lr0lr13b6quh3umdba80n19h Query : use flama_phc
20241213@184929.6825 l6lr0lr13b6quh3umdba80n19h Query : select 1 valor from td where ndoc = 39
20241213@184929.6838 l6lr0lr13b6quh3umdba80n19h Query : select top 1 manternumero, tiposaft, nmdos,td.assinadoc from td where td.ndoc = 39
20241213@184929.6852 l6lr0lr13b6quh3umdba80n19h Query : select 1 valor from information_schema.tables where table_type='base table' and table_name='wstablefields'
20241213@184929.6869 l6lr0lr13b6quh3umdba80n19h Query : select fieldkey,fieldname,fieldtype,mandatory from wstablefields where tablename = 'ft' and documentnumber = 39
20241213@184929.6892 l6lr0lr13b6quh3umdba80n19h Query : select 1 valor from information_schema.tables where table_type='base table' and table_name='wstablefields'
20241213@184929.6906 l6lr0lr13b6quh3umdba80n19h Query : select fieldkey,fieldname,fieldtype,mandatory from wstablefields where tablename = 'ft2' and documentnumber = 39
20241213@184929.6945 l6lr0lr13b6quh3umdba80n19h Query : select 1 valor from information_schema.tables where table_type='base table' and table_name='wstablefields'
20241213@184929.6959 l6lr0lr13b6quh3umdba80n19h Query : select fieldkey,fieldname,fieldtype,mandatory from wstablefields where tablename = 'ft3' and documentnumber = 39
20241213@184929.6972 l6lr0lr13b6quh3umdba80n19h Query : select top 1 ft.fno valor from ft ft where ft.ndoc = 39 and ftano=2024 order by fno desc
20241213@184929.7027 l6lr0lr13b6quh3umdba80n19h Query : select top 1 ft.fno valor from wsftdata ft where ft.ndoc = 39 and ftano=2024 order by fno desc
20241213@184929.7040 l6lr0lr13b6quh3umdba80n19h Query : select 1 valor from information_schema.tables where table_type='base table' and table_name='wstablefields'
20241213@184929.7054 l6lr0lr13b6quh3umdba80n19h Query : select fieldkey,fieldname,fieldtype,calcformula from wstablefields where tablename = 'ft3' and documentnumber = 39
20241213@184929.7069 l6lr0lr13b6quh3umdba80n19h Query : insert into wsft3data (ft3stamp, ousrdata, ousrhora, usrdata,usrhora,ousrinis,usrinis,taxpointdt ) values ('aut675c896723675c81b9aa' ,getdate(),convert(char(8),convert (time,getdate())),getdate(),convert(char(8),convert (time,getdate())),'wsv','wsv',?)
20241213@184929.7222 l6lr0lr13b6quh3umdba80n19h Query : select 1 valor from information_schema.tables where table_type='base table' and table_name='wstablefields'
20241213@184929.7238 l6lr0lr13b6quh3umdba80n19h Query : select fieldkey,fieldname,fieldtype,calcformula from wstablefields where tablename = 'ft2' and documentnumber = 39
20241213@184929.7270 l6lr0lr13b6quh3umdba80n19h Query : select top 1 bo.u_nomeenv valor from bo where bo.bostamp=''
20241213@184929.7284 l6lr0lr13b6quh3umdba80n19h Query : select top 1 bo.u_moradaen valor from bo where bo.bostamp=''
20241213@184929.7296 l6lr0lr13b6quh3umdba80n19h Query : select top 1 bo.u_codposen valor from bo where bo.bostamp=''
20241213@184929.7308 l6lr0lr13b6quh3umdba80n19h Query : select top 1 bo.u_localenv valor from bo where bo.bostamp=''
20241213@184929.7319 l6lr0lr13b6quh3umdba80n19h Query : select top 1 bo.trab5 valor from bo where bo.bostamp=''
20241213@184929.7331 l6lr0lr13b6quh3umdba80n19h Query : select top 1 bo.serie valor from bo where bo.bostamp=''
20241213@184929.7342 l6lr0lr13b6quh3umdba80n19h Query : insert into wsft2data (ft2stamp, ousrdata,ousrhora, usrdata,usrhora,ousrinis,usrinis,u_nomeenv ,u_moradaen ,u_codposen ,u_localenv ,u_coddest ,u_codby ) values ('aut675c896723675c81b9aa',getdate(),convert(char(8),convert (time,getdate())),getdate(),convert(char(8),convert (time,getdate())),'wsv','wsv',?,?,?,?,?,?)
20241213@184929.7568 l6lr0lr13b6quh3umdba80n19h Query : select top 1 fno valor from wsftdata order by fno desc
20241213@184929.7600 l6lr0lr13b6quh3umdba80n19h Query : select 1 valor from information_schema.tables where table_type='base table' and table_name='wstablefields'
20241213@184929.7619 l6lr0lr13b6quh3umdba80n19h Query : select fieldkey,fieldname,fieldtype,calcformula from wstablefields where tablename = 'ft' and documentnumber = 39
20241213@184929.7644 l6lr0lr13b6quh3umdba80n19h Query : select 'normal' from dummy
20241213@184929.7659 l6lr0lr13b6quh3umdba80n19h Query : insert into wsftdata (ftstamp, ousrdata,ousrhora, usrdata,usrhora,ousrinis,usrinis,fno,no,estab,fdata,ndoc,moeda,cambio,cambiofixo,ftano,site ,classe ) values ('aut675c896723675c81b9aa',getdate(),convert(char(8),convert (time,getdate())),getdate(),convert(char(8),convert (time,getdate())),'wsv','wsv',2447,100810,0,'2024-12-13',39,'euro',0,0,2024 ,?,?)
20241213@184929.9047 l6lr0lr13b6quh3umdba80n19h Query : use flama_phc
20241213@184929.9050 l6lr0lr13b6quh3umdba80n19h Query : select st.usalote valor from st where st.ref = '327.8152.00.1'
20241213@184929.9241 l6lr0lr13b6quh3umdba80n19h Query : select top 1 st.tabiva ,st.ivaincl ,st.stns ,st.uni2 ,st.familia ,isnull(tx.taxa, 0) txiva ,unidade ,usalote ,epcpond ,noserie ,conversao ,st.texteis from st left join taxasiva tx on st.tabiva = tx.codigo where st.ref = '327.8152.00.1'
20241213@184929.9374 l6lr0lr13b6quh3umdba80n19h Query : select 1 valor from information_schema.tables where table_type='base table' and table_name='wstablefields'
20241213@184929.9390 l6lr0lr13b6quh3umdba80n19h Query : select fieldkey,fieldname,fieldtype,mandatory from wstablefields where tablename = 'fi' and documentnumber = 39
20241213@184929.9415 l6lr0lr13b6quh3umdba80n19h Query : select 1 valor from information_schema.tables where table_type='base table' and table_name='wstablefields'
20241213@184929.9429 l6lr0lr13b6quh3umdba80n19h Query : select fieldkey,fieldname,fieldtype,mandatory from wstablefields where tablename = 'fi2' and documentnumber = 39
20241213@184929.9438 l6lr0lr13b6quh3umdba80n19h Query : select top 1 convert(numeric(6,2),t.taxa) valor from taxasiva t where t.codigo='2'
20241213@184929.9449 l6lr0lr13b6quh3umdba80n19h Query : select sestamp valor from se where ref ='327.8152.00.1' and lote = 'r2400077200a'
20241213@184929.9463 l6lr0lr13b6quh3umdba80n19h Query : select 1 valor from information_schema.tables where table_type='base table' and table_name='wstablefields'
20241213@184929.9477 l6lr0lr13b6quh3umdba80n19h Query : select fieldkey,fieldname,fieldtype,calcformula from wstablefields where tablename = 'fi2' and documentnumber = 39
20241213@184929.9488 l6lr0lr13b6quh3umdba80n19h Query : insert into wsfi2data (fi2stamp,ftstamp ,ousrdata, ousrhora, usrdata,usrhora,ousrinis,usrinis) values ('aut675c887142675c81b9e7','aut675c896723675c81b9aa' ,getdate(),convert(char(8),convert (time,getdate())),getdate(),convert(char(8),convert (time,getdate())),'wsv','wsv')
20241213@184929.9492 l6lr0lr13b6quh3umdba80n19h Query : select 1 valor from information_schema.tables where table_type='base table' and table_name='wstablefields'
20241213@184929.9506 l6lr0lr13b6quh3umdba80n19h Query : select fieldkey,fieldname,fieldtype,calcformula from wstablefields where tablename = 'fi' and documentnumber = 39
20241213@184929.9533 l6lr0lr13b6quh3umdba80n19h Query : insert into wsfidata (fistamp,ousrdata, ousrhora, usrdata,usrhora,ousrinis,usrinis ,qtt ,ftstamp ,epv,pvmoeda ,tabiva,iva,lordem ,ref, design ,lote,armazem,bistamp ) values ('aut675c887142675c81b9e7',getdate(),convert(char(8),convert (time,getdate())),getdate(),convert(char(8),convert (time,getdate())),'wsv','wsv',4.000 ,'aut675c896723675c81b9aa' ,0,0 ,2,23.00,10000,?,?,?,?,?)
20241213@184929.9772 l6lr0lr13b6quh3umdba80n19h Query : select 1 valor from information_schema.tables where table_type='base table' and table_name='wstablefields'
20241213@184929.9793 l6lr0lr13b6quh3umdba80n19h Query : select fieldkey,fieldname,fieldtype,mandatory from wstablefields where tablename = 'fi' and documentnumber = 39
20241213@184929.9824 l6lr0lr13b6quh3umdba80n19h Query : select 1 valor from information_schema.tables where table_type='base table' and table_name='wstablefields'
20241213@184929.9839 l6lr0lr13b6quh3umdba80n19h Query : select fieldkey,fieldname,fieldtype,mandatory from wstablefields where tablename = 'fi2' and documentnumber = 39
20241213@184929.9848 l6lr0lr13b6quh3umdba80n19h Query : select top 1 convert(numeric(6,2),t.taxa) valor from taxasiva t where t.codigo='2'
20241213@184929.9862 l6lr0lr13b6quh3umdba80n19h Query : select 1 valor from information_schema.tables where table_type='base table' and table_name='wstablefields'
20241213@184929.9882 l6lr0lr13b6quh3umdba80n19h Query : select fieldkey,fieldname,fieldtype,calcformula from wstablefields where tablename = 'fi2' and documentnumber = 39
20241213@184929.9898 l6lr0lr13b6quh3umdba80n19h Query : insert into wsfi2data (fi2stamp,ftstamp ,ousrdata, ousrhora, usrdata,usrhora,ousrinis,usrinis) values ('aut675c807522675c81b9f0','aut675c896723675c81b9aa' ,getdate(),convert(char(8),convert (time,getdate())),getdate(),convert(char(8),convert (time,getdate())),'wsv','wsv')
20241213@184929.9903 l6lr0lr13b6quh3umdba80n19h Query : select 1 valor from information_schema.tables where table_type='base table' and table_name='wstablefields'
20241213@184929.9921 l6lr0lr13b6quh3umdba80n19h Query : select fieldkey,fieldname,fieldtype,calcformula from wstablefields where tablename = 'fi' and documentnumber = 39
20241213@184929.9949 l6lr0lr13b6quh3umdba80n19h Query : insert into wsfidata (fistamp,ousrdata, ousrhora, usrdata,usrhora,ousrinis,usrinis ,qtt ,ftstamp ,epv,pvmoeda ,tabiva,iva,lordem ,ref, design ,armazem) values ('aut675c807522675c81b9f0',getdate(),convert(char(8),convert (time,getdate())),getdate(),convert(char(8),convert (time,getdate())),'wsv','wsv',0 ,'aut675c896723675c81b9aa' ,0,0 ,2,23.00,20000,?,?,?)
20241213@184930.1910 l6lr0lr13b6quh3umdba80n19h Query : insert into wsftcreationlog (initialftstamp,externalid,creationstatus,documenttypeid,idustamp) values ('aut675c896723675c81b9aa','2408566','wait',39,'adm09112754980.682000002')
20241213@184930.2880 l6lr0lr13b6quh3umdba80n19h Query : use flama_phc
20241213@184930.2910 l6lr0lr13b6quh3umdba80n19h Query : update u_wsusers set rqsttoken =? where userid ='userls001'
20241213@184930.3240 l6lr0lr13b6quh3umdba80n19h Query : select concat(rtrim(relative_path),ltrim(name_new)) as valor from uploadfiles where uploadfile_id='3965';
20241213@184930.3700 l6lr0lr13b6quh3umdba80n19h Query : update uploadfiles set whenupdated=current_timestamp where uploadfile_id='3965';
20241213@184930.4220 l6lr0lr13b6quh3umdba80n19h Query : select concat(rtrim(relative_path),ltrim(name_new)) as valor from uploadfiles where uploadfile_id='3965';
20241213@184930.4530 l6lr0lr13b6quh3umdba80n19h Query : update uploadfiles set whenupdated=current_timestamp where uploadfile_id='3965';
20241213@184930.9710 0ens225uvs98tm2lhuoept95vp Query : insert into uploadfiles ( name_original, name_new, option_type, relative_path, whencreated ) values ( ?, ?, ?, ?, getdate() )
20241213@184930.9830 0ens225uvs98tm2lhuoept95vp Query : select uploadfile_id valor from uploadfiles where name_new = ? and option_type = ? 
20241213@184930.1054 0ens225uvs98tm2lhuoept95vp Query : select concat(rtrim(relative_path),ltrim(name_new)) as valor from uploadfiles where uploadfile_id='3966';
20241213@184930.1119 0ens225uvs98tm2lhuoept95vp Query : update uploadfiles set whenupdated=current_timestamp where uploadfile_id='3966';
20241213@184930.1336 0ens225uvs98tm2lhuoept95vp Query : select concat(rtrim(relative_path),ltrim(name_new)) as valor from uploadfiles where uploadfile_id='3966';
20241213@184930.1378 0ens225uvs98tm2lhuoept95vp Query : update uploadfiles set whenupdated=current_timestamp where uploadfile_id='3966';
20241213@184930.1442 0ens225uvs98tm2lhuoept95vp Query : use flama_phc
20241213@184930.1445 0ens225uvs98tm2lhuoept95vp Query : select top 1 secretkey valor from u_wsusers u where u.userid = ? and u.inactivo=0
20241213@184930.1514 0ens225uvs98tm2lhuoept95vp Query : use flama_phc
20241213@184930.1517 0ens225uvs98tm2lhuoept95vp Query : select no, estab,szadrsdesc from szadrs where u_coddest=6737
20241213@184930.1570 0ens225uvs98tm2lhuoept95vp Query : select top 1 isnull(design,'') valor from st (nolock) left join stobs (nolock) on st.ref = stobs.ref where st.ref = '328.9005.00.1'
20241213@184930.1593 0ens225uvs98tm2lhuoept95vp Query : select top 1 bistamp valor from bi inner join bo on bo.bostamp=bi.bostamp where bo.ndos =240 and bo.boano =2085 and bo.obrano = 2408568 and bi.ref ='328.9005.00.1' and bi.lordem =1
20241213@184930.1973 0ens225uvs98tm2lhuoept95vp Query : select top 1 isnull(design,'') valor from st (nolock) left join stobs (nolock) on st.ref = stobs.ref where st.ref = '328.9345.00.1'
20241213@184930.2028 0ens225uvs98tm2lhuoept95vp Query : select top 1 bistamp valor from bi inner join bo on bo.bostamp=bi.bostamp where bo.ndos =240 and bo.boano =2085 and bo.obrano = 2408568 and bi.ref ='328.9345.00.1' and bi.lordem =2
20241213@184930.2344 0ens225uvs98tm2lhuoept95vp Query : select top 1 isnull(design,'') valor from st (nolock) left join stobs (nolock) on st.ref = stobs.ref where st.ref = '328.9006.00.1'
20241213@184930.2465 0ens225uvs98tm2lhuoept95vp Query : select top 1 bistamp valor from bi inner join bo on bo.bostamp=bi.bostamp where bo.ndos =240 and bo.boano =2085 and bo.obrano = 2408568 and bi.ref ='328.9006.00.1' and bi.lordem =3
20241213@184930.2773 0ens225uvs98tm2lhuoept95vp Query : select top 1 isnull(design,'') valor from st (nolock) left join stobs (nolock) on st.ref = stobs.ref where st.ref = '328.9335.00.1'
20241213@184930.2892 0ens225uvs98tm2lhuoept95vp Query : select top 1 bistamp valor from bi inner join bo on bo.bostamp=bi.bostamp where bo.ndos =240 and bo.boano =2085 and bo.obrano = 2408568 and bi.ref ='328.9335.00.1' and bi.lordem =4
20241213@184930.3183 0ens225uvs98tm2lhuoept95vp Query : use flama_phc
20241213@184930.3186 0ens225uvs98tm2lhuoept95vp Query : select top 1 convert(date,fdata) valor from ft where ndoc = 39 and anulado= 0 and fno>0 order by fdata desc
20241213@184930.3221 0ens225uvs98tm2lhuoept95vp Query : use flama_phc
20241213@184930.3224 0ens225uvs98tm2lhuoept95vp Query : select top 1 1 valor from td where td.ndoc = 39
20241213@184930.3254 0ens225uvs98tm2lhuoept95vp Query : use flama_phc
20241213@184930.3257 0ens225uvs98tm2lhuoept95vp Query : select lower(descricao) descricao ,case when valor='s' then 1 else 0 end valor from para1 where descricao in ('st_lote','st_usalogifunc', 'st_grelha')
20241213@184930.3288 0ens225uvs98tm2lhuoept95vp Query : select top 1 manternumero ,assinadoc issigned ,tiposaft ,assinaimp ,nmdos ,td.assinadoc ,'cl' origin ,lancasl stocks ,case when cmsl<50 and td.lancasl=1 then 1 else 0 end entrada ,case when cmsl>50 and td.lancasl=1 then 1 else 0 end saida ,temserie assets ,~semgre usegridfields from td inner join td2 on td.tdstamp=td2.td2stamp where td.ndoc = 1
20241213@184930.3325 0ens225uvs98tm2lhuoept95vp Query : use flama_phc
20241213@184930.3328 0ens225uvs98tm2lhuoept95vp Query : select top 1 ~inactivo valor from cl where no = '100810' and estab = 0 order by inactivo desc
20241213@184930.3358 0ens225uvs98tm2lhuoept95vp Query : use flama_phc
20241213@184930.3361 0ens225uvs98tm2lhuoept95vp Query : select top 1 tipodoc,regrd from td where ndoc = 39
20241213@184930.3396 0ens225uvs98tm2lhuoept95vp Query : use flama_phc
20241213@184930.3399 0ens225uvs98tm2lhuoept95vp Query : select szadrsstamp valor from szadrs where szadrsdesc='espaÇotrans,lda'
20241213@184930.3451 0ens225uvs98tm2lhuoept95vp Query : use flama_phc
20241213@184930.3454 0ens225uvs98tm2lhuoept95vp Query : select szadrsstamp valor from szadrs where szadrsdesc='100810 - worten-plaza large formats rainha'
20241213@184930.3517 0ens225uvs98tm2lhuoept95vp Query : use flama_phc
20241213@184930.3520 0ens225uvs98tm2lhuoept95vp Query : select 1 valor from td where ndoc = 39
20241213@184930.3552 0ens225uvs98tm2lhuoept95vp Query : select top 1 manternumero, tiposaft, nmdos,td.assinadoc from td where td.ndoc = 39
20241213@184930.3568 0ens225uvs98tm2lhuoept95vp Query : select 1 valor from information_schema.tables where table_type='base table' and table_name='wstablefields'
20241213@184930.3587 0ens225uvs98tm2lhuoept95vp Query : select fieldkey,fieldname,fieldtype,mandatory from wstablefields where tablename = 'ft' and documentnumber = 39
20241213@184930.3610 0ens225uvs98tm2lhuoept95vp Query : select 1 valor from information_schema.tables where table_type='base table' and table_name='wstablefields'
20241213@184930.3626 0ens225uvs98tm2lhuoept95vp Query : select fieldkey,fieldname,fieldtype,mandatory from wstablefields where tablename = 'ft2' and documentnumber = 39
20241213@184930.3657 0ens225uvs98tm2lhuoept95vp Query : select 1 valor from information_schema.tables where table_type='base table' and table_name='wstablefields'
20241213@184930.3672 0ens225uvs98tm2lhuoept95vp Query : select fieldkey,fieldname,fieldtype,mandatory from wstablefields where tablename = 'ft3' and documentnumber = 39
20241213@184930.3686 0ens225uvs98tm2lhuoept95vp Query : select top 1 ft.fno valor from ft ft where ft.ndoc = 39 and ftano=2024 order by fno desc
20241213@184930.3743 0ens225uvs98tm2lhuoept95vp Query : select top 1 ft.fno valor from wsftdata ft where ft.ndoc = 39 and ftano=2024 order by fno desc
20241213@184930.3756 0ens225uvs98tm2lhuoept95vp Query : select 1 valor from information_schema.tables where table_type='base table' and table_name='wstablefields'
20241213@184930.3772 0ens225uvs98tm2lhuoept95vp Query : select fieldkey,fieldname,fieldtype,calcformula from wstablefields where tablename = 'ft3' and documentnumber = 39
20241213@184930.3789 0ens225uvs98tm2lhuoept95vp Query : insert into wsft3data (ft3stamp, ousrdata, ousrhora, usrdata,usrhora,ousrinis,usrinis,taxpointdt ) values ('aut675c898035675c81ba5a' ,getdate(),convert(char(8),convert (time,getdate())),getdate(),convert(char(8),convert (time,getdate())),'wsv','wsv',?)
20241213@184930.3957 0ens225uvs98tm2lhuoept95vp Query : select 1 valor from information_schema.tables where table_type='base table' and table_name='wstablefields'
20241213@184930.3975 0ens225uvs98tm2lhuoept95vp Query : select fieldkey,fieldname,fieldtype,calcformula from wstablefields where tablename = 'ft2' and documentnumber = 39
20241213@184930.4025 0ens225uvs98tm2lhuoept95vp Query : select top 1 bo.u_nomeenv valor from bo where bo.bostamp=''
20241213@184930.4038 0ens225uvs98tm2lhuoept95vp Query : select top 1 bo.u_moradaen valor from bo where bo.bostamp=''
20241213@184930.4051 0ens225uvs98tm2lhuoept95vp Query : select top 1 bo.u_codposen valor from bo where bo.bostamp=''
20241213@184930.4075 0ens225uvs98tm2lhuoept95vp Query : select top 1 bo.u_localenv valor from bo where bo.bostamp=''
20241213@184930.4087 0ens225uvs98tm2lhuoept95vp Query : select top 1 bo.trab5 valor from bo where bo.bostamp=''
20241213@184930.4099 0ens225uvs98tm2lhuoept95vp Query : select top 1 bo.serie valor from bo where bo.bostamp=''
20241213@184930.4110 0ens225uvs98tm2lhuoept95vp Query : insert into wsft2data (ft2stamp, ousrdata,ousrhora, usrdata,usrhora,ousrinis,usrinis,u_nomeenv ,u_moradaen ,u_codposen ,u_localenv ,u_coddest ,u_codby ) values ('aut675c898035675c81ba5a',getdate(),convert(char(8),convert (time,getdate())),getdate(),convert(char(8),convert (time,getdate())),'wsv','wsv',?,?,?,?,?,?)
20241213@184930.4343 0ens225uvs98tm2lhuoept95vp Query : select top 1 fno valor from wsftdata order by fno desc
20241213@184930.4379 0ens225uvs98tm2lhuoept95vp Query : select 1 valor from information_schema.tables where table_type='base table' and table_name='wstablefields'
20241213@184930.4397 0ens225uvs98tm2lhuoept95vp Query : select fieldkey,fieldname,fieldtype,calcformula from wstablefields where tablename = 'ft' and documentnumber = 39
20241213@184930.4419 0ens225uvs98tm2lhuoept95vp Query : select 'normal' from dummy
20241213@184930.4448 0ens225uvs98tm2lhuoept95vp Query : insert into wsftdata (ftstamp, ousrdata,ousrhora, usrdata,usrhora,ousrinis,usrinis,fno,no,estab,fdata,ndoc,moeda,cambio,cambiofixo,ftano,site ,classe ) values ('aut675c898035675c81ba5a',getdate(),convert(char(8),convert (time,getdate())),getdate(),convert(char(8),convert (time,getdate())),'wsv','wsv',2448,100810,0,'2024-12-13',39,'euro',0,0,2024 ,?,?)
20241213@184930.4704 0ens225uvs98tm2lhuoept95vp Query : use flama_phc
20241213@184930.4708 0ens225uvs98tm2lhuoept95vp Query : select st.usalote valor from st where st.ref = '328.9005.00.1'
20241213@184930.4732 0ens225uvs98tm2lhuoept95vp Query : select top 1 st.tabiva ,st.ivaincl ,st.stns ,st.uni2 ,st.familia ,isnull(tx.taxa, 0) txiva ,unidade ,usalote ,epcpond ,noserie ,conversao ,st.texteis from st left join taxasiva tx on st.tabiva = tx.codigo where st.ref = '328.9005.00.1'
20241213@184930.4746 0ens225uvs98tm2lhuoept95vp Query : select 1 valor from information_schema.tables where table_type='base table' and table_name='wstablefields'
20241213@184930.4762 0ens225uvs98tm2lhuoept95vp Query : select fieldkey,fieldname,fieldtype,mandatory from wstablefields where tablename = 'fi' and documentnumber = 39
20241213@184930.4787 0ens225uvs98tm2lhuoept95vp Query : select 1 valor from information_schema.tables where table_type='base table' and table_name='wstablefields'
20241213@184930.4803 0ens225uvs98tm2lhuoept95vp Query : select fieldkey,fieldname,fieldtype,mandatory from wstablefields where tablename = 'fi2' and documentnumber = 39
20241213@184930.4811 0ens225uvs98tm2lhuoept95vp Query : select top 1 convert(numeric(6,2),t.taxa) valor from taxasiva t where t.codigo='2'
20241213@184930.4824 0ens225uvs98tm2lhuoept95vp Query : select sestamp valor from se where ref ='328.9005.00.1' and lote = 'r2100770200a'
20241213@184930.4850 0ens225uvs98tm2lhuoept95vp Query : select 1 valor from information_schema.tables where table_type='base table' and table_name='wstablefields'
20241213@184930.4865 0ens225uvs98tm2lhuoept95vp Query : select fieldkey,fieldname,fieldtype,calcformula from wstablefields where tablename = 'fi2' and documentnumber = 39
20241213@184930.4877 0ens225uvs98tm2lhuoept95vp Query : insert into wsfi2data (fi2stamp,ftstamp ,ousrdata, ousrhora, usrdata,usrhora,ousrinis,usrinis) values ('aut675c847663675c81ba76','aut675c898035675c81ba5a' ,getdate(),convert(char(8),convert (time,getdate())),getdate(),convert(char(8),convert (time,getdate())),'wsv','wsv')
20241213@184930.4881 0ens225uvs98tm2lhuoept95vp Query : select 1 valor from information_schema.tables where table_type='base table' and table_name='wstablefields'
20241213@184930.4896 0ens225uvs98tm2lhuoept95vp Query : select fieldkey,fieldname,fieldtype,calcformula from wstablefields where tablename = 'fi' and documentnumber = 39
20241213@184930.4926 0ens225uvs98tm2lhuoept95vp Query : insert into wsfidata (fistamp,ousrdata, ousrhora, usrdata,usrhora,ousrinis,usrinis ,qtt ,ftstamp ,epv,pvmoeda ,tabiva,iva,lordem ,ref, design ,lote,armazem,bistamp ) values ('aut675c847663675c81ba76',getdate(),convert(char(8),convert (time,getdate())),getdate(),convert(char(8),convert (time,getdate())),'wsv','wsv',1.000 ,'aut675c898035675c81ba5a' ,0,0 ,2,23.00,10000,?,?,?,?,?)
20241213@184930.5187 0ens225uvs98tm2lhuoept95vp Query : select 1 valor from information_schema.tables where table_type='base table' and table_name='wstablefields'
20241213@184930.5204 0ens225uvs98tm2lhuoept95vp Query : select fieldkey,fieldname,fieldtype,mandatory from wstablefields where tablename = 'fi' and documentnumber = 39
20241213@184930.5231 0ens225uvs98tm2lhuoept95vp Query : select 1 valor from information_schema.tables where table_type='base table' and table_name='wstablefields'
20241213@184930.5245 0ens225uvs98tm2lhuoept95vp Query : select fieldkey,fieldname,fieldtype,mandatory from wstablefields where tablename = 'fi2' and documentnumber = 39
20241213@184930.5257 0ens225uvs98tm2lhuoept95vp Query : select top 1 convert(numeric(6,2),t.taxa) valor from taxasiva t where t.codigo='2'
20241213@184930.5271 0ens225uvs98tm2lhuoept95vp Query : select 1 valor from information_schema.tables where table_type='base table' and table_name='wstablefields'
20241213@184930.5300 0ens225uvs98tm2lhuoept95vp Query : select fieldkey,fieldname,fieldtype,calcformula from wstablefields where tablename = 'fi2' and documentnumber = 39
20241213@184930.5312 0ens225uvs98tm2lhuoept95vp Query : insert into wsfi2data (fi2stamp,ftstamp ,ousrdata, ousrhora, usrdata,usrhora,ousrinis,usrinis) values ('aut675c878976675c81ba80','aut675c898035675c81ba5a' ,getdate(),convert(char(8),convert (time,getdate())),getdate(),convert(char(8),convert (time,getdate())),'wsv','wsv')
20241213@184930.5317 0ens225uvs98tm2lhuoept95vp Query : select 1 valor from information_schema.tables where table_type='base table' and table_name='wstablefields'
20241213@184930.5338 0ens225uvs98tm2lhuoept95vp Query : select fieldkey,fieldname,fieldtype,calcformula from wstablefields where tablename = 'fi' and documentnumber = 39
20241213@184930.5366 0ens225uvs98tm2lhuoept95vp Query : insert into wsfidata (fistamp,ousrdata, ousrhora, usrdata,usrhora,ousrinis,usrinis ,qtt ,ftstamp ,epv,pvmoeda ,tabiva,iva,lordem ,ref, design ,armazem) values ('aut675c878976675c81ba80',getdate(),convert(char(8),convert (time,getdate())),getdate(),convert(char(8),convert (time,getdate())),'wsv','wsv',0 ,'aut675c898035675c81ba5a' ,0,0 ,2,23.00,20000,?,?,?)
20241213@184930.5590 0ens225uvs98tm2lhuoept95vp Query : use flama_phc
20241213@184930.5595 0ens225uvs98tm2lhuoept95vp Query : select st.usalote valor from st where st.ref = '328.9345.00.1'
20241213@184930.5615 0ens225uvs98tm2lhuoept95vp Query : select top 1 st.tabiva ,st.ivaincl ,st.stns ,st.uni2 ,st.familia ,isnull(tx.taxa, 0) txiva ,unidade ,usalote ,epcpond ,noserie ,conversao ,st.texteis from st left join taxasiva tx on st.tabiva = tx.codigo where st.ref = '328.9345.00.1'
20241213@184930.5629 0ens225uvs98tm2lhuoept95vp Query : select 1 valor from information_schema.tables where table_type='base table' and table_name='wstablefields'
20241213@184930.5645 0ens225uvs98tm2lhuoept95vp Query : select fieldkey,fieldname,fieldtype,mandatory from wstablefields where tablename = 'fi' and documentnumber = 39
20241213@184930.5672 0ens225uvs98tm2lhuoept95vp Query : select 1 valor from information_schema.tables where table_type='base table' and table_name='wstablefields'
20241213@184930.5687 0ens225uvs98tm2lhuoept95vp Query : select fieldkey,fieldname,fieldtype,mandatory from wstablefields where tablename = 'fi2' and documentnumber = 39
20241213@184930.5695 0ens225uvs98tm2lhuoept95vp Query : select top 1 convert(numeric(6,2),t.taxa) valor from taxasiva t where t.codigo='2'
20241213@184930.5707 0ens225uvs98tm2lhuoept95vp Query : select sestamp valor from se where ref ='328.9345.00.1' and lote = 'r2101101300a'
20241213@184930.5721 0ens225uvs98tm2lhuoept95vp Query : select 1 valor from information_schema.tables where table_type='base table' and table_name='wstablefields'
20241213@184930.5748 0ens225uvs98tm2lhuoept95vp Query : select fieldkey,fieldname,fieldtype,calcformula from wstablefields where tablename = 'fi2' and documentnumber = 39
20241213@184930.5760 0ens225uvs98tm2lhuoept95vp Query : insert into wsfi2data (fi2stamp,ftstamp ,ousrdata, ousrhora, usrdata,usrhora,ousrinis,usrinis) values ('aut675c847125675c81ba8b','aut675c898035675c81ba5a' ,getdate(),convert(char(8),convert (time,getdate())),getdate(),convert(char(8),convert (time,getdate())),'wsv','wsv')
20241213@184930.5764 0ens225uvs98tm2lhuoept95vp Query : select 1 valor from information_schema.tables where table_type='base table' and table_name='wstablefields'
20241213@184930.5780 0ens225uvs98tm2lhuoept95vp Query : select fieldkey,fieldname,fieldtype,calcformula from wstablefields where tablename = 'fi' and documentnumber = 39
20241213@184930.5809 0ens225uvs98tm2lhuoept95vp Query : insert into wsfidata (fistamp,ousrdata, ousrhora, usrdata,usrhora,ousrinis,usrinis ,qtt ,ftstamp ,epv,pvmoeda ,tabiva,iva,lordem ,ref, design ,lote,armazem,bistamp ) values ('aut675c847125675c81ba8b',getdate(),convert(char(8),convert (time,getdate())),getdate(),convert(char(8),convert (time,getdate())),'wsv','wsv',2.000 ,'aut675c898035675c81ba5a' ,0,0 ,2,23.00,40000,?,?,?,?,?)
20241213@184930.6046 0ens225uvs98tm2lhuoept95vp Query : select 1 valor from information_schema.tables where table_type='base table' and table_name='wstablefields'
20241213@184930.6063 0ens225uvs98tm2lhuoept95vp Query : select fieldkey,fieldname,fieldtype,mandatory from wstablefields where tablename = 'fi' and documentnumber = 39
20241213@184930.6123 0ens225uvs98tm2lhuoept95vp Query : select 1 valor from information_schema.tables where table_type='base table' and table_name='wstablefields'
20241213@184930.6139 0ens225uvs98tm2lhuoept95vp Query : select fieldkey,fieldname,fieldtype,mandatory from wstablefields where tablename = 'fi2' and documentnumber = 39
20241213@184930.6148 0ens225uvs98tm2lhuoept95vp Query : select top 1 convert(numeric(6,2),t.taxa) valor from taxasiva t where t.codigo='2'
20241213@184930.6160 0ens225uvs98tm2lhuoept95vp Query : select 1 valor from information_schema.tables where table_type='base table' and table_name='wstablefields'
20241213@184930.6181 0ens225uvs98tm2lhuoept95vp Query : select fieldkey,fieldname,fieldtype,calcformula from wstablefields where tablename = 'fi2' and documentnumber = 39
20241213@184930.6193 0ens225uvs98tm2lhuoept95vp Query : insert into wsfi2data (fi2stamp,ftstamp ,ousrdata, ousrhora, usrdata,usrhora,ousrinis,usrinis) values ('aut675c865901675c81ba96','aut675c898035675c81ba5a' ,getdate(),convert(char(8),convert (time,getdate())),getdate(),convert(char(8),convert (time,getdate())),'wsv','wsv')
20241213@184930.6198 0ens225uvs98tm2lhuoept95vp Query : select 1 valor from information_schema.tables where table_type='base table' and table_name='wstablefields'
20241213@184930.6213 0ens225uvs98tm2lhuoept95vp Query : select fieldkey,fieldname,fieldtype,calcformula from wstablefields where tablename = 'fi' and documentnumber = 39
20241213@184930.6258 0ens225uvs98tm2lhuoept95vp Query : insert into wsfidata (fistamp,ousrdata, ousrhora, usrdata,usrhora,ousrinis,usrinis ,qtt ,ftstamp ,epv,pvmoeda ,tabiva,iva,lordem ,ref, design ,armazem) values ('aut675c865901675c81ba96',getdate(),convert(char(8),convert (time,getdate())),getdate(),convert(char(8),convert (time,getdate())),'wsv','wsv',0 ,'aut675c898035675c81ba5a' ,0,0 ,2,23.00,50000,?,?,?)
20241213@184930.6499 0ens225uvs98tm2lhuoept95vp Query : use flama_phc
20241213@184930.6507 0ens225uvs98tm2lhuoept95vp Query : select st.usalote valor from st where st.ref = '328.9006.00.1'
20241213@184930.6531 0ens225uvs98tm2lhuoept95vp Query : select top 1 st.tabiva ,st.ivaincl ,st.stns ,st.uni2 ,st.familia ,isnull(tx.taxa, 0) txiva ,unidade ,usalote ,epcpond ,noserie ,conversao ,st.texteis from st left join taxasiva tx on st.tabiva = tx.codigo where st.ref = '328.9006.00.1'
20241213@184930.6656 0ens225uvs98tm2lhuoept95vp Query : select 1 valor from information_schema.tables where table_type='base table' and table_name='wstablefields'
20241213@184930.6673 0ens225uvs98tm2lhuoept95vp Query : select fieldkey,fieldname,fieldtype,mandatory from wstablefields where tablename = 'fi' and documentnumber = 39
20241213@184930.6702 0ens225uvs98tm2lhuoept95vp Query : select 1 valor from information_schema.tables where table_type='base table' and table_name='wstablefields'
20241213@184930.6718 0ens225uvs98tm2lhuoept95vp Query : select fieldkey,fieldname,fieldtype,mandatory from wstablefields where tablename = 'fi2' and documentnumber = 39
20241213@184930.6729 0ens225uvs98tm2lhuoept95vp Query : select top 1 convert(numeric(6,2),t.taxa) valor from taxasiva t where t.codigo='2'
20241213@184930.6742 0ens225uvs98tm2lhuoept95vp Query : select sestamp valor from se where ref ='328.9006.00.1' and lote = 'r2300691200a'
20241213@184930.6781 0ens225uvs98tm2lhuoept95vp Query : select 1 valor from information_schema.tables where table_type='base table' and table_name='wstablefields'
20241213@184930.6796 0ens225uvs98tm2lhuoept95vp Query : select fieldkey,fieldname,fieldtype,calcformula from wstablefields where tablename = 'fi2' and documentnumber = 39
20241213@184930.6810 0ens225uvs98tm2lhuoept95vp Query : insert into wsfi2data (fi2stamp,ftstamp ,ousrdata, ousrhora, usrdata,usrhora,ousrinis,usrinis) values ('aut675c850575675c81baa5','aut675c898035675c81ba5a' ,getdate(),convert(char(8),convert (time,getdate())),getdate(),convert(char(8),convert (time,getdate())),'wsv','wsv')
20241213@184930.6815 0ens225uvs98tm2lhuoept95vp Query : select 1 valor from information_schema.tables where table_type='base table' and table_name='wstablefields'
20241213@184930.6833 0ens225uvs98tm2lhuoept95vp Query : select fieldkey,fieldname,fieldtype,calcformula from wstablefields where tablename = 'fi' and documentnumber = 39
20241213@184930.6865 0ens225uvs98tm2lhuoept95vp Query : insert into wsfidata (fistamp,ousrdata, ousrhora, usrdata,usrhora,ousrinis,usrinis ,qtt ,ftstamp ,epv,pvmoeda ,tabiva,iva,lordem ,ref, design ,lote,armazem,bistamp ) values ('aut675c850575675c81baa5',getdate(),convert(char(8),convert (time,getdate())),getdate(),convert(char(8),convert (time,getdate())),'wsv','wsv',3.000 ,'aut675c898035675c81ba5a' ,0,0 ,2,23.00,70000,?,?,?,?,?)
20241213@184930.7105 0ens225uvs98tm2lhuoept95vp Query : select 1 valor from information_schema.tables where table_type='base table' and table_name='wstablefields'
20241213@184930.7124 0ens225uvs98tm2lhuoept95vp Query : select fieldkey,fieldname,fieldtype,mandatory from wstablefields where tablename = 'fi' and documentnumber = 39
20241213@184930.7153 0ens225uvs98tm2lhuoept95vp Query : select 1 valor from information_schema.tables where table_type='base table' and table_name='wstablefields'
20241213@184930.7170 0ens225uvs98tm2lhuoept95vp Query : select fieldkey,fieldname,fieldtype,mandatory from wstablefields where tablename = 'fi2' and documentnumber = 39
20241213@184930.7180 0ens225uvs98tm2lhuoept95vp Query : select top 1 convert(numeric(6,2),t.taxa) valor from taxasiva t where t.codigo='2'
20241213@184930.7194 0ens225uvs98tm2lhuoept95vp Query : select 1 valor from information_schema.tables where table_type='base table' and table_name='wstablefields'
20241213@184930.7210 0ens225uvs98tm2lhuoept95vp Query : select fieldkey,fieldname,fieldtype,calcformula from wstablefields where tablename = 'fi2' and documentnumber = 39
20241213@184930.7224 0ens225uvs98tm2lhuoept95vp Query : insert into wsfi2data (fi2stamp,ftstamp ,ousrdata, ousrhora, usrdata,usrhora,ousrinis,usrinis) values ('aut675c802091675c81baaf','aut675c898035675c81ba5a' ,getdate(),convert(char(8),convert (time,getdate())),getdate(),convert(char(8),convert (time,getdate())),'wsv','wsv')
20241213@184930.7229 0ens225uvs98tm2lhuoept95vp Query : select 1 valor from information_schema.tables where table_type='base table' and table_name='wstablefields'
20241213@184930.7267 0ens225uvs98tm2lhuoept95vp Query : select fieldkey,fieldname,fieldtype,calcformula from wstablefields where tablename = 'fi' and documentnumber = 39
20241213@184930.7301 0ens225uvs98tm2lhuoept95vp Query : insert into wsfidata (fistamp,ousrdata, ousrhora, usrdata,usrhora,ousrinis,usrinis ,qtt ,ftstamp ,epv,pvmoeda ,tabiva,iva,lordem ,ref, design ,armazem) values ('aut675c802091675c81baaf',getdate(),convert(char(8),convert (time,getdate())),getdate(),convert(char(8),convert (time,getdate())),'wsv','wsv',0 ,'aut675c898035675c81ba5a' ,0,0 ,2,23.00,80000,?,?,?)
20241213@184930.7519 0ens225uvs98tm2lhuoept95vp Query : use flama_phc
20241213@184930.7522 0ens225uvs98tm2lhuoept95vp Query : select st.usalote valor from st where st.ref = '328.9335.00.1'
20241213@184930.7547 0ens225uvs98tm2lhuoept95vp Query : select top 1 st.tabiva ,st.ivaincl ,st.stns ,st.uni2 ,st.familia ,isnull(tx.taxa, 0) txiva ,unidade ,usalote ,epcpond ,noserie ,conversao ,st.texteis from st left join taxasiva tx on st.tabiva = tx.codigo where st.ref = '328.9335.00.1'
20241213@184930.7694 0ens225uvs98tm2lhuoept95vp Query : select 1 valor from information_schema.tables where table_type='base table' and table_name='wstablefields'
20241213@184930.7711 0ens225uvs98tm2lhuoept95vp Query : select fieldkey,fieldname,fieldtype,mandatory from wstablefields where tablename = 'fi' and documentnumber = 39
20241213@184930.7738 0ens225uvs98tm2lhuoept95vp Query : select 1 valor from information_schema.tables where table_type='base table' and table_name='wstablefields'
20241213@184930.7754 0ens225uvs98tm2lhuoept95vp Query : select fieldkey,fieldname,fieldtype,mandatory from wstablefields where tablename = 'fi2' and documentnumber = 39
20241213@184930.7764 0ens225uvs98tm2lhuoept95vp Query : select top 1 convert(numeric(6,2),t.taxa) valor from taxasiva t where t.codigo='2'
20241213@184930.7779 0ens225uvs98tm2lhuoept95vp Query : select sestamp valor from se where ref ='328.9335.00.1' and lote = 'r2001448100a'
20241213@184930.7820 0ens225uvs98tm2lhuoept95vp Query : select 1 valor from information_schema.tables where table_type='base table' and table_name='wstablefields'
20241213@184930.7861 0ens225uvs98tm2lhuoept95vp Query : select fieldkey,fieldname,fieldtype,calcformula from wstablefields where tablename = 'fi2' and documentnumber = 39
20241213@184930.7874 0ens225uvs98tm2lhuoept95vp Query : insert into wsfi2data (fi2stamp,ftstamp ,ousrdata, ousrhora, usrdata,usrhora,ousrinis,usrinis) values ('aut675c839838675c81babe','aut675c898035675c81ba5a' ,getdate(),convert(char(8),convert (time,getdate())),getdate(),convert(char(8),convert (time,getdate())),'wsv','wsv')
20241213@184930.7878 0ens225uvs98tm2lhuoept95vp Query : select 1 valor from information_schema.tables where table_type='base table' and table_name='wstablefields'
20241213@184930.7893 0ens225uvs98tm2lhuoept95vp Query : select fieldkey,fieldname,fieldtype,calcformula from wstablefields where tablename = 'fi' and documentnumber = 39
20241213@184930.7922 0ens225uvs98tm2lhuoept95vp Query : insert into wsfidata (fistamp,ousrdata, ousrhora, usrdata,usrhora,ousrinis,usrinis ,qtt ,ftstamp ,epv,pvmoeda ,tabiva,iva,lordem ,ref, design ,lote,armazem,bistamp ) values ('aut675c839838675c81babe',getdate(),convert(char(8),convert (time,getdate())),getdate(),convert(char(8),convert (time,getdate())),'wsv','wsv',1.000 ,'aut675c898035675c81ba5a' ,0,0 ,2,23.00,100000,?,?,?,?,?)
20241213@184930.8160 0ens225uvs98tm2lhuoept95vp Query : select 1 valor from information_schema.tables where table_type='base table' and table_name='wstablefields'
20241213@184930.8178 0ens225uvs98tm2lhuoept95vp Query : select fieldkey,fieldname,fieldtype,mandatory from wstablefields where tablename = 'fi' and documentnumber = 39
20241213@184930.8205 0ens225uvs98tm2lhuoept95vp Query : select 1 valor from information_schema.tables where table_type='base table' and table_name='wstablefields'
20241213@184930.8221 0ens225uvs98tm2lhuoept95vp Query : select fieldkey,fieldname,fieldtype,mandatory from wstablefields where tablename = 'fi2' and documentnumber = 39
20241213@184930.8231 0ens225uvs98tm2lhuoept95vp Query : select top 1 convert(numeric(6,2),t.taxa) valor from taxasiva t where t.codigo='2'
20241213@184930.8244 0ens225uvs98tm2lhuoept95vp Query : select 1 valor from information_schema.tables where table_type='base table' and table_name='wstablefields'
20241213@184930.8259 0ens225uvs98tm2lhuoept95vp Query : select fieldkey,fieldname,fieldtype,calcformula from wstablefields where tablename = 'fi2' and documentnumber = 39
20241213@184930.8272 0ens225uvs98tm2lhuoept95vp Query : insert into wsfi2data (fi2stamp,ftstamp ,ousrdata, ousrhora, usrdata,usrhora,ousrinis,usrinis) values ('aut675c802383675c81bac9','aut675c898035675c81ba5a' ,getdate(),convert(char(8),convert (time,getdate())),getdate(),convert(char(8),convert (time,getdate())),'wsv','wsv')
20241213@184930.8276 0ens225uvs98tm2lhuoept95vp Query : select 1 valor from information_schema.tables where table_type='base table' and table_name='wstablefields'
20241213@184930.8291 0ens225uvs98tm2lhuoept95vp Query : select fieldkey,fieldname,fieldtype,calcformula from wstablefields where tablename = 'fi' and documentnumber = 39
20241213@184930.8319 0ens225uvs98tm2lhuoept95vp Query : insert into wsfidata (fistamp,ousrdata, ousrhora, usrdata,usrhora,ousrinis,usrinis ,qtt ,ftstamp ,epv,pvmoeda ,tabiva,iva,lordem ,ref, design ,armazem) values ('aut675c802383675c81bac9',getdate(),convert(char(8),convert (time,getdate())),getdate(),convert(char(8),convert (time,getdate())),'wsv','wsv',0 ,'aut675c898035675c81ba5a' ,0,0 ,2,23.00,110000,?,?,?)
20241213@184930.8535 0ens225uvs98tm2lhuoept95vp Query : insert into wsftcreationlog (initialftstamp,externalid,creationstatus,documenttypeid,idustamp) values ('aut675c898035675c81ba5a','2408568','wait',39,'adm09112754980.682000002')
20241213@184930.8607 0ens225uvs98tm2lhuoept95vp Query : use flama_phc
20241213@184930.8611 0ens225uvs98tm2lhuoept95vp Query : update u_wsusers set rqsttoken =? where userid ='userls001'
20241213@184930.8643 0ens225uvs98tm2lhuoept95vp Query : select concat(rtrim(relative_path),ltrim(name_new)) as valor from uploadfiles where uploadfile_id='3966';
20241213@184930.8688 0ens225uvs98tm2lhuoept95vp Query : update uploadfiles set whenupdated=current_timestamp where uploadfile_id='3966';
20241213@184930.8741 0ens225uvs98tm2lhuoept95vp Query : select concat(rtrim(relative_path),ltrim(name_new)) as valor from uploadfiles where uploadfile_id='3966';
20241213@184930.8774 0ens225uvs98tm2lhuoept95vp Query : update uploadfiles set whenupdated=current_timestamp where uploadfile_id='3966';
20241213@184930.9332 ic3pt0ba43gsh28ffffls6rq65 Query : insert into uploadfiles ( name_original, name_new, option_type, relative_path, whencreated ) values ( ?, ?, ?, ?, getdate() )
20241213@184930.9345 ic3pt0ba43gsh28ffffls6rq65 Query : select uploadfile_id valor from uploadfiles where name_new = ? and option_type = ? 
20241213@184930.9424 ic3pt0ba43gsh28ffffls6rq65 Query : select concat(rtrim(relative_path),ltrim(name_new)) as valor from uploadfiles where uploadfile_id='3967';
20241213@184930.9504 ic3pt0ba43gsh28ffffls6rq65 Query : update uploadfiles set whenupdated=current_timestamp where uploadfile_id='3967';
20241213@184930.9576 ic3pt0ba43gsh28ffffls6rq65 Query : select concat(rtrim(relative_path),ltrim(name_new)) as valor from uploadfiles where uploadfile_id='3967';
20241213@184931.7620 ic3pt0ba43gsh28ffffls6rq65 Query : update uploadfiles set whenupdated=current_timestamp where uploadfile_id='3967';
20241213@184931.8290 ic3pt0ba43gsh28ffffls6rq65 Query : use flama_phc
20241213@184931.8330 ic3pt0ba43gsh28ffffls6rq65 Query : select top 1 secretkey valor from u_wsusers u where u.userid = ? and u.inactivo=0
20241213@184931.9020 ic3pt0ba43gsh28ffffls6rq65 Query : use flama_phc
20241213@184931.9050 ic3pt0ba43gsh28ffffls6rq65 Query : select no, estab,szadrsdesc from szadrs where u_coddest=6737
20241213@184931.9540 ic3pt0ba43gsh28ffffls6rq65 Query : select top 1 isnull(design,'') valor from st (nolock) left join stobs (nolock) on st.ref = stobs.ref where st.ref = '327.8253.00.1'
20241213@184931.9740 ic3pt0ba43gsh28ffffls6rq65 Query : select top 1 bistamp valor from bi inner join bo on bo.bostamp=bi.bostamp where bo.ndos =240 and bo.boano =2085 and bo.obrano = 2408569 and bi.ref ='327.8253.00.1' and bi.lordem =1
20241213@184931.1356 ic3pt0ba43gsh28ffffls6rq65 Query : use flama_phc
20241213@184931.1360 ic3pt0ba43gsh28ffffls6rq65 Query : select top 1 convert(date,fdata) valor from ft where ndoc = 39 and anulado= 0 and fno>0 order by fdata desc
20241213@184931.1393 ic3pt0ba43gsh28ffffls6rq65 Query : use flama_phc
20241213@184931.1396 ic3pt0ba43gsh28ffffls6rq65 Query : select top 1 1 valor from td where td.ndoc = 39
20241213@184931.1425 ic3pt0ba43gsh28ffffls6rq65 Query : use flama_phc
20241213@184931.1428 ic3pt0ba43gsh28ffffls6rq65 Query : select lower(descricao) descricao ,case when valor='s' then 1 else 0 end valor from para1 where descricao in ('st_lote','st_usalogifunc', 'st_grelha')
20241213@184931.1458 ic3pt0ba43gsh28ffffls6rq65 Query : select top 1 manternumero ,assinadoc issigned ,tiposaft ,assinaimp ,nmdos ,td.assinadoc ,'cl' origin ,lancasl stocks ,case when cmsl<50 and td.lancasl=1 then 1 else 0 end entrada ,case when cmsl>50 and td.lancasl=1 then 1 else 0 end saida ,temserie assets ,~semgre usegridfields from td inner join td2 on td.tdstamp=td2.td2stamp where td.ndoc = 1
20241213@184931.1499 ic3pt0ba43gsh28ffffls6rq65 Query : use flama_phc
20241213@184931.1502 ic3pt0ba43gsh28ffffls6rq65 Query : select top 1 ~inactivo valor from cl where no = '100810' and estab = 0 order by inactivo desc
20241213@184931.1542 ic3pt0ba43gsh28ffffls6rq65 Query : use flama_phc
20241213@184931.1545 ic3pt0ba43gsh28ffffls6rq65 Query : select top 1 tipodoc,regrd from td where ndoc = 39
20241213@184931.1574 ic3pt0ba43gsh28ffffls6rq65 Query : use flama_phc
20241213@184931.1577 ic3pt0ba43gsh28ffffls6rq65 Query : select szadrsstamp valor from szadrs where szadrsdesc='espaÇotrans,lda'
20241213@184931.1617 ic3pt0ba43gsh28ffffls6rq65 Query : use flama_phc
20241213@184931.1620 ic3pt0ba43gsh28ffffls6rq65 Query : select szadrsstamp valor from szadrs where szadrsdesc='100810 - worten-plaza large formats rainha'
20241213@184931.1665 ic3pt0ba43gsh28ffffls6rq65 Query : use flama_phc
20241213@184931.1667 ic3pt0ba43gsh28ffffls6rq65 Query : select 1 valor from td where ndoc = 39
20241213@184931.1681 ic3pt0ba43gsh28ffffls6rq65 Query : select top 1 manternumero, tiposaft, nmdos,td.assinadoc from td where td.ndoc = 39
20241213@184931.1695 ic3pt0ba43gsh28ffffls6rq65 Query : select 1 valor from information_schema.tables where table_type='base table' and table_name='wstablefields'
20241213@184931.1723 ic3pt0ba43gsh28ffffls6rq65 Query : select fieldkey,fieldname,fieldtype,mandatory from wstablefields where tablename = 'ft' and documentnumber = 39
20241213@184931.1745 ic3pt0ba43gsh28ffffls6rq65 Query : select 1 valor from information_schema.tables where table_type='base table' and table_name='wstablefields'
20241213@184931.1760 ic3pt0ba43gsh28ffffls6rq65 Query : select fieldkey,fieldname,fieldtype,mandatory from wstablefields where tablename = 'ft2' and documentnumber = 39
20241213@184931.1788 ic3pt0ba43gsh28ffffls6rq65 Query : select 1 valor from information_schema.tables where table_type='base table' and table_name='wstablefields'
20241213@184931.1803 ic3pt0ba43gsh28ffffls6rq65 Query : select fieldkey,fieldname,fieldtype,mandatory from wstablefields where tablename = 'ft3' and documentnumber = 39
20241213@184931.1816 ic3pt0ba43gsh28ffffls6rq65 Query : select top 1 ft.fno valor from ft ft where ft.ndoc = 39 and ftano=2024 order by fno desc
20241213@184931.1873 ic3pt0ba43gsh28ffffls6rq65 Query : select top 1 ft.fno valor from wsftdata ft where ft.ndoc = 39 and ftano=2024 order by fno desc
20241213@184931.1886 ic3pt0ba43gsh28ffffls6rq65 Query : select 1 valor from information_schema.tables where table_type='base table' and table_name='wstablefields'
20241213@184931.1902 ic3pt0ba43gsh28ffffls6rq65 Query : select fieldkey,fieldname,fieldtype,calcformula from wstablefields where tablename = 'ft3' and documentnumber = 39
20241213@184931.1918 ic3pt0ba43gsh28ffffls6rq65 Query : insert into wsft3data (ft3stamp, ousrdata, ousrhora, usrdata,usrhora,ousrinis,usrinis,taxpointdt ) values ('aut675c815679675c81bb2c' ,getdate(),convert(char(8),convert (time,getdate())),getdate(),convert(char(8),convert (time,getdate())),'wsv','wsv',?)
20241213@184931.2073 ic3pt0ba43gsh28ffffls6rq65 Query : select 1 valor from information_schema.tables where table_type='base table' and table_name='wstablefields'
20241213@184931.2089 ic3pt0ba43gsh28ffffls6rq65 Query : select fieldkey,fieldname,fieldtype,calcformula from wstablefields where tablename = 'ft2' and documentnumber = 39
20241213@184931.2121 ic3pt0ba43gsh28ffffls6rq65 Query : select top 1 bo.u_nomeenv valor from bo where bo.bostamp=''
20241213@184931.2141 ic3pt0ba43gsh28ffffls6rq65 Query : select top 1 bo.u_moradaen valor from bo where bo.bostamp=''
20241213@184931.2153 ic3pt0ba43gsh28ffffls6rq65 Query : select top 1 bo.u_codposen valor from bo where bo.bostamp=''
20241213@184931.2165 ic3pt0ba43gsh28ffffls6rq65 Query : select top 1 bo.u_localenv valor from bo where bo.bostamp=''
20241213@184931.2177 ic3pt0ba43gsh28ffffls6rq65 Query : select top 1 bo.trab5 valor from bo where bo.bostamp=''
20241213@184931.2189 ic3pt0ba43gsh28ffffls6rq65 Query : select top 1 bo.serie valor from bo where bo.bostamp=''
20241213@184931.2201 ic3pt0ba43gsh28ffffls6rq65 Query : insert into wsft2data (ft2stamp, ousrdata,ousrhora, usrdata,usrhora,ousrinis,usrinis,u_nomeenv ,u_moradaen ,u_codposen ,u_localenv ,u_coddest ,u_codby ) values ('aut675c815679675c81bb2c',getdate(),convert(char(8),convert (time,getdate())),getdate(),convert(char(8),convert (time,getdate())),'wsv','wsv',?,?,?,?,?,?)
20241213@184931.2422 ic3pt0ba43gsh28ffffls6rq65 Query : select top 1 fno valor from wsftdata order by fno desc
20241213@184931.2453 ic3pt0ba43gsh28ffffls6rq65 Query : select 1 valor from information_schema.tables where table_type='base table' and table_name='wstablefields'
20241213@184931.2469 ic3pt0ba43gsh28ffffls6rq65 Query : select fieldkey,fieldname,fieldtype,calcformula from wstablefields where tablename = 'ft' and documentnumber = 39
20241213@184931.2492 ic3pt0ba43gsh28ffffls6rq65 Query : select 'normal' from dummy
20241213@184931.2507 ic3pt0ba43gsh28ffffls6rq65 Query : insert into wsftdata (ftstamp, ousrdata,ousrhora, usrdata,usrhora,ousrinis,usrinis,fno,no,estab,fdata,ndoc,moeda,cambio,cambiofixo,ftano,site ,classe ) values ('aut675c815679675c81bb2c',getdate(),convert(char(8),convert (time,getdate())),getdate(),convert(char(8),convert (time,getdate())),'wsv','wsv',2449,100810,0,'2024-12-13',39,'euro',0,0,2024 ,?,?)
20241213@184931.2766 ic3pt0ba43gsh28ffffls6rq65 Query : use flama_phc
20241213@184931.2771 ic3pt0ba43gsh28ffffls6rq65 Query : select st.usalote valor from st where st.ref = '327.8253.00.1'
20241213@184931.2793 ic3pt0ba43gsh28ffffls6rq65 Query : select top 1 st.tabiva ,st.ivaincl ,st.stns ,st.uni2 ,st.familia ,isnull(tx.taxa, 0) txiva ,unidade ,usalote ,epcpond ,noserie ,conversao ,st.texteis from st left join taxasiva tx on st.tabiva = tx.codigo where st.ref = '327.8253.00.1'
20241213@184931.2807 ic3pt0ba43gsh28ffffls6rq65 Query : select 1 valor from information_schema.tables where table_type='base table' and table_name='wstablefields'
20241213@184931.2823 ic3pt0ba43gsh28ffffls6rq65 Query : select fieldkey,fieldname,fieldtype,mandatory from wstablefields where tablename = 'fi' and documentnumber = 39
20241213@184931.2850 ic3pt0ba43gsh28ffffls6rq65 Query : select 1 valor from information_schema.tables where table_type='base table' and table_name='wstablefields'
20241213@184931.2864 ic3pt0ba43gsh28ffffls6rq65 Query : select fieldkey,fieldname,fieldtype,mandatory from wstablefields where tablename = 'fi2' and documentnumber = 39
20241213@184931.2872 ic3pt0ba43gsh28ffffls6rq65 Query : select top 1 convert(numeric(6,2),t.taxa) valor from taxasiva t where t.codigo='2'
20241213@184931.2884 ic3pt0ba43gsh28ffffls6rq65 Query : select sestamp valor from se where ref ='327.8253.00.1' and lote = 'r2400073100b'
20241213@184931.2897 ic3pt0ba43gsh28ffffls6rq65 Query : select 1 valor from information_schema.tables where table_type='base table' and table_name='wstablefields'
20241213@184931.2911 ic3pt0ba43gsh28ffffls6rq65 Query : select fieldkey,fieldname,fieldtype,calcformula from wstablefields where tablename = 'fi2' and documentnumber = 39
20241213@184931.2922 ic3pt0ba43gsh28ffffls6rq65 Query : insert into wsfi2data (fi2stamp,ftstamp ,ousrdata, ousrhora, usrdata,usrhora,ousrinis,usrinis) values ('aut675c898568675c81bb46','aut675c815679675c81bb2c' ,getdate(),convert(char(8),convert (time,getdate())),getdate(),convert(char(8),convert (time,getdate())),'wsv','wsv')
20241213@184931.2927 ic3pt0ba43gsh28ffffls6rq65 Query : select 1 valor from information_schema.tables where table_type='base table' and table_name='wstablefields'
20241213@184931.2941 ic3pt0ba43gsh28ffffls6rq65 Query : select fieldkey,fieldname,fieldtype,calcformula from wstablefields where tablename = 'fi' and documentnumber = 39
20241213@184931.2969 ic3pt0ba43gsh28ffffls6rq65 Query : insert into wsfidata (fistamp,ousrdata, ousrhora, usrdata,usrhora,ousrinis,usrinis ,qtt ,ftstamp ,epv,pvmoeda ,tabiva,iva,lordem ,ref, design ,lote,armazem,bistamp ) values ('aut675c898568675c81bb46',getdate(),convert(char(8),convert (time,getdate())),getdate(),convert(char(8),convert (time,getdate())),'wsv','wsv',1.000 ,'aut675c815679675c81bb2c' ,0,0 ,2,23.00,10000,?,?,?,?,?)
20241213@184931.3213 ic3pt0ba43gsh28ffffls6rq65 Query : select 1 valor from information_schema.tables where table_type='base table' and table_name='wstablefields'
20241213@184931.3231 ic3pt0ba43gsh28ffffls6rq65 Query : select fieldkey,fieldname,fieldtype,mandatory from wstablefields where tablename = 'fi' and documentnumber = 39
20241213@184931.3255 ic3pt0ba43gsh28ffffls6rq65 Query : select 1 valor from information_schema.tables where table_type='base table' and table_name='wstablefields'
20241213@184931.3269 ic3pt0ba43gsh28ffffls6rq65 Query : select fieldkey,fieldname,fieldtype,mandatory from wstablefields where tablename = 'fi2' and documentnumber = 39
20241213@184931.3277 ic3pt0ba43gsh28ffffls6rq65 Query : select top 1 convert(numeric(6,2),t.taxa) valor from taxasiva t where t.codigo='2'
20241213@184931.3289 ic3pt0ba43gsh28ffffls6rq65 Query : select 1 valor from information_schema.tables where table_type='base table' and table_name='wstablefields'
20241213@184931.3303 ic3pt0ba43gsh28ffffls6rq65 Query : select fieldkey,fieldname,fieldtype,calcformula from wstablefields where tablename = 'fi2' and documentnumber = 39
20241213@184931.3314 ic3pt0ba43gsh28ffffls6rq65 Query : insert into wsfi2data (fi2stamp,ftstamp ,ousrdata, ousrhora, usrdata,usrhora,ousrinis,usrinis) values ('aut675c854339675c81bb50','aut675c815679675c81bb2c' ,getdate(),convert(char(8),convert (time,getdate())),getdate(),convert(char(8),convert (time,getdate())),'wsv','wsv')
20241213@184931.3318 ic3pt0ba43gsh28ffffls6rq65 Query : select 1 valor from information_schema.tables where table_type='base table' and table_name='wstablefields'
20241213@184931.3333 ic3pt0ba43gsh28ffffls6rq65 Query : select fieldkey,fieldname,fieldtype,calcformula from wstablefields where tablename = 'fi' and documentnumber = 39
20241213@184931.3360 ic3pt0ba43gsh28ffffls6rq65 Query : insert into wsfidata (fistamp,ousrdata, ousrhora, usrdata,usrhora,ousrinis,usrinis ,qtt ,ftstamp ,epv,pvmoeda ,tabiva,iva,lordem ,ref, design ,armazem) values ('aut675c854339675c81bb50',getdate(),convert(char(8),convert (time,getdate())),getdate(),convert(char(8),convert (time,getdate())),'wsv','wsv',0 ,'aut675c815679675c81bb2c' ,0,0 ,2,23.00,20000,?,?,?)
20241213@184931.3589 ic3pt0ba43gsh28ffffls6rq65 Query : insert into wsftcreationlog (initialftstamp,externalid,creationstatus,documenttypeid,idustamp) values ('aut675c815679675c81bb2c','2408569','wait',39,'adm09112754980.682000002')
20241213@184931.3656 ic3pt0ba43gsh28ffffls6rq65 Query : use flama_phc
20241213@184931.3659 ic3pt0ba43gsh28ffffls6rq65 Query : update u_wsusers set rqsttoken =? where userid ='userls001'
20241213@184931.3690 ic3pt0ba43gsh28ffffls6rq65 Query : select concat(rtrim(relative_path),ltrim(name_new)) as valor from uploadfiles where uploadfile_id='3967';
20241213@184931.3746 ic3pt0ba43gsh28ffffls6rq65 Query : update uploadfiles set whenupdated=current_timestamp where uploadfile_id='3967';
20241213@184931.3797 ic3pt0ba43gsh28ffffls6rq65 Query : select concat(rtrim(relative_path),ltrim(name_new)) as valor from uploadfiles where uploadfile_id='3967';
20241213@184931.3826 ic3pt0ba43gsh28ffffls6rq65 Query : update uploadfiles set whenupdated=current_timestamp where uploadfile_id='3967';
20241213@184931.4340 2pjol1ie5cd0stfdraiqd65ei4 Query : insert into uploadfiles ( name_original, name_new, option_type, relative_path, whencreated ) values ( ?, ?, ?, ?, getdate() )
20241213@184931.4351 2pjol1ie5cd0stfdraiqd65ei4 Query : select uploadfile_id valor from uploadfiles where name_new = ? and option_type = ? 
20241213@184931.4420 2pjol1ie5cd0stfdraiqd65ei4 Query : select concat(rtrim(relative_path),ltrim(name_new)) as valor from uploadfiles where uploadfile_id='3968';
20241213@184931.4487 2pjol1ie5cd0stfdraiqd65ei4 Query : update uploadfiles set whenupdated=current_timestamp where uploadfile_id='3968';
20241213@184931.4551 2pjol1ie5cd0stfdraiqd65ei4 Query : select concat(rtrim(relative_path),ltrim(name_new)) as valor from uploadfiles where uploadfile_id='3968';
20241213@184931.4581 2pjol1ie5cd0stfdraiqd65ei4 Query : update uploadfiles set whenupdated=current_timestamp where uploadfile_id='3968';
20241213@184931.4636 2pjol1ie5cd0stfdraiqd65ei4 Query : use flama_phc
20241213@184931.4640 2pjol1ie5cd0stfdraiqd65ei4 Query : select top 1 secretkey valor from u_wsusers u where u.userid = ? and u.inactivo=0
20241213@184931.4700 2pjol1ie5cd0stfdraiqd65ei4 Query : use flama_phc
20241213@184931.4703 2pjol1ie5cd0stfdraiqd65ei4 Query : select no, estab,szadrsdesc from szadrs where u_coddest=4740
20241213@184931.4790 2pjol1ie5cd0stfdraiqd65ei4 Query : select top 1 isnull(design,'') valor from st (nolock) left join stobs (nolock) on st.ref = stobs.ref where st.ref = '324.1667.00.1'
20241213@184931.4926 2pjol1ie5cd0stfdraiqd65ei4 Query : select top 1 bistamp valor from bi inner join bo on bo.bostamp=bi.bostamp where bo.ndos =240 and bo.boano =2085 and bo.obrano = 2408570 and bi.ref ='324.1667.00.1' and bi.lordem =1
20241213@184931.5302 2pjol1ie5cd0stfdraiqd65ei4 Query : use flama_phc
20241213@184931.5305 2pjol1ie5cd0stfdraiqd65ei4 Query : select top 1 convert(date,fdata) valor from ft where ndoc = 39 and anulado= 0 and fno>0 order by fdata desc
20241213@184931.5347 2pjol1ie5cd0stfdraiqd65ei4 Query : use flama_phc
20241213@184931.5350 2pjol1ie5cd0stfdraiqd65ei4 Query : select top 1 1 valor from td where td.ndoc = 39
20241213@184931.5387 2pjol1ie5cd0stfdraiqd65ei4 Query : use flama_phc
20241213@184931.5390 2pjol1ie5cd0stfdraiqd65ei4 Query : select lower(descricao) descricao ,case when valor='s' then 1 else 0 end valor from para1 where descricao in ('st_lote','st_usalogifunc', 'st_grelha')
20241213@184931.5417 2pjol1ie5cd0stfdraiqd65ei4 Query : select top 1 manternumero ,assinadoc issigned ,tiposaft ,assinaimp ,nmdos ,td.assinadoc ,'cl' origin ,lancasl stocks ,case when cmsl<50 and td.lancasl=1 then 1 else 0 end entrada ,case when cmsl>50 and td.lancasl=1 then 1 else 0 end saida ,temserie assets ,~semgre usegridfields from td inner join td2 on td.tdstamp=td2.td2stamp where td.ndoc = 1
20241213@184931.5463 2pjol1ie5cd0stfdraiqd65ei4 Query : use flama_phc
20241213@184931.5466 2pjol1ie5cd0stfdraiqd65ei4 Query : select top 1 ~inactivo valor from cl where no = '100810' and estab = 0 order by inactivo desc
20241213@184931.5496 2pjol1ie5cd0stfdraiqd65ei4 Query : use flama_phc
20241213@184931.5499 2pjol1ie5cd0stfdraiqd65ei4 Query : select top 1 tipodoc,regrd from td where ndoc = 39
20241213@184931.5529 2pjol1ie5cd0stfdraiqd65ei4 Query : use flama_phc
20241213@184931.5533 2pjol1ie5cd0stfdraiqd65ei4 Query : select szadrsstamp valor from szadrs where szadrsdesc='espaÇotrans,lda'
20241213@184931.5590 2pjol1ie5cd0stfdraiqd65ei4 Query : use flama_phc
20241213@184931.5593 2pjol1ie5cd0stfdraiqd65ei4 Query : select szadrsstamp valor from szadrs where szadrsdesc='100810 - worten-equipamentos para o lar,sa.'
20241213@184931.5642 2pjol1ie5cd0stfdraiqd65ei4 Query : use flama_phc
20241213@184931.5645 2pjol1ie5cd0stfdraiqd65ei4 Query : select 1 valor from td where ndoc = 39
20241213@184931.5657 2pjol1ie5cd0stfdraiqd65ei4 Query : select top 1 manternumero, tiposaft, nmdos,td.assinadoc from td where td.ndoc = 39
20241213@184931.5676 2pjol1ie5cd0stfdraiqd65ei4 Query : select 1 valor from information_schema.tables where table_type='base table' and table_name='wstablefields'
20241213@184931.5701 2pjol1ie5cd0stfdraiqd65ei4 Query : select fieldkey,fieldname,fieldtype,mandatory from wstablefields where tablename = 'ft' and documentnumber = 39
20241213@184931.5719 2pjol1ie5cd0stfdraiqd65ei4 Query : select 1 valor from information_schema.tables where table_type='base table' and table_name='wstablefields'
20241213@184931.5734 2pjol1ie5cd0stfdraiqd65ei4 Query : select fieldkey,fieldname,fieldtype,mandatory from wstablefields where tablename = 'ft2' and documentnumber = 39
20241213@184931.5772 2pjol1ie5cd0stfdraiqd65ei4 Query : select 1 valor from information_schema.tables where table_type='base table' and table_name='wstablefields'
20241213@184931.5787 2pjol1ie5cd0stfdraiqd65ei4 Query : select fieldkey,fieldname,fieldtype,mandatory from wstablefields where tablename = 'ft3' and documentnumber = 39
20241213@184931.5799 2pjol1ie5cd0stfdraiqd65ei4 Query : select top 1 ft.fno valor from ft ft where ft.ndoc = 39 and ftano=2024 order by fno desc
20241213@184931.5855 2pjol1ie5cd0stfdraiqd65ei4 Query : select top 1 ft.fno valor from wsftdata ft where ft.ndoc = 39 and ftano=2024 order by fno desc
20241213@184931.5868 2pjol1ie5cd0stfdraiqd65ei4 Query : select 1 valor from information_schema.tables where table_type='base table' and table_name='wstablefields'
20241213@184931.5883 2pjol1ie5cd0stfdraiqd65ei4 Query : select fieldkey,fieldname,fieldtype,calcformula from wstablefields where tablename = 'ft3' and documentnumber = 39
20241213@184931.5904 2pjol1ie5cd0stfdraiqd65ei4 Query : insert into wsft3data (ft3stamp, ousrdata, ousrhora, usrdata,usrhora,ousrinis,usrinis,taxpointdt ) values ('aut675c874578675c81bb8d' ,getdate(),convert(char(8),convert (time,getdate())),getdate(),convert(char(8),convert (time,getdate())),'wsv','wsv',?)
20241213@184931.6086 2pjol1ie5cd0stfdraiqd65ei4 Query : select 1 valor from information_schema.tables where table_type='base table' and table_name='wstablefields'
20241213@184931.6102 2pjol1ie5cd0stfdraiqd65ei4 Query : select fieldkey,fieldname,fieldtype,calcformula from wstablefields where tablename = 'ft2' and documentnumber = 39
20241213@184931.6134 2pjol1ie5cd0stfdraiqd65ei4 Query : select top 1 bo.u_nomeenv valor from bo where bo.bostamp=''
20241213@184931.6146 2pjol1ie5cd0stfdraiqd65ei4 Query : select top 1 bo.u_moradaen valor from bo where bo.bostamp=''
20241213@184931.6157 2pjol1ie5cd0stfdraiqd65ei4 Query : select top 1 bo.u_codposen valor from bo where bo.bostamp=''
20241213@184931.6169 2pjol1ie5cd0stfdraiqd65ei4 Query : select top 1 bo.u_localenv valor from bo where bo.bostamp=''
20241213@184931.6180 2pjol1ie5cd0stfdraiqd65ei4 Query : select top 1 bo.trab5 valor from bo where bo.bostamp=''
20241213@184931.6192 2pjol1ie5cd0stfdraiqd65ei4 Query : select top 1 bo.serie valor from bo where bo.bostamp=''
20241213@184931.6204 2pjol1ie5cd0stfdraiqd65ei4 Query : insert into wsft2data (ft2stamp, ousrdata,ousrhora, usrdata,usrhora,ousrinis,usrinis,u_nomeenv ,u_moradaen ,u_codposen ,u_localenv ,u_coddest ,u_codby ) values ('aut675c874578675c81bb8d',getdate(),convert(char(8),convert (time,getdate())),getdate(),convert(char(8),convert (time,getdate())),'wsv','wsv',?,?,?,?,?,?)
20241213@184931.6432 2pjol1ie5cd0stfdraiqd65ei4 Query : select top 1 fno valor from wsftdata order by fno desc
20241213@184931.6464 2pjol1ie5cd0stfdraiqd65ei4 Query : select 1 valor from information_schema.tables where table_type='base table' and table_name='wstablefields'
20241213@184931.6481 2pjol1ie5cd0stfdraiqd65ei4 Query : select fieldkey,fieldname,fieldtype,calcformula from wstablefields where tablename = 'ft' and documentnumber = 39
20241213@184931.6503 2pjol1ie5cd0stfdraiqd65ei4 Query : select 'normal' from dummy
20241213@184931.6518 2pjol1ie5cd0stfdraiqd65ei4 Query : insert into wsftdata (ftstamp, ousrdata,ousrhora, usrdata,usrhora,ousrinis,usrinis,fno,no,estab,fdata,ndoc,moeda,cambio,cambiofixo,ftano,site ,classe ) values ('aut675c874578675c81bb8d',getdate(),convert(char(8),convert (time,getdate())),getdate(),convert(char(8),convert (time,getdate())),'wsv','wsv',2450,100810,0,'2024-12-13',39,'euro',0,0,2024 ,?,?)
20241213@184931.8003 2pjol1ie5cd0stfdraiqd65ei4 Query : use flama_phc
20241213@184931.8007 2pjol1ie5cd0stfdraiqd65ei4 Query : select st.usalote valor from st where st.ref = '324.1667.00.1'
20241213@184931.8030 2pjol1ie5cd0stfdraiqd65ei4 Query : select top 1 st.tabiva ,st.ivaincl ,st.stns ,st.uni2 ,st.familia ,isnull(tx.taxa, 0) txiva ,unidade ,usalote ,epcpond ,noserie ,conversao ,st.texteis from st left join taxasiva tx on st.tabiva = tx.codigo where st.ref = '324.1667.00.1'
20241213@184931.8163 2pjol1ie5cd0stfdraiqd65ei4 Query : select 1 valor from information_schema.tables where table_type='base table' and table_name='wstablefields'
20241213@184931.8205 2pjol1ie5cd0stfdraiqd65ei4 Query : select fieldkey,fieldname,fieldtype,mandatory from wstablefields where tablename = 'fi' and documentnumber = 39
20241213@184931.8232 2pjol1ie5cd0stfdraiqd65ei4 Query : select 1 valor from information_schema.tables where table_type='base table' and table_name='wstablefields'
20241213@184931.8247 2pjol1ie5cd0stfdraiqd65ei4 Query : select fieldkey,fieldname,fieldtype,mandatory from wstablefields where tablename = 'fi2' and documentnumber = 39
20241213@184931.8256 2pjol1ie5cd0stfdraiqd65ei4 Query : select top 1 convert(numeric(6,2),t.taxa) valor from taxasiva t where t.codigo='2'
20241213@184931.8268 2pjol1ie5cd0stfdraiqd65ei4 Query : select sestamp valor from se where ref ='324.1667.00.1' and lote = 'r2400923100a'
20241213@184931.8288 2pjol1ie5cd0stfdraiqd65ei4 Query : select 1 valor from information_schema.tables where table_type='base table' and table_name='wstablefields'
20241213@184931.8303 2pjol1ie5cd0stfdraiqd65ei4 Query : select fieldkey,fieldname,fieldtype,calcformula from wstablefields where tablename = 'fi2' and documentnumber = 39
20241213@184931.8314 2pjol1ie5cd0stfdraiqd65ei4 Query : insert into wsfi2data (fi2stamp,ftstamp ,ousrdata, ousrhora, usrdata,usrhora,ousrinis,usrinis) values ('aut675c847298675c81bbca','aut675c874578675c81bb8d' ,getdate(),convert(char(8),convert (time,getdate())),getdate(),convert(char(8),convert (time,getdate())),'wsv','wsv')
20241213@184931.8319 2pjol1ie5cd0stfdraiqd65ei4 Query : select 1 valor from information_schema.tables where table_type='base table' and table_name='wstablefields'
20241213@184931.8334 2pjol1ie5cd0stfdraiqd65ei4 Query : select fieldkey,fieldname,fieldtype,calcformula from wstablefields where tablename = 'fi' and documentnumber = 39
20241213@184931.8363 2pjol1ie5cd0stfdraiqd65ei4 Query : insert into wsfidata (fistamp,ousrdata, ousrhora, usrdata,usrhora,ousrinis,usrinis ,qtt ,ftstamp ,epv,pvmoeda ,tabiva,iva,lordem ,ref, design ,lote,armazem,bistamp ) values ('aut675c847298675c81bbca',getdate(),convert(char(8),convert (time,getdate())),getdate(),convert(char(8),convert (time,getdate())),'wsv','wsv',3.000 ,'aut675c874578675c81bb8d' ,0,0 ,2,23.00,10000,?,?,?,?,?)
20241213@184931.8610 2pjol1ie5cd0stfdraiqd65ei4 Query : select 1 valor from information_schema.tables where table_type='base table' and table_name='wstablefields'
20241213@184931.8627 2pjol1ie5cd0stfdraiqd65ei4 Query : select fieldkey,fieldname,fieldtype,mandatory from wstablefields where tablename = 'fi' and documentnumber = 39
20241213@184931.8653 2pjol1ie5cd0stfdraiqd65ei4 Query : select 1 valor from information_schema.tables where table_type='base table' and table_name='wstablefields'
20241213@184931.8667 2pjol1ie5cd0stfdraiqd65ei4 Query : select fieldkey,fieldname,fieldtype,mandatory from wstablefields where tablename = 'fi2' and documentnumber = 39
20241213@184931.8676 2pjol1ie5cd0stfdraiqd65ei4 Query : select top 1 convert(numeric(6,2),t.taxa) valor from taxasiva t where t.codigo='2'
20241213@184931.8688 2pjol1ie5cd0stfdraiqd65ei4 Query : select 1 valor from information_schema.tables where table_type='base table' and table_name='wstablefields'
20241213@184931.8702 2pjol1ie5cd0stfdraiqd65ei4 Query : select fieldkey,fieldname,fieldtype,calcformula from wstablefields where tablename = 'fi2' and documentnumber = 39
20241213@184931.8714 2pjol1ie5cd0stfdraiqd65ei4 Query : insert into wsfi2data (fi2stamp,ftstamp ,ousrdata, ousrhora, usrdata,usrhora,ousrinis,usrinis) values ('aut675c885752675c81bbd4','aut675c874578675c81bb8d' ,getdate(),convert(char(8),convert (time,getdate())),getdate(),convert(char(8),convert (time,getdate())),'wsv','wsv')
20241213@184931.8718 2pjol1ie5cd0stfdraiqd65ei4 Query : select 1 valor from information_schema.tables where table_type='base table' and table_name='wstablefields'
20241213@184931.8733 2pjol1ie5cd0stfdraiqd65ei4 Query : select fieldkey,fieldname,fieldtype,calcformula from wstablefields where tablename = 'fi' and documentnumber = 39
20241213@184931.8762 2pjol1ie5cd0stfdraiqd65ei4 Query : insert into wsfidata (fistamp,ousrdata, ousrhora, usrdata,usrhora,ousrinis,usrinis ,qtt ,ftstamp ,epv,pvmoeda ,tabiva,iva,lordem ,ref, design ,armazem) values ('aut675c885752675c81bbd4',getdate(),convert(char(8),convert (time,getdate())),getdate(),convert(char(8),convert (time,getdate())),'wsv','wsv',0 ,'aut675c874578675c81bb8d' ,0,0 ,2,23.00,20000,?,?,?)
20241213@184931.8971 2pjol1ie5cd0stfdraiqd65ei4 Query : insert into wsftcreationlog (initialftstamp,externalid,creationstatus,documenttypeid,idustamp) values ('aut675c874578675c81bb8d','2408570','wait',39,'adm09112754980.682000002')
20241213@184931.9075 2pjol1ie5cd0stfdraiqd65ei4 Query : use flama_phc
20241213@184931.9078 2pjol1ie5cd0stfdraiqd65ei4 Query : update u_wsusers set rqsttoken =? where userid ='userls001'
20241213@184931.9110 2pjol1ie5cd0stfdraiqd65ei4 Query : select concat(rtrim(relative_path),ltrim(name_new)) as valor from uploadfiles where uploadfile_id='3968';
20241213@184931.9162 2pjol1ie5cd0stfdraiqd65ei4 Query : update uploadfiles set whenupdated=current_timestamp where uploadfile_id='3968';
20241213@184931.9214 2pjol1ie5cd0stfdraiqd65ei4 Query : select concat(rtrim(relative_path),ltrim(name_new)) as valor from uploadfiles where uploadfile_id='3968';
20241213@184931.9247 2pjol1ie5cd0stfdraiqd65ei4 Query : update uploadfiles set whenupdated=current_timestamp where uploadfile_id='3968';
20241213@184931.9761 gu228uodln0uv40j3ib9tj06kq Query : insert into uploadfiles ( name_original, name_new, option_type, relative_path, whencreated ) values ( ?, ?, ?, ?, getdate() )
20241213@184931.9773 gu228uodln0uv40j3ib9tj06kq Query : select uploadfile_id valor from uploadfiles where name_new = ? and option_type = ? 
20241213@184931.9842 gu228uodln0uv40j3ib9tj06kq Query : select concat(rtrim(relative_path),ltrim(name_new)) as valor from uploadfiles where uploadfile_id='3969';
20241213@184931.9911 gu228uodln0uv40j3ib9tj06kq Query : update uploadfiles set whenupdated=current_timestamp where uploadfile_id='3969';
20241213@184932.9000 gu228uodln0uv40j3ib9tj06kq Query : select concat(rtrim(relative_path),ltrim(name_new)) as valor from uploadfiles where uploadfile_id='3969';
20241213@184932.5500 gu228uodln0uv40j3ib9tj06kq Query : update uploadfiles set whenupdated=current_timestamp where uploadfile_id='3969';
20241213@184932.1430 gu228uodln0uv40j3ib9tj06kq Query : use flama_phc
20241213@184932.1470 gu228uodln0uv40j3ib9tj06kq Query : select top 1 secretkey valor from u_wsusers u where u.userid = ? and u.inactivo=0
20241213@184932.2230 gu228uodln0uv40j3ib9tj06kq Query : use flama_phc
20241213@184932.2260 gu228uodln0uv40j3ib9tj06kq Query : select no, estab,szadrsdesc from szadrs where u_coddest=416
20241213@184932.2830 gu228uodln0uv40j3ib9tj06kq Query : select top 1 isnull(design,'') valor from st (nolock) left join stobs (nolock) on st.ref = stobs.ref where st.ref = '324.2308.00.1'
20241213@184932.4270 gu228uodln0uv40j3ib9tj06kq Query : select top 1 bistamp valor from bi inner join bo on bo.bostamp=bi.bostamp where bo.ndos =240 and bo.boano =2085 and bo.obrano = 2408572 and bi.ref ='324.2308.00.1' and bi.lordem =1
20241213@184932.7630 gu228uodln0uv40j3ib9tj06kq Query : select top 1 isnull(design,'') valor from st (nolock) left join stobs (nolock) on st.ref = stobs.ref where st.ref = '324.1317.00.1'
20241213@184932.9010 gu228uodln0uv40j3ib9tj06kq Query : select top 1 bistamp valor from bi inner join bo on bo.bostamp=bi.bostamp where bo.ndos =240 and bo.boano =2085 and bo.obrano = 2408572 and bi.ref ='324.1317.00.1' and bi.lordem =3
20241213@184932.1367 gu228uodln0uv40j3ib9tj06kq Query : select top 1 isnull(design,'') valor from st (nolock) left join stobs (nolock) on st.ref = stobs.ref where st.ref = '324.1317.00.1'
20241213@184932.1391 gu228uodln0uv40j3ib9tj06kq Query : select top 1 bistamp valor from bi inner join bo on bo.bostamp=bi.bostamp where bo.ndos =240 and bo.boano =2085 and bo.obrano = 2408572 and bi.ref ='324.1317.00.1' and bi.lordem =3
20241213@184932.1410 gu228uodln0uv40j3ib9tj06kq Query : select top 1 isnull(design,'') valor from st (nolock) left join stobs (nolock) on st.ref = stobs.ref where st.ref = '324.1317.00.1'
20241213@184932.1433 gu228uodln0uv40j3ib9tj06kq Query : select top 1 bistamp valor from bi inner join bo on bo.bostamp=bi.bostamp where bo.ndos =240 and bo.boano =2085 and bo.obrano = 2408572 and bi.ref ='324.1317.00.1' and bi.lordem =4
20241213@184932.1760 gu228uodln0uv40j3ib9tj06kq Query : select top 1 isnull(design,'') valor from st (nolock) left join stobs (nolock) on st.ref = stobs.ref where st.ref = '324.2335.00.1'
20241213@184932.1930 gu228uodln0uv40j3ib9tj06kq Query : select top 1 bistamp valor from bi inner join bo on bo.bostamp=bi.bostamp where bo.ndos =240 and bo.boano =2085 and bo.obrano = 2408572 and bi.ref ='324.2335.00.1' and bi.lordem =5
20241213@184932.2317 gu228uodln0uv40j3ib9tj06kq Query : select top 1 isnull(design,'') valor from st (nolock) left join stobs (nolock) on st.ref = stobs.ref where st.ref = '324.2335.00.1'
20241213@184932.2341 gu228uodln0uv40j3ib9tj06kq Query : select top 1 bistamp valor from bi inner join bo on bo.bostamp=bi.bostamp where bo.ndos =240 and bo.boano =2085 and bo.obrano = 2408572 and bi.ref ='324.2335.00.1' and bi.lordem =5
20241213@184932.2365 gu228uodln0uv40j3ib9tj06kq Query : select top 1 isnull(design,'') valor from st (nolock) left join stobs (nolock) on st.ref = stobs.ref where st.ref = '324.2335.00.1'
20241213@184932.2402 gu228uodln0uv40j3ib9tj06kq Query : select top 1 bistamp valor from bi inner join bo on bo.bostamp=bi.bostamp where bo.ndos =240 and bo.boano =2085 and bo.obrano = 2408572 and bi.ref ='324.2335.00.1' and bi.lordem =6
20241213@184932.2724 gu228uodln0uv40j3ib9tj06kq Query : use flama_phc
20241213@184932.2728 gu228uodln0uv40j3ib9tj06kq Query : select top 1 convert(date,fdata) valor from ft where ndoc = 39 and anulado= 0 and fno>0 order by fdata desc
20241213@184932.2762 gu228uodln0uv40j3ib9tj06kq Query : use flama_phc
20241213@184932.2765 gu228uodln0uv40j3ib9tj06kq Query : select top 1 1 valor from td where td.ndoc = 39
20241213@184932.2800 gu228uodln0uv40j3ib9tj06kq Query : use flama_phc
20241213@184932.2803 gu228uodln0uv40j3ib9tj06kq Query : select lower(descricao) descricao ,case when valor='s' then 1 else 0 end valor from para1 where descricao in ('st_lote','st_usalogifunc', 'st_grelha')
20241213@184932.2836 gu228uodln0uv40j3ib9tj06kq Query : select top 1 manternumero ,assinadoc issigned ,tiposaft ,assinaimp ,nmdos ,td.assinadoc ,'cl' origin ,lancasl stocks ,case when cmsl<50 and td.lancasl=1 then 1 else 0 end entrada ,case when cmsl>50 and td.lancasl=1 then 1 else 0 end saida ,temserie assets ,~semgre usegridfields from td inner join td2 on td.tdstamp=td2.td2stamp where td.ndoc = 1
20241213@184932.2876 gu228uodln0uv40j3ib9tj06kq Query : use flama_phc
20241213@184932.2879 gu228uodln0uv40j3ib9tj06kq Query : select top 1 ~inactivo valor from cl where no = '102079' and estab = 0 order by inactivo desc
20241213@184932.2918 gu228uodln0uv40j3ib9tj06kq Query : use flama_phc
20241213@184932.2921 gu228uodln0uv40j3ib9tj06kq Query : select top 1 tipodoc,regrd from td where ndoc = 39
20241213@184932.2953 gu228uodln0uv40j3ib9tj06kq Query : use flama_phc
20241213@184932.2956 gu228uodln0uv40j3ib9tj06kq Query : select szadrsstamp valor from szadrs where szadrsdesc='espaÇotrans,lda'
20241213@184932.3008 gu228uodln0uv40j3ib9tj06kq Query : use flama_phc
20241213@184932.3012 gu228uodln0uv40j3ib9tj06kq Query : select szadrsstamp valor from szadrs where szadrsdesc='bragajav, lda.'
20241213@184932.3115 gu228uodln0uv40j3ib9tj06kq Query : use flama_phc
20241213@184932.3119 gu228uodln0uv40j3ib9tj06kq Query : select 1 valor from td where ndoc = 39
20241213@184932.3138 gu228uodln0uv40j3ib9tj06kq Query : select top 1 manternumero, tiposaft, nmdos,td.assinadoc from td where td.ndoc = 39
20241213@184932.3161 gu228uodln0uv40j3ib9tj06kq Query : select 1 valor from information_schema.tables where table_type='base table' and table_name='wstablefields'
20241213@184932.3182 gu228uodln0uv40j3ib9tj06kq Query : select fieldkey,fieldname,fieldtype,mandatory from wstablefields where tablename = 'ft' and documentnumber = 39
20241213@184932.3214 gu228uodln0uv40j3ib9tj06kq Query : select 1 valor from information_schema.tables where table_type='base table' and table_name='wstablefields'
20241213@184932.3236 gu228uodln0uv40j3ib9tj06kq Query : select fieldkey,fieldname,fieldtype,mandatory from wstablefields where tablename = 'ft2' and documentnumber = 39
20241213@184932.3304 gu228uodln0uv40j3ib9tj06kq Query : select 1 valor from information_schema.tables where table_type='base table' and table_name='wstablefields'
20241213@184932.3352 gu228uodln0uv40j3ib9tj06kq Query : select fieldkey,fieldname,fieldtype,mandatory from wstablefields where tablename = 'ft3' and documentnumber = 39
20241213@184932.3379 gu228uodln0uv40j3ib9tj06kq Query : select top 1 ft.fno valor from ft ft where ft.ndoc = 39 and ftano=2024 order by fno desc
20241213@184932.3439 gu228uodln0uv40j3ib9tj06kq Query : select top 1 ft.fno valor from wsftdata ft where ft.ndoc = 39 and ftano=2024 order by fno desc
20241213@184932.3455 gu228uodln0uv40j3ib9tj06kq Query : select 1 valor from information_schema.tables where table_type='base table' and table_name='wstablefields'
20241213@184932.3479 gu228uodln0uv40j3ib9tj06kq Query : select fieldkey,fieldname,fieldtype,calcformula from wstablefields where tablename = 'ft3' and documentnumber = 39
20241213@184932.3498 gu228uodln0uv40j3ib9tj06kq Query : insert into wsft3data (ft3stamp, ousrdata, ousrhora, usrdata,usrhora,ousrinis,usrinis,taxpointdt ) values ('aut675c895071675c81bc52' ,getdate(),convert(char(8),convert (time,getdate())),getdate(),convert(char(8),convert (time,getdate())),'wsv','wsv',?)
20241213@184932.3659 gu228uodln0uv40j3ib9tj06kq Query : select 1 valor from information_schema.tables where table_type='base table' and table_name='wstablefields'
20241213@184932.3677 gu228uodln0uv40j3ib9tj06kq Query : select fieldkey,fieldname,fieldtype,calcformula from wstablefields where tablename = 'ft2' and documentnumber = 39
20241213@184932.3716 gu228uodln0uv40j3ib9tj06kq Query : select top 1 bo.u_nomeenv valor from bo where bo.bostamp=''
20241213@184932.3731 gu228uodln0uv40j3ib9tj06kq Query : select top 1 bo.u_moradaen valor from bo where bo.bostamp=''
20241213@184932.3745 gu228uodln0uv40j3ib9tj06kq Query : select top 1 bo.u_codposen valor from bo where bo.bostamp=''
20241213@184932.3759 gu228uodln0uv40j3ib9tj06kq Query : select top 1 bo.u_localenv valor from bo where bo.bostamp=''
20241213@184932.3773 gu228uodln0uv40j3ib9tj06kq Query : select top 1 bo.trab5 valor from bo where bo.bostamp=''
20241213@184932.3787 gu228uodln0uv40j3ib9tj06kq Query : select top 1 bo.serie valor from bo where bo.bostamp=''
20241213@184932.3800 gu228uodln0uv40j3ib9tj06kq Query : insert into wsft2data (ft2stamp, ousrdata,ousrhora, usrdata,usrhora,ousrinis,usrinis,u_nomeenv ,u_moradaen ,u_codposen ,u_localenv ,u_coddest ,u_codby ) values ('aut675c895071675c81bc52',getdate(),convert(char(8),convert (time,getdate())),getdate(),convert(char(8),convert (time,getdate())),'wsv','wsv',?,?,?,?,?,?)
20241213@184932.4018 gu228uodln0uv40j3ib9tj06kq Query : select top 1 fno valor from wsftdata order by fno desc
20241213@184932.4053 gu228uodln0uv40j3ib9tj06kq Query : select 1 valor from information_schema.tables where table_type='base table' and table_name='wstablefields'
20241213@184932.4071 gu228uodln0uv40j3ib9tj06kq Query : select fieldkey,fieldname,fieldtype,calcformula from wstablefields where tablename = 'ft' and documentnumber = 39
20241213@184932.4097 gu228uodln0uv40j3ib9tj06kq Query : select 'normal' from dummy
20241213@184932.4115 gu228uodln0uv40j3ib9tj06kq Query : insert into wsftdata (ftstamp, ousrdata,ousrhora, usrdata,usrhora,ousrinis,usrinis,fno,no,estab,fdata,ndoc,moeda,cambio,cambiofixo,ftano,site ,classe ) values ('aut675c895071675c81bc52',getdate(),convert(char(8),convert (time,getdate())),getdate(),convert(char(8),convert (time,getdate())),'wsv','wsv',2451,102079,0,'2024-12-13',39,'euro',0,0,2024 ,?,?)
20241213@184932.4367 gu228uodln0uv40j3ib9tj06kq Query : use flama_phc
20241213@184932.4370 gu228uodln0uv40j3ib9tj06kq Query : select st.usalote valor from st where st.ref = '324.2308.00.1'
20241213@184932.4395 gu228uodln0uv40j3ib9tj06kq Query : select top 1 st.tabiva ,st.ivaincl ,st.stns ,st.uni2 ,st.familia ,isnull(tx.taxa, 0) txiva ,unidade ,usalote ,epcpond ,noserie ,conversao ,st.texteis from st left join taxasiva tx on st.tabiva = tx.codigo where st.ref = '324.2308.00.1'
20241213@184932.4517 gu228uodln0uv40j3ib9tj06kq Query : select 1 valor from information_schema.tables where table_type='base table' and table_name='wstablefields'
20241213@184932.4536 gu228uodln0uv40j3ib9tj06kq Query : select fieldkey,fieldname,fieldtype,mandatory from wstablefields where tablename = 'fi' and documentnumber = 39
20241213@184932.4567 gu228uodln0uv40j3ib9tj06kq Query : select 1 valor from information_schema.tables where table_type='base table' and table_name='wstablefields'
20241213@184932.4584 gu228uodln0uv40j3ib9tj06kq Query : select fieldkey,fieldname,fieldtype,mandatory from wstablefields where tablename = 'fi2' and documentnumber = 39
20241213@184932.4630 gu228uodln0uv40j3ib9tj06kq Query : select top 1 convert(numeric(6,2),t.taxa) valor from taxasiva t where t.codigo='2'
20241213@184932.4644 gu228uodln0uv40j3ib9tj06kq Query : select sestamp valor from se where ref ='324.2308.00.1' and lote = 'r2400475700a'
20241213@184932.4672 gu228uodln0uv40j3ib9tj06kq Query : select 1 valor from information_schema.tables where table_type='base table' and table_name='wstablefields'
20241213@184932.4688 gu228uodln0uv40j3ib9tj06kq Query : select fieldkey,fieldname,fieldtype,calcformula from wstablefields where tablename = 'fi2' and documentnumber = 39
20241213@184932.4702 gu228uodln0uv40j3ib9tj06kq Query : insert into wsfi2data (fi2stamp,ftstamp ,ousrdata, ousrhora, usrdata,usrhora,ousrinis,usrinis) values ('aut675c858673675c81bc72','aut675c895071675c81bc52' ,getdate(),convert(char(8),convert (time,getdate())),getdate(),convert(char(8),convert (time,getdate())),'wsv','wsv')
20241213@184932.4706 gu228uodln0uv40j3ib9tj06kq Query : select 1 valor from information_schema.tables where table_type='base table' and table_name='wstablefields'
20241213@184932.4723 gu228uodln0uv40j3ib9tj06kq Query : select fieldkey,fieldname,fieldtype,calcformula from wstablefields where tablename = 'fi' and documentnumber = 39
20241213@184932.4756 gu228uodln0uv40j3ib9tj06kq Query : insert into wsfidata (fistamp,ousrdata, ousrhora, usrdata,usrhora,ousrinis,usrinis ,qtt ,ftstamp ,epv,pvmoeda ,tabiva,iva,lordem ,ref, design ,lote,armazem,bistamp ) values ('aut675c858673675c81bc72',getdate(),convert(char(8),convert (time,getdate())),getdate(),convert(char(8),convert (time,getdate())),'wsv','wsv',12.000 ,'aut675c895071675c81bc52' ,0,0 ,2,23.00,10000,?,?,?,?,?)
20241213@184932.4976 gu228uodln0uv40j3ib9tj06kq Query : use flama_phc
20241213@184932.4981 gu228uodln0uv40j3ib9tj06kq Query : select st.usalote valor from st where st.ref = '324.1317.00.1'
20241213@184932.5006 gu228uodln0uv40j3ib9tj06kq Query : select top 1 st.tabiva ,st.ivaincl ,st.stns ,st.uni2 ,st.familia ,isnull(tx.taxa, 0) txiva ,unidade ,usalote ,epcpond ,noserie ,conversao ,st.texteis from st left join taxasiva tx on st.tabiva = tx.codigo where st.ref = '324.1317.00.1'
20241213@184932.5139 gu228uodln0uv40j3ib9tj06kq Query : select 1 valor from information_schema.tables where table_type='base table' and table_name='wstablefields'
20241213@184932.5157 gu228uodln0uv40j3ib9tj06kq Query : select fieldkey,fieldname,fieldtype,mandatory from wstablefields where tablename = 'fi' and documentnumber = 39
20241213@184932.5190 gu228uodln0uv40j3ib9tj06kq Query : select 1 valor from information_schema.tables where table_type='base table' and table_name='wstablefields'
20241213@184932.5207 gu228uodln0uv40j3ib9tj06kq Query : select fieldkey,fieldname,fieldtype,mandatory from wstablefields where tablename = 'fi2' and documentnumber = 39
20241213@184932.5217 gu228uodln0uv40j3ib9tj06kq Query : select top 1 convert(numeric(6,2),t.taxa) valor from taxasiva t where t.codigo='2'
20241213@184932.5231 gu228uodln0uv40j3ib9tj06kq Query : select sestamp valor from se where ref ='324.1317.00.1' and lote = 'r2400459200a'
20241213@184932.5245 gu228uodln0uv40j3ib9tj06kq Query : select 1 valor from information_schema.tables where table_type='base table' and table_name='wstablefields'
20241213@184932.5261 gu228uodln0uv40j3ib9tj06kq Query : select fieldkey,fieldname,fieldtype,calcformula from wstablefields where tablename = 'fi2' and documentnumber = 39
20241213@184932.5277 gu228uodln0uv40j3ib9tj06kq Query : insert into wsfi2data (fi2stamp,ftstamp ,ousrdata, ousrhora, usrdata,usrhora,ousrinis,usrinis) values ('aut675c877447675c81bc80','aut675c895071675c81bc52' ,getdate(),convert(char(8),convert (time,getdate())),getdate(),convert(char(8),convert (time,getdate())),'wsv','wsv')
20241213@184932.5281 gu228uodln0uv40j3ib9tj06kq Query : select 1 valor from information_schema.tables where table_type='base table' and table_name='wstablefields'
20241213@184932.5296 gu228uodln0uv40j3ib9tj06kq Query : select fieldkey,fieldname,fieldtype,calcformula from wstablefields where tablename = 'fi' and documentnumber = 39
20241213@184932.5326 gu228uodln0uv40j3ib9tj06kq Query : insert into wsfidata (fistamp,ousrdata, ousrhora, usrdata,usrhora,ousrinis,usrinis ,qtt ,ftstamp ,epv,pvmoeda ,tabiva,iva,lordem ,ref, design ,lote,armazem,bistamp ) values ('aut675c877447675c81bc80',getdate(),convert(char(8),convert (time,getdate())),getdate(),convert(char(8),convert (time,getdate())),'wsv','wsv',10.000 ,'aut675c895071675c81bc52' ,0,0 ,2,23.00,20000,?,?,?,?,?)
20241213@184932.5580 gu228uodln0uv40j3ib9tj06kq Query : use flama_phc
20241213@184932.5584 gu228uodln0uv40j3ib9tj06kq Query : select st.usalote valor from st where st.ref = '324.1317.00.1'
20241213@184932.5606 gu228uodln0uv40j3ib9tj06kq Query : select top 1 st.tabiva ,st.ivaincl ,st.stns ,st.uni2 ,st.familia ,isnull(tx.taxa, 0) txiva ,unidade ,usalote ,epcpond ,noserie ,conversao ,st.texteis from st left join taxasiva tx on st.tabiva = tx.codigo where st.ref = '324.1317.00.1'
20241213@184932.5621 gu228uodln0uv40j3ib9tj06kq Query : select 1 valor from information_schema.tables where table_type='base table' and table_name='wstablefields'
20241213@184932.5680 gu228uodln0uv40j3ib9tj06kq Query : select fieldkey,fieldname,fieldtype,mandatory from wstablefields where tablename = 'fi' and documentnumber = 39
20241213@184932.5708 gu228uodln0uv40j3ib9tj06kq Query : select 1 valor from information_schema.tables where table_type='base table' and table_name='wstablefields'
20241213@184932.5724 gu228uodln0uv40j3ib9tj06kq Query : select fieldkey,fieldname,fieldtype,mandatory from wstablefields where tablename = 'fi2' and documentnumber = 39
20241213@184932.5734 gu228uodln0uv40j3ib9tj06kq Query : select top 1 convert(numeric(6,2),t.taxa) valor from taxasiva t where t.codigo='2'
20241213@184932.5747 gu228uodln0uv40j3ib9tj06kq Query : select sestamp valor from se where ref ='324.1317.00.1' and lote = 'r2400459200a'
20241213@184932.5762 gu228uodln0uv40j3ib9tj06kq Query : select 1 valor from information_schema.tables where table_type='base table' and table_name='wstablefields'
20241213@184932.5782 gu228uodln0uv40j3ib9tj06kq Query : select fieldkey,fieldname,fieldtype,calcformula from wstablefields where tablename = 'fi2' and documentnumber = 39
20241213@184932.5797 gu228uodln0uv40j3ib9tj06kq Query : insert into wsfi2data (fi2stamp,ftstamp ,ousrdata, ousrhora, usrdata,usrhora,ousrinis,usrinis) values ('aut675c859754675c81bc8c','aut675c895071675c81bc52' ,getdate(),convert(char(8),convert (time,getdate())),getdate(),convert(char(8),convert (time,getdate())),'wsv','wsv')
20241213@184932.5802 gu228uodln0uv40j3ib9tj06kq Query : select 1 valor from information_schema.tables where table_type='base table' and table_name='wstablefields'
20241213@184932.5861 gu228uodln0uv40j3ib9tj06kq Query : select fieldkey,fieldname,fieldtype,calcformula from wstablefields where tablename = 'fi' and documentnumber = 39
20241213@184932.7364 gu228uodln0uv40j3ib9tj06kq Query : insert into wsfidata (fistamp,ousrdata, ousrhora, usrdata,usrhora,ousrinis,usrinis ,qtt ,ftstamp ,epv,pvmoeda ,tabiva,iva,lordem ,ref, design ,lote,armazem,bistamp ) values ('aut675c859754675c81bc8c',getdate(),convert(char(8),convert (time,getdate())),getdate(),convert(char(8),convert (time,getdate())),'wsv','wsv',5.000 ,'aut675c895071675c81bc52' ,0,0 ,2,23.00,30000,?,?,?,?,?)
20241213@184932.7625 gu228uodln0uv40j3ib9tj06kq Query : use flama_phc
20241213@184932.7628 gu228uodln0uv40j3ib9tj06kq Query : select st.usalote valor from st where st.ref = '324.1317.00.1'
20241213@184932.7648 gu228uodln0uv40j3ib9tj06kq Query : select top 1 st.tabiva ,st.ivaincl ,st.stns ,st.uni2 ,st.familia ,isnull(tx.taxa, 0) txiva ,unidade ,usalote ,epcpond ,noserie ,conversao ,st.texteis from st left join taxasiva tx on st.tabiva = tx.codigo where st.ref = '324.1317.00.1'
20241213@184932.7664 gu228uodln0uv40j3ib9tj06kq Query : select 1 valor from information_schema.tables where table_type='base table' and table_name='wstablefields'
20241213@184932.7682 gu228uodln0uv40j3ib9tj06kq Query : select fieldkey,fieldname,fieldtype,mandatory from wstablefields where tablename = 'fi' and documentnumber = 39
20241213@184932.7709 gu228uodln0uv40j3ib9tj06kq Query : select 1 valor from information_schema.tables where table_type='base table' and table_name='wstablefields'
20241213@184932.7725 gu228uodln0uv40j3ib9tj06kq Query : select fieldkey,fieldname,fieldtype,mandatory from wstablefields where tablename = 'fi2' and documentnumber = 39
20241213@184932.7733 gu228uodln0uv40j3ib9tj06kq Query : select top 1 convert(numeric(6,2),t.taxa) valor from taxasiva t where t.codigo='2'
20241213@184932.7746 gu228uodln0uv40j3ib9tj06kq Query : select sestamp valor from se where ref ='324.1317.00.1' and lote = 'r2400459200a'
20241213@184932.7759 gu228uodln0uv40j3ib9tj06kq Query : select 1 valor from information_schema.tables where table_type='base table' and table_name='wstablefields'
20241213@184932.7777 gu228uodln0uv40j3ib9tj06kq Query : select fieldkey,fieldname,fieldtype,calcformula from wstablefields where tablename = 'fi2' and documentnumber = 39
20241213@184932.7789 gu228uodln0uv40j3ib9tj06kq Query : insert into wsfi2data (fi2stamp,ftstamp ,ousrdata, ousrhora, usrdata,usrhora,ousrinis,usrinis) values ('aut675c875691675c81bcbd','aut675c895071675c81bc52' ,getdate(),convert(char(8),convert (time,getdate())),getdate(),convert(char(8),convert (time,getdate())),'wsv','wsv')
20241213@184932.7794 gu228uodln0uv40j3ib9tj06kq Query : select 1 valor from information_schema.tables where table_type='base table' and table_name='wstablefields'
20241213@184932.7809 gu228uodln0uv40j3ib9tj06kq Query : select fieldkey,fieldname,fieldtype,calcformula from wstablefields where tablename = 'fi' and documentnumber = 39
20241213@184932.7841 gu228uodln0uv40j3ib9tj06kq Query : insert into wsfidata (fistamp,ousrdata, ousrhora, usrdata,usrhora,ousrinis,usrinis ,qtt ,ftstamp ,epv,pvmoeda ,tabiva,iva,lordem ,ref, design ,lote,armazem,bistamp ) values ('aut675c875691675c81bcbd',getdate(),convert(char(8),convert (time,getdate())),getdate(),convert(char(8),convert (time,getdate())),'wsv','wsv',1.000 ,'aut675c895071675c81bc52' ,0,0 ,2,23.00,40000,?,?,?,?,?)
20241213@184932.8084 gu228uodln0uv40j3ib9tj06kq Query : use flama_phc
20241213@184932.8087 gu228uodln0uv40j3ib9tj06kq Query : select st.usalote valor from st where st.ref = '324.2335.00.1'
20241213@184932.8109 gu228uodln0uv40j3ib9tj06kq Query : select top 1 st.tabiva ,st.ivaincl ,st.stns ,st.uni2 ,st.familia ,isnull(tx.taxa, 0) txiva ,unidade ,usalote ,epcpond ,noserie ,conversao ,st.texteis from st left join taxasiva tx on st.tabiva = tx.codigo where st.ref = '324.2335.00.1'
20241213@184932.8255 gu228uodln0uv40j3ib9tj06kq Query : select 1 valor from information_schema.tables where table_type='base table' and table_name='wstablefields'
20241213@184932.8272 gu228uodln0uv40j3ib9tj06kq Query : select fieldkey,fieldname,fieldtype,mandatory from wstablefields where tablename = 'fi' and documentnumber = 39
20241213@184932.8300 gu228uodln0uv40j3ib9tj06kq Query : select 1 valor from information_schema.tables where table_type='base table' and table_name='wstablefields'
20241213@184932.8315 gu228uodln0uv40j3ib9tj06kq Query : select fieldkey,fieldname,fieldtype,mandatory from wstablefields where tablename = 'fi2' and documentnumber = 39
20241213@184932.8325 gu228uodln0uv40j3ib9tj06kq Query : select top 1 convert(numeric(6,2),t.taxa) valor from taxasiva t where t.codigo='2'
20241213@184932.8337 gu228uodln0uv40j3ib9tj06kq Query : select sestamp valor from se where ref ='324.2335.00.1' and lote = 'r2400467150a'
20241213@184932.8351 gu228uodln0uv40j3ib9tj06kq Query : select 1 valor from information_schema.tables where table_type='base table' and table_name='wstablefields'
20241213@184932.8367 gu228uodln0uv40j3ib9tj06kq Query : select fieldkey,fieldname,fieldtype,calcformula from wstablefields where tablename = 'fi2' and documentnumber = 39
20241213@184932.8380 gu228uodln0uv40j3ib9tj06kq Query : insert into wsfi2data (fi2stamp,ftstamp ,ousrdata, ousrhora, usrdata,usrhora,ousrinis,usrinis) values ('aut675c851995675c81bccb','aut675c895071675c81bc52' ,getdate(),convert(char(8),convert (time,getdate())),getdate(),convert(char(8),convert (time,getdate())),'wsv','wsv')
20241213@184932.8385 gu228uodln0uv40j3ib9tj06kq Query : select 1 valor from information_schema.tables where table_type='base table' and table_name='wstablefields'
20241213@184932.8399 gu228uodln0uv40j3ib9tj06kq Query : select fieldkey,fieldname,fieldtype,calcformula from wstablefields where tablename = 'fi' and documentnumber = 39
20241213@184932.8430 gu228uodln0uv40j3ib9tj06kq Query : insert into wsfidata (fistamp,ousrdata, ousrhora, usrdata,usrhora,ousrinis,usrinis ,qtt ,ftstamp ,epv,pvmoeda ,tabiva,iva,lordem ,ref, design ,lote,armazem,bistamp ) values ('aut675c851995675c81bccb',getdate(),convert(char(8),convert (time,getdate())),getdate(),convert(char(8),convert (time,getdate())),'wsv','wsv',6.000 ,'aut675c895071675c81bc52' ,0,0 ,2,23.00,50000,?,?,?,?,?)
20241213@184932.8661 gu228uodln0uv40j3ib9tj06kq Query : use flama_phc
20241213@184932.8664 gu228uodln0uv40j3ib9tj06kq Query : select st.usalote valor from st where st.ref = '324.2335.00.1'
20241213@184932.8684 gu228uodln0uv40j3ib9tj06kq Query : select top 1 st.tabiva ,st.ivaincl ,st.stns ,st.uni2 ,st.familia ,isnull(tx.taxa, 0) txiva ,unidade ,usalote ,epcpond ,noserie ,conversao ,st.texteis from st left join taxasiva tx on st.tabiva = tx.codigo where st.ref = '324.2335.00.1'
20241213@184932.8698 gu228uodln0uv40j3ib9tj06kq Query : select 1 valor from information_schema.tables where table_type='base table' and table_name='wstablefields'
20241213@184932.8714 gu228uodln0uv40j3ib9tj06kq Query : select fieldkey,fieldname,fieldtype,mandatory from wstablefields where tablename = 'fi' and documentnumber = 39
20241213@184932.8741 gu228uodln0uv40j3ib9tj06kq Query : select 1 valor from information_schema.tables where table_type='base table' and table_name='wstablefields'
20241213@184932.8755 gu228uodln0uv40j3ib9tj06kq Query : select fieldkey,fieldname,fieldtype,mandatory from wstablefields where tablename = 'fi2' and documentnumber = 39
20241213@184932.8765 gu228uodln0uv40j3ib9tj06kq Query : select top 1 convert(numeric(6,2),t.taxa) valor from taxasiva t where t.codigo='2'
20241213@184932.8777 gu228uodln0uv40j3ib9tj06kq Query : select sestamp valor from se where ref ='324.2335.00.1' and lote = 'r2400467150a'
20241213@184932.8791 gu228uodln0uv40j3ib9tj06kq Query : select 1 valor from information_schema.tables where table_type='base table' and table_name='wstablefields'
20241213@184932.8806 gu228uodln0uv40j3ib9tj06kq Query : select fieldkey,fieldname,fieldtype,calcformula from wstablefields where tablename = 'fi2' and documentnumber = 39
20241213@184932.8819 gu228uodln0uv40j3ib9tj06kq Query : insert into wsfi2data (fi2stamp,ftstamp ,ousrdata, ousrhora, usrdata,usrhora,ousrinis,usrinis) values ('aut675c807890675c81bcd6','aut675c895071675c81bc52' ,getdate(),convert(char(8),convert (time,getdate())),getdate(),convert(char(8),convert (time,getdate())),'wsv','wsv')
20241213@184932.8824 gu228uodln0uv40j3ib9tj06kq Query : select 1 valor from information_schema.tables where table_type='base table' and table_name='wstablefields'
20241213@184932.8839 gu228uodln0uv40j3ib9tj06kq Query : select fieldkey,fieldname,fieldtype,calcformula from wstablefields where tablename = 'fi' and documentnumber = 39
20241213@184932.8870 gu228uodln0uv40j3ib9tj06kq Query : insert into wsfidata (fistamp,ousrdata, ousrhora, usrdata,usrhora,ousrinis,usrinis ,qtt ,ftstamp ,epv,pvmoeda ,tabiva,iva,lordem ,ref, design ,lote,armazem,bistamp ) values ('aut675c807890675c81bcd6',getdate(),convert(char(8),convert (time,getdate())),getdate(),convert(char(8),convert (time,getdate())),'wsv','wsv',5.000 ,'aut675c895071675c81bc52' ,0,0 ,2,23.00,60000,?,?,?,?,?)
20241213@184932.9102 gu228uodln0uv40j3ib9tj06kq Query : use flama_phc
20241213@184932.9106 gu228uodln0uv40j3ib9tj06kq Query : select st.usalote valor from st where st.ref = '324.2335.00.1'
20241213@184932.9127 gu228uodln0uv40j3ib9tj06kq Query : select top 1 st.tabiva ,st.ivaincl ,st.stns ,st.uni2 ,st.familia ,isnull(tx.taxa, 0) txiva ,unidade ,usalote ,epcpond ,noserie ,conversao ,st.texteis from st left join taxasiva tx on st.tabiva = tx.codigo where st.ref = '324.2335.00.1'
20241213@184932.9141 gu228uodln0uv40j3ib9tj06kq Query : select 1 valor from information_schema.tables where table_type='base table' and table_name='wstablefields'
20241213@184932.9158 gu228uodln0uv40j3ib9tj06kq Query : select fieldkey,fieldname,fieldtype,mandatory from wstablefields where tablename = 'fi' and documentnumber = 39
20241213@184932.9186 gu228uodln0uv40j3ib9tj06kq Query : select 1 valor from information_schema.tables where table_type='base table' and table_name='wstablefields'
20241213@184932.9202 gu228uodln0uv40j3ib9tj06kq Query : select fieldkey,fieldname,fieldtype,mandatory from wstablefields where tablename = 'fi2' and documentnumber = 39
20241213@184932.9211 gu228uodln0uv40j3ib9tj06kq Query : select top 1 convert(numeric(6,2),t.taxa) valor from taxasiva t where t.codigo='2'
20241213@184932.9225 gu228uodln0uv40j3ib9tj06kq Query : select sestamp valor from se where ref ='324.2335.00.1' and lote = 'r2400467150a'
20241213@184932.9239 gu228uodln0uv40j3ib9tj06kq Query : select 1 valor from information_schema.tables where table_type='base table' and table_name='wstablefields'
20241213@184932.9254 gu228uodln0uv40j3ib9tj06kq Query : select fieldkey,fieldname,fieldtype,calcformula from wstablefields where tablename = 'fi2' and documentnumber = 39
20241213@184932.9266 gu228uodln0uv40j3ib9tj06kq Query : insert into wsfi2data (fi2stamp,ftstamp ,ousrdata, ousrhora, usrdata,usrhora,ousrinis,usrinis) values ('aut675c809238675c81bce1','aut675c895071675c81bc52' ,getdate(),convert(char(8),convert (time,getdate())),getdate(),convert(char(8),convert (time,getdate())),'wsv','wsv')
20241213@184932.9271 gu228uodln0uv40j3ib9tj06kq Query : select 1 valor from information_schema.tables where table_type='base table' and table_name='wstablefields'
20241213@184932.9286 gu228uodln0uv40j3ib9tj06kq Query : select fieldkey,fieldname,fieldtype,calcformula from wstablefields where tablename = 'fi' and documentnumber = 39
20241213@184932.9316 gu228uodln0uv40j3ib9tj06kq Query : insert into wsfidata (fistamp,ousrdata, ousrhora, usrdata,usrhora,ousrinis,usrinis ,qtt ,ftstamp ,epv,pvmoeda ,tabiva,iva,lordem ,ref, design ,lote,armazem,bistamp ) values ('aut675c809238675c81bce1',getdate(),convert(char(8),convert (time,getdate())),getdate(),convert(char(8),convert (time,getdate())),'wsv','wsv',1.000 ,'aut675c895071675c81bc52' ,0,0 ,2,23.00,70000,?,?,?,?,?)
20241213@184932.9542 gu228uodln0uv40j3ib9tj06kq Query : insert into wsftcreationlog (initialftstamp,externalid,creationstatus,documenttypeid,idustamp) values ('aut675c895071675c81bc52','2408572','wait',39,'adm09112754980.682000002')
20241213@184932.9697 gu228uodln0uv40j3ib9tj06kq Query : use flama_phc
20241213@184932.9779 gu228uodln0uv40j3ib9tj06kq Query : update u_wsusers set rqsttoken =? where userid ='userls001'
20241213@184932.9919 gu228uodln0uv40j3ib9tj06kq Query : select concat(rtrim(relative_path),ltrim(name_new)) as valor from uploadfiles where uploadfile_id='3969';
20241213@184933.9000 gu228uodln0uv40j3ib9tj06kq Query : update uploadfiles set whenupdated=current_timestamp where uploadfile_id='3969';
20241213@184933.6500 gu228uodln0uv40j3ib9tj06kq Query : select concat(rtrim(relative_path),ltrim(name_new)) as valor from uploadfiles where uploadfile_id='3969';
20241213@184933.1020 gu228uodln0uv40j3ib9tj06kq Query : update uploadfiles set whenupdated=current_timestamp where uploadfile_id='3969';
20241213@184933.6320 46d0shanodaq1g9036jjnof9mf Query : insert into uploadfiles ( name_original, name_new, option_type, relative_path, whencreated ) values ( ?, ?, ?, ?, getdate() )
20241213@184933.6450 46d0shanodaq1g9036jjnof9mf Query : select uploadfile_id valor from uploadfiles where name_new = ? and option_type = ? 
20241213@184933.7200 46d0shanodaq1g9036jjnof9mf Query : select concat(rtrim(relative_path),ltrim(name_new)) as valor from uploadfiles where uploadfile_id='3970';
20241213@184933.8040 46d0shanodaq1g9036jjnof9mf Query : update uploadfiles set whenupdated=current_timestamp where uploadfile_id='3970';
20241213@184933.8800 46d0shanodaq1g9036jjnof9mf Query : select concat(rtrim(relative_path),ltrim(name_new)) as valor from uploadfiles where uploadfile_id='3970';
20241213@184933.9140 46d0shanodaq1g9036jjnof9mf Query : update uploadfiles set whenupdated=current_timestamp where uploadfile_id='3970';
20241213@184933.9750 46d0shanodaq1g9036jjnof9mf Query : use flama_phc
20241213@184933.9780 46d0shanodaq1g9036jjnof9mf Query : select top 1 secretkey valor from u_wsusers u where u.userid = ? and u.inactivo=0
20241213@184933.1044 46d0shanodaq1g9036jjnof9mf Query : use flama_phc
20241213@184933.1047 46d0shanodaq1g9036jjnof9mf Query : select no, estab,szadrsdesc from szadrs where u_coddest=433
20241213@184933.1320 46d0shanodaq1g9036jjnof9mf Query : select top 1 isnull(design,'') valor from st (nolock) left join stobs (nolock) on st.ref = stobs.ref where st.ref = '324.2300.00.1'
20241213@184933.1458 46d0shanodaq1g9036jjnof9mf Query : select top 1 bistamp valor from bi inner join bo on bo.bostamp=bi.bostamp where bo.ndos =240 and bo.boano =2085 and bo.obrano = 2408573 and bi.ref ='324.2300.00.1' and bi.lordem =1
20241213@184933.1847 46d0shanodaq1g9036jjnof9mf Query : select top 1 isnull(design,'') valor from st (nolock) left join stobs (nolock) on st.ref = stobs.ref where st.ref = '324.2232.00.1'
20241213@184933.1872 46d0shanodaq1g9036jjnof9mf Query : select top 1 bistamp valor from bi inner join bo on bo.bostamp=bi.bostamp where bo.ndos =240 and bo.boano =2085 and bo.obrano = 2408573 and bi.ref ='324.2232.00.1' and bi.lordem =2
20241213@184933.2184 46d0shanodaq1g9036jjnof9mf Query : select top 1 isnull(design,'') valor from st (nolock) left join stobs (nolock) on st.ref = stobs.ref where st.ref = '324.2366.00.1'
20241213@184933.2310 46d0shanodaq1g9036jjnof9mf Query : select top 1 bistamp valor from bi inner join bo on bo.bostamp=bi.bostamp where bo.ndos =240 and bo.boano =2085 and bo.obrano = 2408573 and bi.ref ='324.2366.00.1' and bi.lordem =3
20241213@184933.2636 46d0shanodaq1g9036jjnof9mf Query : use flama_phc
20241213@184933.2640 46d0shanodaq1g9036jjnof9mf Query : select top 1 convert(date,fdata) valor from ft where ndoc = 39 and anulado= 0 and fno>0 order by fdata desc
20241213@184933.2675 46d0shanodaq1g9036jjnof9mf Query : use flama_phc
20241213@184933.2678 46d0shanodaq1g9036jjnof9mf Query : select top 1 1 valor from td where td.ndoc = 39
20241213@184933.2711 46d0shanodaq1g9036jjnof9mf Query : use flama_phc
20241213@184933.2714 46d0shanodaq1g9036jjnof9mf Query : select lower(descricao) descricao ,case when valor='s' then 1 else 0 end valor from para1 where descricao in ('st_lote','st_usalogifunc', 'st_grelha')
20241213@184933.2752 46d0shanodaq1g9036jjnof9mf Query : select top 1 manternumero ,assinadoc issigned ,tiposaft ,assinaimp ,nmdos ,td.assinadoc ,'cl' origin ,lancasl stocks ,case when cmsl<50 and td.lancasl=1 then 1 else 0 end entrada ,case when cmsl>50 and td.lancasl=1 then 1 else 0 end saida ,temserie assets ,~semgre usegridfields from td inner join td2 on td.tdstamp=td2.td2stamp where td.ndoc = 1
20241213@184933.2800 46d0shanodaq1g9036jjnof9mf Query : use flama_phc
20241213@184933.2803 46d0shanodaq1g9036jjnof9mf Query : select top 1 ~inactivo valor from cl where no = '100227' and estab = 0 order by inactivo desc
20241213@184933.2912 46d0shanodaq1g9036jjnof9mf Query : use flama_phc
20241213@184933.2915 46d0shanodaq1g9036jjnof9mf Query : select top 1 tipodoc,regrd from td where ndoc = 39
20241213@184933.2959 46d0shanodaq1g9036jjnof9mf Query : use flama_phc
20241213@184933.2962 46d0shanodaq1g9036jjnof9mf Query : select szadrsstamp valor from szadrs where szadrsdesc='espaÇotrans,lda'
20241213@184933.3012 46d0shanodaq1g9036jjnof9mf Query : use flama_phc
20241213@184933.3015 46d0shanodaq1g9036jjnof9mf Query : select szadrsstamp valor from szadrs where szadrsdesc='jose martins dias'
20241213@184933.3063 46d0shanodaq1g9036jjnof9mf Query : use flama_phc
20241213@184933.3067 46d0shanodaq1g9036jjnof9mf Query : select 1 valor from td where ndoc = 39
20241213@184933.3080 46d0shanodaq1g9036jjnof9mf Query : select top 1 manternumero, tiposaft, nmdos,td.assinadoc from td where td.ndoc = 39
20241213@184933.3095 46d0shanodaq1g9036jjnof9mf Query : select 1 valor from information_schema.tables where table_type='base table' and table_name='wstablefields'
20241213@184933.3112 46d0shanodaq1g9036jjnof9mf Query : select fieldkey,fieldname,fieldtype,mandatory from wstablefields where tablename = 'ft' and documentnumber = 39
20241213@184933.3133 46d0shanodaq1g9036jjnof9mf Query : select 1 valor from information_schema.tables where table_type='base table' and table_name='wstablefields'
20241213@184933.3148 46d0shanodaq1g9036jjnof9mf Query : select fieldkey,fieldname,fieldtype,mandatory from wstablefields where tablename = 'ft2' and documentnumber = 39
20241213@184933.3180 46d0shanodaq1g9036jjnof9mf Query : select 1 valor from information_schema.tables where table_type='base table' and table_name='wstablefields'
20241213@184933.3195 46d0shanodaq1g9036jjnof9mf Query : select fieldkey,fieldname,fieldtype,mandatory from wstablefields where tablename = 'ft3' and documentnumber = 39
20241213@184933.3209 46d0shanodaq1g9036jjnof9mf Query : select top 1 ft.fno valor from ft ft where ft.ndoc = 39 and ftano=2024 order by fno desc
20241213@184933.3272 46d0shanodaq1g9036jjnof9mf Query : select top 1 ft.fno valor from wsftdata ft where ft.ndoc = 39 and ftano=2024 order by fno desc
20241213@184933.3286 46d0shanodaq1g9036jjnof9mf Query : select 1 valor from information_schema.tables where table_type='base table' and table_name='wstablefields'
20241213@184933.3302 46d0shanodaq1g9036jjnof9mf Query : select fieldkey,fieldname,fieldtype,calcformula from wstablefields where tablename = 'ft3' and documentnumber = 39
20241213@184933.3318 46d0shanodaq1g9036jjnof9mf Query : insert into wsft3data (ft3stamp, ousrdata, ousrhora, usrdata,usrhora,ousrinis,usrinis,taxpointdt ) values ('aut675c835445675c81bd4e' ,getdate(),convert(char(8),convert (time,getdate())),getdate(),convert(char(8),convert (time,getdate())),'wsv','wsv',?)
20241213@184933.3499 46d0shanodaq1g9036jjnof9mf Query : select 1 valor from information_schema.tables where table_type='base table' and table_name='wstablefields'
20241213@184933.3516 46d0shanodaq1g9036jjnof9mf Query : select fieldkey,fieldname,fieldtype,calcformula from wstablefields where tablename = 'ft2' and documentnumber = 39
20241213@184933.3554 46d0shanodaq1g9036jjnof9mf Query : select top 1 bo.u_nomeenv valor from bo where bo.bostamp=''
20241213@184933.3566 46d0shanodaq1g9036jjnof9mf Query : select top 1 bo.u_moradaen valor from bo where bo.bostamp=''
20241213@184933.3580 46d0shanodaq1g9036jjnof9mf Query : select top 1 bo.u_codposen valor from bo where bo.bostamp=''
20241213@184933.3593 46d0shanodaq1g9036jjnof9mf Query : select top 1 bo.u_localenv valor from bo where bo.bostamp=''
20241213@184933.3606 46d0shanodaq1g9036jjnof9mf Query : select top 1 bo.trab5 valor from bo where bo.bostamp=''
20241213@184933.3618 46d0shanodaq1g9036jjnof9mf Query : select top 1 bo.serie valor from bo where bo.bostamp=''
20241213@184933.3630 46d0shanodaq1g9036jjnof9mf Query : insert into wsft2data (ft2stamp, ousrdata,ousrhora, usrdata,usrhora,ousrinis,usrinis,u_nomeenv ,u_moradaen ,u_codposen ,u_localenv ,u_coddest ,u_codby ) values ('aut675c835445675c81bd4e',getdate(),convert(char(8),convert (time,getdate())),getdate(),convert(char(8),convert (time,getdate())),'wsv','wsv',?,?,?,?,?,?)
20241213@184933.3868 46d0shanodaq1g9036jjnof9mf Query : select top 1 fno valor from wsftdata order by fno desc
20241213@184933.3899 46d0shanodaq1g9036jjnof9mf Query : select 1 valor from information_schema.tables where table_type='base table' and table_name='wstablefields'
20241213@184933.3918 46d0shanodaq1g9036jjnof9mf Query : select fieldkey,fieldname,fieldtype,calcformula from wstablefields where tablename = 'ft' and documentnumber = 39
20241213@184933.3942 46d0shanodaq1g9036jjnof9mf Query : select 'normal' from dummy
20241213@184933.3958 46d0shanodaq1g9036jjnof9mf Query : insert into wsftdata (ftstamp, ousrdata,ousrhora, usrdata,usrhora,ousrinis,usrinis,fno,no,estab,fdata,ndoc,moeda,cambio,cambiofixo,ftano,site ,classe ) values ('aut675c835445675c81bd4e',getdate(),convert(char(8),convert (time,getdate())),getdate(),convert(char(8),convert (time,getdate())),'wsv','wsv',2452,100227,0,'2024-12-13',39,'euro',0,0,2024 ,?,?)
20241213@184933.4212 46d0shanodaq1g9036jjnof9mf Query : use flama_phc
20241213@184933.4215 46d0shanodaq1g9036jjnof9mf Query : select st.usalote valor from st where st.ref = '324.2300.00.1'
20241213@184933.4242 46d0shanodaq1g9036jjnof9mf Query : select top 1 st.tabiva ,st.ivaincl ,st.stns ,st.uni2 ,st.familia ,isnull(tx.taxa, 0) txiva ,unidade ,usalote ,epcpond ,noserie ,conversao ,st.texteis from st left join taxasiva tx on st.tabiva = tx.codigo where st.ref = '324.2300.00.1'
20241213@184933.4368 46d0shanodaq1g9036jjnof9mf Query : select 1 valor from information_schema.tables where table_type='base table' and table_name='wstablefields'
20241213@184933.4385 46d0shanodaq1g9036jjnof9mf Query : select fieldkey,fieldname,fieldtype,mandatory from wstablefields where tablename = 'fi' and documentnumber = 39
20241213@184933.4451 46d0shanodaq1g9036jjnof9mf Query : select 1 valor from information_schema.tables where table_type='base table' and table_name='wstablefields'
20241213@184933.4467 46d0shanodaq1g9036jjnof9mf Query : select fieldkey,fieldname,fieldtype,mandatory from wstablefields where tablename = 'fi2' and documentnumber = 39
20241213@184933.4476 46d0shanodaq1g9036jjnof9mf Query : select top 1 convert(numeric(6,2),t.taxa) valor from taxasiva t where t.codigo='2'
20241213@184933.4490 46d0shanodaq1g9036jjnof9mf Query : select sestamp valor from se where ref ='324.2300.00.1' and lote = 'r2400497200a'
20241213@184933.4513 46d0shanodaq1g9036jjnof9mf Query : select 1 valor from information_schema.tables where table_type='base table' and table_name='wstablefields'
20241213@184933.4528 46d0shanodaq1g9036jjnof9mf Query : select fieldkey,fieldname,fieldtype,calcformula from wstablefields where tablename = 'fi2' and documentnumber = 39
20241213@184933.4540 46d0shanodaq1g9036jjnof9mf Query : insert into wsfi2data (fi2stamp,ftstamp ,ousrdata, ousrhora, usrdata,usrhora,ousrinis,usrinis) values ('aut675c822377675c81bd6e','aut675c835445675c81bd4e' ,getdate(),convert(char(8),convert (time,getdate())),getdate(),convert(char(8),convert (time,getdate())),'wsv','wsv')
20241213@184933.4545 46d0shanodaq1g9036jjnof9mf Query : select 1 valor from information_schema.tables where table_type='base table' and table_name='wstablefields'
20241213@184933.4560 46d0shanodaq1g9036jjnof9mf Query : select fieldkey,fieldname,fieldtype,calcformula from wstablefields where tablename = 'fi' and documentnumber = 39
20241213@184933.4589 46d0shanodaq1g9036jjnof9mf Query : insert into wsfidata (fistamp,ousrdata, ousrhora, usrdata,usrhora,ousrinis,usrinis ,qtt ,ftstamp ,epv,pvmoeda ,tabiva,iva,lordem ,ref, design ,lote,armazem,bistamp ) values ('aut675c822377675c81bd6e',getdate(),convert(char(8),convert (time,getdate())),getdate(),convert(char(8),convert (time,getdate())),'wsv','wsv',12.000 ,'aut675c835445675c81bd4e' ,0,0 ,2,23.00,10000,?,?,?,?,?)
20241213@184933.4814 46d0shanodaq1g9036jjnof9mf Query : use flama_phc
20241213@184933.4819 46d0shanodaq1g9036jjnof9mf Query : select st.usalote valor from st where st.ref = '324.2232.00.1'
20241213@184933.4839 46d0shanodaq1g9036jjnof9mf Query : select top 1 st.tabiva ,st.ivaincl ,st.stns ,st.uni2 ,st.familia ,isnull(tx.taxa, 0) txiva ,unidade ,usalote ,epcpond ,noserie ,conversao ,st.texteis from st left join taxasiva tx on st.tabiva = tx.codigo where st.ref = '324.2232.00.1'
20241213@184933.4853 46d0shanodaq1g9036jjnof9mf Query : select 1 valor from information_schema.tables where table_type='base table' and table_name='wstablefields'
20241213@184933.4870 46d0shanodaq1g9036jjnof9mf Query : select fieldkey,fieldname,fieldtype,mandatory from wstablefields where tablename = 'fi' and documentnumber = 39
20241213@184933.4900 46d0shanodaq1g9036jjnof9mf Query : select 1 valor from information_schema.tables where table_type='base table' and table_name='wstablefields'
20241213@184933.4915 46d0shanodaq1g9036jjnof9mf Query : select fieldkey,fieldname,fieldtype,mandatory from wstablefields where tablename = 'fi2' and documentnumber = 39
20241213@184933.4927 46d0shanodaq1g9036jjnof9mf Query : select top 1 convert(numeric(6,2),t.taxa) valor from taxasiva t where t.codigo='2'
20241213@184933.4940 46d0shanodaq1g9036jjnof9mf Query : select sestamp valor from se where ref ='324.2232.00.1' and lote = 'r2400241100a'
20241213@184933.4953 46d0shanodaq1g9036jjnof9mf Query : select 1 valor from information_schema.tables where table_type='base table' and table_name='wstablefields'
20241213@184933.4967 46d0shanodaq1g9036jjnof9mf Query : select fieldkey,fieldname,fieldtype,calcformula from wstablefields where tablename = 'fi2' and documentnumber = 39
20241213@184933.4980 46d0shanodaq1g9036jjnof9mf Query : insert into wsfi2data (fi2stamp,ftstamp ,ousrdata, ousrhora, usrdata,usrhora,ousrinis,usrinis) values ('aut675c834401675c81bd78','aut675c835445675c81bd4e' ,getdate(),convert(char(8),convert (time,getdate())),getdate(),convert(char(8),convert (time,getdate())),'wsv','wsv')
20241213@184933.4984 46d0shanodaq1g9036jjnof9mf Query : select 1 valor from information_schema.tables where table_type='base table' and table_name='wstablefields'
20241213@184933.4999 46d0shanodaq1g9036jjnof9mf Query : select fieldkey,fieldname,fieldtype,calcformula from wstablefields where tablename = 'fi' and documentnumber = 39
20241213@184933.5029 46d0shanodaq1g9036jjnof9mf Query : insert into wsfidata (fistamp,ousrdata, ousrhora, usrdata,usrhora,ousrinis,usrinis ,qtt ,ftstamp ,epv,pvmoeda ,tabiva,iva,lordem ,ref, design ,lote,armazem,bistamp ) values ('aut675c834401675c81bd78',getdate(),convert(char(8),convert (time,getdate())),getdate(),convert(char(8),convert (time,getdate())),'wsv','wsv',2.000 ,'aut675c835445675c81bd4e' ,0,0 ,2,23.00,20000,?,?,?,?,?)
20241213@184933.5263 46d0shanodaq1g9036jjnof9mf Query : use flama_phc
20241213@184933.5266 46d0shanodaq1g9036jjnof9mf Query : select st.usalote valor from st where st.ref = '324.2366.00.1'
20241213@184933.5290 46d0shanodaq1g9036jjnof9mf Query : select top 1 st.tabiva ,st.ivaincl ,st.stns ,st.uni2 ,st.familia ,isnull(tx.taxa, 0) txiva ,unidade ,usalote ,epcpond ,noserie ,conversao ,st.texteis from st left join taxasiva tx on st.tabiva = tx.codigo where st.ref = '324.2366.00.1'
20241213@184933.5422 46d0shanodaq1g9036jjnof9mf Query : select 1 valor from information_schema.tables where table_type='base table' and table_name='wstablefields'
20241213@184933.5440 46d0shanodaq1g9036jjnof9mf Query : select fieldkey,fieldname,fieldtype,mandatory from wstablefields where tablename = 'fi' and documentnumber = 39
20241213@184933.5467 46d0shanodaq1g9036jjnof9mf Query : select 1 valor from information_schema.tables where table_type='base table' and table_name='wstablefields'
20241213@184933.5483 46d0shanodaq1g9036jjnof9mf Query : select fieldkey,fieldname,fieldtype,mandatory from wstablefields where tablename = 'fi2' and documentnumber = 39
20241213@184933.5492 46d0shanodaq1g9036jjnof9mf Query : select top 1 convert(numeric(6,2),t.taxa) valor from taxasiva t where t.codigo='2'
20241213@184933.5505 46d0shanodaq1g9036jjnof9mf Query : select sestamp valor from se where ref ='324.2366.00.1' and lote = 'r2400498100a'
20241213@184933.5519 46d0shanodaq1g9036jjnof9mf Query : select 1 valor from information_schema.tables where table_type='base table' and table_name='wstablefields'
20241213@184933.5534 46d0shanodaq1g9036jjnof9mf Query : select fieldkey,fieldname,fieldtype,calcformula from wstablefields where tablename = 'fi2' and documentnumber = 39
20241213@184933.5546 46d0shanodaq1g9036jjnof9mf Query : insert into wsfi2data (fi2stamp,ftstamp ,ousrdata, ousrhora, usrdata,usrhora,ousrinis,usrinis) values ('aut675c832375675c81bd86','aut675c835445675c81bd4e' ,getdate(),convert(char(8),convert (time,getdate())),getdate(),convert(char(8),convert (time,getdate())),'wsv','wsv')
20241213@184933.5550 46d0shanodaq1g9036jjnof9mf Query : select 1 valor from information_schema.tables where table_type='base table' and table_name='wstablefields'
20241213@184933.5565 46d0shanodaq1g9036jjnof9mf Query : select fieldkey,fieldname,fieldtype,calcformula from wstablefields where tablename = 'fi' and documentnumber = 39
20241213@184933.5595 46d0shanodaq1g9036jjnof9mf Query : insert into wsfidata (fistamp,ousrdata, ousrhora, usrdata,usrhora,ousrinis,usrinis ,qtt ,ftstamp ,epv,pvmoeda ,tabiva,iva,lordem ,ref, design ,lote,armazem,bistamp ) values ('aut675c832375675c81bd86',getdate(),convert(char(8),convert (time,getdate())),getdate(),convert(char(8),convert (time,getdate())),'wsv','wsv',1.000 ,'aut675c835445675c81bd4e' ,0,0 ,2,23.00,30000,?,?,?,?,?)
20241213@184933.6707 46d0shanodaq1g9036jjnof9mf Query : insert into wsftcreationlog (initialftstamp,externalid,creationstatus,documenttypeid,idustamp) values ('aut675c835445675c81bd4e','2408573','wait',39,'adm09112754980.682000002')
20241213@184933.7100 46d0shanodaq1g9036jjnof9mf Query : use flama_phc
20241213@184933.7104 46d0shanodaq1g9036jjnof9mf Query : update u_wsusers set rqsttoken =? where userid ='userls001'
20241213@184933.7153 46d0shanodaq1g9036jjnof9mf Query : select concat(rtrim(relative_path),ltrim(name_new)) as valor from uploadfiles where uploadfile_id='3970';
20241213@184933.7201 46d0shanodaq1g9036jjnof9mf Query : update uploadfiles set whenupdated=current_timestamp where uploadfile_id='3970';
20241213@184933.7273 46d0shanodaq1g9036jjnof9mf Query : select concat(rtrim(relative_path),ltrim(name_new)) as valor from uploadfiles where uploadfile_id='3970';
20241213@184933.7309 46d0shanodaq1g9036jjnof9mf Query : update uploadfiles set whenupdated=current_timestamp where uploadfile_id='3970';
20241213@184933.7829 n6l6sbgh55csqi2hatkgk7sh86 Query : insert into uploadfiles ( name_original, name_new, option_type, relative_path, whencreated ) values ( ?, ?, ?, ?, getdate() )
20241213@184933.7840 n6l6sbgh55csqi2hatkgk7sh86 Query : select uploadfile_id valor from uploadfiles where name_new = ? and option_type = ? 
20241213@184933.7911 n6l6sbgh55csqi2hatkgk7sh86 Query : select concat(rtrim(relative_path),ltrim(name_new)) as valor from uploadfiles where uploadfile_id='3971';
20241213@184933.7977 n6l6sbgh55csqi2hatkgk7sh86 Query : update uploadfiles set whenupdated=current_timestamp where uploadfile_id='3971';
20241213@184933.8043 n6l6sbgh55csqi2hatkgk7sh86 Query : select concat(rtrim(relative_path),ltrim(name_new)) as valor from uploadfiles where uploadfile_id='3971';
20241213@184933.8076 n6l6sbgh55csqi2hatkgk7sh86 Query : update uploadfiles set whenupdated=current_timestamp where uploadfile_id='3971';
20241213@184933.8133 n6l6sbgh55csqi2hatkgk7sh86 Query : use flama_phc
20241213@184933.8136 n6l6sbgh55csqi2hatkgk7sh86 Query : select top 1 secretkey valor from u_wsusers u where u.userid = ? and u.inactivo=0
20241213@184933.8208 n6l6sbgh55csqi2hatkgk7sh86 Query : use flama_phc
20241213@184933.8211 n6l6sbgh55csqi2hatkgk7sh86 Query : select no, estab,szadrsdesc from szadrs where u_coddest=2199
20241213@184933.8299 n6l6sbgh55csqi2hatkgk7sh86 Query : select top 1 isnull(design,'') valor from st (nolock) left join stobs (nolock) on st.ref = stobs.ref where st.ref = '324.686.00.01'
20241213@184933.8442 n6l6sbgh55csqi2hatkgk7sh86 Query : select top 1 bistamp valor from bi inner join bo on bo.bostamp=bi.bostamp where bo.ndos =240 and bo.boano =2085 and bo.obrano = 2408574 and bi.ref ='324.686.00.01' and bi.lordem =1
20241213@184933.8780 n6l6sbgh55csqi2hatkgk7sh86 Query : select top 1 isnull(design,'') valor from st (nolock) left join stobs (nolock) on st.ref = stobs.ref where st.ref = '323.367.09.00'
20241213@184933.8896 n6l6sbgh55csqi2hatkgk7sh86 Query : select top 1 bistamp valor from bi inner join bo on bo.bostamp=bi.bostamp where bo.ndos =240 and bo.boano =2085 and bo.obrano = 2408574 and bi.ref ='323.367.09.00' and bi.lordem =2
20241213@184933.9202 n6l6sbgh55csqi2hatkgk7sh86 Query : use flama_phc
20241213@184933.9205 n6l6sbgh55csqi2hatkgk7sh86 Query : select top 1 convert(date,fdata) valor from ft where ndoc = 39 and anulado= 0 and fno>0 order by fdata desc
20241213@184933.9246 n6l6sbgh55csqi2hatkgk7sh86 Query : use flama_phc
20241213@184933.9249 n6l6sbgh55csqi2hatkgk7sh86 Query : select top 1 1 valor from td where td.ndoc = 39
20241213@184933.9288 n6l6sbgh55csqi2hatkgk7sh86 Query : use flama_phc
20241213@184933.9291 n6l6sbgh55csqi2hatkgk7sh86 Query : select lower(descricao) descricao ,case when valor='s' then 1 else 0 end valor from para1 where descricao in ('st_lote','st_usalogifunc', 'st_grelha')
20241213@184933.9321 n6l6sbgh55csqi2hatkgk7sh86 Query : select top 1 manternumero ,assinadoc issigned ,tiposaft ,assinaimp ,nmdos ,td.assinadoc ,'cl' origin ,lancasl stocks ,case when cmsl<50 and td.lancasl=1 then 1 else 0 end entrada ,case when cmsl>50 and td.lancasl=1 then 1 else 0 end saida ,temserie assets ,~semgre usegridfields from td inner join td2 on td.tdstamp=td2.td2stamp where td.ndoc = 1
20241213@184933.9357 n6l6sbgh55csqi2hatkgk7sh86 Query : use flama_phc
20241213@184933.9360 n6l6sbgh55csqi2hatkgk7sh86 Query : select top 1 ~inactivo valor from cl where no = '102226' and estab = 0 order by inactivo desc
20241213@184933.9461 n6l6sbgh55csqi2hatkgk7sh86 Query : use flama_phc
20241213@184933.9464 n6l6sbgh55csqi2hatkgk7sh86 Query : select top 1 tipodoc,regrd from td where ndoc = 39
20241213@184933.9499 n6l6sbgh55csqi2hatkgk7sh86 Query : use flama_phc
20241213@184933.9502 n6l6sbgh55csqi2hatkgk7sh86 Query : select szadrsstamp valor from szadrs where szadrsdesc='espaÇotrans,lda'
20241213@184933.9548 n6l6sbgh55csqi2hatkgk7sh86 Query : use flama_phc
20241213@184933.9551 n6l6sbgh55csqi2hatkgk7sh86 Query : select szadrsstamp valor from szadrs where szadrsdesc='custÓdia duarte rodrigues lopes'
20241213@184933.9601 n6l6sbgh55csqi2hatkgk7sh86 Query : use flama_phc
20241213@184933.9604 n6l6sbgh55csqi2hatkgk7sh86 Query : select 1 valor from td where ndoc = 39
20241213@184933.9615 n6l6sbgh55csqi2hatkgk7sh86 Query : select top 1 manternumero, tiposaft, nmdos,td.assinadoc from td where td.ndoc = 39
20241213@184933.9630 n6l6sbgh55csqi2hatkgk7sh86 Query : select 1 valor from information_schema.tables where table_type='base table' and table_name='wstablefields'
20241213@184933.9646 n6l6sbgh55csqi2hatkgk7sh86 Query : select fieldkey,fieldname,fieldtype,mandatory from wstablefields where tablename = 'ft' and documentnumber = 39
20241213@184933.9665 n6l6sbgh55csqi2hatkgk7sh86 Query : select 1 valor from information_schema.tables where table_type='base table' and table_name='wstablefields'
20241213@184933.9680 n6l6sbgh55csqi2hatkgk7sh86 Query : select fieldkey,fieldname,fieldtype,mandatory from wstablefields where tablename = 'ft2' and documentnumber = 39
20241213@184933.9708 n6l6sbgh55csqi2hatkgk7sh86 Query : select 1 valor from information_schema.tables where table_type='base table' and table_name='wstablefields'
20241213@184933.9722 n6l6sbgh55csqi2hatkgk7sh86 Query : select fieldkey,fieldname,fieldtype,mandatory from wstablefields where tablename = 'ft3' and documentnumber = 39
20241213@184933.9735 n6l6sbgh55csqi2hatkgk7sh86 Query : select top 1 ft.fno valor from ft ft where ft.ndoc = 39 and ftano=2024 order by fno desc
20241213@184933.9793 n6l6sbgh55csqi2hatkgk7sh86 Query : select top 1 ft.fno valor from wsftdata ft where ft.ndoc = 39 and ftano=2024 order by fno desc
20241213@184933.9805 n6l6sbgh55csqi2hatkgk7sh86 Query : select 1 valor from information_schema.tables where table_type='base table' and table_name='wstablefields'
20241213@184933.9820 n6l6sbgh55csqi2hatkgk7sh86 Query : select fieldkey,fieldname,fieldtype,calcformula from wstablefields where tablename = 'ft3' and documentnumber = 39
20241213@184933.9836 n6l6sbgh55csqi2hatkgk7sh86 Query : insert into wsft3data (ft3stamp, ousrdata, ousrhora, usrdata,usrhora,ousrinis,usrinis,taxpointdt ) values ('aut675c860926675c81bded' ,getdate(),convert(char(8),convert (time,getdate())),getdate(),convert(char(8),convert (time,getdate())),'wsv','wsv',?)
20241213@184934.3300 n6l6sbgh55csqi2hatkgk7sh86 Query : select 1 valor from information_schema.tables where table_type='base table' and table_name='wstablefields'
20241213@184934.2090 n6l6sbgh55csqi2hatkgk7sh86 Query : select fieldkey,fieldname,fieldtype,calcformula from wstablefields where tablename = 'ft2' and documentnumber = 39
20241213@184934.2490 n6l6sbgh55csqi2hatkgk7sh86 Query : select top 1 bo.u_nomeenv valor from bo where bo.bostamp=''
20241213@184934.2640 n6l6sbgh55csqi2hatkgk7sh86 Query : select top 1 bo.u_moradaen valor from bo where bo.bostamp=''
20241213@184934.2810 n6l6sbgh55csqi2hatkgk7sh86 Query : select top 1 bo.u_codposen valor from bo where bo.bostamp=''
20241213@184934.2950 n6l6sbgh55csqi2hatkgk7sh86 Query : select top 1 bo.u_localenv valor from bo where bo.bostamp=''
20241213@184934.3090 n6l6sbgh55csqi2hatkgk7sh86 Query : select top 1 bo.trab5 valor from bo where bo.bostamp=''
20241213@184934.3240 n6l6sbgh55csqi2hatkgk7sh86 Query : select top 1 bo.serie valor from bo where bo.bostamp=''
20241213@184934.3370 n6l6sbgh55csqi2hatkgk7sh86 Query : insert into wsft2data (ft2stamp, ousrdata,ousrhora, usrdata,usrhora,ousrinis,usrinis,u_nomeenv ,u_moradaen ,u_codposen ,u_localenv ,u_coddest ,u_codby ) values ('aut675c860926675c81bded',getdate(),convert(char(8),convert (time,getdate())),getdate(),convert(char(8),convert (time,getdate())),'wsv','wsv',?,?,?,?,?,?)
20241213@184934.5630 n6l6sbgh55csqi2hatkgk7sh86 Query : select top 1 fno valor from wsftdata order by fno desc
20241213@184934.5960 n6l6sbgh55csqi2hatkgk7sh86 Query : select 1 valor from information_schema.tables where table_type='base table' and table_name='wstablefields'
20241213@184934.6140 n6l6sbgh55csqi2hatkgk7sh86 Query : select fieldkey,fieldname,fieldtype,calcformula from wstablefields where tablename = 'ft' and documentnumber = 39
20241213@184934.6370 n6l6sbgh55csqi2hatkgk7sh86 Query : select 'normal' from dummy
20241213@184934.6520 n6l6sbgh55csqi2hatkgk7sh86 Query : insert into wsftdata (ftstamp, ousrdata,ousrhora, usrdata,usrhora,ousrinis,usrinis,fno,no,estab,fdata,ndoc,moeda,cambio,cambiofixo,ftano,site ,classe ) values ('aut675c860926675c81bded',getdate(),convert(char(8),convert (time,getdate())),getdate(),convert(char(8),convert (time,getdate())),'wsv','wsv',2453,102226,0,'2024-12-13',39,'euro',0,0,2024 ,?,?)
20241213@184934.9310 n6l6sbgh55csqi2hatkgk7sh86 Query : use flama_phc
20241213@184934.9340 n6l6sbgh55csqi2hatkgk7sh86 Query : select st.usalote valor from st where st.ref = '324.686.00.01'
20241213@184934.9580 n6l6sbgh55csqi2hatkgk7sh86 Query : select top 1 st.tabiva ,st.ivaincl ,st.stns ,st.uni2 ,st.familia ,isnull(tx.taxa, 0) txiva ,unidade ,usalote ,epcpond ,noserie ,conversao ,st.texteis from st left join taxasiva tx on st.tabiva = tx.codigo where st.ref = '324.686.00.01'
20241213@184934.1127 n6l6sbgh55csqi2hatkgk7sh86 Query : select 1 valor from information_schema.tables where table_type='base table' and table_name='wstablefields'
20241213@184934.1433 n6l6sbgh55csqi2hatkgk7sh86 Query : select fieldkey,fieldname,fieldtype,mandatory from wstablefields where tablename = 'fi' and documentnumber = 39
20241213@184934.2406 n6l6sbgh55csqi2hatkgk7sh86 Query : select 1 valor from information_schema.tables where table_type='base table' and table_name='wstablefields'
20241213@184934.2424 n6l6sbgh55csqi2hatkgk7sh86 Query : select fieldkey,fieldname,fieldtype,mandatory from wstablefields where tablename = 'fi2' and documentnumber = 39
20241213@184934.2436 n6l6sbgh55csqi2hatkgk7sh86 Query : select top 1 convert(numeric(6,2),t.taxa) valor from taxasiva t where t.codigo='2'
20241213@184934.2448 n6l6sbgh55csqi2hatkgk7sh86 Query : select sestamp valor from se where ref ='324.686.00.01' and lote = 'r2400127100a'
20241213@184934.2470 n6l6sbgh55csqi2hatkgk7sh86 Query : select 1 valor from information_schema.tables where table_type='base table' and table_name='wstablefields'
20241213@184934.2485 n6l6sbgh55csqi2hatkgk7sh86 Query : select fieldkey,fieldname,fieldtype,calcformula from wstablefields where tablename = 'fi2' and documentnumber = 39
20241213@184934.2497 n6l6sbgh55csqi2hatkgk7sh86 Query : insert into wsfi2data (fi2stamp,ftstamp ,ousrdata, ousrhora, usrdata,usrhora,ousrinis,usrinis) values ('aut675c843205675c81be3c','aut675c860926675c81bded' ,getdate(),convert(char(8),convert (time,getdate())),getdate(),convert(char(8),convert (time,getdate())),'wsv','wsv')
20241213@184934.2502 n6l6sbgh55csqi2hatkgk7sh86 Query : select 1 valor from information_schema.tables where table_type='base table' and table_name='wstablefields'
20241213@184934.2516 n6l6sbgh55csqi2hatkgk7sh86 Query : select fieldkey,fieldname,fieldtype,calcformula from wstablefields where tablename = 'fi' and documentnumber = 39
20241213@184934.2547 n6l6sbgh55csqi2hatkgk7sh86 Query : insert into wsfidata (fistamp,ousrdata, ousrhora, usrdata,usrhora,ousrinis,usrinis ,qtt ,ftstamp ,epv,pvmoeda ,tabiva,iva,lordem ,ref, design ,lote,armazem,bistamp ) values ('aut675c843205675c81be3c',getdate(),convert(char(8),convert (time,getdate())),getdate(),convert(char(8),convert (time,getdate())),'wsv','wsv',1.000 ,'aut675c860926675c81bded' ,0,0 ,2,23.00,10000,?,?,?,?,?)
20241213@184934.2809 n6l6sbgh55csqi2hatkgk7sh86 Query : select 1 valor from information_schema.tables where table_type='base table' and table_name='wstablefields'
20241213@184934.2825 n6l6sbgh55csqi2hatkgk7sh86 Query : select fieldkey,fieldname,fieldtype,mandatory from wstablefields where tablename = 'fi' and documentnumber = 39
20241213@184934.2851 n6l6sbgh55csqi2hatkgk7sh86 Query : select 1 valor from information_schema.tables where table_type='base table' and table_name='wstablefields'
20241213@184934.2868 n6l6sbgh55csqi2hatkgk7sh86 Query : select fieldkey,fieldname,fieldtype,mandatory from wstablefields where tablename = 'fi2' and documentnumber = 39
20241213@184934.2876 n6l6sbgh55csqi2hatkgk7sh86 Query : select top 1 convert(numeric(6,2),t.taxa) valor from taxasiva t where t.codigo='2'
20241213@184934.2889 n6l6sbgh55csqi2hatkgk7sh86 Query : select 1 valor from information_schema.tables where table_type='base table' and table_name='wstablefields'
20241213@184934.2904 n6l6sbgh55csqi2hatkgk7sh86 Query : select fieldkey,fieldname,fieldtype,calcformula from wstablefields where tablename = 'fi2' and documentnumber = 39
20241213@184934.2933 n6l6sbgh55csqi2hatkgk7sh86 Query : insert into wsfi2data (fi2stamp,ftstamp ,ousrdata, ousrhora, usrdata,usrhora,ousrinis,usrinis) values ('aut675c849067675c81be46','aut675c860926675c81bded' ,getdate(),convert(char(8),convert (time,getdate())),getdate(),convert(char(8),convert (time,getdate())),'wsv','wsv')
20241213@184934.2937 n6l6sbgh55csqi2hatkgk7sh86 Query : select 1 valor from information_schema.tables where table_type='base table' and table_name='wstablefields'
20241213@184934.2952 n6l6sbgh55csqi2hatkgk7sh86 Query : select fieldkey,fieldname,fieldtype,calcformula from wstablefields where tablename = 'fi' and documentnumber = 39
20241213@184934.2979 n6l6sbgh55csqi2hatkgk7sh86 Query : insert into wsfidata (fistamp,ousrdata, ousrhora, usrdata,usrhora,ousrinis,usrinis ,qtt ,ftstamp ,epv,pvmoeda ,tabiva,iva,lordem ,ref, design ,armazem) values ('aut675c849067675c81be46',getdate(),convert(char(8),convert (time,getdate())),getdate(),convert(char(8),convert (time,getdate())),'wsv','wsv',0 ,'aut675c860926675c81bded' ,0,0 ,2,23.00,20000,?,?,?)
20241213@184934.3194 n6l6sbgh55csqi2hatkgk7sh86 Query : use flama_phc
20241213@184934.3199 n6l6sbgh55csqi2hatkgk7sh86 Query : select st.usalote valor from st where st.ref = '323.367.09.00'
20241213@184934.3218 n6l6sbgh55csqi2hatkgk7sh86 Query : select top 1 st.tabiva ,st.ivaincl ,st.stns ,st.uni2 ,st.familia ,isnull(tx.taxa, 0) txiva ,unidade ,usalote ,epcpond ,noserie ,conversao ,st.texteis from st left join taxasiva tx on st.tabiva = tx.codigo where st.ref = '323.367.09.00'
20241213@184934.3343 n6l6sbgh55csqi2hatkgk7sh86 Query : select 1 valor from information_schema.tables where table_type='base table' and table_name='wstablefields'
20241213@184934.3360 n6l6sbgh55csqi2hatkgk7sh86 Query : select fieldkey,fieldname,fieldtype,mandatory from wstablefields where tablename = 'fi' and documentnumber = 39
20241213@184934.3385 n6l6sbgh55csqi2hatkgk7sh86 Query : select 1 valor from information_schema.tables where table_type='base table' and table_name='wstablefields'
20241213@184934.3399 n6l6sbgh55csqi2hatkgk7sh86 Query : select fieldkey,fieldname,fieldtype,mandatory from wstablefields where tablename = 'fi2' and documentnumber = 39
20241213@184934.3408 n6l6sbgh55csqi2hatkgk7sh86 Query : select top 1 convert(numeric(6,2),t.taxa) valor from taxasiva t where t.codigo='2'
20241213@184934.3419 n6l6sbgh55csqi2hatkgk7sh86 Query : select sestamp valor from se where ref ='323.367.09.00' and lote = 'r2400053200a'
20241213@184934.3432 n6l6sbgh55csqi2hatkgk7sh86 Query : select 1 valor from information_schema.tables where table_type='base table' and table_name='wstablefields'
20241213@184934.3446 n6l6sbgh55csqi2hatkgk7sh86 Query : select fieldkey,fieldname,fieldtype,calcformula from wstablefields where tablename = 'fi2' and documentnumber = 39
20241213@184934.3458 n6l6sbgh55csqi2hatkgk7sh86 Query : insert into wsfi2data (fi2stamp,ftstamp ,ousrdata, ousrhora, usrdata,usrhora,ousrinis,usrinis) values ('aut675c833394675c81be53','aut675c860926675c81bded' ,getdate(),convert(char(8),convert (time,getdate())),getdate(),convert(char(8),convert (time,getdate())),'wsv','wsv')
20241213@184934.3462 n6l6sbgh55csqi2hatkgk7sh86 Query : select 1 valor from information_schema.tables where table_type='base table' and table_name='wstablefields'
20241213@184934.3476 n6l6sbgh55csqi2hatkgk7sh86 Query : select fieldkey,fieldname,fieldtype,calcformula from wstablefields where tablename = 'fi' and documentnumber = 39
20241213@184934.3505 n6l6sbgh55csqi2hatkgk7sh86 Query : insert into wsfidata (fistamp,ousrdata, ousrhora, usrdata,usrhora,ousrinis,usrinis ,qtt ,ftstamp ,epv,pvmoeda ,tabiva,iva,lordem ,ref, design ,lote,armazem,bistamp ) values ('aut675c833394675c81be53',getdate(),convert(char(8),convert (time,getdate())),getdate(),convert(char(8),convert (time,getdate())),'wsv','wsv',1.000 ,'aut675c860926675c81bded' ,0,0 ,2,23.00,40000,?,?,?,?,?)
20241213@184934.3723 n6l6sbgh55csqi2hatkgk7sh86 Query : insert into wsftcreationlog (initialftstamp,externalid,creationstatus,documenttypeid,idustamp) values ('aut675c860926675c81bded','2408574','wait',39,'adm09112754980.682000002')
20241213@184934.3815 n6l6sbgh55csqi2hatkgk7sh86 Query : use flama_phc
20241213@184934.3817 n6l6sbgh55csqi2hatkgk7sh86 Query : update u_wsusers set rqsttoken =? where userid ='userls001'
20241213@184934.3851 n6l6sbgh55csqi2hatkgk7sh86 Query : select concat(rtrim(relative_path),ltrim(name_new)) as valor from uploadfiles where uploadfile_id='3971';
20241213@184934.3897 n6l6sbgh55csqi2hatkgk7sh86 Query : update uploadfiles set whenupdated=current_timestamp where uploadfile_id='3971';
20241213@184934.3950 n6l6sbgh55csqi2hatkgk7sh86 Query : select concat(rtrim(relative_path),ltrim(name_new)) as valor from uploadfiles where uploadfile_id='3971';
20241213@184934.3981 n6l6sbgh55csqi2hatkgk7sh86 Query : update uploadfiles set whenupdated=current_timestamp where uploadfile_id='3971';
20241213@184934.4855 9i6mo2f7v5ao4509ujb1lk6af1 Query : insert into uploadfiles ( name_original, name_new, option_type, relative_path, whencreated ) values ( ?, ?, ?, ?, getdate() )
20241213@184934.4867 9i6mo2f7v5ao4509ujb1lk6af1 Query : select uploadfile_id valor from uploadfiles where name_new = ? and option_type = ? 
20241213@184934.4944 9i6mo2f7v5ao4509ujb1lk6af1 Query : select concat(rtrim(relative_path),ltrim(name_new)) as valor from uploadfiles where uploadfile_id='3972';
20241213@184934.5010 9i6mo2f7v5ao4509ujb1lk6af1 Query : update uploadfiles set whenupdated=current_timestamp where uploadfile_id='3972';
20241213@184934.5079 9i6mo2f7v5ao4509ujb1lk6af1 Query : select concat(rtrim(relative_path),ltrim(name_new)) as valor from uploadfiles where uploadfile_id='3972';
20241213@184934.5110 9i6mo2f7v5ao4509ujb1lk6af1 Query : update uploadfiles set whenupdated=current_timestamp where uploadfile_id='3972';
20241213@184934.5171 9i6mo2f7v5ao4509ujb1lk6af1 Query : use flama_phc
20241213@184934.5174 9i6mo2f7v5ao4509ujb1lk6af1 Query : select top 1 secretkey valor from u_wsusers u where u.userid = ? and u.inactivo=0
20241213@184934.5241 9i6mo2f7v5ao4509ujb1lk6af1 Query : use flama_phc
20241213@184934.5244 9i6mo2f7v5ao4509ujb1lk6af1 Query : select no, estab,szadrsdesc from szadrs where u_coddest=3155
20241213@184934.5336 9i6mo2f7v5ao4509ujb1lk6af1 Query : select top 1 isnull(design,'') valor from st (nolock) left join stobs (nolock) on st.ref = stobs.ref where st.ref = '324.2330.00.1'
20241213@184934.5459 9i6mo2f7v5ao4509ujb1lk6af1 Query : select top 1 bistamp valor from bi inner join bo on bo.bostamp=bi.bostamp where bo.ndos =240 and bo.boano =2085 and bo.obrano = 2408575 and bi.ref ='324.2330.00.1' and bi.lordem =1
20241213@184934.5795 9i6mo2f7v5ao4509ujb1lk6af1 Query : select top 1 isnull(design,'') valor from st (nolock) left join stobs (nolock) on st.ref = stobs.ref where st.ref = '324.2335.00.1'
20241213@184934.5835 9i6mo2f7v5ao4509ujb1lk6af1 Query : select top 1 bistamp valor from bi inner join bo on bo.bostamp=bi.bostamp where bo.ndos =240 and bo.boano =2085 and bo.obrano = 2408575 and bi.ref ='324.2335.00.1' and bi.lordem =2
20241213@184934.6209 9i6mo2f7v5ao4509ujb1lk6af1 Query : select top 1 isnull(design,'') valor from st (nolock) left join stobs (nolock) on st.ref = stobs.ref where st.ref = '324.2340.00.1'
20241213@184934.6333 9i6mo2f7v5ao4509ujb1lk6af1 Query : select top 1 bistamp valor from bi inner join bo on bo.bostamp=bi.bostamp where bo.ndos =240 and bo.boano =2085 and bo.obrano = 2408575 and bi.ref ='324.2340.00.1' and bi.lordem =3
20241213@184934.6637 9i6mo2f7v5ao4509ujb1lk6af1 Query : select top 1 isnull(design,'') valor from st (nolock) left join stobs (nolock) on st.ref = stobs.ref where st.ref = '324.2221.00.1'
20241213@184934.6657 9i6mo2f7v5ao4509ujb1lk6af1 Query : select top 1 bistamp valor from bi inner join bo on bo.bostamp=bi.bostamp where bo.ndos =240 and bo.boano =2085 and bo.obrano = 2408575 and bi.ref ='324.2221.00.1' and bi.lordem =4
20241213@184934.7017 9i6mo2f7v5ao4509ujb1lk6af1 Query : select top 1 isnull(design,'') valor from st (nolock) left join stobs (nolock) on st.ref = stobs.ref where st.ref = '324.2386.00.1'
20241213@184934.7138 9i6mo2f7v5ao4509ujb1lk6af1 Query : select top 1 bistamp valor from bi inner join bo on bo.bostamp=bi.bostamp where bo.ndos =240 and bo.boano =2085 and bo.obrano = 2408575 and bi.ref ='324.2386.00.1' and bi.lordem =5
20241213@184934.7444 9i6mo2f7v5ao4509ujb1lk6af1 Query : use flama_phc
20241213@184934.7448 9i6mo2f7v5ao4509ujb1lk6af1 Query : select top 1 convert(date,fdata) valor from ft where ndoc = 39 and anulado= 0 and fno>0 order by fdata desc
20241213@184934.7481 9i6mo2f7v5ao4509ujb1lk6af1 Query : use flama_phc
20241213@184934.7484 9i6mo2f7v5ao4509ujb1lk6af1 Query : select top 1 1 valor from td where td.ndoc = 39
20241213@184934.7514 9i6mo2f7v5ao4509ujb1lk6af1 Query : use flama_phc
20241213@184934.7516 9i6mo2f7v5ao4509ujb1lk6af1 Query : select lower(descricao) descricao ,case when valor='s' then 1 else 0 end valor from para1 where descricao in ('st_lote','st_usalogifunc', 'st_grelha')
20241213@184934.7544 9i6mo2f7v5ao4509ujb1lk6af1 Query : select top 1 manternumero ,assinadoc issigned ,tiposaft ,assinaimp ,nmdos ,td.assinadoc ,'cl' origin ,lancasl stocks ,case when cmsl<50 and td.lancasl=1 then 1 else 0 end entrada ,case when cmsl>50 and td.lancasl=1 then 1 else 0 end saida ,temserie assets ,~semgre usegridfields from td inner join td2 on td.tdstamp=td2.td2stamp where td.ndoc = 1
20241213@184934.8717 9i6mo2f7v5ao4509ujb1lk6af1 Query : use flama_phc
20241213@184934.8721 9i6mo2f7v5ao4509ujb1lk6af1 Query : select top 1 ~inactivo valor from cl where no = '101176' and estab = 0 order by inactivo desc
20241213@184934.8824 9i6mo2f7v5ao4509ujb1lk6af1 Query : use flama_phc
20241213@184934.8828 9i6mo2f7v5ao4509ujb1lk6af1 Query : select top 1 tipodoc,regrd from td where ndoc = 39
20241213@184934.8861 9i6mo2f7v5ao4509ujb1lk6af1 Query : use flama_phc
20241213@184934.8864 9i6mo2f7v5ao4509ujb1lk6af1 Query : select szadrsstamp valor from szadrs where szadrsdesc='espaÇotrans,lda'
20241213@184934.8903 9i6mo2f7v5ao4509ujb1lk6af1 Query : use flama_phc
20241213@184934.8906 9i6mo2f7v5ao4509ujb1lk6af1 Query : select szadrsstamp valor from szadrs where szadrsdesc='soares & filhos, lda.-entrega'
20241213@184934.8948 9i6mo2f7v5ao4509ujb1lk6af1 Query : use flama_phc
20241213@184934.8951 9i6mo2f7v5ao4509ujb1lk6af1 Query : select 1 valor from td where ndoc = 39
20241213@184934.8962 9i6mo2f7v5ao4509ujb1lk6af1 Query : select top 1 manternumero, tiposaft, nmdos,td.assinadoc from td where td.ndoc = 39
20241213@184934.8974 9i6mo2f7v5ao4509ujb1lk6af1 Query : select 1 valor from information_schema.tables where table_type='base table' and table_name='wstablefields'
20241213@184934.8990 9i6mo2f7v5ao4509ujb1lk6af1 Query : select fieldkey,fieldname,fieldtype,mandatory from wstablefields where tablename = 'ft' and documentnumber = 39
20241213@184934.9007 9i6mo2f7v5ao4509ujb1lk6af1 Query : select 1 valor from information_schema.tables where table_type='base table' and table_name='wstablefields'
20241213@184934.9022 9i6mo2f7v5ao4509ujb1lk6af1 Query : select fieldkey,fieldname,fieldtype,mandatory from wstablefields where tablename = 'ft2' and documentnumber = 39
20241213@184934.9050 9i6mo2f7v5ao4509ujb1lk6af1 Query : select 1 valor from information_schema.tables where table_type='base table' and table_name='wstablefields'
20241213@184934.9064 9i6mo2f7v5ao4509ujb1lk6af1 Query : select fieldkey,fieldname,fieldtype,mandatory from wstablefields where tablename = 'ft3' and documentnumber = 39
20241213@184934.9075 9i6mo2f7v5ao4509ujb1lk6af1 Query : select top 1 ft.fno valor from ft ft where ft.ndoc = 39 and ftano=2024 order by fno desc
20241213@184934.9130 9i6mo2f7v5ao4509ujb1lk6af1 Query : select top 1 ft.fno valor from wsftdata ft where ft.ndoc = 39 and ftano=2024 order by fno desc
20241213@184934.9172 9i6mo2f7v5ao4509ujb1lk6af1 Query : select 1 valor from information_schema.tables where table_type='base table' and table_name='wstablefields'
20241213@184934.9188 9i6mo2f7v5ao4509ujb1lk6af1 Query : select fieldkey,fieldname,fieldtype,calcformula from wstablefields where tablename = 'ft3' and documentnumber = 39
20241213@184934.9204 9i6mo2f7v5ao4509ujb1lk6af1 Query : insert into wsft3data (ft3stamp, ousrdata, ousrhora, usrdata,usrhora,ousrinis,usrinis,taxpointdt ) values ('aut675c810652675c81bedd' ,getdate(),convert(char(8),convert (time,getdate())),getdate(),convert(char(8),convert (time,getdate())),'wsv','wsv',?)
20241213@184934.9365 9i6mo2f7v5ao4509ujb1lk6af1 Query : select 1 valor from information_schema.tables where table_type='base table' and table_name='wstablefields'
20241213@184934.9381 9i6mo2f7v5ao4509ujb1lk6af1 Query : select fieldkey,fieldname,fieldtype,calcformula from wstablefields where tablename = 'ft2' and documentnumber = 39
20241213@184934.9415 9i6mo2f7v5ao4509ujb1lk6af1 Query : select top 1 bo.u_nomeenv valor from bo where bo.bostamp=''
20241213@184934.9427 9i6mo2f7v5ao4509ujb1lk6af1 Query : select top 1 bo.u_moradaen valor from bo where bo.bostamp=''
20241213@184934.9438 9i6mo2f7v5ao4509ujb1lk6af1 Query : select top 1 bo.u_codposen valor from bo where bo.bostamp=''
20241213@184934.9450 9i6mo2f7v5ao4509ujb1lk6af1 Query : select top 1 bo.u_localenv valor from bo where bo.bostamp=''
20241213@184934.9461 9i6mo2f7v5ao4509ujb1lk6af1 Query : select top 1 bo.trab5 valor from bo where bo.bostamp=''
20241213@184934.9472 9i6mo2f7v5ao4509ujb1lk6af1 Query : select top 1 bo.serie valor from bo where bo.bostamp=''
20241213@184934.9484 9i6mo2f7v5ao4509ujb1lk6af1 Query : insert into wsft2data (ft2stamp, ousrdata,ousrhora, usrdata,usrhora,ousrinis,usrinis,u_nomeenv ,u_moradaen ,u_codposen ,u_localenv ,u_coddest ,u_codby ) values ('aut675c810652675c81bedd',getdate(),convert(char(8),convert (time,getdate())),getdate(),convert(char(8),convert (time,getdate())),'wsv','wsv',?,?,?,?,?,?)
20241213@184934.9681 9i6mo2f7v5ao4509ujb1lk6af1 Query : select top 1 fno valor from wsftdata order by fno desc
20241213@184934.9710 9i6mo2f7v5ao4509ujb1lk6af1 Query : select 1 valor from information_schema.tables where table_type='base table' and table_name='wstablefields'
20241213@184934.9725 9i6mo2f7v5ao4509ujb1lk6af1 Query : select fieldkey,fieldname,fieldtype,calcformula from wstablefields where tablename = 'ft' and documentnumber = 39
20241213@184934.9746 9i6mo2f7v5ao4509ujb1lk6af1 Query : select 'normal' from dummy
20241213@184934.9761 9i6mo2f7v5ao4509ujb1lk6af1 Query : insert into wsftdata (ftstamp, ousrdata,ousrhora, usrdata,usrhora,ousrinis,usrinis,fno,no,estab,fdata,ndoc,moeda,cambio,cambiofixo,ftano,site ,classe ) values ('aut675c810652675c81bedd',getdate(),convert(char(8),convert (time,getdate())),getdate(),convert(char(8),convert (time,getdate())),'wsv','wsv',2454,101176,0,'2024-12-13',39,'euro',0,0,2024 ,?,?)
20241213@184934.9991 9i6mo2f7v5ao4509ujb1lk6af1 Query : use flama_phc
20241213@184934.9995 9i6mo2f7v5ao4509ujb1lk6af1 Query : select st.usalote valor from st where st.ref = '324.2330.00.1'
20241213@184935.1600 9i6mo2f7v5ao4509ujb1lk6af1 Query : select top 1 st.tabiva ,st.ivaincl ,st.stns ,st.uni2 ,st.familia ,isnull(tx.taxa, 0) txiva ,unidade ,usalote ,epcpond ,noserie ,conversao ,st.texteis from st left join taxasiva tx on st.tabiva = tx.codigo where st.ref = '324.2330.00.1'
20241213@184935.1440 9i6mo2f7v5ao4509ujb1lk6af1 Query : select 1 valor from information_schema.tables where table_type='base table' and table_name='wstablefields'
20241213@184935.1610 9i6mo2f7v5ao4509ujb1lk6af1 Query : select fieldkey,fieldname,fieldtype,mandatory from wstablefields where tablename = 'fi' and documentnumber = 39
20241213@184935.1870 9i6mo2f7v5ao4509ujb1lk6af1 Query : select 1 valor from information_schema.tables where table_type='base table' and table_name='wstablefields'
20241213@184935.2020 9i6mo2f7v5ao4509ujb1lk6af1 Query : select fieldkey,fieldname,fieldtype,mandatory from wstablefields where tablename = 'fi2' and documentnumber = 39
20241213@184935.2100 9i6mo2f7v5ao4509ujb1lk6af1 Query : select top 1 convert(numeric(6,2),t.taxa) valor from taxasiva t where t.codigo='2'
20241213@184935.2210 9i6mo2f7v5ao4509ujb1lk6af1 Query : select sestamp valor from se where ref ='324.2330.00.1' and lote = 'r2200210200a'
20241213@184935.4120 9i6mo2f7v5ao4509ujb1lk6af1 Query : select 1 valor from information_schema.tables where table_type='base table' and table_name='wstablefields'
20241213@184935.4290 9i6mo2f7v5ao4509ujb1lk6af1 Query : select fieldkey,fieldname,fieldtype,calcformula from wstablefields where tablename = 'fi2' and documentnumber = 39
20241213@184935.4410 9i6mo2f7v5ao4509ujb1lk6af1 Query : insert into wsfi2data (fi2stamp,ftstamp ,ousrdata, ousrhora, usrdata,usrhora,ousrinis,usrinis) values ('aut675c840975675c81bf0a','aut675c810652675c81bedd' ,getdate(),convert(char(8),convert (time,getdate())),getdate(),convert(char(8),convert (time,getdate())),'wsv','wsv')
20241213@184935.4450 9i6mo2f7v5ao4509ujb1lk6af1 Query : select 1 valor from information_schema.tables where table_type='base table' and table_name='wstablefields'
20241213@184935.4600 9i6mo2f7v5ao4509ujb1lk6af1 Query : select fieldkey,fieldname,fieldtype,calcformula from wstablefields where tablename = 'fi' and documentnumber = 39
20241213@184935.4880 9i6mo2f7v5ao4509ujb1lk6af1 Query : insert into wsfidata (fistamp,ousrdata, ousrhora, usrdata,usrhora,ousrinis,usrinis ,qtt ,ftstamp ,epv,pvmoeda ,tabiva,iva,lordem ,ref, design ,lote,armazem,bistamp ) values ('aut675c840975675c81bf0a',getdate(),convert(char(8),convert (time,getdate())),getdate(),convert(char(8),convert (time,getdate())),'wsv','wsv',2.000 ,'aut675c810652675c81bedd' ,0,0 ,2,23.00,10000,?,?,?,?,?)
20241213@184935.7240 9i6mo2f7v5ao4509ujb1lk6af1 Query : use flama_phc
20241213@184935.7270 9i6mo2f7v5ao4509ujb1lk6af1 Query : select st.usalote valor from st where st.ref = '324.2335.00.1'
20241213@184935.7470 9i6mo2f7v5ao4509ujb1lk6af1 Query : select top 1 st.tabiva ,st.ivaincl ,st.stns ,st.uni2 ,st.familia ,isnull(tx.taxa, 0) txiva ,unidade ,usalote ,epcpond ,noserie ,conversao ,st.texteis from st left join taxasiva tx on st.tabiva = tx.codigo where st.ref = '324.2335.00.1'
20241213@184935.7640 9i6mo2f7v5ao4509ujb1lk6af1 Query : select 1 valor from information_schema.tables where table_type='base table' and table_name='wstablefields'
20241213@184935.7790 9i6mo2f7v5ao4509ujb1lk6af1 Query : select fieldkey,fieldname,fieldtype,mandatory from wstablefields where tablename = 'fi' and documentnumber = 39
20241213@184935.8030 9i6mo2f7v5ao4509ujb1lk6af1 Query : select 1 valor from information_schema.tables where table_type='base table' and table_name='wstablefields'
20241213@184935.8170 9i6mo2f7v5ao4509ujb1lk6af1 Query : select fieldkey,fieldname,fieldtype,mandatory from wstablefields where tablename = 'fi2' and documentnumber = 39
20241213@184935.8260 9i6mo2f7v5ao4509ujb1lk6af1 Query : select top 1 convert(numeric(6,2),t.taxa) valor from taxasiva t where t.codigo='2'
20241213@184935.8370 9i6mo2f7v5ao4509ujb1lk6af1 Query : select sestamp valor from se where ref ='324.2335.00.1' and lote = 'r2400467150a'
20241213@184935.8490 9i6mo2f7v5ao4509ujb1lk6af1 Query : select 1 valor from information_schema.tables where table_type='base table' and table_name='wstablefields'
20241213@184935.8620 9i6mo2f7v5ao4509ujb1lk6af1 Query : select fieldkey,fieldname,fieldtype,calcformula from wstablefields where tablename = 'fi2' and documentnumber = 39
20241213@184935.8740 9i6mo2f7v5ao4509ujb1lk6af1 Query : insert into wsfi2data (fi2stamp,ftstamp ,ousrdata, ousrhora, usrdata,usrhora,ousrinis,usrinis) values ('aut675c877952675c81bf14','aut675c810652675c81bedd' ,getdate(),convert(char(8),convert (time,getdate())),getdate(),convert(char(8),convert (time,getdate())),'wsv','wsv')
20241213@184935.8790 9i6mo2f7v5ao4509ujb1lk6af1 Query : select 1 valor from information_schema.tables where table_type='base table' and table_name='wstablefields'
20241213@184935.8930 9i6mo2f7v5ao4509ujb1lk6af1 Query : select fieldkey,fieldname,fieldtype,calcformula from wstablefields where tablename = 'fi' and documentnumber = 39
20241213@184935.9190 9i6mo2f7v5ao4509ujb1lk6af1 Query : insert into wsfidata (fistamp,ousrdata, ousrhora, usrdata,usrhora,ousrinis,usrinis ,qtt ,ftstamp ,epv,pvmoeda ,tabiva,iva,lordem ,ref, design ,lote,armazem,bistamp ) values ('aut675c877952675c81bf14',getdate(),convert(char(8),convert (time,getdate())),getdate(),convert(char(8),convert (time,getdate())),'wsv','wsv',2.000 ,'aut675c810652675c81bedd' ,0,0 ,2,23.00,20000,?,?,?,?,?)
20241213@184935.1305 9i6mo2f7v5ao4509ujb1lk6af1 Query : use flama_phc
20241213@184935.1309 9i6mo2f7v5ao4509ujb1lk6af1 Query : select st.usalote valor from st where st.ref = '324.2340.00.1'
20241213@184935.1333 9i6mo2f7v5ao4509ujb1lk6af1 Query : select top 1 st.tabiva ,st.ivaincl ,st.stns ,st.uni2 ,st.familia ,isnull(tx.taxa, 0) txiva ,unidade ,usalote ,epcpond ,noserie ,conversao ,st.texteis from st left join taxasiva tx on st.tabiva = tx.codigo where st.ref = '324.2340.00.1'
20241213@184935.1470 9i6mo2f7v5ao4509ujb1lk6af1 Query : select 1 valor from information_schema.tables where table_type='base table' and table_name='wstablefields'
20241213@184935.1487 9i6mo2f7v5ao4509ujb1lk6af1 Query : select fieldkey,fieldname,fieldtype,mandatory from wstablefields where tablename = 'fi' and documentnumber = 39
20241213@184935.1589 9i6mo2f7v5ao4509ujb1lk6af1 Query : select 1 valor from information_schema.tables where table_type='base table' and table_name='wstablefields'
20241213@184935.1605 9i6mo2f7v5ao4509ujb1lk6af1 Query : select fieldkey,fieldname,fieldtype,mandatory from wstablefields where tablename = 'fi2' and documentnumber = 39
20241213@184935.1613 9i6mo2f7v5ao4509ujb1lk6af1 Query : select top 1 convert(numeric(6,2),t.taxa) valor from taxasiva t where t.codigo='2'
20241213@184935.1625 9i6mo2f7v5ao4509ujb1lk6af1 Query : select sestamp valor from se where ref ='324.2340.00.1' and lote = 'r2100584120a'
20241213@184935.1646 9i6mo2f7v5ao4509ujb1lk6af1 Query : select 1 valor from information_schema.tables where table_type='base table' and table_name='wstablefields'
20241213@184935.1660 9i6mo2f7v5ao4509ujb1lk6af1 Query : select fieldkey,fieldname,fieldtype,calcformula from wstablefields where tablename = 'fi2' and documentnumber = 39
20241213@184935.1671 9i6mo2f7v5ao4509ujb1lk6af1 Query : insert into wsfi2data (fi2stamp,ftstamp ,ousrdata, ousrhora, usrdata,usrhora,ousrinis,usrinis) values ('aut675c871324675c81bf28','aut675c810652675c81bedd' ,getdate(),convert(char(8),convert (time,getdate())),getdate(),convert(char(8),convert (time,getdate())),'wsv','wsv')
20241213@184935.1676 9i6mo2f7v5ao4509ujb1lk6af1 Query : select 1 valor from information_schema.tables where table_type='base table' and table_name='wstablefields'
20241213@184935.1690 9i6mo2f7v5ao4509ujb1lk6af1 Query : select fieldkey,fieldname,fieldtype,calcformula from wstablefields where tablename = 'fi' and documentnumber = 39
20241213@184935.1717 9i6mo2f7v5ao4509ujb1lk6af1 Query : insert into wsfidata (fistamp,ousrdata, ousrhora, usrdata,usrhora,ousrinis,usrinis ,qtt ,ftstamp ,epv,pvmoeda ,tabiva,iva,lordem ,ref, design ,lote,armazem,bistamp ) values ('aut675c871324675c81bf28',getdate(),convert(char(8),convert (time,getdate())),getdate(),convert(char(8),convert (time,getdate())),'wsv','wsv',2.000 ,'aut675c810652675c81bedd' ,0,0 ,2,23.00,30000,?,?,?,?,?)
20241213@184935.1950 9i6mo2f7v5ao4509ujb1lk6af1 Query : use flama_phc
20241213@184935.1953 9i6mo2f7v5ao4509ujb1lk6af1 Query : select st.usalote valor from st where st.ref = '324.2221.00.1'
20241213@184935.1972 9i6mo2f7v5ao4509ujb1lk6af1 Query : select top 1 st.tabiva ,st.ivaincl ,st.stns ,st.uni2 ,st.familia ,isnull(tx.taxa, 0) txiva ,unidade ,usalote ,epcpond ,noserie ,conversao ,st.texteis from st left join taxasiva tx on st.tabiva = tx.codigo where st.ref = '324.2221.00.1'
20241213@184935.1986 9i6mo2f7v5ao4509ujb1lk6af1 Query : select 1 valor from information_schema.tables where table_type='base table' and table_name='wstablefields'
20241213@184935.2001 9i6mo2f7v5ao4509ujb1lk6af1 Query : select fieldkey,fieldname,fieldtype,mandatory from wstablefields where tablename = 'fi' and documentnumber = 39
20241213@184935.2026 9i6mo2f7v5ao4509ujb1lk6af1 Query : select 1 valor from information_schema.tables where table_type='base table' and table_name='wstablefields'
20241213@184935.2041 9i6mo2f7v5ao4509ujb1lk6af1 Query : select fieldkey,fieldname,fieldtype,mandatory from wstablefields where tablename = 'fi2' and documentnumber = 39
20241213@184935.2049 9i6mo2f7v5ao4509ujb1lk6af1 Query : select top 1 convert(numeric(6,2),t.taxa) valor from taxasiva t where t.codigo='2'
20241213@184935.2061 9i6mo2f7v5ao4509ujb1lk6af1 Query : select sestamp valor from se where ref ='324.2221.00.1' and lote = 'r2301280100a'
20241213@184935.2072 9i6mo2f7v5ao4509ujb1lk6af1 Query : select 1 valor from information_schema.tables where table_type='base table' and table_name='wstablefields'
20241213@184935.2086 9i6mo2f7v5ao4509ujb1lk6af1 Query : select fieldkey,fieldname,fieldtype,calcformula from wstablefields where tablename = 'fi2' and documentnumber = 39
20241213@184935.2098 9i6mo2f7v5ao4509ujb1lk6af1 Query : insert into wsfi2data (fi2stamp,ftstamp ,ousrdata, ousrhora, usrdata,usrhora,ousrinis,usrinis) values ('aut675c895182675c81bf32','aut675c810652675c81bedd' ,getdate(),convert(char(8),convert (time,getdate())),getdate(),convert(char(8),convert (time,getdate())),'wsv','wsv')
20241213@184935.2102 9i6mo2f7v5ao4509ujb1lk6af1 Query : select 1 valor from information_schema.tables where table_type='base table' and table_name='wstablefields'
20241213@184935.2116 9i6mo2f7v5ao4509ujb1lk6af1 Query : select fieldkey,fieldname,fieldtype,calcformula from wstablefields where tablename = 'fi' and documentnumber = 39
20241213@184935.2144 9i6mo2f7v5ao4509ujb1lk6af1 Query : insert into wsfidata (fistamp,ousrdata, ousrhora, usrdata,usrhora,ousrinis,usrinis ,qtt ,ftstamp ,epv,pvmoeda ,tabiva,iva,lordem ,ref, design ,lote,armazem,bistamp ) values ('aut675c895182675c81bf32',getdate(),convert(char(8),convert (time,getdate())),getdate(),convert(char(8),convert (time,getdate())),'wsv','wsv',4.000 ,'aut675c810652675c81bedd' ,0,0 ,2,23.00,40000,?,?,?,?,?)
20241213@184935.2376 9i6mo2f7v5ao4509ujb1lk6af1 Query : use flama_phc
20241213@184935.2380 9i6mo2f7v5ao4509ujb1lk6af1 Query : select st.usalote valor from st where st.ref = '324.2386.00.1'
20241213@184935.2401 9i6mo2f7v5ao4509ujb1lk6af1 Query : select top 1 st.tabiva ,st.ivaincl ,st.stns ,st.uni2 ,st.familia ,isnull(tx.taxa, 0) txiva ,unidade ,usalote ,epcpond ,noserie ,conversao ,st.texteis from st left join taxasiva tx on st.tabiva = tx.codigo where st.ref = '324.2386.00.1'
20241213@184935.2531 9i6mo2f7v5ao4509ujb1lk6af1 Query : select 1 valor from information_schema.tables where table_type='base table' and table_name='wstablefields'
20241213@184935.2548 9i6mo2f7v5ao4509ujb1lk6af1 Query : select fieldkey,fieldname,fieldtype,mandatory from wstablefields where tablename = 'fi' and documentnumber = 39
20241213@184935.2571 9i6mo2f7v5ao4509ujb1lk6af1 Query : select 1 valor from information_schema.tables where table_type='base table' and table_name='wstablefields'
20241213@184935.2585 9i6mo2f7v5ao4509ujb1lk6af1 Query : select fieldkey,fieldname,fieldtype,mandatory from wstablefields where tablename = 'fi2' and documentnumber = 39
20241213@184935.2593 9i6mo2f7v5ao4509ujb1lk6af1 Query : select top 1 convert(numeric(6,2),t.taxa) valor from taxasiva t where t.codigo='2'
20241213@184935.2604 9i6mo2f7v5ao4509ujb1lk6af1 Query : select sestamp valor from se where ref ='324.2386.00.1' and lote = 'r220023620'
20241213@184935.2631 9i6mo2f7v5ao4509ujb1lk6af1 Query : select 1 valor from information_schema.tables where table_type='base table' and table_name='wstablefields'
20241213@184935.2645 9i6mo2f7v5ao4509ujb1lk6af1 Query : select fieldkey,fieldname,fieldtype,calcformula from wstablefields where tablename = 'fi2' and documentnumber = 39
20241213@184935.2656 9i6mo2f7v5ao4509ujb1lk6af1 Query : insert into wsfi2data (fi2stamp,ftstamp ,ousrdata, ousrhora, usrdata,usrhora,ousrinis,usrinis) values ('aut675c876927675c81bf40','aut675c810652675c81bedd' ,getdate(),convert(char(8),convert (time,getdate())),getdate(),convert(char(8),convert (time,getdate())),'wsv','wsv')
20241213@184935.2660 9i6mo2f7v5ao4509ujb1lk6af1 Query : select 1 valor from information_schema.tables where table_type='base table' and table_name='wstablefields'
20241213@184935.2674 9i6mo2f7v5ao4509ujb1lk6af1 Query : select fieldkey,fieldname,fieldtype,calcformula from wstablefields where tablename = 'fi' and documentnumber = 39
20241213@184935.2701 9i6mo2f7v5ao4509ujb1lk6af1 Query : insert into wsfidata (fistamp,ousrdata, ousrhora, usrdata,usrhora,ousrinis,usrinis ,qtt ,ftstamp ,epv,pvmoeda ,tabiva,iva,lordem ,ref, design ,lote,armazem,bistamp ) values ('aut675c876927675c81bf40',getdate(),convert(char(8),convert (time,getdate())),getdate(),convert(char(8),convert (time,getdate())),'wsv','wsv',2.000 ,'aut675c810652675c81bedd' ,0,0 ,2,23.00,50000,?,?,?,?,?)
20241213@184935.2924 9i6mo2f7v5ao4509ujb1lk6af1 Query : insert into wsftcreationlog (initialftstamp,externalid,creationstatus,documenttypeid,idustamp) values ('aut675c810652675c81bedd','2408575','wait',39,'adm09112754980.682000002')
20241213@184935.3024 9i6mo2f7v5ao4509ujb1lk6af1 Query : use flama_phc
20241213@184935.3027 9i6mo2f7v5ao4509ujb1lk6af1 Query : update u_wsusers set rqsttoken =? where userid ='userls001'
20241213@184935.3079 9i6mo2f7v5ao4509ujb1lk6af1 Query : select concat(rtrim(relative_path),ltrim(name_new)) as valor from uploadfiles where uploadfile_id='3972';
20241213@184935.3128 9i6mo2f7v5ao4509ujb1lk6af1 Query : update uploadfiles set whenupdated=current_timestamp where uploadfile_id='3972';
20241213@184935.3191 9i6mo2f7v5ao4509ujb1lk6af1 Query : select concat(rtrim(relative_path),ltrim(name_new)) as valor from uploadfiles where uploadfile_id='3972';
20241213@184935.3224 9i6mo2f7v5ao4509ujb1lk6af1 Query : update uploadfiles set whenupdated=current_timestamp where uploadfile_id='3972';
20241213@184935.3737 tpnqh0771rgi0l0lkhf3jjvegd Query : insert into uploadfiles ( name_original, name_new, option_type, relative_path, whencreated ) values ( ?, ?, ?, ?, getdate() )
20241213@184935.3749 tpnqh0771rgi0l0lkhf3jjvegd Query : select uploadfile_id valor from uploadfiles where name_new = ? and option_type = ? 
20241213@184935.3823 tpnqh0771rgi0l0lkhf3jjvegd Query : select concat(rtrim(relative_path),ltrim(name_new)) as valor from uploadfiles where uploadfile_id='3973';
20241213@184935.3911 tpnqh0771rgi0l0lkhf3jjvegd Query : update uploadfiles set whenupdated=current_timestamp where uploadfile_id='3973';
20241213@184935.3974 tpnqh0771rgi0l0lkhf3jjvegd Query : select concat(rtrim(relative_path),ltrim(name_new)) as valor from uploadfiles where uploadfile_id='3973';
20241213@184935.4005 tpnqh0771rgi0l0lkhf3jjvegd Query : update uploadfiles set whenupdated=current_timestamp where uploadfile_id='3973';
20241213@184935.4073 tpnqh0771rgi0l0lkhf3jjvegd Query : use flama_phc
20241213@184935.4077 tpnqh0771rgi0l0lkhf3jjvegd Query : select top 1 secretkey valor from u_wsusers u where u.userid = ? and u.inactivo=0
20241213@184935.4147 tpnqh0771rgi0l0lkhf3jjvegd Query : use flama_phc
20241213@184935.4150 tpnqh0771rgi0l0lkhf3jjvegd Query : select no, estab,szadrsdesc from szadrs where u_coddest=1161
20241213@184935.4250 tpnqh0771rgi0l0lkhf3jjvegd Query : select top 1 isnull(design,'') valor from st (nolock) left join stobs (nolock) on st.ref = stobs.ref where st.ref = '327.8253.00.1'
20241213@184935.4274 tpnqh0771rgi0l0lkhf3jjvegd Query : select top 1 bistamp valor from bi inner join bo on bo.bostamp=bi.bostamp where bo.ndos =240 and bo.boano =2085 and bo.obrano = 2408576 and bi.ref ='327.8253.00.1' and bi.lordem =1
20241213@184935.4585 tpnqh0771rgi0l0lkhf3jjvegd Query : use flama_phc
20241213@184935.4588 tpnqh0771rgi0l0lkhf3jjvegd Query : select top 1 convert(date,fdata) valor from ft where ndoc = 39 and anulado= 0 and fno>0 order by fdata desc
20241213@184935.4624 tpnqh0771rgi0l0lkhf3jjvegd Query : use flama_phc
20241213@184935.4627 tpnqh0771rgi0l0lkhf3jjvegd Query : select top 1 1 valor from td where td.ndoc = 39
20241213@184935.4660 tpnqh0771rgi0l0lkhf3jjvegd Query : use flama_phc
20241213@184935.4663 tpnqh0771rgi0l0lkhf3jjvegd Query : select lower(descricao) descricao ,case when valor='s' then 1 else 0 end valor from para1 where descricao in ('st_lote','st_usalogifunc', 'st_grelha')
20241213@184935.4693 tpnqh0771rgi0l0lkhf3jjvegd Query : select top 1 manternumero ,assinadoc issigned ,tiposaft ,assinaimp ,nmdos ,td.assinadoc ,'cl' origin ,lancasl stocks ,case when cmsl<50 and td.lancasl=1 then 1 else 0 end entrada ,case when cmsl>50 and td.lancasl=1 then 1 else 0 end saida ,temserie assets ,~semgre usegridfields from td inner join td2 on td.tdstamp=td2.td2stamp where td.ndoc = 1
20241213@184935.4728 tpnqh0771rgi0l0lkhf3jjvegd Query : use flama_phc
20241213@184935.4731 tpnqh0771rgi0l0lkhf3jjvegd Query : select top 1 ~inactivo valor from cl where no = '101621' and estab = 0 order by inactivo desc
20241213@184935.4829 tpnqh0771rgi0l0lkhf3jjvegd Query : use flama_phc
20241213@184935.4832 tpnqh0771rgi0l0lkhf3jjvegd Query : select top 1 tipodoc,regrd from td where ndoc = 39
20241213@184935.4906 tpnqh0771rgi0l0lkhf3jjvegd Query : use flama_phc
20241213@184935.4909 tpnqh0771rgi0l0lkhf3jjvegd Query : select szadrsstamp valor from szadrs where szadrsdesc='espaÇotrans,lda'
20241213@184935.4952 tpnqh0771rgi0l0lkhf3jjvegd Query : use flama_phc
20241213@184935.4956 tpnqh0771rgi0l0lkhf3jjvegd Query : select szadrsstamp valor from szadrs where szadrsdesc='j.o.m.,lda - Évora'
20241213@184935.5003 tpnqh0771rgi0l0lkhf3jjvegd Query : use flama_phc
20241213@184935.5006 tpnqh0771rgi0l0lkhf3jjvegd Query : select 1 valor from td where ndoc = 39
20241213@184935.5018 tpnqh0771rgi0l0lkhf3jjvegd Query : select top 1 manternumero, tiposaft, nmdos,td.assinadoc from td where td.ndoc = 39
20241213@184935.5036 tpnqh0771rgi0l0lkhf3jjvegd Query : select 1 valor from information_schema.tables where table_type='base table' and table_name='wstablefields'
20241213@184935.5053 tpnqh0771rgi0l0lkhf3jjvegd Query : select fieldkey,fieldname,fieldtype,mandatory from wstablefields where tablename = 'ft' and documentnumber = 39
20241213@184935.5074 tpnqh0771rgi0l0lkhf3jjvegd Query : select 1 valor from information_schema.tables where table_type='base table' and table_name='wstablefields'
20241213@184935.5088 tpnqh0771rgi0l0lkhf3jjvegd Query : select fieldkey,fieldname,fieldtype,mandatory from wstablefields where tablename = 'ft2' and documentnumber = 39
20241213@184935.5116 tpnqh0771rgi0l0lkhf3jjvegd Query : select 1 valor from information_schema.tables where table_type='base table' and table_name='wstablefields'
20241213@184935.5132 tpnqh0771rgi0l0lkhf3jjvegd Query : select fieldkey,fieldname,fieldtype,mandatory from wstablefields where tablename = 'ft3' and documentnumber = 39
20241213@184935.5145 tpnqh0771rgi0l0lkhf3jjvegd Query : select top 1 ft.fno valor from ft ft where ft.ndoc = 39 and ftano=2024 order by fno desc
20241213@184935.5201 tpnqh0771rgi0l0lkhf3jjvegd Query : select top 1 ft.fno valor from wsftdata ft where ft.ndoc = 39 and ftano=2024 order by fno desc
20241213@184935.5214 tpnqh0771rgi0l0lkhf3jjvegd Query : select 1 valor from information_schema.tables where table_type='base table' and table_name='wstablefields'
20241213@184935.5229 tpnqh0771rgi0l0lkhf3jjvegd Query : select fieldkey,fieldname,fieldtype,calcformula from wstablefields where tablename = 'ft3' and documentnumber = 39
20241213@184935.5244 tpnqh0771rgi0l0lkhf3jjvegd Query : insert into wsft3data (ft3stamp, ousrdata, ousrhora, usrdata,usrhora,ousrinis,usrinis,taxpointdt ) values ('aut675c809471675c81bf7d' ,getdate(),convert(char(8),convert (time,getdate())),getdate(),convert(char(8),convert (time,getdate())),'wsv','wsv',?)
20241213@184935.5407 tpnqh0771rgi0l0lkhf3jjvegd Query : select 1 valor from information_schema.tables where table_type='base table' and table_name='wstablefields'
20241213@184935.5424 tpnqh0771rgi0l0lkhf3jjvegd Query : select fieldkey,fieldname,fieldtype,calcformula from wstablefields where tablename = 'ft2' and documentnumber = 39
20241213@184935.5457 tpnqh0771rgi0l0lkhf3jjvegd Query : select top 1 bo.u_nomeenv valor from bo where bo.bostamp=''
20241213@184935.5469 tpnqh0771rgi0l0lkhf3jjvegd Query : select top 1 bo.u_moradaen valor from bo where bo.bostamp=''
20241213@184935.5481 tpnqh0771rgi0l0lkhf3jjvegd Query : select top 1 bo.u_codposen valor from bo where bo.bostamp=''
20241213@184935.5492 tpnqh0771rgi0l0lkhf3jjvegd Query : select top 1 bo.u_localenv valor from bo where bo.bostamp=''
20241213@184935.5504 tpnqh0771rgi0l0lkhf3jjvegd Query : select top 1 bo.trab5 valor from bo where bo.bostamp=''
20241213@184935.5515 tpnqh0771rgi0l0lkhf3jjvegd Query : select top 1 bo.serie valor from bo where bo.bostamp=''
20241213@184935.5527 tpnqh0771rgi0l0lkhf3jjvegd Query : insert into wsft2data (ft2stamp, ousrdata,ousrhora, usrdata,usrhora,ousrinis,usrinis,u_nomeenv ,u_moradaen ,u_codposen ,u_localenv ,u_coddest ,u_codby ) values ('aut675c809471675c81bf7d',getdate(),convert(char(8),convert (time,getdate())),getdate(),convert(char(8),convert (time,getdate())),'wsv','wsv',?,?,?,?,?,?)
20241213@184935.5746 tpnqh0771rgi0l0lkhf3jjvegd Query : select top 1 fno valor from wsftdata order by fno desc
20241213@184935.5781 tpnqh0771rgi0l0lkhf3jjvegd Query : select 1 valor from information_schema.tables where table_type='base table' and table_name='wstablefields'
20241213@184935.5798 tpnqh0771rgi0l0lkhf3jjvegd Query : select fieldkey,fieldname,fieldtype,calcformula from wstablefields where tablename = 'ft' and documentnumber = 39
20241213@184935.5823 tpnqh0771rgi0l0lkhf3jjvegd Query : select 'normal' from dummy
20241213@184935.5839 tpnqh0771rgi0l0lkhf3jjvegd Query : insert into wsftdata (ftstamp, ousrdata,ousrhora, usrdata,usrhora,ousrinis,usrinis,fno,no,estab,fdata,ndoc,moeda,cambio,cambiofixo,ftano,site ,classe ) values ('aut675c809471675c81bf7d',getdate(),convert(char(8),convert (time,getdate())),getdate(),convert(char(8),convert (time,getdate())),'wsv','wsv',2455,101621,0,'2024-12-13',39,'euro',0,0,2024 ,?,?)
20241213@184935.6162 tpnqh0771rgi0l0lkhf3jjvegd Query : use flama_phc
20241213@184935.6165 tpnqh0771rgi0l0lkhf3jjvegd Query : select st.usalote valor from st where st.ref = '327.8253.00.1'
20241213@184935.6186 tpnqh0771rgi0l0lkhf3jjvegd Query : select top 1 st.tabiva ,st.ivaincl ,st.stns ,st.uni2 ,st.familia ,isnull(tx.taxa, 0) txiva ,unidade ,usalote ,epcpond ,noserie ,conversao ,st.texteis from st left join taxasiva tx on st.tabiva = tx.codigo where st.ref = '327.8253.00.1'
20241213@184935.6200 tpnqh0771rgi0l0lkhf3jjvegd Query : select 1 valor from information_schema.tables where table_type='base table' and table_name='wstablefields'
20241213@184935.6238 tpnqh0771rgi0l0lkhf3jjvegd Query : select fieldkey,fieldname,fieldtype,mandatory from wstablefields where tablename = 'fi' and documentnumber = 39
20241213@184935.6265 tpnqh0771rgi0l0lkhf3jjvegd Query : select 1 valor from information_schema.tables where table_type='base table' and table_name='wstablefields'
20241213@184935.6280 tpnqh0771rgi0l0lkhf3jjvegd Query : select fieldkey,fieldname,fieldtype,mandatory from wstablefields where tablename = 'fi2' and documentnumber = 39
20241213@184935.6288 tpnqh0771rgi0l0lkhf3jjvegd Query : select top 1 convert(numeric(6,2),t.taxa) valor from taxasiva t where t.codigo='2'
20241213@184935.6300 tpnqh0771rgi0l0lkhf3jjvegd Query : select sestamp valor from se where ref ='327.8253.00.1' and lote = 'r2400073100b'
20241213@184935.6313 tpnqh0771rgi0l0lkhf3jjvegd Query : select 1 valor from information_schema.tables where table_type='base table' and table_name='wstablefields'
20241213@184935.6327 tpnqh0771rgi0l0lkhf3jjvegd Query : select fieldkey,fieldname,fieldtype,calcformula from wstablefields where tablename = 'fi2' and documentnumber = 39
20241213@184935.6339 tpnqh0771rgi0l0lkhf3jjvegd Query : insert into wsfi2data (fi2stamp,ftstamp ,ousrdata, ousrhora, usrdata,usrhora,ousrinis,usrinis) values ('aut675c823538675c81bf9a','aut675c809471675c81bf7d' ,getdate(),convert(char(8),convert (time,getdate())),getdate(),convert(char(8),convert (time,getdate())),'wsv','wsv')
20241213@184935.6343 tpnqh0771rgi0l0lkhf3jjvegd Query : select 1 valor from information_schema.tables where table_type='base table' and table_name='wstablefields'
20241213@184935.6357 tpnqh0771rgi0l0lkhf3jjvegd Query : select fieldkey,fieldname,fieldtype,calcformula from wstablefields where tablename = 'fi' and documentnumber = 39
20241213@184935.6385 tpnqh0771rgi0l0lkhf3jjvegd Query : insert into wsfidata (fistamp,ousrdata, ousrhora, usrdata,usrhora,ousrinis,usrinis ,qtt ,ftstamp ,epv,pvmoeda ,tabiva,iva,lordem ,ref, design ,lote,armazem,bistamp ) values ('aut675c823538675c81bf9a',getdate(),convert(char(8),convert (time,getdate())),getdate(),convert(char(8),convert (time,getdate())),'wsv','wsv',1.000 ,'aut675c809471675c81bf7d' ,0,0 ,2,23.00,10000,?,?,?,?,?)
20241213@184935.6638 tpnqh0771rgi0l0lkhf3jjvegd Query : select 1 valor from information_schema.tables where table_type='base table' and table_name='wstablefields'
20241213@184935.6655 tpnqh0771rgi0l0lkhf3jjvegd Query : select fieldkey,fieldname,fieldtype,mandatory from wstablefields where tablename = 'fi' and documentnumber = 39
20241213@184935.6684 tpnqh0771rgi0l0lkhf3jjvegd Query : select 1 valor from information_schema.tables where table_type='base table' and table_name='wstablefields'
20241213@184935.6699 tpnqh0771rgi0l0lkhf3jjvegd Query : select fieldkey,fieldname,fieldtype,mandatory from wstablefields where tablename = 'fi2' and documentnumber = 39
20241213@184935.6708 tpnqh0771rgi0l0lkhf3jjvegd Query : select top 1 convert(numeric(6,2),t.taxa) valor from taxasiva t where t.codigo='2'
20241213@184935.6721 tpnqh0771rgi0l0lkhf3jjvegd Query : select 1 valor from information_schema.tables where table_type='base table' and table_name='wstablefields'
20241213@184935.6737 tpnqh0771rgi0l0lkhf3jjvegd Query : select fieldkey,fieldname,fieldtype,calcformula from wstablefields where tablename = 'fi2' and documentnumber = 39
20241213@184935.6771 tpnqh0771rgi0l0lkhf3jjvegd Query : insert into wsfi2data (fi2stamp,ftstamp ,ousrdata, ousrhora, usrdata,usrhora,ousrinis,usrinis) values ('aut675c801480675c81bfa4','aut675c809471675c81bf7d' ,getdate(),convert(char(8),convert (time,getdate())),getdate(),convert(char(8),convert (time,getdate())),'wsv','wsv')
20241213@184935.6776 tpnqh0771rgi0l0lkhf3jjvegd Query : select 1 valor from information_schema.tables where table_type='base table' and table_name='wstablefields'
20241213@184935.6791 tpnqh0771rgi0l0lkhf3jjvegd Query : select fieldkey,fieldname,fieldtype,calcformula from wstablefields where tablename = 'fi' and documentnumber = 39
20241213@184935.6821 tpnqh0771rgi0l0lkhf3jjvegd Query : insert into wsfidata (fistamp,ousrdata, ousrhora, usrdata,usrhora,ousrinis,usrinis ,qtt ,ftstamp ,epv,pvmoeda ,tabiva,iva,lordem ,ref, design ,armazem) values ('aut675c801480675c81bfa4',getdate(),convert(char(8),convert (time,getdate())),getdate(),convert(char(8),convert (time,getdate())),'wsv','wsv',0 ,'aut675c809471675c81bf7d' ,0,0 ,2,23.00,20000,?,?,?)
20241213@184935.7061 tpnqh0771rgi0l0lkhf3jjvegd Query : insert into wsftcreationlog (initialftstamp,externalid,creationstatus,documenttypeid,idustamp) values ('aut675c809471675c81bf7d','2408576','wait',39,'adm09112754980.682000002')
20241213@184935.7145 tpnqh0771rgi0l0lkhf3jjvegd Query : use flama_phc
20241213@184935.7149 tpnqh0771rgi0l0lkhf3jjvegd Query : update u_wsusers set rqsttoken =? where userid ='userls001'
20241213@184935.7183 tpnqh0771rgi0l0lkhf3jjvegd Query : select concat(rtrim(relative_path),ltrim(name_new)) as valor from uploadfiles where uploadfile_id='3973';
20241213@184935.7229 tpnqh0771rgi0l0lkhf3jjvegd Query : update uploadfiles set whenupdated=current_timestamp where uploadfile_id='3973';
20241213@184935.7285 tpnqh0771rgi0l0lkhf3jjvegd Query : select concat(rtrim(relative_path),ltrim(name_new)) as valor from uploadfiles where uploadfile_id='3973';
20241213@184935.7317 tpnqh0771rgi0l0lkhf3jjvegd Query : update uploadfiles set whenupdated=current_timestamp where uploadfile_id='3973';
20241213@184935.7853 vr379gv9b6umtb5u2bbceqb6ht Query : insert into uploadfiles ( name_original, name_new, option_type, relative_path, whencreated ) values ( ?, ?, ?, ?, getdate() )
20241213@184935.7864 vr379gv9b6umtb5u2bbceqb6ht Query : select uploadfile_id valor from uploadfiles where name_new = ? and option_type = ? 
20241213@184935.7945 vr379gv9b6umtb5u2bbceqb6ht Query : select concat(rtrim(relative_path),ltrim(name_new)) as valor from uploadfiles where uploadfile_id='3974';
20241213@184935.8023 vr379gv9b6umtb5u2bbceqb6ht Query : update uploadfiles set whenupdated=current_timestamp where uploadfile_id='3974';
20241213@184935.9259 vr379gv9b6umtb5u2bbceqb6ht Query : select concat(rtrim(relative_path),ltrim(name_new)) as valor from uploadfiles where uploadfile_id='3974';
20241213@184935.9311 vr379gv9b6umtb5u2bbceqb6ht Query : update uploadfiles set whenupdated=current_timestamp where uploadfile_id='3974';
20241213@184935.9375 vr379gv9b6umtb5u2bbceqb6ht Query : use flama_phc
20241213@184935.9379 vr379gv9b6umtb5u2bbceqb6ht Query : select top 1 secretkey valor from u_wsusers u where u.userid = ? and u.inactivo=0
20241213@184935.9459 vr379gv9b6umtb5u2bbceqb6ht Query : use flama_phc
20241213@184935.9461 vr379gv9b6umtb5u2bbceqb6ht Query : select no, estab,szadrsdesc from szadrs where u_coddest=235
20241213@184935.9567 vr379gv9b6umtb5u2bbceqb6ht Query : select top 1 isnull(design,'') valor from st (nolock) left join stobs (nolock) on st.ref = stobs.ref where st.ref = '304.4861.00.2'
20241213@184935.9699 vr379gv9b6umtb5u2bbceqb6ht Query : select top 1 bistamp valor from bi inner join bo on bo.bostamp=bi.bostamp where bo.ndos =240 and bo.boano =2085 and bo.obrano = 2408583 and bi.ref ='304.4861.00.2' and bi.lordem =1
20241213@184936.4600 vr379gv9b6umtb5u2bbceqb6ht Query : use flama_phc
20241213@184936.4900 vr379gv9b6umtb5u2bbceqb6ht Query : select top 1 convert(date,fdata) valor from ft where ndoc = 39 and anulado= 0 and fno>0 order by fdata desc
20241213@184936.1020 vr379gv9b6umtb5u2bbceqb6ht Query : use flama_phc
20241213@184936.1060 vr379gv9b6umtb5u2bbceqb6ht Query : select top 1 1 valor from td where td.ndoc = 39
20241213@184936.1370 vr379gv9b6umtb5u2bbceqb6ht Query : use flama_phc
20241213@184936.1400 vr379gv9b6umtb5u2bbceqb6ht Query : select lower(descricao) descricao ,case when valor='s' then 1 else 0 end valor from para1 where descricao in ('st_lote','st_usalogifunc', 'st_grelha')
20241213@184936.1710 vr379gv9b6umtb5u2bbceqb6ht Query : select top 1 manternumero ,assinadoc issigned ,tiposaft ,assinaimp ,nmdos ,td.assinadoc ,'cl' origin ,lancasl stocks ,case when cmsl<50 and td.lancasl=1 then 1 else 0 end entrada ,case when cmsl>50 and td.lancasl=1 then 1 else 0 end saida ,temserie assets ,~semgre usegridfields from td inner join td2 on td.tdstamp=td2.td2stamp where td.ndoc = 1
20241213@184936.2100 vr379gv9b6umtb5u2bbceqb6ht Query : use flama_phc
20241213@184936.2130 vr379gv9b6umtb5u2bbceqb6ht Query : select top 1 ~inactivo valor from cl where no = '102214' and estab = 0 order by inactivo desc
20241213@184936.3360 vr379gv9b6umtb5u2bbceqb6ht Query : use flama_phc
20241213@184936.3420 vr379gv9b6umtb5u2bbceqb6ht Query : select top 1 tipodoc,regrd from td where ndoc = 39
20241213@184936.3750 vr379gv9b6umtb5u2bbceqb6ht Query : use flama_phc
20241213@184936.3780 vr379gv9b6umtb5u2bbceqb6ht Query : select szadrsstamp valor from szadrs where szadrsdesc='espaÇotrans,lda'
20241213@184936.5980 vr379gv9b6umtb5u2bbceqb6ht Query : use flama_phc
20241213@184936.6010 vr379gv9b6umtb5u2bbceqb6ht Query : select szadrsstamp valor from szadrs where szadrsdesc='duarte & mota, lda.'
20241213@184936.6510 vr379gv9b6umtb5u2bbceqb6ht Query : use flama_phc
20241213@184936.6530 vr379gv9b6umtb5u2bbceqb6ht Query : select 1 valor from td where ndoc = 39
20241213@184936.6660 vr379gv9b6umtb5u2bbceqb6ht Query : select top 1 manternumero, tiposaft, nmdos,td.assinadoc from td where td.ndoc = 39
20241213@184936.6810 vr379gv9b6umtb5u2bbceqb6ht Query : select 1 valor from information_schema.tables where table_type='base table' and table_name='wstablefields'
20241213@184936.6990 vr379gv9b6umtb5u2bbceqb6ht Query : select fieldkey,fieldname,fieldtype,mandatory from wstablefields where tablename = 'ft' and documentnumber = 39
20241213@184936.7190 vr379gv9b6umtb5u2bbceqb6ht Query : select 1 valor from information_schema.tables where table_type='base table' and table_name='wstablefields'
20241213@184936.7340 vr379gv9b6umtb5u2bbceqb6ht Query : select fieldkey,fieldname,fieldtype,mandatory from wstablefields where tablename = 'ft2' and documentnumber = 39
20241213@184936.7610 vr379gv9b6umtb5u2bbceqb6ht Query : select 1 valor from information_schema.tables where table_type='base table' and table_name='wstablefields'
20241213@184936.7760 vr379gv9b6umtb5u2bbceqb6ht Query : select fieldkey,fieldname,fieldtype,mandatory from wstablefields where tablename = 'ft3' and documentnumber = 39
20241213@184936.7880 vr379gv9b6umtb5u2bbceqb6ht Query : select top 1 ft.fno valor from ft ft where ft.ndoc = 39 and ftano=2024 order by fno desc
20241213@184936.8470 vr379gv9b6umtb5u2bbceqb6ht Query : select top 1 ft.fno valor from wsftdata ft where ft.ndoc = 39 and ftano=2024 order by fno desc
20241213@184936.8590 vr379gv9b6umtb5u2bbceqb6ht Query : select 1 valor from information_schema.tables where table_type='base table' and table_name='wstablefields'
20241213@184936.8740 vr379gv9b6umtb5u2bbceqb6ht Query : select fieldkey,fieldname,fieldtype,calcformula from wstablefields where tablename = 'ft3' and documentnumber = 39
20241213@184936.8910 vr379gv9b6umtb5u2bbceqb6ht Query : insert into wsft3data (ft3stamp, ousrdata, ousrhora, usrdata,usrhora,ousrinis,usrinis,taxpointdt ) values ('aut675c898240675c81c013' ,getdate(),convert(char(8),convert (time,getdate())),getdate(),convert(char(8),convert (time,getdate())),'wsv','wsv',?)
20241213@184936.1053 vr379gv9b6umtb5u2bbceqb6ht Query : select 1 valor from information_schema.tables where table_type='base table' and table_name='wstablefields'
20241213@184936.1069 vr379gv9b6umtb5u2bbceqb6ht Query : select fieldkey,fieldname,fieldtype,calcformula from wstablefields where tablename = 'ft2' and documentnumber = 39
20241213@184936.1118 vr379gv9b6umtb5u2bbceqb6ht Query : select top 1 bo.u_nomeenv valor from bo where bo.bostamp=''
20241213@184936.1142 vr379gv9b6umtb5u2bbceqb6ht Query : select top 1 bo.u_moradaen valor from bo where bo.bostamp=''
20241213@184936.1154 vr379gv9b6umtb5u2bbceqb6ht Query : select top 1 bo.u_codposen valor from bo where bo.bostamp=''
20241213@184936.1166 vr379gv9b6umtb5u2bbceqb6ht Query : select top 1 bo.u_localenv valor from bo where bo.bostamp=''
20241213@184936.1177 vr379gv9b6umtb5u2bbceqb6ht Query : select top 1 bo.trab5 valor from bo where bo.bostamp=''
20241213@184936.1188 vr379gv9b6umtb5u2bbceqb6ht Query : select top 1 bo.serie valor from bo where bo.bostamp=''
20241213@184936.1199 vr379gv9b6umtb5u2bbceqb6ht Query : insert into wsft2data (ft2stamp, ousrdata,ousrhora, usrdata,usrhora,ousrinis,usrinis,u_nomeenv ,u_moradaen ,u_codposen ,u_localenv ,u_coddest ,u_codby ) values ('aut675c898240675c81c013',getdate(),convert(char(8),convert (time,getdate())),getdate(),convert(char(8),convert (time,getdate())),'wsv','wsv',?,?,?,?,?,?)
20241213@184936.1515 vr379gv9b6umtb5u2bbceqb6ht Query : select top 1 fno valor from wsftdata order by fno desc
20241213@184936.1559 vr379gv9b6umtb5u2bbceqb6ht Query : select 1 valor from information_schema.tables where table_type='base table' and table_name='wstablefields'
20241213@184936.1576 vr379gv9b6umtb5u2bbceqb6ht Query : select fieldkey,fieldname,fieldtype,calcformula from wstablefields where tablename = 'ft' and documentnumber = 39
20241213@184936.1601 vr379gv9b6umtb5u2bbceqb6ht Query : select 'normal' from dummy
20241213@184936.1616 vr379gv9b6umtb5u2bbceqb6ht Query : insert into wsftdata (ftstamp, ousrdata,ousrhora, usrdata,usrhora,ousrinis,usrinis,fno,no,estab,fdata,ndoc,moeda,cambio,cambiofixo,ftano,site ,classe ) values ('aut675c898240675c81c013',getdate(),convert(char(8),convert (time,getdate())),getdate(),convert(char(8),convert (time,getdate())),'wsv','wsv',2456,102214,0,'2024-12-13',39,'euro',0,0,2024 ,?,?)
20241213@184936.1878 vr379gv9b6umtb5u2bbceqb6ht Query : use flama_phc
20241213@184936.1881 vr379gv9b6umtb5u2bbceqb6ht Query : select st.usalote valor from st where st.ref = '304.4861.00.2'
20241213@184936.1903 vr379gv9b6umtb5u2bbceqb6ht Query : select top 1 st.tabiva ,st.ivaincl ,st.stns ,st.uni2 ,st.familia ,isnull(tx.taxa, 0) txiva ,unidade ,usalote ,epcpond ,noserie ,conversao ,st.texteis from st left join taxasiva tx on st.tabiva = tx.codigo where st.ref = '304.4861.00.2'
20241213@184936.2036 vr379gv9b6umtb5u2bbceqb6ht Query : select 1 valor from information_schema.tables where table_type='base table' and table_name='wstablefields'
20241213@184936.2053 vr379gv9b6umtb5u2bbceqb6ht Query : select fieldkey,fieldname,fieldtype,mandatory from wstablefields where tablename = 'fi' and documentnumber = 39
20241213@184936.2078 vr379gv9b6umtb5u2bbceqb6ht Query : select 1 valor from information_schema.tables where table_type='base table' and table_name='wstablefields'
20241213@184936.2093 vr379gv9b6umtb5u2bbceqb6ht Query : select fieldkey,fieldname,fieldtype,mandatory from wstablefields where tablename = 'fi2' and documentnumber = 39
20241213@184936.2101 vr379gv9b6umtb5u2bbceqb6ht Query : select top 1 convert(numeric(6,2),t.taxa) valor from taxasiva t where t.codigo='2'
20241213@184936.2112 vr379gv9b6umtb5u2bbceqb6ht Query : select sestamp valor from se where ref ='304.4861.00.2' and lote = '210804'
20241213@184936.2137 vr379gv9b6umtb5u2bbceqb6ht Query : select 1 valor from information_schema.tables where table_type='base table' and table_name='wstablefields'
20241213@184936.2151 vr379gv9b6umtb5u2bbceqb6ht Query : select fieldkey,fieldname,fieldtype,calcformula from wstablefields where tablename = 'fi2' and documentnumber = 39
20241213@184936.2163 vr379gv9b6umtb5u2bbceqb6ht Query : insert into wsfi2data (fi2stamp,ftstamp ,ousrdata, ousrhora, usrdata,usrhora,ousrinis,usrinis) values ('aut675c851291675c81c034','aut675c898240675c81c013' ,getdate(),convert(char(8),convert (time,getdate())),getdate(),convert(char(8),convert (time,getdate())),'wsv','wsv')
20241213@184936.2180 vr379gv9b6umtb5u2bbceqb6ht Query : use flama_phc
20241213@184936.2183 vr379gv9b6umtb5u2bbceqb6ht Query : select top 1 errorresult result ,errornumber errornumber ,descriptionpt description ,isnull(descriptionen,'') descriptionen ,isnull(descriptionfr,'') descriptionfr from wserrorcodes where errornumber = -116
20241213@184936.2265 vr379gv9b6umtb5u2bbceqb6ht Query : select concat(rtrim(relative_path),ltrim(name_new)) as valor from uploadfiles where uploadfile_id='3974';
20241213@184936.2310 vr379gv9b6umtb5u2bbceqb6ht Query : update uploadfiles set whenupdated=current_timestamp where uploadfile_id='3974';
20241213@184936.3050 u4v01mgkd5dfe1ac96jltmru3f Query : insert into uploadfiles ( name_original, name_new, option_type, relative_path, whencreated ) values ( ?, ?, ?, ?, getdate() )
20241213@184936.3061 u4v01mgkd5dfe1ac96jltmru3f Query : select uploadfile_id valor from uploadfiles where name_new = ? and option_type = ? 
20241213@184936.3421 u4v01mgkd5dfe1ac96jltmru3f Query : select concat(rtrim(relative_path),ltrim(name_new)) as valor from uploadfiles where uploadfile_id='3975';
20241213@184936.3605 u4v01mgkd5dfe1ac96jltmru3f Query : update uploadfiles set whenupdated=current_timestamp where uploadfile_id='3975';
20241213@184936.3678 u4v01mgkd5dfe1ac96jltmru3f Query : select concat(rtrim(relative_path),ltrim(name_new)) as valor from uploadfiles where uploadfile_id='3975';
20241213@184936.3728 u4v01mgkd5dfe1ac96jltmru3f Query : update uploadfiles set whenupdated=current_timestamp where uploadfile_id='3975';
20241213@184936.3787 u4v01mgkd5dfe1ac96jltmru3f Query : use flama_phc
20241213@184936.3790 u4v01mgkd5dfe1ac96jltmru3f Query : select top 1 secretkey valor from u_wsusers u where u.userid = ? and u.inactivo=0
20241213@184936.3852 u4v01mgkd5dfe1ac96jltmru3f Query : use flama_phc
20241213@184936.3855 u4v01mgkd5dfe1ac96jltmru3f Query : select no, estab,szadrsdesc from szadrs where u_coddest=6258
20241213@184936.3973 u4v01mgkd5dfe1ac96jltmru3f Query : select top 1 isnull(design,'') valor from st (nolock) left join stobs (nolock) on st.ref = stobs.ref where st.ref = '324.1871.00.1'
20241213@184936.4113 u4v01mgkd5dfe1ac96jltmru3f Query : select top 1 bistamp valor from bi inner join bo on bo.bostamp=bi.bostamp where bo.ndos =240 and bo.boano =2085 and bo.obrano = 2408584 and bi.ref ='324.1871.00.1' and bi.lordem =1
20241213@184936.4414 u4v01mgkd5dfe1ac96jltmru3f Query : select top 1 isnull(design,'') valor from st (nolock) left join stobs (nolock) on st.ref = stobs.ref where st.ref = '324.1862.00.1'
20241213@184936.4529 u4v01mgkd5dfe1ac96jltmru3f Query : select top 1 bistamp valor from bi inner join bo on bo.bostamp=bi.bostamp where bo.ndos =240 and bo.boano =2085 and bo.obrano = 2408584 and bi.ref ='324.1862.00.1' and bi.lordem =2
20241213@184936.4816 u4v01mgkd5dfe1ac96jltmru3f Query : select top 1 isnull(design,'') valor from st (nolock) left join stobs (nolock) on st.ref = stobs.ref where st.ref = '324.1833.00.2'
20241213@184936.4933 u4v01mgkd5dfe1ac96jltmru3f Query : select top 1 bistamp valor from bi inner join bo on bo.bostamp=bi.bostamp where bo.ndos =240 and bo.boano =2085 and bo.obrano = 2408584 and bi.ref ='324.1833.00.2' and bi.lordem =3
20241213@184936.5222 u4v01mgkd5dfe1ac96jltmru3f Query : select top 1 isnull(design,'') valor from st (nolock) left join stobs (nolock) on st.ref = stobs.ref where st.ref = '324.1832.00.2'
20241213@184936.5336 u4v01mgkd5dfe1ac96jltmru3f Query : select top 1 bistamp valor from bi inner join bo on bo.bostamp=bi.bostamp where bo.ndos =240 and bo.boano =2085 and bo.obrano = 2408584 and bi.ref ='324.1832.00.2' and bi.lordem =4
20241213@184936.5618 u4v01mgkd5dfe1ac96jltmru3f Query : select top 1 isnull(design,'') valor from st (nolock) left join stobs (nolock) on st.ref = stobs.ref where st.ref = '324.1832.00.2'
20241213@184936.5640 u4v01mgkd5dfe1ac96jltmru3f Query : select top 1 bistamp valor from bi inner join bo on bo.bostamp=bi.bostamp where bo.ndos =240 and bo.boano =2085 and bo.obrano = 2408584 and bi.ref ='324.1832.00.2' and bi.lordem =4
20241213@184936.5657 u4v01mgkd5dfe1ac96jltmru3f Query : select top 1 isnull(design,'') valor from st (nolock) left join stobs (nolock) on st.ref = stobs.ref where st.ref = '324.1831.00.2'
20241213@184936.5769 u4v01mgkd5dfe1ac96jltmru3f Query : select top 1 bistamp valor from bi inner join bo on bo.bostamp=bi.bostamp where bo.ndos =240 and bo.boano =2085 and bo.obrano = 2408584 and bi.ref ='324.1831.00.2' and bi.lordem =5
20241213@184936.6098 u4v01mgkd5dfe1ac96jltmru3f Query : select top 1 isnull(design,'') valor from st (nolock) left join stobs (nolock) on st.ref = stobs.ref where st.ref = '324.1884.00.1'
20241213@184936.6220 u4v01mgkd5dfe1ac96jltmru3f Query : select top 1 bistamp valor from bi inner join bo on bo.bostamp=bi.bostamp where bo.ndos =240 and bo.boano =2085 and bo.obrano = 2408584 and bi.ref ='324.1884.00.1' and bi.lordem =6
20241213@184936.6829 u4v01mgkd5dfe1ac96jltmru3f Query : select top 1 isnull(design,'') valor from st (nolock) left join stobs (nolock) on st.ref = stobs.ref where st.ref = '324.1816.00.1'
20241213@184936.7203 u4v01mgkd5dfe1ac96jltmru3f Query : select top 1 bistamp valor from bi inner join bo on bo.bostamp=bi.bostamp where bo.ndos =240 and bo.boano =2085 and bo.obrano = 2408584 and bi.ref ='324.1816.00.1' and bi.lordem =7
20241213@184936.7842 u4v01mgkd5dfe1ac96jltmru3f Query : select top 1 isnull(design,'') valor from st (nolock) left join stobs (nolock) on st.ref = stobs.ref where st.ref = '324.1816.00.1'
20241213@184936.7869 u4v01mgkd5dfe1ac96jltmru3f Query : select top 1 bistamp valor from bi inner join bo on bo.bostamp=bi.bostamp where bo.ndos =240 and bo.boano =2085 and bo.obrano = 2408584 and bi.ref ='324.1816.00.1' and bi.lordem =7
20241213@184936.7886 u4v01mgkd5dfe1ac96jltmru3f Query : select top 1 isnull(design,'') valor from st (nolock) left join stobs (nolock) on st.ref = stobs.ref where st.ref = '324.1824.00.1'
20241213@184936.8006 u4v01mgkd5dfe1ac96jltmru3f Query : select top 1 bistamp valor from bi inner join bo on bo.bostamp=bi.bostamp where bo.ndos =240 and bo.boano =2085 and bo.obrano = 2408584 and bi.ref ='324.1824.00.1' and bi.lordem =8
20241213@184936.8300 u4v01mgkd5dfe1ac96jltmru3f Query : select top 1 isnull(design,'') valor from st (nolock) left join stobs (nolock) on st.ref = stobs.ref where st.ref = '324.1824.00.1'
20241213@184936.8352 u4v01mgkd5dfe1ac96jltmru3f Query : select top 1 bistamp valor from bi inner join bo on bo.bostamp=bi.bostamp where bo.ndos =240 and bo.boano =2085 and bo.obrano = 2408584 and bi.ref ='324.1824.00.1' and bi.lordem =8
20241213@184936.8371 u4v01mgkd5dfe1ac96jltmru3f Query : select top 1 isnull(design,'') valor from st (nolock) left join stobs (nolock) on st.ref = stobs.ref where st.ref = '324.4964.00.1'
20241213@184936.8392 u4v01mgkd5dfe1ac96jltmru3f Query : select top 1 bistamp valor from bi inner join bo on bo.bostamp=bi.bostamp where bo.ndos =240 and bo.boano =2085 and bo.obrano = 2408584 and bi.ref ='324.4964.00.1' and bi.lordem =9
20241213@184936.8701 u4v01mgkd5dfe1ac96jltmru3f Query : select top 1 isnull(design,'') valor from st (nolock) left join stobs (nolock) on st.ref = stobs.ref where st.ref = '324.727.00.01'
20241213@184936.8822 u4v01mgkd5dfe1ac96jltmru3f Query : select top 1 bistamp valor from bi inner join bo on bo.bostamp=bi.bostamp where bo.ndos =240 and bo.boano =2085 and bo.obrano = 2408584 and bi.ref ='324.727.00.01' and bi.lordem =10
20241213@184936.9141 u4v01mgkd5dfe1ac96jltmru3f Query : select top 1 isnull(design,'') valor from st (nolock) left join stobs (nolock) on st.ref = stobs.ref where st.ref = '324.711.00.01'
20241213@184936.9260 u4v01mgkd5dfe1ac96jltmru3f Query : select top 1 bistamp valor from bi inner join bo on bo.bostamp=bi.bostamp where bo.ndos =240 and bo.boano =2085 and bo.obrano = 2408584 and bi.ref ='324.711.00.01' and bi.lordem =11
20241213@184936.9568 u4v01mgkd5dfe1ac96jltmru3f Query : select top 1 isnull(design,'') valor from st (nolock) left join stobs (nolock) on st.ref = stobs.ref where st.ref = '324.1462.00.1'
20241213@184936.9682 u4v01mgkd5dfe1ac96jltmru3f Query : select top 1 bistamp valor from bi inner join bo on bo.bostamp=bi.bostamp where bo.ndos =240 and bo.boano =2085 and bo.obrano = 2408584 and bi.ref ='324.1462.00.1' and bi.lordem =12
20241213@184936.9971 u4v01mgkd5dfe1ac96jltmru3f Query : select top 1 isnull(design,'') valor from st (nolock) left join stobs (nolock) on st.ref = stobs.ref where st.ref = '324.1684.00.1'
20241213@184937.8200 u4v01mgkd5dfe1ac96jltmru3f Query : select top 1 bistamp valor from bi inner join bo on bo.bostamp=bi.bostamp where bo.ndos =240 and bo.boano =2085 and bo.obrano = 2408584 and bi.ref ='324.1684.00.1' and bi.lordem =13
20241213@184937.3940 u4v01mgkd5dfe1ac96jltmru3f Query : use flama_phc
20241213@184937.3980 u4v01mgkd5dfe1ac96jltmru3f Query : select top 1 convert(date,fdata) valor from ft where ndoc = 39 and anulado= 0 and fno>0 order by fdata desc
20241213@184937.4330 u4v01mgkd5dfe1ac96jltmru3f Query : use flama_phc
20241213@184937.4360 u4v01mgkd5dfe1ac96jltmru3f Query : select top 1 1 valor from td where td.ndoc = 39
20241213@184937.4660 u4v01mgkd5dfe1ac96jltmru3f Query : use flama_phc
20241213@184937.4700 u4v01mgkd5dfe1ac96jltmru3f Query : select lower(descricao) descricao ,case when valor='s' then 1 else 0 end valor from para1 where descricao in ('st_lote','st_usalogifunc', 'st_grelha')
20241213@184937.8120 u4v01mgkd5dfe1ac96jltmru3f Query : select top 1 manternumero ,assinadoc issigned ,tiposaft ,assinaimp ,nmdos ,td.assinadoc ,'cl' origin ,lancasl stocks ,case when cmsl<50 and td.lancasl=1 then 1 else 0 end entrada ,case when cmsl>50 and td.lancasl=1 then 1 else 0 end saida ,temserie assets ,~semgre usegridfields from td inner join td2 on td.tdstamp=td2.td2stamp where td.ndoc = 1
20241213@184937.8700 u4v01mgkd5dfe1ac96jltmru3f Query : use flama_phc
20241213@184937.8740 u4v01mgkd5dfe1ac96jltmru3f Query : select top 1 ~inactivo valor from cl where no = '200500' and estab = 0 order by inactivo desc
20241213@184937.9920 u4v01mgkd5dfe1ac96jltmru3f Query : use flama_phc
20241213@184937.9950 u4v01mgkd5dfe1ac96jltmru3f Query : select top 1 tipodoc,regrd from td where ndoc = 39
20241213@184937.1026 u4v01mgkd5dfe1ac96jltmru3f Query : use flama_phc
20241213@184937.1029 u4v01mgkd5dfe1ac96jltmru3f Query : select szadrsstamp valor from szadrs where szadrsdesc='espaÇotrans,lda'
20241213@184937.1072 u4v01mgkd5dfe1ac96jltmru3f Query : use flama_phc
20241213@184937.1075 u4v01mgkd5dfe1ac96jltmru3f Query : select szadrsstamp valor from szadrs where szadrsdesc='iiruñadis sl'
20241213@184937.1360 u4v01mgkd5dfe1ac96jltmru3f Query : use flama_phc
20241213@184937.1388 u4v01mgkd5dfe1ac96jltmru3f Query : select 1 valor from td where ndoc = 39
20241213@184937.1626 u4v01mgkd5dfe1ac96jltmru3f Query : select top 1 manternumero, tiposaft, nmdos,td.assinadoc from td where td.ndoc = 39
20241213@184937.1668 u4v01mgkd5dfe1ac96jltmru3f Query : select 1 valor from information_schema.tables where table_type='base table' and table_name='wstablefields'
20241213@184937.1686 u4v01mgkd5dfe1ac96jltmru3f Query : select fieldkey,fieldname,fieldtype,mandatory from wstablefields where tablename = 'ft' and documentnumber = 39
20241213@184937.1766 u4v01mgkd5dfe1ac96jltmru3f Query : select 1 valor from information_schema.tables where table_type='base table' and table_name='wstablefields'
20241213@184937.1782 u4v01mgkd5dfe1ac96jltmru3f Query : select fieldkey,fieldname,fieldtype,mandatory from wstablefields where tablename = 'ft2' and documentnumber = 39
20241213@184937.3242 u4v01mgkd5dfe1ac96jltmru3f Query : select 1 valor from information_schema.tables where table_type='base table' and table_name='wstablefields'
20241213@184937.3266 u4v01mgkd5dfe1ac96jltmru3f Query : select fieldkey,fieldname,fieldtype,mandatory from wstablefields where tablename = 'ft3' and documentnumber = 39
20241213@184937.3279 u4v01mgkd5dfe1ac96jltmru3f Query : select top 1 ft.fno valor from ft ft where ft.ndoc = 39 and ftano=2024 order by fno desc
20241213@184937.3335 u4v01mgkd5dfe1ac96jltmru3f Query : select top 1 ft.fno valor from wsftdata ft where ft.ndoc = 39 and ftano=2024 order by fno desc
20241213@184937.3349 u4v01mgkd5dfe1ac96jltmru3f Query : select 1 valor from information_schema.tables where table_type='base table' and table_name='wstablefields'
20241213@184937.3365 u4v01mgkd5dfe1ac96jltmru3f Query : select fieldkey,fieldname,fieldtype,calcformula from wstablefields where tablename = 'ft3' and documentnumber = 39
20241213@184937.3381 u4v01mgkd5dfe1ac96jltmru3f Query : insert into wsft3data (ft3stamp, ousrdata, ousrhora, usrdata,usrhora,ousrinis,usrinis,taxpointdt ) values ('aut675c882882675c81c150' ,getdate(),convert(char(8),convert (time,getdate())),getdate(),convert(char(8),convert (time,getdate())),'wsv','wsv',?)
20241213@184937.3544 u4v01mgkd5dfe1ac96jltmru3f Query : select 1 valor from information_schema.tables where table_type='base table' and table_name='wstablefields'
20241213@184937.3560 u4v01mgkd5dfe1ac96jltmru3f Query : select fieldkey,fieldname,fieldtype,calcformula from wstablefields where tablename = 'ft2' and documentnumber = 39
20241213@184937.3592 u4v01mgkd5dfe1ac96jltmru3f Query : select top 1 bo.u_nomeenv valor from bo where bo.bostamp=''
20241213@184937.3604 u4v01mgkd5dfe1ac96jltmru3f Query : select top 1 bo.u_moradaen valor from bo where bo.bostamp=''
20241213@184937.3615 u4v01mgkd5dfe1ac96jltmru3f Query : select top 1 bo.u_codposen valor from bo where bo.bostamp=''
20241213@184937.3627 u4v01mgkd5dfe1ac96jltmru3f Query : select top 1 bo.u_localenv valor from bo where bo.bostamp=''
20241213@184937.3638 u4v01mgkd5dfe1ac96jltmru3f Query : select top 1 bo.trab5 valor from bo where bo.bostamp=''
20241213@184937.3649 u4v01mgkd5dfe1ac96jltmru3f Query : select top 1 bo.serie valor from bo where bo.bostamp=''
20241213@184937.3660 u4v01mgkd5dfe1ac96jltmru3f Query : insert into wsft2data (ft2stamp, ousrdata,ousrhora, usrdata,usrhora,ousrinis,usrinis,u_nomeenv ,u_moradaen ,u_codposen ,u_localenv ,u_coddest ,u_codby ) values ('aut675c882882675c81c150',getdate(),convert(char(8),convert (time,getdate())),getdate(),convert(char(8),convert (time,getdate())),'wsv','wsv',?,?,?,?,?,?)
20241213@184937.3964 u4v01mgkd5dfe1ac96jltmru3f Query : select top 1 fno valor from wsftdata order by fno desc
20241213@184937.3997 u4v01mgkd5dfe1ac96jltmru3f Query : select 1 valor from information_schema.tables where table_type='base table' and table_name='wstablefields'
20241213@184937.4015 u4v01mgkd5dfe1ac96jltmru3f Query : select fieldkey,fieldname,fieldtype,calcformula from wstablefields where tablename = 'ft' and documentnumber = 39
20241213@184937.4042 u4v01mgkd5dfe1ac96jltmru3f Query : select 'normal' from dummy
20241213@184937.4056 u4v01mgkd5dfe1ac96jltmru3f Query : insert into wsftdata (ftstamp, ousrdata,ousrhora, usrdata,usrhora,ousrinis,usrinis,fno,no,estab,fdata,ndoc,moeda,cambio,cambiofixo,ftano,site ,classe ) values ('aut675c882882675c81c150',getdate(),convert(char(8),convert (time,getdate())),getdate(),convert(char(8),convert (time,getdate())),'wsv','wsv',2456,200500,0,'2024-12-13',39,'euro',0,0,2024 ,?,?)
20241213@184937.4349 u4v01mgkd5dfe1ac96jltmru3f Query : use flama_phc
20241213@184937.4352 u4v01mgkd5dfe1ac96jltmru3f Query : select st.usalote valor from st where st.ref = '324.1871.00.1'
20241213@184937.4374 u4v01mgkd5dfe1ac96jltmru3f Query : select top 1 st.tabiva ,st.ivaincl ,st.stns ,st.uni2 ,st.familia ,isnull(tx.taxa, 0) txiva ,unidade ,usalote ,epcpond ,noserie ,conversao ,st.texteis from st left join taxasiva tx on st.tabiva = tx.codigo where st.ref = '324.1871.00.1'
20241213@184937.4500 u4v01mgkd5dfe1ac96jltmru3f Query : select 1 valor from information_schema.tables where table_type='base table' and table_name='wstablefields'
20241213@184937.4517 u4v01mgkd5dfe1ac96jltmru3f Query : select fieldkey,fieldname,fieldtype,mandatory from wstablefields where tablename = 'fi' and documentnumber = 39
20241213@184937.4543 u4v01mgkd5dfe1ac96jltmru3f Query : select 1 valor from information_schema.tables where table_type='base table' and table_name='wstablefields'
20241213@184937.4557 u4v01mgkd5dfe1ac96jltmru3f Query : select fieldkey,fieldname,fieldtype,mandatory from wstablefields where tablename = 'fi2' and documentnumber = 39
20241213@184937.4566 u4v01mgkd5dfe1ac96jltmru3f Query : select top 1 convert(numeric(6,2),t.taxa) valor from taxasiva t where t.codigo='2'
20241213@184937.4577 u4v01mgkd5dfe1ac96jltmru3f Query : select sestamp valor from se where ref ='324.1871.00.1' and lote = 'r2400437200a'
20241213@184937.4591 u4v01mgkd5dfe1ac96jltmru3f Query : select 1 valor from information_schema.tables where table_type='base table' and table_name='wstablefields'
20241213@184937.4606 u4v01mgkd5dfe1ac96jltmru3f Query : select fieldkey,fieldname,fieldtype,calcformula from wstablefields where tablename = 'fi2' and documentnumber = 39
20241213@184937.4618 u4v01mgkd5dfe1ac96jltmru3f Query : insert into wsfi2data (fi2stamp,ftstamp ,ousrdata, ousrhora, usrdata,usrhora,ousrinis,usrinis) values ('aut675c818409675c81c170','aut675c882882675c81c150' ,getdate(),convert(char(8),convert (time,getdate())),getdate(),convert(char(8),convert (time,getdate())),'wsv','wsv')
20241213@184937.4622 u4v01mgkd5dfe1ac96jltmru3f Query : select 1 valor from information_schema.tables where table_type='base table' and table_name='wstablefields'
20241213@184937.4640 u4v01mgkd5dfe1ac96jltmru3f Query : select fieldkey,fieldname,fieldtype,calcformula from wstablefields where tablename = 'fi' and documentnumber = 39
20241213@184937.4666 u4v01mgkd5dfe1ac96jltmru3f Query : insert into wsfidata (fistamp,ousrdata, ousrhora, usrdata,usrhora,ousrinis,usrinis ,qtt ,ftstamp ,epv,pvmoeda ,tabiva,iva,lordem ,ref, design ,lote,armazem,bistamp ) values ('aut675c818409675c81c170',getdate(),convert(char(8),convert (time,getdate())),getdate(),convert(char(8),convert (time,getdate())),'wsv','wsv',4.000 ,'aut675c882882675c81c150' ,0,0 ,2,23.00,10000,?,?,?,?,?)
20241213@184937.4888 u4v01mgkd5dfe1ac96jltmru3f Query : use flama_phc
20241213@184937.4891 u4v01mgkd5dfe1ac96jltmru3f Query : select st.usalote valor from st where st.ref = '324.1862.00.1'
20241213@184937.4912 u4v01mgkd5dfe1ac96jltmru3f Query : select top 1 st.tabiva ,st.ivaincl ,st.stns ,st.uni2 ,st.familia ,isnull(tx.taxa, 0) txiva ,unidade ,usalote ,epcpond ,noserie ,conversao ,st.texteis from st left join taxasiva tx on st.tabiva = tx.codigo where st.ref = '324.1862.00.1'
20241213@184937.5037 u4v01mgkd5dfe1ac96jltmru3f Query : select 1 valor from information_schema.tables where table_type='base table' and table_name='wstablefields'
20241213@184937.5052 u4v01mgkd5dfe1ac96jltmru3f Query : select fieldkey,fieldname,fieldtype,mandatory from wstablefields where tablename = 'fi' and documentnumber = 39
20241213@184937.5077 u4v01mgkd5dfe1ac96jltmru3f Query : select 1 valor from information_schema.tables where table_type='base table' and table_name='wstablefields'
20241213@184937.5091 u4v01mgkd5dfe1ac96jltmru3f Query : select fieldkey,fieldname,fieldtype,mandatory from wstablefields where tablename = 'fi2' and documentnumber = 39
20241213@184937.5099 u4v01mgkd5dfe1ac96jltmru3f Query : select top 1 convert(numeric(6,2),t.taxa) valor from taxasiva t where t.codigo='2'
20241213@184937.5110 u4v01mgkd5dfe1ac96jltmru3f Query : select sestamp valor from se where ref ='324.1862.00.1' and lote = 'r2400440200a'
20241213@184937.5124 u4v01mgkd5dfe1ac96jltmru3f Query : select 1 valor from information_schema.tables where table_type='base table' and table_name='wstablefields'
20241213@184937.5138 u4v01mgkd5dfe1ac96jltmru3f Query : select fieldkey,fieldname,fieldtype,calcformula from wstablefields where tablename = 'fi2' and documentnumber = 39
20241213@184937.5149 u4v01mgkd5dfe1ac96jltmru3f Query : insert into wsfi2data (fi2stamp,ftstamp ,ousrdata, ousrhora, usrdata,usrhora,ousrinis,usrinis) values ('aut675c898049675c81c17d','aut675c882882675c81c150' ,getdate(),convert(char(8),convert (time,getdate())),getdate(),convert(char(8),convert (time,getdate())),'wsv','wsv')
20241213@184937.5153 u4v01mgkd5dfe1ac96jltmru3f Query : select 1 valor from information_schema.tables where table_type='base table' and table_name='wstablefields'
20241213@184937.5168 u4v01mgkd5dfe1ac96jltmru3f Query : select fieldkey,fieldname,fieldtype,calcformula from wstablefields where tablename = 'fi' and documentnumber = 39
20241213@184937.5194 u4v01mgkd5dfe1ac96jltmru3f Query : insert into wsfidata (fistamp,ousrdata, ousrhora, usrdata,usrhora,ousrinis,usrinis ,qtt ,ftstamp ,epv,pvmoeda ,tabiva,iva,lordem ,ref, design ,lote,armazem,bistamp ) values ('aut675c898049675c81c17d',getdate(),convert(char(8),convert (time,getdate())),getdate(),convert(char(8),convert (time,getdate())),'wsv','wsv',4.000 ,'aut675c882882675c81c150' ,0,0 ,2,23.00,20000,?,?,?,?,?)
20241213@184937.5418 u4v01mgkd5dfe1ac96jltmru3f Query : use flama_phc
20241213@184937.5422 u4v01mgkd5dfe1ac96jltmru3f Query : select st.usalote valor from st where st.ref = '324.1833.00.2'
20241213@184937.5443 u4v01mgkd5dfe1ac96jltmru3f Query : select top 1 st.tabiva ,st.ivaincl ,st.stns ,st.uni2 ,st.familia ,isnull(tx.taxa, 0) txiva ,unidade ,usalote ,epcpond ,noserie ,conversao ,st.texteis from st left join taxasiva tx on st.tabiva = tx.codigo where st.ref = '324.1833.00.2'
20241213@184937.5577 u4v01mgkd5dfe1ac96jltmru3f Query : select 1 valor from information_schema.tables where table_type='base table' and table_name='wstablefields'
20241213@184937.5594 u4v01mgkd5dfe1ac96jltmru3f Query : select fieldkey,fieldname,fieldtype,mandatory from wstablefields where tablename = 'fi' and documentnumber = 39
20241213@184937.5619 u4v01mgkd5dfe1ac96jltmru3f Query : select 1 valor from information_schema.tables where table_type='base table' and table_name='wstablefields'
20241213@184937.5865 u4v01mgkd5dfe1ac96jltmru3f Query : select fieldkey,fieldname,fieldtype,mandatory from wstablefields where tablename = 'fi2' and documentnumber = 39
20241213@184937.5883 u4v01mgkd5dfe1ac96jltmru3f Query : select top 1 convert(numeric(6,2),t.taxa) valor from taxasiva t where t.codigo='2'
20241213@184937.5897 u4v01mgkd5dfe1ac96jltmru3f Query : select sestamp valor from se where ref ='324.1833.00.2' and lote = 'r2301257100a'
20241213@184937.5950 u4v01mgkd5dfe1ac96jltmru3f Query : select 1 valor from information_schema.tables where table_type='base table' and table_name='wstablefields'
20241213@184937.5968 u4v01mgkd5dfe1ac96jltmru3f Query : select fieldkey,fieldname,fieldtype,calcformula from wstablefields where tablename = 'fi2' and documentnumber = 39
20241213@184937.5980 u4v01mgkd5dfe1ac96jltmru3f Query : insert into wsfi2data (fi2stamp,ftstamp ,ousrdata, ousrhora, usrdata,usrhora,ousrinis,usrinis) values ('aut675c802094675c81c191','aut675c882882675c81c150' ,getdate(),convert(char(8),convert (time,getdate())),getdate(),convert(char(8),convert (time,getdate())),'wsv','wsv')
20241213@184937.5984 u4v01mgkd5dfe1ac96jltmru3f Query : select 1 valor from information_schema.tables where table_type='base table' and table_name='wstablefields'
20241213@184937.5999 u4v01mgkd5dfe1ac96jltmru3f Query : select fieldkey,fieldname,fieldtype,calcformula from wstablefields where tablename = 'fi' and documentnumber = 39
20241213@184937.6027 u4v01mgkd5dfe1ac96jltmru3f Query : insert into wsfidata (fistamp,ousrdata, ousrhora, usrdata,usrhora,ousrinis,usrinis ,qtt ,ftstamp ,epv,pvmoeda ,tabiva,iva,lordem ,ref, design ,lote,armazem,bistamp ) values ('aut675c802094675c81c191',getdate(),convert(char(8),convert (time,getdate())),getdate(),convert(char(8),convert (time,getdate())),'wsv','wsv',5.000 ,'aut675c882882675c81c150' ,0,0 ,2,23.00,30000,?,?,?,?,?)
20241213@184937.6288 u4v01mgkd5dfe1ac96jltmru3f Query : use flama_phc
20241213@184937.6292 u4v01mgkd5dfe1ac96jltmru3f Query : select st.usalote valor from st where st.ref = '324.1832.00.2'
20241213@184937.6313 u4v01mgkd5dfe1ac96jltmru3f Query : select top 1 st.tabiva ,st.ivaincl ,st.stns ,st.uni2 ,st.familia ,isnull(tx.taxa, 0) txiva ,unidade ,usalote ,epcpond ,noserie ,conversao ,st.texteis from st left join taxasiva tx on st.tabiva = tx.codigo where st.ref = '324.1832.00.2'
20241213@184937.6442 u4v01mgkd5dfe1ac96jltmru3f Query : select 1 valor from information_schema.tables where table_type='base table' and table_name='wstablefields'
20241213@184937.6458 u4v01mgkd5dfe1ac96jltmru3f Query : select fieldkey,fieldname,fieldtype,mandatory from wstablefields where tablename = 'fi' and documentnumber = 39
20241213@184937.6484 u4v01mgkd5dfe1ac96jltmru3f Query : select 1 valor from information_schema.tables where table_type='base table' and table_name='wstablefields'
20241213@184937.6500 u4v01mgkd5dfe1ac96jltmru3f Query : select fieldkey,fieldname,fieldtype,mandatory from wstablefields where tablename = 'fi2' and documentnumber = 39
20241213@184937.6510 u4v01mgkd5dfe1ac96jltmru3f Query : select top 1 convert(numeric(6,2),t.taxa) valor from taxasiva t where t.codigo='2'
20241213@184937.6524 u4v01mgkd5dfe1ac96jltmru3f Query : select sestamp valor from se where ref ='324.1832.00.2' and lote = 'r2301257100a'
20241213@184937.6538 u4v01mgkd5dfe1ac96jltmru3f Query : select 1 valor from information_schema.tables where table_type='base table' and table_name='wstablefields'
20241213@184937.6552 u4v01mgkd5dfe1ac96jltmru3f Query : select fieldkey,fieldname,fieldtype,calcformula from wstablefields where tablename = 'fi2' and documentnumber = 39
20241213@184937.6564 u4v01mgkd5dfe1ac96jltmru3f Query : insert into wsfi2data (fi2stamp,ftstamp ,ousrdata, ousrhora, usrdata,usrhora,ousrinis,usrinis) values ('aut675c871663675c81c19f','aut675c882882675c81c150' ,getdate(),convert(char(8),convert (time,getdate())),getdate(),convert(char(8),convert (time,getdate())),'wsv','wsv')
20241213@184937.6568 u4v01mgkd5dfe1ac96jltmru3f Query : select 1 valor from information_schema.tables where table_type='base table' and table_name='wstablefields'
20241213@184937.6583 u4v01mgkd5dfe1ac96jltmru3f Query : select fieldkey,fieldname,fieldtype,calcformula from wstablefields where tablename = 'fi' and documentnumber = 39
20241213@184937.6610 u4v01mgkd5dfe1ac96jltmru3f Query : insert into wsfidata (fistamp,ousrdata, ousrhora, usrdata,usrhora,ousrinis,usrinis ,qtt ,ftstamp ,epv,pvmoeda ,tabiva,iva,lordem ,ref, design ,lote,armazem,bistamp ) values ('aut675c871663675c81c19f',getdate(),convert(char(8),convert (time,getdate())),getdate(),convert(char(8),convert (time,getdate())),'wsv','wsv',1.000 ,'aut675c882882675c81c150' ,0,0 ,2,23.00,40000,?,?,?,?,?)
20241213@184937.6840 u4v01mgkd5dfe1ac96jltmru3f Query : select 1 valor from information_schema.tables where table_type='base table' and table_name='wstablefields'
20241213@184937.6856 u4v01mgkd5dfe1ac96jltmru3f Query : select fieldkey,fieldname,fieldtype,mandatory from wstablefields where tablename = 'fi' and documentnumber = 39
20241213@184937.6884 u4v01mgkd5dfe1ac96jltmru3f Query : select 1 valor from information_schema.tables where table_type='base table' and table_name='wstablefields'
20241213@184937.6900 u4v01mgkd5dfe1ac96jltmru3f Query : select fieldkey,fieldname,fieldtype,mandatory from wstablefields where tablename = 'fi2' and documentnumber = 39
20241213@184937.6909 u4v01mgkd5dfe1ac96jltmru3f Query : select top 1 convert(numeric(6,2),t.taxa) valor from taxasiva t where t.codigo='2'
20241213@184937.6923 u4v01mgkd5dfe1ac96jltmru3f Query : select 1 valor from information_schema.tables where table_type='base table' and table_name='wstablefields'
20241213@184937.6939 u4v01mgkd5dfe1ac96jltmru3f Query : select fieldkey,fieldname,fieldtype,calcformula from wstablefields where tablename = 'fi2' and documentnumber = 39
20241213@184937.6952 u4v01mgkd5dfe1ac96jltmru3f Query : insert into wsfi2data (fi2stamp,ftstamp ,ousrdata, ousrhora, usrdata,usrhora,ousrinis,usrinis) values ('aut675c871208675c81c1a9','aut675c882882675c81c150' ,getdate(),convert(char(8),convert (time,getdate())),getdate(),convert(char(8),convert (time,getdate())),'wsv','wsv')
20241213@184937.6957 u4v01mgkd5dfe1ac96jltmru3f Query : select 1 valor from information_schema.tables where table_type='base table' and table_name='wstablefields'
20241213@184937.6971 u4v01mgkd5dfe1ac96jltmru3f Query : select fieldkey,fieldname,fieldtype,calcformula from wstablefields where tablename = 'fi' and documentnumber = 39
20241213@184937.7000 u4v01mgkd5dfe1ac96jltmru3f Query : insert into wsfidata (fistamp,ousrdata, ousrhora, usrdata,usrhora,ousrinis,usrinis ,qtt ,ftstamp ,epv,pvmoeda ,tabiva,iva,lordem ,ref, design ,armazem) values ('aut675c871208675c81c1a9',getdate(),convert(char(8),convert (time,getdate())),getdate(),convert(char(8),convert (time,getdate())),'wsv','wsv',0 ,'aut675c882882675c81c150' ,0,0 ,2,23.00,50000,?,?,?)
20241213@184937.7234 u4v01mgkd5dfe1ac96jltmru3f Query : use flama_phc
20241213@184937.7238 u4v01mgkd5dfe1ac96jltmru3f Query : select st.usalote valor from st where st.ref = '324.1832.00.2'
20241213@184937.7260 u4v01mgkd5dfe1ac96jltmru3f Query : select top 1 st.tabiva ,st.ivaincl ,st.stns ,st.uni2 ,st.familia ,isnull(tx.taxa, 0) txiva ,unidade ,usalote ,epcpond ,noserie ,conversao ,st.texteis from st left join taxasiva tx on st.tabiva = tx.codigo where st.ref = '324.1832.00.2'
20241213@184937.7274 u4v01mgkd5dfe1ac96jltmru3f Query : select 1 valor from information_schema.tables where table_type='base table' and table_name='wstablefields'
20241213@184937.7291 u4v01mgkd5dfe1ac96jltmru3f Query : select fieldkey,fieldname,fieldtype,mandatory from wstablefields where tablename = 'fi' and documentnumber = 39
20241213@184937.7317 u4v01mgkd5dfe1ac96jltmru3f Query : select 1 valor from information_schema.tables where table_type='base table' and table_name='wstablefields'
20241213@184937.7333 u4v01mgkd5dfe1ac96jltmru3f Query : select fieldkey,fieldname,fieldtype,mandatory from wstablefields where tablename = 'fi2' and documentnumber = 39
20241213@184937.7341 u4v01mgkd5dfe1ac96jltmru3f Query : select top 1 convert(numeric(6,2),t.taxa) valor from taxasiva t where t.codigo='2'
20241213@184937.7353 u4v01mgkd5dfe1ac96jltmru3f Query : select sestamp valor from se where ref ='324.1832.00.2' and lote = 'r2301257100a'
20241213@184937.7366 u4v01mgkd5dfe1ac96jltmru3f Query : select 1 valor from information_schema.tables where table_type='base table' and table_name='wstablefields'
20241213@184937.7380 u4v01mgkd5dfe1ac96jltmru3f Query : select fieldkey,fieldname,fieldtype,calcformula from wstablefields where tablename = 'fi2' and documentnumber = 39
20241213@184937.7392 u4v01mgkd5dfe1ac96jltmru3f Query : insert into wsfi2data (fi2stamp,ftstamp ,ousrdata, ousrhora, usrdata,usrhora,ousrinis,usrinis) values ('aut675c811542675c81c1b3','aut675c882882675c81c150' ,getdate(),convert(char(8),convert (time,getdate())),getdate(),convert(char(8),convert (time,getdate())),'wsv','wsv')
20241213@184937.7396 u4v01mgkd5dfe1ac96jltmru3f Query : select 1 valor from information_schema.tables where table_type='base table' and table_name='wstablefields'
20241213@184937.7410 u4v01mgkd5dfe1ac96jltmru3f Query : select fieldkey,fieldname,fieldtype,calcformula from wstablefields where tablename = 'fi' and documentnumber = 39
20241213@184937.7439 u4v01mgkd5dfe1ac96jltmru3f Query : insert into wsfidata (fistamp,ousrdata, ousrhora, usrdata,usrhora,ousrinis,usrinis ,qtt ,ftstamp ,epv,pvmoeda ,tabiva,iva,lordem ,ref, design ,lote,armazem,bistamp ) values ('aut675c811542675c81c1b3',getdate(),convert(char(8),convert (time,getdate())),getdate(),convert(char(8),convert (time,getdate())),'wsv','wsv',1.000 ,'aut675c882882675c81c150' ,0,0 ,2,23.00,70000,?,?,?,?,?)
20241213@184937.7659 u4v01mgkd5dfe1ac96jltmru3f Query : select 1 valor from information_schema.tables where table_type='base table' and table_name='wstablefields'
20241213@184937.7674 u4v01mgkd5dfe1ac96jltmru3f Query : select fieldkey,fieldname,fieldtype,mandatory from wstablefields where tablename = 'fi' and documentnumber = 39
20241213@184937.7700 u4v01mgkd5dfe1ac96jltmru3f Query : select 1 valor from information_schema.tables where table_type='base table' and table_name='wstablefields'
20241213@184937.7715 u4v01mgkd5dfe1ac96jltmru3f Query : select fieldkey,fieldname,fieldtype,mandatory from wstablefields where tablename = 'fi2' and documentnumber = 39
20241213@184937.7724 u4v01mgkd5dfe1ac96jltmru3f Query : select top 1 convert(numeric(6,2),t.taxa) valor from taxasiva t where t.codigo='2'
20241213@184937.7737 u4v01mgkd5dfe1ac96jltmru3f Query : select 1 valor from information_schema.tables where table_type='base table' and table_name='wstablefields'
20241213@184937.7754 u4v01mgkd5dfe1ac96jltmru3f Query : select fieldkey,fieldname,fieldtype,calcformula from wstablefields where tablename = 'fi2' and documentnumber = 39
20241213@184937.7765 u4v01mgkd5dfe1ac96jltmru3f Query : insert into wsfi2data (fi2stamp,ftstamp ,ousrdata, ousrhora, usrdata,usrhora,ousrinis,usrinis) values ('aut675c884063675c81c1bc','aut675c882882675c81c150' ,getdate(),convert(char(8),convert (time,getdate())),getdate(),convert(char(8),convert (time,getdate())),'wsv','wsv')
20241213@184937.7769 u4v01mgkd5dfe1ac96jltmru3f Query : select 1 valor from information_schema.tables where table_type='base table' and table_name='wstablefields'
20241213@184937.7786 u4v01mgkd5dfe1ac96jltmru3f Query : select fieldkey,fieldname,fieldtype,calcformula from wstablefields where tablename = 'fi' and documentnumber = 39
20241213@184937.7816 u4v01mgkd5dfe1ac96jltmru3f Query : insert into wsfidata (fistamp,ousrdata, ousrhora, usrdata,usrhora,ousrinis,usrinis ,qtt ,ftstamp ,epv,pvmoeda ,tabiva,iva,lordem ,ref, design ,armazem) values ('aut675c884063675c81c1bc',getdate(),convert(char(8),convert (time,getdate())),getdate(),convert(char(8),convert (time,getdate())),'wsv','wsv',0 ,'aut675c882882675c81c150' ,0,0 ,2,23.00,80000,?,?,?)
20241213@184937.8031 u4v01mgkd5dfe1ac96jltmru3f Query : use flama_phc
20241213@184937.8037 u4v01mgkd5dfe1ac96jltmru3f Query : select st.usalote valor from st where st.ref = '324.1831.00.2'
20241213@184937.8059 u4v01mgkd5dfe1ac96jltmru3f Query : select top 1 st.tabiva ,st.ivaincl ,st.stns ,st.uni2 ,st.familia ,isnull(tx.taxa, 0) txiva ,unidade ,usalote ,epcpond ,noserie ,conversao ,st.texteis from st left join taxasiva tx on st.tabiva = tx.codigo where st.ref = '324.1831.00.2'
20241213@184937.8253 u4v01mgkd5dfe1ac96jltmru3f Query : select 1 valor from information_schema.tables where table_type='base table' and table_name='wstablefields'
20241213@184937.8269 u4v01mgkd5dfe1ac96jltmru3f Query : select fieldkey,fieldname,fieldtype,mandatory from wstablefields where tablename = 'fi' and documentnumber = 39
20241213@184937.8295 u4v01mgkd5dfe1ac96jltmru3f Query : select 1 valor from information_schema.tables where table_type='base table' and table_name='wstablefields'
20241213@184937.8309 u4v01mgkd5dfe1ac96jltmru3f Query : select fieldkey,fieldname,fieldtype,mandatory from wstablefields where tablename = 'fi2' and documentnumber = 39
20241213@184937.8318 u4v01mgkd5dfe1ac96jltmru3f Query : select top 1 convert(numeric(6,2),t.taxa) valor from taxasiva t where t.codigo='2'
20241213@184937.8331 u4v01mgkd5dfe1ac96jltmru3f Query : select sestamp valor from se where ref ='324.1831.00.2' and lote = 'r2400922200a'
20241213@184937.8345 u4v01mgkd5dfe1ac96jltmru3f Query : select 1 valor from information_schema.tables where table_type='base table' and table_name='wstablefields'
20241213@184937.8359 u4v01mgkd5dfe1ac96jltmru3f Query : select fieldkey,fieldname,fieldtype,calcformula from wstablefields where tablename = 'fi2' and documentnumber = 39
20241213@184937.8371 u4v01mgkd5dfe1ac96jltmru3f Query : insert into wsfi2data (fi2stamp,ftstamp ,ousrdata, ousrhora, usrdata,usrhora,ousrinis,usrinis) values ('aut675c878127675c81c1cb','aut675c882882675c81c150' ,getdate(),convert(char(8),convert (time,getdate())),getdate(),convert(char(8),convert (time,getdate())),'wsv','wsv')
20241213@184937.8375 u4v01mgkd5dfe1ac96jltmru3f Query : select 1 valor from information_schema.tables where table_type='base table' and table_name='wstablefields'
20241213@184937.8389 u4v01mgkd5dfe1ac96jltmru3f Query : select fieldkey,fieldname,fieldtype,calcformula from wstablefields where tablename = 'fi' and documentnumber = 39
20241213@184937.8418 u4v01mgkd5dfe1ac96jltmru3f Query : insert into wsfidata (fistamp,ousrdata, ousrhora, usrdata,usrhora,ousrinis,usrinis ,qtt ,ftstamp ,epv,pvmoeda ,tabiva,iva,lordem ,ref, design ,lote,armazem,bistamp ) values ('aut675c878127675c81c1cb',getdate(),convert(char(8),convert (time,getdate())),getdate(),convert(char(8),convert (time,getdate())),'wsv','wsv',2.000 ,'aut675c882882675c81c150' ,0,0 ,2,23.00,100000,?,?,?,?,?)
20241213@184937.8727 u4v01mgkd5dfe1ac96jltmru3f Query : select 1 valor from information_schema.tables where table_type='base table' and table_name='wstablefields'
20241213@184937.8745 u4v01mgkd5dfe1ac96jltmru3f Query : select fieldkey,fieldname,fieldtype,mandatory from wstablefields where tablename = 'fi' and documentnumber = 39
20241213@184937.8770 u4v01mgkd5dfe1ac96jltmru3f Query : select 1 valor from information_schema.tables where table_type='base table' and table_name='wstablefields'
20241213@184937.8786 u4v01mgkd5dfe1ac96jltmru3f Query : select fieldkey,fieldname,fieldtype,mandatory from wstablefields where tablename = 'fi2' and documentnumber = 39
20241213@184937.8794 u4v01mgkd5dfe1ac96jltmru3f Query : select top 1 convert(numeric(6,2),t.taxa) valor from taxasiva t where t.codigo='2'
20241213@184937.8806 u4v01mgkd5dfe1ac96jltmru3f Query : select 1 valor from information_schema.tables where table_type='base table' and table_name='wstablefields'
20241213@184937.8820 u4v01mgkd5dfe1ac96jltmru3f Query : select fieldkey,fieldname,fieldtype,calcformula from wstablefields where tablename = 'fi2' and documentnumber = 39
20241213@184937.8833 u4v01mgkd5dfe1ac96jltmru3f Query : insert into wsfi2data (fi2stamp,ftstamp ,ousrdata, ousrhora, usrdata,usrhora,ousrinis,usrinis) values ('aut675c823217675c81c1d7','aut675c882882675c81c150' ,getdate(),convert(char(8),convert (time,getdate())),getdate(),convert(char(8),convert (time,getdate())),'wsv','wsv')
20241213@184937.8837 u4v01mgkd5dfe1ac96jltmru3f Query : select 1 valor from information_schema.tables where table_type='base table' and table_name='wstablefields'
20241213@184937.8852 u4v01mgkd5dfe1ac96jltmru3f Query : select fieldkey,fieldname,fieldtype,calcformula from wstablefields where tablename = 'fi' and documentnumber = 39
20241213@184937.8884 u4v01mgkd5dfe1ac96jltmru3f Query : insert into wsfidata (fistamp,ousrdata, ousrhora, usrdata,usrhora,ousrinis,usrinis ,qtt ,ftstamp ,epv,pvmoeda ,tabiva,iva,lordem ,ref, design ,armazem) values ('aut675c823217675c81c1d7',getdate(),convert(char(8),convert (time,getdate())),getdate(),convert(char(8),convert (time,getdate())),'wsv','wsv',0 ,'aut675c882882675c81c150' ,0,0 ,2,23.00,110000,?,?,?)
20241213@184937.9118 u4v01mgkd5dfe1ac96jltmru3f Query : use flama_phc
20241213@184937.9122 u4v01mgkd5dfe1ac96jltmru3f Query : select st.usalote valor from st where st.ref = '324.1884.00.1'
20241213@184937.9144 u4v01mgkd5dfe1ac96jltmru3f Query : select top 1 st.tabiva ,st.ivaincl ,st.stns ,st.uni2 ,st.familia ,isnull(tx.taxa, 0) txiva ,unidade ,usalote ,epcpond ,noserie ,conversao ,st.texteis from st left join taxasiva tx on st.tabiva = tx.codigo where st.ref = '324.1884.00.1'
20241213@184937.9360 u4v01mgkd5dfe1ac96jltmru3f Query : select 1 valor from information_schema.tables where table_type='base table' and table_name='wstablefields'
20241213@184937.9377 u4v01mgkd5dfe1ac96jltmru3f Query : select fieldkey,fieldname,fieldtype,mandatory from wstablefields where tablename = 'fi' and documentnumber = 39
20241213@184937.9403 u4v01mgkd5dfe1ac96jltmru3f Query : select 1 valor from information_schema.tables where table_type='base table' and table_name='wstablefields'
20241213@184937.9430 u4v01mgkd5dfe1ac96jltmru3f Query : select fieldkey,fieldname,fieldtype,mandatory from wstablefields where tablename = 'fi2' and documentnumber = 39
20241213@184937.9439 u4v01mgkd5dfe1ac96jltmru3f Query : select top 1 convert(numeric(6,2),t.taxa) valor from taxasiva t where t.codigo='2'
20241213@184937.9452 u4v01mgkd5dfe1ac96jltmru3f Query : select sestamp valor from se where ref ='324.1884.00.1' and lote = 'r2301208100a'
20241213@184937.9479 u4v01mgkd5dfe1ac96jltmru3f Query : select 1 valor from information_schema.tables where table_type='base table' and table_name='wstablefields'
20241213@184937.9493 u4v01mgkd5dfe1ac96jltmru3f Query : select fieldkey,fieldname,fieldtype,calcformula from wstablefields where tablename = 'fi2' and documentnumber = 39
20241213@184937.9505 u4v01mgkd5dfe1ac96jltmru3f Query : insert into wsfi2data (fi2stamp,ftstamp ,ousrdata, ousrhora, usrdata,usrhora,ousrinis,usrinis) values ('aut675c825463675c81c1e7','aut675c882882675c81c150' ,getdate(),convert(char(8),convert (time,getdate())),getdate(),convert(char(8),convert (time,getdate())),'wsv','wsv')
20241213@184937.9509 u4v01mgkd5dfe1ac96jltmru3f Query : select 1 valor from information_schema.tables where table_type='base table' and table_name='wstablefields'
20241213@184937.9524 u4v01mgkd5dfe1ac96jltmru3f Query : select fieldkey,fieldname,fieldtype,calcformula from wstablefields where tablename = 'fi' and documentnumber = 39
20241213@184937.9553 u4v01mgkd5dfe1ac96jltmru3f Query : insert into wsfidata (fistamp,ousrdata, ousrhora, usrdata,usrhora,ousrinis,usrinis ,qtt ,ftstamp ,epv,pvmoeda ,tabiva,iva,lordem ,ref, design ,lote,armazem,bistamp ) values ('aut675c825463675c81c1e7',getdate(),convert(char(8),convert (time,getdate())),getdate(),convert(char(8),convert (time,getdate())),'wsv','wsv',10.000 ,'aut675c882882675c81c150' ,0,0 ,2,23.00,130000,?,?,?,?,?)
20241213@184937.9785 u4v01mgkd5dfe1ac96jltmru3f Query : select 1 valor from information_schema.tables where table_type='base table' and table_name='wstablefields'
20241213@184937.9801 u4v01mgkd5dfe1ac96jltmru3f Query : select fieldkey,fieldname,fieldtype,mandatory from wstablefields where tablename = 'fi' and documentnumber = 39
20241213@184937.9828 u4v01mgkd5dfe1ac96jltmru3f Query : select 1 valor from information_schema.tables where table_type='base table' and table_name='wstablefields'
20241213@184937.9842 u4v01mgkd5dfe1ac96jltmru3f Query : select fieldkey,fieldname,fieldtype,mandatory from wstablefields where tablename = 'fi2' and documentnumber = 39
20241213@184937.9851 u4v01mgkd5dfe1ac96jltmru3f Query : select top 1 convert(numeric(6,2),t.taxa) valor from taxasiva t where t.codigo='2'
20241213@184937.9863 u4v01mgkd5dfe1ac96jltmru3f Query : select 1 valor from information_schema.tables where table_type='base table' and table_name='wstablefields'
20241213@184937.9878 u4v01mgkd5dfe1ac96jltmru3f Query : select fieldkey,fieldname,fieldtype,calcformula from wstablefields where tablename = 'fi2' and documentnumber = 39
20241213@184937.9889 u4v01mgkd5dfe1ac96jltmru3f Query : insert into wsfi2data (fi2stamp,ftstamp ,ousrdata, ousrhora, usrdata,usrhora,ousrinis,usrinis) values ('aut675c875097675c81c1f0','aut675c882882675c81c150' ,getdate(),convert(char(8),convert (time,getdate())),getdate(),convert(char(8),convert (time,getdate())),'wsv','wsv')
20241213@184937.9894 u4v01mgkd5dfe1ac96jltmru3f Query : select 1 valor from information_schema.tables where table_type='base table' and table_name='wstablefields'
20241213@184937.9908 u4v01mgkd5dfe1ac96jltmru3f Query : select fieldkey,fieldname,fieldtype,calcformula from wstablefields where tablename = 'fi' and documentnumber = 39
20241213@184937.9936 u4v01mgkd5dfe1ac96jltmru3f Query : insert into wsfidata (fistamp,ousrdata, ousrhora, usrdata,usrhora,ousrinis,usrinis ,qtt ,ftstamp ,epv,pvmoeda ,tabiva,iva,lordem ,ref, design ,armazem) values ('aut675c875097675c81c1f0',getdate(),convert(char(8),convert (time,getdate())),getdate(),convert(char(8),convert (time,getdate())),'wsv','wsv',0 ,'aut675c882882675c81c150' ,0,0 ,2,23.00,140000,?,?,?)
20241213@184938.1660 u4v01mgkd5dfe1ac96jltmru3f Query : use flama_phc
20241213@184938.1690 u4v01mgkd5dfe1ac96jltmru3f Query : select st.usalote valor from st where st.ref = '324.1816.00.1'
20241213@184938.1940 u4v01mgkd5dfe1ac96jltmru3f Query : select top 1 st.tabiva ,st.ivaincl ,st.stns ,st.uni2 ,st.familia ,isnull(tx.taxa, 0) txiva ,unidade ,usalote ,epcpond ,noserie ,conversao ,st.texteis from st left join taxasiva tx on st.tabiva = tx.codigo where st.ref = '324.1816.00.1'
20241213@184938.3260 u4v01mgkd5dfe1ac96jltmru3f Query : select 1 valor from information_schema.tables where table_type='base table' and table_name='wstablefields'
20241213@184938.3440 u4v01mgkd5dfe1ac96jltmru3f Query : select fieldkey,fieldname,fieldtype,mandatory from wstablefields where tablename = 'fi' and documentnumber = 39
20241213@184938.3710 u4v01mgkd5dfe1ac96jltmru3f Query : select 1 valor from information_schema.tables where table_type='base table' and table_name='wstablefields'
20241213@184938.3870 u4v01mgkd5dfe1ac96jltmru3f Query : select fieldkey,fieldname,fieldtype,mandatory from wstablefields where tablename = 'fi2' and documentnumber = 39
20241213@184938.3950 u4v01mgkd5dfe1ac96jltmru3f Query : select top 1 convert(numeric(6,2),t.taxa) valor from taxasiva t where t.codigo='2'
20241213@184938.4080 u4v01mgkd5dfe1ac96jltmru3f Query : select sestamp valor from se where ref ='324.1816.00.1' and lote = 'r2400200200a'
20241213@184938.4290 u4v01mgkd5dfe1ac96jltmru3f Query : select 1 valor from information_schema.tables where table_type='base table' and table_name='wstablefields'
20241213@184938.4450 u4v01mgkd5dfe1ac96jltmru3f Query : select fieldkey,fieldname,fieldtype,calcformula from wstablefields where tablename = 'fi2' and documentnumber = 39
20241213@184938.4560 u4v01mgkd5dfe1ac96jltmru3f Query : insert into wsfi2data (fi2stamp,ftstamp ,ousrdata, ousrhora, usrdata,usrhora,ousrinis,usrinis) values ('aut675c872151675c81c20a','aut675c882882675c81c150' ,getdate(),convert(char(8),convert (time,getdate())),getdate(),convert(char(8),convert (time,getdate())),'wsv','wsv')
20241213@184938.4610 u4v01mgkd5dfe1ac96jltmru3f Query : select 1 valor from information_schema.tables where table_type='base table' and table_name='wstablefields'
20241213@184938.4760 u4v01mgkd5dfe1ac96jltmru3f Query : select fieldkey,fieldname,fieldtype,calcformula from wstablefields where tablename = 'fi' and documentnumber = 39
20241213@184938.5050 u4v01mgkd5dfe1ac96jltmru3f Query : insert into wsfidata (fistamp,ousrdata, ousrhora, usrdata,usrhora,ousrinis,usrinis ,qtt ,ftstamp ,epv,pvmoeda ,tabiva,iva,lordem ,ref, design ,lote,armazem,bistamp ) values ('aut675c872151675c81c20a',getdate(),convert(char(8),convert (time,getdate())),getdate(),convert(char(8),convert (time,getdate())),'wsv','wsv',2.000 ,'aut675c882882675c81c150' ,0,0 ,2,23.00,160000,?,?,?,?,?)
20241213@184938.9500 u4v01mgkd5dfe1ac96jltmru3f Query : select 1 valor from information_schema.tables where table_type='base table' and table_name='wstablefields'
20241213@184938.9680 u4v01mgkd5dfe1ac96jltmru3f Query : select fieldkey,fieldname,fieldtype,mandatory from wstablefields where tablename = 'fi' and documentnumber = 39
20241213@184938.9990 u4v01mgkd5dfe1ac96jltmru3f Query : select 1 valor from information_schema.tables where table_type='base table' and table_name='wstablefields'
20241213@184938.1014 u4v01mgkd5dfe1ac96jltmru3f Query : select fieldkey,fieldname,fieldtype,mandatory from wstablefields where tablename = 'fi2' and documentnumber = 39
20241213@184938.1024 u4v01mgkd5dfe1ac96jltmru3f Query : select top 1 convert(numeric(6,2),t.taxa) valor from taxasiva t where t.codigo='2'
20241213@184938.1037 u4v01mgkd5dfe1ac96jltmru3f Query : select 1 valor from information_schema.tables where table_type='base table' and table_name='wstablefields'
20241213@184938.1052 u4v01mgkd5dfe1ac96jltmru3f Query : select fieldkey,fieldname,fieldtype,calcformula from wstablefields where tablename = 'fi2' and documentnumber = 39
20241213@184938.1063 u4v01mgkd5dfe1ac96jltmru3f Query : insert into wsfi2data (fi2stamp,ftstamp ,ousrdata, ousrhora, usrdata,usrhora,ousrinis,usrinis) values ('aut675c879358675c81c219','aut675c882882675c81c150' ,getdate(),convert(char(8),convert (time,getdate())),getdate(),convert(char(8),convert (time,getdate())),'wsv','wsv')
20241213@184938.1080 u4v01mgkd5dfe1ac96jltmru3f Query : select 1 valor from information_schema.tables where table_type='base table' and table_name='wstablefields'
20241213@184938.1097 u4v01mgkd5dfe1ac96jltmru3f Query : select fieldkey,fieldname,fieldtype,calcformula from wstablefields where tablename = 'fi' and documentnumber = 39
20241213@184938.1134 u4v01mgkd5dfe1ac96jltmru3f Query : insert into wsfidata (fistamp,ousrdata, ousrhora, usrdata,usrhora,ousrinis,usrinis ,qtt ,ftstamp ,epv,pvmoeda ,tabiva,iva,lordem ,ref, design ,armazem) values ('aut675c879358675c81c219',getdate(),convert(char(8),convert (time,getdate())),getdate(),convert(char(8),convert (time,getdate())),'wsv','wsv',0 ,'aut675c882882675c81c150' ,0,0 ,2,23.00,170000,?,?,?)
20241213@184938.1546 u4v01mgkd5dfe1ac96jltmru3f Query : use flama_phc
20241213@184938.1550 u4v01mgkd5dfe1ac96jltmru3f Query : select st.usalote valor from st where st.ref = '324.1816.00.1'
20241213@184938.1569 u4v01mgkd5dfe1ac96jltmru3f Query : select top 1 st.tabiva ,st.ivaincl ,st.stns ,st.uni2 ,st.familia ,isnull(tx.taxa, 0) txiva ,unidade ,usalote ,epcpond ,noserie ,conversao ,st.texteis from st left join taxasiva tx on st.tabiva = tx.codigo where st.ref = '324.1816.00.1'
20241213@184938.1584 u4v01mgkd5dfe1ac96jltmru3f Query : select 1 valor from information_schema.tables where table_type='base table' and table_name='wstablefields'
20241213@184938.1601 u4v01mgkd5dfe1ac96jltmru3f Query : select fieldkey,fieldname,fieldtype,mandatory from wstablefields where tablename = 'fi' and documentnumber = 39
20241213@184938.1628 u4v01mgkd5dfe1ac96jltmru3f Query : select 1 valor from information_schema.tables where table_type='base table' and table_name='wstablefields'
20241213@184938.1644 u4v01mgkd5dfe1ac96jltmru3f Query : select fieldkey,fieldname,fieldtype,mandatory from wstablefields where tablename = 'fi2' and documentnumber = 39
20241213@184938.1653 u4v01mgkd5dfe1ac96jltmru3f Query : select top 1 convert(numeric(6,2),t.taxa) valor from taxasiva t where t.codigo='2'
20241213@184938.1666 u4v01mgkd5dfe1ac96jltmru3f Query : select sestamp valor from se where ref ='324.1816.00.1' and lote = 'r2400200200a'
20241213@184938.1681 u4v01mgkd5dfe1ac96jltmru3f Query : select 1 valor from information_schema.tables where table_type='base table' and table_name='wstablefields'
20241213@184938.1696 u4v01mgkd5dfe1ac96jltmru3f Query : select fieldkey,fieldname,fieldtype,calcformula from wstablefields where tablename = 'fi2' and documentnumber = 39
20241213@184938.1707 u4v01mgkd5dfe1ac96jltmru3f Query : insert into wsfi2data (fi2stamp,ftstamp ,ousrdata, ousrhora, usrdata,usrhora,ousrinis,usrinis) values ('aut675c856726675c81c229','aut675c882882675c81c150' ,getdate(),convert(char(8),convert (time,getdate())),getdate(),convert(char(8),convert (time,getdate())),'wsv','wsv')
20241213@184938.1711 u4v01mgkd5dfe1ac96jltmru3f Query : select 1 valor from information_schema.tables where table_type='base table' and table_name='wstablefields'
20241213@184938.1726 u4v01mgkd5dfe1ac96jltmru3f Query : select fieldkey,fieldname,fieldtype,calcformula from wstablefields where tablename = 'fi' and documentnumber = 39
20241213@184938.1758 u4v01mgkd5dfe1ac96jltmru3f Query : insert into wsfidata (fistamp,ousrdata, ousrhora, usrdata,usrhora,ousrinis,usrinis ,qtt ,ftstamp ,epv,pvmoeda ,tabiva,iva,lordem ,ref, design ,lote,armazem,bistamp ) values ('aut675c856726675c81c229',getdate(),convert(char(8),convert (time,getdate())),getdate(),convert(char(8),convert (time,getdate())),'wsv','wsv',10.000 ,'aut675c882882675c81c150' ,0,0 ,2,23.00,190000,?,?,?,?,?)
20241213@184938.1993 u4v01mgkd5dfe1ac96jltmru3f Query : select 1 valor from information_schema.tables where table_type='base table' and table_name='wstablefields'
20241213@184938.2009 u4v01mgkd5dfe1ac96jltmru3f Query : select fieldkey,fieldname,fieldtype,mandatory from wstablefields where tablename = 'fi' and documentnumber = 39
20241213@184938.2035 u4v01mgkd5dfe1ac96jltmru3f Query : select 1 valor from information_schema.tables where table_type='base table' and table_name='wstablefields'
20241213@184938.2050 u4v01mgkd5dfe1ac96jltmru3f Query : select fieldkey,fieldname,fieldtype,mandatory from wstablefields where tablename = 'fi2' and documentnumber = 39
20241213@184938.2058 u4v01mgkd5dfe1ac96jltmru3f Query : select top 1 convert(numeric(6,2),t.taxa) valor from taxasiva t where t.codigo='2'
20241213@184938.2071 u4v01mgkd5dfe1ac96jltmru3f Query : select 1 valor from information_schema.tables where table_type='base table' and table_name='wstablefields'
20241213@184938.2087 u4v01mgkd5dfe1ac96jltmru3f Query : select fieldkey,fieldname,fieldtype,calcformula from wstablefields where tablename = 'fi2' and documentnumber = 39
20241213@184938.2098 u4v01mgkd5dfe1ac96jltmru3f Query : insert into wsfi2data (fi2stamp,ftstamp ,ousrdata, ousrhora, usrdata,usrhora,ousrinis,usrinis) values ('aut675c875086675c81c232','aut675c882882675c81c150' ,getdate(),convert(char(8),convert (time,getdate())),getdate(),convert(char(8),convert (time,getdate())),'wsv','wsv')
20241213@184938.2103 u4v01mgkd5dfe1ac96jltmru3f Query : select 1 valor from information_schema.tables where table_type='base table' and table_name='wstablefields'
20241213@184938.2117 u4v01mgkd5dfe1ac96jltmru3f Query : select fieldkey,fieldname,fieldtype,calcformula from wstablefields where tablename = 'fi' and documentnumber = 39
20241213@184938.2149 u4v01mgkd5dfe1ac96jltmru3f Query : insert into wsfidata (fistamp,ousrdata, ousrhora, usrdata,usrhora,ousrinis,usrinis ,qtt ,ftstamp ,epv,pvmoeda ,tabiva,iva,lordem ,ref, design ,armazem) values ('aut675c875086675c81c232',getdate(),convert(char(8),convert (time,getdate())),getdate(),convert(char(8),convert (time,getdate())),'wsv','wsv',0 ,'aut675c882882675c81c150' ,0,0 ,2,23.00,200000,?,?,?)
20241213@184938.2370 u4v01mgkd5dfe1ac96jltmru3f Query : use flama_phc
20241213@184938.2374 u4v01mgkd5dfe1ac96jltmru3f Query : select st.usalote valor from st where st.ref = '324.1824.00.1'
20241213@184938.2396 u4v01mgkd5dfe1ac96jltmru3f Query : select top 1 st.tabiva ,st.ivaincl ,st.stns ,st.uni2 ,st.familia ,isnull(tx.taxa, 0) txiva ,unidade ,usalote ,epcpond ,noserie ,conversao ,st.texteis from st left join taxasiva tx on st.tabiva = tx.codigo where st.ref = '324.1824.00.1'
20241213@184938.2517 u4v01mgkd5dfe1ac96jltmru3f Query : select 1 valor from information_schema.tables where table_type='base table' and table_name='wstablefields'
20241213@184938.2538 u4v01mgkd5dfe1ac96jltmru3f Query : select fieldkey,fieldname,fieldtype,mandatory from wstablefields where tablename = 'fi' and documentnumber = 39
20241213@184938.2566 u4v01mgkd5dfe1ac96jltmru3f Query : select 1 valor from information_schema.tables where table_type='base table' and table_name='wstablefields'
20241213@184938.2581 u4v01mgkd5dfe1ac96jltmru3f Query : select fieldkey,fieldname,fieldtype,mandatory from wstablefields where tablename = 'fi2' and documentnumber = 39
20241213@184938.2591 u4v01mgkd5dfe1ac96jltmru3f Query : select top 1 convert(numeric(6,2),t.taxa) valor from taxasiva t where t.codigo='2'
20241213@184938.2604 u4v01mgkd5dfe1ac96jltmru3f Query : select sestamp valor from se where ref ='324.1824.00.1' and lote = 'r2400216200a'
20241213@184938.2617 u4v01mgkd5dfe1ac96jltmru3f Query : select 1 valor from information_schema.tables where table_type='base table' and table_name='wstablefields'
20241213@184938.2633 u4v01mgkd5dfe1ac96jltmru3f Query : select fieldkey,fieldname,fieldtype,calcformula from wstablefields where tablename = 'fi2' and documentnumber = 39
20241213@184938.2645 u4v01mgkd5dfe1ac96jltmru3f Query : insert into wsfi2data (fi2stamp,ftstamp ,ousrdata, ousrhora, usrdata,usrhora,ousrinis,usrinis) values ('aut675c850421675c81c23f','aut675c882882675c81c150' ,getdate(),convert(char(8),convert (time,getdate())),getdate(),convert(char(8),convert (time,getdate())),'wsv','wsv')
20241213@184938.2649 u4v01mgkd5dfe1ac96jltmru3f Query : select 1 valor from information_schema.tables where table_type='base table' and table_name='wstablefields'
20241213@184938.2664 u4v01mgkd5dfe1ac96jltmru3f Query : select fieldkey,fieldname,fieldtype,calcformula from wstablefields where tablename = 'fi' and documentnumber = 39
20241213@184938.2693 u4v01mgkd5dfe1ac96jltmru3f Query : insert into wsfidata (fistamp,ousrdata, ousrhora, usrdata,usrhora,ousrinis,usrinis ,qtt ,ftstamp ,epv,pvmoeda ,tabiva,iva,lordem ,ref, design ,lote,armazem,bistamp ) values ('aut675c850421675c81c23f',getdate(),convert(char(8),convert (time,getdate())),getdate(),convert(char(8),convert (time,getdate())),'wsv','wsv',4.000 ,'aut675c882882675c81c150' ,0,0 ,2,23.00,220000,?,?,?,?,?)
20241213@184938.2942 u4v01mgkd5dfe1ac96jltmru3f Query : select 1 valor from information_schema.tables where table_type='base table' and table_name='wstablefields'
20241213@184938.2959 u4v01mgkd5dfe1ac96jltmru3f Query : select fieldkey,fieldname,fieldtype,mandatory from wstablefields where tablename = 'fi' and documentnumber = 39
20241213@184938.2985 u4v01mgkd5dfe1ac96jltmru3f Query : select 1 valor from information_schema.tables where table_type='base table' and table_name='wstablefields'
20241213@184938.3001 u4v01mgkd5dfe1ac96jltmru3f Query : select fieldkey,fieldname,fieldtype,mandatory from wstablefields where tablename = 'fi2' and documentnumber = 39
20241213@184938.3010 u4v01mgkd5dfe1ac96jltmru3f Query : select top 1 convert(numeric(6,2),t.taxa) valor from taxasiva t where t.codigo='2'
20241213@184938.3023 u4v01mgkd5dfe1ac96jltmru3f Query : select 1 valor from information_schema.tables where table_type='base table' and table_name='wstablefields'
20241213@184938.3038 u4v01mgkd5dfe1ac96jltmru3f Query : select fieldkey,fieldname,fieldtype,calcformula from wstablefields where tablename = 'fi2' and documentnumber = 39
20241213@184938.3050 u4v01mgkd5dfe1ac96jltmru3f Query : insert into wsfi2data (fi2stamp,ftstamp ,ousrdata, ousrhora, usrdata,usrhora,ousrinis,usrinis) values ('aut675c875165675c81c249','aut675c882882675c81c150' ,getdate(),convert(char(8),convert (time,getdate())),getdate(),convert(char(8),convert (time,getdate())),'wsv','wsv')
20241213@184938.3054 u4v01mgkd5dfe1ac96jltmru3f Query : select 1 valor from information_schema.tables where table_type='base table' and table_name='wstablefields'
20241213@184938.3069 u4v01mgkd5dfe1ac96jltmru3f Query : select fieldkey,fieldname,fieldtype,calcformula from wstablefields where tablename = 'fi' and documentnumber = 39
20241213@184938.3098 u4v01mgkd5dfe1ac96jltmru3f Query : insert into wsfidata (fistamp,ousrdata, ousrhora, usrdata,usrhora,ousrinis,usrinis ,qtt ,ftstamp ,epv,pvmoeda ,tabiva,iva,lordem ,ref, design ,armazem) values ('aut675c875165675c81c249',getdate(),convert(char(8),convert (time,getdate())),getdate(),convert(char(8),convert (time,getdate())),'wsv','wsv',0 ,'aut675c882882675c81c150' ,0,0 ,2,23.00,230000,?,?,?)
20241213@184938.3327 u4v01mgkd5dfe1ac96jltmru3f Query : use flama_phc
20241213@184938.3331 u4v01mgkd5dfe1ac96jltmru3f Query : select st.usalote valor from st where st.ref = '324.1824.00.1'
20241213@184938.3353 u4v01mgkd5dfe1ac96jltmru3f Query : select top 1 st.tabiva ,st.ivaincl ,st.stns ,st.uni2 ,st.familia ,isnull(tx.taxa, 0) txiva ,unidade ,usalote ,epcpond ,noserie ,conversao ,st.texteis from st left join taxasiva tx on st.tabiva = tx.codigo where st.ref = '324.1824.00.1'
20241213@184938.3367 u4v01mgkd5dfe1ac96jltmru3f Query : select 1 valor from information_schema.tables where table_type='base table' and table_name='wstablefields'
20241213@184938.3384 u4v01mgkd5dfe1ac96jltmru3f Query : select fieldkey,fieldname,fieldtype,mandatory from wstablefields where tablename = 'fi' and documentnumber = 39
20241213@184938.3411 u4v01mgkd5dfe1ac96jltmru3f Query : select 1 valor from information_schema.tables where table_type='base table' and table_name='wstablefields'
20241213@184938.3428 u4v01mgkd5dfe1ac96jltmru3f Query : select fieldkey,fieldname,fieldtype,mandatory from wstablefields where tablename = 'fi2' and documentnumber = 39
20241213@184938.3437 u4v01mgkd5dfe1ac96jltmru3f Query : select top 1 convert(numeric(6,2),t.taxa) valor from taxasiva t where t.codigo='2'
20241213@184938.3449 u4v01mgkd5dfe1ac96jltmru3f Query : select sestamp valor from se where ref ='324.1824.00.1' and lote = 'r2400216200a'
20241213@184938.3464 u4v01mgkd5dfe1ac96jltmru3f Query : select 1 valor from information_schema.tables where table_type='base table' and table_name='wstablefields'
20241213@184938.3479 u4v01mgkd5dfe1ac96jltmru3f Query : select fieldkey,fieldname,fieldtype,calcformula from wstablefields where tablename = 'fi2' and documentnumber = 39
20241213@184938.3491 u4v01mgkd5dfe1ac96jltmru3f Query : insert into wsfi2data (fi2stamp,ftstamp ,ousrdata, ousrhora, usrdata,usrhora,ousrinis,usrinis) values ('aut675c854209675c81c254','aut675c882882675c81c150' ,getdate(),convert(char(8),convert (time,getdate())),getdate(),convert(char(8),convert (time,getdate())),'wsv','wsv')
20241213@184938.3496 u4v01mgkd5dfe1ac96jltmru3f Query : select 1 valor from information_schema.tables where table_type='base table' and table_name='wstablefields'
20241213@184938.3511 u4v01mgkd5dfe1ac96jltmru3f Query : select fieldkey,fieldname,fieldtype,calcformula from wstablefields where tablename = 'fi' and documentnumber = 39
20241213@184938.3539 u4v01mgkd5dfe1ac96jltmru3f Query : insert into wsfidata (fistamp,ousrdata, ousrhora, usrdata,usrhora,ousrinis,usrinis ,qtt ,ftstamp ,epv,pvmoeda ,tabiva,iva,lordem ,ref, design ,lote,armazem,bistamp ) values ('aut675c854209675c81c254',getdate(),convert(char(8),convert (time,getdate())),getdate(),convert(char(8),convert (time,getdate())),'wsv','wsv',20.000 ,'aut675c882882675c81c150' ,0,0 ,2,23.00,250000,?,?,?,?,?)
20241213@184938.3757 u4v01mgkd5dfe1ac96jltmru3f Query : select 1 valor from information_schema.tables where table_type='base table' and table_name='wstablefields'
20241213@184938.3774 u4v01mgkd5dfe1ac96jltmru3f Query : select fieldkey,fieldname,fieldtype,mandatory from wstablefields where tablename = 'fi' and documentnumber = 39
20241213@184938.3802 u4v01mgkd5dfe1ac96jltmru3f Query : select 1 valor from information_schema.tables where table_type='base table' and table_name='wstablefields'
20241213@184938.3818 u4v01mgkd5dfe1ac96jltmru3f Query : select fieldkey,fieldname,fieldtype,mandatory from wstablefields where tablename = 'fi2' and documentnumber = 39
20241213@184938.3827 u4v01mgkd5dfe1ac96jltmru3f Query : select top 1 convert(numeric(6,2),t.taxa) valor from taxasiva t where t.codigo='2'
20241213@184938.3839 u4v01mgkd5dfe1ac96jltmru3f Query : select 1 valor from information_schema.tables where table_type='base table' and table_name='wstablefields'
20241213@184938.3854 u4v01mgkd5dfe1ac96jltmru3f Query : select fieldkey,fieldname,fieldtype,calcformula from wstablefields where tablename = 'fi2' and documentnumber = 39
20241213@184938.3866 u4v01mgkd5dfe1ac96jltmru3f Query : insert into wsfi2data (fi2stamp,ftstamp ,ousrdata, ousrhora, usrdata,usrhora,ousrinis,usrinis) values ('aut675c828724675c81c25d','aut675c882882675c81c150' ,getdate(),convert(char(8),convert (time,getdate())),getdate(),convert(char(8),convert (time,getdate())),'wsv','wsv')
20241213@184938.3870 u4v01mgkd5dfe1ac96jltmru3f Query : select 1 valor from information_schema.tables where table_type='base table' and table_name='wstablefields'
20241213@184938.3886 u4v01mgkd5dfe1ac96jltmru3f Query : select fieldkey,fieldname,fieldtype,calcformula from wstablefields where tablename = 'fi' and documentnumber = 39
20241213@184938.3916 u4v01mgkd5dfe1ac96jltmru3f Query : insert into wsfidata (fistamp,ousrdata, ousrhora, usrdata,usrhora,ousrinis,usrinis ,qtt ,ftstamp ,epv,pvmoeda ,tabiva,iva,lordem ,ref, design ,armazem) values ('aut675c828724675c81c25d',getdate(),convert(char(8),convert (time,getdate())),getdate(),convert(char(8),convert (time,getdate())),'wsv','wsv',0 ,'aut675c882882675c81c150' ,0,0 ,2,23.00,260000,?,?,?)
20241213@184938.4160 u4v01mgkd5dfe1ac96jltmru3f Query : use flama_phc
20241213@184938.4163 u4v01mgkd5dfe1ac96jltmru3f Query : select st.usalote valor from st where st.ref = '324.4964.00.1'
20241213@184938.4185 u4v01mgkd5dfe1ac96jltmru3f Query : select top 1 st.tabiva ,st.ivaincl ,st.stns ,st.uni2 ,st.familia ,isnull(tx.taxa, 0) txiva ,unidade ,usalote ,epcpond ,noserie ,conversao ,st.texteis from st left join taxasiva tx on st.tabiva = tx.codigo where st.ref = '324.4964.00.1'
20241213@184938.4200 u4v01mgkd5dfe1ac96jltmru3f Query : select 1 valor from information_schema.tables where table_type='base table' and table_name='wstablefields'
20241213@184938.4216 u4v01mgkd5dfe1ac96jltmru3f Query : select fieldkey,fieldname,fieldtype,mandatory from wstablefields where tablename = 'fi' and documentnumber = 39
20241213@184938.4249 u4v01mgkd5dfe1ac96jltmru3f Query : select 1 valor from information_schema.tables where table_type='base table' and table_name='wstablefields'
20241213@184938.4264 u4v01mgkd5dfe1ac96jltmru3f Query : select fieldkey,fieldname,fieldtype,mandatory from wstablefields where tablename = 'fi2' and documentnumber = 39
20241213@184938.4273 u4v01mgkd5dfe1ac96jltmru3f Query : select top 1 convert(numeric(6,2),t.taxa) valor from taxasiva t where t.codigo='2'
20241213@184938.4286 u4v01mgkd5dfe1ac96jltmru3f Query : select sestamp valor from se where ref ='324.4964.00.1' and lote = 'r2300717100a'
20241213@184938.4300 u4v01mgkd5dfe1ac96jltmru3f Query : select 1 valor from information_schema.tables where table_type='base table' and table_name='wstablefields'
20241213@184938.4316 u4v01mgkd5dfe1ac96jltmru3f Query : select fieldkey,fieldname,fieldtype,calcformula from wstablefields where tablename = 'fi2' and documentnumber = 39
20241213@184938.4329 u4v01mgkd5dfe1ac96jltmru3f Query : insert into wsfi2data (fi2stamp,ftstamp ,ousrdata, ousrhora, usrdata,usrhora,ousrinis,usrinis) values ('aut675c875781675c81c268','aut675c882882675c81c150' ,getdate(),convert(char(8),convert (time,getdate())),getdate(),convert(char(8),convert (time,getdate())),'wsv','wsv')
20241213@184938.4333 u4v01mgkd5dfe1ac96jltmru3f Query : select 1 valor from information_schema.tables where table_type='base table' and table_name='wstablefields'
20241213@184938.4348 u4v01mgkd5dfe1ac96jltmru3f Query : select fieldkey,fieldname,fieldtype,calcformula from wstablefields where tablename = 'fi' and documentnumber = 39
20241213@184938.4377 u4v01mgkd5dfe1ac96jltmru3f Query : insert into wsfidata (fistamp,ousrdata, ousrhora, usrdata,usrhora,ousrinis,usrinis ,qtt ,ftstamp ,epv,pvmoeda ,tabiva,iva,lordem ,ref, design ,lote,armazem,bistamp ) values ('aut675c875781675c81c268',getdate(),convert(char(8),convert (time,getdate())),getdate(),convert(char(8),convert (time,getdate())),'wsv','wsv',4.000 ,'aut675c882882675c81c150' ,0,0 ,2,23.00,280000,?,?,?,?,?)
20241213@184938.4602 u4v01mgkd5dfe1ac96jltmru3f Query : use flama_phc
20241213@184938.4605 u4v01mgkd5dfe1ac96jltmru3f Query : select st.usalote valor from st where st.ref = '324.727.00.01'
20241213@184938.4628 u4v01mgkd5dfe1ac96jltmru3f Query : select top 1 st.tabiva ,st.ivaincl ,st.stns ,st.uni2 ,st.familia ,isnull(tx.taxa, 0) txiva ,unidade ,usalote ,epcpond ,noserie ,conversao ,st.texteis from st left join taxasiva tx on st.tabiva = tx.codigo where st.ref = '324.727.00.01'
20241213@184938.4759 u4v01mgkd5dfe1ac96jltmru3f Query : select 1 valor from information_schema.tables where table_type='base table' and table_name='wstablefields'
20241213@184938.4777 u4v01mgkd5dfe1ac96jltmru3f Query : select fieldkey,fieldname,fieldtype,mandatory from wstablefields where tablename = 'fi' and documentnumber = 39
20241213@184938.4803 u4v01mgkd5dfe1ac96jltmru3f Query : select 1 valor from information_schema.tables where table_type='base table' and table_name='wstablefields'
20241213@184938.4819 u4v01mgkd5dfe1ac96jltmru3f Query : select fieldkey,fieldname,fieldtype,mandatory from wstablefields where tablename = 'fi2' and documentnumber = 39
20241213@184938.4828 u4v01mgkd5dfe1ac96jltmru3f Query : select top 1 convert(numeric(6,2),t.taxa) valor from taxasiva t where t.codigo='2'
20241213@184938.4841 u4v01mgkd5dfe1ac96jltmru3f Query : select sestamp valor from se where ref ='324.727.00.01' and lote = 'r2301222100a'
20241213@184938.4856 u4v01mgkd5dfe1ac96jltmru3f Query : select 1 valor from information_schema.tables where table_type='base table' and table_name='wstablefields'
20241213@184938.4870 u4v01mgkd5dfe1ac96jltmru3f Query : select fieldkey,fieldname,fieldtype,calcformula from wstablefields where tablename = 'fi2' and documentnumber = 39
20241213@184938.4883 u4v01mgkd5dfe1ac96jltmru3f Query : insert into wsfi2data (fi2stamp,ftstamp ,ousrdata, ousrhora, usrdata,usrhora,ousrinis,usrinis) values ('aut675c849480675c81c276','aut675c882882675c81c150' ,getdate(),convert(char(8),convert (time,getdate())),getdate(),convert(char(8),convert (time,getdate())),'wsv','wsv')
20241213@184938.4887 u4v01mgkd5dfe1ac96jltmru3f Query : select 1 valor from information_schema.tables where table_type='base table' and table_name='wstablefields'
20241213@184938.4902 u4v01mgkd5dfe1ac96jltmru3f Query : select fieldkey,fieldname,fieldtype,calcformula from wstablefields where tablename = 'fi' and documentnumber = 39
20241213@184938.4933 u4v01mgkd5dfe1ac96jltmru3f Query : insert into wsfidata (fistamp,ousrdata, ousrhora, usrdata,usrhora,ousrinis,usrinis ,qtt ,ftstamp ,epv,pvmoeda ,tabiva,iva,lordem ,ref, design ,lote,armazem,bistamp ) values ('aut675c849480675c81c276',getdate(),convert(char(8),convert (time,getdate())),getdate(),convert(char(8),convert (time,getdate())),'wsv','wsv',8.000 ,'aut675c882882675c81c150' ,0,0 ,2,23.00,290000,?,?,?,?,?)
20241213@184938.5158 u4v01mgkd5dfe1ac96jltmru3f Query : select 1 valor from information_schema.tables where table_type='base table' and table_name='wstablefields'
20241213@184938.5176 u4v01mgkd5dfe1ac96jltmru3f Query : select fieldkey,fieldname,fieldtype,mandatory from wstablefields where tablename = 'fi' and documentnumber = 39
20241213@184938.5201 u4v01mgkd5dfe1ac96jltmru3f Query : select 1 valor from information_schema.tables where table_type='base table' and table_name='wstablefields'
20241213@184938.5216 u4v01mgkd5dfe1ac96jltmru3f Query : select fieldkey,fieldname,fieldtype,mandatory from wstablefields where tablename = 'fi2' and documentnumber = 39
20241213@184938.5225 u4v01mgkd5dfe1ac96jltmru3f Query : select top 1 convert(numeric(6,2),t.taxa) valor from taxasiva t where t.codigo='2'
20241213@184938.5237 u4v01mgkd5dfe1ac96jltmru3f Query : select 1 valor from information_schema.tables where table_type='base table' and table_name='wstablefields'
20241213@184938.5252 u4v01mgkd5dfe1ac96jltmru3f Query : select fieldkey,fieldname,fieldtype,calcformula from wstablefields where tablename = 'fi2' and documentnumber = 39
20241213@184938.5264 u4v01mgkd5dfe1ac96jltmru3f Query : insert into wsfi2data (fi2stamp,ftstamp ,ousrdata, ousrhora, usrdata,usrhora,ousrinis,usrinis) values ('aut675c881165675c81c27f','aut675c882882675c81c150' ,getdate(),convert(char(8),convert (time,getdate())),getdate(),convert(char(8),convert (time,getdate())),'wsv','wsv')
20241213@184938.5268 u4v01mgkd5dfe1ac96jltmru3f Query : select 1 valor from information_schema.tables where table_type='base table' and table_name='wstablefields'
20241213@184938.5286 u4v01mgkd5dfe1ac96jltmru3f Query : select fieldkey,fieldname,fieldtype,calcformula from wstablefields where tablename = 'fi' and documentnumber = 39
20241213@184938.5317 u4v01mgkd5dfe1ac96jltmru3f Query : insert into wsfidata (fistamp,ousrdata, ousrhora, usrdata,usrhora,ousrinis,usrinis ,qtt ,ftstamp ,epv,pvmoeda ,tabiva,iva,lordem ,ref, design ,armazem) values ('aut675c881165675c81c27f',getdate(),convert(char(8),convert (time,getdate())),getdate(),convert(char(8),convert (time,getdate())),'wsv','wsv',0 ,'aut675c882882675c81c150' ,0,0 ,2,23.00,300000,?,?,?)
20241213@184938.5521 u4v01mgkd5dfe1ac96jltmru3f Query : use flama_phc
20241213@184938.5525 u4v01mgkd5dfe1ac96jltmru3f Query : select st.usalote valor from st where st.ref = '324.711.00.01'
20241213@184938.5547 u4v01mgkd5dfe1ac96jltmru3f Query : select top 1 st.tabiva ,st.ivaincl ,st.stns ,st.uni2 ,st.familia ,isnull(tx.taxa, 0) txiva ,unidade ,usalote ,epcpond ,noserie ,conversao ,st.texteis from st left join taxasiva tx on st.tabiva = tx.codigo where st.ref = '324.711.00.01'
20241213@184938.5670 u4v01mgkd5dfe1ac96jltmru3f Query : select 1 valor from information_schema.tables where table_type='base table' and table_name='wstablefields'
20241213@184938.5685 u4v01mgkd5dfe1ac96jltmru3f Query : select fieldkey,fieldname,fieldtype,mandatory from wstablefields where tablename = 'fi' and documentnumber = 39
20241213@184938.5712 u4v01mgkd5dfe1ac96jltmru3f Query : select 1 valor from information_schema.tables where table_type='base table' and table_name='wstablefields'
20241213@184938.5727 u4v01mgkd5dfe1ac96jltmru3f Query : select fieldkey,fieldname,fieldtype,mandatory from wstablefields where tablename = 'fi2' and documentnumber = 39
20241213@184938.5746 u4v01mgkd5dfe1ac96jltmru3f Query : select top 1 convert(numeric(6,2),t.taxa) valor from taxasiva t where t.codigo='2'
20241213@184938.5759 u4v01mgkd5dfe1ac96jltmru3f Query : select sestamp valor from se where ref ='324.711.00.01' and lote = 'r2301222100a'
20241213@184938.5773 u4v01mgkd5dfe1ac96jltmru3f Query : select 1 valor from information_schema.tables where table_type='base table' and table_name='wstablefields'
20241213@184938.5790 u4v01mgkd5dfe1ac96jltmru3f Query : select fieldkey,fieldname,fieldtype,calcformula from wstablefields where tablename = 'fi2' and documentnumber = 39
20241213@184938.5804 u4v01mgkd5dfe1ac96jltmru3f Query : insert into wsfi2data (fi2stamp,ftstamp ,ousrdata, ousrhora, usrdata,usrhora,ousrinis,usrinis) values ('aut675c840696675c81c28c','aut675c882882675c81c150' ,getdate(),convert(char(8),convert (time,getdate())),getdate(),convert(char(8),convert (time,getdate())),'wsv','wsv')
20241213@184938.5808 u4v01mgkd5dfe1ac96jltmru3f Query : select 1 valor from information_schema.tables where table_type='base table' and table_name='wstablefields'
20241213@184938.5823 u4v01mgkd5dfe1ac96jltmru3f Query : select fieldkey,fieldname,fieldtype,calcformula from wstablefields where tablename = 'fi' and documentnumber = 39
20241213@184938.5852 u4v01mgkd5dfe1ac96jltmru3f Query : insert into wsfidata (fistamp,ousrdata, ousrhora, usrdata,usrhora,ousrinis,usrinis ,qtt ,ftstamp ,epv,pvmoeda ,tabiva,iva,lordem ,ref, design ,lote,armazem,bistamp ) values ('aut675c840696675c81c28c',getdate(),convert(char(8),convert (time,getdate())),getdate(),convert(char(8),convert (time,getdate())),'wsv','wsv',8.000 ,'aut675c882882675c81c150' ,0,0 ,2,23.00,320000,?,?,?,?,?)
20241213@184938.7255 u4v01mgkd5dfe1ac96jltmru3f Query : select 1 valor from information_schema.tables where table_type='base table' and table_name='wstablefields'
20241213@184938.7273 u4v01mgkd5dfe1ac96jltmru3f Query : select fieldkey,fieldname,fieldtype,mandatory from wstablefields where tablename = 'fi' and documentnumber = 39
20241213@184938.7298 u4v01mgkd5dfe1ac96jltmru3f Query : select 1 valor from information_schema.tables where table_type='base table' and table_name='wstablefields'
20241213@184938.7312 u4v01mgkd5dfe1ac96jltmru3f Query : select fieldkey,fieldname,fieldtype,mandatory from wstablefields where tablename = 'fi2' and documentnumber = 39
20241213@184938.7321 u4v01mgkd5dfe1ac96jltmru3f Query : select top 1 convert(numeric(6,2),t.taxa) valor from taxasiva t where t.codigo='2'
20241213@184938.7333 u4v01mgkd5dfe1ac96jltmru3f Query : select 1 valor from information_schema.tables where table_type='base table' and table_name='wstablefields'
20241213@184938.7348 u4v01mgkd5dfe1ac96jltmru3f Query : select fieldkey,fieldname,fieldtype,calcformula from wstablefields where tablename = 'fi2' and documentnumber = 39
20241213@184938.7360 u4v01mgkd5dfe1ac96jltmru3f Query : insert into wsfi2data (fi2stamp,ftstamp ,ousrdata, ousrhora, usrdata,usrhora,ousrinis,usrinis) values ('aut675c876683675c81c2b3','aut675c882882675c81c150' ,getdate(),convert(char(8),convert (time,getdate())),getdate(),convert(char(8),convert (time,getdate())),'wsv','wsv')
20241213@184938.7364 u4v01mgkd5dfe1ac96jltmru3f Query : select 1 valor from information_schema.tables where table_type='base table' and table_name='wstablefields'
20241213@184938.7379 u4v01mgkd5dfe1ac96jltmru3f Query : select fieldkey,fieldname,fieldtype,calcformula from wstablefields where tablename = 'fi' and documentnumber = 39
20241213@184938.7406 u4v01mgkd5dfe1ac96jltmru3f Query : insert into wsfidata (fistamp,ousrdata, ousrhora, usrdata,usrhora,ousrinis,usrinis ,qtt ,ftstamp ,epv,pvmoeda ,tabiva,iva,lordem ,ref, design ,armazem) values ('aut675c876683675c81c2b3',getdate(),convert(char(8),convert (time,getdate())),getdate(),convert(char(8),convert (time,getdate())),'wsv','wsv',0 ,'aut675c882882675c81c150' ,0,0 ,2,23.00,330000,?,?,?)
20241213@184938.7634 u4v01mgkd5dfe1ac96jltmru3f Query : use flama_phc
20241213@184938.7637 u4v01mgkd5dfe1ac96jltmru3f Query : select st.usalote valor from st where st.ref = '324.1462.00.1'
20241213@184938.7658 u4v01mgkd5dfe1ac96jltmru3f Query : select top 1 st.tabiva ,st.ivaincl ,st.stns ,st.uni2 ,st.familia ,isnull(tx.taxa, 0) txiva ,unidade ,usalote ,epcpond ,noserie ,conversao ,st.texteis from st left join taxasiva tx on st.tabiva = tx.codigo where st.ref = '324.1462.00.1'
20241213@184938.7793 u4v01mgkd5dfe1ac96jltmru3f Query : select 1 valor from information_schema.tables where table_type='base table' and table_name='wstablefields'
20241213@184938.7812 u4v01mgkd5dfe1ac96jltmru3f Query : select fieldkey,fieldname,fieldtype,mandatory from wstablefields where tablename = 'fi' and documentnumber = 39
20241213@184938.7839 u4v01mgkd5dfe1ac96jltmru3f Query : select 1 valor from information_schema.tables where table_type='base table' and table_name='wstablefields'
20241213@184938.7853 u4v01mgkd5dfe1ac96jltmru3f Query : select fieldkey,fieldname,fieldtype,mandatory from wstablefields where tablename = 'fi2' and documentnumber = 39
20241213@184938.7861 u4v01mgkd5dfe1ac96jltmru3f Query : select top 1 convert(numeric(6,2),t.taxa) valor from taxasiva t where t.codigo='2'
20241213@184938.7874 u4v01mgkd5dfe1ac96jltmru3f Query : select sestamp valor from se where ref ='324.1462.00.1' and lote = 'r2100463100a'
20241213@184938.7888 u4v01mgkd5dfe1ac96jltmru3f Query : select 1 valor from information_schema.tables where table_type='base table' and table_name='wstablefields'
20241213@184938.7902 u4v01mgkd5dfe1ac96jltmru3f Query : select fieldkey,fieldname,fieldtype,calcformula from wstablefields where tablename = 'fi2' and documentnumber = 39
20241213@184938.7913 u4v01mgkd5dfe1ac96jltmru3f Query : insert into wsfi2data (fi2stamp,ftstamp ,ousrdata, ousrhora, usrdata,usrhora,ousrinis,usrinis) values ('aut675c845827675c81c2c0','aut675c882882675c81c150' ,getdate(),convert(char(8),convert (time,getdate())),getdate(),convert(char(8),convert (time,getdate())),'wsv','wsv')
20241213@184938.7917 u4v01mgkd5dfe1ac96jltmru3f Query : select 1 valor from information_schema.tables where table_type='base table' and table_name='wstablefields'
20241213@184938.7931 u4v01mgkd5dfe1ac96jltmru3f Query : select fieldkey,fieldname,fieldtype,calcformula from wstablefields where tablename = 'fi' and documentnumber = 39
20241213@184938.7959 u4v01mgkd5dfe1ac96jltmru3f Query : insert into wsfidata (fistamp,ousrdata, ousrhora, usrdata,usrhora,ousrinis,usrinis ,qtt ,ftstamp ,epv,pvmoeda ,tabiva,iva,lordem ,ref, design ,lote,armazem,bistamp ) values ('aut675c845827675c81c2c0',getdate(),convert(char(8),convert (time,getdate())),getdate(),convert(char(8),convert (time,getdate())),'wsv','wsv',6.000 ,'aut675c882882675c81c150' ,0,0 ,2,23.00,350000,?,?,?,?,?)
20241213@184938.8178 u4v01mgkd5dfe1ac96jltmru3f Query : use flama_phc
20241213@184938.8181 u4v01mgkd5dfe1ac96jltmru3f Query : select st.usalote valor from st where st.ref = '324.1684.00.1'
20241213@184938.8202 u4v01mgkd5dfe1ac96jltmru3f Query : select top 1 st.tabiva ,st.ivaincl ,st.stns ,st.uni2 ,st.familia ,isnull(tx.taxa, 0) txiva ,unidade ,usalote ,epcpond ,noserie ,conversao ,st.texteis from st left join taxasiva tx on st.tabiva = tx.codigo where st.ref = '324.1684.00.1'
20241213@184938.8322 u4v01mgkd5dfe1ac96jltmru3f Query : select 1 valor from information_schema.tables where table_type='base table' and table_name='wstablefields'
20241213@184938.8338 u4v01mgkd5dfe1ac96jltmru3f Query : select fieldkey,fieldname,fieldtype,mandatory from wstablefields where tablename = 'fi' and documentnumber = 39
20241213@184938.8363 u4v01mgkd5dfe1ac96jltmru3f Query : select 1 valor from information_schema.tables where table_type='base table' and table_name='wstablefields'
20241213@184938.8377 u4v01mgkd5dfe1ac96jltmru3f Query : select fieldkey,fieldname,fieldtype,mandatory from wstablefields where tablename = 'fi2' and documentnumber = 39
20241213@184938.8386 u4v01mgkd5dfe1ac96jltmru3f Query : select top 1 convert(numeric(6,2),t.taxa) valor from taxasiva t where t.codigo='2'
20241213@184938.8397 u4v01mgkd5dfe1ac96jltmru3f Query : select sestamp valor from se where ref ='324.1684.00.1' and lote = 'r2400208100a'
20241213@184938.8410 u4v01mgkd5dfe1ac96jltmru3f Query : select 1 valor from information_schema.tables where table_type='base table' and table_name='wstablefields'
20241213@184938.8424 u4v01mgkd5dfe1ac96jltmru3f Query : select fieldkey,fieldname,fieldtype,calcformula from wstablefields where tablename = 'fi2' and documentnumber = 39
20241213@184938.8436 u4v01mgkd5dfe1ac96jltmru3f Query : insert into wsfi2data (fi2stamp,ftstamp ,ousrdata, ousrhora, usrdata,usrhora,ousrinis,usrinis) values ('aut675c829426675c81c2cd','aut675c882882675c81c150' ,getdate(),convert(char(8),convert (time,getdate())),getdate(),convert(char(8),convert (time,getdate())),'wsv','wsv')
20241213@184938.8440 u4v01mgkd5dfe1ac96jltmru3f Query : select 1 valor from information_schema.tables where table_type='base table' and table_name='wstablefields'
20241213@184938.8453 u4v01mgkd5dfe1ac96jltmru3f Query : select fieldkey,fieldname,fieldtype,calcformula from wstablefields where tablename = 'fi' and documentnumber = 39
20241213@184938.8480 u4v01mgkd5dfe1ac96jltmru3f Query : insert into wsfidata (fistamp,ousrdata, ousrhora, usrdata,usrhora,ousrinis,usrinis ,qtt ,ftstamp ,epv,pvmoeda ,tabiva,iva,lordem ,ref, design ,lote,armazem,bistamp ) values ('aut675c829426675c81c2cd',getdate(),convert(char(8),convert (time,getdate())),getdate(),convert(char(8),convert (time,getdate())),'wsv','wsv',3.000 ,'aut675c882882675c81c150' ,0,0 ,2,23.00,360000,?,?,?,?,?)
20241213@184938.8693 u4v01mgkd5dfe1ac96jltmru3f Query : insert into wsftcreationlog (initialftstamp,externalid,creationstatus,documenttypeid,idustamp) values ('aut675c882882675c81c150','2408584','wait',39,'adm09112754980.682000002')
20241213@184938.8779 u4v01mgkd5dfe1ac96jltmru3f Query : use flama_phc
20241213@184938.8782 u4v01mgkd5dfe1ac96jltmru3f Query : update u_wsusers set rqsttoken =? where userid ='userls001'
20241213@184938.8813 u4v01mgkd5dfe1ac96jltmru3f Query : select concat(rtrim(relative_path),ltrim(name_new)) as valor from uploadfiles where uploadfile_id='3975';
20241213@184938.8858 u4v01mgkd5dfe1ac96jltmru3f Query : update uploadfiles set whenupdated=current_timestamp where uploadfile_id='3975';
20241213@184938.8916 u4v01mgkd5dfe1ac96jltmru3f Query : select concat(rtrim(relative_path),ltrim(name_new)) as valor from uploadfiles where uploadfile_id='3975';
20241213@184938.8949 u4v01mgkd5dfe1ac96jltmru3f Query : update uploadfiles set whenupdated=current_timestamp where uploadfile_id='3975';
20241213@184938.9480 84d3en8ibhcqn1mdhh5pjkfrkk Query : insert into uploadfiles ( name_original, name_new, option_type, relative_path, whencreated ) values ( ?, ?, ?, ?, getdate() )
20241213@184938.9494 84d3en8ibhcqn1mdhh5pjkfrkk Query : select uploadfile_id valor from uploadfiles where name_new = ? and option_type = ? 
20241213@184938.9568 84d3en8ibhcqn1mdhh5pjkfrkk Query : select concat(rtrim(relative_path),ltrim(name_new)) as valor from uploadfiles where uploadfile_id='3976';
20241213@184938.9635 84d3en8ibhcqn1mdhh5pjkfrkk Query : update uploadfiles set whenupdated=current_timestamp where uploadfile_id='3976';
20241213@184938.9701 84d3en8ibhcqn1mdhh5pjkfrkk Query : select concat(rtrim(relative_path),ltrim(name_new)) as valor from uploadfiles where uploadfile_id='3976';
20241213@184938.9734 84d3en8ibhcqn1mdhh5pjkfrkk Query : update uploadfiles set whenupdated=current_timestamp where uploadfile_id='3976';
20241213@184938.9807 84d3en8ibhcqn1mdhh5pjkfrkk Query : use flama_phc
20241213@184938.9811 84d3en8ibhcqn1mdhh5pjkfrkk Query : select top 1 secretkey valor from u_wsusers u where u.userid = ? and u.inactivo=0
20241213@184938.9898 84d3en8ibhcqn1mdhh5pjkfrkk Query : use flama_phc
20241213@184938.9901 84d3en8ibhcqn1mdhh5pjkfrkk Query : select no, estab,szadrsdesc from szadrs where u_coddest=2437
20241213@184938.9988 84d3en8ibhcqn1mdhh5pjkfrkk Query : select top 1 isnull(design,'') valor from st (nolock) left join stobs (nolock) on st.ref = stobs.ref where st.ref = '324.2907.00.1'
20241213@184939.9000 84d3en8ibhcqn1mdhh5pjkfrkk Query : select top 1 bistamp valor from bi inner join bo on bo.bostamp=bi.bostamp where bo.ndos =240 and bo.boano =2085 and bo.obrano = 2408586 and bi.ref ='324.2907.00.1' and bi.lordem =1
20241213@184939.4140 84d3en8ibhcqn1mdhh5pjkfrkk Query : select top 1 isnull(design,'') valor from st (nolock) left join stobs (nolock) on st.ref = stobs.ref where st.ref = '324.2031.00.1'
20241213@184939.5430 84d3en8ibhcqn1mdhh5pjkfrkk Query : select top 1 bistamp valor from bi inner join bo on bo.bostamp=bi.bostamp where bo.ndos =240 and bo.boano =2085 and bo.obrano = 2408586 and bi.ref ='324.2031.00.1' and bi.lordem =2
20241213@184939.8670 84d3en8ibhcqn1mdhh5pjkfrkk Query : select top 1 isnull(design,'') valor from st (nolock) left join stobs (nolock) on st.ref = stobs.ref where st.ref = '324.1462.00.1'
20241213@184939.8930 84d3en8ibhcqn1mdhh5pjkfrkk Query : select top 1 bistamp valor from bi inner join bo on bo.bostamp=bi.bostamp where bo.ndos =240 and bo.boano =2085 and bo.obrano = 2408586 and bi.ref ='324.1462.00.1' and bi.lordem =3
20241213@184939.1544 84d3en8ibhcqn1mdhh5pjkfrkk Query : select top 1 isnull(design,'') valor from st (nolock) left join stobs (nolock) on st.ref = stobs.ref where st.ref = '324.1462.00.1'
20241213@184939.1605 84d3en8ibhcqn1mdhh5pjkfrkk Query : select top 1 bistamp valor from bi inner join bo on bo.bostamp=bi.bostamp where bo.ndos =240 and bo.boano =2085 and bo.obrano = 2408586 and bi.ref ='324.1462.00.1' and bi.lordem =3
20241213@184939.1633 84d3en8ibhcqn1mdhh5pjkfrkk Query : select top 1 isnull(design,'') valor from st (nolock) left join stobs (nolock) on st.ref = stobs.ref where st.ref = '324.2041.00.1'
20241213@184939.1772 84d3en8ibhcqn1mdhh5pjkfrkk Query : select top 1 bistamp valor from bi inner join bo on bo.bostamp=bi.bostamp where bo.ndos =240 and bo.boano =2085 and bo.obrano = 2408586 and bi.ref ='324.2041.00.1' and bi.lordem =4
20241213@184939.2099 84d3en8ibhcqn1mdhh5pjkfrkk Query : select top 1 isnull(design,'') valor from st (nolock) left join stobs (nolock) on st.ref = stobs.ref where st.ref = '324.2231.00.2'
20241213@184939.2256 84d3en8ibhcqn1mdhh5pjkfrkk Query : select top 1 bistamp valor from bi inner join bo on bo.bostamp=bi.bostamp where bo.ndos =240 and bo.boano =2085 and bo.obrano = 2408586 and bi.ref ='324.2231.00.2' and bi.lordem =5
20241213@184939.2565 84d3en8ibhcqn1mdhh5pjkfrkk Query : select top 1 isnull(design,'') valor from st (nolock) left join stobs (nolock) on st.ref = stobs.ref where st.ref = '324.5500.00.1'
20241213@184939.2688 84d3en8ibhcqn1mdhh5pjkfrkk Query : select top 1 bistamp valor from bi inner join bo on bo.bostamp=bi.bostamp where bo.ndos =240 and bo.boano =2085 and bo.obrano = 2408586 and bi.ref ='324.5500.00.1' and bi.lordem =6
20241213@184939.3013 84d3en8ibhcqn1mdhh5pjkfrkk Query : select top 1 isnull(design,'') valor from st (nolock) left join stobs (nolock) on st.ref = stobs.ref where st.ref = '324.5343.00.1'
20241213@184939.3134 84d3en8ibhcqn1mdhh5pjkfrkk Query : select top 1 bistamp valor from bi inner join bo on bo.bostamp=bi.bostamp where bo.ndos =240 and bo.boano =2085 and bo.obrano = 2408586 and bi.ref ='324.5343.00.1' and bi.lordem =7
20241213@184939.3439 84d3en8ibhcqn1mdhh5pjkfrkk Query : select top 1 isnull(design,'') valor from st (nolock) left join stobs (nolock) on st.ref = stobs.ref where st.ref = '324.1685.00.1'
20241213@184939.3564 84d3en8ibhcqn1mdhh5pjkfrkk Query : select top 1 bistamp valor from bi inner join bo on bo.bostamp=bi.bostamp where bo.ndos =240 and bo.boano =2085 and bo.obrano = 2408586 and bi.ref ='324.1685.00.1' and bi.lordem =8
20241213@184939.3878 84d3en8ibhcqn1mdhh5pjkfrkk Query : select top 1 isnull(design,'') valor from st (nolock) left join stobs (nolock) on st.ref = stobs.ref where st.ref = '324.4970.00.1'
20241213@184939.4050 84d3en8ibhcqn1mdhh5pjkfrkk Query : select top 1 bistamp valor from bi inner join bo on bo.bostamp=bi.bostamp where bo.ndos =240 and bo.boano =2085 and bo.obrano = 2408586 and bi.ref ='324.4970.00.1' and bi.lordem =9
20241213@184939.4491 84d3en8ibhcqn1mdhh5pjkfrkk Query : select top 1 isnull(design,'') valor from st (nolock) left join stobs (nolock) on st.ref = stobs.ref where st.ref = '324.497.00.01'
20241213@184939.4626 84d3en8ibhcqn1mdhh5pjkfrkk Query : select top 1 bistamp valor from bi inner join bo on bo.bostamp=bi.bostamp where bo.ndos =240 and bo.boano =2085 and bo.obrano = 2408586 and bi.ref ='324.497.00.01' and bi.lordem =10
20241213@184939.4967 84d3en8ibhcqn1mdhh5pjkfrkk Query : select top 1 isnull(design,'') valor from st (nolock) left join stobs (nolock) on st.ref = stobs.ref where st.ref = '324.4964.00.1'
20241213@184939.5008 84d3en8ibhcqn1mdhh5pjkfrkk Query : select top 1 bistamp valor from bi inner join bo on bo.bostamp=bi.bostamp where bo.ndos =240 and bo.boano =2085 and bo.obrano = 2408586 and bi.ref ='324.4964.00.1' and bi.lordem =11
20241213@184939.5327 84d3en8ibhcqn1mdhh5pjkfrkk Query : select top 1 isnull(design,'') valor from st (nolock) left join stobs (nolock) on st.ref = stobs.ref where st.ref = '324.939.00.01'
20241213@184939.5453 84d3en8ibhcqn1mdhh5pjkfrkk Query : select top 1 bistamp valor from bi inner join bo on bo.bostamp=bi.bostamp where bo.ndos =240 and bo.boano =2085 and bo.obrano = 2408586 and bi.ref ='324.939.00.01' and bi.lordem =12
20241213@184939.5754 84d3en8ibhcqn1mdhh5pjkfrkk Query : select top 1 isnull(design,'') valor from st (nolock) left join stobs (nolock) on st.ref = stobs.ref where st.ref = '324.946.00.01'
20241213@184939.5873 84d3en8ibhcqn1mdhh5pjkfrkk Query : select top 1 bistamp valor from bi inner join bo on bo.bostamp=bi.bostamp where bo.ndos =240 and bo.boano =2085 and bo.obrano = 2408586 and bi.ref ='324.946.00.01' and bi.lordem =13
20241213@184939.6229 84d3en8ibhcqn1mdhh5pjkfrkk Query : select top 1 isnull(design,'') valor from st (nolock) left join stobs (nolock) on st.ref = stobs.ref where st.ref = '324.938.00.01'
20241213@184939.6356 84d3en8ibhcqn1mdhh5pjkfrkk Query : select top 1 bistamp valor from bi inner join bo on bo.bostamp=bi.bostamp where bo.ndos =240 and bo.boano =2085 and bo.obrano = 2408586 and bi.ref ='324.938.00.01' and bi.lordem =14
20241213@184939.6664 84d3en8ibhcqn1mdhh5pjkfrkk Query : select top 1 isnull(design,'') valor from st (nolock) left join stobs (nolock) on st.ref = stobs.ref where st.ref = '324.678.00.01'
20241213@184939.6793 84d3en8ibhcqn1mdhh5pjkfrkk Query : select top 1 bistamp valor from bi inner join bo on bo.bostamp=bi.bostamp where bo.ndos =240 and bo.boano =2085 and bo.obrano = 2408586 and bi.ref ='324.678.00.01' and bi.lordem =15
20241213@184939.7922 84d3en8ibhcqn1mdhh5pjkfrkk Query : select top 1 isnull(design,'') valor from st (nolock) left join stobs (nolock) on st.ref = stobs.ref where st.ref = '324.691.00.01'
20241213@184939.8402 84d3en8ibhcqn1mdhh5pjkfrkk Query : select top 1 bistamp valor from bi inner join bo on bo.bostamp=bi.bostamp where bo.ndos =240 and bo.boano =2085 and bo.obrano = 2408586 and bi.ref ='324.691.00.01' and bi.lordem =16
20241213@184939.8723 84d3en8ibhcqn1mdhh5pjkfrkk Query : select top 1 isnull(design,'') valor from st (nolock) left join stobs (nolock) on st.ref = stobs.ref where st.ref = '324.1321.00.1'
20241213@184939.8839 84d3en8ibhcqn1mdhh5pjkfrkk Query : select top 1 bistamp valor from bi inner join bo on bo.bostamp=bi.bostamp where bo.ndos =240 and bo.boano =2085 and bo.obrano = 2408586 and bi.ref ='324.1321.00.1' and bi.lordem =17
20241213@184939.9176 84d3en8ibhcqn1mdhh5pjkfrkk Query : select top 1 isnull(design,'') valor from st (nolock) left join stobs (nolock) on st.ref = stobs.ref where st.ref = '324.1321.00.1'
20241213@184939.9197 84d3en8ibhcqn1mdhh5pjkfrkk Query : select top 1 bistamp valor from bi inner join bo on bo.bostamp=bi.bostamp where bo.ndos =240 and bo.boano =2085 and bo.obrano = 2408586 and bi.ref ='324.1321.00.1' and bi.lordem =17
20241213@184939.9215 84d3en8ibhcqn1mdhh5pjkfrkk Query : select top 1 isnull(design,'') valor from st (nolock) left join stobs (nolock) on st.ref = stobs.ref where st.ref = '324.711.00.01'
20241213@184939.9236 84d3en8ibhcqn1mdhh5pjkfrkk Query : select top 1 bistamp valor from bi inner join bo on bo.bostamp=bi.bostamp where bo.ndos =240 and bo.boano =2085 and bo.obrano = 2408586 and bi.ref ='324.711.00.01' and bi.lordem =18
20241213@184939.9592 84d3en8ibhcqn1mdhh5pjkfrkk Query : select top 1 isnull(design,'') valor from st (nolock) left join stobs (nolock) on st.ref = stobs.ref where st.ref = '324.1256.00.1'
20241213@184939.9714 84d3en8ibhcqn1mdhh5pjkfrkk Query : select top 1 bistamp valor from bi inner join bo on bo.bostamp=bi.bostamp where bo.ndos =240 and bo.boano =2085 and bo.obrano = 2408586 and bi.ref ='324.1256.00.1' and bi.lordem =19
20241213@184940.2800 84d3en8ibhcqn1mdhh5pjkfrkk Query : select top 1 isnull(design,'') valor from st (nolock) left join stobs (nolock) on st.ref = stobs.ref where st.ref = '324.1884.00.1'
20241213@184940.5100 84d3en8ibhcqn1mdhh5pjkfrkk Query : select top 1 bistamp valor from bi inner join bo on bo.bostamp=bi.bostamp where bo.ndos =240 and bo.boano =2085 and bo.obrano = 2408586 and bi.ref ='324.1884.00.1' and bi.lordem =20
20241213@184940.3690 84d3en8ibhcqn1mdhh5pjkfrkk Query : select top 1 isnull(design,'') valor from st (nolock) left join stobs (nolock) on st.ref = stobs.ref where st.ref = '324.1578.00.1'
20241213@184940.4930 84d3en8ibhcqn1mdhh5pjkfrkk Query : select top 1 bistamp valor from bi inner join bo on bo.bostamp=bi.bostamp where bo.ndos =240 and bo.boano =2085 and bo.obrano = 2408586 and bi.ref ='324.1578.00.1' and bi.lordem =21
20241213@184940.7940 84d3en8ibhcqn1mdhh5pjkfrkk Query : select top 1 isnull(design,'') valor from st (nolock) left join stobs (nolock) on st.ref = stobs.ref where st.ref = '324.1832.00.2'
20241213@184940.8170 84d3en8ibhcqn1mdhh5pjkfrkk Query : select top 1 bistamp valor from bi inner join bo on bo.bostamp=bi.bostamp where bo.ndos =240 and bo.boano =2085 and bo.obrano = 2408586 and bi.ref ='324.1832.00.2' and bi.lordem =22
20241213@184940.1173 84d3en8ibhcqn1mdhh5pjkfrkk Query : select top 1 isnull(design,'') valor from st (nolock) left join stobs (nolock) on st.ref = stobs.ref where st.ref = '324.1833.00.2'
20241213@184940.1199 84d3en8ibhcqn1mdhh5pjkfrkk Query : select top 1 bistamp valor from bi inner join bo on bo.bostamp=bi.bostamp where bo.ndos =240 and bo.boano =2085 and bo.obrano = 2408586 and bi.ref ='324.1833.00.2' and bi.lordem =23
20241213@184940.1552 84d3en8ibhcqn1mdhh5pjkfrkk Query : select top 1 isnull(design,'') valor from st (nolock) left join stobs (nolock) on st.ref = stobs.ref where st.ref = '324.1805.00.1'
20241213@184940.1877 84d3en8ibhcqn1mdhh5pjkfrkk Query : select top 1 bistamp valor from bi inner join bo on bo.bostamp=bi.bostamp where bo.ndos =240 and bo.boano =2085 and bo.obrano = 2408586 and bi.ref ='324.1805.00.1' and bi.lordem =24
20241213@184940.2204 84d3en8ibhcqn1mdhh5pjkfrkk Query : select top 1 isnull(design,'') valor from st (nolock) left join stobs (nolock) on st.ref = stobs.ref where st.ref = '324.1805.00.1'
20241213@184940.2243 84d3en8ibhcqn1mdhh5pjkfrkk Query : select top 1 bistamp valor from bi inner join bo on bo.bostamp=bi.bostamp where bo.ndos =240 and bo.boano =2085 and bo.obrano = 2408586 and bi.ref ='324.1805.00.1' and bi.lordem =24
20241213@184940.2260 84d3en8ibhcqn1mdhh5pjkfrkk Query : select top 1 isnull(design,'') valor from st (nolock) left join stobs (nolock) on st.ref = stobs.ref where st.ref = '324.1862.00.1'
20241213@184940.2283 84d3en8ibhcqn1mdhh5pjkfrkk Query : select top 1 bistamp valor from bi inner join bo on bo.bostamp=bi.bostamp where bo.ndos =240 and bo.boano =2085 and bo.obrano = 2408586 and bi.ref ='324.1862.00.1' and bi.lordem =25
20241213@184940.2587 84d3en8ibhcqn1mdhh5pjkfrkk Query : select top 1 isnull(design,'') valor from st (nolock) left join stobs (nolock) on st.ref = stobs.ref where st.ref = '324.1862.00.1'
20241213@184940.2609 84d3en8ibhcqn1mdhh5pjkfrkk Query : select top 1 bistamp valor from bi inner join bo on bo.bostamp=bi.bostamp where bo.ndos =240 and bo.boano =2085 and bo.obrano = 2408586 and bi.ref ='324.1862.00.1' and bi.lordem =25
20241213@184940.2628 84d3en8ibhcqn1mdhh5pjkfrkk Query : use flama_phc
20241213@184940.2632 84d3en8ibhcqn1mdhh5pjkfrkk Query : select top 1 convert(date,fdata) valor from ft where ndoc = 39 and anulado= 0 and fno>0 order by fdata desc
20241213@184940.2663 84d3en8ibhcqn1mdhh5pjkfrkk Query : use flama_phc
20241213@184940.2666 84d3en8ibhcqn1mdhh5pjkfrkk Query : select top 1 1 valor from td where td.ndoc = 39
20241213@184940.2700 84d3en8ibhcqn1mdhh5pjkfrkk Query : use flama_phc
20241213@184940.2704 84d3en8ibhcqn1mdhh5pjkfrkk Query : select lower(descricao) descricao ,case when valor='s' then 1 else 0 end valor from para1 where descricao in ('st_lote','st_usalogifunc', 'st_grelha')
20241213@184940.2732 84d3en8ibhcqn1mdhh5pjkfrkk Query : select top 1 manternumero ,assinadoc issigned ,tiposaft ,assinaimp ,nmdos ,td.assinadoc ,'cl' origin ,lancasl stocks ,case when cmsl<50 and td.lancasl=1 then 1 else 0 end entrada ,case when cmsl>50 and td.lancasl=1 then 1 else 0 end saida ,temserie assets ,~semgre usegridfields from td inner join td2 on td.tdstamp=td2.td2stamp where td.ndoc = 1
20241213@184940.2768 84d3en8ibhcqn1mdhh5pjkfrkk Query : use flama_phc
20241213@184940.2771 84d3en8ibhcqn1mdhh5pjkfrkk Query : select top 1 ~inactivo valor from cl where no = '200500' and estab = 0 order by inactivo desc
20241213@184940.2806 84d3en8ibhcqn1mdhh5pjkfrkk Query : use flama_phc
20241213@184940.2808 84d3en8ibhcqn1mdhh5pjkfrkk Query : select top 1 tipodoc,regrd from td where ndoc = 39
20241213@184940.2839 84d3en8ibhcqn1mdhh5pjkfrkk Query : use flama_phc
20241213@184940.2842 84d3en8ibhcqn1mdhh5pjkfrkk Query : select szadrsstamp valor from szadrs where szadrsdesc='espaÇotrans,lda'
20241213@184940.2886 84d3en8ibhcqn1mdhh5pjkfrkk Query : use flama_phc
20241213@184940.2889 84d3en8ibhcqn1mdhh5pjkfrkk Query : select szadrsstamp valor from szadrs where szadrsdesc='mirandis,s.l.'
20241213@184940.2935 84d3en8ibhcqn1mdhh5pjkfrkk Query : use flama_phc
20241213@184940.2937 84d3en8ibhcqn1mdhh5pjkfrkk Query : select 1 valor from td where ndoc = 39
20241213@184940.2949 84d3en8ibhcqn1mdhh5pjkfrkk Query : select top 1 manternumero, tiposaft, nmdos,td.assinadoc from td where td.ndoc = 39
20241213@184940.2963 84d3en8ibhcqn1mdhh5pjkfrkk Query : select 1 valor from information_schema.tables where table_type='base table' and table_name='wstablefields'
20241213@184940.2981 84d3en8ibhcqn1mdhh5pjkfrkk Query : select fieldkey,fieldname,fieldtype,mandatory from wstablefields where tablename = 'ft' and documentnumber = 39
20241213@184940.2999 84d3en8ibhcqn1mdhh5pjkfrkk Query : select 1 valor from information_schema.tables where table_type='base table' and table_name='wstablefields'
20241213@184940.3013 84d3en8ibhcqn1mdhh5pjkfrkk Query : select fieldkey,fieldname,fieldtype,mandatory from wstablefields where tablename = 'ft2' and documentnumber = 39
20241213@184940.3041 84d3en8ibhcqn1mdhh5pjkfrkk Query : select 1 valor from information_schema.tables where table_type='base table' and table_name='wstablefields'
20241213@184940.3055 84d3en8ibhcqn1mdhh5pjkfrkk Query : select fieldkey,fieldname,fieldtype,mandatory from wstablefields where tablename = 'ft3' and documentnumber = 39
20241213@184940.3068 84d3en8ibhcqn1mdhh5pjkfrkk Query : select top 1 ft.fno valor from ft ft where ft.ndoc = 39 and ftano=2024 order by fno desc
20241213@184940.3125 84d3en8ibhcqn1mdhh5pjkfrkk Query : select top 1 ft.fno valor from wsftdata ft where ft.ndoc = 39 and ftano=2024 order by fno desc
20241213@184940.3139 84d3en8ibhcqn1mdhh5pjkfrkk Query : select 1 valor from information_schema.tables where table_type='base table' and table_name='wstablefields'
20241213@184940.3154 84d3en8ibhcqn1mdhh5pjkfrkk Query : select fieldkey,fieldname,fieldtype,calcformula from wstablefields where tablename = 'ft3' and documentnumber = 39
20241213@184940.3168 84d3en8ibhcqn1mdhh5pjkfrkk Query : insert into wsft3data (ft3stamp, ousrdata, ousrhora, usrdata,usrhora,ousrinis,usrinis,taxpointdt ) values ('aut675c835837675c81c44a' ,getdate(),convert(char(8),convert (time,getdate())),getdate(),convert(char(8),convert (time,getdate())),'wsv','wsv',?)
20241213@184940.3324 84d3en8ibhcqn1mdhh5pjkfrkk Query : select 1 valor from information_schema.tables where table_type='base table' and table_name='wstablefields'
20241213@184940.3341 84d3en8ibhcqn1mdhh5pjkfrkk Query : select fieldkey,fieldname,fieldtype,calcformula from wstablefields where tablename = 'ft2' and documentnumber = 39
20241213@184940.3372 84d3en8ibhcqn1mdhh5pjkfrkk Query : select top 1 bo.u_nomeenv valor from bo where bo.bostamp=''
20241213@184940.3401 84d3en8ibhcqn1mdhh5pjkfrkk Query : select top 1 bo.u_moradaen valor from bo where bo.bostamp=''
20241213@184940.3413 84d3en8ibhcqn1mdhh5pjkfrkk Query : select top 1 bo.u_codposen valor from bo where bo.bostamp=''
20241213@184940.3425 84d3en8ibhcqn1mdhh5pjkfrkk Query : select top 1 bo.u_localenv valor from bo where bo.bostamp=''
20241213@184940.3459 84d3en8ibhcqn1mdhh5pjkfrkk Query : select top 1 bo.trab5 valor from bo where bo.bostamp=''
20241213@184940.3470 84d3en8ibhcqn1mdhh5pjkfrkk Query : select top 1 bo.serie valor from bo where bo.bostamp=''
20241213@184940.3481 84d3en8ibhcqn1mdhh5pjkfrkk Query : insert into wsft2data (ft2stamp, ousrdata,ousrhora, usrdata,usrhora,ousrinis,usrinis,u_nomeenv ,u_moradaen ,u_codposen ,u_localenv ,u_coddest ,u_codby ) values ('aut675c835837675c81c44a',getdate(),convert(char(8),convert (time,getdate())),getdate(),convert(char(8),convert (time,getdate())),'wsv','wsv',?,?,?,?,?,?)
20241213@184940.3691 84d3en8ibhcqn1mdhh5pjkfrkk Query : select top 1 fno valor from wsftdata order by fno desc
20241213@184940.3723 84d3en8ibhcqn1mdhh5pjkfrkk Query : select 1 valor from information_schema.tables where table_type='base table' and table_name='wstablefields'
20241213@184940.3740 84d3en8ibhcqn1mdhh5pjkfrkk Query : select fieldkey,fieldname,fieldtype,calcformula from wstablefields where tablename = 'ft' and documentnumber = 39
20241213@184940.3795 84d3en8ibhcqn1mdhh5pjkfrkk Query : select 'normal' from dummy
20241213@184940.3810 84d3en8ibhcqn1mdhh5pjkfrkk Query : insert into wsftdata (ftstamp, ousrdata,ousrhora, usrdata,usrhora,ousrinis,usrinis,fno,no,estab,fdata,ndoc,moeda,cambio,cambiofixo,ftano,site ,classe ) values ('aut675c835837675c81c44a',getdate(),convert(char(8),convert (time,getdate())),getdate(),convert(char(8),convert (time,getdate())),'wsv','wsv',2457,200500,0,'2024-12-13',39,'euro',0,0,2024 ,?,?)
20241213@184940.4106 84d3en8ibhcqn1mdhh5pjkfrkk Query : use flama_phc
20241213@184940.4109 84d3en8ibhcqn1mdhh5pjkfrkk Query : select st.usalote valor from st where st.ref = '324.2907.00.1'
20241213@184940.4131 84d3en8ibhcqn1mdhh5pjkfrkk Query : select top 1 st.tabiva ,st.ivaincl ,st.stns ,st.uni2 ,st.familia ,isnull(tx.taxa, 0) txiva ,unidade ,usalote ,epcpond ,noserie ,conversao ,st.texteis from st left join taxasiva tx on st.tabiva = tx.codigo where st.ref = '324.2907.00.1'
20241213@184940.4146 84d3en8ibhcqn1mdhh5pjkfrkk Query : select 1 valor from information_schema.tables where table_type='base table' and table_name='wstablefields'
20241213@184940.4162 84d3en8ibhcqn1mdhh5pjkfrkk Query : select fieldkey,fieldname,fieldtype,mandatory from wstablefields where tablename = 'fi' and documentnumber = 39
20241213@184940.4187 84d3en8ibhcqn1mdhh5pjkfrkk Query : select 1 valor from information_schema.tables where table_type='base table' and table_name='wstablefields'
20241213@184940.4201 84d3en8ibhcqn1mdhh5pjkfrkk Query : select fieldkey,fieldname,fieldtype,mandatory from wstablefields where tablename = 'fi2' and documentnumber = 39
20241213@184940.4209 84d3en8ibhcqn1mdhh5pjkfrkk Query : select top 1 convert(numeric(6,2),t.taxa) valor from taxasiva t where t.codigo='2'
20241213@184940.4220 84d3en8ibhcqn1mdhh5pjkfrkk Query : select sestamp valor from se where ref ='324.2907.00.1' and lote = 'r2400091200a'
20241213@184940.4234 84d3en8ibhcqn1mdhh5pjkfrkk Query : select 1 valor from information_schema.tables where table_type='base table' and table_name='wstablefields'
20241213@184940.4250 84d3en8ibhcqn1mdhh5pjkfrkk Query : select fieldkey,fieldname,fieldtype,calcformula from wstablefields where tablename = 'fi2' and documentnumber = 39
20241213@184940.4261 84d3en8ibhcqn1mdhh5pjkfrkk Query : insert into wsfi2data (fi2stamp,ftstamp ,ousrdata, ousrhora, usrdata,usrhora,ousrinis,usrinis) values ('aut675c857414675c81c467','aut675c835837675c81c44a' ,getdate(),convert(char(8),convert (time,getdate())),getdate(),convert(char(8),convert (time,getdate())),'wsv','wsv')
20241213@184940.4265 84d3en8ibhcqn1mdhh5pjkfrkk Query : select 1 valor from information_schema.tables where table_type='base table' and table_name='wstablefields'
20241213@184940.4279 84d3en8ibhcqn1mdhh5pjkfrkk Query : select fieldkey,fieldname,fieldtype,calcformula from wstablefields where tablename = 'fi' and documentnumber = 39
20241213@184940.4327 84d3en8ibhcqn1mdhh5pjkfrkk Query : insert into wsfidata (fistamp,ousrdata, ousrhora, usrdata,usrhora,ousrinis,usrinis ,qtt ,ftstamp ,epv,pvmoeda ,tabiva,iva,lordem ,ref, design ,lote,armazem,bistamp ) values ('aut675c857414675c81c467',getdate(),convert(char(8),convert (time,getdate())),getdate(),convert(char(8),convert (time,getdate())),'wsv','wsv',4.000 ,'aut675c835837675c81c44a' ,0,0 ,2,23.00,10000,?,?,?,?,?)
20241213@184940.4549 84d3en8ibhcqn1mdhh5pjkfrkk Query : use flama_phc
20241213@184940.4552 84d3en8ibhcqn1mdhh5pjkfrkk Query : select st.usalote valor from st where st.ref = '324.2031.00.1'
20241213@184940.4571 84d3en8ibhcqn1mdhh5pjkfrkk Query : select top 1 st.tabiva ,st.ivaincl ,st.stns ,st.uni2 ,st.familia ,isnull(tx.taxa, 0) txiva ,unidade ,usalote ,epcpond ,noserie ,conversao ,st.texteis from st left join taxasiva tx on st.tabiva = tx.codigo where st.ref = '324.2031.00.1'
20241213@184940.4697 84d3en8ibhcqn1mdhh5pjkfrkk Query : select 1 valor from information_schema.tables where table_type='base table' and table_name='wstablefields'
20241213@184940.4714 84d3en8ibhcqn1mdhh5pjkfrkk Query : select fieldkey,fieldname,fieldtype,mandatory from wstablefields where tablename = 'fi' and documentnumber = 39
20241213@184940.4763 84d3en8ibhcqn1mdhh5pjkfrkk Query : select 1 valor from information_schema.tables where table_type='base table' and table_name='wstablefields'
20241213@184940.4778 84d3en8ibhcqn1mdhh5pjkfrkk Query : select fieldkey,fieldname,fieldtype,mandatory from wstablefields where tablename = 'fi2' and documentnumber = 39
20241213@184940.4786 84d3en8ibhcqn1mdhh5pjkfrkk Query : select top 1 convert(numeric(6,2),t.taxa) valor from taxasiva t where t.codigo='2'
20241213@184940.4798 84d3en8ibhcqn1mdhh5pjkfrkk Query : select sestamp valor from se where ref ='324.2031.00.1' and lote = 'r2100232100a'
20241213@184940.4818 84d3en8ibhcqn1mdhh5pjkfrkk Query : select 1 valor from information_schema.tables where table_type='base table' and table_name='wstablefields'
20241213@184940.4833 84d3en8ibhcqn1mdhh5pjkfrkk Query : select fieldkey,fieldname,fieldtype,calcformula from wstablefields where tablename = 'fi2' and documentnumber = 39
20241213@184940.4844 84d3en8ibhcqn1mdhh5pjkfrkk Query : insert into wsfi2data (fi2stamp,ftstamp ,ousrdata, ousrhora, usrdata,usrhora,ousrinis,usrinis) values ('aut675c805467675c81c475','aut675c835837675c81c44a' ,getdate(),convert(char(8),convert (time,getdate())),getdate(),convert(char(8),convert (time,getdate())),'wsv','wsv')
20241213@184940.4849 84d3en8ibhcqn1mdhh5pjkfrkk Query : select 1 valor from information_schema.tables where table_type='base table' and table_name='wstablefields'
20241213@184940.4863 84d3en8ibhcqn1mdhh5pjkfrkk Query : select fieldkey,fieldname,fieldtype,calcformula from wstablefields where tablename = 'fi' and documentnumber = 39
20241213@184940.4890 84d3en8ibhcqn1mdhh5pjkfrkk Query : insert into wsfidata (fistamp,ousrdata, ousrhora, usrdata,usrhora,ousrinis,usrinis ,qtt ,ftstamp ,epv,pvmoeda ,tabiva,iva,lordem ,ref, design ,lote,armazem,bistamp ) values ('aut675c805467675c81c475',getdate(),convert(char(8),convert (time,getdate())),getdate(),convert(char(8),convert (time,getdate())),'wsv','wsv',12.000 ,'aut675c835837675c81c44a' ,0,0 ,2,23.00,20000,?,?,?,?,?)
20241213@184940.5128 84d3en8ibhcqn1mdhh5pjkfrkk Query : select 1 valor from information_schema.tables where table_type='base table' and table_name='wstablefields'
20241213@184940.5145 84d3en8ibhcqn1mdhh5pjkfrkk Query : select fieldkey,fieldname,fieldtype,mandatory from wstablefields where tablename = 'fi' and documentnumber = 39
20241213@184940.5171 84d3en8ibhcqn1mdhh5pjkfrkk Query : select 1 valor from information_schema.tables where table_type='base table' and table_name='wstablefields'
20241213@184940.5185 84d3en8ibhcqn1mdhh5pjkfrkk Query : select fieldkey,fieldname,fieldtype,mandatory from wstablefields where tablename = 'fi2' and documentnumber = 39
20241213@184940.5213 84d3en8ibhcqn1mdhh5pjkfrkk Query : select top 1 convert(numeric(6,2),t.taxa) valor from taxasiva t where t.codigo='2'
20241213@184940.5225 84d3en8ibhcqn1mdhh5pjkfrkk Query : select 1 valor from information_schema.tables where table_type='base table' and table_name='wstablefields'
20241213@184940.5239 84d3en8ibhcqn1mdhh5pjkfrkk Query : select fieldkey,fieldname,fieldtype,calcformula from wstablefields where tablename = 'fi2' and documentnumber = 39
20241213@184940.5250 84d3en8ibhcqn1mdhh5pjkfrkk Query : insert into wsfi2data (fi2stamp,ftstamp ,ousrdata, ousrhora, usrdata,usrhora,ousrinis,usrinis) values ('aut675c845714675c81c47f','aut675c835837675c81c44a' ,getdate(),convert(char(8),convert (time,getdate())),getdate(),convert(char(8),convert (time,getdate())),'wsv','wsv')
20241213@184940.5254 84d3en8ibhcqn1mdhh5pjkfrkk Query : select 1 valor from information_schema.tables where table_type='base table' and table_name='wstablefields'
20241213@184940.5268 84d3en8ibhcqn1mdhh5pjkfrkk Query : select fieldkey,fieldname,fieldtype,calcformula from wstablefields where tablename = 'fi' and documentnumber = 39
20241213@184940.5310 84d3en8ibhcqn1mdhh5pjkfrkk Query : insert into wsfidata (fistamp,ousrdata, ousrhora, usrdata,usrhora,ousrinis,usrinis ,qtt ,ftstamp ,epv,pvmoeda ,tabiva,iva,lordem ,ref, design ,armazem) values ('aut675c845714675c81c47f',getdate(),convert(char(8),convert (time,getdate())),getdate(),convert(char(8),convert (time,getdate())),'wsv','wsv',0 ,'aut675c835837675c81c44a' ,0,0 ,2,23.00,30000,?,?,?)
20241213@184940.5528 84d3en8ibhcqn1mdhh5pjkfrkk Query : use flama_phc
20241213@184940.5531 84d3en8ibhcqn1mdhh5pjkfrkk Query : select st.usalote valor from st where st.ref = '324.1462.00.1'
20241213@184940.5549 84d3en8ibhcqn1mdhh5pjkfrkk Query : select top 1 st.tabiva ,st.ivaincl ,st.stns ,st.uni2 ,st.familia ,isnull(tx.taxa, 0) txiva ,unidade ,usalote ,epcpond ,noserie ,conversao ,st.texteis from st left join taxasiva tx on st.tabiva = tx.codigo where st.ref = '324.1462.00.1'
20241213@184940.5583 84d3en8ibhcqn1mdhh5pjkfrkk Query : select 1 valor from information_schema.tables where table_type='base table' and table_name='wstablefields'
20241213@184940.5598 84d3en8ibhcqn1mdhh5pjkfrkk Query : select fieldkey,fieldname,fieldtype,mandatory from wstablefields where tablename = 'fi' and documentnumber = 39
20241213@184940.5623 84d3en8ibhcqn1mdhh5pjkfrkk Query : select 1 valor from information_schema.tables where table_type='base table' and table_name='wstablefields'
20241213@184940.5639 84d3en8ibhcqn1mdhh5pjkfrkk Query : select fieldkey,fieldname,fieldtype,mandatory from wstablefields where tablename = 'fi2' and documentnumber = 39
20241213@184940.5648 84d3en8ibhcqn1mdhh5pjkfrkk Query : select top 1 convert(numeric(6,2),t.taxa) valor from taxasiva t where t.codigo='2'
20241213@184940.5659 84d3en8ibhcqn1mdhh5pjkfrkk Query : select sestamp valor from se where ref ='324.1462.00.1' and lote = 'r2100463100a'
20241213@184940.5671 84d3en8ibhcqn1mdhh5pjkfrkk Query : select 1 valor from information_schema.tables where table_type='base table' and table_name='wstablefields'
20241213@184940.5685 84d3en8ibhcqn1mdhh5pjkfrkk Query : select fieldkey,fieldname,fieldtype,calcformula from wstablefields where tablename = 'fi2' and documentnumber = 39
20241213@184940.5710 84d3en8ibhcqn1mdhh5pjkfrkk Query : insert into wsfi2data (fi2stamp,ftstamp ,ousrdata, ousrhora, usrdata,usrhora,ousrinis,usrinis) values ('aut675c853600675c81c48a','aut675c835837675c81c44a' ,getdate(),convert(char(8),convert (time,getdate())),getdate(),convert(char(8),convert (time,getdate())),'wsv','wsv')
20241213@184940.5714 84d3en8ibhcqn1mdhh5pjkfrkk Query : select 1 valor from information_schema.tables where table_type='base table' and table_name='wstablefields'
20241213@184940.5729 84d3en8ibhcqn1mdhh5pjkfrkk Query : select fieldkey,fieldname,fieldtype,calcformula from wstablefields where tablename = 'fi' and documentnumber = 39
20241213@184940.5754 84d3en8ibhcqn1mdhh5pjkfrkk Query : insert into wsfidata (fistamp,ousrdata, ousrhora, usrdata,usrhora,ousrinis,usrinis ,qtt ,ftstamp ,epv,pvmoeda ,tabiva,iva,lordem ,ref, design ,lote,armazem,bistamp ) values ('aut675c853600675c81c48a',getdate(),convert(char(8),convert (time,getdate())),getdate(),convert(char(8),convert (time,getdate())),'wsv','wsv',8.000 ,'aut675c835837675c81c44a' ,0,0 ,2,23.00,50000,?,?,?,?,?)
20241213@184940.5981 84d3en8ibhcqn1mdhh5pjkfrkk Query : use flama_phc
20241213@184940.5984 84d3en8ibhcqn1mdhh5pjkfrkk Query : select st.usalote valor from st where st.ref = '324.1462.00.1'
20241213@184940.6003 84d3en8ibhcqn1mdhh5pjkfrkk Query : select top 1 st.tabiva ,st.ivaincl ,st.stns ,st.uni2 ,st.familia ,isnull(tx.taxa, 0) txiva ,unidade ,usalote ,epcpond ,noserie ,conversao ,st.texteis from st left join taxasiva tx on st.tabiva = tx.codigo where st.ref = '324.1462.00.1'
20241213@184940.6022 84d3en8ibhcqn1mdhh5pjkfrkk Query : select 1 valor from information_schema.tables where table_type='base table' and table_name='wstablefields'
20241213@184940.6037 84d3en8ibhcqn1mdhh5pjkfrkk Query : select fieldkey,fieldname,fieldtype,mandatory from wstablefields where tablename = 'fi' and documentnumber = 39
20241213@184940.6065 84d3en8ibhcqn1mdhh5pjkfrkk Query : select 1 valor from information_schema.tables where table_type='base table' and table_name='wstablefields'
20241213@184940.6079 84d3en8ibhcqn1mdhh5pjkfrkk Query : select fieldkey,fieldname,fieldtype,mandatory from wstablefields where tablename = 'fi2' and documentnumber = 39
20241213@184940.6087 84d3en8ibhcqn1mdhh5pjkfrkk Query : select top 1 convert(numeric(6,2),t.taxa) valor from taxasiva t where t.codigo='2'
20241213@184940.6099 84d3en8ibhcqn1mdhh5pjkfrkk Query : select sestamp valor from se where ref ='324.1462.00.1' and lote = 'r2100463100a'
20241213@184940.6111 84d3en8ibhcqn1mdhh5pjkfrkk Query : select 1 valor from information_schema.tables where table_type='base table' and table_name='wstablefields'
20241213@184940.6125 84d3en8ibhcqn1mdhh5pjkfrkk Query : select fieldkey,fieldname,fieldtype,calcformula from wstablefields where tablename = 'fi2' and documentnumber = 39
20241213@184940.6136 84d3en8ibhcqn1mdhh5pjkfrkk Query : insert into wsfi2data (fi2stamp,ftstamp ,ousrdata, ousrhora, usrdata,usrhora,ousrinis,usrinis) values ('aut675c842357675c81c495','aut675c835837675c81c44a' ,getdate(),convert(char(8),convert (time,getdate())),getdate(),convert(char(8),convert (time,getdate())),'wsv','wsv')
20241213@184940.6140 84d3en8ibhcqn1mdhh5pjkfrkk Query : select 1 valor from information_schema.tables where table_type='base table' and table_name='wstablefields'
20241213@184940.6153 84d3en8ibhcqn1mdhh5pjkfrkk Query : select fieldkey,fieldname,fieldtype,calcformula from wstablefields where tablename = 'fi' and documentnumber = 39
20241213@184940.6191 84d3en8ibhcqn1mdhh5pjkfrkk Query : insert into wsfidata (fistamp,ousrdata, ousrhora, usrdata,usrhora,ousrinis,usrinis ,qtt ,ftstamp ,epv,pvmoeda ,tabiva,iva,lordem ,ref, design ,lote,armazem,bistamp ) values ('aut675c842357675c81c495',getdate(),convert(char(8),convert (time,getdate())),getdate(),convert(char(8),convert (time,getdate())),'wsv','wsv',4.000 ,'aut675c835837675c81c44a' ,0,0 ,2,23.00,60000,?,?,?,?,?)
20241213@184940.6407 84d3en8ibhcqn1mdhh5pjkfrkk Query : use flama_phc
20241213@184940.6410 84d3en8ibhcqn1mdhh5pjkfrkk Query : select st.usalote valor from st where st.ref = '324.2041.00.1'
20241213@184940.6430 84d3en8ibhcqn1mdhh5pjkfrkk Query : select top 1 st.tabiva ,st.ivaincl ,st.stns ,st.uni2 ,st.familia ,isnull(tx.taxa, 0) txiva ,unidade ,usalote ,epcpond ,noserie ,conversao ,st.texteis from st left join taxasiva tx on st.tabiva = tx.codigo where st.ref = '324.2041.00.1'
20241213@184940.6556 84d3en8ibhcqn1mdhh5pjkfrkk Query : select 1 valor from information_schema.tables where table_type='base table' and table_name='wstablefields'
20241213@184940.7882 84d3en8ibhcqn1mdhh5pjkfrkk Query : select fieldkey,fieldname,fieldtype,mandatory from wstablefields where tablename = 'fi' and documentnumber = 39
20241213@184940.7910 84d3en8ibhcqn1mdhh5pjkfrkk Query : select 1 valor from information_schema.tables where table_type='base table' and table_name='wstablefields'
20241213@184940.7927 84d3en8ibhcqn1mdhh5pjkfrkk Query : select fieldkey,fieldname,fieldtype,mandatory from wstablefields where tablename = 'fi2' and documentnumber = 39
20241213@184940.7937 84d3en8ibhcqn1mdhh5pjkfrkk Query : select top 1 convert(numeric(6,2),t.taxa) valor from taxasiva t where t.codigo='2'
20241213@184940.7950 84d3en8ibhcqn1mdhh5pjkfrkk Query : select sestamp valor from se where ref ='324.2041.00.1' and lote = 'r2100232100a'
20241213@184940.7964 84d3en8ibhcqn1mdhh5pjkfrkk Query : select 1 valor from information_schema.tables where table_type='base table' and table_name='wstablefields'
20241213@184940.7979 84d3en8ibhcqn1mdhh5pjkfrkk Query : select fieldkey,fieldname,fieldtype,calcformula from wstablefields where tablename = 'fi2' and documentnumber = 39
20241213@184940.7991 84d3en8ibhcqn1mdhh5pjkfrkk Query : insert into wsfi2data (fi2stamp,ftstamp ,ousrdata, ousrhora, usrdata,usrhora,ousrinis,usrinis) values ('aut675c821011675c81c4c2','aut675c835837675c81c44a' ,getdate(),convert(char(8),convert (time,getdate())),getdate(),convert(char(8),convert (time,getdate())),'wsv','wsv')
20241213@184940.7996 84d3en8ibhcqn1mdhh5pjkfrkk Query : select 1 valor from information_schema.tables where table_type='base table' and table_name='wstablefields'
20241213@184940.8010 84d3en8ibhcqn1mdhh5pjkfrkk Query : select fieldkey,fieldname,fieldtype,calcformula from wstablefields where tablename = 'fi' and documentnumber = 39
20241213@184940.8040 84d3en8ibhcqn1mdhh5pjkfrkk Query : insert into wsfidata (fistamp,ousrdata, ousrhora, usrdata,usrhora,ousrinis,usrinis ,qtt ,ftstamp ,epv,pvmoeda ,tabiva,iva,lordem ,ref, design ,lote,armazem,bistamp ) values ('aut675c821011675c81c4c2',getdate(),convert(char(8),convert (time,getdate())),getdate(),convert(char(8),convert (time,getdate())),'wsv','wsv',6.000 ,'aut675c835837675c81c44a' ,0,0 ,2,23.00,70000,?,?,?,?,?)
20241213@184940.8280 84d3en8ibhcqn1mdhh5pjkfrkk Query : select 1 valor from information_schema.tables where table_type='base table' and table_name='wstablefields'
20241213@184940.8299 84d3en8ibhcqn1mdhh5pjkfrkk Query : select fieldkey,fieldname,fieldtype,mandatory from wstablefields where tablename = 'fi' and documentnumber = 39
20241213@184940.8339 84d3en8ibhcqn1mdhh5pjkfrkk Query : select 1 valor from information_schema.tables where table_type='base table' and table_name='wstablefields'
20241213@184940.8354 84d3en8ibhcqn1mdhh5pjkfrkk Query : select fieldkey,fieldname,fieldtype,mandatory from wstablefields where tablename = 'fi2' and documentnumber = 39
20241213@184940.8363 84d3en8ibhcqn1mdhh5pjkfrkk Query : select top 1 convert(numeric(6,2),t.taxa) valor from taxasiva t where t.codigo='2'
20241213@184940.8376 84d3en8ibhcqn1mdhh5pjkfrkk Query : select 1 valor from information_schema.tables where table_type='base table' and table_name='wstablefields'
20241213@184940.8392 84d3en8ibhcqn1mdhh5pjkfrkk Query : select fieldkey,fieldname,fieldtype,calcformula from wstablefields where tablename = 'fi2' and documentnumber = 39
20241213@184940.8404 84d3en8ibhcqn1mdhh5pjkfrkk Query : insert into wsfi2data (fi2stamp,ftstamp ,ousrdata, ousrhora, usrdata,usrhora,ousrinis,usrinis) values ('aut675c882707675c81c4cc','aut675c835837675c81c44a' ,getdate(),convert(char(8),convert (time,getdate())),getdate(),convert(char(8),convert (time,getdate())),'wsv','wsv')
20241213@184940.8408 84d3en8ibhcqn1mdhh5pjkfrkk Query : select 1 valor from information_schema.tables where table_type='base table' and table_name='wstablefields'
20241213@184940.8423 84d3en8ibhcqn1mdhh5pjkfrkk Query : select fieldkey,fieldname,fieldtype,calcformula from wstablefields where tablename = 'fi' and documentnumber = 39
20241213@184940.8456 84d3en8ibhcqn1mdhh5pjkfrkk Query : insert into wsfidata (fistamp,ousrdata, ousrhora, usrdata,usrhora,ousrinis,usrinis ,qtt ,ftstamp ,epv,pvmoeda ,tabiva,iva,lordem ,ref, design ,armazem) values ('aut675c882707675c81c4cc',getdate(),convert(char(8),convert (time,getdate())),getdate(),convert(char(8),convert (time,getdate())),'wsv','wsv',0 ,'aut675c835837675c81c44a' ,0,0 ,2,23.00,80000,?,?,?)
20241213@184940.8738 84d3en8ibhcqn1mdhh5pjkfrkk Query : use flama_phc
20241213@184940.8741 84d3en8ibhcqn1mdhh5pjkfrkk Query : select st.usalote valor from st where st.ref = '324.2231.00.2'
20241213@184940.8764 84d3en8ibhcqn1mdhh5pjkfrkk Query : select top 1 st.tabiva ,st.ivaincl ,st.stns ,st.uni2 ,st.familia ,isnull(tx.taxa, 0) txiva ,unidade ,usalote ,epcpond ,noserie ,conversao ,st.texteis from st left join taxasiva tx on st.tabiva = tx.codigo where st.ref = '324.2231.00.2'
20241213@184940.8897 84d3en8ibhcqn1mdhh5pjkfrkk Query : select 1 valor from information_schema.tables where table_type='base table' and table_name='wstablefields'
20241213@184940.8914 84d3en8ibhcqn1mdhh5pjkfrkk Query : select fieldkey,fieldname,fieldtype,mandatory from wstablefields where tablename = 'fi' and documentnumber = 39
20241213@184940.8942 84d3en8ibhcqn1mdhh5pjkfrkk Query : select 1 valor from information_schema.tables where table_type='base table' and table_name='wstablefields'
20241213@184940.8957 84d3en8ibhcqn1mdhh5pjkfrkk Query : select fieldkey,fieldname,fieldtype,mandatory from wstablefields where tablename = 'fi2' and documentnumber = 39
20241213@184940.8966 84d3en8ibhcqn1mdhh5pjkfrkk Query : select top 1 convert(numeric(6,2),t.taxa) valor from taxasiva t where t.codigo='2'
20241213@184940.8980 84d3en8ibhcqn1mdhh5pjkfrkk Query : select sestamp valor from se where ref ='324.2231.00.2' and lote = 'r2301141275a'
20241213@184940.9016 84d3en8ibhcqn1mdhh5pjkfrkk Query : select 1 valor from information_schema.tables where table_type='base table' and table_name='wstablefields'
20241213@184940.9035 84d3en8ibhcqn1mdhh5pjkfrkk Query : select fieldkey,fieldname,fieldtype,calcformula from wstablefields where tablename = 'fi2' and documentnumber = 39
20241213@184940.9047 84d3en8ibhcqn1mdhh5pjkfrkk Query : insert into wsfi2data (fi2stamp,ftstamp ,ousrdata, ousrhora, usrdata,usrhora,ousrinis,usrinis) values ('aut675c860077675c81c4dc','aut675c835837675c81c44a' ,getdate(),convert(char(8),convert (time,getdate())),getdate(),convert(char(8),convert (time,getdate())),'wsv','wsv')
20241213@184940.9069 84d3en8ibhcqn1mdhh5pjkfrkk Query : select 1 valor from information_schema.tables where table_type='base table' and table_name='wstablefields'
20241213@184940.9085 84d3en8ibhcqn1mdhh5pjkfrkk Query : select fieldkey,fieldname,fieldtype,calcformula from wstablefields where tablename = 'fi' and documentnumber = 39
20241213@184940.9129 84d3en8ibhcqn1mdhh5pjkfrkk Query : insert into wsfidata (fistamp,ousrdata, ousrhora, usrdata,usrhora,ousrinis,usrinis ,qtt ,ftstamp ,epv,pvmoeda ,tabiva,iva,lordem ,ref, design ,lote,armazem,bistamp ) values ('aut675c860077675c81c4dc',getdate(),convert(char(8),convert (time,getdate())),getdate(),convert(char(8),convert (time,getdate())),'wsv','wsv',6.000 ,'aut675c835837675c81c44a' ,0,0 ,2,23.00,100000,?,?,?,?,?)
20241213@184940.9352 84d3en8ibhcqn1mdhh5pjkfrkk Query : use flama_phc
20241213@184940.9355 84d3en8ibhcqn1mdhh5pjkfrkk Query : select st.usalote valor from st where st.ref = '324.5500.00.1'
20241213@184940.9380 84d3en8ibhcqn1mdhh5pjkfrkk Query : select top 1 st.tabiva ,st.ivaincl ,st.stns ,st.uni2 ,st.familia ,isnull(tx.taxa, 0) txiva ,unidade ,usalote ,epcpond ,noserie ,conversao ,st.texteis from st left join taxasiva tx on st.tabiva = tx.codigo where st.ref = '324.5500.00.1'
20241213@184940.9507 84d3en8ibhcqn1mdhh5pjkfrkk Query : select 1 valor from information_schema.tables where table_type='base table' and table_name='wstablefields'
20241213@184940.9524 84d3en8ibhcqn1mdhh5pjkfrkk Query : select fieldkey,fieldname,fieldtype,mandatory from wstablefields where tablename = 'fi' and documentnumber = 39
20241213@184940.9552 84d3en8ibhcqn1mdhh5pjkfrkk Query : select 1 valor from information_schema.tables where table_type='base table' and table_name='wstablefields'
20241213@184940.9567 84d3en8ibhcqn1mdhh5pjkfrkk Query : select fieldkey,fieldname,fieldtype,mandatory from wstablefields where tablename = 'fi2' and documentnumber = 39
20241213@184940.9576 84d3en8ibhcqn1mdhh5pjkfrkk Query : select top 1 convert(numeric(6,2),t.taxa) valor from taxasiva t where t.codigo='2'
20241213@184940.9588 84d3en8ibhcqn1mdhh5pjkfrkk Query : select sestamp valor from se where ref ='324.5500.00.1' and lote = 'r2400095600a'
20241213@184940.9602 84d3en8ibhcqn1mdhh5pjkfrkk Query : select 1 valor from information_schema.tables where table_type='base table' and table_name='wstablefields'
20241213@184940.9618 84d3en8ibhcqn1mdhh5pjkfrkk Query : select fieldkey,fieldname,fieldtype,calcformula from wstablefields where tablename = 'fi2' and documentnumber = 39
20241213@184940.9630 84d3en8ibhcqn1mdhh5pjkfrkk Query : insert into wsfi2data (fi2stamp,ftstamp ,ousrdata, ousrhora, usrdata,usrhora,ousrinis,usrinis) values ('aut675c895979675c81c4ea','aut675c835837675c81c44a' ,getdate(),convert(char(8),convert (time,getdate())),getdate(),convert(char(8),convert (time,getdate())),'wsv','wsv')
20241213@184940.9634 84d3en8ibhcqn1mdhh5pjkfrkk Query : select 1 valor from information_schema.tables where table_type='base table' and table_name='wstablefields'
20241213@184940.9648 84d3en8ibhcqn1mdhh5pjkfrkk Query : select fieldkey,fieldname,fieldtype,calcformula from wstablefields where tablename = 'fi' and documentnumber = 39
20241213@184940.9677 84d3en8ibhcqn1mdhh5pjkfrkk Query : insert into wsfidata (fistamp,ousrdata, ousrhora, usrdata,usrhora,ousrinis,usrinis ,qtt ,ftstamp ,epv,pvmoeda ,tabiva,iva,lordem ,ref, design ,lote,armazem,bistamp ) values ('aut675c895979675c81c4ea',getdate(),convert(char(8),convert (time,getdate())),getdate(),convert(char(8),convert (time,getdate())),'wsv','wsv',1.000 ,'aut675c835837675c81c44a' ,0,0 ,2,23.00,110000,?,?,?,?,?)
20241213@184940.9899 84d3en8ibhcqn1mdhh5pjkfrkk Query : use flama_phc
20241213@184940.9902 84d3en8ibhcqn1mdhh5pjkfrkk Query : select st.usalote valor from st where st.ref = '324.5343.00.1'
20241213@184940.9923 84d3en8ibhcqn1mdhh5pjkfrkk Query : select top 1 st.tabiva ,st.ivaincl ,st.stns ,st.uni2 ,st.familia ,isnull(tx.taxa, 0) txiva ,unidade ,usalote ,epcpond ,noserie ,conversao ,st.texteis from st left join taxasiva tx on st.tabiva = tx.codigo where st.ref = '324.5343.00.1'
20241213@184941.4600 84d3en8ibhcqn1mdhh5pjkfrkk Query : select 1 valor from information_schema.tables where table_type='base table' and table_name='wstablefields'
20241213@184941.6300 84d3en8ibhcqn1mdhh5pjkfrkk Query : select fieldkey,fieldname,fieldtype,mandatory from wstablefields where tablename = 'fi' and documentnumber = 39
20241213@184941.9000 84d3en8ibhcqn1mdhh5pjkfrkk Query : select 1 valor from information_schema.tables where table_type='base table' and table_name='wstablefields'
20241213@184941.1050 84d3en8ibhcqn1mdhh5pjkfrkk Query : select fieldkey,fieldname,fieldtype,mandatory from wstablefields where tablename = 'fi2' and documentnumber = 39
20241213@184941.1140 84d3en8ibhcqn1mdhh5pjkfrkk Query : select top 1 convert(numeric(6,2),t.taxa) valor from taxasiva t where t.codigo='2'
20241213@184941.1420 84d3en8ibhcqn1mdhh5pjkfrkk Query : select sestamp valor from se where ref ='324.5343.00.1' and lote = 'r2300915100a'
20241213@184941.1570 84d3en8ibhcqn1mdhh5pjkfrkk Query : select 1 valor from information_schema.tables where table_type='base table' and table_name='wstablefields'
20241213@184941.1740 84d3en8ibhcqn1mdhh5pjkfrkk Query : select fieldkey,fieldname,fieldtype,calcformula from wstablefields where tablename = 'fi2' and documentnumber = 39
20241213@184941.1860 84d3en8ibhcqn1mdhh5pjkfrkk Query : insert into wsfi2data (fi2stamp,ftstamp ,ousrdata, ousrhora, usrdata,usrhora,ousrinis,usrinis) values ('aut675c824443675c81c503','aut675c835837675c81c44a' ,getdate(),convert(char(8),convert (time,getdate())),getdate(),convert(char(8),convert (time,getdate())),'wsv','wsv')
20241213@184941.1900 84d3en8ibhcqn1mdhh5pjkfrkk Query : select 1 valor from information_schema.tables where table_type='base table' and table_name='wstablefields'
20241213@184941.2040 84d3en8ibhcqn1mdhh5pjkfrkk Query : select fieldkey,fieldname,fieldtype,calcformula from wstablefields where tablename = 'fi' and documentnumber = 39
20241213@184941.2320 84d3en8ibhcqn1mdhh5pjkfrkk Query : insert into wsfidata (fistamp,ousrdata, ousrhora, usrdata,usrhora,ousrinis,usrinis ,qtt ,ftstamp ,epv,pvmoeda ,tabiva,iva,lordem ,ref, design ,lote,armazem,bistamp ) values ('aut675c824443675c81c503',getdate(),convert(char(8),convert (time,getdate())),getdate(),convert(char(8),convert (time,getdate())),'wsv','wsv',6.000 ,'aut675c835837675c81c44a' ,0,0 ,2,23.00,120000,?,?,?,?,?)
20241213@184941.4680 84d3en8ibhcqn1mdhh5pjkfrkk Query : select 1 valor from information_schema.tables where table_type='base table' and table_name='wstablefields'
20241213@184941.4840 84d3en8ibhcqn1mdhh5pjkfrkk Query : select fieldkey,fieldname,fieldtype,mandatory from wstablefields where tablename = 'fi' and documentnumber = 39
20241213@184941.5080 84d3en8ibhcqn1mdhh5pjkfrkk Query : select 1 valor from information_schema.tables where table_type='base table' and table_name='wstablefields'
20241213@184941.6410 84d3en8ibhcqn1mdhh5pjkfrkk Query : select fieldkey,fieldname,fieldtype,mandatory from wstablefields where tablename = 'fi2' and documentnumber = 39
20241213@184941.7420 84d3en8ibhcqn1mdhh5pjkfrkk Query : select top 1 convert(numeric(6,2),t.taxa) valor from taxasiva t where t.codigo='2'
20241213@184941.7540 84d3en8ibhcqn1mdhh5pjkfrkk Query : select 1 valor from information_schema.tables where table_type='base table' and table_name='wstablefields'
20241213@184941.7740 84d3en8ibhcqn1mdhh5pjkfrkk Query : select fieldkey,fieldname,fieldtype,calcformula from wstablefields where tablename = 'fi2' and documentnumber = 39
20241213@184941.7860 84d3en8ibhcqn1mdhh5pjkfrkk Query : insert into wsfi2data (fi2stamp,ftstamp ,ousrdata, ousrhora, usrdata,usrhora,ousrinis,usrinis) values ('aut675c877531675c81c512','aut675c835837675c81c44a' ,getdate(),convert(char(8),convert (time,getdate())),getdate(),convert(char(8),convert (time,getdate())),'wsv','wsv')
20241213@184941.7900 84d3en8ibhcqn1mdhh5pjkfrkk Query : select 1 valor from information_schema.tables where table_type='base table' and table_name='wstablefields'
20241213@184941.8050 84d3en8ibhcqn1mdhh5pjkfrkk Query : select fieldkey,fieldname,fieldtype,calcformula from wstablefields where tablename = 'fi' and documentnumber = 39
20241213@184941.8320 84d3en8ibhcqn1mdhh5pjkfrkk Query : insert into wsfidata (fistamp,ousrdata, ousrhora, usrdata,usrhora,ousrinis,usrinis ,qtt ,ftstamp ,epv,pvmoeda ,tabiva,iva,lordem ,ref, design ,armazem) values ('aut675c877531675c81c512',getdate(),convert(char(8),convert (time,getdate())),getdate(),convert(char(8),convert (time,getdate())),'wsv','wsv',0 ,'aut675c835837675c81c44a' ,0,0 ,2,23.00,130000,?,?,?)
20241213@184941.1065 84d3en8ibhcqn1mdhh5pjkfrkk Query : use flama_phc
20241213@184941.1074 84d3en8ibhcqn1mdhh5pjkfrkk Query : select st.usalote valor from st where st.ref = '324.1685.00.1'
20241213@184941.1096 84d3en8ibhcqn1mdhh5pjkfrkk Query : select top 1 st.tabiva ,st.ivaincl ,st.stns ,st.uni2 ,st.familia ,isnull(tx.taxa, 0) txiva ,unidade ,usalote ,epcpond ,noserie ,conversao ,st.texteis from st left join taxasiva tx on st.tabiva = tx.codigo where st.ref = '324.1685.00.1'
20241213@184941.1413 84d3en8ibhcqn1mdhh5pjkfrkk Query : select 1 valor from information_schema.tables where table_type='base table' and table_name='wstablefields'
20241213@184941.1431 84d3en8ibhcqn1mdhh5pjkfrkk Query : select fieldkey,fieldname,fieldtype,mandatory from wstablefields where tablename = 'fi' and documentnumber = 39
20241213@184941.1455 84d3en8ibhcqn1mdhh5pjkfrkk Query : select 1 valor from information_schema.tables where table_type='base table' and table_name='wstablefields'
20241213@184941.1470 84d3en8ibhcqn1mdhh5pjkfrkk Query : select fieldkey,fieldname,fieldtype,mandatory from wstablefields where tablename = 'fi2' and documentnumber = 39
20241213@184941.1478 84d3en8ibhcqn1mdhh5pjkfrkk Query : select top 1 convert(numeric(6,2),t.taxa) valor from taxasiva t where t.codigo='2'
20241213@184941.1490 84d3en8ibhcqn1mdhh5pjkfrkk Query : select sestamp valor from se where ref ='324.1685.00.1' and lote = 'r2400173100a'
20241213@184941.1503 84d3en8ibhcqn1mdhh5pjkfrkk Query : select 1 valor from information_schema.tables where table_type='base table' and table_name='wstablefields'
20241213@184941.1517 84d3en8ibhcqn1mdhh5pjkfrkk Query : select fieldkey,fieldname,fieldtype,calcformula from wstablefields where tablename = 'fi2' and documentnumber = 39
20241213@184941.1532 84d3en8ibhcqn1mdhh5pjkfrkk Query : insert into wsfi2data (fi2stamp,ftstamp ,ousrdata, ousrhora, usrdata,usrhora,ousrinis,usrinis) values ('aut675c898311675c81c524','aut675c835837675c81c44a' ,getdate(),convert(char(8),convert (time,getdate())),getdate(),convert(char(8),convert (time,getdate())),'wsv','wsv')
20241213@184941.1537 84d3en8ibhcqn1mdhh5pjkfrkk Query : select 1 valor from information_schema.tables where table_type='base table' and table_name='wstablefields'
20241213@184941.1566 84d3en8ibhcqn1mdhh5pjkfrkk Query : select fieldkey,fieldname,fieldtype,calcformula from wstablefields where tablename = 'fi' and documentnumber = 39
20241213@184941.1595 84d3en8ibhcqn1mdhh5pjkfrkk Query : insert into wsfidata (fistamp,ousrdata, ousrhora, usrdata,usrhora,ousrinis,usrinis ,qtt ,ftstamp ,epv,pvmoeda ,tabiva,iva,lordem ,ref, design ,lote,armazem,bistamp ) values ('aut675c898311675c81c524',getdate(),convert(char(8),convert (time,getdate())),getdate(),convert(char(8),convert (time,getdate())),'wsv','wsv',4.000 ,'aut675c835837675c81c44a' ,0,0 ,2,23.00,150000,?,?,?,?,?)
20241213@184941.1821 84d3en8ibhcqn1mdhh5pjkfrkk Query : use flama_phc
20241213@184941.1825 84d3en8ibhcqn1mdhh5pjkfrkk Query : select st.usalote valor from st where st.ref = '324.4970.00.1'
20241213@184941.1846 84d3en8ibhcqn1mdhh5pjkfrkk Query : select top 1 st.tabiva ,st.ivaincl ,st.stns ,st.uni2 ,st.familia ,isnull(tx.taxa, 0) txiva ,unidade ,usalote ,epcpond ,noserie ,conversao ,st.texteis from st left join taxasiva tx on st.tabiva = tx.codigo where st.ref = '324.4970.00.1'
20241213@184941.2161 84d3en8ibhcqn1mdhh5pjkfrkk Query : select 1 valor from information_schema.tables where table_type='base table' and table_name='wstablefields'
20241213@184941.2183 84d3en8ibhcqn1mdhh5pjkfrkk Query : select fieldkey,fieldname,fieldtype,mandatory from wstablefields where tablename = 'fi' and documentnumber = 39
20241213@184941.2214 84d3en8ibhcqn1mdhh5pjkfrkk Query : select 1 valor from information_schema.tables where table_type='base table' and table_name='wstablefields'
20241213@184941.2230 84d3en8ibhcqn1mdhh5pjkfrkk Query : select fieldkey,fieldname,fieldtype,mandatory from wstablefields where tablename = 'fi2' and documentnumber = 39
20241213@184941.2239 84d3en8ibhcqn1mdhh5pjkfrkk Query : select top 1 convert(numeric(6,2),t.taxa) valor from taxasiva t where t.codigo='2'
20241213@184941.2252 84d3en8ibhcqn1mdhh5pjkfrkk Query : select sestamp valor from se where ref ='324.4970.00.1' and lote = 'r2400492200a'
20241213@184941.2267 84d3en8ibhcqn1mdhh5pjkfrkk Query : select 1 valor from information_schema.tables where table_type='base table' and table_name='wstablefields'
20241213@184941.2282 84d3en8ibhcqn1mdhh5pjkfrkk Query : select fieldkey,fieldname,fieldtype,calcformula from wstablefields where tablename = 'fi2' and documentnumber = 39
20241213@184941.2296 84d3en8ibhcqn1mdhh5pjkfrkk Query : insert into wsfi2data (fi2stamp,ftstamp ,ousrdata, ousrhora, usrdata,usrhora,ousrinis,usrinis) values ('aut675c815859675c81c537','aut675c835837675c81c44a' ,getdate(),convert(char(8),convert (time,getdate())),getdate(),convert(char(8),convert (time,getdate())),'wsv','wsv')
20241213@184941.2301 84d3en8ibhcqn1mdhh5pjkfrkk Query : select 1 valor from information_schema.tables where table_type='base table' and table_name='wstablefields'
20241213@184941.2316 84d3en8ibhcqn1mdhh5pjkfrkk Query : select fieldkey,fieldname,fieldtype,calcformula from wstablefields where tablename = 'fi' and documentnumber = 39
20241213@184941.2350 84d3en8ibhcqn1mdhh5pjkfrkk Query : insert into wsfidata (fistamp,ousrdata, ousrhora, usrdata,usrhora,ousrinis,usrinis ,qtt ,ftstamp ,epv,pvmoeda ,tabiva,iva,lordem ,ref, design ,lote,armazem,bistamp ) values ('aut675c815859675c81c537',getdate(),convert(char(8),convert (time,getdate())),getdate(),convert(char(8),convert (time,getdate())),'wsv','wsv',4.000 ,'aut675c835837675c81c44a' ,0,0 ,2,23.00,160000,?,?,?,?,?)
20241213@184941.2590 84d3en8ibhcqn1mdhh5pjkfrkk Query : use flama_phc
20241213@184941.2594 84d3en8ibhcqn1mdhh5pjkfrkk Query : select st.usalote valor from st where st.ref = '324.497.00.01'
20241213@184941.2615 84d3en8ibhcqn1mdhh5pjkfrkk Query : select top 1 st.tabiva ,st.ivaincl ,st.stns ,st.uni2 ,st.familia ,isnull(tx.taxa, 0) txiva ,unidade ,usalote ,epcpond ,noserie ,conversao ,st.texteis from st left join taxasiva tx on st.tabiva = tx.codigo where st.ref = '324.497.00.01'
20241213@184941.2762 84d3en8ibhcqn1mdhh5pjkfrkk Query : select 1 valor from information_schema.tables where table_type='base table' and table_name='wstablefields'
20241213@184941.2801 84d3en8ibhcqn1mdhh5pjkfrkk Query : select fieldkey,fieldname,fieldtype,mandatory from wstablefields where tablename = 'fi' and documentnumber = 39
20241213@184941.2828 84d3en8ibhcqn1mdhh5pjkfrkk Query : select 1 valor from information_schema.tables where table_type='base table' and table_name='wstablefields'
20241213@184941.2844 84d3en8ibhcqn1mdhh5pjkfrkk Query : select fieldkey,fieldname,fieldtype,mandatory from wstablefields where tablename = 'fi2' and documentnumber = 39
20241213@184941.2853 84d3en8ibhcqn1mdhh5pjkfrkk Query : select top 1 convert(numeric(6,2),t.taxa) valor from taxasiva t where t.codigo='2'
20241213@184941.2866 84d3en8ibhcqn1mdhh5pjkfrkk Query : select sestamp valor from se where ref ='324.497.00.01' and lote = 'r2300022100a'
20241213@184941.2895 84d3en8ibhcqn1mdhh5pjkfrkk Query : select 1 valor from information_schema.tables where table_type='base table' and table_name='wstablefields'
20241213@184941.2912 84d3en8ibhcqn1mdhh5pjkfrkk Query : select fieldkey,fieldname,fieldtype,calcformula from wstablefields where tablename = 'fi2' and documentnumber = 39
20241213@184941.2925 84d3en8ibhcqn1mdhh5pjkfrkk Query : insert into wsfi2data (fi2stamp,ftstamp ,ousrdata, ousrhora, usrdata,usrhora,ousrinis,usrinis) values ('aut675c892921675c81c546','aut675c835837675c81c44a' ,getdate(),convert(char(8),convert (time,getdate())),getdate(),convert(char(8),convert (time,getdate())),'wsv','wsv')
20241213@184941.2930 84d3en8ibhcqn1mdhh5pjkfrkk Query : select 1 valor from information_schema.tables where table_type='base table' and table_name='wstablefields'
20241213@184941.2946 84d3en8ibhcqn1mdhh5pjkfrkk Query : select fieldkey,fieldname,fieldtype,calcformula from wstablefields where tablename = 'fi' and documentnumber = 39
20241213@184941.2976 84d3en8ibhcqn1mdhh5pjkfrkk Query : insert into wsfidata (fistamp,ousrdata, ousrhora, usrdata,usrhora,ousrinis,usrinis ,qtt ,ftstamp ,epv,pvmoeda ,tabiva,iva,lordem ,ref, design ,lote,armazem,bistamp ) values ('aut675c892921675c81c546',getdate(),convert(char(8),convert (time,getdate())),getdate(),convert(char(8),convert (time,getdate())),'wsv','wsv',4.000 ,'aut675c835837675c81c44a' ,0,0 ,2,23.00,170000,?,?,?,?,?)
20241213@184941.3211 84d3en8ibhcqn1mdhh5pjkfrkk Query : use flama_phc
20241213@184941.3215 84d3en8ibhcqn1mdhh5pjkfrkk Query : select st.usalote valor from st where st.ref = '324.4964.00.1'
20241213@184941.3238 84d3en8ibhcqn1mdhh5pjkfrkk Query : select top 1 st.tabiva ,st.ivaincl ,st.stns ,st.uni2 ,st.familia ,isnull(tx.taxa, 0) txiva ,unidade ,usalote ,epcpond ,noserie ,conversao ,st.texteis from st left join taxasiva tx on st.tabiva = tx.codigo where st.ref = '324.4964.00.1'
20241213@184941.3270 84d3en8ibhcqn1mdhh5pjkfrkk Query : select 1 valor from information_schema.tables where table_type='base table' and table_name='wstablefields'
20241213@184941.3289 84d3en8ibhcqn1mdhh5pjkfrkk Query : select fieldkey,fieldname,fieldtype,mandatory from wstablefields where tablename = 'fi' and documentnumber = 39
20241213@184941.3316 84d3en8ibhcqn1mdhh5pjkfrkk Query : select 1 valor from information_schema.tables where table_type='base table' and table_name='wstablefields'
20241213@184941.3332 84d3en8ibhcqn1mdhh5pjkfrkk Query : select fieldkey,fieldname,fieldtype,mandatory from wstablefields where tablename = 'fi2' and documentnumber = 39
20241213@184941.3342 84d3en8ibhcqn1mdhh5pjkfrkk Query : select top 1 convert(numeric(6,2),t.taxa) valor from taxasiva t where t.codigo='2'
20241213@184941.3354 84d3en8ibhcqn1mdhh5pjkfrkk Query : select sestamp valor from se where ref ='324.4964.00.1' and lote = 'r2300717100a'
20241213@184941.3369 84d3en8ibhcqn1mdhh5pjkfrkk Query : select 1 valor from information_schema.tables where table_type='base table' and table_name='wstablefields'
20241213@184941.3384 84d3en8ibhcqn1mdhh5pjkfrkk Query : select fieldkey,fieldname,fieldtype,calcformula from wstablefields where tablename = 'fi2' and documentnumber = 39
20241213@184941.3397 84d3en8ibhcqn1mdhh5pjkfrkk Query : insert into wsfi2data (fi2stamp,ftstamp ,ousrdata, ousrhora, usrdata,usrhora,ousrinis,usrinis) values ('aut675c814081675c81c552','aut675c835837675c81c44a' ,getdate(),convert(char(8),convert (time,getdate())),getdate(),convert(char(8),convert (time,getdate())),'wsv','wsv')
20241213@184941.3401 84d3en8ibhcqn1mdhh5pjkfrkk Query : select 1 valor from information_schema.tables where table_type='base table' and table_name='wstablefields'
20241213@184941.3415 84d3en8ibhcqn1mdhh5pjkfrkk Query : select fieldkey,fieldname,fieldtype,calcformula from wstablefields where tablename = 'fi' and documentnumber = 39
20241213@184941.3455 84d3en8ibhcqn1mdhh5pjkfrkk Query : insert into wsfidata (fistamp,ousrdata, ousrhora, usrdata,usrhora,ousrinis,usrinis ,qtt ,ftstamp ,epv,pvmoeda ,tabiva,iva,lordem ,ref, design ,lote,armazem,bistamp ) values ('aut675c814081675c81c552',getdate(),convert(char(8),convert (time,getdate())),getdate(),convert(char(8),convert (time,getdate())),'wsv','wsv',4.000 ,'aut675c835837675c81c44a' ,0,0 ,2,23.00,180000,?,?,?,?,?)
20241213@184941.3686 84d3en8ibhcqn1mdhh5pjkfrkk Query : use flama_phc
20241213@184941.3690 84d3en8ibhcqn1mdhh5pjkfrkk Query : select st.usalote valor from st where st.ref = '324.939.00.01'
20241213@184941.3721 84d3en8ibhcqn1mdhh5pjkfrkk Query : select top 1 st.tabiva ,st.ivaincl ,st.stns ,st.uni2 ,st.familia ,isnull(tx.taxa, 0) txiva ,unidade ,usalote ,epcpond ,noserie ,conversao ,st.texteis from st left join taxasiva tx on st.tabiva = tx.codigo where st.ref = '324.939.00.01'
20241213@184941.3847 84d3en8ibhcqn1mdhh5pjkfrkk Query : select 1 valor from information_schema.tables where table_type='base table' and table_name='wstablefields'
20241213@184941.3863 84d3en8ibhcqn1mdhh5pjkfrkk Query : select fieldkey,fieldname,fieldtype,mandatory from wstablefields where tablename = 'fi' and documentnumber = 39
20241213@184941.3888 84d3en8ibhcqn1mdhh5pjkfrkk Query : select 1 valor from information_schema.tables where table_type='base table' and table_name='wstablefields'
20241213@184941.3903 84d3en8ibhcqn1mdhh5pjkfrkk Query : select fieldkey,fieldname,fieldtype,mandatory from wstablefields where tablename = 'fi2' and documentnumber = 39
20241213@184941.3911 84d3en8ibhcqn1mdhh5pjkfrkk Query : select top 1 convert(numeric(6,2),t.taxa) valor from taxasiva t where t.codigo='2'
20241213@184941.3922 84d3en8ibhcqn1mdhh5pjkfrkk Query : select sestamp valor from se where ref ='324.939.00.01' and lote = 'r2301371200a'
20241213@184941.3943 84d3en8ibhcqn1mdhh5pjkfrkk Query : select 1 valor from information_schema.tables where table_type='base table' and table_name='wstablefields'
20241213@184941.3957 84d3en8ibhcqn1mdhh5pjkfrkk Query : select fieldkey,fieldname,fieldtype,calcformula from wstablefields where tablename = 'fi2' and documentnumber = 39
20241213@184941.3969 84d3en8ibhcqn1mdhh5pjkfrkk Query : insert into wsfi2data (fi2stamp,ftstamp ,ousrdata, ousrhora, usrdata,usrhora,ousrinis,usrinis) values ('aut675c853219675c81c560','aut675c835837675c81c44a' ,getdate(),convert(char(8),convert (time,getdate())),getdate(),convert(char(8),convert (time,getdate())),'wsv','wsv')
20241213@184941.3973 84d3en8ibhcqn1mdhh5pjkfrkk Query : select 1 valor from information_schema.tables where table_type='base table' and table_name='wstablefields'
20241213@184941.3987 84d3en8ibhcqn1mdhh5pjkfrkk Query : select fieldkey,fieldname,fieldtype,calcformula from wstablefields where tablename = 'fi' and documentnumber = 39
20241213@184941.4015 84d3en8ibhcqn1mdhh5pjkfrkk Query : insert into wsfidata (fistamp,ousrdata, ousrhora, usrdata,usrhora,ousrinis,usrinis ,qtt ,ftstamp ,epv,pvmoeda ,tabiva,iva,lordem ,ref, design ,lote,armazem,bistamp ) values ('aut675c853219675c81c560',getdate(),convert(char(8),convert (time,getdate())),getdate(),convert(char(8),convert (time,getdate())),'wsv','wsv',8.000 ,'aut675c835837675c81c44a' ,0,0 ,2,23.00,190000,?,?,?,?,?)
20241213@184941.4412 84d3en8ibhcqn1mdhh5pjkfrkk Query : use flama_phc
20241213@184941.4453 84d3en8ibhcqn1mdhh5pjkfrkk Query : select st.usalote valor from st where st.ref = '324.946.00.01'
20241213@184941.4502 84d3en8ibhcqn1mdhh5pjkfrkk Query : select top 1 st.tabiva ,st.ivaincl ,st.stns ,st.uni2 ,st.familia ,isnull(tx.taxa, 0) txiva ,unidade ,usalote ,epcpond ,noserie ,conversao ,st.texteis from st left join taxasiva tx on st.tabiva = tx.codigo where st.ref = '324.946.00.01'
20241213@184941.4659 84d3en8ibhcqn1mdhh5pjkfrkk Query : select 1 valor from information_schema.tables where table_type='base table' and table_name='wstablefields'
20241213@184941.4677 84d3en8ibhcqn1mdhh5pjkfrkk Query : select fieldkey,fieldname,fieldtype,mandatory from wstablefields where tablename = 'fi' and documentnumber = 39
20241213@184941.4704 84d3en8ibhcqn1mdhh5pjkfrkk Query : select 1 valor from information_schema.tables where table_type='base table' and table_name='wstablefields'
20241213@184941.4720 84d3en8ibhcqn1mdhh5pjkfrkk Query : select fieldkey,fieldname,fieldtype,mandatory from wstablefields where tablename = 'fi2' and documentnumber = 39
20241213@184941.4729 84d3en8ibhcqn1mdhh5pjkfrkk Query : select top 1 convert(numeric(6,2),t.taxa) valor from taxasiva t where t.codigo='2'
20241213@184941.4742 84d3en8ibhcqn1mdhh5pjkfrkk Query : select sestamp valor from se where ref ='324.946.00.01' and lote = 'r2300941200a'
20241213@184941.4762 84d3en8ibhcqn1mdhh5pjkfrkk Query : select 1 valor from information_schema.tables where table_type='base table' and table_name='wstablefields'
20241213@184941.4777 84d3en8ibhcqn1mdhh5pjkfrkk Query : select fieldkey,fieldname,fieldtype,calcformula from wstablefields where tablename = 'fi2' and documentnumber = 39
20241213@184941.4789 84d3en8ibhcqn1mdhh5pjkfrkk Query : insert into wsfi2data (fi2stamp,ftstamp ,ousrdata, ousrhora, usrdata,usrhora,ousrinis,usrinis) values ('aut675c860434675c81c574','aut675c835837675c81c44a' ,getdate(),convert(char(8),convert (time,getdate())),getdate(),convert(char(8),convert (time,getdate())),'wsv','wsv')
20241213@184941.4794 84d3en8ibhcqn1mdhh5pjkfrkk Query : select 1 valor from information_schema.tables where table_type='base table' and table_name='wstablefields'
20241213@184941.4808 84d3en8ibhcqn1mdhh5pjkfrkk Query : select fieldkey,fieldname,fieldtype,calcformula from wstablefields where tablename = 'fi' and documentnumber = 39
20241213@184941.4837 84d3en8ibhcqn1mdhh5pjkfrkk Query : insert into wsfidata (fistamp,ousrdata, ousrhora, usrdata,usrhora,ousrinis,usrinis ,qtt ,ftstamp ,epv,pvmoeda ,tabiva,iva,lordem ,ref, design ,lote,armazem,bistamp ) values ('aut675c860434675c81c574',getdate(),convert(char(8),convert (time,getdate())),getdate(),convert(char(8),convert (time,getdate())),'wsv','wsv',8.000 ,'aut675c835837675c81c44a' ,0,0 ,2,23.00,200000,?,?,?,?,?)
20241213@184941.5083 84d3en8ibhcqn1mdhh5pjkfrkk Query : use flama_phc
20241213@184941.5086 84d3en8ibhcqn1mdhh5pjkfrkk Query : select st.usalote valor from st where st.ref = '324.938.00.01'
20241213@184941.5106 84d3en8ibhcqn1mdhh5pjkfrkk Query : select top 1 st.tabiva ,st.ivaincl ,st.stns ,st.uni2 ,st.familia ,isnull(tx.taxa, 0) txiva ,unidade ,usalote ,epcpond ,noserie ,conversao ,st.texteis from st left join taxasiva tx on st.tabiva = tx.codigo where st.ref = '324.938.00.01'
20241213@184941.5241 84d3en8ibhcqn1mdhh5pjkfrkk Query : select 1 valor from information_schema.tables where table_type='base table' and table_name='wstablefields'
20241213@184941.5257 84d3en8ibhcqn1mdhh5pjkfrkk Query : select fieldkey,fieldname,fieldtype,mandatory from wstablefields where tablename = 'fi' and documentnumber = 39
20241213@184941.5287 84d3en8ibhcqn1mdhh5pjkfrkk Query : select 1 valor from information_schema.tables where table_type='base table' and table_name='wstablefields'
20241213@184941.5302 84d3en8ibhcqn1mdhh5pjkfrkk Query : select fieldkey,fieldname,fieldtype,mandatory from wstablefields where tablename = 'fi2' and documentnumber = 39
20241213@184941.5310 84d3en8ibhcqn1mdhh5pjkfrkk Query : select top 1 convert(numeric(6,2),t.taxa) valor from taxasiva t where t.codigo='2'
20241213@184941.5322 84d3en8ibhcqn1mdhh5pjkfrkk Query : select sestamp valor from se where ref ='324.938.00.01' and lote = 'r2301371100a'
20241213@184941.5336 84d3en8ibhcqn1mdhh5pjkfrkk Query : select 1 valor from information_schema.tables where table_type='base table' and table_name='wstablefields'
20241213@184941.5350 84d3en8ibhcqn1mdhh5pjkfrkk Query : select fieldkey,fieldname,fieldtype,calcformula from wstablefields where tablename = 'fi2' and documentnumber = 39
20241213@184941.5361 84d3en8ibhcqn1mdhh5pjkfrkk Query : insert into wsfi2data (fi2stamp,ftstamp ,ousrdata, ousrhora, usrdata,usrhora,ousrinis,usrinis) values ('aut675c890690675c81c582','aut675c835837675c81c44a' ,getdate(),convert(char(8),convert (time,getdate())),getdate(),convert(char(8),convert (time,getdate())),'wsv','wsv')
20241213@184941.5366 84d3en8ibhcqn1mdhh5pjkfrkk Query : select 1 valor from information_schema.tables where table_type='base table' and table_name='wstablefields'
20241213@184941.5380 84d3en8ibhcqn1mdhh5pjkfrkk Query : select fieldkey,fieldname,fieldtype,calcformula from wstablefields where tablename = 'fi' and documentnumber = 39
20241213@184941.5408 84d3en8ibhcqn1mdhh5pjkfrkk Query : insert into wsfidata (fistamp,ousrdata, ousrhora, usrdata,usrhora,ousrinis,usrinis ,qtt ,ftstamp ,epv,pvmoeda ,tabiva,iva,lordem ,ref, design ,lote,armazem,bistamp ) values ('aut675c890690675c81c582',getdate(),convert(char(8),convert (time,getdate())),getdate(),convert(char(8),convert (time,getdate())),'wsv','wsv',8.000 ,'aut675c835837675c81c44a' ,0,0 ,2,23.00,210000,?,?,?,?,?)
20241213@184941.5632 84d3en8ibhcqn1mdhh5pjkfrkk Query : use flama_phc
20241213@184941.5637 84d3en8ibhcqn1mdhh5pjkfrkk Query : select st.usalote valor from st where st.ref = '324.678.00.01'
20241213@184941.5657 84d3en8ibhcqn1mdhh5pjkfrkk Query : select top 1 st.tabiva ,st.ivaincl ,st.stns ,st.uni2 ,st.familia ,isnull(tx.taxa, 0) txiva ,unidade ,usalote ,epcpond ,noserie ,conversao ,st.texteis from st left join taxasiva tx on st.tabiva = tx.codigo where st.ref = '324.678.00.01'
20241213@184941.5781 84d3en8ibhcqn1mdhh5pjkfrkk Query : select 1 valor from information_schema.tables where table_type='base table' and table_name='wstablefields'
20241213@184941.5799 84d3en8ibhcqn1mdhh5pjkfrkk Query : select fieldkey,fieldname,fieldtype,mandatory from wstablefields where tablename = 'fi' and documentnumber = 39
20241213@184941.5824 84d3en8ibhcqn1mdhh5pjkfrkk Query : select 1 valor from information_schema.tables where table_type='base table' and table_name='wstablefields'
20241213@184941.5839 84d3en8ibhcqn1mdhh5pjkfrkk Query : select fieldkey,fieldname,fieldtype,mandatory from wstablefields where tablename = 'fi2' and documentnumber = 39
20241213@184941.5847 84d3en8ibhcqn1mdhh5pjkfrkk Query : select top 1 convert(numeric(6,2),t.taxa) valor from taxasiva t where t.codigo='2'
20241213@184941.5859 84d3en8ibhcqn1mdhh5pjkfrkk Query : select sestamp valor from se where ref ='324.678.00.01' and lote = 'r2400745200a'
20241213@184941.5886 84d3en8ibhcqn1mdhh5pjkfrkk Query : select 1 valor from information_schema.tables where table_type='base table' and table_name='wstablefields'
20241213@184941.5900 84d3en8ibhcqn1mdhh5pjkfrkk Query : select fieldkey,fieldname,fieldtype,calcformula from wstablefields where tablename = 'fi2' and documentnumber = 39
20241213@184941.6796 84d3en8ibhcqn1mdhh5pjkfrkk Query : insert into wsfi2data (fi2stamp,ftstamp ,ousrdata, ousrhora, usrdata,usrhora,ousrinis,usrinis) values ('aut675c848383675c81c58f','aut675c835837675c81c44a' ,getdate(),convert(char(8),convert (time,getdate())),getdate(),convert(char(8),convert (time,getdate())),'wsv','wsv')
20241213@184941.7065 84d3en8ibhcqn1mdhh5pjkfrkk Query : select 1 valor from information_schema.tables where table_type='base table' and table_name='wstablefields'
20241213@184941.7088 84d3en8ibhcqn1mdhh5pjkfrkk Query : select fieldkey,fieldname,fieldtype,calcformula from wstablefields where tablename = 'fi' and documentnumber = 39
20241213@184941.7119 84d3en8ibhcqn1mdhh5pjkfrkk Query : insert into wsfidata (fistamp,ousrdata, ousrhora, usrdata,usrhora,ousrinis,usrinis ,qtt ,ftstamp ,epv,pvmoeda ,tabiva,iva,lordem ,ref, design ,lote,armazem,bistamp ) values ('aut675c848383675c81c58f',getdate(),convert(char(8),convert (time,getdate())),getdate(),convert(char(8),convert (time,getdate())),'wsv','wsv',2.000 ,'aut675c835837675c81c44a' ,0,0 ,2,23.00,220000,?,?,?,?,?)
20241213@184941.7363 84d3en8ibhcqn1mdhh5pjkfrkk Query : select 1 valor from information_schema.tables where table_type='base table' and table_name='wstablefields'
20241213@184941.7380 84d3en8ibhcqn1mdhh5pjkfrkk Query : select fieldkey,fieldname,fieldtype,mandatory from wstablefields where tablename = 'fi' and documentnumber = 39
20241213@184941.7407 84d3en8ibhcqn1mdhh5pjkfrkk Query : select 1 valor from information_schema.tables where table_type='base table' and table_name='wstablefields'
20241213@184941.7422 84d3en8ibhcqn1mdhh5pjkfrkk Query : select fieldkey,fieldname,fieldtype,mandatory from wstablefields where tablename = 'fi2' and documentnumber = 39
20241213@184941.7430 84d3en8ibhcqn1mdhh5pjkfrkk Query : select top 1 convert(numeric(6,2),t.taxa) valor from taxasiva t where t.codigo='2'
20241213@184941.7443 84d3en8ibhcqn1mdhh5pjkfrkk Query : select 1 valor from information_schema.tables where table_type='base table' and table_name='wstablefields'
20241213@184941.7456 84d3en8ibhcqn1mdhh5pjkfrkk Query : select fieldkey,fieldname,fieldtype,calcformula from wstablefields where tablename = 'fi2' and documentnumber = 39
20241213@184941.7467 84d3en8ibhcqn1mdhh5pjkfrkk Query : insert into wsfi2data (fi2stamp,ftstamp ,ousrdata, ousrhora, usrdata,usrhora,ousrinis,usrinis) values ('aut675c865933675c81c5b5','aut675c835837675c81c44a' ,getdate(),convert(char(8),convert (time,getdate())),getdate(),convert(char(8),convert (time,getdate())),'wsv','wsv')
20241213@184941.7472 84d3en8ibhcqn1mdhh5pjkfrkk Query : select 1 valor from information_schema.tables where table_type='base table' and table_name='wstablefields'
20241213@184941.7486 84d3en8ibhcqn1mdhh5pjkfrkk Query : select fieldkey,fieldname,fieldtype,calcformula from wstablefields where tablename = 'fi' and documentnumber = 39
20241213@184941.7513 84d3en8ibhcqn1mdhh5pjkfrkk Query : insert into wsfidata (fistamp,ousrdata, ousrhora, usrdata,usrhora,ousrinis,usrinis ,qtt ,ftstamp ,epv,pvmoeda ,tabiva,iva,lordem ,ref, design ,armazem) values ('aut675c865933675c81c5b5',getdate(),convert(char(8),convert (time,getdate())),getdate(),convert(char(8),convert (time,getdate())),'wsv','wsv',0 ,'aut675c835837675c81c44a' ,0,0 ,2,23.00,230000,?,?,?)
20241213@184941.7729 84d3en8ibhcqn1mdhh5pjkfrkk Query : use flama_phc
20241213@184941.7733 84d3en8ibhcqn1mdhh5pjkfrkk Query : select st.usalote valor from st where st.ref = '324.691.00.01'
20241213@184941.7752 84d3en8ibhcqn1mdhh5pjkfrkk Query : select top 1 st.tabiva ,st.ivaincl ,st.stns ,st.uni2 ,st.familia ,isnull(tx.taxa, 0) txiva ,unidade ,usalote ,epcpond ,noserie ,conversao ,st.texteis from st left join taxasiva tx on st.tabiva = tx.codigo where st.ref = '324.691.00.01'
20241213@184941.7879 84d3en8ibhcqn1mdhh5pjkfrkk Query : select 1 valor from information_schema.tables where table_type='base table' and table_name='wstablefields'
20241213@184941.7911 84d3en8ibhcqn1mdhh5pjkfrkk Query : select fieldkey,fieldname,fieldtype,mandatory from wstablefields where tablename = 'fi' and documentnumber = 39
20241213@184941.7937 84d3en8ibhcqn1mdhh5pjkfrkk Query : select 1 valor from information_schema.tables where table_type='base table' and table_name='wstablefields'
20241213@184941.7951 84d3en8ibhcqn1mdhh5pjkfrkk Query : select fieldkey,fieldname,fieldtype,mandatory from wstablefields where tablename = 'fi2' and documentnumber = 39
20241213@184941.7959 84d3en8ibhcqn1mdhh5pjkfrkk Query : select top 1 convert(numeric(6,2),t.taxa) valor from taxasiva t where t.codigo='2'
20241213@184941.7971 84d3en8ibhcqn1mdhh5pjkfrkk Query : select sestamp valor from se where ref ='324.691.00.01' and lote = 'r2400837300a'
20241213@184941.7988 84d3en8ibhcqn1mdhh5pjkfrkk Query : select 1 valor from information_schema.tables where table_type='base table' and table_name='wstablefields'
20241213@184941.8001 84d3en8ibhcqn1mdhh5pjkfrkk Query : select fieldkey,fieldname,fieldtype,calcformula from wstablefields where tablename = 'fi2' and documentnumber = 39
20241213@184941.8014 84d3en8ibhcqn1mdhh5pjkfrkk Query : insert into wsfi2data (fi2stamp,ftstamp ,ousrdata, ousrhora, usrdata,usrhora,ousrinis,usrinis) values ('aut675c885546675c81c5c3','aut675c835837675c81c44a' ,getdate(),convert(char(8),convert (time,getdate())),getdate(),convert(char(8),convert (time,getdate())),'wsv','wsv')
20241213@184941.8045 84d3en8ibhcqn1mdhh5pjkfrkk Query : use flama_phc
20241213@184941.8078 84d3en8ibhcqn1mdhh5pjkfrkk Query : select top 1 errorresult result ,errornumber errornumber ,descriptionpt description ,isnull(descriptionen,'') descriptionen ,isnull(descriptionfr,'') descriptionfr from wserrorcodes where errornumber = -116
20241213@184941.8113 84d3en8ibhcqn1mdhh5pjkfrkk Query : select concat(rtrim(relative_path),ltrim(name_new)) as valor from uploadfiles where uploadfile_id='3976';
20241213@184941.8158 84d3en8ibhcqn1mdhh5pjkfrkk Query : update uploadfiles set whenupdated=current_timestamp where uploadfile_id='3976';
20241213@184941.8702 0p7beebfhaf6tl2v8iqv2dte0g Query : insert into uploadfiles ( name_original, name_new, option_type, relative_path, whencreated ) values ( ?, ?, ?, ?, getdate() )
20241213@184941.8714 0p7beebfhaf6tl2v8iqv2dte0g Query : select uploadfile_id valor from uploadfiles where name_new = ? and option_type = ? 
20241213@184941.8782 0p7beebfhaf6tl2v8iqv2dte0g Query : select concat(rtrim(relative_path),ltrim(name_new)) as valor from uploadfiles where uploadfile_id='3977';
20241213@184941.8851 0p7beebfhaf6tl2v8iqv2dte0g Query : update uploadfiles set whenupdated=current_timestamp where uploadfile_id='3977';
20241213@184941.8922 0p7beebfhaf6tl2v8iqv2dte0g Query : select concat(rtrim(relative_path),ltrim(name_new)) as valor from uploadfiles where uploadfile_id='3977';
20241213@184941.8956 0p7beebfhaf6tl2v8iqv2dte0g Query : update uploadfiles set whenupdated=current_timestamp where uploadfile_id='3977';
20241213@184941.9861 7ukkbtvhussiupn2c21urjb2bv Query : insert into uploadfiles ( name_original, name_new, option_type, relative_path, whencreated ) values ( ?, ?, ?, ?, getdate() )
20241213@184941.9873 7ukkbtvhussiupn2c21urjb2bv Query : select uploadfile_id valor from uploadfiles where name_new = ? and option_type = ? 
20241213@184942.1560 7ukkbtvhussiupn2c21urjb2bv Query : select concat(rtrim(relative_path),ltrim(name_new)) as valor from uploadfiles where uploadfile_id='3978';
20241213@184942.2420 7ukkbtvhussiupn2c21urjb2bv Query : update uploadfiles set whenupdated=current_timestamp where uploadfile_id='3978';
20241213@184942.3110 7ukkbtvhussiupn2c21urjb2bv Query : select concat(rtrim(relative_path),ltrim(name_new)) as valor from uploadfiles where uploadfile_id='3978';
20241213@184942.3470 7ukkbtvhussiupn2c21urjb2bv Query : update uploadfiles set whenupdated=current_timestamp where uploadfile_id='3978';
20241213@184942.3950 7ukkbtvhussiupn2c21urjb2bv Query : use flama_phc
20241213@184942.3990 7ukkbtvhussiupn2c21urjb2bv Query : select top 1 secretkey valor from u_wsusers u where u.userid = ? and u.inactivo=0
20241213@184942.4700 7ukkbtvhussiupn2c21urjb2bv Query : select no, estab,szadrsdesc from szadrs where u_coddest=2
20241213@184942.5580 7ukkbtvhussiupn2c21urjb2bv Query : select top 1 isnull(design,'') valor from st (nolock) where st.ref = '324.1643.00.1'
20241213@184942.6670 7ukkbtvhussiupn2c21urjb2bv Query : select top 1 bistamp valor from bi inner join bo on bo.bostamp=bi.bostamp where bo.ndos =001 and bo.boano =2024 and bo.obrano = 0003078 and bi.ref ='324.1643.00.1' and bi.lordem =10000
20241213@184942.9880 7ukkbtvhussiupn2c21urjb2bv Query : select bi.edebito ,bi.desconto ,bi.desc2 ,bi.desc3 ,bi.desc4 ,bi.obranome ,bi.bostamp ,bo.moeda ,bi.vumoeda ,isnull(bi.vumoeda/nullif(bi.edebito,0),1) cambio ,bi.tabiva from bi inner join bo on bi.bostamp = bo.bostamp where bi.bistamp = 'az24121362566,406000001 ' 
20241213@184942.1456 7ukkbtvhussiupn2c21urjb2bv Query : select top 1 isnull(design,'') valor from st (nolock) where st.ref = '324.1646.00.1'
20241213@184942.1564 7ukkbtvhussiupn2c21urjb2bv Query : select top 1 bistamp valor from bi inner join bo on bo.bostamp=bi.bostamp where bo.ndos =001 and bo.boano =2024 and bo.obrano = 0003078 and bi.ref ='324.1646.00.1' and bi.lordem =20000
20241213@184942.1888 7ukkbtvhussiupn2c21urjb2bv Query : select bi.edebito ,bi.desconto ,bi.desc2 ,bi.desc3 ,bi.desc4 ,bi.obranome ,bi.bostamp ,bo.moeda ,bi.vumoeda ,isnull(bi.vumoeda/nullif(bi.edebito,0),1) cambio ,bi.tabiva from bi inner join bo on bi.bostamp = bo.bostamp where bi.bistamp = 'az24121362591,400000002 ' 
20241213@184942.2322 7ukkbtvhussiupn2c21urjb2bv Query : select top 1 isnull(design,'') valor from st (nolock) where st.ref = '324.1646.00.1'
20241213@184942.2381 7ukkbtvhussiupn2c21urjb2bv Query : select top 1 bistamp valor from bi inner join bo on bo.bostamp=bi.bostamp where bo.ndos =001 and bo.boano =2024 and bo.obrano = 0003078 and bi.ref ='324.1646.00.1' and bi.lordem =20000
20241213@184942.2402 7ukkbtvhussiupn2c21urjb2bv Query : select bi.edebito ,bi.desconto ,bi.desc2 ,bi.desc3 ,bi.desc4 ,bi.obranome ,bi.bostamp ,bo.moeda ,bi.vumoeda ,isnull(bi.vumoeda/nullif(bi.edebito,0),1) cambio ,bi.tabiva from bi inner join bo on bi.bostamp = bo.bostamp where bi.bistamp = 'az24121362591,400000002 ' 
20241213@184942.2423 7ukkbtvhussiupn2c21urjb2bv Query : select top 1 isnull(design,'') valor from st (nolock) where st.ref = '324.1685.00.1'
20241213@184942.2527 7ukkbtvhussiupn2c21urjb2bv Query : select top 1 bistamp valor from bi inner join bo on bo.bostamp=bi.bostamp where bo.ndos =001 and bo.boano =2024 and bo.obrano = 0003078 and bi.ref ='324.1685.00.1' and bi.lordem =30000
20241213@184942.2889 7ukkbtvhussiupn2c21urjb2bv Query : select bi.edebito ,bi.desconto ,bi.desc2 ,bi.desc3 ,bi.desc4 ,bi.obranome ,bi.bostamp ,bo.moeda ,bi.vumoeda ,isnull(bi.vumoeda/nullif(bi.edebito,0),1) cambio ,bi.tabiva from bi inner join bo on bi.bostamp = bo.bostamp where bi.bistamp = 'az24121362600,460000003 ' 
20241213@184942.3204 7ukkbtvhussiupn2c21urjb2bv Query : select top 1 isnull(design,'') valor from st (nolock) where st.ref = '324.1685.00.1'
20241213@184942.3227 7ukkbtvhussiupn2c21urjb2bv Query : select top 1 bistamp valor from bi inner join bo on bo.bostamp=bi.bostamp where bo.ndos =001 and bo.boano =2024 and bo.obrano = 0003078 and bi.ref ='324.1685.00.1' and bi.lordem =30000
20241213@184942.3253 7ukkbtvhussiupn2c21urjb2bv Query : select bi.edebito ,bi.desconto ,bi.desc2 ,bi.desc3 ,bi.desc4 ,bi.obranome ,bi.bostamp ,bo.moeda ,bi.vumoeda ,isnull(bi.vumoeda/nullif(bi.edebito,0),1) cambio ,bi.tabiva from bi inner join bo on bi.bostamp = bo.bostamp where bi.bistamp = 'az24121362600,460000003 ' 
20241213@184942.3312 7ukkbtvhussiupn2c21urjb2bv Query : select top 1 isnull(design,'') valor from st (nolock) where st.ref = '324.1642.00.2'
20241213@184942.3412 7ukkbtvhussiupn2c21urjb2bv Query : select top 1 bistamp valor from bi inner join bo on bo.bostamp=bi.bostamp where bo.ndos =001 and bo.boano =2024 and bo.obrano = 0003078 and bi.ref ='324.1642.00.2' and bi.lordem =40000
20241213@184942.3733 7ukkbtvhussiupn2c21urjb2bv Query : select top 1 isnull(design,'') valor from st (nolock) where st.ref = '324.1642.00.2'
20241213@184942.3754 7ukkbtvhussiupn2c21urjb2bv Query : select top 1 bistamp valor from bi inner join bo on bo.bostamp=bi.bostamp where bo.ndos =001 and bo.boano =2024 and bo.obrano = 0003078 and bi.ref ='324.1642.00.2' and bi.lordem =40000
20241213@184942.3774 7ukkbtvhussiupn2c21urjb2bv Query : select top 1 isnull(design,'') valor from st (nolock) where st.ref = '324.2334.00.1'
20241213@184942.3865 7ukkbtvhussiupn2c21urjb2bv Query : select top 1 bistamp valor from bi inner join bo on bo.bostamp=bi.bostamp where bo.ndos =001 and bo.boano =2024 and bo.obrano = 0003078 and bi.ref ='324.2334.00.1' and bi.lordem =50000
20241213@184942.4221 7ukkbtvhussiupn2c21urjb2bv Query : select bi.edebito ,bi.desconto ,bi.desc2 ,bi.desc3 ,bi.desc4 ,bi.obranome ,bi.bostamp ,bo.moeda ,bi.vumoeda ,isnull(bi.vumoeda/nullif(bi.edebito,0),1) cambio ,bi.tabiva from bi inner join bo on bi.bostamp = bo.bostamp where bi.bistamp = 'az24121362966,032000005 ' 
20241213@184942.4506 7ukkbtvhussiupn2c21urjb2bv Query : select top 1 isnull(design,'') valor from st (nolock) where st.ref = '324.4961.00.1'
20241213@184942.4598 7ukkbtvhussiupn2c21urjb2bv Query : select top 1 bistamp valor from bi inner join bo on bo.bostamp=bi.bostamp where bo.ndos =001 and bo.boano =2024 and bo.obrano = 0003078 and bi.ref ='324.4961.00.1' and bi.lordem =60000
20241213@184942.4899 7ukkbtvhussiupn2c21urjb2bv Query : select bi.edebito ,bi.desconto ,bi.desc2 ,bi.desc3 ,bi.desc4 ,bi.obranome ,bi.bostamp ,bo.moeda ,bi.vumoeda ,isnull(bi.vumoeda/nullif(bi.edebito,0),1) cambio ,bi.tabiva from bi inner join bo on bi.bostamp = bo.bostamp where bi.bistamp = 'az24121362976,868000006 ' 
20241213@184942.5179 7ukkbtvhussiupn2c21urjb2bv Query : select top 1 isnull(design,'') valor from st (nolock) where st.ref = '324.4970.00.1'
20241213@184942.5274 7ukkbtvhussiupn2c21urjb2bv Query : select top 1 bistamp valor from bi inner join bo on bo.bostamp=bi.bostamp where bo.ndos =001 and bo.boano =2024 and bo.obrano = 0003078 and bi.ref ='324.4970.00.1' and bi.lordem =70000
20241213@184942.5793 7ukkbtvhussiupn2c21urjb2bv Query : select bi.edebito ,bi.desconto ,bi.desc2 ,bi.desc3 ,bi.desc4 ,bi.obranome ,bi.bostamp ,bo.moeda ,bi.vumoeda ,isnull(bi.vumoeda/nullif(bi.edebito,0),1) cambio ,bi.tabiva from bi inner join bo on bi.bostamp = bo.bostamp where bi.bistamp = 'az24121362986,619000007 ' 
20241213@184942.6124 7ukkbtvhussiupn2c21urjb2bv Query : select top 1 isnull(design,'') valor from st (nolock) where st.ref = '324.969.00.01'
20241213@184942.6221 7ukkbtvhussiupn2c21urjb2bv Query : select top 1 bistamp valor from bi inner join bo on bo.bostamp=bi.bostamp where bo.ndos =001 and bo.boano =2024 and bo.obrano = 0003078 and bi.ref ='324.969.00.01' and bi.lordem =80000
20241213@184942.6525 7ukkbtvhussiupn2c21urjb2bv Query : select bi.edebito ,bi.desconto ,bi.desc2 ,bi.desc3 ,bi.desc4 ,bi.obranome ,bi.bostamp ,bo.moeda ,bi.vumoeda ,isnull(bi.vumoeda/nullif(bi.edebito,0),1) cambio ,bi.tabiva from bi inner join bo on bi.bostamp = bo.bostamp where bi.bistamp = 'az24121362997,699000008 ' 
20241213@184942.6797 7ukkbtvhussiupn2c21urjb2bv Query : select top 1 isnull(design,'') valor from st (nolock) where st.ref = '324.692.00.01'
20241213@184942.6931 7ukkbtvhussiupn2c21urjb2bv Query : select top 1 bistamp valor from bi inner join bo on bo.bostamp=bi.bostamp where bo.ndos =001 and bo.boano =2024 and bo.obrano = 0003078 and bi.ref ='324.692.00.01' and bi.lordem =90000
20241213@184942.7250 7ukkbtvhussiupn2c21urjb2bv Query : select bi.edebito ,bi.desconto ,bi.desc2 ,bi.desc3 ,bi.desc4 ,bi.obranome ,bi.bostamp ,bo.moeda ,bi.vumoeda ,isnull(bi.vumoeda/nullif(bi.edebito,0),1) cambio ,bi.tabiva from bi inner join bo on bi.bostamp = bo.bostamp where bi.bistamp = 'az24121363005,431000009 ' 
20241213@184942.7548 7ukkbtvhussiupn2c21urjb2bv Query : select top 1 isnull(design,'') valor from st (nolock) where st.ref = '324.2031.00.1'
20241213@184942.7644 7ukkbtvhussiupn2c21urjb2bv Query : select top 1 bistamp valor from bi inner join bo on bo.bostamp=bi.bostamp where bo.ndos =001 and bo.boano =2024 and bo.obrano = 0003078 and bi.ref ='324.2031.00.1' and bi.lordem =100000
20241213@184942.7953 7ukkbtvhussiupn2c21urjb2bv Query : select bi.edebito ,bi.desconto ,bi.desc2 ,bi.desc3 ,bi.desc4 ,bi.obranome ,bi.bostamp ,bo.moeda ,bi.vumoeda ,isnull(bi.vumoeda/nullif(bi.edebito,0),1) cambio ,bi.tabiva from bi inner join bo on bi.bostamp = bo.bostamp where bi.bistamp = 'az24121363014,727000010 ' 
20241213@184942.8227 7ukkbtvhussiupn2c21urjb2bv Query : select top 1 isnull(design,'') valor from st (nolock) where st.ref = '324.675.00.01'
20241213@184942.8322 7ukkbtvhussiupn2c21urjb2bv Query : select top 1 bistamp valor from bi inner join bo on bo.bostamp=bi.bostamp where bo.ndos =001 and bo.boano =2024 and bo.obrano = 0003078 and bi.ref ='324.675.00.01' and bi.lordem =110000
20241213@184942.8619 7ukkbtvhussiupn2c21urjb2bv Query : select bi.edebito ,bi.desconto ,bi.desc2 ,bi.desc3 ,bi.desc4 ,bi.obranome ,bi.bostamp ,bo.moeda ,bi.vumoeda ,isnull(bi.vumoeda/nullif(bi.edebito,0),1) cambio ,bi.tabiva from bi inner join bo on bi.bostamp = bo.bostamp where bi.bistamp = 'az24121363025,699000011 ' 
20241213@184942.8925 7ukkbtvhussiupn2c21urjb2bv Query : select top 1 isnull(design,'') valor from st (nolock) where st.ref = '324.675.00.01'
20241213@184942.8947 7ukkbtvhussiupn2c21urjb2bv Query : select top 1 bistamp valor from bi inner join bo on bo.bostamp=bi.bostamp where bo.ndos =001 and bo.boano =2024 and bo.obrano = 0003078 and bi.ref ='324.675.00.01' and bi.lordem =110000
20241213@184942.8969 7ukkbtvhussiupn2c21urjb2bv Query : select bi.edebito ,bi.desconto ,bi.desc2 ,bi.desc3 ,bi.desc4 ,bi.obranome ,bi.bostamp ,bo.moeda ,bi.vumoeda ,isnull(bi.vumoeda/nullif(bi.edebito,0),1) cambio ,bi.tabiva from bi inner join bo on bi.bostamp = bo.bostamp where bi.bistamp = 'az24121363025,699000011 ' 
20241213@184942.8992 7ukkbtvhussiupn2c21urjb2bv Query : select top 1 isnull(design,'') valor from st (nolock) where st.ref = '324.4421.00.1'
20241213@184942.9097 7ukkbtvhussiupn2c21urjb2bv Query : select top 1 bistamp valor from bi inner join bo on bo.bostamp=bi.bostamp where bo.ndos =001 and bo.boano =2024 and bo.obrano = 0003078 and bi.ref ='324.4421.00.1' and bi.lordem =120000
20241213@184942.9415 7ukkbtvhussiupn2c21urjb2bv Query : select bi.edebito ,bi.desconto ,bi.desc2 ,bi.desc3 ,bi.desc4 ,bi.obranome ,bi.bostamp ,bo.moeda ,bi.vumoeda ,isnull(bi.vumoeda/nullif(bi.edebito,0),1) cambio ,bi.tabiva from bi inner join bo on bi.bostamp = bo.bostamp where bi.bistamp = 'az24121363040,959000012 ' 
20241213@184942.9703 7ukkbtvhussiupn2c21urjb2bv Query : use flama_phc
20241213@184942.9707 7ukkbtvhussiupn2c21urjb2bv Query : select top 1 1 valor from ts where ts.ndos = 5
20241213@184943.4000 7ukkbtvhussiupn2c21urjb2bv Query : use flama_phc
20241213@184943.7000 7ukkbtvhussiupn2c21urjb2bv Query : select lower(descricao) descricao ,case when valor='s' then 1 else 0 end valor from para1 where descricao in ('st_lote','st_usalogifunc', 'st_grelha')
20241213@184943.8200 7ukkbtvhussiupn2c21urjb2bv Query : select top 1 assinadoc issigned ,ts.stocks ,ts.bdempresas origin ,case when (cmstocks between 1 and 50 or cm2stocks between 1 and 50 ) then 1 else 0 end entrada ,case when cmstocks>50 or (cm2stocks>50 and trfa =1) then 1 else 0 end saida ,stneg validatestock ,tiposaft ,veserie useserialnumber ,foserie assetin ,ftserie assetout ,veserie assets ,trfarm assetstransfer ,grelha usegridfields from ts inner join ts2 on ts.tsstamp=ts2.ts2stamp where ts.ndos =5
20241213@184943.2280 7ukkbtvhussiupn2c21urjb2bv Query : use flama_phc
20241213@184943.2320 7ukkbtvhussiupn2c21urjb2bv Query : select top 1 ~inactivo valor from fl where no = '100500' and estab = 0 order by inactivo desc
20241213@184943.3350 7ukkbtvhussiupn2c21urjb2bv Query : use flama_phc
20241213@184943.3380 7ukkbtvhussiupn2c21urjb2bv Query : select szadrsstamp valor from szadrs where szadrsdesc='espaÇotrans,lda'
20241213@184943.3780 7ukkbtvhussiupn2c21urjb2bv Query : use flama_phc
20241213@184943.3810 7ukkbtvhussiupn2c21urjb2bv Query : select szadrsstamp valor from szadrs where szadrsdesc='n/instalaÇÕes sede'
20241213@184943.4310 7ukkbtvhussiupn2c21urjb2bv Query : use flama_phc
20241213@184943.4340 7ukkbtvhussiupn2c21urjb2bv Query : select 1 valor from ts where ndos = 5
20241213@184943.4960 7ukkbtvhussiupn2c21urjb2bv Query : select 1 valor from information_schema.tables where table_type='base table' and table_name='wstablefields'
20241213@184943.5130 7ukkbtvhussiupn2c21urjb2bv Query : select fieldkey,fieldname,fieldtype,mandatory from wstablefields where tablename = 'bo' and documentnumber = 5
20241213@184943.5270 7ukkbtvhussiupn2c21urjb2bv Query : select 1 valor from information_schema.tables where table_type='base table' and table_name='wstablefields'
20241213@184943.5410 7ukkbtvhussiupn2c21urjb2bv Query : select fieldkey,fieldname,fieldtype,mandatory from wstablefields where tablename = 'bo2' and documentnumber = 5
20241213@184943.5510 7ukkbtvhussiupn2c21urjb2bv Query : select 1 valor from information_schema.tables where table_type='base table' and table_name='wstablefields'
20241213@184943.5660 7ukkbtvhussiupn2c21urjb2bv Query : select fieldkey,fieldname,fieldtype,mandatory from wstablefields where tablename = 'bo3' and documentnumber = 5
20241213@184943.5760 7ukkbtvhussiupn2c21urjb2bv Query : select top 1 ts2.manternumero, ts.tiposaft, ts.idserie,ts.nmdos,ts.bdempresas from ts inner join ts2 on ts.tsstamp=ts2.ts2stamp where ts.ndos = 5
20241213@184943.6630 7ukkbtvhussiupn2c21urjb2bv Query : select top 1 bo.obrano valor from bo bo where bo.ndos = 5 and boano=2024 order by obrano desc
20241213@184943.7840 7ukkbtvhussiupn2c21urjb2bv Query : select top 1 bo.obrano valor from wsbodata bo where bo.ndos = 5 and boano=2024 order by obrano desc
20241213@184943.8800 7ukkbtvhussiupn2c21urjb2bv Query : use flama_phc
20241213@184943.8870 7ukkbtvhussiupn2c21urjb2bv Query : select top 1 no,estab,nome, morada, local,codpost,ncont,pncont,pais,inactivo,motiseimp,codmotiseimp from fl where no='100500' and estab=0
20241213@184943.9600 7ukkbtvhussiupn2c21urjb2bv Query : select 1 valor from information_schema.tables where table_type='base table' and table_name='wstablefields'
20241213@184943.9760 7ukkbtvhussiupn2c21urjb2bv Query : select fieldkey,fieldname,fieldtype,calcformula from wstablefields where tablename = 'bo3' and documentnumber = 5
20241213@184943.9890 7ukkbtvhussiupn2c21urjb2bv Query : insert into wsbo3data (bo3stamp, ousrdata, ousrhora, usrdata,usrhora,ousrinis,usrinis) values ('aut675c802837675c81c715',getdate(),convert(char(8),convert (time,getdate())),getdate(),convert(char(8),convert (time,getdate())),'aut','aut')
20241213@184943.1309 7ukkbtvhussiupn2c21urjb2bv Query : select 1 valor from information_schema.tables where table_type='base table' and table_name='wstablefields'
20241213@184943.1333 7ukkbtvhussiupn2c21urjb2bv Query : select fieldkey,fieldname,fieldtype,calcformula from wstablefields where tablename = 'bo2' and documentnumber = 5
20241213@184943.1347 7ukkbtvhussiupn2c21urjb2bv Query : insert into wsbo2data (bo2stamp, tiposaft, idserie,cambio,cambiofixo,ousrdata, ousrhora, usrdata,usrhora,ousrinis,usrinis,xpddata,xpdhora,carga,descar) values ('aut675c802837675c81c715','ga','bo',0 ,0,getdate(),convert(char(8),convert (time,getdate())),getdate(),convert(char(8),convert (time,getdate())),'aut','aut','20241213','19:19',?,?)
20241213@184943.3304 7ukkbtvhussiupn2c21urjb2bv Query : select 1 valor from information_schema.tables where table_type='base table' and table_name='wstablefields'
20241213@184943.3325 7ukkbtvhussiupn2c21urjb2bv Query : select fieldkey,fieldname,fieldtype,calcformula from wstablefields where tablename = 'bo' and documentnumber = 5
20241213@184943.3343 7ukkbtvhussiupn2c21urjb2bv Query : insert into wsbodata (bostamp, nmdos, dataobra, ndos, obrano, no, estab, nome, ncont, morada, local, codpost, moeda, boano, memissao,ousrdata, ousrhora, usrdata,usrhora,ousrinis,usrinis,maquina ) values ('aut675c802837675c81c715','trf entre armazéns a','2024-12-13',5,603,?,?,?,?,?,?,?,?,2024, (select valor from para1 where descricao = 'ge_euro') ,getdate(),convert(char(8),convert (time,getdate())),getdate(),convert(char(8),convert (time,getdate())),'aut','aut',?)
20241213@184943.3936 7ukkbtvhussiupn2c21urjb2bv Query : use flama_phc
20241213@184943.3939 7ukkbtvhussiupn2c21urjb2bv Query : select st.usalote valor from st where st.ref = '324.1643.00.1'
20241213@184943.3954 7ukkbtvhussiupn2c21urjb2bv Query : use flama_phc
20241213@184943.3957 7ukkbtvhussiupn2c21urjb2bv Query : select st.stns valor from st where st.ref = '324.1643.00.1'
20241213@184943.4061 7ukkbtvhussiupn2c21urjb2bv Query : use flama_phc
20241213@184943.4064 7ukkbtvhussiupn2c21urjb2bv Query : select isnull(sum(stock) ,0)stock ,isnull(sum(qttrec),0) qttrec ,0 qttcat ,isnull(sum(rescli),0) rescli ,isnull(sum(resfor),0) resfor from sa where sa.ref = '324.1643.00.1' and sa.armazem = 133 
20241213@184943.4144 7ukkbtvhussiupn2c21urjb2bv Query : use flama_phc
20241213@184943.4147 7ukkbtvhussiupn2c21urjb2bv Query : select st.stns valor from st where st.ref = '324.1643.00.1'
20241213@184943.4171 7ukkbtvhussiupn2c21urjb2bv Query : select top 1 st.tabiva ,st.ivaincl ,st.stns ,st.uni2 ,st.familia ,isnull(tx.taxa, 0) txiva ,unidade ,usalote ,epcpond ,noserie ,conversao ,st.texteis from st left join taxasiva tx on st.tabiva = tx.codigo where st.ref = '324.1643.00.1'
20241213@184943.4299 7ukkbtvhussiupn2c21urjb2bv Query : select 1 valor from information_schema.tables where table_type='base table' and table_name='wstablefields'
20241213@184943.4317 7ukkbtvhussiupn2c21urjb2bv Query : select fieldkey,fieldname,fieldtype,mandatory from wstablefields where tablename = 'bi' and documentnumber = 5
20241213@184943.4337 7ukkbtvhussiupn2c21urjb2bv Query : select 1 valor from information_schema.tables where table_type='base table' and table_name='wstablefields'
20241213@184943.4353 7ukkbtvhussiupn2c21urjb2bv Query : select fieldkey,fieldname,fieldtype,mandatory from wstablefields where tablename = 'bi2' and documentnumber = 5
20241213@184943.4362 7ukkbtvhussiupn2c21urjb2bv Query : select sestamp valor from se where ref ='324.1643.00.1' and lote = 'r2101218200a'
20241213@184943.4389 7ukkbtvhussiupn2c21urjb2bv Query : select top 1 convert(numeric(6,2),t.taxa) valor from taxasiva t where t.codigo='2'
20241213@184943.4446 7ukkbtvhussiupn2c21urjb2bv Query : select 1 valor from information_schema.tables where table_type='base table' and table_name='wstablefields'
20241213@184943.4462 7ukkbtvhussiupn2c21urjb2bv Query : select fieldkey,fieldname,fieldtype,calcformula from wstablefields where tablename = 'bi2' and documentnumber = 5
20241213@184943.4475 7ukkbtvhussiupn2c21urjb2bv Query : insert into wsbi2data (bi2stamp,bostamp,morada, local,codpost ,ousrdata, ousrhora, usrdata,usrhora,ousrinis,usrinis) select 'aut675c812134675c81c76c','aut675c802837675c81c715',bo.morada, bo.local,bo.codpost ,getdate(),convert(char(8),convert (time,getdate())),getdate(),convert(char(8),convert (time,getdate())),'aut','aut' from wsbodata bo where bo.bostamp = 'aut675c802837675c81c715'
20241213@184943.5144 7ukkbtvhussiupn2c21urjb2bv Query : select 1 valor from information_schema.tables where table_type='base table' and table_name='wstablefields'
20241213@184943.5165 7ukkbtvhussiupn2c21urjb2bv Query : select fieldkey,fieldname,fieldtype,calcformula from wstablefields where tablename = 'bi' and documentnumber = 5
20241213@184943.5183 7ukkbtvhussiupn2c21urjb2bv Query : insert into wsbidata (bistamp,ousrdata, ousrhora, usrdata,usrhora,ousrinis,usrinis ,obrano, qtt,uni2qtt ,no, estab,nmdos ,ndos, obranome,fechada, dataobra ,rdata ,dataopen, datafecho,local, morada ,codpost, nome,bostamp,lordem ,edebito,debito, epu,pu ,ivaincl,stns,unidade, unidad2 ,marcada,usalote ,ettdeb,ttdeb,epcusto, pcusto ,ecustoind,custoind ,vendedor,vendnm, ccusto,ncusto ,noserie,tabiva,iva ,ref,design,familia,desconto,desc2,desc3,desc4,eslvu,slvu,esltt,sltt,oobistamp,vumoeda,ttmoeda,slvumoeda,slttmoeda,lote,armazem,ar2mazem,obistamp ,stipo) select 'aut675c812134675c81c76c',getdate(),convert(char(8),convert (time,getdate())),getdate(),convert(char(8),convert (time,getdate())),'aut','aut',bo.obrano, 20.000, 20.000*.0000000 ,bo.no, bo.estab,bo.nmdos ,bo.ndos, bo.obranome,bo.fechada, bo.dataobra ,bo.dataobra ,bo.dataopen,bo.datafecho,bo.local, bo.morada ,bo.codpost, bo.nome,bo.bostamp,10000 ,96,96*200.48,96,96*200.48 ,0,0,'un ','' ,bo.marcada,1 ,96*20.000,96*20.000*200.48 ,40.138000,40.138000*200.48 ,40.138000,40.138000*200.48 ,bo.vendedor,bo.vendnm,bo.ccusto,bo.ncusto ,0,2,23.00,?,?,?,0,0,0,0,96,96*200.48,96*20.000,96*20.000*200.48,'az24121362566,406000001 ',96,96*20.000,96,96*20.000,?,?,?,?,4 from wsbodata bo where bo.bostamp = 'aut675c802837675c81c715'
20241213@184943.5978 7ukkbtvhussiupn2c21urjb2bv Query : use flama_phc
20241213@184943.6001 7ukkbtvhussiupn2c21urjb2bv Query : select st.usalote valor from st where st.ref = '324.1646.00.1'
20241213@184943.6021 7ukkbtvhussiupn2c21urjb2bv Query : use flama_phc
20241213@184943.6024 7ukkbtvhussiupn2c21urjb2bv Query : select st.stns valor from st where st.ref = '324.1646.00.1'
20241213@184943.6040 7ukkbtvhussiupn2c21urjb2bv Query : use flama_phc
20241213@184943.6044 7ukkbtvhussiupn2c21urjb2bv Query : select isnull(sum(stock) ,0)stock ,isnull(sum(qttrec),0) qttrec ,0 qttcat ,isnull(sum(rescli),0) rescli ,isnull(sum(resfor),0) resfor from sa where sa.ref = '324.1646.00.1' and sa.armazem = 133 
20241213@184943.6121 7ukkbtvhussiupn2c21urjb2bv Query : use flama_phc
20241213@184943.6124 7ukkbtvhussiupn2c21urjb2bv Query : select st.stns valor from st where st.ref = '324.1646.00.1'
20241213@184943.6142 7ukkbtvhussiupn2c21urjb2bv Query : select top 1 st.tabiva ,st.ivaincl ,st.stns ,st.uni2 ,st.familia ,isnull(tx.taxa, 0) txiva ,unidade ,usalote ,epcpond ,noserie ,conversao ,st.texteis from st left join taxasiva tx on st.tabiva = tx.codigo where st.ref = '324.1646.00.1'
20241213@184943.6271 7ukkbtvhussiupn2c21urjb2bv Query : select 1 valor from information_schema.tables where table_type='base table' and table_name='wstablefields'
20241213@184943.6289 7ukkbtvhussiupn2c21urjb2bv Query : select fieldkey,fieldname,fieldtype,mandatory from wstablefields where tablename = 'bi' and documentnumber = 5
20241213@184943.6304 7ukkbtvhussiupn2c21urjb2bv Query : select 1 valor from information_schema.tables where table_type='base table' and table_name='wstablefields'
20241213@184943.6319 7ukkbtvhussiupn2c21urjb2bv Query : select fieldkey,fieldname,fieldtype,mandatory from wstablefields where tablename = 'bi2' and documentnumber = 5
20241213@184943.6328 7ukkbtvhussiupn2c21urjb2bv Query : select sestamp valor from se where ref ='324.1646.00.1' and lote = 'r2400725100a'
20241213@184943.6352 7ukkbtvhussiupn2c21urjb2bv Query : select top 1 convert(numeric(6,2),t.taxa) valor from taxasiva t where t.codigo='2'
20241213@184943.6365 7ukkbtvhussiupn2c21urjb2bv Query : select 1 valor from information_schema.tables where table_type='base table' and table_name='wstablefields'
20241213@184943.6380 7ukkbtvhussiupn2c21urjb2bv Query : select fieldkey,fieldname,fieldtype,calcformula from wstablefields where tablename = 'bi2' and documentnumber = 5
20241213@184943.6392 7ukkbtvhussiupn2c21urjb2bv Query : insert into wsbi2data (bi2stamp,bostamp,morada, local,codpost ,ousrdata, ousrhora, usrdata,usrhora,ousrinis,usrinis) select 'aut675c831908675c81c79b','aut675c802837675c81c715',bo.morada, bo.local,bo.codpost ,getdate(),convert(char(8),convert (time,getdate())),getdate(),convert(char(8),convert (time,getdate())),'aut','aut' from wsbodata bo where bo.bostamp = 'aut675c802837675c81c715'
20241213@184943.6553 7ukkbtvhussiupn2c21urjb2bv Query : select 1 valor from information_schema.tables where table_type='base table' and table_name='wstablefields'
20241213@184943.6572 7ukkbtvhussiupn2c21urjb2bv Query : select fieldkey,fieldname,fieldtype,calcformula from wstablefields where tablename = 'bi' and documentnumber = 5
20241213@184943.6589 7ukkbtvhussiupn2c21urjb2bv Query : insert into wsbidata (bistamp,ousrdata, ousrhora, usrdata,usrhora,ousrinis,usrinis ,obrano, qtt,uni2qtt ,no, estab,nmdos ,ndos, obranome,fechada, dataobra ,rdata ,dataopen, datafecho,local, morada ,codpost, nome,bostamp,lordem ,edebito,debito, epu,pu ,ivaincl,stns,unidade, unidad2 ,marcada,usalote ,ettdeb,ttdeb,epcusto, pcusto ,ecustoind,custoind ,vendedor,vendnm, ccusto,ncusto ,noserie,tabiva,iva ,ref,design,familia,desconto,desc2,desc3,desc4,eslvu,slvu,esltt,sltt,oobistamp,vumoeda,ttmoeda,slvumoeda,slttmoeda,lote,armazem,ar2mazem,obistamp ,stipo) select 'aut675c831908675c81c79b',getdate(),convert(char(8),convert (time,getdate())),getdate(),convert(char(8),convert (time,getdate())),'aut','aut',bo.obrano, 10.000, 10.000*.0000000 ,bo.no, bo.estab,bo.nmdos ,bo.ndos, bo.obranome,bo.fechada, bo.dataobra ,bo.dataobra ,bo.dataopen,bo.datafecho,bo.local, bo.morada ,bo.codpost, bo.nome,bo.bostamp,20000 ,108.8,108.8*200.48,108.8,108.8*200.48 ,0,0,'un ','' ,bo.marcada,1 ,108.8*10.000,108.8*10.000*200.48 ,43.504000,43.504000*200.48 ,43.504000,43.504000*200.48 ,bo.vendedor,bo.vendnm,bo.ccusto,bo.ncusto ,0,2,23.00,?,?,?,0,0,0,0,108.8,108.8*200.48,108.8*10.000,108.8*10.000*200.48,'az24121362591,400000002 ',108.8,108.8*10.000,108.8,108.8*10.000,?,?,?,?,4 from wsbodata bo where bo.bostamp = 'aut675c802837675c81c715'
20241213@184943.6848 7ukkbtvhussiupn2c21urjb2bv Query : use flama_phc
20241213@184943.6852 7ukkbtvhussiupn2c21urjb2bv Query : select st.usalote valor from st where st.ref = '324.1646.00.1'
20241213@184943.6867 7ukkbtvhussiupn2c21urjb2bv Query : use flama_phc
20241213@184943.6869 7ukkbtvhussiupn2c21urjb2bv Query : select st.stns valor from st where st.ref = '324.1646.00.1'
20241213@184943.6886 7ukkbtvhussiupn2c21urjb2bv Query : use flama_phc
20241213@184943.6929 7ukkbtvhussiupn2c21urjb2bv Query : select isnull(sum(stock) ,0)stock ,isnull(sum(qttrec),0) qttrec ,0 qttcat ,isnull(sum(rescli),0) rescli ,isnull(sum(resfor),0) resfor from sa where sa.ref = '324.1646.00.1' and sa.armazem = 133 
20241213@184943.6952 7ukkbtvhussiupn2c21urjb2bv Query : use flama_phc
20241213@184943.6955 7ukkbtvhussiupn2c21urjb2bv Query : select st.stns valor from st where st.ref = '324.1646.00.1'
20241213@184943.6973 7ukkbtvhussiupn2c21urjb2bv Query : select top 1 st.tabiva ,st.ivaincl ,st.stns ,st.uni2 ,st.familia ,isnull(tx.taxa, 0) txiva ,unidade ,usalote ,epcpond ,noserie ,conversao ,st.texteis from st left join taxasiva tx on st.tabiva = tx.codigo where st.ref = '324.1646.00.1'
20241213@184943.6987 7ukkbtvhussiupn2c21urjb2bv Query : select 1 valor from information_schema.tables where table_type='base table' and table_name='wstablefields'
20241213@184943.7003 7ukkbtvhussiupn2c21urjb2bv Query : select fieldkey,fieldname,fieldtype,mandatory from wstablefields where tablename = 'bi' and documentnumber = 5
20241213@184943.7016 7ukkbtvhussiupn2c21urjb2bv Query : select 1 valor from information_schema.tables where table_type='base table' and table_name='wstablefields'
20241213@184943.7031 7ukkbtvhussiupn2c21urjb2bv Query : select fieldkey,fieldname,fieldtype,mandatory from wstablefields where tablename = 'bi2' and documentnumber = 5
20241213@184943.7040 7ukkbtvhussiupn2c21urjb2bv Query : select sestamp valor from se where ref ='324.1646.00.1' and lote = 'r2400725100a'
20241213@184943.7057 7ukkbtvhussiupn2c21urjb2bv Query : select top 1 convert(numeric(6,2),t.taxa) valor from taxasiva t where t.codigo='2'
20241213@184943.7072 7ukkbtvhussiupn2c21urjb2bv Query : select 1 valor from information_schema.tables where table_type='base table' and table_name='wstablefields'
20241213@184943.7087 7ukkbtvhussiupn2c21urjb2bv Query : select fieldkey,fieldname,fieldtype,calcformula from wstablefields where tablename = 'bi2' and documentnumber = 5
20241213@184943.7099 7ukkbtvhussiupn2c21urjb2bv Query : insert into wsbi2data (bi2stamp,bostamp,morada, local,codpost ,ousrdata, ousrhora, usrdata,usrhora,ousrinis,usrinis) select 'aut675c804136675c81c7ac','aut675c802837675c81c715',bo.morada, bo.local,bo.codpost ,getdate(),convert(char(8),convert (time,getdate())),getdate(),convert(char(8),convert (time,getdate())),'aut','aut' from wsbodata bo where bo.bostamp = 'aut675c802837675c81c715'
20241213@184943.7252 7ukkbtvhussiupn2c21urjb2bv Query : select 1 valor from information_schema.tables where table_type='base table' and table_name='wstablefields'
20241213@184943.7269 7ukkbtvhussiupn2c21urjb2bv Query : select fieldkey,fieldname,fieldtype,calcformula from wstablefields where tablename = 'bi' and documentnumber = 5
20241213@184943.7285 7ukkbtvhussiupn2c21urjb2bv Query : insert into wsbidata (bistamp,ousrdata, ousrhora, usrdata,usrhora,ousrinis,usrinis ,obrano, qtt,uni2qtt ,no, estab,nmdos ,ndos, obranome,fechada, dataobra ,rdata ,dataopen, datafecho,local, morada ,codpost, nome,bostamp,lordem ,edebito,debito, epu,pu ,ivaincl,stns,unidade, unidad2 ,marcada,usalote ,ettdeb,ttdeb,epcusto, pcusto ,ecustoind,custoind ,vendedor,vendnm, ccusto,ncusto ,noserie,tabiva,iva ,ref,design,familia,desconto,desc2,desc3,desc4,eslvu,slvu,esltt,sltt,oobistamp,vumoeda,ttmoeda,slvumoeda,slttmoeda,lote,armazem,ar2mazem,obistamp ,stipo) select 'aut675c804136675c81c7ac',getdate(),convert(char(8),convert (time,getdate())),getdate(),convert(char(8),convert (time,getdate())),'aut','aut',bo.obrano, 10.000, 10.000*.0000000 ,bo.no, bo.estab,bo.nmdos ,bo.ndos, bo.obranome,bo.fechada, bo.dataobra ,bo.dataobra ,bo.dataopen,bo.datafecho,bo.local, bo.morada ,bo.codpost, bo.nome,bo.bostamp,30000 ,108.8,108.8*200.48,108.8,108.8*200.48 ,0,0,'un ','' ,bo.marcada,1 ,108.8*10.000,108.8*10.000*200.48 ,43.504000,43.504000*200.48 ,43.504000,43.504000*200.48 ,bo.vendedor,bo.vendnm,bo.ccusto,bo.ncusto ,0,2,23.00,?,?,?,0,0,0,0,108.8,108.8*200.48,108.8*10.000,108.8*10.000*200.48,'az24121362591,400000002 ',108.8,108.8*10.000,108.8,108.8*10.000,?,?,?,?,4 from wsbodata bo where bo.bostamp = 'aut675c802837675c81c715'
20241213@184943.7541 7ukkbtvhussiupn2c21urjb2bv Query : use flama_phc
20241213@184943.7545 7ukkbtvhussiupn2c21urjb2bv Query : select st.usalote valor from st where st.ref = '324.1685.00.1'
20241213@184943.7560 7ukkbtvhussiupn2c21urjb2bv Query : use flama_phc
20241213@184943.7562 7ukkbtvhussiupn2c21urjb2bv Query : select st.stns valor from st where st.ref = '324.1685.00.1'
20241213@184943.7580 7ukkbtvhussiupn2c21urjb2bv Query : use flama_phc
20241213@184943.7583 7ukkbtvhussiupn2c21urjb2bv Query : select isnull(sum(stock) ,0)stock ,isnull(sum(qttrec),0) qttrec ,0 qttcat ,isnull(sum(rescli),0) rescli ,isnull(sum(resfor),0) resfor from sa where sa.ref = '324.1685.00.1' and sa.armazem = 133 
20241213@184943.7652 7ukkbtvhussiupn2c21urjb2bv Query : use flama_phc
20241213@184943.7655 7ukkbtvhussiupn2c21urjb2bv Query : select st.stns valor from st where st.ref = '324.1685.00.1'
20241213@184943.7673 7ukkbtvhussiupn2c21urjb2bv Query : select top 1 st.tabiva ,st.ivaincl ,st.stns ,st.uni2 ,st.familia ,isnull(tx.taxa, 0) txiva ,unidade ,usalote ,epcpond ,noserie ,conversao ,st.texteis from st left join taxasiva tx on st.tabiva = tx.codigo where st.ref = '324.1685.00.1'
20241213@184943.7687 7ukkbtvhussiupn2c21urjb2bv Query : select 1 valor from information_schema.tables where table_type='base table' and table_name='wstablefields'
20241213@184943.7704 7ukkbtvhussiupn2c21urjb2bv Query : select fieldkey,fieldname,fieldtype,mandatory from wstablefields where tablename = 'bi' and documentnumber = 5
20241213@184943.7717 7ukkbtvhussiupn2c21urjb2bv Query : select 1 valor from information_schema.tables where table_type='base table' and table_name='wstablefields'
20241213@184943.7732 7ukkbtvhussiupn2c21urjb2bv Query : select fieldkey,fieldname,fieldtype,mandatory from wstablefields where tablename = 'bi2' and documentnumber = 5
20241213@184943.7741 7ukkbtvhussiupn2c21urjb2bv Query : select sestamp valor from se where ref ='324.1685.00.1' and lote = 'r2400173100a'
20241213@184943.7754 7ukkbtvhussiupn2c21urjb2bv Query : select top 1 convert(numeric(6,2),t.taxa) valor from taxasiva t where t.codigo='2'
20241213@184943.7767 7ukkbtvhussiupn2c21urjb2bv Query : select 1 valor from information_schema.tables where table_type='base table' and table_name='wstablefields'
20241213@184943.7785 7ukkbtvhussiupn2c21urjb2bv Query : select fieldkey,fieldname,fieldtype,calcformula from wstablefields where tablename = 'bi2' and documentnumber = 5
20241213@184943.7796 7ukkbtvhussiupn2c21urjb2bv Query : insert into wsbi2data (bi2stamp,bostamp,morada, local,codpost ,ousrdata, ousrhora, usrdata,usrhora,ousrinis,usrinis) select 'aut675c870666675c81c7bd','aut675c802837675c81c715',bo.morada, bo.local,bo.codpost ,getdate(),convert(char(8),convert (time,getdate())),getdate(),convert(char(8),convert (time,getdate())),'aut','aut' from wsbodata bo where bo.bostamp = 'aut675c802837675c81c715'
20241213@184943.7953 7ukkbtvhussiupn2c21urjb2bv Query : select 1 valor from information_schema.tables where table_type='base table' and table_name='wstablefields'
20241213@184943.7969 7ukkbtvhussiupn2c21urjb2bv Query : select fieldkey,fieldname,fieldtype,calcformula from wstablefields where tablename = 'bi' and documentnumber = 5
20241213@184943.7985 7ukkbtvhussiupn2c21urjb2bv Query : insert into wsbidata (bistamp,ousrdata, ousrhora, usrdata,usrhora,ousrinis,usrinis ,obrano, qtt,uni2qtt ,no, estab,nmdos ,ndos, obranome,fechada, dataobra ,rdata ,dataopen, datafecho,local, morada ,codpost, nome,bostamp,lordem ,edebito,debito, epu,pu ,ivaincl,stns,unidade, unidad2 ,marcada,usalote ,ettdeb,ttdeb,epcusto, pcusto ,ecustoind,custoind ,vendedor,vendnm, ccusto,ncusto ,noserie,tabiva,iva ,ref,design,familia,desconto,desc2,desc3,desc4,eslvu,slvu,esltt,sltt,oobistamp,vumoeda,ttmoeda,slvumoeda,slttmoeda,lote,armazem,ar2mazem,obistamp ,stipo) select 'aut675c870666675c81c7bd',getdate(),convert(char(8),convert (time,getdate())),getdate(),convert(char(8),convert (time,getdate())),'aut','aut',bo.obrano, 9.000, 9.000*.0000000 ,bo.no, bo.estab,bo.nmdos ,bo.ndos, bo.obranome,bo.fechada, bo.dataobra ,bo.dataobra ,bo.dataopen,bo.datafecho,bo.local, bo.morada ,bo.codpost, bo.nome,bo.bostamp,40000 ,62.1,62.1*200.48,62.1,62.1*200.48 ,0,0,'un',' ' ,bo.marcada,1 ,62.1*9.000,62.1*9.000*200.48 ,25.406000,25.406000*200.48 ,25.406000,25.406000*200.48 ,bo.vendedor,bo.vendnm,bo.ccusto,bo.ncusto ,0,2,23.00,?,?,?,0,0,0,0,62.1,62.1*200.48,62.1*9.000,62.1*9.000*200.48,'az24121362600,460000003 ',62.1,62.1*9.000,62.1,62.1*9.000,?,?,?,?,4 from wsbodata bo where bo.bostamp = 'aut675c802837675c81c715'
20241213@184943.8229 7ukkbtvhussiupn2c21urjb2bv Query : use flama_phc
20241213@184943.8233 7ukkbtvhussiupn2c21urjb2bv Query : select st.usalote valor from st where st.ref = '324.1685.00.1'
20241213@184943.8246 7ukkbtvhussiupn2c21urjb2bv Query : use flama_phc
20241213@184943.8249 7ukkbtvhussiupn2c21urjb2bv Query : select st.stns valor from st where st.ref = '324.1685.00.1'
20241213@184943.8267 7ukkbtvhussiupn2c21urjb2bv Query : use flama_phc
20241213@184943.8270 7ukkbtvhussiupn2c21urjb2bv Query : select isnull(sum(stock) ,0)stock ,isnull(sum(qttrec),0) qttrec ,0 qttcat ,isnull(sum(rescli),0) rescli ,isnull(sum(resfor),0) resfor from sa where sa.ref = '324.1685.00.1' and sa.armazem = 133 
20241213@184943.8292 7ukkbtvhussiupn2c21urjb2bv Query : use flama_phc
20241213@184943.8295 7ukkbtvhussiupn2c21urjb2bv Query : select st.stns valor from st where st.ref = '324.1685.00.1'
20241213@184943.8313 7ukkbtvhussiupn2c21urjb2bv Query : select top 1 st.tabiva ,st.ivaincl ,st.stns ,st.uni2 ,st.familia ,isnull(tx.taxa, 0) txiva ,unidade ,usalote ,epcpond ,noserie ,conversao ,st.texteis from st left join taxasiva tx on st.tabiva = tx.codigo where st.ref = '324.1685.00.1'
20241213@184943.8327 7ukkbtvhussiupn2c21urjb2bv Query : select 1 valor from information_schema.tables where table_type='base table' and table_name='wstablefields'
20241213@184943.8344 7ukkbtvhussiupn2c21urjb2bv Query : select fieldkey,fieldname,fieldtype,mandatory from wstablefields where tablename = 'bi' and documentnumber = 5
20241213@184943.8397 7ukkbtvhussiupn2c21urjb2bv Query : select 1 valor from information_schema.tables where table_type='base table' and table_name='wstablefields'
20241213@184943.8412 7ukkbtvhussiupn2c21urjb2bv Query : select fieldkey,fieldname,fieldtype,mandatory from wstablefields where tablename = 'bi2' and documentnumber = 5
20241213@184943.8421 7ukkbtvhussiupn2c21urjb2bv Query : select sestamp valor from se where ref ='324.1685.00.1' and lote = 'r2400173100a'
20241213@184943.8434 7ukkbtvhussiupn2c21urjb2bv Query : select top 1 convert(numeric(6,2),t.taxa) valor from taxasiva t where t.codigo='2'
20241213@184943.8446 7ukkbtvhussiupn2c21urjb2bv Query : select 1 valor from information_schema.tables where table_type='base table' and table_name='wstablefields'
20241213@184943.8463 7ukkbtvhussiupn2c21urjb2bv Query : select fieldkey,fieldname,fieldtype,calcformula from wstablefields where tablename = 'bi2' and documentnumber = 5
20241213@184943.8475 7ukkbtvhussiupn2c21urjb2bv Query : insert into wsbi2data (bi2stamp,bostamp,morada, local,codpost ,ousrdata, ousrhora, usrdata,usrhora,ousrinis,usrinis) select 'aut675c810615675c81c7ce','aut675c802837675c81c715',bo.morada, bo.local,bo.codpost ,getdate(),convert(char(8),convert (time,getdate())),getdate(),convert(char(8),convert (time,getdate())),'aut','aut' from wsbodata bo where bo.bostamp = 'aut675c802837675c81c715'
20241213@184943.8624 7ukkbtvhussiupn2c21urjb2bv Query : select 1 valor from information_schema.tables where table_type='base table' and table_name='wstablefields'
20241213@184943.8649 7ukkbtvhussiupn2c21urjb2bv Query : select fieldkey,fieldname,fieldtype,calcformula from wstablefields where tablename = 'bi' and documentnumber = 5
20241213@184943.8664 7ukkbtvhussiupn2c21urjb2bv Query : insert into wsbidata (bistamp,ousrdata, ousrhora, usrdata,usrhora,ousrinis,usrinis ,obrano, qtt,uni2qtt ,no, estab,nmdos ,ndos, obranome,fechada, dataobra ,rdata ,dataopen, datafecho,local, morada ,codpost, nome,bostamp,lordem ,edebito,debito, epu,pu ,ivaincl,stns,unidade, unidad2 ,marcada,usalote ,ettdeb,ttdeb,epcusto, pcusto ,ecustoind,custoind ,vendedor,vendnm, ccusto,ncusto ,noserie,tabiva,iva ,ref,design,familia,desconto,desc2,desc3,desc4,eslvu,slvu,esltt,sltt,oobistamp,vumoeda,ttmoeda,slvumoeda,slttmoeda,lote,armazem,ar2mazem,obistamp ,stipo) select 'aut675c810615675c81c7ce',getdate(),convert(char(8),convert (time,getdate())),getdate(),convert(char(8),convert (time,getdate())),'aut','aut',bo.obrano, 1.000, 1.000*.0000000 ,bo.no, bo.estab,bo.nmdos ,bo.ndos, bo.obranome,bo.fechada, bo.dataobra ,bo.dataobra ,bo.dataopen,bo.datafecho,bo.local, bo.morada ,bo.codpost, bo.nome,bo.bostamp,50000 ,62.1,62.1*200.48,62.1,62.1*200.48 ,0,0,'un',' ' ,bo.marcada,1 ,62.1*1.000,62.1*1.000*200.48 ,25.406000,25.406000*200.48 ,25.406000,25.406000*200.48 ,bo.vendedor,bo.vendnm,bo.ccusto,bo.ncusto ,0,2,23.00,?,?,?,0,0,0,0,62.1,62.1*200.48,62.1*1.000,62.1*1.000*200.48,'az24121362600,460000003 ',62.1,62.1*1.000,62.1,62.1*1.000,?,?,?,?,4 from wsbodata bo where bo.bostamp = 'aut675c802837675c81c715'
20241213@184943.8935 7ukkbtvhussiupn2c21urjb2bv Query : use flama_phc
20241213@184943.8940 7ukkbtvhussiupn2c21urjb2bv Query : select st.usalote valor from st where st.ref = '324.1642.00.2'
20241213@184943.8956 7ukkbtvhussiupn2c21urjb2bv Query : use flama_phc
20241213@184943.8959 7ukkbtvhussiupn2c21urjb2bv Query : select st.stns valor from st where st.ref = '324.1642.00.2'
20241213@184943.8975 7ukkbtvhussiupn2c21urjb2bv Query : use flama_phc
20241213@184943.8978 7ukkbtvhussiupn2c21urjb2bv Query : select isnull(sum(stock) ,0)stock ,isnull(sum(qttrec),0) qttrec ,0 qttcat ,isnull(sum(rescli),0) rescli ,isnull(sum(resfor),0) resfor from sa where sa.ref = '324.1642.00.2' and sa.armazem = 133 
20241213@184943.9065 7ukkbtvhussiupn2c21urjb2bv Query : use flama_phc
20241213@184943.9068 7ukkbtvhussiupn2c21urjb2bv Query : select st.stns valor from st where st.ref = '324.1642.00.2'
20241213@184943.9086 7ukkbtvhussiupn2c21urjb2bv Query : select top 1 st.tabiva ,st.ivaincl ,st.stns ,st.uni2 ,st.familia ,isnull(tx.taxa, 0) txiva ,unidade ,usalote ,epcpond ,noserie ,conversao ,st.texteis from st left join taxasiva tx on st.tabiva = tx.codigo where st.ref = '324.1642.00.2'
20241213@184943.9213 7ukkbtvhussiupn2c21urjb2bv Query : select 1 valor from information_schema.tables where table_type='base table' and table_name='wstablefields'
20241213@184943.9230 7ukkbtvhussiupn2c21urjb2bv Query : select fieldkey,fieldname,fieldtype,mandatory from wstablefields where tablename = 'bi' and documentnumber = 5
20241213@184943.9243 7ukkbtvhussiupn2c21urjb2bv Query : select 1 valor from information_schema.tables where table_type='base table' and table_name='wstablefields'
20241213@184943.9259 7ukkbtvhussiupn2c21urjb2bv Query : select fieldkey,fieldname,fieldtype,mandatory from wstablefields where tablename = 'bi2' and documentnumber = 5
20241213@184943.9268 7ukkbtvhussiupn2c21urjb2bv Query : select sestamp valor from se where ref ='324.1642.00.2' and lote = 'r2400725200a'
20241213@184943.9320 7ukkbtvhussiupn2c21urjb2bv Query : select top 1 convert(numeric(6,2),t.taxa) valor from taxasiva t where t.codigo='2'
20241213@184943.9333 7ukkbtvhussiupn2c21urjb2bv Query : select 1 valor from information_schema.tables where table_type='base table' and table_name='wstablefields'
20241213@184943.9347 7ukkbtvhussiupn2c21urjb2bv Query : select fieldkey,fieldname,fieldtype,calcformula from wstablefields where tablename = 'bi2' and documentnumber = 5
20241213@184943.9359 7ukkbtvhussiupn2c21urjb2bv Query : insert into wsbi2data (bi2stamp,bostamp,morada, local,codpost ,ousrdata, ousrhora, usrdata,usrhora,ousrinis,usrinis) select 'aut675c872740675c81c7e3','aut675c802837675c81c715',bo.morada, bo.local,bo.codpost ,getdate(),convert(char(8),convert (time,getdate())),getdate(),convert(char(8),convert (time,getdate())),'aut','aut' from wsbodata bo where bo.bostamp = 'aut675c802837675c81c715'
20241213@184943.9505 7ukkbtvhussiupn2c21urjb2bv Query : select 1 valor from information_schema.tables where table_type='base table' and table_name='wstablefields'
20241213@184943.9530 7ukkbtvhussiupn2c21urjb2bv Query : select fieldkey,fieldname,fieldtype,calcformula from wstablefields where tablename = 'bi' and documentnumber = 5
20241213@184943.9547 7ukkbtvhussiupn2c21urjb2bv Query : insert into wsbidata (bistamp,ousrdata, ousrhora, usrdata,usrhora,ousrinis,usrinis ,obrano, qtt,uni2qtt ,no, estab,nmdos ,ndos, obranome,fechada, dataobra ,rdata ,dataopen, datafecho,local, morada ,codpost, nome,bostamp,lordem ,edebito,debito, epu,pu ,ivaincl,stns,unidade, unidad2 ,marcada,usalote ,ettdeb,ttdeb,epcusto, pcusto ,ecustoind,custoind ,vendedor,vendnm, ccusto,ncusto ,noserie,tabiva,iva ,ref,design,familia,eslvu,slvu,esltt,sltt,vumoeda,ttmoeda,slvumoeda,slttmoeda,lote,armazem,ar2mazem,obistamp ,stipo) select 'aut675c872740675c81c7e3',getdate(),convert(char(8),convert (time,getdate())),getdate(),convert(char(8),convert (time,getdate())),'aut','aut',bo.obrano, 6.000, 6.000*.0000000 ,bo.no, bo.estab,bo.nmdos ,bo.ndos, bo.obranome,bo.fechada, bo.dataobra ,bo.dataobra ,bo.dataopen,bo.datafecho,bo.local, bo.morada ,bo.codpost, bo.nome,bo.bostamp,60000 ,0,0*200.48,0,0*200.48 ,0,0,'un ',' ' ,bo.marcada,1 ,0*6.000,0*6.000*200.48 ,28.904000,28.904000*200.48 ,28.904000,28.904000*200.48 ,bo.vendedor,bo.vendnm,bo.ccusto,bo.ncusto ,0,2,23.00,?,?,?,0,0*200.48,0*6.000,0*6.000*200.48,0,0*6.000,0,0*6.000,?,?,?,?,4 from wsbodata bo where bo.bostamp = 'aut675c802837675c81c715'
20241213@184944.6100 7ukkbtvhussiupn2c21urjb2bv Query : use flama_phc
20241213@184944.6400 7ukkbtvhussiupn2c21urjb2bv Query : select st.usalote valor from st where st.ref = '324.1642.00.2'
20241213@184944.7800 7ukkbtvhussiupn2c21urjb2bv Query : use flama_phc
20241213@184944.8000 7ukkbtvhussiupn2c21urjb2bv Query : select st.usalote valor from st where st.ref = '324.2334.00.1'
20241213@184944.9300 7ukkbtvhussiupn2c21urjb2bv Query : use flama_phc
20241213@184944.9600 7ukkbtvhussiupn2c21urjb2bv Query : select st.usalote valor from st where st.ref = '324.4961.00.1'
20241213@184944.1090 7ukkbtvhussiupn2c21urjb2bv Query : use flama_phc
20241213@184944.1120 7ukkbtvhussiupn2c21urjb2bv Query : select st.usalote valor from st where st.ref = '324.4970.00.1'
20241213@184944.1250 7ukkbtvhussiupn2c21urjb2bv Query : use flama_phc
20241213@184944.1280 7ukkbtvhussiupn2c21urjb2bv Query : select st.usalote valor from st where st.ref = '324.969.00.01'
20241213@184944.1420 7ukkbtvhussiupn2c21urjb2bv Query : use flama_phc
20241213@184944.1450 7ukkbtvhussiupn2c21urjb2bv Query : select st.usalote valor from st where st.ref = '324.692.00.01'
20241213@184944.1590 7ukkbtvhussiupn2c21urjb2bv Query : use flama_phc
20241213@184944.1610 7ukkbtvhussiupn2c21urjb2bv Query : select st.usalote valor from st where st.ref = '324.2031.00.1'
20241213@184944.1730 7ukkbtvhussiupn2c21urjb2bv Query : use flama_phc
20241213@184944.1760 7ukkbtvhussiupn2c21urjb2bv Query : select st.usalote valor from st where st.ref = '324.675.00.01'
20241213@184944.1890 7ukkbtvhussiupn2c21urjb2bv Query : use flama_phc
20241213@184944.1920 7ukkbtvhussiupn2c21urjb2bv Query : select st.usalote valor from st where st.ref = '324.675.00.01'
20241213@184944.2040 7ukkbtvhussiupn2c21urjb2bv Query : use flama_phc
20241213@184944.2060 7ukkbtvhussiupn2c21urjb2bv Query : select st.usalote valor from st where st.ref = '324.4421.00.1'
20241213@184944.2700 7ukkbtvhussiupn2c21urjb2bv Query : use flama_phc
20241213@184944.2750 7ukkbtvhussiupn2c21urjb2bv Query : select top 1 errorresult result ,errornumber errornumber ,descriptionpt description ,isnull(descriptionen,'') descriptionen ,isnull(descriptionfr,'') descriptionfr from wserrorcodes where errornumber = -110
20241213@184944.3550 7ukkbtvhussiupn2c21urjb2bv Query : select concat(rtrim(relative_path),ltrim(name_new)) as valor from uploadfiles where uploadfile_id='3978';
20241213@184944.4050 7ukkbtvhussiupn2c21urjb2bv Query : update uploadfiles set whenupdated=current_timestamp where uploadfile_id='3978';
20241213@184944.9900 k2b3hd69c5sihpqkvjntb418cm Query : insert into uploadfiles ( name_original, name_new, option_type, relative_path, whencreated ) values ( ?, ?, ?, ?, getdate() )
20241213@184944.1002 k2b3hd69c5sihpqkvjntb418cm Query : select uploadfile_id valor from uploadfiles where name_new = ? and option_type = ? 
20241213@184944.2229 k2b3hd69c5sihpqkvjntb418cm Query : select concat(rtrim(relative_path),ltrim(name_new)) as valor from uploadfiles where uploadfile_id='3979';
20241213@184944.2311 k2b3hd69c5sihpqkvjntb418cm Query : update uploadfiles set whenupdated=current_timestamp where uploadfile_id='3979';
20241213@184944.2375 k2b3hd69c5sihpqkvjntb418cm Query : select concat(rtrim(relative_path),ltrim(name_new)) as valor from uploadfiles where uploadfile_id='3979';
20241213@184944.2408 k2b3hd69c5sihpqkvjntb418cm Query : update uploadfiles set whenupdated=current_timestamp where uploadfile_id='3979';
20241213@184944.2708 77b0ii1tlto3i3vs6ia92vg6b5 Query : insert into uploadfiles ( name_original, name_new, option_type, relative_path, whencreated ) values ( ?, ?, ?, ?, getdate() )
20241213@184944.2718 77b0ii1tlto3i3vs6ia92vg6b5 Query : select uploadfile_id valor from uploadfiles where name_new = ? and option_type = ? 
20241213@184944.2789 77b0ii1tlto3i3vs6ia92vg6b5 Query : select concat(rtrim(relative_path),ltrim(name_new)) as valor from uploadfiles where uploadfile_id='3980';
20241213@184944.3044 77b0ii1tlto3i3vs6ia92vg6b5 Query : update uploadfiles set whenupdated=current_timestamp where uploadfile_id='3980';
20241213@184944.3110 77b0ii1tlto3i3vs6ia92vg6b5 Query : select concat(rtrim(relative_path),ltrim(name_new)) as valor from uploadfiles where uploadfile_id='3980';
20241213@184944.3148 77b0ii1tlto3i3vs6ia92vg6b5 Query : update uploadfiles set whenupdated=current_timestamp where uploadfile_id='3980';
20241213@184944.3193 77b0ii1tlto3i3vs6ia92vg6b5 Query : use flama_phc
20241213@184944.3196 77b0ii1tlto3i3vs6ia92vg6b5 Query : select top 1 secretkey valor from u_wsusers u where u.userid = ? and u.inactivo=0
20241213@184944.3261 77b0ii1tlto3i3vs6ia92vg6b5 Query : select no, estab,szadrsdesc from szadrs where u_coddest=23
20241213@184944.3351 77b0ii1tlto3i3vs6ia92vg6b5 Query : select top 1 isnull(design,'') valor from st (nolock) where st.ref = '324.2330.00.1'
20241213@184944.3445 77b0ii1tlto3i3vs6ia92vg6b5 Query : select top 1 bistamp valor from bi inner join bo on bo.bostamp=bi.bostamp where bo.ndos =054 and bo.boano =2024 and bo.obrano = 0000048 and bi.ref ='324.2330.00.1' and bi.lordem =10000
20241213@184944.4003 77b0ii1tlto3i3vs6ia92vg6b5 Query : select bi.edebito ,bi.desconto ,bi.desc2 ,bi.desc3 ,bi.desc4 ,bi.obranome ,bi.bostamp ,bo.moeda ,bi.vumoeda ,isnull(bi.vumoeda/nullif(bi.edebito,0),1) cambio ,bi.tabiva from bi inner join bo on bi.bostamp = bo.bostamp where bi.bistamp = 'pll24121350772,592000001 ' 
