20250102@173814.1605 o18t5dnsg6uarna2nv41htbiu0 Query : select 1 valor from information_schema.tables where table_type='base table' and table_name='wstablefields'
20250102@173814.1622 o18t5dnsg6uarna2nv41htbiu0 Query : select fieldkey,fieldname,fieldtype,calcformula from wstablefields where tablename = 'fi2' and documentnumber = 39
20250102@173814.1635 o18t5dnsg6uarna2nv41htbiu0 Query : insert into wsfi2data (fi2stamp,ftstamp ,ousrdata, ousrhora, usrdata,usrhora,ousrinis,usrinis) values ('aut6776c274236776cf0627','aut6776c215886776cf05cb' ,getdate(),convert(char(8),convert (time,getdate())),getdate(),convert(char(8),convert (time,getdate())),'wsv','wsv')
20250102@173814.1640 o18t5dnsg6uarna2nv41htbiu0 Query : select 1 valor from information_schema.tables where table_type='base table' and table_name='wstablefields'
20250102@173814.1655 o18t5dnsg6uarna2nv41htbiu0 Query : select fieldkey,fieldname,fieldtype,calcformula from wstablefields where tablename = 'fi' and documentnumber = 39
20250102@173814.1684 o18t5dnsg6uarna2nv41htbiu0 Query : insert into wsfidata (fistamp,ousrdata, ousrhora, usrdata,usrhora,ousrinis,usrinis ,qtt ,ftstamp ,epv,pvmoeda ,tabiva,iva,lordem ,ref, design ,lote,armazem,bistamp ) values ('aut6776c274236776cf0627',getdate(),convert(char(8),convert (time,getdate())),getdate(),convert(char(8),convert (time,getdate())),'wsv','wsv',20.000 ,'aut6776c215886776cf05cb' ,0,0 ,2,23.00,40000,?,?,?,?,?)
20250102@173814.1968 o18t5dnsg6uarna2nv41htbiu0 Query : insert into wsftcreationlog (initialftstamp,externalid,creationstatus,documenttypeid,idustamp) values ('aut6776c215886776cf05cb','2500017','wait',39,'adm09112754980.682000002')
20250102@173814.2045 o18t5dnsg6uarna2nv41htbiu0 Query : use flama_phc
20250102@173814.2048 o18t5dnsg6uarna2nv41htbiu0 Query : update u_wsusers set rqsttoken =? where userid ='userls001'
20250102@173814.2103 o18t5dnsg6uarna2nv41htbiu0 Query : select concat(rtrim(relative_path),ltrim(name_new)) as valor from uploadfiles where uploadfile_id='4274';
20250102@173814.2149 o18t5dnsg6uarna2nv41htbiu0 Query : update uploadfiles set whenupdated=current_timestamp where uploadfile_id='4274';
20250102@173814.2202 o18t5dnsg6uarna2nv41htbiu0 Query : select concat(rtrim(relative_path),ltrim(name_new)) as valor from uploadfiles where uploadfile_id='4274';
20250102@173814.2233 o18t5dnsg6uarna2nv41htbiu0 Query : update uploadfiles set whenupdated=current_timestamp where uploadfile_id='4274';
20250102@173814.3009 30aasb0fi7t40e1tp3m0blu8s7 Query : insert into uploadfiles ( name_original, name_new, option_type, relative_path, whencreated ) values ( ?, ?, ?, ?, getdate() )
20250102@173814.3020 30aasb0fi7t40e1tp3m0blu8s7 Query : select uploadfile_id valor from uploadfiles where name_new = ? and option_type = ? 
20250102@173814.3099 30aasb0fi7t40e1tp3m0blu8s7 Query : select concat(rtrim(relative_path),ltrim(name_new)) as valor from uploadfiles where uploadfile_id='4275';
20250102@173814.3172 30aasb0fi7t40e1tp3m0blu8s7 Query : update uploadfiles set whenupdated=current_timestamp where uploadfile_id='4275';
20250102@173814.3254 30aasb0fi7t40e1tp3m0blu8s7 Query : select concat(rtrim(relative_path),ltrim(name_new)) as valor from uploadfiles where uploadfile_id='4275';
20250102@173814.3293 30aasb0fi7t40e1tp3m0blu8s7 Query : update uploadfiles set whenupdated=current_timestamp where uploadfile_id='4275';
20250102@173814.3356 30aasb0fi7t40e1tp3m0blu8s7 Query : use flama_phc
20250102@173814.3359 30aasb0fi7t40e1tp3m0blu8s7 Query : select top 1 secretkey valor from u_wsusers u where u.userid = ? and u.inactivo=0
20250102@173814.3423 30aasb0fi7t40e1tp3m0blu8s7 Query : use flama_phc
20250102@173814.3427 30aasb0fi7t40e1tp3m0blu8s7 Query : select no, estab,szadrsdesc from szadrs where u_coddest=6802
20250102@173814.3577 30aasb0fi7t40e1tp3m0blu8s7 Query : select top 1 isnull(design,'') valor from st (nolock) left join stobs (nolock) on st.ref = stobs.ref where st.ref = '327.8261.00.1'
20250102@173814.3764 30aasb0fi7t40e1tp3m0blu8s7 Query : select top 1 bistamp valor from bi inner join bo on bo.bostamp=bi.bostamp where bo.ndos =250 and bo.boano =2000 and bo.obrano = 2500018 and bi.ref ='327.8261.00.1' and bi.lordem =1
20250102@173814.4282 30aasb0fi7t40e1tp3m0blu8s7 Query : use flama_phc
20250102@173814.4286 30aasb0fi7t40e1tp3m0blu8s7 Query : select top 1 convert(date,fdata) valor from ft where ndoc = 39 and anulado= 0 and fno>0 order by fdata desc
20250102@173814.4321 30aasb0fi7t40e1tp3m0blu8s7 Query : use flama_phc
20250102@173814.4324 30aasb0fi7t40e1tp3m0blu8s7 Query : select top 1 1 valor from td where td.ndoc = 39
20250102@173814.4372 30aasb0fi7t40e1tp3m0blu8s7 Query : use flama_phc
20250102@173814.4375 30aasb0fi7t40e1tp3m0blu8s7 Query : select lower(descricao) descricao ,case when valor='s' then 1 else 0 end valor from para1 where descricao in ('st_lote','st_usalogifunc', 'st_grelha')
20250102@173814.4402 30aasb0fi7t40e1tp3m0blu8s7 Query : select top 1 manternumero ,assinadoc issigned ,tiposaft ,assinaimp ,nmdos ,td.assinadoc ,'cl' origin ,lancasl stocks ,case when cmsl<50 and td.lancasl=1 then 1 else 0 end entrada ,case when cmsl>50 and td.lancasl=1 then 1 else 0 end saida ,temserie assets ,~semgre usegridfields from td inner join td2 on td.tdstamp=td2.td2stamp where td.ndoc = 1
20250102@173814.4435 30aasb0fi7t40e1tp3m0blu8s7 Query : use flama_phc
20250102@173814.4438 30aasb0fi7t40e1tp3m0blu8s7 Query : select top 1 ~inactivo valor from cl where no = '101621' and estab = 0 order by inactivo desc
20250102@173814.4558 30aasb0fi7t40e1tp3m0blu8s7 Query : use flama_phc
20250102@173814.4561 30aasb0fi7t40e1tp3m0blu8s7 Query : select top 1 tipodoc,regrd from td where ndoc = 39
20250102@173814.4592 30aasb0fi7t40e1tp3m0blu8s7 Query : use flama_phc
20250102@173814.4595 30aasb0fi7t40e1tp3m0blu8s7 Query : select szadrsstamp valor from szadrs where szadrsdesc='espaÇotrans,lda'
20250102@173814.4651 30aasb0fi7t40e1tp3m0blu8s7 Query : use flama_phc
20250102@173814.4654 30aasb0fi7t40e1tp3m0blu8s7 Query : select szadrsstamp valor from szadrs where szadrsdesc='j.o.m., lda - sintra'
20250102@173814.4700 30aasb0fi7t40e1tp3m0blu8s7 Query : use flama_phc
20250102@173814.4703 30aasb0fi7t40e1tp3m0blu8s7 Query : select 1 valor from td where ndoc = 39
20250102@173814.4717 30aasb0fi7t40e1tp3m0blu8s7 Query : select top 1 manternumero, tiposaft, nmdos,td.assinadoc from td where td.ndoc = 39
20250102@173814.4734 30aasb0fi7t40e1tp3m0blu8s7 Query : select 1 valor from information_schema.tables where table_type='base table' and table_name='wstablefields'
20250102@173814.4751 30aasb0fi7t40e1tp3m0blu8s7 Query : select fieldkey,fieldname,fieldtype,mandatory from wstablefields where tablename = 'ft' and documentnumber = 39
20250102@173814.4771 30aasb0fi7t40e1tp3m0blu8s7 Query : select 1 valor from information_schema.tables where table_type='base table' and table_name='wstablefields'
20250102@173814.4801 30aasb0fi7t40e1tp3m0blu8s7 Query : select fieldkey,fieldname,fieldtype,mandatory from wstablefields where tablename = 'ft2' and documentnumber = 39
20250102@173814.4829 30aasb0fi7t40e1tp3m0blu8s7 Query : select 1 valor from information_schema.tables where table_type='base table' and table_name='wstablefields'
20250102@173814.4843 30aasb0fi7t40e1tp3m0blu8s7 Query : select fieldkey,fieldname,fieldtype,mandatory from wstablefields where tablename = 'ft3' and documentnumber = 39
20250102@173814.4856 30aasb0fi7t40e1tp3m0blu8s7 Query : select top 1 ft.fno valor from ft ft where ft.ndoc = 39 and ftano=2025 order by fno desc
20250102@173814.4993 30aasb0fi7t40e1tp3m0blu8s7 Query : select top 1 ft.fno valor from wsftdata ft where ft.ndoc = 39 and ftano=2025 order by fno desc
20250102@173814.5008 30aasb0fi7t40e1tp3m0blu8s7 Query : select 1 valor from information_schema.tables where table_type='base table' and table_name='wstablefields'
20250102@173814.5025 30aasb0fi7t40e1tp3m0blu8s7 Query : select fieldkey,fieldname,fieldtype,calcformula from wstablefields where tablename = 'ft3' and documentnumber = 39
20250102@173814.5061 30aasb0fi7t40e1tp3m0blu8s7 Query : insert into wsft3data (ft3stamp, ousrdata, ousrhora, usrdata,usrhora,ousrinis,usrinis,taxpointdt ) values ('aut6776c677766776cf0676' ,getdate(),convert(char(8),convert (time,getdate())),getdate(),convert(char(8),convert (time,getdate())),'wsv','wsv',?)
20250102@173814.5236 30aasb0fi7t40e1tp3m0blu8s7 Query : select 1 valor from information_schema.tables where table_type='base table' and table_name='wstablefields'
20250102@173814.5259 30aasb0fi7t40e1tp3m0blu8s7 Query : select fieldkey,fieldname,fieldtype,calcformula from wstablefields where tablename = 'ft2' and documentnumber = 39
20250102@173814.5300 30aasb0fi7t40e1tp3m0blu8s7 Query : select top 1 bo.u_nomeenv valor from bo where bo.bostamp=''
20250102@173814.5312 30aasb0fi7t40e1tp3m0blu8s7 Query : select top 1 bo.u_moradaen valor from bo where bo.bostamp=''
20250102@173814.5324 30aasb0fi7t40e1tp3m0blu8s7 Query : select top 1 bo.u_codposen valor from bo where bo.bostamp=''
20250102@173814.5337 30aasb0fi7t40e1tp3m0blu8s7 Query : select top 1 bo.u_localenv valor from bo where bo.bostamp=''
20250102@173814.5350 30aasb0fi7t40e1tp3m0blu8s7 Query : select top 1 bo.trab5 valor from bo where bo.bostamp=''
20250102@173814.5386 30aasb0fi7t40e1tp3m0blu8s7 Query : select top 1 bo.serie valor from bo where bo.bostamp=''
20250102@173814.5399 30aasb0fi7t40e1tp3m0blu8s7 Query : insert into wsft2data (ft2stamp, ousrdata,ousrhora, usrdata,usrhora,ousrinis,usrinis,u_nomeenv ,u_moradaen ,u_codposen ,u_localenv ,u_coddest ,u_codby ) values ('aut6776c677766776cf0676',getdate(),convert(char(8),convert (time,getdate())),getdate(),convert(char(8),convert (time,getdate())),'wsv','wsv',?,?,?,?,?,?)
20250102@173814.5653 30aasb0fi7t40e1tp3m0blu8s7 Query : select top 1 fno valor from wsftdata order by fno desc
20250102@173814.5691 30aasb0fi7t40e1tp3m0blu8s7 Query : select 1 valor from information_schema.tables where table_type='base table' and table_name='wstablefields'
20250102@173814.5713 30aasb0fi7t40e1tp3m0blu8s7 Query : select fieldkey,fieldname,fieldtype,calcformula from wstablefields where tablename = 'ft' and documentnumber = 39
20250102@173814.5742 30aasb0fi7t40e1tp3m0blu8s7 Query : select 'normal' from dummy
20250102@173814.5782 30aasb0fi7t40e1tp3m0blu8s7 Query : insert into wsftdata (ftstamp, ousrdata,ousrhora, usrdata,usrhora,ousrinis,usrinis,fno,no,estab,fdata,ndoc,moeda,cambio,cambiofixo,ftano,site ,classe ) values ('aut6776c677766776cf0676',getdate(),convert(char(8),convert (time,getdate())),getdate(),convert(char(8),convert (time,getdate())),'wsv','wsv',2719,101621,0,'2025-01-02',39,'euro',0,0,2025 ,?,?)
20250102@173814.6087 30aasb0fi7t40e1tp3m0blu8s7 Query : use flama_phc
20250102@173814.6091 30aasb0fi7t40e1tp3m0blu8s7 Query : select st.usalote valor from st where st.ref = '327.8261.00.1'
20250102@173814.6118 30aasb0fi7t40e1tp3m0blu8s7 Query : select top 1 st.tabiva ,st.ivaincl ,st.stns ,st.uni2 ,st.familia ,isnull(tx.taxa, 0) txiva ,unidade ,usalote ,epcpond ,noserie ,conversao ,st.texteis from st left join taxasiva tx on st.tabiva = tx.codigo where st.ref = '327.8261.00.1'
20250102@173814.6321 30aasb0fi7t40e1tp3m0blu8s7 Query : select 1 valor from information_schema.tables where table_type='base table' and table_name='wstablefields'
20250102@173814.6341 30aasb0fi7t40e1tp3m0blu8s7 Query : select fieldkey,fieldname,fieldtype,mandatory from wstablefields where tablename = 'fi' and documentnumber = 39
20250102@173814.6368 30aasb0fi7t40e1tp3m0blu8s7 Query : select 1 valor from information_schema.tables where table_type='base table' and table_name='wstablefields'
20250102@173814.6384 30aasb0fi7t40e1tp3m0blu8s7 Query : select fieldkey,fieldname,fieldtype,mandatory from wstablefields where tablename = 'fi2' and documentnumber = 39
20250102@173814.6393 30aasb0fi7t40e1tp3m0blu8s7 Query : select top 1 convert(numeric(6,2),t.taxa) valor from taxasiva t where t.codigo='2'
20250102@173814.6405 30aasb0fi7t40e1tp3m0blu8s7 Query : select sestamp valor from se where ref ='327.8261.00.1' and lote = 'r2401098200a'
20250102@173814.6420 30aasb0fi7t40e1tp3m0blu8s7 Query : select 1 valor from information_schema.tables where table_type='base table' and table_name='wstablefields'
20250102@173814.6435 30aasb0fi7t40e1tp3m0blu8s7 Query : select fieldkey,fieldname,fieldtype,calcformula from wstablefields where tablename = 'fi2' and documentnumber = 39
20250102@173814.6447 30aasb0fi7t40e1tp3m0blu8s7 Query : insert into wsfi2data (fi2stamp,ftstamp ,ousrdata, ousrhora, usrdata,usrhora,ousrinis,usrinis) values ('aut6776c794006776cf069c','aut6776c677766776cf0676' ,getdate(),convert(char(8),convert (time,getdate())),getdate(),convert(char(8),convert (time,getdate())),'wsv','wsv')
20250102@173814.6452 30aasb0fi7t40e1tp3m0blu8s7 Query : select 1 valor from information_schema.tables where table_type='base table' and table_name='wstablefields'
20250102@173814.6587 30aasb0fi7t40e1tp3m0blu8s7 Query : select fieldkey,fieldname,fieldtype,calcformula from wstablefields where tablename = 'fi' and documentnumber = 39
20250102@173814.6738 30aasb0fi7t40e1tp3m0blu8s7 Query : insert into wsfidata (fistamp,ousrdata, ousrhora, usrdata,usrhora,ousrinis,usrinis ,qtt ,ftstamp ,epv,pvmoeda ,tabiva,iva,lordem ,ref, design ,lote,armazem,bistamp ) values ('aut6776c794006776cf069c',getdate(),convert(char(8),convert (time,getdate())),getdate(),convert(char(8),convert (time,getdate())),'wsv','wsv',1.000 ,'aut6776c677766776cf0676' ,0,0 ,2,23.00,10000,?,?,?,?,?)
20250102@173814.7007 30aasb0fi7t40e1tp3m0blu8s7 Query : select 1 valor from information_schema.tables where table_type='base table' and table_name='wstablefields'
20250102@173814.7031 30aasb0fi7t40e1tp3m0blu8s7 Query : select fieldkey,fieldname,fieldtype,mandatory from wstablefields where tablename = 'fi' and documentnumber = 39
20250102@173814.7062 30aasb0fi7t40e1tp3m0blu8s7 Query : select 1 valor from information_schema.tables where table_type='base table' and table_name='wstablefields'
20250102@173814.7079 30aasb0fi7t40e1tp3m0blu8s7 Query : select fieldkey,fieldname,fieldtype,mandatory from wstablefields where tablename = 'fi2' and documentnumber = 39
20250102@173814.7090 30aasb0fi7t40e1tp3m0blu8s7 Query : select top 1 convert(numeric(6,2),t.taxa) valor from taxasiva t where t.codigo='2'
20250102@173814.7128 30aasb0fi7t40e1tp3m0blu8s7 Query : select 1 valor from information_schema.tables where table_type='base table' and table_name='wstablefields'
20250102@173814.7146 30aasb0fi7t40e1tp3m0blu8s7 Query : select fieldkey,fieldname,fieldtype,calcformula from wstablefields where tablename = 'fi2' and documentnumber = 39
20250102@173814.7159 30aasb0fi7t40e1tp3m0blu8s7 Query : insert into wsfi2data (fi2stamp,ftstamp ,ousrdata, ousrhora, usrdata,usrhora,ousrinis,usrinis) values ('aut6776c520836776cf06ae','aut6776c677766776cf0676' ,getdate(),convert(char(8),convert (time,getdate())),getdate(),convert(char(8),convert (time,getdate())),'wsv','wsv')
20250102@173814.7164 30aasb0fi7t40e1tp3m0blu8s7 Query : select 1 valor from information_schema.tables where table_type='base table' and table_name='wstablefields'
20250102@173814.7179 30aasb0fi7t40e1tp3m0blu8s7 Query : select fieldkey,fieldname,fieldtype,calcformula from wstablefields where tablename = 'fi' and documentnumber = 39
20250102@173814.7211 30aasb0fi7t40e1tp3m0blu8s7 Query : insert into wsfidata (fistamp,ousrdata, ousrhora, usrdata,usrhora,ousrinis,usrinis ,qtt ,ftstamp ,epv,pvmoeda ,tabiva,iva,lordem ,ref, design ,armazem) values ('aut6776c520836776cf06ae',getdate(),convert(char(8),convert (time,getdate())),getdate(),convert(char(8),convert (time,getdate())),'wsv','wsv',0 ,'aut6776c677766776cf0676' ,0,0 ,2,23.00,20000,?,?,?)
20250102@173814.7473 30aasb0fi7t40e1tp3m0blu8s7 Query : insert into wsftcreationlog (initialftstamp,externalid,creationstatus,documenttypeid,idustamp) values ('aut6776c677766776cf0676','2500018','wait',39,'adm09112754980.682000002')
20250102@173814.7545 30aasb0fi7t40e1tp3m0blu8s7 Query : use flama_phc
20250102@173814.7549 30aasb0fi7t40e1tp3m0blu8s7 Query : update u_wsusers set rqsttoken =? where userid ='userls001'
20250102@173814.7579 30aasb0fi7t40e1tp3m0blu8s7 Query : select concat(rtrim(relative_path),ltrim(name_new)) as valor from uploadfiles where uploadfile_id='4275';
20250102@173814.7627 30aasb0fi7t40e1tp3m0blu8s7 Query : update uploadfiles set whenupdated=current_timestamp where uploadfile_id='4275';
20250102@173814.7686 30aasb0fi7t40e1tp3m0blu8s7 Query : select concat(rtrim(relative_path),ltrim(name_new)) as valor from uploadfiles where uploadfile_id='4275';
20250102@173814.7738 30aasb0fi7t40e1tp3m0blu8s7 Query : update uploadfiles set whenupdated=current_timestamp where uploadfile_id='4275';
20250102@173814.8353 3m5hgjcub54ogpver3j9584tkb Query : insert into uploadfiles ( name_original, name_new, option_type, relative_path, whencreated ) values ( ?, ?, ?, ?, getdate() )
20250102@173814.9642 3m5hgjcub54ogpver3j9584tkb Query : select uploadfile_id valor from uploadfiles where name_new = ? and option_type = ? 
20250102@173814.9720 3m5hgjcub54ogpver3j9584tkb Query : select concat(rtrim(relative_path),ltrim(name_new)) as valor from uploadfiles where uploadfile_id='4276';
20250102@173814.9791 3m5hgjcub54ogpver3j9584tkb Query : update uploadfiles set whenupdated=current_timestamp where uploadfile_id='4276';
20250102@173814.9866 3m5hgjcub54ogpver3j9584tkb Query : select concat(rtrim(relative_path),ltrim(name_new)) as valor from uploadfiles where uploadfile_id='4276';
20250102@173814.9917 3m5hgjcub54ogpver3j9584tkb Query : update uploadfiles set whenupdated=current_timestamp where uploadfile_id='4276';
20250102@173815.3000 3m5hgjcub54ogpver3j9584tkb Query : use flama_phc
20250102@173815.7000 3m5hgjcub54ogpver3j9584tkb Query : select top 1 secretkey valor from u_wsusers u where u.userid = ? and u.inactivo=0
20250102@173815.7900 3m5hgjcub54ogpver3j9584tkb Query : use flama_phc
20250102@173815.8200 3m5hgjcub54ogpver3j9584tkb Query : select no, estab,szadrsdesc from szadrs where u_coddest=6600
20250102@173815.1930 3m5hgjcub54ogpver3j9584tkb Query : select top 1 isnull(design,'') valor from st (nolock) left join stobs (nolock) on st.ref = stobs.ref where st.ref = '327.8253.00.1'
20250102@173815.3680 3m5hgjcub54ogpver3j9584tkb Query : select top 1 bistamp valor from bi inner join bo on bo.bostamp=bi.bostamp where bo.ndos =250 and bo.boano =2000 and bo.obrano = 2500019 and bi.ref ='327.8253.00.1' and bi.lordem =1
20250102@173815.9770 3m5hgjcub54ogpver3j9584tkb Query : use flama_phc
20250102@173815.9810 3m5hgjcub54ogpver3j9584tkb Query : select top 1 convert(date,fdata) valor from ft where ndoc = 39 and anulado= 0 and fno>0 order by fdata desc
20250102@173815.1036 3m5hgjcub54ogpver3j9584tkb Query : use flama_phc
20250102@173815.1040 3m5hgjcub54ogpver3j9584tkb Query : select top 1 1 valor from td where td.ndoc = 39
20250102@173815.1070 3m5hgjcub54ogpver3j9584tkb Query : use flama_phc
20250102@173815.1073 3m5hgjcub54ogpver3j9584tkb Query : select lower(descricao) descricao ,case when valor='s' then 1 else 0 end valor from para1 where descricao in ('st_lote','st_usalogifunc', 'st_grelha')
20250102@173815.1103 3m5hgjcub54ogpver3j9584tkb Query : select top 1 manternumero ,assinadoc issigned ,tiposaft ,assinaimp ,nmdos ,td.assinadoc ,'cl' origin ,lancasl stocks ,case when cmsl<50 and td.lancasl=1 then 1 else 0 end entrada ,case when cmsl>50 and td.lancasl=1 then 1 else 0 end saida ,temserie assets ,~semgre usegridfields from td inner join td2 on td.tdstamp=td2.td2stamp where td.ndoc = 1
20250102@173815.1140 3m5hgjcub54ogpver3j9584tkb Query : use flama_phc
20250102@173815.1143 3m5hgjcub54ogpver3j9584tkb Query : select top 1 ~inactivo valor from cl where no = '101621' and estab = 0 order by inactivo desc
20250102@173815.1176 3m5hgjcub54ogpver3j9584tkb Query : use flama_phc
20250102@173815.1179 3m5hgjcub54ogpver3j9584tkb Query : select top 1 tipodoc,regrd from td where ndoc = 39
20250102@173815.1210 3m5hgjcub54ogpver3j9584tkb Query : use flama_phc
20250102@173815.1213 3m5hgjcub54ogpver3j9584tkb Query : select szadrsstamp valor from szadrs where szadrsdesc='espaÇotrans,lda'
20250102@173815.1253 3m5hgjcub54ogpver3j9584tkb Query : use flama_phc
20250102@173815.1256 3m5hgjcub54ogpver3j9584tkb Query : select szadrsstamp valor from szadrs where szadrsdesc='j.o.m. braga retail'
20250102@173815.1302 3m5hgjcub54ogpver3j9584tkb Query : use flama_phc
20250102@173815.1305 3m5hgjcub54ogpver3j9584tkb Query : select 1 valor from td where ndoc = 39
20250102@173815.1318 3m5hgjcub54ogpver3j9584tkb Query : select top 1 manternumero, tiposaft, nmdos,td.assinadoc from td where td.ndoc = 39
20250102@173815.1332 3m5hgjcub54ogpver3j9584tkb Query : select 1 valor from information_schema.tables where table_type='base table' and table_name='wstablefields'
20250102@173815.1351 3m5hgjcub54ogpver3j9584tkb Query : select fieldkey,fieldname,fieldtype,mandatory from wstablefields where tablename = 'ft' and documentnumber = 39
20250102@173815.1371 3m5hgjcub54ogpver3j9584tkb Query : select 1 valor from information_schema.tables where table_type='base table' and table_name='wstablefields'
20250102@173815.1386 3m5hgjcub54ogpver3j9584tkb Query : select fieldkey,fieldname,fieldtype,mandatory from wstablefields where tablename = 'ft2' and documentnumber = 39
20250102@173815.1420 3m5hgjcub54ogpver3j9584tkb Query : select 1 valor from information_schema.tables where table_type='base table' and table_name='wstablefields'
20250102@173815.1438 3m5hgjcub54ogpver3j9584tkb Query : select fieldkey,fieldname,fieldtype,mandatory from wstablefields where tablename = 'ft3' and documentnumber = 39
20250102@173815.1455 3m5hgjcub54ogpver3j9584tkb Query : select top 1 ft.fno valor from ft ft where ft.ndoc = 39 and ftano=2025 order by fno desc
20250102@173815.1589 3m5hgjcub54ogpver3j9584tkb Query : select top 1 ft.fno valor from wsftdata ft where ft.ndoc = 39 and ftano=2025 order by fno desc
20250102@173815.1603 3m5hgjcub54ogpver3j9584tkb Query : select 1 valor from information_schema.tables where table_type='base table' and table_name='wstablefields'
20250102@173815.1622 3m5hgjcub54ogpver3j9584tkb Query : select fieldkey,fieldname,fieldtype,calcformula from wstablefields where tablename = 'ft3' and documentnumber = 39
20250102@173815.1639 3m5hgjcub54ogpver3j9584tkb Query : insert into wsft3data (ft3stamp, ousrdata, ousrhora, usrdata,usrhora,ousrinis,usrinis,taxpointdt ) values ('aut6776c409396776cf0723' ,getdate(),convert(char(8),convert (time,getdate())),getdate(),convert(char(8),convert (time,getdate())),'wsv','wsv',?)
20250102@173815.1843 3m5hgjcub54ogpver3j9584tkb Query : select 1 valor from information_schema.tables where table_type='base table' and table_name='wstablefields'
20250102@173815.1863 3m5hgjcub54ogpver3j9584tkb Query : select fieldkey,fieldname,fieldtype,calcformula from wstablefields where tablename = 'ft2' and documentnumber = 39
20250102@173815.1899 3m5hgjcub54ogpver3j9584tkb Query : select top 1 bo.u_nomeenv valor from bo where bo.bostamp=''
20250102@173815.1912 3m5hgjcub54ogpver3j9584tkb Query : select top 1 bo.u_moradaen valor from bo where bo.bostamp=''
20250102@173815.1929 3m5hgjcub54ogpver3j9584tkb Query : select top 1 bo.u_codposen valor from bo where bo.bostamp=''
20250102@173815.1942 3m5hgjcub54ogpver3j9584tkb Query : select top 1 bo.u_localenv valor from bo where bo.bostamp=''
20250102@173815.1985 3m5hgjcub54ogpver3j9584tkb Query : select top 1 bo.trab5 valor from bo where bo.bostamp=''
20250102@173815.1997 3m5hgjcub54ogpver3j9584tkb Query : select top 1 bo.serie valor from bo where bo.bostamp=''
20250102@173815.2013 3m5hgjcub54ogpver3j9584tkb Query : insert into wsft2data (ft2stamp, ousrdata,ousrhora, usrdata,usrhora,ousrinis,usrinis,u_nomeenv ,u_moradaen ,u_codposen ,u_localenv ,u_coddest ,u_codby ) values ('aut6776c409396776cf0723',getdate(),convert(char(8),convert (time,getdate())),getdate(),convert(char(8),convert (time,getdate())),'wsv','wsv',?,?,?,?,?,?)
20250102@173815.2268 3m5hgjcub54ogpver3j9584tkb Query : select top 1 fno valor from wsftdata order by fno desc
20250102@173815.2303 3m5hgjcub54ogpver3j9584tkb Query : select 1 valor from information_schema.tables where table_type='base table' and table_name='wstablefields'
20250102@173815.2321 3m5hgjcub54ogpver3j9584tkb Query : select fieldkey,fieldname,fieldtype,calcformula from wstablefields where tablename = 'ft' and documentnumber = 39
20250102@173815.2370 3m5hgjcub54ogpver3j9584tkb Query : select 'normal' from dummy
20250102@173815.2391 3m5hgjcub54ogpver3j9584tkb Query : insert into wsftdata (ftstamp, ousrdata,ousrhora, usrdata,usrhora,ousrinis,usrinis,fno,no,estab,fdata,ndoc,moeda,cambio,cambiofixo,ftano,site ,classe ) values ('aut6776c409396776cf0723',getdate(),convert(char(8),convert (time,getdate())),getdate(),convert(char(8),convert (time,getdate())),'wsv','wsv',2720,101621,0,'2025-01-02',39,'euro',0,0,2025 ,?,?)
20250102@173815.2710 3m5hgjcub54ogpver3j9584tkb Query : use flama_phc
20250102@173815.2714 3m5hgjcub54ogpver3j9584tkb Query : select st.usalote valor from st where st.ref = '327.8253.00.1'
20250102@173815.2741 3m5hgjcub54ogpver3j9584tkb Query : select top 1 st.tabiva ,st.ivaincl ,st.stns ,st.uni2 ,st.familia ,isnull(tx.taxa, 0) txiva ,unidade ,usalote ,epcpond ,noserie ,conversao ,st.texteis from st left join taxasiva tx on st.tabiva = tx.codigo where st.ref = '327.8253.00.1'
20250102@173815.2916 3m5hgjcub54ogpver3j9584tkb Query : select 1 valor from information_schema.tables where table_type='base table' and table_name='wstablefields'
20250102@173815.2938 3m5hgjcub54ogpver3j9584tkb Query : select fieldkey,fieldname,fieldtype,mandatory from wstablefields where tablename = 'fi' and documentnumber = 39
20250102@173815.2989 3m5hgjcub54ogpver3j9584tkb Query : select 1 valor from information_schema.tables where table_type='base table' and table_name='wstablefields'
20250102@173815.3010 3m5hgjcub54ogpver3j9584tkb Query : select fieldkey,fieldname,fieldtype,mandatory from wstablefields where tablename = 'fi2' and documentnumber = 39
20250102@173815.3021 3m5hgjcub54ogpver3j9584tkb Query : select top 1 convert(numeric(6,2),t.taxa) valor from taxasiva t where t.codigo='2'
20250102@173815.3033 3m5hgjcub54ogpver3j9584tkb Query : select sestamp valor from se where ref ='327.8253.00.1' and lote = 'r2400073100b'
20250102@173815.3049 3m5hgjcub54ogpver3j9584tkb Query : select 1 valor from information_schema.tables where table_type='base table' and table_name='wstablefields'
20250102@173815.3065 3m5hgjcub54ogpver3j9584tkb Query : select fieldkey,fieldname,fieldtype,calcformula from wstablefields where tablename = 'fi2' and documentnumber = 39
20250102@173815.3079 3m5hgjcub54ogpver3j9584tkb Query : insert into wsfi2data (fi2stamp,ftstamp ,ousrdata, ousrhora, usrdata,usrhora,ousrinis,usrinis) values ('aut6776c821826776cf074a','aut6776c409396776cf0723' ,getdate(),convert(char(8),convert (time,getdate())),getdate(),convert(char(8),convert (time,getdate())),'wsv','wsv')
20250102@173815.3084 3m5hgjcub54ogpver3j9584tkb Query : select 1 valor from information_schema.tables where table_type='base table' and table_name='wstablefields'
20250102@173815.3103 3m5hgjcub54ogpver3j9584tkb Query : select fieldkey,fieldname,fieldtype,calcformula from wstablefields where tablename = 'fi' and documentnumber = 39
20250102@173815.3134 3m5hgjcub54ogpver3j9584tkb Query : insert into wsfidata (fistamp,ousrdata, ousrhora, usrdata,usrhora,ousrinis,usrinis ,qtt ,ftstamp ,epv,pvmoeda ,tabiva,iva,lordem ,ref, design ,lote,armazem,bistamp ) values ('aut6776c821826776cf074a',getdate(),convert(char(8),convert (time,getdate())),getdate(),convert(char(8),convert (time,getdate())),'wsv','wsv',1.000 ,'aut6776c409396776cf0723' ,0,0 ,2,23.00,10000,?,?,?,?,?)
20250102@173815.3401 3m5hgjcub54ogpver3j9584tkb Query : select 1 valor from information_schema.tables where table_type='base table' and table_name='wstablefields'
20250102@173815.3440 3m5hgjcub54ogpver3j9584tkb Query : select fieldkey,fieldname,fieldtype,mandatory from wstablefields where tablename = 'fi' and documentnumber = 39
20250102@173815.3468 3m5hgjcub54ogpver3j9584tkb Query : select 1 valor from information_schema.tables where table_type='base table' and table_name='wstablefields'
20250102@173815.3483 3m5hgjcub54ogpver3j9584tkb Query : select fieldkey,fieldname,fieldtype,mandatory from wstablefields where tablename = 'fi2' and documentnumber = 39
20250102@173815.3492 3m5hgjcub54ogpver3j9584tkb Query : select top 1 convert(numeric(6,2),t.taxa) valor from taxasiva t where t.codigo='2'
20250102@173815.3505 3m5hgjcub54ogpver3j9584tkb Query : select 1 valor from information_schema.tables where table_type='base table' and table_name='wstablefields'
20250102@173815.3521 3m5hgjcub54ogpver3j9584tkb Query : select fieldkey,fieldname,fieldtype,calcformula from wstablefields where tablename = 'fi2' and documentnumber = 39
20250102@173815.3533 3m5hgjcub54ogpver3j9584tkb Query : insert into wsfi2data (fi2stamp,ftstamp ,ousrdata, ousrhora, usrdata,usrhora,ousrinis,usrinis) values ('aut6776c577356776cf0755','aut6776c409396776cf0723' ,getdate(),convert(char(8),convert (time,getdate())),getdate(),convert(char(8),convert (time,getdate())),'wsv','wsv')
20250102@173815.3539 3m5hgjcub54ogpver3j9584tkb Query : select 1 valor from information_schema.tables where table_type='base table' and table_name='wstablefields'
20250102@173815.3556 3m5hgjcub54ogpver3j9584tkb Query : select fieldkey,fieldname,fieldtype,calcformula from wstablefields where tablename = 'fi' and documentnumber = 39
20250102@173815.3590 3m5hgjcub54ogpver3j9584tkb Query : insert into wsfidata (fistamp,ousrdata, ousrhora, usrdata,usrhora,ousrinis,usrinis ,qtt ,ftstamp ,epv,pvmoeda ,tabiva,iva,lordem ,ref, design ,armazem) values ('aut6776c577356776cf0755',getdate(),convert(char(8),convert (time,getdate())),getdate(),convert(char(8),convert (time,getdate())),'wsv','wsv',0 ,'aut6776c409396776cf0723' ,0,0 ,2,23.00,20000,?,?,?)
20250102@173815.3882 3m5hgjcub54ogpver3j9584tkb Query : insert into wsftcreationlog (initialftstamp,externalid,creationstatus,documenttypeid,idustamp) values ('aut6776c409396776cf0723','2500019','wait',39,'adm09112754980.682000002')
20250102@173815.4180 3m5hgjcub54ogpver3j9584tkb Query : use flama_phc
20250102@173815.4184 3m5hgjcub54ogpver3j9584tkb Query : update u_wsusers set rqsttoken =? where userid ='userls001'
20250102@173815.4287 3m5hgjcub54ogpver3j9584tkb Query : select concat(rtrim(relative_path),ltrim(name_new)) as valor from uploadfiles where uploadfile_id='4276';
20250102@173815.4414 3m5hgjcub54ogpver3j9584tkb Query : update uploadfiles set whenupdated=current_timestamp where uploadfile_id='4276';
20250102@173815.4484 3m5hgjcub54ogpver3j9584tkb Query : select concat(rtrim(relative_path),ltrim(name_new)) as valor from uploadfiles where uploadfile_id='4276';
20250102@173815.4522 3m5hgjcub54ogpver3j9584tkb Query : update uploadfiles set whenupdated=current_timestamp where uploadfile_id='4276';
20250102@173815.5177 amebskmtddi6bp0jgmm2du7dql Query : insert into uploadfiles ( name_original, name_new, option_type, relative_path, whencreated ) values ( ?, ?, ?, ?, getdate() )
20250102@173815.5190 amebskmtddi6bp0jgmm2du7dql Query : select uploadfile_id valor from uploadfiles where name_new = ? and option_type = ? 
20250102@173815.5284 amebskmtddi6bp0jgmm2du7dql Query : select concat(rtrim(relative_path),ltrim(name_new)) as valor from uploadfiles where uploadfile_id='4277';
20250102@173815.5352 amebskmtddi6bp0jgmm2du7dql Query : update uploadfiles set whenupdated=current_timestamp where uploadfile_id='4277';
20250102@173815.5420 amebskmtddi6bp0jgmm2du7dql Query : select concat(rtrim(relative_path),ltrim(name_new)) as valor from uploadfiles where uploadfile_id='4277';
20250102@173815.5454 amebskmtddi6bp0jgmm2du7dql Query : update uploadfiles set whenupdated=current_timestamp where uploadfile_id='4277';
20250102@173815.5537 amebskmtddi6bp0jgmm2du7dql Query : use flama_phc
20250102@173815.5541 amebskmtddi6bp0jgmm2du7dql Query : select top 1 secretkey valor from u_wsusers u where u.userid = ? and u.inactivo=0
20250102@173815.5610 amebskmtddi6bp0jgmm2du7dql Query : use flama_phc
20250102@173815.5613 amebskmtddi6bp0jgmm2du7dql Query : select no, estab,szadrsdesc from szadrs where u_coddest=1452
20250102@173815.5719 amebskmtddi6bp0jgmm2du7dql Query : select top 1 isnull(design,'') valor from st (nolock) left join stobs (nolock) on st.ref = stobs.ref where st.ref = '327.8261.00.1'
20250102@173815.5760 amebskmtddi6bp0jgmm2du7dql Query : select top 1 bistamp valor from bi inner join bo on bo.bostamp=bi.bostamp where bo.ndos =250 and bo.boano =2000 and bo.obrano = 2500020 and bi.ref ='327.8261.00.1' and bi.lordem =1
20250102@173815.6099 amebskmtddi6bp0jgmm2du7dql Query : use flama_phc
20250102@173815.6104 amebskmtddi6bp0jgmm2du7dql Query : select top 1 convert(date,fdata) valor from ft where ndoc = 39 and anulado= 0 and fno>0 order by fdata desc
20250102@173815.6162 amebskmtddi6bp0jgmm2du7dql Query : use flama_phc
20250102@173815.6167 amebskmtddi6bp0jgmm2du7dql Query : select top 1 1 valor from td where td.ndoc = 39
20250102@173815.6199 amebskmtddi6bp0jgmm2du7dql Query : use flama_phc
20250102@173815.6202 amebskmtddi6bp0jgmm2du7dql Query : select lower(descricao) descricao ,case when valor='s' then 1 else 0 end valor from para1 where descricao in ('st_lote','st_usalogifunc', 'st_grelha')
20250102@173815.6233 amebskmtddi6bp0jgmm2du7dql Query : select top 1 manternumero ,assinadoc issigned ,tiposaft ,assinaimp ,nmdos ,td.assinadoc ,'cl' origin ,lancasl stocks ,case when cmsl<50 and td.lancasl=1 then 1 else 0 end entrada ,case when cmsl>50 and td.lancasl=1 then 1 else 0 end saida ,temserie assets ,~semgre usegridfields from td inner join td2 on td.tdstamp=td2.td2stamp where td.ndoc = 1
20250102@173815.6270 amebskmtddi6bp0jgmm2du7dql Query : use flama_phc
20250102@173815.6273 amebskmtddi6bp0jgmm2du7dql Query : select top 1 ~inactivo valor from cl where no = '101621' and estab = 0 order by inactivo desc
20250102@173815.6308 amebskmtddi6bp0jgmm2du7dql Query : use flama_phc
20250102@173815.6311 amebskmtddi6bp0jgmm2du7dql Query : select top 1 tipodoc,regrd from td where ndoc = 39
20250102@173815.6346 amebskmtddi6bp0jgmm2du7dql Query : use flama_phc
20250102@173815.6349 amebskmtddi6bp0jgmm2du7dql Query : select szadrsstamp valor from szadrs where szadrsdesc='espaÇotrans,lda'
20250102@173815.6431 amebskmtddi6bp0jgmm2du7dql Query : use flama_phc
20250102@173815.6474 amebskmtddi6bp0jgmm2du7dql Query : select szadrsstamp valor from szadrs where szadrsdesc='j.o.m. - castelo branco'
20250102@173815.6691 amebskmtddi6bp0jgmm2du7dql Query : use flama_phc
20250102@173815.6695 amebskmtddi6bp0jgmm2du7dql Query : select 1 valor from td where ndoc = 39
20250102@173815.6708 amebskmtddi6bp0jgmm2du7dql Query : select top 1 manternumero, tiposaft, nmdos,td.assinadoc from td where td.ndoc = 39
20250102@173815.6724 amebskmtddi6bp0jgmm2du7dql Query : select 1 valor from information_schema.tables where table_type='base table' and table_name='wstablefields'
20250102@173815.6741 amebskmtddi6bp0jgmm2du7dql Query : select fieldkey,fieldname,fieldtype,mandatory from wstablefields where tablename = 'ft' and documentnumber = 39
20250102@173815.6783 amebskmtddi6bp0jgmm2du7dql Query : select 1 valor from information_schema.tables where table_type='base table' and table_name='wstablefields'
20250102@173815.6799 amebskmtddi6bp0jgmm2du7dql Query : select fieldkey,fieldname,fieldtype,mandatory from wstablefields where tablename = 'ft2' and documentnumber = 39
20250102@173815.6827 amebskmtddi6bp0jgmm2du7dql Query : select 1 valor from information_schema.tables where table_type='base table' and table_name='wstablefields'
20250102@173815.6841 amebskmtddi6bp0jgmm2du7dql Query : select fieldkey,fieldname,fieldtype,mandatory from wstablefields where tablename = 'ft3' and documentnumber = 39
20250102@173815.6853 amebskmtddi6bp0jgmm2du7dql Query : select top 1 ft.fno valor from ft ft where ft.ndoc = 39 and ftano=2025 order by fno desc
20250102@173815.6990 amebskmtddi6bp0jgmm2du7dql Query : select top 1 ft.fno valor from wsftdata ft where ft.ndoc = 39 and ftano=2025 order by fno desc
20250102@173815.7003 amebskmtddi6bp0jgmm2du7dql Query : select 1 valor from information_schema.tables where table_type='base table' and table_name='wstablefields'
20250102@173815.7018 amebskmtddi6bp0jgmm2du7dql Query : select fieldkey,fieldname,fieldtype,calcformula from wstablefields where tablename = 'ft3' and documentnumber = 39
20250102@173815.7035 amebskmtddi6bp0jgmm2du7dql Query : insert into wsft3data (ft3stamp, ousrdata, ousrhora, usrdata,usrhora,ousrinis,usrinis,taxpointdt ) values ('aut6776c416196776cf07a7' ,getdate(),convert(char(8),convert (time,getdate())),getdate(),convert(char(8),convert (time,getdate())),'wsv','wsv',?)
20250102@173815.7227 amebskmtddi6bp0jgmm2du7dql Query : select 1 valor from information_schema.tables where table_type='base table' and table_name='wstablefields'
20250102@173815.7246 amebskmtddi6bp0jgmm2du7dql Query : select fieldkey,fieldname,fieldtype,calcformula from wstablefields where tablename = 'ft2' and documentnumber = 39
20250102@173815.7280 amebskmtddi6bp0jgmm2du7dql Query : select top 1 bo.u_nomeenv valor from bo where bo.bostamp=''
20250102@173815.7292 amebskmtddi6bp0jgmm2du7dql Query : select top 1 bo.u_moradaen valor from bo where bo.bostamp=''
20250102@173815.7304 amebskmtddi6bp0jgmm2du7dql Query : select top 1 bo.u_codposen valor from bo where bo.bostamp=''
20250102@173815.7315 amebskmtddi6bp0jgmm2du7dql Query : select top 1 bo.u_localenv valor from bo where bo.bostamp=''
20250102@173815.7336 amebskmtddi6bp0jgmm2du7dql Query : select top 1 bo.trab5 valor from bo where bo.bostamp=''
20250102@173815.7348 amebskmtddi6bp0jgmm2du7dql Query : select top 1 bo.serie valor from bo where bo.bostamp=''
20250102@173815.7359 amebskmtddi6bp0jgmm2du7dql Query : insert into wsft2data (ft2stamp, ousrdata,ousrhora, usrdata,usrhora,ousrinis,usrinis,u_nomeenv ,u_moradaen ,u_codposen ,u_localenv ,u_coddest ,u_codby ) values ('aut6776c416196776cf07a7',getdate(),convert(char(8),convert (time,getdate())),getdate(),convert(char(8),convert (time,getdate())),'wsv','wsv',?,?,?,?,?,?)
20250102@173815.7604 amebskmtddi6bp0jgmm2du7dql Query : select top 1 fno valor from wsftdata order by fno desc
20250102@173815.7638 amebskmtddi6bp0jgmm2du7dql Query : select 1 valor from information_schema.tables where table_type='base table' and table_name='wstablefields'
20250102@173815.7654 amebskmtddi6bp0jgmm2du7dql Query : select fieldkey,fieldname,fieldtype,calcformula from wstablefields where tablename = 'ft' and documentnumber = 39
20250102@173815.7676 amebskmtddi6bp0jgmm2du7dql Query : select 'normal' from dummy
20250102@173815.7693 amebskmtddi6bp0jgmm2du7dql Query : insert into wsftdata (ftstamp, ousrdata,ousrhora, usrdata,usrhora,ousrinis,usrinis,fno,no,estab,fdata,ndoc,moeda,cambio,cambiofixo,ftano,site ,classe ) values ('aut6776c416196776cf07a7',getdate(),convert(char(8),convert (time,getdate())),getdate(),convert(char(8),convert (time,getdate())),'wsv','wsv',2721,101621,0,'2025-01-02',39,'euro',0,0,2025 ,?,?)
20250102@173815.8044 amebskmtddi6bp0jgmm2du7dql Query : use flama_phc
20250102@173815.8048 amebskmtddi6bp0jgmm2du7dql Query : select st.usalote valor from st where st.ref = '327.8261.00.1'
20250102@173815.8069 amebskmtddi6bp0jgmm2du7dql Query : select top 1 st.tabiva ,st.ivaincl ,st.stns ,st.uni2 ,st.familia ,isnull(tx.taxa, 0) txiva ,unidade ,usalote ,epcpond ,noserie ,conversao ,st.texteis from st left join taxasiva tx on st.tabiva = tx.codigo where st.ref = '327.8261.00.1'
20250102@173815.8082 amebskmtddi6bp0jgmm2du7dql Query : select 1 valor from information_schema.tables where table_type='base table' and table_name='wstablefields'
20250102@173815.8099 amebskmtddi6bp0jgmm2du7dql Query : select fieldkey,fieldname,fieldtype,mandatory from wstablefields where tablename = 'fi' and documentnumber = 39
20250102@173815.8126 amebskmtddi6bp0jgmm2du7dql Query : select 1 valor from information_schema.tables where table_type='base table' and table_name='wstablefields'
20250102@173815.8140 amebskmtddi6bp0jgmm2du7dql Query : select fieldkey,fieldname,fieldtype,mandatory from wstablefields where tablename = 'fi2' and documentnumber = 39
20250102@173815.8148 amebskmtddi6bp0jgmm2du7dql Query : select top 1 convert(numeric(6,2),t.taxa) valor from taxasiva t where t.codigo='2'
20250102@173815.8160 amebskmtddi6bp0jgmm2du7dql Query : select sestamp valor from se where ref ='327.8261.00.1' and lote = 'r2401098200a'
20250102@173815.8172 amebskmtddi6bp0jgmm2du7dql Query : select 1 valor from information_schema.tables where table_type='base table' and table_name='wstablefields'
20250102@173815.8186 amebskmtddi6bp0jgmm2du7dql Query : select fieldkey,fieldname,fieldtype,calcformula from wstablefields where tablename = 'fi2' and documentnumber = 39
20250102@173815.8198 amebskmtddi6bp0jgmm2du7dql Query : insert into wsfi2data (fi2stamp,ftstamp ,ousrdata, ousrhora, usrdata,usrhora,ousrinis,usrinis) values ('aut6776c421346776cf07c7','aut6776c416196776cf07a7' ,getdate(),convert(char(8),convert (time,getdate())),getdate(),convert(char(8),convert (time,getdate())),'wsv','wsv')
20250102@173815.8203 amebskmtddi6bp0jgmm2du7dql Query : select 1 valor from information_schema.tables where table_type='base table' and table_name='wstablefields'
20250102@173815.8217 amebskmtddi6bp0jgmm2du7dql Query : select fieldkey,fieldname,fieldtype,calcformula from wstablefields where tablename = 'fi' and documentnumber = 39
20250102@173815.8249 amebskmtddi6bp0jgmm2du7dql Query : insert into wsfidata (fistamp,ousrdata, ousrhora, usrdata,usrhora,ousrinis,usrinis ,qtt ,ftstamp ,epv,pvmoeda ,tabiva,iva,lordem ,ref, design ,lote,armazem,bistamp ) values ('aut6776c421346776cf07c7',getdate(),convert(char(8),convert (time,getdate())),getdate(),convert(char(8),convert (time,getdate())),'wsv','wsv',1.000 ,'aut6776c416196776cf07a7' ,0,0 ,2,23.00,10000,?,?,?,?,?)
20250102@173815.8540 amebskmtddi6bp0jgmm2du7dql Query : select 1 valor from information_schema.tables where table_type='base table' and table_name='wstablefields'
20250102@173815.8558 amebskmtddi6bp0jgmm2du7dql Query : select fieldkey,fieldname,fieldtype,mandatory from wstablefields where tablename = 'fi' and documentnumber = 39
20250102@173815.8587 amebskmtddi6bp0jgmm2du7dql Query : select 1 valor from information_schema.tables where table_type='base table' and table_name='wstablefields'
20250102@173815.8602 amebskmtddi6bp0jgmm2du7dql Query : select fieldkey,fieldname,fieldtype,mandatory from wstablefields where tablename = 'fi2' and documentnumber = 39
20250102@173815.8611 amebskmtddi6bp0jgmm2du7dql Query : select top 1 convert(numeric(6,2),t.taxa) valor from taxasiva t where t.codigo='2'
20250102@173815.9851 amebskmtddi6bp0jgmm2du7dql Query : select 1 valor from information_schema.tables where table_type='base table' and table_name='wstablefields'
20250102@173815.9875 amebskmtddi6bp0jgmm2du7dql Query : select fieldkey,fieldname,fieldtype,calcformula from wstablefields where tablename = 'fi2' and documentnumber = 39
20250102@173815.9887 amebskmtddi6bp0jgmm2du7dql Query : insert into wsfi2data (fi2stamp,ftstamp ,ousrdata, ousrhora, usrdata,usrhora,ousrinis,usrinis) values ('aut6776c400326776cf07f0','aut6776c416196776cf07a7' ,getdate(),convert(char(8),convert (time,getdate())),getdate(),convert(char(8),convert (time,getdate())),'wsv','wsv')
20250102@173815.9893 amebskmtddi6bp0jgmm2du7dql Query : select 1 valor from information_schema.tables where table_type='base table' and table_name='wstablefields'
20250102@173815.9913 amebskmtddi6bp0jgmm2du7dql Query : select fieldkey,fieldname,fieldtype,calcformula from wstablefields where tablename = 'fi' and documentnumber = 39
20250102@173815.9942 amebskmtddi6bp0jgmm2du7dql Query : insert into wsfidata (fistamp,ousrdata, ousrhora, usrdata,usrhora,ousrinis,usrinis ,qtt ,ftstamp ,epv,pvmoeda ,tabiva,iva,lordem ,ref, design ,armazem) values ('aut6776c400326776cf07f0',getdate(),convert(char(8),convert (time,getdate())),getdate(),convert(char(8),convert (time,getdate())),'wsv','wsv',0 ,'aut6776c416196776cf07a7' ,0,0 ,2,23.00,20000,?,?,?)
20250102@173816.2180 amebskmtddi6bp0jgmm2du7dql Query : insert into wsftcreationlog (initialftstamp,externalid,creationstatus,documenttypeid,idustamp) values ('aut6776c416196776cf07a7','2500020','wait',39,'adm09112754980.682000002')
20250102@173816.2940 amebskmtddi6bp0jgmm2du7dql Query : use flama_phc
20250102@173816.2980 amebskmtddi6bp0jgmm2du7dql Query : update u_wsusers set rqsttoken =? where userid ='userls001'
20250102@173816.3280 amebskmtddi6bp0jgmm2du7dql Query : select concat(rtrim(relative_path),ltrim(name_new)) as valor from uploadfiles where uploadfile_id='4277';
20250102@173816.3740 amebskmtddi6bp0jgmm2du7dql Query : update uploadfiles set whenupdated=current_timestamp where uploadfile_id='4277';
20250102@173816.4280 amebskmtddi6bp0jgmm2du7dql Query : select concat(rtrim(relative_path),ltrim(name_new)) as valor from uploadfiles where uploadfile_id='4277';
20250102@173816.4610 amebskmtddi6bp0jgmm2du7dql Query : update uploadfiles set whenupdated=current_timestamp where uploadfile_id='4277';
20250102@173816.1024 7oaatu461kb83nrdk29m036hjg Query : insert into uploadfiles ( name_original, name_new, option_type, relative_path, whencreated ) values ( ?, ?, ?, ?, getdate() )
20250102@173816.1035 7oaatu461kb83nrdk29m036hjg Query : select uploadfile_id valor from uploadfiles where name_new = ? and option_type = ? 
20250102@173816.1121 7oaatu461kb83nrdk29m036hjg Query : select concat(rtrim(relative_path),ltrim(name_new)) as valor from uploadfiles where uploadfile_id='4278';
20250102@173816.1198 7oaatu461kb83nrdk29m036hjg Query : update uploadfiles set whenupdated=current_timestamp where uploadfile_id='4278';
20250102@173816.1267 7oaatu461kb83nrdk29m036hjg Query : select concat(rtrim(relative_path),ltrim(name_new)) as valor from uploadfiles where uploadfile_id='4278';
20250102@173816.1303 7oaatu461kb83nrdk29m036hjg Query : update uploadfiles set whenupdated=current_timestamp where uploadfile_id='4278';
20250102@173816.1359 7oaatu461kb83nrdk29m036hjg Query : use flama_phc
20250102@173816.1362 7oaatu461kb83nrdk29m036hjg Query : select top 1 secretkey valor from u_wsusers u where u.userid = ? and u.inactivo=0
20250102@173816.1426 7oaatu461kb83nrdk29m036hjg Query : use flama_phc
20250102@173816.1430 7oaatu461kb83nrdk29m036hjg Query : select no, estab,szadrsdesc from szadrs where u_coddest=7737
20250102@173816.1761 7oaatu461kb83nrdk29m036hjg Query : select top 1 isnull(design,'') valor from st (nolock) left join stobs (nolock) on st.ref = stobs.ref where st.ref = '324.4743.00.1'
20250102@173816.1928 7oaatu461kb83nrdk29m036hjg Query : select top 1 bistamp valor from bi inner join bo on bo.bostamp=bi.bostamp where bo.ndos =250 and bo.boano =2000 and bo.obrano = 2500022 and bi.ref ='324.4743.00.1' and bi.lordem =1
20250102@173816.2269 7oaatu461kb83nrdk29m036hjg Query : use flama_phc
20250102@173816.2273 7oaatu461kb83nrdk29m036hjg Query : select top 1 convert(date,fdata) valor from ft where ndoc = 39 and anulado= 0 and fno>0 order by fdata desc
20250102@173816.2306 7oaatu461kb83nrdk29m036hjg Query : use flama_phc
20250102@173816.2309 7oaatu461kb83nrdk29m036hjg Query : select top 1 1 valor from td where td.ndoc = 39
20250102@173816.2343 7oaatu461kb83nrdk29m036hjg Query : use flama_phc
20250102@173816.2346 7oaatu461kb83nrdk29m036hjg Query : select lower(descricao) descricao ,case when valor='s' then 1 else 0 end valor from para1 where descricao in ('st_lote','st_usalogifunc', 'st_grelha')
20250102@173816.2375 7oaatu461kb83nrdk29m036hjg Query : select top 1 manternumero ,assinadoc issigned ,tiposaft ,assinaimp ,nmdos ,td.assinadoc ,'cl' origin ,lancasl stocks ,case when cmsl<50 and td.lancasl=1 then 1 else 0 end entrada ,case when cmsl>50 and td.lancasl=1 then 1 else 0 end saida ,temserie assets ,~semgre usegridfields from td inner join td2 on td.tdstamp=td2.td2stamp where td.ndoc = 1
20250102@173816.2415 7oaatu461kb83nrdk29m036hjg Query : use flama_phc
20250102@173816.2420 7oaatu461kb83nrdk29m036hjg Query : select top 1 ~inactivo valor from cl where no = '101621' and estab = 0 order by inactivo desc
20250102@173816.2450 7oaatu461kb83nrdk29m036hjg Query : use flama_phc
20250102@173816.2453 7oaatu461kb83nrdk29m036hjg Query : select top 1 tipodoc,regrd from td where ndoc = 39
20250102@173816.2483 7oaatu461kb83nrdk29m036hjg Query : use flama_phc
20250102@173816.2487 7oaatu461kb83nrdk29m036hjg Query : select szadrsstamp valor from szadrs where szadrsdesc='espaÇotrans,lda'
20250102@173816.2528 7oaatu461kb83nrdk29m036hjg Query : use flama_phc
20250102@173816.2531 7oaatu461kb83nrdk29m036hjg Query : select szadrsstamp valor from szadrs where szadrsdesc='j.o.m - loja da ponte'
20250102@173816.2577 7oaatu461kb83nrdk29m036hjg Query : use flama_phc
20250102@173816.2580 7oaatu461kb83nrdk29m036hjg Query : select 1 valor from td where ndoc = 39
20250102@173816.2593 7oaatu461kb83nrdk29m036hjg Query : select top 1 manternumero, tiposaft, nmdos,td.assinadoc from td where td.ndoc = 39
20250102@173816.2609 7oaatu461kb83nrdk29m036hjg Query : select 1 valor from information_schema.tables where table_type='base table' and table_name='wstablefields'
20250102@173816.2628 7oaatu461kb83nrdk29m036hjg Query : select fieldkey,fieldname,fieldtype,mandatory from wstablefields where tablename = 'ft' and documentnumber = 39
20250102@173816.2651 7oaatu461kb83nrdk29m036hjg Query : select 1 valor from information_schema.tables where table_type='base table' and table_name='wstablefields'
20250102@173816.2669 7oaatu461kb83nrdk29m036hjg Query : select fieldkey,fieldname,fieldtype,mandatory from wstablefields where tablename = 'ft2' and documentnumber = 39
20250102@173816.2704 7oaatu461kb83nrdk29m036hjg Query : select 1 valor from information_schema.tables where table_type='base table' and table_name='wstablefields'
20250102@173816.2723 7oaatu461kb83nrdk29m036hjg Query : select fieldkey,fieldname,fieldtype,mandatory from wstablefields where tablename = 'ft3' and documentnumber = 39
20250102@173816.2737 7oaatu461kb83nrdk29m036hjg Query : select top 1 ft.fno valor from ft ft where ft.ndoc = 39 and ftano=2025 order by fno desc
20250102@173816.2865 7oaatu461kb83nrdk29m036hjg Query : select top 1 ft.fno valor from wsftdata ft where ft.ndoc = 39 and ftano=2025 order by fno desc
20250102@173816.2878 7oaatu461kb83nrdk29m036hjg Query : select 1 valor from information_schema.tables where table_type='base table' and table_name='wstablefields'
20250102@173816.2896 7oaatu461kb83nrdk29m036hjg Query : select fieldkey,fieldname,fieldtype,calcformula from wstablefields where tablename = 'ft3' and documentnumber = 39
20250102@173816.2911 7oaatu461kb83nrdk29m036hjg Query : insert into wsft3data (ft3stamp, ousrdata, ousrhora, usrdata,usrhora,ousrinis,usrinis,taxpointdt ) values ('aut6776c140566776cf0842' ,getdate(),convert(char(8),convert (time,getdate())),getdate(),convert(char(8),convert (time,getdate())),'wsv','wsv',?)
20250102@173816.3091 7oaatu461kb83nrdk29m036hjg Query : select 1 valor from information_schema.tables where table_type='base table' and table_name='wstablefields'
20250102@173816.3114 7oaatu461kb83nrdk29m036hjg Query : select fieldkey,fieldname,fieldtype,calcformula from wstablefields where tablename = 'ft2' and documentnumber = 39
20250102@173816.3146 7oaatu461kb83nrdk29m036hjg Query : select top 1 bo.u_nomeenv valor from bo where bo.bostamp=''
20250102@173816.3159 7oaatu461kb83nrdk29m036hjg Query : select top 1 bo.u_moradaen valor from bo where bo.bostamp=''
20250102@173816.3174 7oaatu461kb83nrdk29m036hjg Query : select top 1 bo.u_codposen valor from bo where bo.bostamp=''
20250102@173816.3186 7oaatu461kb83nrdk29m036hjg Query : select top 1 bo.u_localenv valor from bo where bo.bostamp=''
20250102@173816.3197 7oaatu461kb83nrdk29m036hjg Query : select top 1 bo.trab5 valor from bo where bo.bostamp=''
20250102@173816.3208 7oaatu461kb83nrdk29m036hjg Query : select top 1 bo.serie valor from bo where bo.bostamp=''
20250102@173816.3220 7oaatu461kb83nrdk29m036hjg Query : insert into wsft2data (ft2stamp, ousrdata,ousrhora, usrdata,usrhora,ousrinis,usrinis,u_nomeenv ,u_moradaen ,u_codposen ,u_localenv ,u_coddest ,u_codby ) values ('aut6776c140566776cf0842',getdate(),convert(char(8),convert (time,getdate())),getdate(),convert(char(8),convert (time,getdate())),'wsv','wsv',?,?,?,?,?,?)
20250102@173816.3547 7oaatu461kb83nrdk29m036hjg Query : select top 1 fno valor from wsftdata order by fno desc
20250102@173816.3974 7oaatu461kb83nrdk29m036hjg Query : select 1 valor from information_schema.tables where table_type='base table' and table_name='wstablefields'
20250102@173816.4029 7oaatu461kb83nrdk29m036hjg Query : select fieldkey,fieldname,fieldtype,calcformula from wstablefields where tablename = 'ft' and documentnumber = 39
20250102@173816.4173 7oaatu461kb83nrdk29m036hjg Query : select 'normal' from dummy
20250102@173816.4212 7oaatu461kb83nrdk29m036hjg Query : insert into wsftdata (ftstamp, ousrdata,ousrhora, usrdata,usrhora,ousrinis,usrinis,fno,no,estab,fdata,ndoc,moeda,cambio,cambiofixo,ftano,site ,classe ) values ('aut6776c140566776cf0842',getdate(),convert(char(8),convert (time,getdate())),getdate(),convert(char(8),convert (time,getdate())),'wsv','wsv',2722,101621,0,'2025-01-02',39,'euro',0,0,2025 ,?,?)
20250102@173816.4955 7oaatu461kb83nrdk29m036hjg Query : use flama_phc
20250102@173816.4958 7oaatu461kb83nrdk29m036hjg Query : select st.usalote valor from st where st.ref = '324.4743.00.1'
20250102@173816.4981 7oaatu461kb83nrdk29m036hjg Query : select top 1 st.tabiva ,st.ivaincl ,st.stns ,st.uni2 ,st.familia ,isnull(tx.taxa, 0) txiva ,unidade ,usalote ,epcpond ,noserie ,conversao ,st.texteis from st left join taxasiva tx on st.tabiva = tx.codigo where st.ref = '324.4743.00.1'
20250102@173816.5147 7oaatu461kb83nrdk29m036hjg Query : select 1 valor from information_schema.tables where table_type='base table' and table_name='wstablefields'
20250102@173816.5165 7oaatu461kb83nrdk29m036hjg Query : select fieldkey,fieldname,fieldtype,mandatory from wstablefields where tablename = 'fi' and documentnumber = 39
20250102@173816.5194 7oaatu461kb83nrdk29m036hjg Query : select 1 valor from information_schema.tables where table_type='base table' and table_name='wstablefields'
20250102@173816.5212 7oaatu461kb83nrdk29m036hjg Query : select fieldkey,fieldname,fieldtype,mandatory from wstablefields where tablename = 'fi2' and documentnumber = 39
20250102@173816.5221 7oaatu461kb83nrdk29m036hjg Query : select top 1 convert(numeric(6,2),t.taxa) valor from taxasiva t where t.codigo='2'
20250102@173816.5234 7oaatu461kb83nrdk29m036hjg Query : select sestamp valor from se where ref ='324.4743.00.1' and lote = 'r2200085100a'
20250102@173816.5249 7oaatu461kb83nrdk29m036hjg Query : select 1 valor from information_schema.tables where table_type='base table' and table_name='wstablefields'
20250102@173816.5266 7oaatu461kb83nrdk29m036hjg Query : select fieldkey,fieldname,fieldtype,calcformula from wstablefields where tablename = 'fi2' and documentnumber = 39
20250102@173816.5279 7oaatu461kb83nrdk29m036hjg Query : insert into wsfi2data (fi2stamp,ftstamp ,ousrdata, ousrhora, usrdata,usrhora,ousrinis,usrinis) values ('aut6776c590986776cf0880','aut6776c140566776cf0842' ,getdate(),convert(char(8),convert (time,getdate())),getdate(),convert(char(8),convert (time,getdate())),'wsv','wsv')
20250102@173816.5284 7oaatu461kb83nrdk29m036hjg Query : select 1 valor from information_schema.tables where table_type='base table' and table_name='wstablefields'
20250102@173816.5299 7oaatu461kb83nrdk29m036hjg Query : select fieldkey,fieldname,fieldtype,calcformula from wstablefields where tablename = 'fi' and documentnumber = 39
20250102@173816.5329 7oaatu461kb83nrdk29m036hjg Query : insert into wsfidata (fistamp,ousrdata, ousrhora, usrdata,usrhora,ousrinis,usrinis ,qtt ,ftstamp ,epv,pvmoeda ,tabiva,iva,lordem ,ref, design ,lote,armazem,bistamp ) values ('aut6776c590986776cf0880',getdate(),convert(char(8),convert (time,getdate())),getdate(),convert(char(8),convert (time,getdate())),'wsv','wsv',2.000 ,'aut6776c140566776cf0842' ,0,0 ,2,23.00,10000,?,?,?,?,?)
20250102@173816.5601 7oaatu461kb83nrdk29m036hjg Query : insert into wsftcreationlog (initialftstamp,externalid,creationstatus,documenttypeid,idustamp) values ('aut6776c140566776cf0842','2500022','wait',39,'adm09112754980.682000002')
20250102@173816.5704 7oaatu461kb83nrdk29m036hjg Query : use flama_phc
20250102@173816.5708 7oaatu461kb83nrdk29m036hjg Query : update u_wsusers set rqsttoken =? where userid ='userls001'
20250102@173816.5739 7oaatu461kb83nrdk29m036hjg Query : select concat(rtrim(relative_path),ltrim(name_new)) as valor from uploadfiles where uploadfile_id='4278';
20250102@173816.5783 7oaatu461kb83nrdk29m036hjg Query : update uploadfiles set whenupdated=current_timestamp where uploadfile_id='4278';
20250102@173816.5836 7oaatu461kb83nrdk29m036hjg Query : select concat(rtrim(relative_path),ltrim(name_new)) as valor from uploadfiles where uploadfile_id='4278';
20250102@173816.5877 7oaatu461kb83nrdk29m036hjg Query : update uploadfiles set whenupdated=current_timestamp where uploadfile_id='4278';
20250102@181909.1747 51u2c5o8239ftfmd7n68rubgmj Query : use flama_phc
20250102@181909.1751 51u2c5o8239ftfmd7n68rubgmj Query : select secretkey valor from u_wsusers u where u.userid = ? and u.username=? and u.password=? and u.inactivo=0
20250102@181909.1855 51u2c5o8239ftfmd7n68rubgmj Query : use flama_phc
20250102@181909.1858 51u2c5o8239ftfmd7n68rubgmj Query : update u_wsusers set rqsttoken =? where userid ='userls001'
20250102@183609.1293 nj2j2aulqskuvvohn2vr5qcalm Query : use flama_phc
20250102@183609.1303 nj2j2aulqskuvvohn2vr5qcalm Query : select secretkey valor from u_wsusers u where u.userid = ? and u.username=? and u.password=? and u.inactivo=0
20250102@183609.1389 nj2j2aulqskuvvohn2vr5qcalm Query : use flama_phc
20250102@183609.1411 nj2j2aulqskuvvohn2vr5qcalm Query : update u_wsusers set rqsttoken =? where userid ='userls001'
20250102@191910.4492 8ap4cupdukvkqm1mkkmo9eeffo Query : use flama_phc
20250102@191910.4496 8ap4cupdukvkqm1mkkmo9eeffo Query : select secretkey valor from u_wsusers u where u.userid = ? and u.username=? and u.password=? and u.inactivo=0
20250102@191910.4602 8ap4cupdukvkqm1mkkmo9eeffo Query : use flama_phc
20250102@191910.4605 8ap4cupdukvkqm1mkkmo9eeffo Query : update u_wsusers set rqsttoken =? where userid ='userls001'
20250102@193609.8747 ugfd0u1qhr2aq6pppijmujc3sf Query : use flama_phc
20250102@193609.8751 ugfd0u1qhr2aq6pppijmujc3sf Query : select secretkey valor from u_wsusers u where u.userid = ? and u.username=? and u.password=? and u.inactivo=0
20250102@193609.8850 ugfd0u1qhr2aq6pppijmujc3sf Query : use flama_phc
20250102@193609.8854 ugfd0u1qhr2aq6pppijmujc3sf Query : update u_wsusers set rqsttoken =? where userid ='userls001'
20250102@201908.6079 fsbee4pcpec6fpkd880jjbd5ln Query : use flama_phc
20250102@201908.6084 fsbee4pcpec6fpkd880jjbd5ln Query : select secretkey valor from u_wsusers u where u.userid = ? and u.username=? and u.password=? and u.inactivo=0
20250102@201908.6196 fsbee4pcpec6fpkd880jjbd5ln Query : use flama_phc
20250102@201908.6199 fsbee4pcpec6fpkd880jjbd5ln Query : update u_wsusers set rqsttoken =? where userid ='userls001'
20250102@203608.5862 rhvgjoq55sigi1eocl6i1bdh5i Query : use flama_phc
20250102@203608.5865 rhvgjoq55sigi1eocl6i1bdh5i Query : select secretkey valor from u_wsusers u where u.userid = ? and u.username=? and u.password=? and u.inactivo=0
20250102@203608.8406 rhvgjoq55sigi1eocl6i1bdh5i Query : use flama_phc
20250102@203608.8409 rhvgjoq55sigi1eocl6i1bdh5i Query : update u_wsusers set rqsttoken =? where userid ='userls001'
20250102@211908.4028 f55foo48dr37eb7shgs8ot1d18 Query : use flama_phc
20250102@211908.4032 f55foo48dr37eb7shgs8ot1d18 Query : select secretkey valor from u_wsusers u where u.userid = ? and u.username=? and u.password=? and u.inactivo=0
20250102@211908.4116 f55foo48dr37eb7shgs8ot1d18 Query : use flama_phc
20250102@211908.4120 f55foo48dr37eb7shgs8ot1d18 Query : update u_wsusers set rqsttoken =? where userid ='userls001'
20250102@213608.6369 2fs384vang3ua5sk22pe73kmug Query : use flama_phc
20250102@213608.6373 2fs384vang3ua5sk22pe73kmug Query : select secretkey valor from u_wsusers u where u.userid = ? and u.username=? and u.password=? and u.inactivo=0
20250102@213608.6456 2fs384vang3ua5sk22pe73kmug Query : use flama_phc
20250102@213608.6459 2fs384vang3ua5sk22pe73kmug Query : update u_wsusers set rqsttoken =? where userid ='userls001'
20250102@221909.8656 egnd5qhtu29ga8ukqf671otmvk Query : use flama_phc
20250102@221909.8661 egnd5qhtu29ga8ukqf671otmvk Query : select secretkey valor from u_wsusers u where u.userid = ? and u.username=? and u.password=? and u.inactivo=0
20250102@221909.8748 egnd5qhtu29ga8ukqf671otmvk Query : use flama_phc
20250102@221909.8753 egnd5qhtu29ga8ukqf671otmvk Query : update u_wsusers set rqsttoken =? where userid ='userls001'
20250102@223610.1134 7embgsnro5a49lr9ng52ikv6ns Query : use flama_phc
20250102@223610.1139 7embgsnro5a49lr9ng52ikv6ns Query : select secretkey valor from u_wsusers u where u.userid = ? and u.username=? and u.password=? and u.inactivo=0
20250102@223610.1232 7embgsnro5a49lr9ng52ikv6ns Query : use flama_phc
20250102@223610.1236 7embgsnro5a49lr9ng52ikv6ns Query : update u_wsusers set rqsttoken =? where userid ='userls001'
20250102@231909.5141 j7pgvoa121sgo657g38la67rla Query : use flama_phc
20250102@231909.5147 j7pgvoa121sgo657g38la67rla Query : select secretkey valor from u_wsusers u where u.userid = ? and u.username=? and u.password=? and u.inactivo=0
20250102@231909.5302 j7pgvoa121sgo657g38la67rla Query : use flama_phc
20250102@231909.5312 j7pgvoa121sgo657g38la67rla Query : update u_wsusers set rqsttoken =? where userid ='userls001'
20250102@233609.5557 a4r0j865slmhji1i09efesmc97 Query : use flama_phc
20250102@233609.5562 a4r0j865slmhji1i09efesmc97 Query : select secretkey valor from u_wsusers u where u.userid = ? and u.username=? and u.password=? and u.inactivo=0
20250102@233609.5645 a4r0j865slmhji1i09efesmc97 Query : use flama_phc
20250102@233609.5648 a4r0j865slmhji1i09efesmc97 Query : update u_wsusers set rqsttoken =? where userid ='userls001'
20250103@071908.4493 s3vqqdi06fn3tlvunclk1ph919 Query : use flama_phc
20250103@071908.4523 s3vqqdi06fn3tlvunclk1ph919 Query : select secretkey valor from u_wsusers u where u.userid = ? and u.username=? and u.password=? and u.inactivo=0
20250103@071908.4750 s3vqqdi06fn3tlvunclk1ph919 Query : use flama_phc
20250103@071908.4755 s3vqqdi06fn3tlvunclk1ph919 Query : update u_wsusers set rqsttoken =? where userid ='userls001'
20250103@073607.1413 126g55j0ovdbnb2fdinrqru3vq Query : use flama_phc
20250103@073607.1418 126g55j0ovdbnb2fdinrqru3vq Query : select secretkey valor from u_wsusers u where u.userid = ? and u.username=? and u.password=? and u.inactivo=0
20250103@073607.1502 126g55j0ovdbnb2fdinrqru3vq Query : use flama_phc
20250103@073607.1505 126g55j0ovdbnb2fdinrqru3vq Query : update u_wsusers set rqsttoken =? where userid ='userls001'
20250103@081748.5646 42cjd2b0k0ckhjeang245c5o0n Query : insert into uploadfiles ( name_original, name_new, option_type, relative_path, whencreated ) values ( ?, ?, ?, ?, getdate() )
20250103@081748.5763 42cjd2b0k0ckhjeang245c5o0n Query : select uploadfile_id valor from uploadfiles where name_new = ? and option_type = ? 
20250103@081748.6095 42cjd2b0k0ckhjeang245c5o0n Query : select concat(rtrim(relative_path),ltrim(name_new)) as valor from uploadfiles where uploadfile_id='4279';
20250103@081748.6174 42cjd2b0k0ckhjeang245c5o0n Query : update uploadfiles set whenupdated=current_timestamp where uploadfile_id='4279';
20250103@081748.6267 42cjd2b0k0ckhjeang245c5o0n Query : select concat(rtrim(relative_path),ltrim(name_new)) as valor from uploadfiles where uploadfile_id='4279';
20250103@081748.6316 42cjd2b0k0ckhjeang245c5o0n Query : update uploadfiles set whenupdated=current_timestamp where uploadfile_id='4279';
20250103@081748.6390 42cjd2b0k0ckhjeang245c5o0n Query : use flama_phc
20250103@081748.6393 42cjd2b0k0ckhjeang245c5o0n Query : select top 1 secretkey valor from u_wsusers u where u.userid = ? and u.inactivo=0
20250103@081748.6513 42cjd2b0k0ckhjeang245c5o0n Query : use flama_phc
20250103@081748.6516 42cjd2b0k0ckhjeang245c5o0n Query : select no, estab,szadrsdesc from szadrs where u_coddest=5808
20250103@081748.6621 42cjd2b0k0ckhjeang245c5o0n Query : select top 1 isnull(design,'') valor from st (nolock) left join stobs (nolock) on st.ref = stobs.ref where st.ref = '328.9902.00.1'
20250103@081748.6767 42cjd2b0k0ckhjeang245c5o0n Query : use flama_phc
20250103@081748.6770 42cjd2b0k0ckhjeang245c5o0n Query : select top 1 convert(date,fdata) valor from ft where ndoc = 39 and anulado= 0 and fno>0 order by fdata desc
20250103@081748.6968 42cjd2b0k0ckhjeang245c5o0n Query : use flama_phc
20250103@081748.6971 42cjd2b0k0ckhjeang245c5o0n Query : select top 1 1 valor from td where td.ndoc = 39
20250103@081748.7055 42cjd2b0k0ckhjeang245c5o0n Query : use flama_phc
20250103@081748.7058 42cjd2b0k0ckhjeang245c5o0n Query : select lower(descricao) descricao ,case when valor='s' then 1 else 0 end valor from para1 where descricao in ('st_lote','st_usalogifunc', 'st_grelha')
20250103@081748.7235 42cjd2b0k0ckhjeang245c5o0n Query : select top 1 manternumero ,assinadoc issigned ,tiposaft ,assinaimp ,nmdos ,td.assinadoc ,'cl' origin ,lancasl stocks ,case when cmsl<50 and td.lancasl=1 then 1 else 0 end entrada ,case when cmsl>50 and td.lancasl=1 then 1 else 0 end saida ,temserie assets ,~semgre usegridfields from td inner join td2 on td.tdstamp=td2.td2stamp where td.ndoc = 1
20250103@081748.7387 42cjd2b0k0ckhjeang245c5o0n Query : use flama_phc
20250103@081748.7390 42cjd2b0k0ckhjeang245c5o0n Query : select top 1 ~inactivo valor from cl where no = '101621' and estab = 0 order by inactivo desc
20250103@081748.7494 42cjd2b0k0ckhjeang245c5o0n Query : use flama_phc
20250103@081748.7497 42cjd2b0k0ckhjeang245c5o0n Query : select top 1 tipodoc,regrd from td where ndoc = 39
20250103@081748.7566 42cjd2b0k0ckhjeang245c5o0n Query : use flama_phc
20250103@081748.7569 42cjd2b0k0ckhjeang245c5o0n Query : select szadrsstamp valor from szadrs where szadrsdesc='espaÇotrans,lda'
20250103@081748.7647 42cjd2b0k0ckhjeang245c5o0n Query : use flama_phc
20250103@081748.7650 42cjd2b0k0ckhjeang245c5o0n Query : select szadrsstamp valor from szadrs where szadrsdesc='jom-Évora'
20250103@081748.7696 42cjd2b0k0ckhjeang245c5o0n Query : use flama_phc
20250103@081748.7699 42cjd2b0k0ckhjeang245c5o0n Query : select 1 valor from td where ndoc = 39
20250103@081748.7758 42cjd2b0k0ckhjeang245c5o0n Query : select top 1 manternumero, tiposaft, nmdos,td.assinadoc from td where td.ndoc = 39
20250103@081748.7805 42cjd2b0k0ckhjeang245c5o0n Query : select 1 valor from information_schema.tables where table_type='base table' and table_name='wstablefields'
20250103@081748.8189 42cjd2b0k0ckhjeang245c5o0n Query : select fieldkey,fieldname,fieldtype,mandatory from wstablefields where tablename = 'ft' and documentnumber = 39
20250103@081748.8366 42cjd2b0k0ckhjeang245c5o0n Query : select 1 valor from information_schema.tables where table_type='base table' and table_name='wstablefields'
20250103@081748.8384 42cjd2b0k0ckhjeang245c5o0n Query : select fieldkey,fieldname,fieldtype,mandatory from wstablefields where tablename = 'ft2' and documentnumber = 39
20250103@081748.8530 42cjd2b0k0ckhjeang245c5o0n Query : select 1 valor from information_schema.tables where table_type='base table' and table_name='wstablefields'
20250103@081748.8547 42cjd2b0k0ckhjeang245c5o0n Query : select fieldkey,fieldname,fieldtype,mandatory from wstablefields where tablename = 'ft3' and documentnumber = 39
20250103@081748.8561 42cjd2b0k0ckhjeang245c5o0n Query : select top 1 ft.fno valor from ft ft where ft.ndoc = 39 and ftano=2025 order by fno desc
20250103@081748.9028 42cjd2b0k0ckhjeang245c5o0n Query : select top 1 ft.fno valor from wsftdata ft where ft.ndoc = 39 and ftano=2025 order by fno desc
20250103@081748.9110 42cjd2b0k0ckhjeang245c5o0n Query : select 1 valor from information_schema.tables where table_type='base table' and table_name='wstablefields'
20250103@081748.9130 42cjd2b0k0ckhjeang245c5o0n Query : select fieldkey,fieldname,fieldtype,calcformula from wstablefields where tablename = 'ft3' and documentnumber = 39
20250103@081748.9174 42cjd2b0k0ckhjeang245c5o0n Query : insert into wsft3data (ft3stamp, ousrdata, ousrhora, usrdata,usrhora,ousrinis,usrinis,taxpointdt ) values ('aut677798030867779d2cd1' ,getdate(),convert(char(8),convert (time,getdate())),getdate(),convert(char(8),convert (time,getdate())),'wsv','wsv',?)
20250103@081748.9421 42cjd2b0k0ckhjeang245c5o0n Query : select 1 valor from information_schema.tables where table_type='base table' and table_name='wstablefields'
20250103@081748.9453 42cjd2b0k0ckhjeang245c5o0n Query : select fieldkey,fieldname,fieldtype,calcformula from wstablefields where tablename = 'ft2' and documentnumber = 39
20250103@081748.9488 42cjd2b0k0ckhjeang245c5o0n Query : select top 1 bo.u_nomeenv valor from bo where bo.bostamp=''
20250103@081748.9577 42cjd2b0k0ckhjeang245c5o0n Query : select top 1 bo.u_moradaen valor from bo where bo.bostamp=''
20250103@081748.9640 42cjd2b0k0ckhjeang245c5o0n Query : select top 1 bo.u_codposen valor from bo where bo.bostamp=''
20250103@081748.9701 42cjd2b0k0ckhjeang245c5o0n Query : select top 1 bo.u_localenv valor from bo where bo.bostamp=''
20250103@081748.9772 42cjd2b0k0ckhjeang245c5o0n Query : select top 1 bo.trab5 valor from bo where bo.bostamp=''
20250103@081748.9833 42cjd2b0k0ckhjeang245c5o0n Query : select top 1 bo.serie valor from bo where bo.bostamp=''
20250103@081748.9902 42cjd2b0k0ckhjeang245c5o0n Query : insert into wsft2data (ft2stamp, ousrdata,ousrhora, usrdata,usrhora,ousrinis,usrinis,u_nomeenv ,u_moradaen ,u_codposen ,u_localenv ,u_coddest ,u_codby ) values ('aut677798030867779d2cd1',getdate(),convert(char(8),convert (time,getdate())),getdate(),convert(char(8),convert (time,getdate())),'wsv','wsv',?,?,?,?,?,?)
20250103@081749.5440 42cjd2b0k0ckhjeang245c5o0n Query : select top 1 fno valor from wsftdata order by fno desc
20250103@081749.6360 42cjd2b0k0ckhjeang245c5o0n Query : select 1 valor from information_schema.tables where table_type='base table' and table_name='wstablefields'
20250103@081749.6530 42cjd2b0k0ckhjeang245c5o0n Query : select fieldkey,fieldname,fieldtype,calcformula from wstablefields where tablename = 'ft' and documentnumber = 39
20250103@081749.6780 42cjd2b0k0ckhjeang245c5o0n Query : select 'normal' from dummy
20250103@081749.7290 42cjd2b0k0ckhjeang245c5o0n Query : insert into wsftdata (ftstamp, ousrdata,ousrhora, usrdata,usrhora,ousrinis,usrinis,fno,no,estab,fdata,ndoc,moeda,cambio,cambiofixo,ftano,site ,classe ) values ('aut677798030867779d2cd1',getdate(),convert(char(8),convert (time,getdate())),getdate(),convert(char(8),convert (time,getdate())),'wsv','wsv',2723,101621,0,'2025-01-03',39,'euro',0,0,2025 ,?,?)
20250103@081749.2598 42cjd2b0k0ckhjeang245c5o0n Query : use flama_phc
20250103@081749.2601 42cjd2b0k0ckhjeang245c5o0n Query : select st.usalote valor from st where st.ref = '328.9902.00.1'
20250103@081749.2722 42cjd2b0k0ckhjeang245c5o0n Query : select top 1 st.tabiva ,st.ivaincl ,st.stns ,st.uni2 ,st.familia ,isnull(tx.taxa, 0) txiva ,unidade ,usalote ,epcpond ,noserie ,conversao ,st.texteis from st left join taxasiva tx on st.tabiva = tx.codigo where st.ref = '328.9902.00.1'
20250103@081749.2863 42cjd2b0k0ckhjeang245c5o0n Query : select 1 valor from information_schema.tables where table_type='base table' and table_name='wstablefields'
20250103@081749.2879 42cjd2b0k0ckhjeang245c5o0n Query : select fieldkey,fieldname,fieldtype,mandatory from wstablefields where tablename = 'fi' and documentnumber = 39
20250103@081749.2906 42cjd2b0k0ckhjeang245c5o0n Query : select 1 valor from information_schema.tables where table_type='base table' and table_name='wstablefields'
20250103@081749.2920 42cjd2b0k0ckhjeang245c5o0n Query : select fieldkey,fieldname,fieldtype,mandatory from wstablefields where tablename = 'fi2' and documentnumber = 39
20250103@081749.2929 42cjd2b0k0ckhjeang245c5o0n Query : select top 1 convert(numeric(6,2),t.taxa) valor from taxasiva t where t.codigo='2'
20250103@081749.2972 42cjd2b0k0ckhjeang245c5o0n Query : select sestamp valor from se where ref ='328.9902.00.1' and lote = 'r2300777100a'
20250103@081749.3056 42cjd2b0k0ckhjeang245c5o0n Query : select 1 valor from information_schema.tables where table_type='base table' and table_name='wstablefields'
20250103@081749.3071 42cjd2b0k0ckhjeang245c5o0n Query : select fieldkey,fieldname,fieldtype,calcformula from wstablefields where tablename = 'fi2' and documentnumber = 39
20250103@081749.3098 42cjd2b0k0ckhjeang245c5o0n Query : insert into wsfi2data (fi2stamp,ftstamp ,ousrdata, ousrhora, usrdata,usrhora,ousrinis,usrinis) values ('aut677790481767779d2d4a','aut677798030867779d2cd1' ,getdate(),convert(char(8),convert (time,getdate())),getdate(),convert(char(8),convert (time,getdate())),'wsv','wsv')
20250103@081749.3167 42cjd2b0k0ckhjeang245c5o0n Query : select 1 valor from information_schema.tables where table_type='base table' and table_name='wstablefields'
20250103@081749.3185 42cjd2b0k0ckhjeang245c5o0n Query : select fieldkey,fieldname,fieldtype,calcformula from wstablefields where tablename = 'fi' and documentnumber = 39
20250103@081749.3220 42cjd2b0k0ckhjeang245c5o0n Query : insert into wsfidata (fistamp,ousrdata, ousrhora, usrdata,usrhora,ousrinis,usrinis ,qtt ,ftstamp ,epv,pvmoeda ,tabiva,iva,lordem ,ref, design ,lote,armazem) values ('aut677790481767779d2d4a',getdate(),convert(char(8),convert (time,getdate())),getdate(),convert(char(8),convert (time,getdate())),'wsv','wsv',1.000 ,'aut677798030867779d2cd1' ,0,0 ,2,23.00,10000,?,?,?,?)
20250103@081749.3616 42cjd2b0k0ckhjeang245c5o0n Query : select 1 valor from information_schema.tables where table_type='base table' and table_name='wstablefields'
20250103@081749.3632 42cjd2b0k0ckhjeang245c5o0n Query : select fieldkey,fieldname,fieldtype,mandatory from wstablefields where tablename = 'fi' and documentnumber = 39
20250103@081749.3705 42cjd2b0k0ckhjeang245c5o0n Query : select 1 valor from information_schema.tables where table_type='base table' and table_name='wstablefields'
20250103@081749.3720 42cjd2b0k0ckhjeang245c5o0n Query : select fieldkey,fieldname,fieldtype,mandatory from wstablefields where tablename = 'fi2' and documentnumber = 39
20250103@081749.3729 42cjd2b0k0ckhjeang245c5o0n Query : select top 1 convert(numeric(6,2),t.taxa) valor from taxasiva t where t.codigo='2'
20250103@081749.3741 42cjd2b0k0ckhjeang245c5o0n Query : select 1 valor from information_schema.tables where table_type='base table' and table_name='wstablefields'
20250103@081749.3755 42cjd2b0k0ckhjeang245c5o0n Query : select fieldkey,fieldname,fieldtype,calcformula from wstablefields where tablename = 'fi2' and documentnumber = 39
20250103@081749.3766 42cjd2b0k0ckhjeang245c5o0n Query : insert into wsfi2data (fi2stamp,ftstamp ,ousrdata, ousrhora, usrdata,usrhora,ousrinis,usrinis) values ('aut677795588267779d2d5b','aut677798030867779d2cd1' ,getdate(),convert(char(8),convert (time,getdate())),getdate(),convert(char(8),convert (time,getdate())),'wsv','wsv')
20250103@081749.3770 42cjd2b0k0ckhjeang245c5o0n Query : select 1 valor from information_schema.tables where table_type='base table' and table_name='wstablefields'
20250103@081749.3784 42cjd2b0k0ckhjeang245c5o0n Query : select fieldkey,fieldname,fieldtype,calcformula from wstablefields where tablename = 'fi' and documentnumber = 39
20250103@081749.3815 42cjd2b0k0ckhjeang245c5o0n Query : insert into wsfidata (fistamp,ousrdata, ousrhora, usrdata,usrhora,ousrinis,usrinis ,qtt ,ftstamp ,epv,pvmoeda ,tabiva,iva,lordem ,ref, design ,armazem) values ('aut677795588267779d2d5b',getdate(),convert(char(8),convert (time,getdate())),getdate(),convert(char(8),convert (time,getdate())),'wsv','wsv',0 ,'aut677798030867779d2cd1' ,0,0 ,2,23.00,20000,?,?,?)
20250103@081749.4097 42cjd2b0k0ckhjeang245c5o0n Query : insert into wsftcreationlog (initialftstamp,externalid,creationstatus,documenttypeid,idustamp) values ('aut677798030867779d2cd1','2500023','wait',39,'adm09112754980.682000002')
20250103@081749.4216 42cjd2b0k0ckhjeang245c5o0n Query : use flama_phc
20250103@081749.4219 42cjd2b0k0ckhjeang245c5o0n Query : update u_wsusers set rqsttoken =? where userid ='userls001'
20250103@081749.4249 42cjd2b0k0ckhjeang245c5o0n Query : select concat(rtrim(relative_path),ltrim(name_new)) as valor from uploadfiles where uploadfile_id='4279';
20250103@081749.4293 42cjd2b0k0ckhjeang245c5o0n Query : update uploadfiles set whenupdated=current_timestamp where uploadfile_id='4279';
20250103@081749.4345 42cjd2b0k0ckhjeang245c5o0n Query : select concat(rtrim(relative_path),ltrim(name_new)) as valor from uploadfiles where uploadfile_id='4279';
20250103@081749.4375 42cjd2b0k0ckhjeang245c5o0n Query : update uploadfiles set whenupdated=current_timestamp where uploadfile_id='4279';
20250103@081749.4936 77pma9psjm9pjaohts3rqgpbr3 Query : insert into uploadfiles ( name_original, name_new, option_type, relative_path, whencreated ) values ( ?, ?, ?, ?, getdate() )
20250103@081749.4948 77pma9psjm9pjaohts3rqgpbr3 Query : select uploadfile_id valor from uploadfiles where name_new = ? and option_type = ? 
20250103@081749.5017 77pma9psjm9pjaohts3rqgpbr3 Query : select concat(rtrim(relative_path),ltrim(name_new)) as valor from uploadfiles where uploadfile_id='4280';
20250103@081749.5083 77pma9psjm9pjaohts3rqgpbr3 Query : update uploadfiles set whenupdated=current_timestamp where uploadfile_id='4280';
20250103@081749.5147 77pma9psjm9pjaohts3rqgpbr3 Query : select concat(rtrim(relative_path),ltrim(name_new)) as valor from uploadfiles where uploadfile_id='4280';
20250103@081749.5180 77pma9psjm9pjaohts3rqgpbr3 Query : update uploadfiles set whenupdated=current_timestamp where uploadfile_id='4280';
20250103@081749.5238 77pma9psjm9pjaohts3rqgpbr3 Query : use flama_phc
20250103@081749.5241 77pma9psjm9pjaohts3rqgpbr3 Query : select top 1 secretkey valor from u_wsusers u where u.userid = ? and u.inactivo=0
20250103@081749.5303 77pma9psjm9pjaohts3rqgpbr3 Query : use flama_phc
20250103@081749.5311 77pma9psjm9pjaohts3rqgpbr3 Query : select no, estab,szadrsdesc from szadrs where u_coddest=4544
20250103@081749.5495 77pma9psjm9pjaohts3rqgpbr3 Query : select top 1 isnull(design,'') valor from st (nolock) left join stobs (nolock) on st.ref = stobs.ref where st.ref = '327.8261.00.1'
20250103@081749.5638 77pma9psjm9pjaohts3rqgpbr3 Query : use flama_phc
20250103@081749.5641 77pma9psjm9pjaohts3rqgpbr3 Query : select top 1 convert(date,fdata) valor from ft where ndoc = 39 and anulado= 0 and fno>0 order by fdata desc
20250103@081749.5672 77pma9psjm9pjaohts3rqgpbr3 Query : use flama_phc
20250103@081749.5676 77pma9psjm9pjaohts3rqgpbr3 Query : select top 1 1 valor from td where td.ndoc = 39
20250103@081749.5706 77pma9psjm9pjaohts3rqgpbr3 Query : use flama_phc
20250103@081749.5709 77pma9psjm9pjaohts3rqgpbr3 Query : select lower(descricao) descricao ,case when valor='s' then 1 else 0 end valor from para1 where descricao in ('st_lote','st_usalogifunc', 'st_grelha')
20250103@081749.5736 77pma9psjm9pjaohts3rqgpbr3 Query : select top 1 manternumero ,assinadoc issigned ,tiposaft ,assinaimp ,nmdos ,td.assinadoc ,'cl' origin ,lancasl stocks ,case when cmsl<50 and td.lancasl=1 then 1 else 0 end entrada ,case when cmsl>50 and td.lancasl=1 then 1 else 0 end saida ,temserie assets ,~semgre usegridfields from td inner join td2 on td.tdstamp=td2.td2stamp where td.ndoc = 1
20250103@081749.5771 77pma9psjm9pjaohts3rqgpbr3 Query : use flama_phc
20250103@081749.5774 77pma9psjm9pjaohts3rqgpbr3 Query : select top 1 ~inactivo valor from cl where no = '101621' and estab = 0 order by inactivo desc
20250103@081749.5803 77pma9psjm9pjaohts3rqgpbr3 Query : use flama_phc
20250103@081749.5805 77pma9psjm9pjaohts3rqgpbr3 Query : select top 1 tipodoc,regrd from td where ndoc = 39
20250103@081749.5833 77pma9psjm9pjaohts3rqgpbr3 Query : use flama_phc
20250103@081749.5836 77pma9psjm9pjaohts3rqgpbr3 Query : select szadrsstamp valor from szadrs where szadrsdesc='espaÇotrans,lda'
20250103@081749.5878 77pma9psjm9pjaohts3rqgpbr3 Query : use flama_phc
20250103@081749.5881 77pma9psjm9pjaohts3rqgpbr3 Query : select szadrsstamp valor from szadrs where szadrsdesc='jom covilhÃ'
20250103@081749.5954 77pma9psjm9pjaohts3rqgpbr3 Query : use flama_phc
20250103@081749.5960 77pma9psjm9pjaohts3rqgpbr3 Query : select 1 valor from td where ndoc = 39
20250103@081749.5973 77pma9psjm9pjaohts3rqgpbr3 Query : select top 1 manternumero, tiposaft, nmdos,td.assinadoc from td where td.ndoc = 39
20250103@081749.5987 77pma9psjm9pjaohts3rqgpbr3 Query : select 1 valor from information_schema.tables where table_type='base table' and table_name='wstablefields'
20250103@081749.6003 77pma9psjm9pjaohts3rqgpbr3 Query : select fieldkey,fieldname,fieldtype,mandatory from wstablefields where tablename = 'ft' and documentnumber = 39
20250103@081749.6022 77pma9psjm9pjaohts3rqgpbr3 Query : select 1 valor from information_schema.tables where table_type='base table' and table_name='wstablefields'
20250103@081749.6036 77pma9psjm9pjaohts3rqgpbr3 Query : select fieldkey,fieldname,fieldtype,mandatory from wstablefields where tablename = 'ft2' and documentnumber = 39
20250103@081749.6062 77pma9psjm9pjaohts3rqgpbr3 Query : select 1 valor from information_schema.tables where table_type='base table' and table_name='wstablefields'
20250103@081749.6076 77pma9psjm9pjaohts3rqgpbr3 Query : select fieldkey,fieldname,fieldtype,mandatory from wstablefields where tablename = 'ft3' and documentnumber = 39
20250103@081749.6087 77pma9psjm9pjaohts3rqgpbr3 Query : select top 1 ft.fno valor from ft ft where ft.ndoc = 39 and ftano=2025 order by fno desc
20250103@081749.6207 77pma9psjm9pjaohts3rqgpbr3 Query : select top 1 ft.fno valor from wsftdata ft where ft.ndoc = 39 and ftano=2025 order by fno desc
20250103@081749.6220 77pma9psjm9pjaohts3rqgpbr3 Query : select 1 valor from information_schema.tables where table_type='base table' and table_name='wstablefields'
20250103@081749.6235 77pma9psjm9pjaohts3rqgpbr3 Query : select fieldkey,fieldname,fieldtype,calcformula from wstablefields where tablename = 'ft3' and documentnumber = 39
20250103@081749.6250 77pma9psjm9pjaohts3rqgpbr3 Query : insert into wsft3data (ft3stamp, ousrdata, ousrhora, usrdata,usrhora,ousrinis,usrinis,taxpointdt ) values ('aut677790751167779d2d94' ,getdate(),convert(char(8),convert (time,getdate())),getdate(),convert(char(8),convert (time,getdate())),'wsv','wsv',?)
20250103@081749.6415 77pma9psjm9pjaohts3rqgpbr3 Query : select 1 valor from information_schema.tables where table_type='base table' and table_name='wstablefields'
20250103@081749.6432 77pma9psjm9pjaohts3rqgpbr3 Query : select fieldkey,fieldname,fieldtype,calcformula from wstablefields where tablename = 'ft2' and documentnumber = 39
20250103@081749.6464 77pma9psjm9pjaohts3rqgpbr3 Query : select top 1 bo.u_nomeenv valor from bo where bo.bostamp=''
20250103@081749.6476 77pma9psjm9pjaohts3rqgpbr3 Query : select top 1 bo.u_moradaen valor from bo where bo.bostamp=''
20250103@081749.6487 77pma9psjm9pjaohts3rqgpbr3 Query : select top 1 bo.u_codposen valor from bo where bo.bostamp=''
20250103@081749.6498 77pma9psjm9pjaohts3rqgpbr3 Query : select top 1 bo.u_localenv valor from bo where bo.bostamp=''
20250103@081749.6510 77pma9psjm9pjaohts3rqgpbr3 Query : select top 1 bo.trab5 valor from bo where bo.bostamp=''
20250103@081749.6521 77pma9psjm9pjaohts3rqgpbr3 Query : select top 1 bo.serie valor from bo where bo.bostamp=''
20250103@081749.6538 77pma9psjm9pjaohts3rqgpbr3 Query : insert into wsft2data (ft2stamp, ousrdata,ousrhora, usrdata,usrhora,ousrinis,usrinis,u_nomeenv ,u_moradaen ,u_codposen ,u_localenv ,u_coddest ,u_codby ) values ('aut677790751167779d2d94',getdate(),convert(char(8),convert (time,getdate())),getdate(),convert(char(8),convert (time,getdate())),'wsv','wsv',?,?,?,?,?,?)
20250103@081749.6772 77pma9psjm9pjaohts3rqgpbr3 Query : select top 1 fno valor from wsftdata order by fno desc
20250103@081749.6805 77pma9psjm9pjaohts3rqgpbr3 Query : select 1 valor from information_schema.tables where table_type='base table' and table_name='wstablefields'
20250103@081749.6821 77pma9psjm9pjaohts3rqgpbr3 Query : select fieldkey,fieldname,fieldtype,calcformula from wstablefields where tablename = 'ft' and documentnumber = 39
20250103@081749.6842 77pma9psjm9pjaohts3rqgpbr3 Query : select 'normal' from dummy
20250103@081749.6858 77pma9psjm9pjaohts3rqgpbr3 Query : insert into wsftdata (ftstamp, ousrdata,ousrhora, usrdata,usrhora,ousrinis,usrinis,fno,no,estab,fdata,ndoc,moeda,cambio,cambiofixo,ftano,site ,classe ) values ('aut677790751167779d2d94',getdate(),convert(char(8),convert (time,getdate())),getdate(),convert(char(8),convert (time,getdate())),'wsv','wsv',2724,101621,0,'2025-01-03',39,'euro',0,0,2025 ,?,?)
20250103@081749.7129 77pma9psjm9pjaohts3rqgpbr3 Query : use flama_phc
20250103@081749.7132 77pma9psjm9pjaohts3rqgpbr3 Query : select st.usalote valor from st where st.ref = '327.8261.00.1'
20250103@081749.7154 77pma9psjm9pjaohts3rqgpbr3 Query : select top 1 st.tabiva ,st.ivaincl ,st.stns ,st.uni2 ,st.familia ,isnull(tx.taxa, 0) txiva ,unidade ,usalote ,epcpond ,noserie ,conversao ,st.texteis from st left join taxasiva tx on st.tabiva = tx.codigo where st.ref = '327.8261.00.1'
20250103@081749.7290 77pma9psjm9pjaohts3rqgpbr3 Query : select 1 valor from information_schema.tables where table_type='base table' and table_name='wstablefields'
20250103@081749.7307 77pma9psjm9pjaohts3rqgpbr3 Query : select fieldkey,fieldname,fieldtype,mandatory from wstablefields where tablename = 'fi' and documentnumber = 39
20250103@081749.7333 77pma9psjm9pjaohts3rqgpbr3 Query : select 1 valor from information_schema.tables where table_type='base table' and table_name='wstablefields'
20250103@081749.7348 77pma9psjm9pjaohts3rqgpbr3 Query : select fieldkey,fieldname,fieldtype,mandatory from wstablefields where tablename = 'fi2' and documentnumber = 39
20250103@081749.7357 77pma9psjm9pjaohts3rqgpbr3 Query : select top 1 convert(numeric(6,2),t.taxa) valor from taxasiva t where t.codigo='2'
20250103@081749.7369 77pma9psjm9pjaohts3rqgpbr3 Query : select sestamp valor from se where ref ='327.8261.00.1' and lote = 'r2401098200a'
20250103@081749.7389 77pma9psjm9pjaohts3rqgpbr3 Query : select 1 valor from information_schema.tables where table_type='base table' and table_name='wstablefields'
20250103@081749.7403 77pma9psjm9pjaohts3rqgpbr3 Query : select fieldkey,fieldname,fieldtype,calcformula from wstablefields where tablename = 'fi2' and documentnumber = 39
20250103@081749.7415 77pma9psjm9pjaohts3rqgpbr3 Query : insert into wsfi2data (fi2stamp,ftstamp ,ousrdata, ousrhora, usrdata,usrhora,ousrinis,usrinis) values ('aut677797092567779d2db4','aut677790751167779d2d94' ,getdate(),convert(char(8),convert (time,getdate())),getdate(),convert(char(8),convert (time,getdate())),'wsv','wsv')
20250103@081749.7419 77pma9psjm9pjaohts3rqgpbr3 Query : select 1 valor from information_schema.tables where table_type='base table' and table_name='wstablefields'
20250103@081749.7433 77pma9psjm9pjaohts3rqgpbr3 Query : select fieldkey,fieldname,fieldtype,calcformula from wstablefields where tablename = 'fi' and documentnumber = 39
20250103@081749.7460 77pma9psjm9pjaohts3rqgpbr3 Query : insert into wsfidata (fistamp,ousrdata, ousrhora, usrdata,usrhora,ousrinis,usrinis ,qtt ,ftstamp ,epv,pvmoeda ,tabiva,iva,lordem ,ref, design ,lote,armazem) values ('aut677797092567779d2db4',getdate(),convert(char(8),convert (time,getdate())),getdate(),convert(char(8),convert (time,getdate())),'wsv','wsv',2.000 ,'aut677790751167779d2d94' ,0,0 ,2,23.00,10000,?,?,?,?)
20250103@081749.7765 77pma9psjm9pjaohts3rqgpbr3 Query : select 1 valor from information_schema.tables where table_type='base table' and table_name='wstablefields'
20250103@081749.7781 77pma9psjm9pjaohts3rqgpbr3 Query : select fieldkey,fieldname,fieldtype,mandatory from wstablefields where tablename = 'fi' and documentnumber = 39
20250103@081749.7806 77pma9psjm9pjaohts3rqgpbr3 Query : select 1 valor from information_schema.tables where table_type='base table' and table_name='wstablefields'
20250103@081749.7820 77pma9psjm9pjaohts3rqgpbr3 Query : select fieldkey,fieldname,fieldtype,mandatory from wstablefields where tablename = 'fi2' and documentnumber = 39
20250103@081749.7828 77pma9psjm9pjaohts3rqgpbr3 Query : select top 1 convert(numeric(6,2),t.taxa) valor from taxasiva t where t.codigo='2'
20250103@081749.7840 77pma9psjm9pjaohts3rqgpbr3 Query : select 1 valor from information_schema.tables where table_type='base table' and table_name='wstablefields'
20250103@081749.7854 77pma9psjm9pjaohts3rqgpbr3 Query : select fieldkey,fieldname,fieldtype,calcformula from wstablefields where tablename = 'fi2' and documentnumber = 39
20250103@081749.7866 77pma9psjm9pjaohts3rqgpbr3 Query : insert into wsfi2data (fi2stamp,ftstamp ,ousrdata, ousrhora, usrdata,usrhora,ousrinis,usrinis) values ('aut677796034867779d2dbf','aut677790751167779d2d94' ,getdate(),convert(char(8),convert (time,getdate())),getdate(),convert(char(8),convert (time,getdate())),'wsv','wsv')
20250103@081749.7870 77pma9psjm9pjaohts3rqgpbr3 Query : select 1 valor from information_schema.tables where table_type='base table' and table_name='wstablefields'
20250103@081749.7886 77pma9psjm9pjaohts3rqgpbr3 Query : select fieldkey,fieldname,fieldtype,calcformula from wstablefields where tablename = 'fi' and documentnumber = 39
20250103@081749.7914 77pma9psjm9pjaohts3rqgpbr3 Query : insert into wsfidata (fistamp,ousrdata, ousrhora, usrdata,usrhora,ousrinis,usrinis ,qtt ,ftstamp ,epv,pvmoeda ,tabiva,iva,lordem ,ref, design ,armazem) values ('aut677796034867779d2dbf',getdate(),convert(char(8),convert (time,getdate())),getdate(),convert(char(8),convert (time,getdate())),'wsv','wsv',0 ,'aut677790751167779d2d94' ,0,0 ,2,23.00,20000,?,?,?)
20250103@081749.8153 77pma9psjm9pjaohts3rqgpbr3 Query : insert into wsftcreationlog (initialftstamp,externalid,creationstatus,documenttypeid,idustamp) values ('aut677790751167779d2d94','2500021','wait',39,'adm09112754980.682000002')
20250103@081749.9459 77pma9psjm9pjaohts3rqgpbr3 Query : use flama_phc
20250103@081749.9464 77pma9psjm9pjaohts3rqgpbr3 Query : update u_wsusers set rqsttoken =? where userid ='userls001'
20250103@081749.9496 77pma9psjm9pjaohts3rqgpbr3 Query : select concat(rtrim(relative_path),ltrim(name_new)) as valor from uploadfiles where uploadfile_id='4280';
20250103@081749.9538 77pma9psjm9pjaohts3rqgpbr3 Query : update uploadfiles set whenupdated=current_timestamp where uploadfile_id='4280';
20250103@081749.9588 77pma9psjm9pjaohts3rqgpbr3 Query : select concat(rtrim(relative_path),ltrim(name_new)) as valor from uploadfiles where uploadfile_id='4280';
20250103@081749.9619 77pma9psjm9pjaohts3rqgpbr3 Query : update uploadfiles set whenupdated=current_timestamp where uploadfile_id='4280';
20250103@081908.4749 e0gbrirgcn52amvcsc36db9fi9 Query : use flama_phc
20250103@081908.4753 e0gbrirgcn52amvcsc36db9fi9 Query : select secretkey valor from u_wsusers u where u.userid = ? and u.username=? and u.password=? and u.inactivo=0
20250103@081908.4854 e0gbrirgcn52amvcsc36db9fi9 Query : use flama_phc
20250103@081908.4857 e0gbrirgcn52amvcsc36db9fi9 Query : update u_wsusers set rqsttoken =? where userid ='userls001'
20250103@083608.6147 m0anjs12u2ags6mfq1emgghcok Query : use flama_phc
20250103@083608.6151 m0anjs12u2ags6mfq1emgghcok Query : select secretkey valor from u_wsusers u where u.userid = ? and u.username=? and u.password=? and u.inactivo=0
20250103@083608.6239 m0anjs12u2ags6mfq1emgghcok Query : use flama_phc
20250103@083608.6242 m0anjs12u2ags6mfq1emgghcok Query : update u_wsusers set rqsttoken =? where userid ='userls001'
20250103@091908.2080 166kivn159d7jeq5j9gs03kal2 Query : use flama_phc
20250103@091908.2120 166kivn159d7jeq5j9gs03kal2 Query : select secretkey valor from u_wsusers u where u.userid = ? and u.username=? and u.password=? and u.inactivo=0
20250103@091908.2970 166kivn159d7jeq5j9gs03kal2 Query : use flama_phc
20250103@091908.3010 166kivn159d7jeq5j9gs03kal2 Query : update u_wsusers set rqsttoken =? where userid ='userls001'
20250103@093608.3653 ofq4c14jhi16868rhc9v74gces Query : use flama_phc
20250103@093608.3657 ofq4c14jhi16868rhc9v74gces Query : select secretkey valor from u_wsusers u where u.userid = ? and u.username=? and u.password=? and u.inactivo=0
20250103@093608.3874 ofq4c14jhi16868rhc9v74gces Query : use flama_phc
20250103@093608.3891 ofq4c14jhi16868rhc9v74gces Query : update u_wsusers set rqsttoken =? where userid ='userls001'
20250103@101908.3933 o8l7avrdsqc3gf23t8knikl3fu Query : use flama_phc
20250103@101908.3938 o8l7avrdsqc3gf23t8knikl3fu Query : select secretkey valor from u_wsusers u where u.userid = ? and u.username=? and u.password=? and u.inactivo=0
20250103@101908.4028 o8l7avrdsqc3gf23t8knikl3fu Query : use flama_phc
20250103@101908.4030 o8l7avrdsqc3gf23t8knikl3fu Query : update u_wsusers set rqsttoken =? where userid ='userls001'
20250103@103608.3799 5967hp3vfo84tj8jj38hcqba0h Query : use flama_phc
20250103@103608.3803 5967hp3vfo84tj8jj38hcqba0h Query : select secretkey valor from u_wsusers u where u.userid = ? and u.username=? and u.password=? and u.inactivo=0
20250103@103608.3900 5967hp3vfo84tj8jj38hcqba0h Query : use flama_phc
20250103@103608.3903 5967hp3vfo84tj8jj38hcqba0h Query : update u_wsusers set rqsttoken =? where userid ='userls001'
20250103@111908.6500 1v40483etq73dij5p9j0p5uc7l Query : use flama_phc
20250103@111908.6506 1v40483etq73dij5p9j0p5uc7l Query : select secretkey valor from u_wsusers u where u.userid = ? and u.username=? and u.password=? and u.inactivo=0
20250103@111908.7014 1v40483etq73dij5p9j0p5uc7l Query : use flama_phc
20250103@111908.7017 1v40483etq73dij5p9j0p5uc7l Query : update u_wsusers set rqsttoken =? where userid ='userls001'
20250103@113608.2768 31qc9hido1242me040t8past0f Query : use flama_phc
20250103@113608.2773 31qc9hido1242me040t8past0f Query : select secretkey valor from u_wsusers u where u.userid = ? and u.username=? and u.password=? and u.inactivo=0
20250103@113608.2874 31qc9hido1242me040t8past0f Query : use flama_phc
20250103@113608.2878 31qc9hido1242me040t8past0f Query : update u_wsusers set rqsttoken =? where userid ='userls001'
20250103@121010.2809 2errni7nnq21ha277h3uhrq70o Query : insert into uploadfiles ( name_original, name_new, option_type, relative_path, whencreated ) values ( ?, ?, ?, ?, getdate() )
20250103@121010.2830 2errni7nnq21ha277h3uhrq70o Query : select uploadfile_id valor from uploadfiles where name_new = ? and option_type = ? 
20250103@121010.2996 2errni7nnq21ha277h3uhrq70o Query : select concat(rtrim(relative_path),ltrim(name_new)) as valor from uploadfiles where uploadfile_id='4281';
20250103@121010.3073 2errni7nnq21ha277h3uhrq70o Query : update uploadfiles set whenupdated=current_timestamp where uploadfile_id='4281';
20250103@121010.3152 2errni7nnq21ha277h3uhrq70o Query : select concat(rtrim(relative_path),ltrim(name_new)) as valor from uploadfiles where uploadfile_id='4281';
20250103@121010.3214 2errni7nnq21ha277h3uhrq70o Query : update uploadfiles set whenupdated=current_timestamp where uploadfile_id='4281';
20250103@121010.3278 2errni7nnq21ha277h3uhrq70o Query : use flama_phc
20250103@121010.3282 2errni7nnq21ha277h3uhrq70o Query : select top 1 secretkey valor from u_wsusers u where u.userid = ? and u.inactivo=0
20250103@121010.3507 2errni7nnq21ha277h3uhrq70o Query : use flama_phc
20250103@121010.3511 2errni7nnq21ha277h3uhrq70o Query : select no, estab,szadrsdesc from szadrs where u_coddest=9159
20250103@121010.3614 2errni7nnq21ha277h3uhrq70o Query : select top 1 isnull(design,'') valor from st (nolock) left join stobs (nolock) on st.ref = stobs.ref where st.ref = '324.2362.00.1'
20250103@121010.3753 2errni7nnq21ha277h3uhrq70o Query : select top 1 bistamp valor from bi inner join bo on bo.bostamp=bi.bostamp where bo.ndos =250 and bo.boano =2000 and bo.obrano = 2500011 and bi.ref ='324.2362.00.1' and bi.lordem =1
20250103@121010.4147 2errni7nnq21ha277h3uhrq70o Query : select top 1 isnull(design,'') valor from st (nolock) left join stobs (nolock) on st.ref = stobs.ref where st.ref = '324.2330.00.1'
20250103@121010.4284 2errni7nnq21ha277h3uhrq70o Query : select top 1 bistamp valor from bi inner join bo on bo.bostamp=bi.bostamp where bo.ndos =250 and bo.boano =2000 and bo.obrano = 2500011 and bi.ref ='324.2330.00.1' and bi.lordem =2
20250103@121010.4634 2errni7nnq21ha277h3uhrq70o Query : select top 1 isnull(design,'') valor from st (nolock) left join stobs (nolock) on st.ref = stobs.ref where st.ref = '324.2335.00.1'
20250103@121010.4858 2errni7nnq21ha277h3uhrq70o Query : select top 1 bistamp valor from bi inner join bo on bo.bostamp=bi.bostamp where bo.ndos =250 and bo.boano =2000 and bo.obrano = 2500011 and bi.ref ='324.2335.00.1' and bi.lordem =3
20250103@121010.5236 2errni7nnq21ha277h3uhrq70o Query : select top 1 isnull(design,'') valor from st (nolock) left join stobs (nolock) on st.ref = stobs.ref where st.ref = '324.2335.00.1'
20250103@121010.5259 2errni7nnq21ha277h3uhrq70o Query : select top 1 bistamp valor from bi inner join bo on bo.bostamp=bi.bostamp where bo.ndos =250 and bo.boano =2000 and bo.obrano = 2500011 and bi.ref ='324.2335.00.1' and bi.lordem =3
20250103@121010.5298 2errni7nnq21ha277h3uhrq70o Query : use flama_phc
20250103@121010.5305 2errni7nnq21ha277h3uhrq70o Query : select top 1 convert(date,fdata) valor from ft where ndoc = 39 and anulado= 0 and fno>0 order by fdata desc
20250103@121010.5350 2errni7nnq21ha277h3uhrq70o Query : use flama_phc
20250103@121010.5354 2errni7nnq21ha277h3uhrq70o Query : select top 1 1 valor from td where td.ndoc = 39
20250103@121010.5391 2errni7nnq21ha277h3uhrq70o Query : use flama_phc
20250103@121010.5396 2errni7nnq21ha277h3uhrq70o Query : select lower(descricao) descricao ,case when valor='s' then 1 else 0 end valor from para1 where descricao in ('st_lote','st_usalogifunc', 'st_grelha')
20250103@121010.5450 2errni7nnq21ha277h3uhrq70o Query : select top 1 manternumero ,assinadoc issigned ,tiposaft ,assinaimp ,nmdos ,td.assinadoc ,'cl' origin ,lancasl stocks ,case when cmsl<50 and td.lancasl=1 then 1 else 0 end entrada ,case when cmsl>50 and td.lancasl=1 then 1 else 0 end saida ,temserie assets ,~semgre usegridfields from td inner join td2 on td.tdstamp=td2.td2stamp where td.ndoc = 1
20250103@121010.5514 2errni7nnq21ha277h3uhrq70o Query : use flama_phc
20250103@121010.5518 2errni7nnq21ha277h3uhrq70o Query : select top 1 ~inactivo valor from cl where no = '102943' and estab = 0 order by inactivo desc
20250103@121010.5654 2errni7nnq21ha277h3uhrq70o Query : use flama_phc
20250103@121010.5664 2errni7nnq21ha277h3uhrq70o Query : select top 1 tipodoc,regrd from td where ndoc = 39
20250103@121010.5700 2errni7nnq21ha277h3uhrq70o Query : use flama_phc
20250103@121010.5703 2errni7nnq21ha277h3uhrq70o Query : select szadrsstamp valor from szadrs where szadrsdesc='espaÇotrans,lda'
20250103@121010.5755 2errni7nnq21ha277h3uhrq70o Query : use flama_phc
20250103@121010.5759 2errni7nnq21ha277h3uhrq70o Query : select szadrsstamp valor from szadrs where szadrsdesc='pll-plataformalogistica lisboa norte'
20250103@121010.5826 2errni7nnq21ha277h3uhrq70o Query : use flama_phc
20250103@121010.5832 2errni7nnq21ha277h3uhrq70o Query : select 1 valor from td where ndoc = 39
20250103@121010.5851 2errni7nnq21ha277h3uhrq70o Query : select top 1 manternumero, tiposaft, nmdos,td.assinadoc from td where td.ndoc = 39
20250103@121010.5873 2errni7nnq21ha277h3uhrq70o Query : select 1 valor from information_schema.tables where table_type='base table' and table_name='wstablefields'
20250103@121010.5909 2errni7nnq21ha277h3uhrq70o Query : select fieldkey,fieldname,fieldtype,mandatory from wstablefields where tablename = 'ft' and documentnumber = 39
20250103@121010.5965 2errni7nnq21ha277h3uhrq70o Query : select 1 valor from information_schema.tables where table_type='base table' and table_name='wstablefields'
20250103@121010.6000 2errni7nnq21ha277h3uhrq70o Query : select fieldkey,fieldname,fieldtype,mandatory from wstablefields where tablename = 'ft2' and documentnumber = 39
20250103@121010.6040 2errni7nnq21ha277h3uhrq70o Query : select 1 valor from information_schema.tables where table_type='base table' and table_name='wstablefields'
20250103@121010.6058 2errni7nnq21ha277h3uhrq70o Query : select fieldkey,fieldname,fieldtype,mandatory from wstablefields where tablename = 'ft3' and documentnumber = 39
20250103@121010.6072 2errni7nnq21ha277h3uhrq70o Query : select top 1 ft.fno valor from ft ft where ft.ndoc = 39 and ftano=2025 order by fno desc
20250103@121010.6222 2errni7nnq21ha277h3uhrq70o Query : select top 1 ft.fno valor from wsftdata ft where ft.ndoc = 39 and ftano=2025 order by fno desc
20250103@121010.6246 2errni7nnq21ha277h3uhrq70o Query : select 1 valor from information_schema.tables where table_type='base table' and table_name='wstablefields'
20250103@121010.6278 2errni7nnq21ha277h3uhrq70o Query : select fieldkey,fieldname,fieldtype,calcformula from wstablefields where tablename = 'ft3' and documentnumber = 39
20250103@121010.6302 2errni7nnq21ha277h3uhrq70o Query : insert into wsft3data (ft3stamp, ousrdata, ousrhora, usrdata,usrhora,ousrinis,usrinis,taxpointdt ) values ('aut6777d412446777d3a294' ,getdate(),convert(char(8),convert (time,getdate())),getdate(),convert(char(8),convert (time,getdate())),'wsv','wsv',?)
20250103@121010.6496 2errni7nnq21ha277h3uhrq70o Query : select 1 valor from information_schema.tables where table_type='base table' and table_name='wstablefields'
20250103@121010.6529 2errni7nnq21ha277h3uhrq70o Query : select fieldkey,fieldname,fieldtype,calcformula from wstablefields where tablename = 'ft2' and documentnumber = 39
20250103@121010.6592 2errni7nnq21ha277h3uhrq70o Query : select top 1 bo.u_nomeenv valor from bo where bo.bostamp=''
20250103@121010.6605 2errni7nnq21ha277h3uhrq70o Query : select top 1 bo.u_moradaen valor from bo where bo.bostamp=''
20250103@121010.6627 2errni7nnq21ha277h3uhrq70o Query : select top 1 bo.u_codposen valor from bo where bo.bostamp=''
20250103@121010.6643 2errni7nnq21ha277h3uhrq70o Query : select top 1 bo.u_localenv valor from bo where bo.bostamp=''
20250103@121010.6661 2errni7nnq21ha277h3uhrq70o Query : select top 1 bo.trab5 valor from bo where bo.bostamp=''
20250103@121010.6675 2errni7nnq21ha277h3uhrq70o Query : select top 1 bo.serie valor from bo where bo.bostamp=''
20250103@121010.6689 2errni7nnq21ha277h3uhrq70o Query : insert into wsft2data (ft2stamp, ousrdata,ousrhora, usrdata,usrhora,ousrinis,usrinis,u_nomeenv ,u_moradaen ,u_codposen ,u_localenv ,u_coddest ,u_codby ) values ('aut6777d412446777d3a294',getdate(),convert(char(8),convert (time,getdate())),getdate(),convert(char(8),convert (time,getdate())),'wsv','wsv',?,?,?,?,?,?)
20250103@121010.8132 2errni7nnq21ha277h3uhrq70o Query : select top 1 fno valor from wsftdata order by fno desc
20250103@121010.8184 2errni7nnq21ha277h3uhrq70o Query : select 1 valor from information_schema.tables where table_type='base table' and table_name='wstablefields'
20250103@121010.8204 2errni7nnq21ha277h3uhrq70o Query : select fieldkey,fieldname,fieldtype,calcformula from wstablefields where tablename = 'ft' and documentnumber = 39
20250103@121010.8232 2errni7nnq21ha277h3uhrq70o Query : select 'normal' from dummy
20250103@121010.8252 2errni7nnq21ha277h3uhrq70o Query : insert into wsftdata (ftstamp, ousrdata,ousrhora, usrdata,usrhora,ousrinis,usrinis,fno,no,estab,fdata,ndoc,moeda,cambio,cambiofixo,ftano,site ,classe ) values ('aut6777d412446777d3a294',getdate(),convert(char(8),convert (time,getdate())),getdate(),convert(char(8),convert (time,getdate())),'wsv','wsv',2725,102943,0,'2025-01-03',39,'euro',0,0,2025 ,?,?)
20250103@121010.8621 2errni7nnq21ha277h3uhrq70o Query : use flama_phc
20250103@121010.8624 2errni7nnq21ha277h3uhrq70o Query : select st.usalote valor from st where st.ref = '324.2362.00.1'
20250103@121010.8666 2errni7nnq21ha277h3uhrq70o Query : select top 1 st.tabiva ,st.ivaincl ,st.stns ,st.uni2 ,st.familia ,isnull(tx.taxa, 0) txiva ,unidade ,usalote ,epcpond ,noserie ,conversao ,st.texteis from st left join taxasiva tx on st.tabiva = tx.codigo where st.ref = '324.2362.00.1'
20250103@121010.8831 2errni7nnq21ha277h3uhrq70o Query : select 1 valor from information_schema.tables where table_type='base table' and table_name='wstablefields'
20250103@121010.8858 2errni7nnq21ha277h3uhrq70o Query : select fieldkey,fieldname,fieldtype,mandatory from wstablefields where tablename = 'fi' and documentnumber = 39
20250103@121010.8891 2errni7nnq21ha277h3uhrq70o Query : select 1 valor from information_schema.tables where table_type='base table' and table_name='wstablefields'
20250103@121010.8917 2errni7nnq21ha277h3uhrq70o Query : select fieldkey,fieldname,fieldtype,mandatory from wstablefields where tablename = 'fi2' and documentnumber = 39
20250103@121010.8928 2errni7nnq21ha277h3uhrq70o Query : select top 1 convert(numeric(6,2),t.taxa) valor from taxasiva t where t.codigo='2'
20250103@121010.8943 2errni7nnq21ha277h3uhrq70o Query : select sestamp valor from se where ref ='324.2362.00.1' and lote = 'r2400498400a'
20250103@121010.8962 2errni7nnq21ha277h3uhrq70o Query : select 1 valor from information_schema.tables where table_type='base table' and table_name='wstablefields'
20250103@121010.8992 2errni7nnq21ha277h3uhrq70o Query : select fieldkey,fieldname,fieldtype,calcformula from wstablefields where tablename = 'fi2' and documentnumber = 39
20250103@121010.9007 2errni7nnq21ha277h3uhrq70o Query : insert into wsfi2data (fi2stamp,ftstamp ,ousrdata, ousrhora, usrdata,usrhora,ousrinis,usrinis) values ('aut6777d875026777d3a2da','aut6777d412446777d3a294' ,getdate(),convert(char(8),convert (time,getdate())),getdate(),convert(char(8),convert (time,getdate())),'wsv','wsv')
20250103@121010.9019 2errni7nnq21ha277h3uhrq70o Query : select 1 valor from information_schema.tables where table_type='base table' and table_name='wstablefields'
20250103@121010.9040 2errni7nnq21ha277h3uhrq70o Query : select fieldkey,fieldname,fieldtype,calcformula from wstablefields where tablename = 'fi' and documentnumber = 39
20250103@121010.9082 2errni7nnq21ha277h3uhrq70o Query : insert into wsfidata (fistamp,ousrdata, ousrhora, usrdata,usrhora,ousrinis,usrinis ,qtt ,ftstamp ,epv,pvmoeda ,tabiva,iva,lordem ,ref, design ,lote,armazem,bistamp ) values ('aut6777d875026777d3a2da',getdate(),convert(char(8),convert (time,getdate())),getdate(),convert(char(8),convert (time,getdate())),'wsv','wsv',22.000 ,'aut6777d412446777d3a294' ,0,0 ,2,23.00,10000,?,?,?,?,?)
20250103@121010.9434 2errni7nnq21ha277h3uhrq70o Query : use flama_phc
20250103@121010.9459 2errni7nnq21ha277h3uhrq70o Query : select st.usalote valor from st where st.ref = '324.2330.00.1'
20250103@121010.9796 2errni7nnq21ha277h3uhrq70o Query : select top 1 st.tabiva ,st.ivaincl ,st.stns ,st.uni2 ,st.familia ,isnull(tx.taxa, 0) txiva ,unidade ,usalote ,epcpond ,noserie ,conversao ,st.texteis from st left join taxasiva tx on st.tabiva = tx.codigo where st.ref = '324.2330.00.1'
20250103@121010.9951 2errni7nnq21ha277h3uhrq70o Query : select 1 valor from information_schema.tables where table_type='base table' and table_name='wstablefields'
20250103@121010.9975 2errni7nnq21ha277h3uhrq70o Query : select fieldkey,fieldname,fieldtype,mandatory from wstablefields where tablename = 'fi' and documentnumber = 39
20250103@121011.2200 2errni7nnq21ha277h3uhrq70o Query : select 1 valor from information_schema.tables where table_type='base table' and table_name='wstablefields'
20250103@121011.4200 2errni7nnq21ha277h3uhrq70o Query : select fieldkey,fieldname,fieldtype,mandatory from wstablefields where tablename = 'fi2' and documentnumber = 39
20250103@121011.5200 2errni7nnq21ha277h3uhrq70o Query : select top 1 convert(numeric(6,2),t.taxa) valor from taxasiva t where t.codigo='2'
20250103@121011.7500 2errni7nnq21ha277h3uhrq70o Query : select sestamp valor from se where ref ='324.2330.00.1' and lote = 'r2400469200a'
20250103@121011.9900 2errni7nnq21ha277h3uhrq70o Query : select 1 valor from information_schema.tables where table_type='base table' and table_name='wstablefields'
20250103@121011.1140 2errni7nnq21ha277h3uhrq70o Query : select fieldkey,fieldname,fieldtype,calcformula from wstablefields where tablename = 'fi2' and documentnumber = 39
20250103@121011.1280 2errni7nnq21ha277h3uhrq70o Query : insert into wsfi2data (fi2stamp,ftstamp ,ousrdata, ousrhora, usrdata,usrhora,ousrinis,usrinis) values ('aut6777d848836777d3a302','aut6777d412446777d3a294' ,getdate(),convert(char(8),convert (time,getdate())),getdate(),convert(char(8),convert (time,getdate())),'wsv','wsv')
20250103@121011.1340 2errni7nnq21ha277h3uhrq70o Query : select 1 valor from information_schema.tables where table_type='base table' and table_name='wstablefields'
20250103@121011.2060 2errni7nnq21ha277h3uhrq70o Query : select fieldkey,fieldname,fieldtype,calcformula from wstablefields where tablename = 'fi' and documentnumber = 39
20250103@121011.2400 2errni7nnq21ha277h3uhrq70o Query : insert into wsfidata (fistamp,ousrdata, ousrhora, usrdata,usrhora,ousrinis,usrinis ,qtt ,ftstamp ,epv,pvmoeda ,tabiva,iva,lordem ,ref, design ,lote,armazem,bistamp ) values ('aut6777d848836777d3a302',getdate(),convert(char(8),convert (time,getdate())),getdate(),convert(char(8),convert (time,getdate())),'wsv','wsv',24.000 ,'aut6777d412446777d3a294' ,0,0 ,2,23.00,20000,?,?,?,?,?)
20250103@121011.4900 2errni7nnq21ha277h3uhrq70o Query : use flama_phc
20250103@121011.4940 2errni7nnq21ha277h3uhrq70o Query : select st.usalote valor from st where st.ref = '324.2335.00.1'
20250103@121011.5190 2errni7nnq21ha277h3uhrq70o Query : select top 1 st.tabiva ,st.ivaincl ,st.stns ,st.uni2 ,st.familia ,isnull(tx.taxa, 0) txiva ,unidade ,usalote ,epcpond ,noserie ,conversao ,st.texteis from st left join taxasiva tx on st.tabiva = tx.codigo where st.ref = '324.2335.00.1'
20250103@121011.1012 2errni7nnq21ha277h3uhrq70o Query : select 1 valor from information_schema.tables where table_type='base table' and table_name='wstablefields'
20250103@121011.1134 2errni7nnq21ha277h3uhrq70o Query : select fieldkey,fieldname,fieldtype,mandatory from wstablefields where tablename = 'fi' and documentnumber = 39
20250103@121011.1166 2errni7nnq21ha277h3uhrq70o Query : select 1 valor from information_schema.tables where table_type='base table' and table_name='wstablefields'
20250103@121011.1187 2errni7nnq21ha277h3uhrq70o Query : select fieldkey,fieldname,fieldtype,mandatory from wstablefields where tablename = 'fi2' and documentnumber = 39
20250103@121011.1216 2errni7nnq21ha277h3uhrq70o Query : select top 1 convert(numeric(6,2),t.taxa) valor from taxasiva t where t.codigo='2'
20250103@121011.1255 2errni7nnq21ha277h3uhrq70o Query : select sestamp valor from se where ref ='324.2335.00.1' and lote = 'r2400468300a'
20250103@121011.1275 2errni7nnq21ha277h3uhrq70o Query : select 1 valor from information_schema.tables where table_type='base table' and table_name='wstablefields'
20250103@121011.1294 2errni7nnq21ha277h3uhrq70o Query : select fieldkey,fieldname,fieldtype,calcformula from wstablefields where tablename = 'fi2' and documentnumber = 39
20250103@121011.1325 2errni7nnq21ha277h3uhrq70o Query : insert into wsfi2data (fi2stamp,ftstamp ,ousrdata, ousrhora, usrdata,usrhora,ousrinis,usrinis) values ('aut6777d937326777d3a31f','aut6777d412446777d3a294' ,getdate(),convert(char(8),convert (time,getdate())),getdate(),convert(char(8),convert (time,getdate())),'wsv','wsv')
20250103@121011.1332 2errni7nnq21ha277h3uhrq70o Query : select 1 valor from information_schema.tables where table_type='base table' and table_name='wstablefields'
20250103@121011.1360 2errni7nnq21ha277h3uhrq70o Query : select fieldkey,fieldname,fieldtype,calcformula from wstablefields where tablename = 'fi' and documentnumber = 39
20250103@121011.1402 2errni7nnq21ha277h3uhrq70o Query : insert into wsfidata (fistamp,ousrdata, ousrhora, usrdata,usrhora,ousrinis,usrinis ,qtt ,ftstamp ,epv,pvmoeda ,tabiva,iva,lordem ,ref, design ,lote,armazem,bistamp ) values ('aut6777d937326777d3a31f',getdate(),convert(char(8),convert (time,getdate())),getdate(),convert(char(8),convert (time,getdate())),'wsv','wsv',20.000 ,'aut6777d412446777d3a294' ,0,0 ,2,23.00,30000,?,?,?,?,?)
20250103@121011.1879 2errni7nnq21ha277h3uhrq70o Query : use flama_phc
20250103@121011.1919 2errni7nnq21ha277h3uhrq70o Query : select st.usalote valor from st where st.ref = '324.2335.00.1'
20250103@121011.2137 2errni7nnq21ha277h3uhrq70o Query : select top 1 st.tabiva ,st.ivaincl ,st.stns ,st.uni2 ,st.familia ,isnull(tx.taxa, 0) txiva ,unidade ,usalote ,epcpond ,noserie ,conversao ,st.texteis from st left join taxasiva tx on st.tabiva = tx.codigo where st.ref = '324.2335.00.1'
20250103@121011.2155 2errni7nnq21ha277h3uhrq70o Query : select 1 valor from information_schema.tables where table_type='base table' and table_name='wstablefields'
20250103@121011.2176 2errni7nnq21ha277h3uhrq70o Query : select fieldkey,fieldname,fieldtype,mandatory from wstablefields where tablename = 'fi' and documentnumber = 39
20250103@121011.2223 2errni7nnq21ha277h3uhrq70o Query : select 1 valor from information_schema.tables where table_type='base table' and table_name='wstablefields'
20250103@121011.2242 2errni7nnq21ha277h3uhrq70o Query : select fieldkey,fieldname,fieldtype,mandatory from wstablefields where tablename = 'fi2' and documentnumber = 39
20250103@121011.2252 2errni7nnq21ha277h3uhrq70o Query : select top 1 convert(numeric(6,2),t.taxa) valor from taxasiva t where t.codigo='2'
20250103@121011.2272 2errni7nnq21ha277h3uhrq70o Query : select sestamp valor from se where ref ='324.2335.00.1' and lote = 'r2400468300a'
20250103@121011.2287 2errni7nnq21ha277h3uhrq70o Query : select 1 valor from information_schema.tables where table_type='base table' and table_name='wstablefields'
20250103@121011.2307 2errni7nnq21ha277h3uhrq70o Query : select fieldkey,fieldname,fieldtype,calcformula from wstablefields where tablename = 'fi2' and documentnumber = 39
20250103@121011.2323 2errni7nnq21ha277h3uhrq70o Query : insert into wsfi2data (fi2stamp,ftstamp ,ousrdata, ousrhora, usrdata,usrhora,ousrinis,usrinis) values ('aut6777d670026777d3a337','aut6777d412446777d3a294' ,getdate(),convert(char(8),convert (time,getdate())),getdate(),convert(char(8),convert (time,getdate())),'wsv','wsv')
20250103@121011.2329 2errni7nnq21ha277h3uhrq70o Query : select 1 valor from information_schema.tables where table_type='base table' and table_name='wstablefields'
20250103@121011.2351 2errni7nnq21ha277h3uhrq70o Query : select fieldkey,fieldname,fieldtype,calcformula from wstablefields where tablename = 'fi' and documentnumber = 39
20250103@121011.2391 2errni7nnq21ha277h3uhrq70o Query : insert into wsfidata (fistamp,ousrdata, ousrhora, usrdata,usrhora,ousrinis,usrinis ,qtt ,ftstamp ,epv,pvmoeda ,tabiva,iva,lordem ,ref, design ,lote,armazem,bistamp ) values ('aut6777d670026777d3a337',getdate(),convert(char(8),convert (time,getdate())),getdate(),convert(char(8),convert (time,getdate())),'wsv','wsv',20.000 ,'aut6777d412446777d3a294' ,0,0 ,2,23.00,40000,?,?,?,?,?)
20250103@121011.2706 2errni7nnq21ha277h3uhrq70o Query : insert into wsftcreationlog (initialftstamp,externalid,creationstatus,documenttypeid,idustamp) values ('aut6777d412446777d3a294','2500011','wait',39,'adm09112754980.682000002')
20250103@121011.3145 2errni7nnq21ha277h3uhrq70o Query : use flama_phc
20250103@121011.3150 2errni7nnq21ha277h3uhrq70o Query : update u_wsusers set rqsttoken =? where userid ='userls001'
20250103@121011.3184 2errni7nnq21ha277h3uhrq70o Query : select concat(rtrim(relative_path),ltrim(name_new)) as valor from uploadfiles where uploadfile_id='4281';
20250103@121011.3242 2errni7nnq21ha277h3uhrq70o Query : update uploadfiles set whenupdated=current_timestamp where uploadfile_id='4281';
20250103@121011.3304 2errni7nnq21ha277h3uhrq70o Query : select concat(rtrim(relative_path),ltrim(name_new)) as valor from uploadfiles where uploadfile_id='4281';
20250103@121011.3362 2errni7nnq21ha277h3uhrq70o Query : update uploadfiles set whenupdated=current_timestamp where uploadfile_id='4281';
20250103@121908.6398 266h9h657hfenvmqladok61uin Query : use flama_phc
20250103@121908.6403 266h9h657hfenvmqladok61uin Query : select secretkey valor from u_wsusers u where u.userid = ? and u.username=? and u.password=? and u.inactivo=0
20250103@121908.6503 266h9h657hfenvmqladok61uin Query : use flama_phc
20250103@121908.6506 266h9h657hfenvmqladok61uin Query : update u_wsusers set rqsttoken =? where userid ='userls001'
20250103@123608.4461 re79n16ljm6vpag5ip8d6bca7q Query : use flama_phc
20250103@123608.4473 re79n16ljm6vpag5ip8d6bca7q Query : select secretkey valor from u_wsusers u where u.userid = ? and u.username=? and u.password=? and u.inactivo=0
20250103@123608.4588 re79n16ljm6vpag5ip8d6bca7q Query : use flama_phc
20250103@123608.4595 re79n16ljm6vpag5ip8d6bca7q Query : update u_wsusers set rqsttoken =? where userid ='userls001'
20250103@131909.7697 fsaingufs4b7ete6tmmbesvr6h Query : use flama_phc
20250103@131909.7702 fsaingufs4b7ete6tmmbesvr6h Query : select secretkey valor from u_wsusers u where u.userid = ? and u.username=? and u.password=? and u.inactivo=0
20250103@131909.7785 fsaingufs4b7ete6tmmbesvr6h Query : use flama_phc
20250103@131909.7789 fsaingufs4b7ete6tmmbesvr6h Query : update u_wsusers set rqsttoken =? where userid ='userls001'
20250103@133609.4825 gpsaeocfvudlvupkumir383bfp Query : use flama_phc
20250103@133609.4831 gpsaeocfvudlvupkumir383bfp Query : select secretkey valor from u_wsusers u where u.userid = ? and u.username=? and u.password=? and u.inactivo=0
20250103@133609.4926 gpsaeocfvudlvupkumir383bfp Query : use flama_phc
20250103@133609.4930 gpsaeocfvudlvupkumir383bfp Query : update u_wsusers set rqsttoken =? where userid ='userls001'
20250103@135552.4877 5po2ugh00pa789bg0g3i1elruu Query : insert into uploadfiles ( name_original, name_new, option_type, relative_path, whencreated ) values ( ?, ?, ?, ?, getdate() )
20250103@135552.4890 5po2ugh00pa789bg0g3i1elruu Query : select uploadfile_id valor from uploadfiles where name_new = ? and option_type = ? 
20250103@135552.4959 5po2ugh00pa789bg0g3i1elruu Query : select concat(rtrim(relative_path),ltrim(name_new)) as valor from uploadfiles where uploadfile_id='4282';
20250103@135552.5021 5po2ugh00pa789bg0g3i1elruu Query : update uploadfiles set whenupdated=current_timestamp where uploadfile_id='4282';
20250103@135552.5098 5po2ugh00pa789bg0g3i1elruu Query : select concat(rtrim(relative_path),ltrim(name_new)) as valor from uploadfiles where uploadfile_id='4282';
20250103@135552.5132 5po2ugh00pa789bg0g3i1elruu Query : update uploadfiles set whenupdated=current_timestamp where uploadfile_id='4282';
20250103@135552.5201 5po2ugh00pa789bg0g3i1elruu Query : use flama_phc
20250103@135552.5205 5po2ugh00pa789bg0g3i1elruu Query : select top 1 secretkey valor from u_wsusers u where u.userid = ? and u.inactivo=0
20250103@135552.5270 5po2ugh00pa789bg0g3i1elruu Query : use flama_phc
20250103@135552.5274 5po2ugh00pa789bg0g3i1elruu Query : select no, estab,szadrsdesc from szadrs where u_coddest=2064
20250103@135552.5362 5po2ugh00pa789bg0g3i1elruu Query : select top 1 isnull(design,'') valor from st (nolock) left join stobs (nolock) on st.ref = stobs.ref where st.ref = '324.1608.00.1'
20250103@135552.5500 5po2ugh00pa789bg0g3i1elruu Query : select top 1 bistamp valor from bi inner join bo on bo.bostamp=bi.bostamp where bo.ndos =250 and bo.boano =2000 and bo.obrano = 2500006 and bi.ref ='324.1608.00.1' and bi.lordem =1
20250103@135552.5807 5po2ugh00pa789bg0g3i1elruu Query : select top 1 isnull(design,'') valor from st (nolock) left join stobs (nolock) on st.ref = stobs.ref where st.ref = '324.1676.00.1'
20250103@135552.5932 5po2ugh00pa789bg0g3i1elruu Query : select top 1 bistamp valor from bi inner join bo on bo.bostamp=bi.bostamp where bo.ndos =250 and bo.boano =2000 and bo.obrano = 2500006 and bi.ref ='324.1676.00.1' and bi.lordem =2
20250103@135552.6239 5po2ugh00pa789bg0g3i1elruu Query : select top 1 isnull(design,'') valor from st (nolock) left join stobs (nolock) on st.ref = stobs.ref where st.ref = '324.1676.00.1'
20250103@135552.6260 5po2ugh00pa789bg0g3i1elruu Query : select top 1 bistamp valor from bi inner join bo on bo.bostamp=bi.bostamp where bo.ndos =250 and bo.boano =2000 and bo.obrano = 2500006 and bi.ref ='324.1676.00.1' and bi.lordem =2
20250103@135552.6276 5po2ugh00pa789bg0g3i1elruu Query : select top 1 isnull(design,'') valor from st (nolock) left join stobs (nolock) on st.ref = stobs.ref where st.ref = '324.1684.00.1'
20250103@135552.6409 5po2ugh00pa789bg0g3i1elruu Query : select top 1 bistamp valor from bi inner join bo on bo.bostamp=bi.bostamp where bo.ndos =250 and bo.boano =2000 and bo.obrano = 2500006 and bi.ref ='324.1684.00.1' and bi.lordem =3
20250103@135552.6717 5po2ugh00pa789bg0g3i1elruu Query : select top 1 isnull(design,'') valor from st (nolock) left join stobs (nolock) on st.ref = stobs.ref where st.ref = '324.1685.00.1'
20250103@135552.6846 5po2ugh00pa789bg0g3i1elruu Query : select top 1 bistamp valor from bi inner join bo on bo.bostamp=bi.bostamp where bo.ndos =250 and bo.boano =2000 and bo.obrano = 2500006 and bi.ref ='324.1685.00.1' and bi.lordem =4
20250103@135552.8252 5po2ugh00pa789bg0g3i1elruu Query : select top 1 isnull(design,'') valor from st (nolock) left join stobs (nolock) on st.ref = stobs.ref where st.ref = '324.2330.00.1'
20250103@135552.8276 5po2ugh00pa789bg0g3i1elruu Query : select top 1 bistamp valor from bi inner join bo on bo.bostamp=bi.bostamp where bo.ndos =250 and bo.boano =2000 and bo.obrano = 2500006 and bi.ref ='324.2330.00.1' and bi.lordem =5
20250103@135552.8588 5po2ugh00pa789bg0g3i1elruu Query : select top 1 isnull(design,'') valor from st (nolock) left join stobs (nolock) on st.ref = stobs.ref where st.ref = '324.2330.00.1'
20250103@135552.8610 5po2ugh00pa789bg0g3i1elruu Query : select top 1 bistamp valor from bi inner join bo on bo.bostamp=bi.bostamp where bo.ndos =250 and bo.boano =2000 and bo.obrano = 2500006 and bi.ref ='324.2330.00.1' and bi.lordem =5
20250103@135552.8627 5po2ugh00pa789bg0g3i1elruu Query : select top 1 isnull(design,'') valor from st (nolock) left join stobs (nolock) on st.ref = stobs.ref where st.ref = '324.2335.00.1'
20250103@135552.8648 5po2ugh00pa789bg0g3i1elruu Query : select top 1 bistamp valor from bi inner join bo on bo.bostamp=bi.bostamp where bo.ndos =250 and bo.boano =2000 and bo.obrano = 2500006 and bi.ref ='324.2335.00.1' and bi.lordem =6
20250103@135552.8952 5po2ugh00pa789bg0g3i1elruu Query : select top 1 isnull(design,'') valor from st (nolock) left join stobs (nolock) on st.ref = stobs.ref where st.ref = '324.2340.00.1'
20250103@135552.9083 5po2ugh00pa789bg0g3i1elruu Query : select top 1 bistamp valor from bi inner join bo on bo.bostamp=bi.bostamp where bo.ndos =250 and bo.boano =2000 and bo.obrano = 2500006 and bi.ref ='324.2340.00.1' and bi.lordem =7
20250103@135552.9393 5po2ugh00pa789bg0g3i1elruu Query : select top 1 isnull(design,'') valor from st (nolock) left join stobs (nolock) on st.ref = stobs.ref where st.ref = '324.2340.00.1'
20250103@135552.9415 5po2ugh00pa789bg0g3i1elruu Query : select top 1 bistamp valor from bi inner join bo on bo.bostamp=bi.bostamp where bo.ndos =250 and bo.boano =2000 and bo.obrano = 2500006 and bi.ref ='324.2340.00.1' and bi.lordem =7
20250103@135552.9435 5po2ugh00pa789bg0g3i1elruu Query : select top 1 isnull(design,'') valor from st (nolock) left join stobs (nolock) on st.ref = stobs.ref where st.ref = '324.2362.00.1'
20250103@135552.9457 5po2ugh00pa789bg0g3i1elruu Query : select top 1 bistamp valor from bi inner join bo on bo.bostamp=bi.bostamp where bo.ndos =250 and bo.boano =2000 and bo.obrano = 2500006 and bi.ref ='324.2362.00.1' and bi.lordem =8
20250103@135552.9763 5po2ugh00pa789bg0g3i1elruu Query : select top 1 isnull(design,'') valor from st (nolock) left join stobs (nolock) on st.ref = stobs.ref where st.ref = '324.2362.00.1'
20250103@135552.9784 5po2ugh00pa789bg0g3i1elruu Query : select top 1 bistamp valor from bi inner join bo on bo.bostamp=bi.bostamp where bo.ndos =250 and bo.boano =2000 and bo.obrano = 2500006 and bi.ref ='324.2362.00.1' and bi.lordem =8
20250103@135552.9802 5po2ugh00pa789bg0g3i1elruu Query : select top 1 isnull(design,'') valor from st (nolock) left join stobs (nolock) on st.ref = stobs.ref where st.ref = '324.2366.00.1'
20250103@135552.9927 5po2ugh00pa789bg0g3i1elruu Query : select top 1 bistamp valor from bi inner join bo on bo.bostamp=bi.bostamp where bo.ndos =250 and bo.boano =2000 and bo.obrano = 2500006 and bi.ref ='324.2366.00.1' and bi.lordem =9
20250103@135553.2340 5po2ugh00pa789bg0g3i1elruu Query : select top 1 isnull(design,'') valor from st (nolock) left join stobs (nolock) on st.ref = stobs.ref where st.ref = '324.2366.00.1'
20250103@135553.2570 5po2ugh00pa789bg0g3i1elruu Query : select top 1 bistamp valor from bi inner join bo on bo.bostamp=bi.bostamp where bo.ndos =250 and bo.boano =2000 and bo.obrano = 2500006 and bi.ref ='324.2366.00.1' and bi.lordem =9
20250103@135553.2750 5po2ugh00pa789bg0g3i1elruu Query : select top 1 isnull(design,'') valor from st (nolock) left join stobs (nolock) on st.ref = stobs.ref where st.ref = '324.2388.00.1'
20250103@135553.4040 5po2ugh00pa789bg0g3i1elruu Query : select top 1 bistamp valor from bi inner join bo on bo.bostamp=bi.bostamp where bo.ndos =250 and bo.boano =2000 and bo.obrano = 2500006 and bi.ref ='324.2388.00.1' and bi.lordem =10
20250103@135553.7020 5po2ugh00pa789bg0g3i1elruu Query : select top 1 isnull(design,'') valor from st (nolock) left join stobs (nolock) on st.ref = stobs.ref where st.ref = '324.2388.00.1'
20250103@135553.7230 5po2ugh00pa789bg0g3i1elruu Query : select top 1 bistamp valor from bi inner join bo on bo.bostamp=bi.bostamp where bo.ndos =250 and bo.boano =2000 and bo.obrano = 2500006 and bi.ref ='324.2388.00.1' and bi.lordem =10
20250103@135553.7390 5po2ugh00pa789bg0g3i1elruu Query : select top 1 isnull(design,'') valor from st (nolock) left join stobs (nolock) on st.ref = stobs.ref where st.ref = '325.551.00.15'
20250103@135553.8620 5po2ugh00pa789bg0g3i1elruu Query : select top 1 bistamp valor from bi inner join bo on bo.bostamp=bi.bostamp where bo.ndos =250 and bo.boano =2000 and bo.obrano = 2500006 and bi.ref ='325.551.00.15' and bi.lordem =11
20250103@135553.1159 5po2ugh00pa789bg0g3i1elruu Query : select top 1 isnull(design,'') valor from st (nolock) left join stobs (nolock) on st.ref = stobs.ref where st.ref = '324.644.00.01'
20250103@135553.1275 5po2ugh00pa789bg0g3i1elruu Query : select top 1 bistamp valor from bi inner join bo on bo.bostamp=bi.bostamp where bo.ndos =250 and bo.boano =2000 and bo.obrano = 2500006 and bi.ref ='324.644.00.01' and bi.lordem =12
20250103@135553.1578 5po2ugh00pa789bg0g3i1elruu Query : select top 1 isnull(design,'') valor from st (nolock) left join stobs (nolock) on st.ref = stobs.ref where st.ref = '324.648.00.01'
20250103@135553.1704 5po2ugh00pa789bg0g3i1elruu Query : select top 1 bistamp valor from bi inner join bo on bo.bostamp=bi.bostamp where bo.ndos =250 and bo.boano =2000 and bo.obrano = 2500006 and bi.ref ='324.648.00.01' and bi.lordem =13
20250103@135553.2000 5po2ugh00pa789bg0g3i1elruu Query : select top 1 isnull(design,'') valor from st (nolock) left join stobs (nolock) on st.ref = stobs.ref where st.ref = '324.678.00.01'
20250103@135553.2117 5po2ugh00pa789bg0g3i1elruu Query : select top 1 bistamp valor from bi inner join bo on bo.bostamp=bi.bostamp where bo.ndos =250 and bo.boano =2000 and bo.obrano = 2500006 and bi.ref ='324.678.00.01' and bi.lordem =14
20250103@135553.2410 5po2ugh00pa789bg0g3i1elruu Query : select top 1 isnull(design,'') valor from st (nolock) left join stobs (nolock) on st.ref = stobs.ref where st.ref = '324.681.00.01'
20250103@135553.2554 5po2ugh00pa789bg0g3i1elruu Query : select top 1 bistamp valor from bi inner join bo on bo.bostamp=bi.bostamp where bo.ndos =250 and bo.boano =2000 and bo.obrano = 2500006 and bi.ref ='324.681.00.01' and bi.lordem =15
20250103@135553.2860 5po2ugh00pa789bg0g3i1elruu Query : select top 1 isnull(design,'') valor from st (nolock) left join stobs (nolock) on st.ref = stobs.ref where st.ref = '324.681.00.01'
20250103@135553.2880 5po2ugh00pa789bg0g3i1elruu Query : select top 1 bistamp valor from bi inner join bo on bo.bostamp=bi.bostamp where bo.ndos =250 and bo.boano =2000 and bo.obrano = 2500006 and bi.ref ='324.681.00.01' and bi.lordem =15
20250103@135553.2896 5po2ugh00pa789bg0g3i1elruu Query : select top 1 isnull(design,'') valor from st (nolock) left join stobs (nolock) on st.ref = stobs.ref where st.ref = '324.691.00.01'
20250103@135553.3050 5po2ugh00pa789bg0g3i1elruu Query : select top 1 bistamp valor from bi inner join bo on bo.bostamp=bi.bostamp where bo.ndos =250 and bo.boano =2000 and bo.obrano = 2500006 and bi.ref ='324.691.00.01' and bi.lordem =16
20250103@135553.4902 5po2ugh00pa789bg0g3i1elruu Query : select top 1 isnull(design,'') valor from st (nolock) left join stobs (nolock) on st.ref = stobs.ref where st.ref = '324.691.00.01'
20250103@135553.4925 5po2ugh00pa789bg0g3i1elruu Query : select top 1 bistamp valor from bi inner join bo on bo.bostamp=bi.bostamp where bo.ndos =250 and bo.boano =2000 and bo.obrano = 2500006 and bi.ref ='324.691.00.01' and bi.lordem =16
20250103@135553.4942 5po2ugh00pa789bg0g3i1elruu Query : select top 1 isnull(design,'') valor from st (nolock) left join stobs (nolock) on st.ref = stobs.ref where st.ref = '324.698.00.01'
20250103@135553.5081 5po2ugh00pa789bg0g3i1elruu Query : select top 1 bistamp valor from bi inner join bo on bo.bostamp=bi.bostamp where bo.ndos =250 and bo.boano =2000 and bo.obrano = 2500006 and bi.ref ='324.698.00.01' and bi.lordem =17
20250103@135553.5380 5po2ugh00pa789bg0g3i1elruu Query : select top 1 isnull(design,'') valor from st (nolock) left join stobs (nolock) on st.ref = stobs.ref where st.ref = '304.421.00.04'
20250103@135553.5508 5po2ugh00pa789bg0g3i1elruu Query : select top 1 bistamp valor from bi inner join bo on bo.bostamp=bi.bostamp where bo.ndos =250 and bo.boano =2000 and bo.obrano = 2500006 and bi.ref ='304.421.00.04' and bi.lordem =18
20250103@135553.5845 5po2ugh00pa789bg0g3i1elruu Query : select top 1 isnull(design,'') valor from st (nolock) left join stobs (nolock) on st.ref = stobs.ref where st.ref = '304.422.00.07'
