20250113@165923.2762 7le09pkig39vs5aj2eq3or7ck6 INICIO DE FICHEIRO DE LOG :: /var/www/webservices/logs/website.sql.log
20250113@165923.2761 7le09pkig39vs5aj2eq3or7ck6 Query : select 1 valor from information_schema.tables where table_type='base table' and table_name='wstablefields'
20250113@165923.2780 7le09pkig39vs5aj2eq3or7ck6 Query : select fieldkey,fieldname,fieldtype,mandatory from wstablefields where tablename = 'fi' and documentnumber = 39
20250113@165923.2809 7le09pkig39vs5aj2eq3or7ck6 Query : select 1 valor from information_schema.tables where table_type='base table' and table_name='wstablefields'
20250113@165923.2824 7le09pkig39vs5aj2eq3or7ck6 Query : select fieldkey,fieldname,fieldtype,mandatory from wstablefields where tablename = 'fi2' and documentnumber = 39
20250113@165923.2832 7le09pkig39vs5aj2eq3or7ck6 Query : select top 1 convert(numeric(6,2),t.taxa) valor from taxasiva t where t.codigo='2'
20250113@165923.2844 7le09pkig39vs5aj2eq3or7ck6 Query : select sestamp valor from se where ref ='324.2335.00.1' and lote = 'r2400468300a'
20250113@165923.2865 7le09pkig39vs5aj2eq3or7ck6 Query : select 1 valor from information_schema.tables where table_type='base table' and table_name='wstablefields'
20250113@165923.2880 7le09pkig39vs5aj2eq3or7ck6 Query : select fieldkey,fieldname,fieldtype,calcformula from wstablefields where tablename = 'fi2' and documentnumber = 39
20250113@165923.2891 7le09pkig39vs5aj2eq3or7ck6 Query : insert into wsfi2data (fi2stamp,ftstamp ,ousrdata, ousrhora, usrdata,usrhora,ousrinis,usrinis) values ('aut67854208796785466b45','aut67854736496785466a37' ,getdate(),convert(char(8),convert (time,getdate())),getdate(),convert(char(8),convert (time,getdate())),'wsv','wsv')
20250113@165923.2895 7le09pkig39vs5aj2eq3or7ck6 Query : select 1 valor from information_schema.tables where table_type='base table' and table_name='wstablefields'
20250113@165923.2909 7le09pkig39vs5aj2eq3or7ck6 Query : select fieldkey,fieldname,fieldtype,calcformula from wstablefields where tablename = 'fi' and documentnumber = 39
20250113@165923.2940 7le09pkig39vs5aj2eq3or7ck6 Query : insert into wsfidata (fistamp,ousrdata, ousrhora, usrdata,usrhora,ousrinis,usrinis ,qtt ,ftstamp ,epv,pvmoeda ,tabiva,iva,lordem ,ref, design ,lote,armazem,bistamp ) values ('aut67854208796785466b45',getdate(),convert(char(8),convert (time,getdate())),getdate(),convert(char(8),convert (time,getdate())),'wsv','wsv',4.000 ,'aut67854736496785466a37' ,0,0 ,2,23.00,190000,?,?,?,?,?)
20250113@165923.3206 7le09pkig39vs5aj2eq3or7ck6 Query : use flama_phc
20250113@165923.3210 7le09pkig39vs5aj2eq3or7ck6 Query : select st.usalote valor from st where st.ref = '324.2335.00.1'
20250113@165923.3230 7le09pkig39vs5aj2eq3or7ck6 Query : select top 1 st.tabiva ,st.ivaincl ,st.stns ,st.uni2 ,st.familia ,isnull(tx.taxa, 0) txiva ,unidade ,usalote ,epcpond ,noserie ,conversao ,st.texteis from st left join taxasiva tx on st.tabiva = tx.codigo where st.ref = '324.2335.00.1'
20250113@165923.3245 7le09pkig39vs5aj2eq3or7ck6 Query : select 1 valor from information_schema.tables where table_type='base table' and table_name='wstablefields'
20250113@165923.3262 7le09pkig39vs5aj2eq3or7ck6 Query : select fieldkey,fieldname,fieldtype,mandatory from wstablefields where tablename = 'fi' and documentnumber = 39
20250113@165923.3289 7le09pkig39vs5aj2eq3or7ck6 Query : select 1 valor from information_schema.tables where table_type='base table' and table_name='wstablefields'
20250113@165923.3304 7le09pkig39vs5aj2eq3or7ck6 Query : select fieldkey,fieldname,fieldtype,mandatory from wstablefields where tablename = 'fi2' and documentnumber = 39
20250113@165923.3313 7le09pkig39vs5aj2eq3or7ck6 Query : select top 1 convert(numeric(6,2),t.taxa) valor from taxasiva t where t.codigo='2'
20250113@165923.3325 7le09pkig39vs5aj2eq3or7ck6 Query : select sestamp valor from se where ref ='324.2335.00.1' and lote = 'r2400468300a'
20250113@165923.3339 7le09pkig39vs5aj2eq3or7ck6 Query : select 1 valor from information_schema.tables where table_type='base table' and table_name='wstablefields'
20250113@165923.3356 7le09pkig39vs5aj2eq3or7ck6 Query : select fieldkey,fieldname,fieldtype,calcformula from wstablefields where tablename = 'fi2' and documentnumber = 39
20250113@165923.3368 7le09pkig39vs5aj2eq3or7ck6 Query : insert into wsfi2data (fi2stamp,ftstamp ,ousrdata, ousrhora, usrdata,usrhora,ousrinis,usrinis) values ('aut67854037376785466b51','aut67854736496785466a37' ,getdate(),convert(char(8),convert (time,getdate())),getdate(),convert(char(8),convert (time,getdate())),'wsv','wsv')
20250113@165923.3373 7le09pkig39vs5aj2eq3or7ck6 Query : select 1 valor from information_schema.tables where table_type='base table' and table_name='wstablefields'
20250113@165923.3387 7le09pkig39vs5aj2eq3or7ck6 Query : select fieldkey,fieldname,fieldtype,calcformula from wstablefields where tablename = 'fi' and documentnumber = 39
20250113@165923.3415 7le09pkig39vs5aj2eq3or7ck6 Query : insert into wsfidata (fistamp,ousrdata, ousrhora, usrdata,usrhora,ousrinis,usrinis ,qtt ,ftstamp ,epv,pvmoeda ,tabiva,iva,lordem ,ref, design ,lote,armazem,bistamp ) values ('aut67854037376785466b51',getdate(),convert(char(8),convert (time,getdate())),getdate(),convert(char(8),convert (time,getdate())),'wsv','wsv',4.000 ,'aut67854736496785466a37' ,0,0 ,2,23.00,200000,?,?,?,?,?)
20250113@165923.3718 7le09pkig39vs5aj2eq3or7ck6 Query : use flama_phc
20250113@165923.3722 7le09pkig39vs5aj2eq3or7ck6 Query : select st.usalote valor from st where st.ref = '324.1321.00.1'
20250113@165923.3743 7le09pkig39vs5aj2eq3or7ck6 Query : select top 1 st.tabiva ,st.ivaincl ,st.stns ,st.uni2 ,st.familia ,isnull(tx.taxa, 0) txiva ,unidade ,usalote ,epcpond ,noserie ,conversao ,st.texteis from st left join taxasiva tx on st.tabiva = tx.codigo where st.ref = '324.1321.00.1'
20250113@165923.4096 7le09pkig39vs5aj2eq3or7ck6 Query : select 1 valor from information_schema.tables where table_type='base table' and table_name='wstablefields'
20250113@165923.4170 7le09pkig39vs5aj2eq3or7ck6 Query : select fieldkey,fieldname,fieldtype,mandatory from wstablefields where tablename = 'fi' and documentnumber = 39
20250113@165923.4198 7le09pkig39vs5aj2eq3or7ck6 Query : select 1 valor from information_schema.tables where table_type='base table' and table_name='wstablefields'
20250113@165923.4217 7le09pkig39vs5aj2eq3or7ck6 Query : select fieldkey,fieldname,fieldtype,mandatory from wstablefields where tablename = 'fi2' and documentnumber = 39
20250113@165923.4226 7le09pkig39vs5aj2eq3or7ck6 Query : select top 1 convert(numeric(6,2),t.taxa) valor from taxasiva t where t.codigo='2'
20250113@165923.4238 7le09pkig39vs5aj2eq3or7ck6 Query : select sestamp valor from se where ref ='324.1321.00.1' and lote = 'r2400496200a'
20250113@165923.4253 7le09pkig39vs5aj2eq3or7ck6 Query : select 1 valor from information_schema.tables where table_type='base table' and table_name='wstablefields'
20250113@165923.4267 7le09pkig39vs5aj2eq3or7ck6 Query : select fieldkey,fieldname,fieldtype,calcformula from wstablefields where tablename = 'fi2' and documentnumber = 39
20250113@165923.4279 7le09pkig39vs5aj2eq3or7ck6 Query : insert into wsfi2data (fi2stamp,ftstamp ,ousrdata, ousrhora, usrdata,usrhora,ousrinis,usrinis) values ('aut67854110856785466b67','aut67854736496785466a37' ,getdate(),convert(char(8),convert (time,getdate())),getdate(),convert(char(8),convert (time,getdate())),'wsv','wsv')
20250113@165923.4283 7le09pkig39vs5aj2eq3or7ck6 Query : select 1 valor from information_schema.tables where table_type='base table' and table_name='wstablefields'
20250113@165923.4298 7le09pkig39vs5aj2eq3or7ck6 Query : select fieldkey,fieldname,fieldtype,calcformula from wstablefields where tablename = 'fi' and documentnumber = 39
20250113@165923.4326 7le09pkig39vs5aj2eq3or7ck6 Query : insert into wsfidata (fistamp,ousrdata, ousrhora, usrdata,usrhora,ousrinis,usrinis ,qtt ,ftstamp ,epv,pvmoeda ,tabiva,iva,lordem ,ref, design ,lote,armazem,bistamp ) values ('aut67854110856785466b67',getdate(),convert(char(8),convert (time,getdate())),getdate(),convert(char(8),convert (time,getdate())),'wsv','wsv',9.000 ,'aut67854736496785466a37' ,0,0 ,2,23.00,210000,?,?,?,?,?)
20250113@165923.4800 7le09pkig39vs5aj2eq3or7ck6 Query : use flama_phc
20250113@165923.4829 7le09pkig39vs5aj2eq3or7ck6 Query : select st.usalote valor from st where st.ref = '324.1321.00.1'
20250113@165923.4850 7le09pkig39vs5aj2eq3or7ck6 Query : select top 1 st.tabiva ,st.ivaincl ,st.stns ,st.uni2 ,st.familia ,isnull(tx.taxa, 0) txiva ,unidade ,usalote ,epcpond ,noserie ,conversao ,st.texteis from st left join taxasiva tx on st.tabiva = tx.codigo where st.ref = '324.1321.00.1'
20250113@165923.4864 7le09pkig39vs5aj2eq3or7ck6 Query : select 1 valor from information_schema.tables where table_type='base table' and table_name='wstablefields'
20250113@165923.4881 7le09pkig39vs5aj2eq3or7ck6 Query : select fieldkey,fieldname,fieldtype,mandatory from wstablefields where tablename = 'fi' and documentnumber = 39
20250113@165923.4908 7le09pkig39vs5aj2eq3or7ck6 Query : select 1 valor from information_schema.tables where table_type='base table' and table_name='wstablefields'
20250113@165923.4922 7le09pkig39vs5aj2eq3or7ck6 Query : select fieldkey,fieldname,fieldtype,mandatory from wstablefields where tablename = 'fi2' and documentnumber = 39
20250113@165923.4931 7le09pkig39vs5aj2eq3or7ck6 Query : select top 1 convert(numeric(6,2),t.taxa) valor from taxasiva t where t.codigo='2'
20250113@165923.4943 7le09pkig39vs5aj2eq3or7ck6 Query : select sestamp valor from se where ref ='324.1321.00.1' and lote = 'r2400496200a'
20250113@165923.4956 7le09pkig39vs5aj2eq3or7ck6 Query : select 1 valor from information_schema.tables where table_type='base table' and table_name='wstablefields'
20250113@165923.4970 7le09pkig39vs5aj2eq3or7ck6 Query : select fieldkey,fieldname,fieldtype,calcformula from wstablefields where tablename = 'fi2' and documentnumber = 39
20250113@165923.4981 7le09pkig39vs5aj2eq3or7ck6 Query : insert into wsfi2data (fi2stamp,ftstamp ,ousrdata, ousrhora, usrdata,usrhora,ousrinis,usrinis) values ('aut67854054946785466b78','aut67854736496785466a37' ,getdate(),convert(char(8),convert (time,getdate())),getdate(),convert(char(8),convert (time,getdate())),'wsv','wsv')
20250113@165923.4986 7le09pkig39vs5aj2eq3or7ck6 Query : select 1 valor from information_schema.tables where table_type='base table' and table_name='wstablefields'
20250113@165923.5001 7le09pkig39vs5aj2eq3or7ck6 Query : select fieldkey,fieldname,fieldtype,calcformula from wstablefields where tablename = 'fi' and documentnumber = 39
20250113@165923.5030 7le09pkig39vs5aj2eq3or7ck6 Query : insert into wsfidata (fistamp,ousrdata, ousrhora, usrdata,usrhora,ousrinis,usrinis ,qtt ,ftstamp ,epv,pvmoeda ,tabiva,iva,lordem ,ref, design ,lote,armazem,bistamp ) values ('aut67854054946785466b78',getdate(),convert(char(8),convert (time,getdate())),getdate(),convert(char(8),convert (time,getdate())),'wsv','wsv',1.000 ,'aut67854736496785466a37' ,0,0 ,2,23.00,220000,?,?,?,?,?)
20250113@165923.5303 7le09pkig39vs5aj2eq3or7ck6 Query : use flama_phc
20250113@165923.5306 7le09pkig39vs5aj2eq3or7ck6 Query : select st.usalote valor from st where st.ref = '323.367.09.00'
20250113@165923.5339 7le09pkig39vs5aj2eq3or7ck6 Query : select top 1 st.tabiva ,st.ivaincl ,st.stns ,st.uni2 ,st.familia ,isnull(tx.taxa, 0) txiva ,unidade ,usalote ,epcpond ,noserie ,conversao ,st.texteis from st left join taxasiva tx on st.tabiva = tx.codigo where st.ref = '323.367.09.00'
20250113@165923.5354 7le09pkig39vs5aj2eq3or7ck6 Query : select 1 valor from information_schema.tables where table_type='base table' and table_name='wstablefields'
20250113@165923.5371 7le09pkig39vs5aj2eq3or7ck6 Query : select fieldkey,fieldname,fieldtype,mandatory from wstablefields where tablename = 'fi' and documentnumber = 39
20250113@165923.5398 7le09pkig39vs5aj2eq3or7ck6 Query : select 1 valor from information_schema.tables where table_type='base table' and table_name='wstablefields'
20250113@165923.5413 7le09pkig39vs5aj2eq3or7ck6 Query : select fieldkey,fieldname,fieldtype,mandatory from wstablefields where tablename = 'fi2' and documentnumber = 39
20250113@165923.5422 7le09pkig39vs5aj2eq3or7ck6 Query : select top 1 convert(numeric(6,2),t.taxa) valor from taxasiva t where t.codigo='2'
20250113@165923.5435 7le09pkig39vs5aj2eq3or7ck6 Query : select sestamp valor from se where ref ='323.367.09.00' and lote = 'r2400053200a'
20250113@165923.5456 7le09pkig39vs5aj2eq3or7ck6 Query : select 1 valor from information_schema.tables where table_type='base table' and table_name='wstablefields'
20250113@165923.5472 7le09pkig39vs5aj2eq3or7ck6 Query : select fieldkey,fieldname,fieldtype,calcformula from wstablefields where tablename = 'fi2' and documentnumber = 39
20250113@165923.5485 7le09pkig39vs5aj2eq3or7ck6 Query : insert into wsfi2data (fi2stamp,ftstamp ,ousrdata, ousrhora, usrdata,usrhora,ousrinis,usrinis) values ('aut67854702576785466b85','aut67854736496785466a37' ,getdate(),convert(char(8),convert (time,getdate())),getdate(),convert(char(8),convert (time,getdate())),'wsv','wsv')
20250113@165923.5490 7le09pkig39vs5aj2eq3or7ck6 Query : select 1 valor from information_schema.tables where table_type='base table' and table_name='wstablefields'
20250113@165923.5505 7le09pkig39vs5aj2eq3or7ck6 Query : select fieldkey,fieldname,fieldtype,calcformula from wstablefields where tablename = 'fi' and documentnumber = 39
20250113@165923.5534 7le09pkig39vs5aj2eq3or7ck6 Query : insert into wsfidata (fistamp,ousrdata, ousrhora, usrdata,usrhora,ousrinis,usrinis ,qtt ,ftstamp ,epv,pvmoeda ,tabiva,iva,lordem ,ref, design ,lote,armazem,bistamp ) values ('aut67854702576785466b85',getdate(),convert(char(8),convert (time,getdate())),getdate(),convert(char(8),convert (time,getdate())),'wsv','wsv',4.000 ,'aut67854736496785466a37' ,0,0 ,2,23.00,230000,?,?,?,?,?)
20250113@165923.5798 7le09pkig39vs5aj2eq3or7ck6 Query : insert into wsftcreationlog (initialftstamp,externalid,creationstatus,documenttypeid,idustamp) values ('aut67854736496785466a37','2500333','wait',39,'adm09112754980.682000002')
20250113@165923.5873 7le09pkig39vs5aj2eq3or7ck6 Query : use flama_phc
20250113@165923.5877 7le09pkig39vs5aj2eq3or7ck6 Query : update u_wsusers set rqsttoken =? where userid ='userls001'
20250113@165923.5909 7le09pkig39vs5aj2eq3or7ck6 Query : select concat(rtrim(relative_path),ltrim(name_new)) as valor from uploadfiles where uploadfile_id='4544';
20250113@165923.5956 7le09pkig39vs5aj2eq3or7ck6 Query : update uploadfiles set whenupdated=current_timestamp where uploadfile_id='4544';
20250113@165923.6014 7le09pkig39vs5aj2eq3or7ck6 Query : select concat(rtrim(relative_path),ltrim(name_new)) as valor from uploadfiles where uploadfile_id='4544';
20250113@165923.6048 7le09pkig39vs5aj2eq3or7ck6 Query : update uploadfiles set whenupdated=current_timestamp where uploadfile_id='4544';
20250113@165923.6694 op4agrgonj94rg0ht9tu11juhc Query : insert into uploadfiles ( name_original, name_new, option_type, relative_path, whencreated ) values ( ?, ?, ?, ?, getdate() )
20250113@165923.6741 op4agrgonj94rg0ht9tu11juhc Query : select uploadfile_id valor from uploadfiles where name_new = ? and option_type = ? 
20250113@165923.7994 op4agrgonj94rg0ht9tu11juhc Query : select concat(rtrim(relative_path),ltrim(name_new)) as valor from uploadfiles where uploadfile_id='4545';
20250113@165923.8071 op4agrgonj94rg0ht9tu11juhc Query : update uploadfiles set whenupdated=current_timestamp where uploadfile_id='4545';
20250113@165923.8162 op4agrgonj94rg0ht9tu11juhc Query : select concat(rtrim(relative_path),ltrim(name_new)) as valor from uploadfiles where uploadfile_id='4545';
20250113@165923.8216 op4agrgonj94rg0ht9tu11juhc Query : update uploadfiles set whenupdated=current_timestamp where uploadfile_id='4545';
20250113@165923.8295 op4agrgonj94rg0ht9tu11juhc Query : use flama_phc
20250113@165923.8299 op4agrgonj94rg0ht9tu11juhc Query : select top 1 secretkey valor from u_wsusers u where u.userid = ? and u.inactivo=0
20250113@165923.8590 op4agrgonj94rg0ht9tu11juhc Query : use flama_phc
20250113@165923.8606 op4agrgonj94rg0ht9tu11juhc Query : select no, estab,szadrsdesc from szadrs where u_coddest=8548
20250113@165923.8984 op4agrgonj94rg0ht9tu11juhc Query : select top 1 isnull(design,'') valor from st (nolock) left join stobs (nolock) on st.ref = stobs.ref where st.ref = '324.678.00.01'
20250113@165923.9085 op4agrgonj94rg0ht9tu11juhc Query : select top 1 bistamp valor from bi inner join bo on bo.bostamp=bi.bostamp where bo.ndos =250 and bo.boano =2003 and bo.obrano = 2500335 and bi.ref ='324.678.00.01' and bi.lordem =1
20250113@165924.9800 op4agrgonj94rg0ht9tu11juhc Query : use flama_phc
20250113@165924.1400 op4agrgonj94rg0ht9tu11juhc Query : select top 1 convert(date,fdata) valor from ft where ndoc = 39 and anulado= 0 and fno>0 order by fdata desc
20250113@165924.2210 op4agrgonj94rg0ht9tu11juhc Query : use flama_phc
20250113@165924.2280 op4agrgonj94rg0ht9tu11juhc Query : select top 1 1 valor from td where td.ndoc = 39
20250113@165924.6530 op4agrgonj94rg0ht9tu11juhc Query : use flama_phc
20250113@165924.7360 op4agrgonj94rg0ht9tu11juhc Query : select lower(descricao) descricao ,case when valor='s' then 1 else 0 end valor from para1 where descricao in ('st_lote','st_usalogifunc', 'st_grelha')
20250113@165924.9940 op4agrgonj94rg0ht9tu11juhc Query : select top 1 manternumero ,assinadoc issigned ,tiposaft ,assinaimp ,nmdos ,td.assinadoc ,'cl' origin ,lancasl stocks ,case when cmsl<50 and td.lancasl=1 then 1 else 0 end entrada ,case when cmsl>50 and td.lancasl=1 then 1 else 0 end saida ,temserie assets ,~semgre usegridfields from td inner join td2 on td.tdstamp=td2.td2stamp where td.ndoc = 1
20250113@165924.1030 op4agrgonj94rg0ht9tu11juhc Query : use flama_phc
20250113@165924.1038 op4agrgonj94rg0ht9tu11juhc Query : select top 1 ~inactivo valor from cl where no = '101621' and estab = 0 order by inactivo desc
20250113@165924.1071 op4agrgonj94rg0ht9tu11juhc Query : use flama_phc
20250113@165924.1075 op4agrgonj94rg0ht9tu11juhc Query : select top 1 tipodoc,regrd from td where ndoc = 39
20250113@165924.1107 op4agrgonj94rg0ht9tu11juhc Query : use flama_phc
20250113@165924.1110 op4agrgonj94rg0ht9tu11juhc Query : select szadrsstamp valor from szadrs where szadrsdesc='espaÇotrans,lda'
20250113@165924.1152 op4agrgonj94rg0ht9tu11juhc Query : use flama_phc
20250113@165924.1156 op4agrgonj94rg0ht9tu11juhc Query : select szadrsstamp valor from szadrs where szadrsdesc='jom- maia ( nova loja)'
20250113@165924.1205 op4agrgonj94rg0ht9tu11juhc Query : use flama_phc
20250113@165924.1207 op4agrgonj94rg0ht9tu11juhc Query : select 1 valor from td where ndoc = 39
20250113@165924.1220 op4agrgonj94rg0ht9tu11juhc Query : select top 1 manternumero, tiposaft, nmdos,td.assinadoc from td where td.ndoc = 39
20250113@165924.1236 op4agrgonj94rg0ht9tu11juhc Query : select 1 valor from information_schema.tables where table_type='base table' and table_name='wstablefields'
20250113@165924.1259 op4agrgonj94rg0ht9tu11juhc Query : select fieldkey,fieldname,fieldtype,mandatory from wstablefields where tablename = 'ft' and documentnumber = 39
20250113@165924.1286 op4agrgonj94rg0ht9tu11juhc Query : select 1 valor from information_schema.tables where table_type='base table' and table_name='wstablefields'
20250113@165924.1303 op4agrgonj94rg0ht9tu11juhc Query : select fieldkey,fieldname,fieldtype,mandatory from wstablefields where tablename = 'ft2' and documentnumber = 39
20250113@165924.1333 op4agrgonj94rg0ht9tu11juhc Query : select 1 valor from information_schema.tables where table_type='base table' and table_name='wstablefields'
20250113@165924.1351 op4agrgonj94rg0ht9tu11juhc Query : select fieldkey,fieldname,fieldtype,mandatory from wstablefields where tablename = 'ft3' and documentnumber = 39
20250113@165924.1365 op4agrgonj94rg0ht9tu11juhc Query : select top 1 ft.fno valor from ft ft where ft.ndoc = 39 and ftano=2025 order by fno desc
20250113@165924.1476 op4agrgonj94rg0ht9tu11juhc Query : select top 1 ft.fno valor from wsftdata ft where ft.ndoc = 39 and ftano=2025 order by fno desc
20250113@165924.1492 op4agrgonj94rg0ht9tu11juhc Query : select 1 valor from information_schema.tables where table_type='base table' and table_name='wstablefields'
20250113@165924.1510 op4agrgonj94rg0ht9tu11juhc Query : select fieldkey,fieldname,fieldtype,calcformula from wstablefields where tablename = 'ft3' and documentnumber = 39
20250113@165924.1526 op4agrgonj94rg0ht9tu11juhc Query : insert into wsft3data (ft3stamp, ousrdata, ousrhora, usrdata,usrhora,ousrinis,usrinis,taxpointdt ) values ('aut67854485956785466c21' ,getdate(),convert(char(8),convert (time,getdate())),getdate(),convert(char(8),convert (time,getdate())),'wsv','wsv',?)
20250113@165924.1711 op4agrgonj94rg0ht9tu11juhc Query : select 1 valor from information_schema.tables where table_type='base table' and table_name='wstablefields'
20250113@165924.1728 op4agrgonj94rg0ht9tu11juhc Query : select fieldkey,fieldname,fieldtype,calcformula from wstablefields where tablename = 'ft2' and documentnumber = 39
20250113@165924.1766 op4agrgonj94rg0ht9tu11juhc Query : select top 1 bo.u_nomeenv valor from bo where bo.bostamp=''
20250113@165924.1779 op4agrgonj94rg0ht9tu11juhc Query : select top 1 bo.u_moradaen valor from bo where bo.bostamp=''
20250113@165924.1805 op4agrgonj94rg0ht9tu11juhc Query : select top 1 bo.u_codposen valor from bo where bo.bostamp=''
20250113@165924.1819 op4agrgonj94rg0ht9tu11juhc Query : select top 1 bo.u_localenv valor from bo where bo.bostamp=''
20250113@165924.1832 op4agrgonj94rg0ht9tu11juhc Query : select top 1 bo.trab5 valor from bo where bo.bostamp=''
20250113@165924.1844 op4agrgonj94rg0ht9tu11juhc Query : select top 1 bo.serie valor from bo where bo.bostamp=''
20250113@165924.1860 op4agrgonj94rg0ht9tu11juhc Query : insert into wsft2data (ft2stamp, ousrdata,ousrhora, usrdata,usrhora,ousrinis,usrinis,u_nomeenv ,u_moradaen ,u_codposen ,u_localenv ,u_coddest ,u_codby ) values ('aut67854485956785466c21',getdate(),convert(char(8),convert (time,getdate())),getdate(),convert(char(8),convert (time,getdate())),'wsv','wsv',?,?,?,?,?,?)
20250113@165924.2113 op4agrgonj94rg0ht9tu11juhc Query : select top 1 fno valor from wsftdata order by fno desc
20250113@165924.2157 op4agrgonj94rg0ht9tu11juhc Query : select 1 valor from information_schema.tables where table_type='base table' and table_name='wstablefields'
20250113@165924.2176 op4agrgonj94rg0ht9tu11juhc Query : select fieldkey,fieldname,fieldtype,calcformula from wstablefields where tablename = 'ft' and documentnumber = 39
20250113@165924.2202 op4agrgonj94rg0ht9tu11juhc Query : select 'normal' from dummy
20250113@165924.2220 op4agrgonj94rg0ht9tu11juhc Query : insert into wsftdata (ftstamp, ousrdata,ousrhora, usrdata,usrhora,ousrinis,usrinis,fno,no,estab,fdata,ndoc,moeda,cambio,cambiofixo,ftano,site ,classe ) values ('aut67854485956785466c21',getdate(),convert(char(8),convert (time,getdate())),getdate(),convert(char(8),convert (time,getdate())),'wsv','wsv',2960,101621,0,'2025-01-13',39,'euro',0,0,2025 ,?,?)
20250113@165924.2504 op4agrgonj94rg0ht9tu11juhc Query : use flama_phc
20250113@165924.2507 op4agrgonj94rg0ht9tu11juhc Query : select st.usalote valor from st where st.ref = '324.678.00.01'
20250113@165924.2530 op4agrgonj94rg0ht9tu11juhc Query : select top 1 st.tabiva ,st.ivaincl ,st.stns ,st.uni2 ,st.familia ,isnull(tx.taxa, 0) txiva ,unidade ,usalote ,epcpond ,noserie ,conversao ,st.texteis from st left join taxasiva tx on st.tabiva = tx.codigo where st.ref = '324.678.00.01'
20250113@165924.2545 op4agrgonj94rg0ht9tu11juhc Query : select 1 valor from information_schema.tables where table_type='base table' and table_name='wstablefields'
20250113@165924.2563 op4agrgonj94rg0ht9tu11juhc Query : select fieldkey,fieldname,fieldtype,mandatory from wstablefields where tablename = 'fi' and documentnumber = 39
20250113@165924.2593 op4agrgonj94rg0ht9tu11juhc Query : select 1 valor from information_schema.tables where table_type='base table' and table_name='wstablefields'
20250113@165924.2608 op4agrgonj94rg0ht9tu11juhc Query : select fieldkey,fieldname,fieldtype,mandatory from wstablefields where tablename = 'fi2' and documentnumber = 39
20250113@165924.2618 op4agrgonj94rg0ht9tu11juhc Query : select top 1 convert(numeric(6,2),t.taxa) valor from taxasiva t where t.codigo='2'
20250113@165924.2631 op4agrgonj94rg0ht9tu11juhc Query : select sestamp valor from se where ref ='324.678.00.01' and lote = 'r2400745200a'
20250113@165924.2646 op4agrgonj94rg0ht9tu11juhc Query : select 1 valor from information_schema.tables where table_type='base table' and table_name='wstablefields'
20250113@165924.2663 op4agrgonj94rg0ht9tu11juhc Query : select fieldkey,fieldname,fieldtype,calcformula from wstablefields where tablename = 'fi2' and documentnumber = 39
20250113@165924.2676 op4agrgonj94rg0ht9tu11juhc Query : insert into wsfi2data (fi2stamp,ftstamp ,ousrdata, ousrhora, usrdata,usrhora,ousrinis,usrinis) values ('aut67854552326785466c40','aut67854485956785466c21' ,getdate(),convert(char(8),convert (time,getdate())),getdate(),convert(char(8),convert (time,getdate())),'wsv','wsv')
20250113@165924.2682 op4agrgonj94rg0ht9tu11juhc Query : select 1 valor from information_schema.tables where table_type='base table' and table_name='wstablefields'
20250113@165924.2698 op4agrgonj94rg0ht9tu11juhc Query : select fieldkey,fieldname,fieldtype,calcformula from wstablefields where tablename = 'fi' and documentnumber = 39
20250113@165924.2733 op4agrgonj94rg0ht9tu11juhc Query : insert into wsfidata (fistamp,ousrdata, ousrhora, usrdata,usrhora,ousrinis,usrinis ,qtt ,ftstamp ,epv,pvmoeda ,tabiva,iva,lordem ,ref, design ,lote,armazem,bistamp ) values ('aut67854552326785466c40',getdate(),convert(char(8),convert (time,getdate())),getdate(),convert(char(8),convert (time,getdate())),'wsv','wsv',1.000 ,'aut67854485956785466c21' ,0,0 ,2,23.00,10000,?,?,?,?,?)
20250113@165924.3018 op4agrgonj94rg0ht9tu11juhc Query : select 1 valor from information_schema.tables where table_type='base table' and table_name='wstablefields'
20250113@165924.3037 op4agrgonj94rg0ht9tu11juhc Query : select fieldkey,fieldname,fieldtype,mandatory from wstablefields where tablename = 'fi' and documentnumber = 39
20250113@165924.3067 op4agrgonj94rg0ht9tu11juhc Query : select 1 valor from information_schema.tables where table_type='base table' and table_name='wstablefields'
20250113@165924.3083 op4agrgonj94rg0ht9tu11juhc Query : select fieldkey,fieldname,fieldtype,mandatory from wstablefields where tablename = 'fi2' and documentnumber = 39
20250113@165924.3092 op4agrgonj94rg0ht9tu11juhc Query : select top 1 convert(numeric(6,2),t.taxa) valor from taxasiva t where t.codigo='2'
20250113@165924.3108 op4agrgonj94rg0ht9tu11juhc Query : select 1 valor from information_schema.tables where table_type='base table' and table_name='wstablefields'
20250113@165924.3123 op4agrgonj94rg0ht9tu11juhc Query : select fieldkey,fieldname,fieldtype,calcformula from wstablefields where tablename = 'fi2' and documentnumber = 39
20250113@165924.3136 op4agrgonj94rg0ht9tu11juhc Query : insert into wsfi2data (fi2stamp,ftstamp ,ousrdata, ousrhora, usrdata,usrhora,ousrinis,usrinis) values ('aut67854923376785466c4b','aut67854485956785466c21' ,getdate(),convert(char(8),convert (time,getdate())),getdate(),convert(char(8),convert (time,getdate())),'wsv','wsv')
20250113@165924.3141 op4agrgonj94rg0ht9tu11juhc Query : select 1 valor from information_schema.tables where table_type='base table' and table_name='wstablefields'
20250113@165924.3157 op4agrgonj94rg0ht9tu11juhc Query : select fieldkey,fieldname,fieldtype,calcformula from wstablefields where tablename = 'fi' and documentnumber = 39
20250113@165924.3190 op4agrgonj94rg0ht9tu11juhc Query : insert into wsfidata (fistamp,ousrdata, ousrhora, usrdata,usrhora,ousrinis,usrinis ,qtt ,ftstamp ,epv,pvmoeda ,tabiva,iva,lordem ,ref, design ,armazem) values ('aut67854923376785466c4b',getdate(),convert(char(8),convert (time,getdate())),getdate(),convert(char(8),convert (time,getdate())),'wsv','wsv',0 ,'aut67854485956785466c21' ,0,0 ,2,23.00,20000,?,?,?)
20250113@165924.3442 op4agrgonj94rg0ht9tu11juhc Query : insert into wsftcreationlog (initialftstamp,externalid,creationstatus,documenttypeid,idustamp) values ('aut67854485956785466c21','2500335','wait',39,'adm09112754980.682000002')
20250113@165924.3547 op4agrgonj94rg0ht9tu11juhc Query : use flama_phc
20250113@165924.3551 op4agrgonj94rg0ht9tu11juhc Query : update u_wsusers set rqsttoken =? where userid ='userls001'
20250113@165924.3588 op4agrgonj94rg0ht9tu11juhc Query : select concat(rtrim(relative_path),ltrim(name_new)) as valor from uploadfiles where uploadfile_id='4545';
20250113@165924.3635 op4agrgonj94rg0ht9tu11juhc Query : update uploadfiles set whenupdated=current_timestamp where uploadfile_id='4545';
20250113@165924.3695 op4agrgonj94rg0ht9tu11juhc Query : select concat(rtrim(relative_path),ltrim(name_new)) as valor from uploadfiles where uploadfile_id='4545';
20250113@165924.3731 op4agrgonj94rg0ht9tu11juhc Query : update uploadfiles set whenupdated=current_timestamp where uploadfile_id='4545';
20250113@165924.4272 ktilo9f7t6cv56e3frcbknepke Query : insert into uploadfiles ( name_original, name_new, option_type, relative_path, whencreated ) values ( ?, ?, ?, ?, getdate() )
20250113@165924.4285 ktilo9f7t6cv56e3frcbknepke Query : select uploadfile_id valor from uploadfiles where name_new = ? and option_type = ? 
20250113@165924.4365 ktilo9f7t6cv56e3frcbknepke Query : select concat(rtrim(relative_path),ltrim(name_new)) as valor from uploadfiles where uploadfile_id='4546';
20250113@165924.4437 ktilo9f7t6cv56e3frcbknepke Query : update uploadfiles set whenupdated=current_timestamp where uploadfile_id='4546';
20250113@165924.4506 ktilo9f7t6cv56e3frcbknepke Query : select concat(rtrim(relative_path),ltrim(name_new)) as valor from uploadfiles where uploadfile_id='4546';
20250113@165924.4542 ktilo9f7t6cv56e3frcbknepke Query : update uploadfiles set whenupdated=current_timestamp where uploadfile_id='4546';
20250113@165924.4828 ktilo9f7t6cv56e3frcbknepke Query : use flama_phc
20250113@165924.4833 ktilo9f7t6cv56e3frcbknepke Query : select top 1 secretkey valor from u_wsusers u where u.userid = ? and u.inactivo=0
20250113@165924.4898 ktilo9f7t6cv56e3frcbknepke Query : use flama_phc
20250113@165924.4902 ktilo9f7t6cv56e3frcbknepke Query : select no, estab,szadrsdesc from szadrs where u_coddest=7737
20250113@165924.4997 ktilo9f7t6cv56e3frcbknepke Query : select top 1 isnull(design,'') valor from st (nolock) left join stobs (nolock) on st.ref = stobs.ref where st.ref = '324.678.00.01'
20250113@165924.5018 ktilo9f7t6cv56e3frcbknepke Query : select top 1 bistamp valor from bi inner join bo on bo.bostamp=bi.bostamp where bo.ndos =250 and bo.boano =2003 and bo.obrano = 2500336 and bi.ref ='324.678.00.01' and bi.lordem =1
20250113@165924.5582 ktilo9f7t6cv56e3frcbknepke Query : select top 1 isnull(design,'') valor from st (nolock) left join stobs (nolock) on st.ref = stobs.ref where st.ref = '324.678.00.01'
20250113@165924.5606 ktilo9f7t6cv56e3frcbknepke Query : select top 1 bistamp valor from bi inner join bo on bo.bostamp=bi.bostamp where bo.ndos =250 and bo.boano =2003 and bo.obrano = 2500336 and bi.ref ='324.678.00.01' and bi.lordem =1
20250113@165924.5626 ktilo9f7t6cv56e3frcbknepke Query : use flama_phc
20250113@165924.5630 ktilo9f7t6cv56e3frcbknepke Query : select top 1 convert(date,fdata) valor from ft where ndoc = 39 and anulado= 0 and fno>0 order by fdata desc
20250113@165924.5665 ktilo9f7t6cv56e3frcbknepke Query : use flama_phc
20250113@165924.5668 ktilo9f7t6cv56e3frcbknepke Query : select top 1 1 valor from td where td.ndoc = 39
20250113@165924.5698 ktilo9f7t6cv56e3frcbknepke Query : use flama_phc
20250113@165924.5701 ktilo9f7t6cv56e3frcbknepke Query : select lower(descricao) descricao ,case when valor='s' then 1 else 0 end valor from para1 where descricao in ('st_lote','st_usalogifunc', 'st_grelha')
20250113@165924.5731 ktilo9f7t6cv56e3frcbknepke Query : select top 1 manternumero ,assinadoc issigned ,tiposaft ,assinaimp ,nmdos ,td.assinadoc ,'cl' origin ,lancasl stocks ,case when cmsl<50 and td.lancasl=1 then 1 else 0 end entrada ,case when cmsl>50 and td.lancasl=1 then 1 else 0 end saida ,temserie assets ,~semgre usegridfields from td inner join td2 on td.tdstamp=td2.td2stamp where td.ndoc = 1
20250113@165924.5768 ktilo9f7t6cv56e3frcbknepke Query : use flama_phc
20250113@165924.5771 ktilo9f7t6cv56e3frcbknepke Query : select top 1 ~inactivo valor from cl where no = '101621' and estab = 0 order by inactivo desc
20250113@165924.5802 ktilo9f7t6cv56e3frcbknepke Query : use flama_phc
20250113@165924.5805 ktilo9f7t6cv56e3frcbknepke Query : select top 1 tipodoc,regrd from td where ndoc = 39
20250113@165924.5837 ktilo9f7t6cv56e3frcbknepke Query : use flama_phc
20250113@165924.5841 ktilo9f7t6cv56e3frcbknepke Query : select szadrsstamp valor from szadrs where szadrsdesc='espaÇotrans,lda'
20250113@165924.5886 ktilo9f7t6cv56e3frcbknepke Query : use flama_phc
20250113@165924.5890 ktilo9f7t6cv56e3frcbknepke Query : select szadrsstamp valor from szadrs where szadrsdesc='j.o.m - loja da ponte'
20250113@165924.5941 ktilo9f7t6cv56e3frcbknepke Query : use flama_phc
20250113@165924.5945 ktilo9f7t6cv56e3frcbknepke Query : select 1 valor from td where ndoc = 39
20250113@165924.5960 ktilo9f7t6cv56e3frcbknepke Query : select top 1 manternumero, tiposaft, nmdos,td.assinadoc from td where td.ndoc = 39
20250113@165924.5976 ktilo9f7t6cv56e3frcbknepke Query : select 1 valor from information_schema.tables where table_type='base table' and table_name='wstablefields'
20250113@165924.5994 ktilo9f7t6cv56e3frcbknepke Query : select fieldkey,fieldname,fieldtype,mandatory from wstablefields where tablename = 'ft' and documentnumber = 39
20250113@165924.6018 ktilo9f7t6cv56e3frcbknepke Query : select 1 valor from information_schema.tables where table_type='base table' and table_name='wstablefields'
20250113@165924.6036 ktilo9f7t6cv56e3frcbknepke Query : select fieldkey,fieldname,fieldtype,mandatory from wstablefields where tablename = 'ft2' and documentnumber = 39
20250113@165924.6070 ktilo9f7t6cv56e3frcbknepke Query : select 1 valor from information_schema.tables where table_type='base table' and table_name='wstablefields'
20250113@165924.6088 ktilo9f7t6cv56e3frcbknepke Query : select fieldkey,fieldname,fieldtype,mandatory from wstablefields where tablename = 'ft3' and documentnumber = 39
20250113@165924.6107 ktilo9f7t6cv56e3frcbknepke Query : select top 1 ft.fno valor from ft ft where ft.ndoc = 39 and ftano=2025 order by fno desc
20250113@165924.6232 ktilo9f7t6cv56e3frcbknepke Query : select top 1 ft.fno valor from wsftdata ft where ft.ndoc = 39 and ftano=2025 order by fno desc
20250113@165924.6247 ktilo9f7t6cv56e3frcbknepke Query : select 1 valor from information_schema.tables where table_type='base table' and table_name='wstablefields'
20250113@165924.6267 ktilo9f7t6cv56e3frcbknepke Query : select fieldkey,fieldname,fieldtype,calcformula from wstablefields where tablename = 'ft3' and documentnumber = 39
20250113@165924.6285 ktilo9f7t6cv56e3frcbknepke Query : insert into wsft3data (ft3stamp, ousrdata, ousrhora, usrdata,usrhora,ousrinis,usrinis,taxpointdt ) values ('aut67854048486785466c95' ,getdate(),convert(char(8),convert (time,getdate())),getdate(),convert(char(8),convert (time,getdate())),'wsv','wsv',?)
20250113@165924.6514 ktilo9f7t6cv56e3frcbknepke Query : select 1 valor from information_schema.tables where table_type='base table' and table_name='wstablefields'
20250113@165924.6535 ktilo9f7t6cv56e3frcbknepke Query : select fieldkey,fieldname,fieldtype,calcformula from wstablefields where tablename = 'ft2' and documentnumber = 39
20250113@165924.6570 ktilo9f7t6cv56e3frcbknepke Query : select top 1 bo.u_nomeenv valor from bo where bo.bostamp=''
20250113@165924.6582 ktilo9f7t6cv56e3frcbknepke Query : select top 1 bo.u_moradaen valor from bo where bo.bostamp=''
20250113@165924.6594 ktilo9f7t6cv56e3frcbknepke Query : select top 1 bo.u_codposen valor from bo where bo.bostamp=''
20250113@165924.6609 ktilo9f7t6cv56e3frcbknepke Query : select top 1 bo.u_localenv valor from bo where bo.bostamp=''
20250113@165924.6623 ktilo9f7t6cv56e3frcbknepke Query : select top 1 bo.trab5 valor from bo where bo.bostamp=''
20250113@165924.6635 ktilo9f7t6cv56e3frcbknepke Query : select top 1 bo.serie valor from bo where bo.bostamp=''
20250113@165924.6648 ktilo9f7t6cv56e3frcbknepke Query : insert into wsft2data (ft2stamp, ousrdata,ousrhora, usrdata,usrhora,ousrinis,usrinis,u_nomeenv ,u_moradaen ,u_codposen ,u_localenv ,u_coddest ,u_codby ) values ('aut67854048486785466c95',getdate(),convert(char(8),convert (time,getdate())),getdate(),convert(char(8),convert (time,getdate())),'wsv','wsv',?,?,?,?,?,?)
20250113@165924.6926 ktilo9f7t6cv56e3frcbknepke Query : select top 1 fno valor from wsftdata order by fno desc
20250113@165924.6961 ktilo9f7t6cv56e3frcbknepke Query : select 1 valor from information_schema.tables where table_type='base table' and table_name='wstablefields'
20250113@165924.6983 ktilo9f7t6cv56e3frcbknepke Query : select fieldkey,fieldname,fieldtype,calcformula from wstablefields where tablename = 'ft' and documentnumber = 39
20250113@165924.7012 ktilo9f7t6cv56e3frcbknepke Query : select 'normal' from dummy
20250113@165924.7029 ktilo9f7t6cv56e3frcbknepke Query : insert into wsftdata (ftstamp, ousrdata,ousrhora, usrdata,usrhora,ousrinis,usrinis,fno,no,estab,fdata,ndoc,moeda,cambio,cambiofixo,ftano,site ,classe ) values ('aut67854048486785466c95',getdate(),convert(char(8),convert (time,getdate())),getdate(),convert(char(8),convert (time,getdate())),'wsv','wsv',2961,101621,0,'2025-01-13',39,'euro',0,0,2025 ,?,?)
20250113@165924.7326 ktilo9f7t6cv56e3frcbknepke Query : use flama_phc
20250113@165924.7330 ktilo9f7t6cv56e3frcbknepke Query : select st.usalote valor from st where st.ref = '324.678.00.01'
20250113@165924.7378 ktilo9f7t6cv56e3frcbknepke Query : select top 1 st.tabiva ,st.ivaincl ,st.stns ,st.uni2 ,st.familia ,isnull(tx.taxa, 0) txiva ,unidade ,usalote ,epcpond ,noserie ,conversao ,st.texteis from st left join taxasiva tx on st.tabiva = tx.codigo where st.ref = '324.678.00.01'
20250113@165924.7401 ktilo9f7t6cv56e3frcbknepke Query : select 1 valor from information_schema.tables where table_type='base table' and table_name='wstablefields'
20250113@165924.7432 ktilo9f7t6cv56e3frcbknepke Query : select fieldkey,fieldname,fieldtype,mandatory from wstablefields where tablename = 'fi' and documentnumber = 39
20250113@165924.7466 ktilo9f7t6cv56e3frcbknepke Query : select 1 valor from information_schema.tables where table_type='base table' and table_name='wstablefields'
20250113@165924.7482 ktilo9f7t6cv56e3frcbknepke Query : select fieldkey,fieldname,fieldtype,mandatory from wstablefields where tablename = 'fi2' and documentnumber = 39
20250113@165924.7491 ktilo9f7t6cv56e3frcbknepke Query : select top 1 convert(numeric(6,2),t.taxa) valor from taxasiva t where t.codigo='2'
20250113@165924.7507 ktilo9f7t6cv56e3frcbknepke Query : select sestamp valor from se where ref ='324.678.00.01' and lote = 'r2400745200a'
20250113@165924.7524 ktilo9f7t6cv56e3frcbknepke Query : select 1 valor from information_schema.tables where table_type='base table' and table_name='wstablefields'
20250113@165924.7543 ktilo9f7t6cv56e3frcbknepke Query : select fieldkey,fieldname,fieldtype,calcformula from wstablefields where tablename = 'fi2' and documentnumber = 39
20250113@165924.7558 ktilo9f7t6cv56e3frcbknepke Query : insert into wsfi2data (fi2stamp,ftstamp ,ousrdata, ousrhora, usrdata,usrhora,ousrinis,usrinis) values ('aut67854181376785466cb7','aut67854048486785466c95' ,getdate(),convert(char(8),convert (time,getdate())),getdate(),convert(char(8),convert (time,getdate())),'wsv','wsv')
20250113@165924.7563 ktilo9f7t6cv56e3frcbknepke Query : select 1 valor from information_schema.tables where table_type='base table' and table_name='wstablefields'
20250113@165924.7579 ktilo9f7t6cv56e3frcbknepke Query : select fieldkey,fieldname,fieldtype,calcformula from wstablefields where tablename = 'fi' and documentnumber = 39
20250113@165924.7640 ktilo9f7t6cv56e3frcbknepke Query : insert into wsfidata (fistamp,ousrdata, ousrhora, usrdata,usrhora,ousrinis,usrinis ,qtt ,ftstamp ,epv,pvmoeda ,tabiva,iva,lordem ,ref, design ,lote,armazem,bistamp ) values ('aut67854181376785466cb7',getdate(),convert(char(8),convert (time,getdate())),getdate(),convert(char(8),convert (time,getdate())),'wsv','wsv',1.000 ,'aut67854048486785466c95' ,0,0 ,2,23.00,10000,?,?,?,?,?)
20250113@165924.7955 ktilo9f7t6cv56e3frcbknepke Query : select 1 valor from information_schema.tables where table_type='base table' and table_name='wstablefields'
20250113@165924.7973 ktilo9f7t6cv56e3frcbknepke Query : select fieldkey,fieldname,fieldtype,mandatory from wstablefields where tablename = 'fi' and documentnumber = 39
20250113@165924.8001 ktilo9f7t6cv56e3frcbknepke Query : select 1 valor from information_schema.tables where table_type='base table' and table_name='wstablefields'
20250113@165924.8016 ktilo9f7t6cv56e3frcbknepke Query : select fieldkey,fieldname,fieldtype,mandatory from wstablefields where tablename = 'fi2' and documentnumber = 39
20250113@165924.8025 ktilo9f7t6cv56e3frcbknepke Query : select top 1 convert(numeric(6,2),t.taxa) valor from taxasiva t where t.codigo='2'
20250113@165924.8038 ktilo9f7t6cv56e3frcbknepke Query : select 1 valor from information_schema.tables where table_type='base table' and table_name='wstablefields'
20250113@165924.8057 ktilo9f7t6cv56e3frcbknepke Query : select fieldkey,fieldname,fieldtype,calcformula from wstablefields where tablename = 'fi2' and documentnumber = 39
20250113@165924.8070 ktilo9f7t6cv56e3frcbknepke Query : insert into wsfi2data (fi2stamp,ftstamp ,ousrdata, ousrhora, usrdata,usrhora,ousrinis,usrinis) values ('aut67854709116785466cc4','aut67854048486785466c95' ,getdate(),convert(char(8),convert (time,getdate())),getdate(),convert(char(8),convert (time,getdate())),'wsv','wsv')
20250113@165924.8075 ktilo9f7t6cv56e3frcbknepke Query : select 1 valor from information_schema.tables where table_type='base table' and table_name='wstablefields'
20250113@165924.8091 ktilo9f7t6cv56e3frcbknepke Query : select fieldkey,fieldname,fieldtype,calcformula from wstablefields where tablename = 'fi' and documentnumber = 39
20250113@165924.8120 ktilo9f7t6cv56e3frcbknepke Query : insert into wsfidata (fistamp,ousrdata, ousrhora, usrdata,usrhora,ousrinis,usrinis ,qtt ,ftstamp ,epv,pvmoeda ,tabiva,iva,lordem ,ref, design ,armazem) values ('aut67854709116785466cc4',getdate(),convert(char(8),convert (time,getdate())),getdate(),convert(char(8),convert (time,getdate())),'wsv','wsv',0 ,'aut67854048486785466c95' ,0,0 ,2,23.00,20000,?,?,?)
20250113@165924.8378 ktilo9f7t6cv56e3frcbknepke Query : use flama_phc
20250113@165924.8382 ktilo9f7t6cv56e3frcbknepke Query : select st.usalote valor from st where st.ref = '324.678.00.01'
20250113@165924.8401 ktilo9f7t6cv56e3frcbknepke Query : select top 1 st.tabiva ,st.ivaincl ,st.stns ,st.uni2 ,st.familia ,isnull(tx.taxa, 0) txiva ,unidade ,usalote ,epcpond ,noserie ,conversao ,st.texteis from st left join taxasiva tx on st.tabiva = tx.codigo where st.ref = '324.678.00.01'
20250113@165924.8417 ktilo9f7t6cv56e3frcbknepke Query : select 1 valor from information_schema.tables where table_type='base table' and table_name='wstablefields'
20250113@165924.8433 ktilo9f7t6cv56e3frcbknepke Query : select fieldkey,fieldname,fieldtype,mandatory from wstablefields where tablename = 'fi' and documentnumber = 39
20250113@165924.8460 ktilo9f7t6cv56e3frcbknepke Query : select 1 valor from information_schema.tables where table_type='base table' and table_name='wstablefields'
20250113@165924.8475 ktilo9f7t6cv56e3frcbknepke Query : select fieldkey,fieldname,fieldtype,mandatory from wstablefields where tablename = 'fi2' and documentnumber = 39
20250113@165924.8483 ktilo9f7t6cv56e3frcbknepke Query : select top 1 convert(numeric(6,2),t.taxa) valor from taxasiva t where t.codigo='2'
20250113@165924.8496 ktilo9f7t6cv56e3frcbknepke Query : select sestamp valor from se where ref ='324.678.00.01' and lote = 'r2400745200a'
20250113@165924.8509 ktilo9f7t6cv56e3frcbknepke Query : select 1 valor from information_schema.tables where table_type='base table' and table_name='wstablefields'
20250113@165924.8642 ktilo9f7t6cv56e3frcbknepke Query : select fieldkey,fieldname,fieldtype,calcformula from wstablefields where tablename = 'fi2' and documentnumber = 39
20250113@165924.8772 ktilo9f7t6cv56e3frcbknepke Query : insert into wsfi2data (fi2stamp,ftstamp ,ousrdata, ousrhora, usrdata,usrhora,ousrinis,usrinis) values ('aut67854288716785466ccf','aut67854048486785466c95' ,getdate(),convert(char(8),convert (time,getdate())),getdate(),convert(char(8),convert (time,getdate())),'wsv','wsv')
20250113@165924.8778 ktilo9f7t6cv56e3frcbknepke Query : select 1 valor from information_schema.tables where table_type='base table' and table_name='wstablefields'
20250113@165924.8796 ktilo9f7t6cv56e3frcbknepke Query : select fieldkey,fieldname,fieldtype,calcformula from wstablefields where tablename = 'fi' and documentnumber = 39
20250113@165924.8826 ktilo9f7t6cv56e3frcbknepke Query : insert into wsfidata (fistamp,ousrdata, ousrhora, usrdata,usrhora,ousrinis,usrinis ,qtt ,ftstamp ,epv,pvmoeda ,tabiva,iva,lordem ,ref, design ,lote,armazem,bistamp ) values ('aut67854288716785466ccf',getdate(),convert(char(8),convert (time,getdate())),getdate(),convert(char(8),convert (time,getdate())),'wsv','wsv',5.000 ,'aut67854048486785466c95' ,0,0 ,2,23.00,40000,?,?,?,?,?)
20250113@165924.9099 ktilo9f7t6cv56e3frcbknepke Query : select 1 valor from information_schema.tables where table_type='base table' and table_name='wstablefields'
20250113@165924.9116 ktilo9f7t6cv56e3frcbknepke Query : select fieldkey,fieldname,fieldtype,mandatory from wstablefields where tablename = 'fi' and documentnumber = 39
20250113@165924.9142 ktilo9f7t6cv56e3frcbknepke Query : select 1 valor from information_schema.tables where table_type='base table' and table_name='wstablefields'
20250113@165924.9158 ktilo9f7t6cv56e3frcbknepke Query : select fieldkey,fieldname,fieldtype,mandatory from wstablefields where tablename = 'fi2' and documentnumber = 39
20250113@165924.9167 ktilo9f7t6cv56e3frcbknepke Query : select top 1 convert(numeric(6,2),t.taxa) valor from taxasiva t where t.codigo='2'
20250113@165924.9179 ktilo9f7t6cv56e3frcbknepke Query : select 1 valor from information_schema.tables where table_type='base table' and table_name='wstablefields'
20250113@165924.9195 ktilo9f7t6cv56e3frcbknepke Query : select fieldkey,fieldname,fieldtype,calcformula from wstablefields where tablename = 'fi2' and documentnumber = 39
20250113@165924.9207 ktilo9f7t6cv56e3frcbknepke Query : insert into wsfi2data (fi2stamp,ftstamp ,ousrdata, ousrhora, usrdata,usrhora,ousrinis,usrinis) values ('aut67854009736785466ce0','aut67854048486785466c95' ,getdate(),convert(char(8),convert (time,getdate())),getdate(),convert(char(8),convert (time,getdate())),'wsv','wsv')
20250113@165924.9211 ktilo9f7t6cv56e3frcbknepke Query : select 1 valor from information_schema.tables where table_type='base table' and table_name='wstablefields'
20250113@165924.9226 ktilo9f7t6cv56e3frcbknepke Query : select fieldkey,fieldname,fieldtype,calcformula from wstablefields where tablename = 'fi' and documentnumber = 39
20250113@165924.9255 ktilo9f7t6cv56e3frcbknepke Query : insert into wsfidata (fistamp,ousrdata, ousrhora, usrdata,usrhora,ousrinis,usrinis ,qtt ,ftstamp ,epv,pvmoeda ,tabiva,iva,lordem ,ref, design ,armazem) values ('aut67854009736785466ce0',getdate(),convert(char(8),convert (time,getdate())),getdate(),convert(char(8),convert (time,getdate())),'wsv','wsv',0 ,'aut67854048486785466c95' ,0,0 ,2,23.00,50000,?,?,?)
20250113@165924.9506 ktilo9f7t6cv56e3frcbknepke Query : insert into wsftcreationlog (initialftstamp,externalid,creationstatus,documenttypeid,idustamp) values ('aut67854048486785466c95','2500336','wait',39,'adm09112754980.682000002')
20250113@165924.9762 ktilo9f7t6cv56e3frcbknepke Query : use flama_phc
20250113@165924.9795 ktilo9f7t6cv56e3frcbknepke Query : update u_wsusers set rqsttoken =? where userid ='userls001'
20250113@165924.9830 ktilo9f7t6cv56e3frcbknepke Query : select concat(rtrim(relative_path),ltrim(name_new)) as valor from uploadfiles where uploadfile_id='4546';
20250113@165924.9878 ktilo9f7t6cv56e3frcbknepke Query : update uploadfiles set whenupdated=current_timestamp where uploadfile_id='4546';
20250113@165924.9937 ktilo9f7t6cv56e3frcbknepke Query : select concat(rtrim(relative_path),ltrim(name_new)) as valor from uploadfiles where uploadfile_id='4546';
20250113@165924.9979 ktilo9f7t6cv56e3frcbknepke Query : update uploadfiles set whenupdated=current_timestamp where uploadfile_id='4546';
20250113@165925.5940 v38t9pnfbf1kb16f6utrap5ces Query : insert into uploadfiles ( name_original, name_new, option_type, relative_path, whencreated ) values ( ?, ?, ?, ?, getdate() )
20250113@165925.6100 v38t9pnfbf1kb16f6utrap5ces Query : select uploadfile_id valor from uploadfiles where name_new = ? and option_type = ? 
20250113@165925.7000 v38t9pnfbf1kb16f6utrap5ces Query : select concat(rtrim(relative_path),ltrim(name_new)) as valor from uploadfiles where uploadfile_id='4547';
20250113@165925.7860 v38t9pnfbf1kb16f6utrap5ces Query : update uploadfiles set whenupdated=current_timestamp where uploadfile_id='4547';
20250113@165925.8860 v38t9pnfbf1kb16f6utrap5ces Query : select concat(rtrim(relative_path),ltrim(name_new)) as valor from uploadfiles where uploadfile_id='4547';
20250113@165925.9320 v38t9pnfbf1kb16f6utrap5ces Query : update uploadfiles set whenupdated=current_timestamp where uploadfile_id='4547';
20250113@165925.1262 v38t9pnfbf1kb16f6utrap5ces Query : use flama_phc
20250113@165925.1268 v38t9pnfbf1kb16f6utrap5ces Query : select top 1 secretkey valor from u_wsusers u where u.userid = ? and u.inactivo=0
20250113@165925.2138 v38t9pnfbf1kb16f6utrap5ces Query : use flama_phc
20250113@165925.2143 v38t9pnfbf1kb16f6utrap5ces Query : select no, estab,szadrsdesc from szadrs where u_coddest=909
20250113@165925.2321 v38t9pnfbf1kb16f6utrap5ces Query : select top 1 isnull(design,'') valor from st (nolock) left join stobs (nolock) on st.ref = stobs.ref where st.ref = '324.678.00.01'
20250113@165925.2408 v38t9pnfbf1kb16f6utrap5ces Query : select top 1 bistamp valor from bi inner join bo on bo.bostamp=bi.bostamp where bo.ndos =250 and bo.boano =2003 and bo.obrano = 2500337 and bi.ref ='324.678.00.01' and bi.lordem =1
20250113@165925.2885 v38t9pnfbf1kb16f6utrap5ces Query : use flama_phc
20250113@165925.2891 v38t9pnfbf1kb16f6utrap5ces Query : select top 1 convert(date,fdata) valor from ft where ndoc = 39 and anulado= 0 and fno>0 order by fdata desc
20250113@165925.2976 v38t9pnfbf1kb16f6utrap5ces Query : use flama_phc
20250113@165925.2980 v38t9pnfbf1kb16f6utrap5ces Query : select top 1 1 valor from td where td.ndoc = 39
20250113@165925.3063 v38t9pnfbf1kb16f6utrap5ces Query : use flama_phc
20250113@165925.3068 v38t9pnfbf1kb16f6utrap5ces Query : select lower(descricao) descricao ,case when valor='s' then 1 else 0 end valor from para1 where descricao in ('st_lote','st_usalogifunc', 'st_grelha')
20250113@165925.3142 v38t9pnfbf1kb16f6utrap5ces Query : select top 1 manternumero ,assinadoc issigned ,tiposaft ,assinaimp ,nmdos ,td.assinadoc ,'cl' origin ,lancasl stocks ,case when cmsl<50 and td.lancasl=1 then 1 else 0 end entrada ,case when cmsl>50 and td.lancasl=1 then 1 else 0 end saida ,temserie assets ,~semgre usegridfields from td inner join td2 on td.tdstamp=td2.td2stamp where td.ndoc = 1
20250113@165925.3388 v38t9pnfbf1kb16f6utrap5ces Query : use flama_phc
20250113@165925.3397 v38t9pnfbf1kb16f6utrap5ces Query : select top 1 ~inactivo valor from cl where no = '101621' and estab = 0 order by inactivo desc
20250113@165925.4011 v38t9pnfbf1kb16f6utrap5ces Query : use flama_phc
20250113@165925.4018 v38t9pnfbf1kb16f6utrap5ces Query : select top 1 tipodoc,regrd from td where ndoc = 39
20250113@165925.4498 v38t9pnfbf1kb16f6utrap5ces Query : use flama_phc
20250113@165925.4504 v38t9pnfbf1kb16f6utrap5ces Query : select szadrsstamp valor from szadrs where szadrsdesc='espaÇotrans,lda'
20250113@165925.4939 v38t9pnfbf1kb16f6utrap5ces Query : use flama_phc
20250113@165925.4943 v38t9pnfbf1kb16f6utrap5ces Query : select szadrsstamp valor from szadrs where szadrsdesc='j.o.m.,lda - ovar'
20250113@165925.5673 v38t9pnfbf1kb16f6utrap5ces Query : use flama_phc
20250113@165925.5716 v38t9pnfbf1kb16f6utrap5ces Query : select 1 valor from td where ndoc = 39
20250113@165925.6129 v38t9pnfbf1kb16f6utrap5ces Query : select top 1 manternumero, tiposaft, nmdos,td.assinadoc from td where td.ndoc = 39
20250113@165925.6514 v38t9pnfbf1kb16f6utrap5ces Query : select 1 valor from information_schema.tables where table_type='base table' and table_name='wstablefields'
20250113@165925.6535 v38t9pnfbf1kb16f6utrap5ces Query : select fieldkey,fieldname,fieldtype,mandatory from wstablefields where tablename = 'ft' and documentnumber = 39
20250113@165925.6557 v38t9pnfbf1kb16f6utrap5ces Query : select 1 valor from information_schema.tables where table_type='base table' and table_name='wstablefields'
20250113@165925.6574 v38t9pnfbf1kb16f6utrap5ces Query : select fieldkey,fieldname,fieldtype,mandatory from wstablefields where tablename = 'ft2' and documentnumber = 39
20250113@165925.6605 v38t9pnfbf1kb16f6utrap5ces Query : select 1 valor from information_schema.tables where table_type='base table' and table_name='wstablefields'
20250113@165925.6620 v38t9pnfbf1kb16f6utrap5ces Query : select fieldkey,fieldname,fieldtype,mandatory from wstablefields where tablename = 'ft3' and documentnumber = 39
20250113@165925.6633 v38t9pnfbf1kb16f6utrap5ces Query : select top 1 ft.fno valor from ft ft where ft.ndoc = 39 and ftano=2025 order by fno desc
20250113@165925.6758 v38t9pnfbf1kb16f6utrap5ces Query : select top 1 ft.fno valor from wsftdata ft where ft.ndoc = 39 and ftano=2025 order by fno desc
20250113@165925.6772 v38t9pnfbf1kb16f6utrap5ces Query : select 1 valor from information_schema.tables where table_type='base table' and table_name='wstablefields'
20250113@165925.6791 v38t9pnfbf1kb16f6utrap5ces Query : select fieldkey,fieldname,fieldtype,calcformula from wstablefields where tablename = 'ft3' and documentnumber = 39
20250113@165925.6807 v38t9pnfbf1kb16f6utrap5ces Query : insert into wsft3data (ft3stamp, ousrdata, ousrhora, usrdata,usrhora,ousrinis,usrinis,taxpointdt ) values ('aut67854759366785466da1' ,getdate(),convert(char(8),convert (time,getdate())),getdate(),convert(char(8),convert (time,getdate())),'wsv','wsv',?)
20250113@165925.6999 v38t9pnfbf1kb16f6utrap5ces Query : select 1 valor from information_schema.tables where table_type='base table' and table_name='wstablefields'
20250113@165925.7019 v38t9pnfbf1kb16f6utrap5ces Query : select fieldkey,fieldname,fieldtype,calcformula from wstablefields where tablename = 'ft2' and documentnumber = 39
20250113@165925.7094 v38t9pnfbf1kb16f6utrap5ces Query : select top 1 bo.u_nomeenv valor from bo where bo.bostamp=''
20250113@165925.7304 v38t9pnfbf1kb16f6utrap5ces Query : select top 1 bo.u_moradaen valor from bo where bo.bostamp=''
20250113@165925.7320 v38t9pnfbf1kb16f6utrap5ces Query : select top 1 bo.u_codposen valor from bo where bo.bostamp=''
20250113@165925.7333 v38t9pnfbf1kb16f6utrap5ces Query : select top 1 bo.u_localenv valor from bo where bo.bostamp=''
20250113@165925.7345 v38t9pnfbf1kb16f6utrap5ces Query : select top 1 bo.trab5 valor from bo where bo.bostamp=''
20250113@165925.7357 v38t9pnfbf1kb16f6utrap5ces Query : select top 1 bo.serie valor from bo where bo.bostamp=''
20250113@165925.7373 v38t9pnfbf1kb16f6utrap5ces Query : insert into wsft2data (ft2stamp, ousrdata,ousrhora, usrdata,usrhora,ousrinis,usrinis,u_nomeenv ,u_moradaen ,u_codposen ,u_localenv ,u_coddest ,u_codby ) values ('aut67854759366785466da1',getdate(),convert(char(8),convert (time,getdate())),getdate(),convert(char(8),convert (time,getdate())),'wsv','wsv',?,?,?,?,?,?)
20250113@165925.7624 v38t9pnfbf1kb16f6utrap5ces Query : select top 1 fno valor from wsftdata order by fno desc
20250113@165925.7660 v38t9pnfbf1kb16f6utrap5ces Query : select 1 valor from information_schema.tables where table_type='base table' and table_name='wstablefields'
20250113@165925.7676 v38t9pnfbf1kb16f6utrap5ces Query : select fieldkey,fieldname,fieldtype,calcformula from wstablefields where tablename = 'ft' and documentnumber = 39
20250113@165925.7700 v38t9pnfbf1kb16f6utrap5ces Query : select 'normal' from dummy
20250113@165925.7717 v38t9pnfbf1kb16f6utrap5ces Query : insert into wsftdata (ftstamp, ousrdata,ousrhora, usrdata,usrhora,ousrinis,usrinis,fno,no,estab,fdata,ndoc,moeda,cambio,cambiofixo,ftano,site ,classe ) values ('aut67854759366785466da1',getdate(),convert(char(8),convert (time,getdate())),getdate(),convert(char(8),convert (time,getdate())),'wsv','wsv',2962,101621,0,'2025-01-13',39,'euro',0,0,2025 ,?,?)
20250113@165925.8013 v38t9pnfbf1kb16f6utrap5ces Query : use flama_phc
20250113@165925.8017 v38t9pnfbf1kb16f6utrap5ces Query : select st.usalote valor from st where st.ref = '324.678.00.01'
20250113@165925.8052 v38t9pnfbf1kb16f6utrap5ces Query : select top 1 st.tabiva ,st.ivaincl ,st.stns ,st.uni2 ,st.familia ,isnull(tx.taxa, 0) txiva ,unidade ,usalote ,epcpond ,noserie ,conversao ,st.texteis from st left join taxasiva tx on st.tabiva = tx.codigo where st.ref = '324.678.00.01'
20250113@165925.8065 v38t9pnfbf1kb16f6utrap5ces Query : select 1 valor from information_schema.tables where table_type='base table' and table_name='wstablefields'
20250113@165925.8081 v38t9pnfbf1kb16f6utrap5ces Query : select fieldkey,fieldname,fieldtype,mandatory from wstablefields where tablename = 'fi' and documentnumber = 39
20250113@165925.8107 v38t9pnfbf1kb16f6utrap5ces Query : select 1 valor from information_schema.tables where table_type='base table' and table_name='wstablefields'
20250113@165925.8121 v38t9pnfbf1kb16f6utrap5ces Query : select fieldkey,fieldname,fieldtype,mandatory from wstablefields where tablename = 'fi2' and documentnumber = 39
20250113@165925.8130 v38t9pnfbf1kb16f6utrap5ces Query : select top 1 convert(numeric(6,2),t.taxa) valor from taxasiva t where t.codigo='2'
20250113@165925.8142 v38t9pnfbf1kb16f6utrap5ces Query : select sestamp valor from se where ref ='324.678.00.01' and lote = 'r2400745200a'
20250113@165925.8154 v38t9pnfbf1kb16f6utrap5ces Query : select 1 valor from information_schema.tables where table_type='base table' and table_name='wstablefields'
20250113@165925.8169 v38t9pnfbf1kb16f6utrap5ces Query : select fieldkey,fieldname,fieldtype,calcformula from wstablefields where tablename = 'fi2' and documentnumber = 39
20250113@165925.8181 v38t9pnfbf1kb16f6utrap5ces Query : insert into wsfi2data (fi2stamp,ftstamp ,ousrdata, ousrhora, usrdata,usrhora,ousrinis,usrinis) values ('aut67854380866785466dc7','aut67854759366785466da1' ,getdate(),convert(char(8),convert (time,getdate())),getdate(),convert(char(8),convert (time,getdate())),'wsv','wsv')
20250113@165925.8186 v38t9pnfbf1kb16f6utrap5ces Query : select 1 valor from information_schema.tables where table_type='base table' and table_name='wstablefields'
20250113@165925.8201 v38t9pnfbf1kb16f6utrap5ces Query : select fieldkey,fieldname,fieldtype,calcformula from wstablefields where tablename = 'fi' and documentnumber = 39
20250113@165925.8230 v38t9pnfbf1kb16f6utrap5ces Query : insert into wsfidata (fistamp,ousrdata, ousrhora, usrdata,usrhora,ousrinis,usrinis ,qtt ,ftstamp ,epv,pvmoeda ,tabiva,iva,lordem ,ref, design ,lote,armazem,bistamp ) values ('aut67854380866785466dc7',getdate(),convert(char(8),convert (time,getdate())),getdate(),convert(char(8),convert (time,getdate())),'wsv','wsv',6.000 ,'aut67854759366785466da1' ,0,0 ,2,23.00,10000,?,?,?,?,?)
20250113@165925.8721 v38t9pnfbf1kb16f6utrap5ces Query : select 1 valor from information_schema.tables where table_type='base table' and table_name='wstablefields'
20250113@165925.8737 v38t9pnfbf1kb16f6utrap5ces Query : select fieldkey,fieldname,fieldtype,mandatory from wstablefields where tablename = 'fi' and documentnumber = 39
20250113@165925.8770 v38t9pnfbf1kb16f6utrap5ces Query : select 1 valor from information_schema.tables where table_type='base table' and table_name='wstablefields'
20250113@165925.8784 v38t9pnfbf1kb16f6utrap5ces Query : select fieldkey,fieldname,fieldtype,mandatory from wstablefields where tablename = 'fi2' and documentnumber = 39
20250113@165925.8793 v38t9pnfbf1kb16f6utrap5ces Query : select top 1 convert(numeric(6,2),t.taxa) valor from taxasiva t where t.codigo='2'
20250113@165925.8805 v38t9pnfbf1kb16f6utrap5ces Query : select 1 valor from information_schema.tables where table_type='base table' and table_name='wstablefields'
20250113@165925.8819 v38t9pnfbf1kb16f6utrap5ces Query : select fieldkey,fieldname,fieldtype,calcformula from wstablefields where tablename = 'fi2' and documentnumber = 39
20250113@165925.8830 v38t9pnfbf1kb16f6utrap5ces Query : insert into wsfi2data (fi2stamp,ftstamp ,ousrdata, ousrhora, usrdata,usrhora,ousrinis,usrinis) values ('aut67854448896785466dd6','aut67854759366785466da1' ,getdate(),convert(char(8),convert (time,getdate())),getdate(),convert(char(8),convert (time,getdate())),'wsv','wsv')
20250113@165925.8834 v38t9pnfbf1kb16f6utrap5ces Query : select 1 valor from information_schema.tables where table_type='base table' and table_name='wstablefields'
20250113@165925.8848 v38t9pnfbf1kb16f6utrap5ces Query : select fieldkey,fieldname,fieldtype,calcformula from wstablefields where tablename = 'fi' and documentnumber = 39
20250113@165925.8877 v38t9pnfbf1kb16f6utrap5ces Query : insert into wsfidata (fistamp,ousrdata, ousrhora, usrdata,usrhora,ousrinis,usrinis ,qtt ,ftstamp ,epv,pvmoeda ,tabiva,iva,lordem ,ref, design ,armazem) values ('aut67854448896785466dd6',getdate(),convert(char(8),convert (time,getdate())),getdate(),convert(char(8),convert (time,getdate())),'wsv','wsv',0 ,'aut67854759366785466da1' ,0,0 ,2,23.00,20000,?,?,?)
20250113@165925.9133 v38t9pnfbf1kb16f6utrap5ces Query : insert into wsftcreationlog (initialftstamp,externalid,creationstatus,documenttypeid,idustamp) values ('aut67854759366785466da1','2500337','wait',39,'adm09112754980.682000002')
20250113@165925.9208 v38t9pnfbf1kb16f6utrap5ces Query : use flama_phc
20250113@165925.9210 v38t9pnfbf1kb16f6utrap5ces Query : update u_wsusers set rqsttoken =? where userid ='userls001'
20250113@165925.9243 v38t9pnfbf1kb16f6utrap5ces Query : select concat(rtrim(relative_path),ltrim(name_new)) as valor from uploadfiles where uploadfile_id='4547';
20250113@165925.9286 v38t9pnfbf1kb16f6utrap5ces Query : update uploadfiles set whenupdated=current_timestamp where uploadfile_id='4547';
20250113@165925.9343 v38t9pnfbf1kb16f6utrap5ces Query : select concat(rtrim(relative_path),ltrim(name_new)) as valor from uploadfiles where uploadfile_id='4547';
20250113@165925.9377 v38t9pnfbf1kb16f6utrap5ces Query : update uploadfiles set whenupdated=current_timestamp where uploadfile_id='4547';
20250113@165925.9930 c9653880n8odadpmngu8fe8f8s Query : insert into uploadfiles ( name_original, name_new, option_type, relative_path, whencreated ) values ( ?, ?, ?, ?, getdate() )
20250113@165925.9941 c9653880n8odadpmngu8fe8f8s Query : select uploadfile_id valor from uploadfiles where name_new = ? and option_type = ? 
20250113@165926.1100 c9653880n8odadpmngu8fe8f8s Query : select concat(rtrim(relative_path),ltrim(name_new)) as valor from uploadfiles where uploadfile_id='4548';
20250113@165926.7900 c9653880n8odadpmngu8fe8f8s Query : update uploadfiles set whenupdated=current_timestamp where uploadfile_id='4548';
20250113@165926.1510 c9653880n8odadpmngu8fe8f8s Query : select concat(rtrim(relative_path),ltrim(name_new)) as valor from uploadfiles where uploadfile_id='4548';
20250113@165926.1840 c9653880n8odadpmngu8fe8f8s Query : update uploadfiles set whenupdated=current_timestamp where uploadfile_id='4548';
20250113@165926.2480 c9653880n8odadpmngu8fe8f8s Query : use flama_phc
20250113@165926.2520 c9653880n8odadpmngu8fe8f8s Query : select top 1 secretkey valor from u_wsusers u where u.userid = ? and u.inactivo=0
20250113@165926.3250 c9653880n8odadpmngu8fe8f8s Query : use flama_phc
20250113@165926.3280 c9653880n8odadpmngu8fe8f8s Query : select no, estab,szadrsdesc from szadrs where u_coddest=1474
20250113@165926.4200 c9653880n8odadpmngu8fe8f8s Query : select top 1 isnull(design,'') valor from st (nolock) left join stobs (nolock) on st.ref = stobs.ref where st.ref = '324.678.00.01'
20250113@165926.4410 c9653880n8odadpmngu8fe8f8s Query : select top 1 bistamp valor from bi inner join bo on bo.bostamp=bi.bostamp where bo.ndos =250 and bo.boano =2003 and bo.obrano = 2500338 and bi.ref ='324.678.00.01' and bi.lordem =1
20250113@165926.7620 c9653880n8odadpmngu8fe8f8s Query : select top 1 isnull(design,'') valor from st (nolock) left join stobs (nolock) on st.ref = stobs.ref where st.ref = '324.678.00.01'
20250113@165926.7820 c9653880n8odadpmngu8fe8f8s Query : select top 1 bistamp valor from bi inner join bo on bo.bostamp=bi.bostamp where bo.ndos =250 and bo.boano =2003 and bo.obrano = 2500338 and bi.ref ='324.678.00.01' and bi.lordem =1
20250113@165926.7980 c9653880n8odadpmngu8fe8f8s Query : use flama_phc
20250113@165926.8010 c9653880n8odadpmngu8fe8f8s Query : select top 1 convert(date,fdata) valor from ft where ndoc = 39 and anulado= 0 and fno>0 order by fdata desc
20250113@165926.8330 c9653880n8odadpmngu8fe8f8s Query : use flama_phc
20250113@165926.8360 c9653880n8odadpmngu8fe8f8s Query : select top 1 1 valor from td where td.ndoc = 39
20250113@165926.8770 c9653880n8odadpmngu8fe8f8s Query : use flama_phc
20250113@165926.8800 c9653880n8odadpmngu8fe8f8s Query : select lower(descricao) descricao ,case when valor='s' then 1 else 0 end valor from para1 where descricao in ('st_lote','st_usalogifunc', 'st_grelha')
20250113@165926.9110 c9653880n8odadpmngu8fe8f8s Query : select top 1 manternumero ,assinadoc issigned ,tiposaft ,assinaimp ,nmdos ,td.assinadoc ,'cl' origin ,lancasl stocks ,case when cmsl<50 and td.lancasl=1 then 1 else 0 end entrada ,case when cmsl>50 and td.lancasl=1 then 1 else 0 end saida ,temserie assets ,~semgre usegridfields from td inner join td2 on td.tdstamp=td2.td2stamp where td.ndoc = 1
20250113@165926.9490 c9653880n8odadpmngu8fe8f8s Query : use flama_phc
20250113@165926.9530 c9653880n8odadpmngu8fe8f8s Query : select top 1 ~inactivo valor from cl where no = '101621' and estab = 0 order by inactivo desc
20250113@165926.9860 c9653880n8odadpmngu8fe8f8s Query : use flama_phc
20250113@165926.9900 c9653880n8odadpmngu8fe8f8s Query : select top 1 tipodoc,regrd from td where ndoc = 39
20250113@165926.1022 c9653880n8odadpmngu8fe8f8s Query : use flama_phc
20250113@165926.1025 c9653880n8odadpmngu8fe8f8s Query : select szadrsstamp valor from szadrs where szadrsdesc='espaÇotrans,lda'
20250113@165926.1065 c9653880n8odadpmngu8fe8f8s Query : use flama_phc
20250113@165926.1068 c9653880n8odadpmngu8fe8f8s Query : select szadrsstamp valor from szadrs where szadrsdesc='j.o.m.,lda - corroios'
20250113@165926.1120 c9653880n8odadpmngu8fe8f8s Query : use flama_phc
20250113@165926.1123 c9653880n8odadpmngu8fe8f8s Query : select 1 valor from td where ndoc = 39
20250113@165926.1253 c9653880n8odadpmngu8fe8f8s Query : select top 1 manternumero, tiposaft, nmdos,td.assinadoc from td where td.ndoc = 39
20250113@165926.1279 c9653880n8odadpmngu8fe8f8s Query : select 1 valor from information_schema.tables where table_type='base table' and table_name='wstablefields'
20250113@165926.1295 c9653880n8odadpmngu8fe8f8s Query : select fieldkey,fieldname,fieldtype,mandatory from wstablefields where tablename = 'ft' and documentnumber = 39
20250113@165926.1314 c9653880n8odadpmngu8fe8f8s Query : select 1 valor from information_schema.tables where table_type='base table' and table_name='wstablefields'
20250113@165926.1329 c9653880n8odadpmngu8fe8f8s Query : select fieldkey,fieldname,fieldtype,mandatory from wstablefields where tablename = 'ft2' and documentnumber = 39
20250113@165926.1357 c9653880n8odadpmngu8fe8f8s Query : select 1 valor from information_schema.tables where table_type='base table' and table_name='wstablefields'
20250113@165926.1372 c9653880n8odadpmngu8fe8f8s Query : select fieldkey,fieldname,fieldtype,mandatory from wstablefields where tablename = 'ft3' and documentnumber = 39
20250113@165926.1384 c9653880n8odadpmngu8fe8f8s Query : select top 1 ft.fno valor from ft ft where ft.ndoc = 39 and ftano=2025 order by fno desc
20250113@165926.1494 c9653880n8odadpmngu8fe8f8s Query : select top 1 ft.fno valor from wsftdata ft where ft.ndoc = 39 and ftano=2025 order by fno desc
20250113@165926.1507 c9653880n8odadpmngu8fe8f8s Query : select 1 valor from information_schema.tables where table_type='base table' and table_name='wstablefields'
20250113@165926.1521 c9653880n8odadpmngu8fe8f8s Query : select fieldkey,fieldname,fieldtype,calcformula from wstablefields where tablename = 'ft3' and documentnumber = 39
20250113@165926.1536 c9653880n8odadpmngu8fe8f8s Query : insert into wsft3data (ft3stamp, ousrdata, ousrhora, usrdata,usrhora,ousrinis,usrinis,taxpointdt ) values ('aut67854103116785466e21' ,getdate(),convert(char(8),convert (time,getdate())),getdate(),convert(char(8),convert (time,getdate())),'wsv','wsv',?)
20250113@165926.1714 c9653880n8odadpmngu8fe8f8s Query : select 1 valor from information_schema.tables where table_type='base table' and table_name='wstablefields'
20250113@165926.1730 c9653880n8odadpmngu8fe8f8s Query : select fieldkey,fieldname,fieldtype,calcformula from wstablefields where tablename = 'ft2' and documentnumber = 39
20250113@165926.1762 c9653880n8odadpmngu8fe8f8s Query : select top 1 bo.u_nomeenv valor from bo where bo.bostamp=''
20250113@165926.1773 c9653880n8odadpmngu8fe8f8s Query : select top 1 bo.u_moradaen valor from bo where bo.bostamp=''
20250113@165926.1785 c9653880n8odadpmngu8fe8f8s Query : select top 1 bo.u_codposen valor from bo where bo.bostamp=''
20250113@165926.1797 c9653880n8odadpmngu8fe8f8s Query : select top 1 bo.u_localenv valor from bo where bo.bostamp=''
20250113@165926.1808 c9653880n8odadpmngu8fe8f8s Query : select top 1 bo.trab5 valor from bo where bo.bostamp=''
20250113@165926.1821 c9653880n8odadpmngu8fe8f8s Query : select top 1 bo.serie valor from bo where bo.bostamp=''
20250113@165926.1832 c9653880n8odadpmngu8fe8f8s Query : insert into wsft2data (ft2stamp, ousrdata,ousrhora, usrdata,usrhora,ousrinis,usrinis,u_nomeenv ,u_moradaen ,u_codposen ,u_localenv ,u_coddest ,u_codby ) values ('aut67854103116785466e21',getdate(),convert(char(8),convert (time,getdate())),getdate(),convert(char(8),convert (time,getdate())),'wsv','wsv',?,?,?,?,?,?)
20250113@165926.2082 c9653880n8odadpmngu8fe8f8s Query : select top 1 fno valor from wsftdata order by fno desc
20250113@165926.2129 c9653880n8odadpmngu8fe8f8s Query : select 1 valor from information_schema.tables where table_type='base table' and table_name='wstablefields'
20250113@165926.2145 c9653880n8odadpmngu8fe8f8s Query : select fieldkey,fieldname,fieldtype,calcformula from wstablefields where tablename = 'ft' and documentnumber = 39
20250113@165926.2166 c9653880n8odadpmngu8fe8f8s Query : select 'normal' from dummy
20250113@165926.2182 c9653880n8odadpmngu8fe8f8s Query : insert into wsftdata (ftstamp, ousrdata,ousrhora, usrdata,usrhora,ousrinis,usrinis,fno,no,estab,fdata,ndoc,moeda,cambio,cambiofixo,ftano,site ,classe ) values ('aut67854103116785466e21',getdate(),convert(char(8),convert (time,getdate())),getdate(),convert(char(8),convert (time,getdate())),'wsv','wsv',2963,101621,0,'2025-01-13',39,'euro',0,0,2025 ,?,?)
20250113@165926.2483 c9653880n8odadpmngu8fe8f8s Query : use flama_phc
20250113@165926.2486 c9653880n8odadpmngu8fe8f8s Query : select st.usalote valor from st where st.ref = '324.678.00.01'
20250113@165926.2510 c9653880n8odadpmngu8fe8f8s Query : select top 1 st.tabiva ,st.ivaincl ,st.stns ,st.uni2 ,st.familia ,isnull(tx.taxa, 0) txiva ,unidade ,usalote ,epcpond ,noserie ,conversao ,st.texteis from st left join taxasiva tx on st.tabiva = tx.codigo where st.ref = '324.678.00.01'
20250113@165926.2524 c9653880n8odadpmngu8fe8f8s Query : select 1 valor from information_schema.tables where table_type='base table' and table_name='wstablefields'
20250113@165926.2541 c9653880n8odadpmngu8fe8f8s Query : select fieldkey,fieldname,fieldtype,mandatory from wstablefields where tablename = 'fi' and documentnumber = 39
20250113@165926.2567 c9653880n8odadpmngu8fe8f8s Query : select 1 valor from information_schema.tables where table_type='base table' and table_name='wstablefields'
20250113@165926.2582 c9653880n8odadpmngu8fe8f8s Query : select fieldkey,fieldname,fieldtype,mandatory from wstablefields where tablename = 'fi2' and documentnumber = 39
20250113@165926.2591 c9653880n8odadpmngu8fe8f8s Query : select top 1 convert(numeric(6,2),t.taxa) valor from taxasiva t where t.codigo='2'
20250113@165926.2604 c9653880n8odadpmngu8fe8f8s Query : select sestamp valor from se where ref ='324.678.00.01' and lote = 'r2400745200a'
20250113@165926.2617 c9653880n8odadpmngu8fe8f8s Query : select 1 valor from information_schema.tables where table_type='base table' and table_name='wstablefields'
20250113@165926.2632 c9653880n8odadpmngu8fe8f8s Query : select fieldkey,fieldname,fieldtype,calcformula from wstablefields where tablename = 'fi2' and documentnumber = 39
20250113@165926.2643 c9653880n8odadpmngu8fe8f8s Query : insert into wsfi2data (fi2stamp,ftstamp ,ousrdata, ousrhora, usrdata,usrhora,ousrinis,usrinis) values ('aut67854302906785466e3f','aut67854103116785466e21' ,getdate(),convert(char(8),convert (time,getdate())),getdate(),convert(char(8),convert (time,getdate())),'wsv','wsv')
20250113@165926.2648 c9653880n8odadpmngu8fe8f8s Query : select 1 valor from information_schema.tables where table_type='base table' and table_name='wstablefields'
20250113@165926.2662 c9653880n8odadpmngu8fe8f8s Query : select fieldkey,fieldname,fieldtype,calcformula from wstablefields where tablename = 'fi' and documentnumber = 39
20250113@165926.2690 c9653880n8odadpmngu8fe8f8s Query : insert into wsfidata (fistamp,ousrdata, ousrhora, usrdata,usrhora,ousrinis,usrinis ,qtt ,ftstamp ,epv,pvmoeda ,tabiva,iva,lordem ,ref, design ,lote,armazem,bistamp ) values ('aut67854302906785466e3f',getdate(),convert(char(8),convert (time,getdate())),getdate(),convert(char(8),convert (time,getdate())),'wsv','wsv',3.000 ,'aut67854103116785466e21' ,0,0 ,2,23.00,10000,?,?,?,?,?)
20250113@165926.3189 c9653880n8odadpmngu8fe8f8s Query : select 1 valor from information_schema.tables where table_type='base table' and table_name='wstablefields'
20250113@165926.3206 c9653880n8odadpmngu8fe8f8s Query : select fieldkey,fieldname,fieldtype,mandatory from wstablefields where tablename = 'fi' and documentnumber = 39
20250113@165926.3231 c9653880n8odadpmngu8fe8f8s Query : select 1 valor from information_schema.tables where table_type='base table' and table_name='wstablefields'
20250113@165926.3248 c9653880n8odadpmngu8fe8f8s Query : select fieldkey,fieldname,fieldtype,mandatory from wstablefields where tablename = 'fi2' and documentnumber = 39
20250113@165926.3262 c9653880n8odadpmngu8fe8f8s Query : select top 1 convert(numeric(6,2),t.taxa) valor from taxasiva t where t.codigo='2'
20250113@165926.3274 c9653880n8odadpmngu8fe8f8s Query : select 1 valor from information_schema.tables where table_type='base table' and table_name='wstablefields'
20250113@165926.3288 c9653880n8odadpmngu8fe8f8s Query : select fieldkey,fieldname,fieldtype,calcformula from wstablefields where tablename = 'fi2' and documentnumber = 39
20250113@165926.3313 c9653880n8odadpmngu8fe8f8s Query : insert into wsfi2data (fi2stamp,ftstamp ,ousrdata, ousrhora, usrdata,usrhora,ousrinis,usrinis) values ('aut67854946796785466e4f','aut67854103116785466e21' ,getdate(),convert(char(8),convert (time,getdate())),getdate(),convert(char(8),convert (time,getdate())),'wsv','wsv')
20250113@165926.3319 c9653880n8odadpmngu8fe8f8s Query : select 1 valor from information_schema.tables where table_type='base table' and table_name='wstablefields'
20250113@165926.3335 c9653880n8odadpmngu8fe8f8s Query : select fieldkey,fieldname,fieldtype,calcformula from wstablefields where tablename = 'fi' and documentnumber = 39
20250113@165926.3373 c9653880n8odadpmngu8fe8f8s Query : insert into wsfidata (fistamp,ousrdata, ousrhora, usrdata,usrhora,ousrinis,usrinis ,qtt ,ftstamp ,epv,pvmoeda ,tabiva,iva,lordem ,ref, design ,armazem) values ('aut67854946796785466e4f',getdate(),convert(char(8),convert (time,getdate())),getdate(),convert(char(8),convert (time,getdate())),'wsv','wsv',0 ,'aut67854103116785466e21' ,0,0 ,2,23.00,20000,?,?,?)
20250113@165926.3637 c9653880n8odadpmngu8fe8f8s Query : use flama_phc
20250113@165926.3640 c9653880n8odadpmngu8fe8f8s Query : select st.usalote valor from st where st.ref = '324.678.00.01'
20250113@165926.3659 c9653880n8odadpmngu8fe8f8s Query : select top 1 st.tabiva ,st.ivaincl ,st.stns ,st.uni2 ,st.familia ,isnull(tx.taxa, 0) txiva ,unidade ,usalote ,epcpond ,noserie ,conversao ,st.texteis from st left join taxasiva tx on st.tabiva = tx.codigo where st.ref = '324.678.00.01'
20250113@165926.3672 c9653880n8odadpmngu8fe8f8s Query : select 1 valor from information_schema.tables where table_type='base table' and table_name='wstablefields'
20250113@165926.3688 c9653880n8odadpmngu8fe8f8s Query : select fieldkey,fieldname,fieldtype,mandatory from wstablefields where tablename = 'fi' and documentnumber = 39
20250113@165926.3717 c9653880n8odadpmngu8fe8f8s Query : select 1 valor from information_schema.tables where table_type='base table' and table_name='wstablefields'
20250113@165926.3731 c9653880n8odadpmngu8fe8f8s Query : select fieldkey,fieldname,fieldtype,mandatory from wstablefields where tablename = 'fi2' and documentnumber = 39
20250113@165926.3740 c9653880n8odadpmngu8fe8f8s Query : select top 1 convert(numeric(6,2),t.taxa) valor from taxasiva t where t.codigo='2'
20250113@165926.3752 c9653880n8odadpmngu8fe8f8s Query : select sestamp valor from se where ref ='324.678.00.01' and lote = 'r2400745200a'
20250113@165926.3765 c9653880n8odadpmngu8fe8f8s Query : select 1 valor from information_schema.tables where table_type='base table' and table_name='wstablefields'
20250113@165926.3780 c9653880n8odadpmngu8fe8f8s Query : select fieldkey,fieldname,fieldtype,calcformula from wstablefields where tablename = 'fi2' and documentnumber = 39
20250113@165926.3791 c9653880n8odadpmngu8fe8f8s Query : insert into wsfi2data (fi2stamp,ftstamp ,ousrdata, ousrhora, usrdata,usrhora,ousrinis,usrinis) values ('aut67854930876785466e5b','aut67854103116785466e21' ,getdate(),convert(char(8),convert (time,getdate())),getdate(),convert(char(8),convert (time,getdate())),'wsv','wsv')
20250113@165926.3797 c9653880n8odadpmngu8fe8f8s Query : select 1 valor from information_schema.tables where table_type='base table' and table_name='wstablefields'
20250113@165926.3811 c9653880n8odadpmngu8fe8f8s Query : select fieldkey,fieldname,fieldtype,calcformula from wstablefields where tablename = 'fi' and documentnumber = 39
20250113@165926.3838 c9653880n8odadpmngu8fe8f8s Query : insert into wsfidata (fistamp,ousrdata, ousrhora, usrdata,usrhora,ousrinis,usrinis ,qtt ,ftstamp ,epv,pvmoeda ,tabiva,iva,lordem ,ref, design ,lote,armazem,bistamp ) values ('aut67854930876785466e5b',getdate(),convert(char(8),convert (time,getdate())),getdate(),convert(char(8),convert (time,getdate())),'wsv','wsv',3.000 ,'aut67854103116785466e21' ,0,0 ,2,23.00,40000,?,?,?,?,?)
20250113@165926.4087 c9653880n8odadpmngu8fe8f8s Query : select 1 valor from information_schema.tables where table_type='base table' and table_name='wstablefields'
20250113@165926.4103 c9653880n8odadpmngu8fe8f8s Query : select fieldkey,fieldname,fieldtype,mandatory from wstablefields where tablename = 'fi' and documentnumber = 39
20250113@165926.4127 c9653880n8odadpmngu8fe8f8s Query : select 1 valor from information_schema.tables where table_type='base table' and table_name='wstablefields'
20250113@165926.4142 c9653880n8odadpmngu8fe8f8s Query : select fieldkey,fieldname,fieldtype,mandatory from wstablefields where tablename = 'fi2' and documentnumber = 39
20250113@165926.4151 c9653880n8odadpmngu8fe8f8s Query : select top 1 convert(numeric(6,2),t.taxa) valor from taxasiva t where t.codigo='2'
20250113@165926.4163 c9653880n8odadpmngu8fe8f8s Query : select 1 valor from information_schema.tables where table_type='base table' and table_name='wstablefields'
20250113@165926.4177 c9653880n8odadpmngu8fe8f8s Query : select fieldkey,fieldname,fieldtype,calcformula from wstablefields where tablename = 'fi2' and documentnumber = 39
20250113@165926.4191 c9653880n8odadpmngu8fe8f8s Query : insert into wsfi2data (fi2stamp,ftstamp ,ousrdata, ousrhora, usrdata,usrhora,ousrinis,usrinis) values ('aut67854062026785466e65','aut67854103116785466e21' ,getdate(),convert(char(8),convert (time,getdate())),getdate(),convert(char(8),convert (time,getdate())),'wsv','wsv')
20250113@165926.4196 c9653880n8odadpmngu8fe8f8s Query : select 1 valor from information_schema.tables where table_type='base table' and table_name='wstablefields'
20250113@165926.4213 c9653880n8odadpmngu8fe8f8s Query : select fieldkey,fieldname,fieldtype,calcformula from wstablefields where tablename = 'fi' and documentnumber = 39
20250113@165926.4244 c9653880n8odadpmngu8fe8f8s Query : insert into wsfidata (fistamp,ousrdata, ousrhora, usrdata,usrhora,ousrinis,usrinis ,qtt ,ftstamp ,epv,pvmoeda ,tabiva,iva,lordem ,ref, design ,armazem) values ('aut67854062026785466e65',getdate(),convert(char(8),convert (time,getdate())),getdate(),convert(char(8),convert (time,getdate())),'wsv','wsv',0 ,'aut67854103116785466e21' ,0,0 ,2,23.00,50000,?,?,?)
20250113@165926.4727 c9653880n8odadpmngu8fe8f8s Query : insert into wsftcreationlog (initialftstamp,externalid,creationstatus,documenttypeid,idustamp) values ('aut67854103116785466e21','2500338','wait',39,'adm09112754980.682000002')
20250113@165926.4800 c9653880n8odadpmngu8fe8f8s Query : use flama_phc
20250113@165926.4804 c9653880n8odadpmngu8fe8f8s Query : update u_wsusers set rqsttoken =? where userid ='userls001'
20250113@165926.4837 c9653880n8odadpmngu8fe8f8s Query : select concat(rtrim(relative_path),ltrim(name_new)) as valor from uploadfiles where uploadfile_id='4548';
20250113@165926.4880 c9653880n8odadpmngu8fe8f8s Query : update uploadfiles set whenupdated=current_timestamp where uploadfile_id='4548';
20250113@165926.4936 c9653880n8odadpmngu8fe8f8s Query : select concat(rtrim(relative_path),ltrim(name_new)) as valor from uploadfiles where uploadfile_id='4548';
20250113@165926.4968 c9653880n8odadpmngu8fe8f8s Query : update uploadfiles set whenupdated=current_timestamp where uploadfile_id='4548';
20250113@165926.5534 8kv0hjlinibm5omih23k60n2gl Query : insert into uploadfiles ( name_original, name_new, option_type, relative_path, whencreated ) values ( ?, ?, ?, ?, getdate() )
20250113@165926.5546 8kv0hjlinibm5omih23k60n2gl Query : select uploadfile_id valor from uploadfiles where name_new = ? and option_type = ? 
20250113@165926.5619 8kv0hjlinibm5omih23k60n2gl Query : select concat(rtrim(relative_path),ltrim(name_new)) as valor from uploadfiles where uploadfile_id='4549';
20250113@165926.5688 8kv0hjlinibm5omih23k60n2gl Query : update uploadfiles set whenupdated=current_timestamp where uploadfile_id='4549';
20250113@165926.5758 8kv0hjlinibm5omih23k60n2gl Query : select concat(rtrim(relative_path),ltrim(name_new)) as valor from uploadfiles where uploadfile_id='4549';
20250113@165926.5793 8kv0hjlinibm5omih23k60n2gl Query : update uploadfiles set whenupdated=current_timestamp where uploadfile_id='4549';
20250113@165926.5853 8kv0hjlinibm5omih23k60n2gl Query : use flama_phc
20250113@165926.5856 8kv0hjlinibm5omih23k60n2gl Query : select top 1 secretkey valor from u_wsusers u where u.userid = ? and u.inactivo=0
20250113@165926.5925 8kv0hjlinibm5omih23k60n2gl Query : use flama_phc
20250113@165926.5928 8kv0hjlinibm5omih23k60n2gl Query : select no, estab,szadrsdesc from szadrs where u_coddest=4500
20250113@165926.6029 8kv0hjlinibm5omih23k60n2gl Query : select top 1 isnull(design,'') valor from st (nolock) left join stobs (nolock) on st.ref = stobs.ref where st.ref = '324.678.00.01'
20250113@165926.6057 8kv0hjlinibm5omih23k60n2gl Query : select top 1 bistamp valor from bi inner join bo on bo.bostamp=bi.bostamp where bo.ndos =250 and bo.boano =2003 and bo.obrano = 2500339 and bi.ref ='324.678.00.01' and bi.lordem =1
20250113@165926.6401 8kv0hjlinibm5omih23k60n2gl Query : use flama_phc
20250113@165926.6404 8kv0hjlinibm5omih23k60n2gl Query : select top 1 convert(date,fdata) valor from ft where ndoc = 39 and anulado= 0 and fno>0 order by fdata desc
20250113@165926.6439 8kv0hjlinibm5omih23k60n2gl Query : use flama_phc
20250113@165926.6442 8kv0hjlinibm5omih23k60n2gl Query : select top 1 1 valor from td where td.ndoc = 39
20250113@165926.6477 8kv0hjlinibm5omih23k60n2gl Query : use flama_phc
20250113@165926.6480 8kv0hjlinibm5omih23k60n2gl Query : select lower(descricao) descricao ,case when valor='s' then 1 else 0 end valor from para1 where descricao in ('st_lote','st_usalogifunc', 'st_grelha')
20250113@165926.6509 8kv0hjlinibm5omih23k60n2gl Query : select top 1 manternumero ,assinadoc issigned ,tiposaft ,assinaimp ,nmdos ,td.assinadoc ,'cl' origin ,lancasl stocks ,case when cmsl<50 and td.lancasl=1 then 1 else 0 end entrada ,case when cmsl>50 and td.lancasl=1 then 1 else 0 end saida ,temserie assets ,~semgre usegridfields from td inner join td2 on td.tdstamp=td2.td2stamp where td.ndoc = 1
20250113@165926.6547 8kv0hjlinibm5omih23k60n2gl Query : use flama_phc
20250113@165926.6550 8kv0hjlinibm5omih23k60n2gl Query : select top 1 ~inactivo valor from cl where no = '101621' and estab = 0 order by inactivo desc
20250113@165926.7188 8kv0hjlinibm5omih23k60n2gl Query : use flama_phc
20250113@165926.7191 8kv0hjlinibm5omih23k60n2gl Query : select top 1 tipodoc,regrd from td where ndoc = 39
20250113@165926.7295 8kv0hjlinibm5omih23k60n2gl Query : use flama_phc
20250113@165926.7620 8kv0hjlinibm5omih23k60n2gl Query : select szadrsstamp valor from szadrs where szadrsdesc='espaÇotrans,lda'
20250113@165926.8691 8kv0hjlinibm5omih23k60n2gl Query : use flama_phc
20250113@165926.8695 8kv0hjlinibm5omih23k60n2gl Query : select szadrsstamp valor from szadrs where szadrsdesc='j.o.m.,lda - portimão'
20250113@165926.8745 8kv0hjlinibm5omih23k60n2gl Query : use flama_phc
20250113@165926.8748 8kv0hjlinibm5omih23k60n2gl Query : select 1 valor from td where ndoc = 39
20250113@165926.8760 8kv0hjlinibm5omih23k60n2gl Query : select top 1 manternumero, tiposaft, nmdos,td.assinadoc from td where td.ndoc = 39
20250113@165926.8774 8kv0hjlinibm5omih23k60n2gl Query : select 1 valor from information_schema.tables where table_type='base table' and table_name='wstablefields'
20250113@165926.8790 8kv0hjlinibm5omih23k60n2gl Query : select fieldkey,fieldname,fieldtype,mandatory from wstablefields where tablename = 'ft' and documentnumber = 39
20250113@165926.8810 8kv0hjlinibm5omih23k60n2gl Query : select 1 valor from information_schema.tables where table_type='base table' and table_name='wstablefields'
20250113@165926.8825 8kv0hjlinibm5omih23k60n2gl Query : select fieldkey,fieldname,fieldtype,mandatory from wstablefields where tablename = 'ft2' and documentnumber = 39
20250113@165926.9077 8kv0hjlinibm5omih23k60n2gl Query : select 1 valor from information_schema.tables where table_type='base table' and table_name='wstablefields'
20250113@165926.9096 8kv0hjlinibm5omih23k60n2gl Query : select fieldkey,fieldname,fieldtype,mandatory from wstablefields where tablename = 'ft3' and documentnumber = 39
20250113@165926.9112 8kv0hjlinibm5omih23k60n2gl Query : select top 1 ft.fno valor from ft ft where ft.ndoc = 39 and ftano=2025 order by fno desc
20250113@165926.9218 8kv0hjlinibm5omih23k60n2gl Query : select top 1 ft.fno valor from wsftdata ft where ft.ndoc = 39 and ftano=2025 order by fno desc
20250113@165926.9231 8kv0hjlinibm5omih23k60n2gl Query : select 1 valor from information_schema.tables where table_type='base table' and table_name='wstablefields'
20250113@165926.9248 8kv0hjlinibm5omih23k60n2gl Query : select fieldkey,fieldname,fieldtype,calcformula from wstablefields where tablename = 'ft3' and documentnumber = 39
20250113@165926.9266 8kv0hjlinibm5omih23k60n2gl Query : insert into wsft3data (ft3stamp, ousrdata, ousrhora, usrdata,usrhora,ousrinis,usrinis,taxpointdt ) values ('aut67854802186785466ede' ,getdate(),convert(char(8),convert (time,getdate())),getdate(),convert(char(8),convert (time,getdate())),'wsv','wsv',?)
20250113@165926.9447 8kv0hjlinibm5omih23k60n2gl Query : select 1 valor from information_schema.tables where table_type='base table' and table_name='wstablefields'
20250113@165926.9464 8kv0hjlinibm5omih23k60n2gl Query : select fieldkey,fieldname,fieldtype,calcformula from wstablefields where tablename = 'ft2' and documentnumber = 39
20250113@165926.9670 8kv0hjlinibm5omih23k60n2gl Query : select top 1 bo.u_nomeenv valor from bo where bo.bostamp=''
20250113@165926.9683 8kv0hjlinibm5omih23k60n2gl Query : select top 1 bo.u_moradaen valor from bo where bo.bostamp=''
20250113@165926.9700 8kv0hjlinibm5omih23k60n2gl Query : select top 1 bo.u_codposen valor from bo where bo.bostamp=''
20250113@165926.9712 8kv0hjlinibm5omih23k60n2gl Query : select top 1 bo.u_localenv valor from bo where bo.bostamp=''
20250113@165926.9724 8kv0hjlinibm5omih23k60n2gl Query : select top 1 bo.trab5 valor from bo where bo.bostamp=''
20250113@165926.9736 8kv0hjlinibm5omih23k60n2gl Query : select top 1 bo.serie valor from bo where bo.bostamp=''
20250113@165926.9749 8kv0hjlinibm5omih23k60n2gl Query : insert into wsft2data (ft2stamp, ousrdata,ousrhora, usrdata,usrhora,ousrinis,usrinis,u_nomeenv ,u_moradaen ,u_codposen ,u_localenv ,u_coddest ,u_codby ) values ('aut67854802186785466ede',getdate(),convert(char(8),convert (time,getdate())),getdate(),convert(char(8),convert (time,getdate())),'wsv','wsv',?,?,?,?,?,?)
20250113@165926.9993 8kv0hjlinibm5omih23k60n2gl Query : select top 1 fno valor from wsftdata order by fno desc
20250113@165927.2600 8kv0hjlinibm5omih23k60n2gl Query : select 1 valor from information_schema.tables where table_type='base table' and table_name='wstablefields'
20250113@165927.4300 8kv0hjlinibm5omih23k60n2gl Query : select fieldkey,fieldname,fieldtype,calcformula from wstablefields where tablename = 'ft' and documentnumber = 39
20250113@165927.6700 8kv0hjlinibm5omih23k60n2gl Query : select 'normal' from dummy
20250113@165927.8400 8kv0hjlinibm5omih23k60n2gl Query : insert into wsftdata (ftstamp, ousrdata,ousrhora, usrdata,usrhora,ousrinis,usrinis,fno,no,estab,fdata,ndoc,moeda,cambio,cambiofixo,ftano,site ,classe ) values ('aut67854802186785466ede',getdate(),convert(char(8),convert (time,getdate())),getdate(),convert(char(8),convert (time,getdate())),'wsv','wsv',2964,101621,0,'2025-01-13',39,'euro',0,0,2025 ,?,?)
20250113@165927.3780 8kv0hjlinibm5omih23k60n2gl Query : use flama_phc
20250113@165927.3820 8kv0hjlinibm5omih23k60n2gl Query : select st.usalote valor from st where st.ref = '324.678.00.01'
20250113@165927.4060 8kv0hjlinibm5omih23k60n2gl Query : select top 1 st.tabiva ,st.ivaincl ,st.stns ,st.uni2 ,st.familia ,isnull(tx.taxa, 0) txiva ,unidade ,usalote ,epcpond ,noserie ,conversao ,st.texteis from st left join taxasiva tx on st.tabiva = tx.codigo where st.ref = '324.678.00.01'
20250113@165927.4210 8kv0hjlinibm5omih23k60n2gl Query : select 1 valor from information_schema.tables where table_type='base table' and table_name='wstablefields'
20250113@165927.4410 8kv0hjlinibm5omih23k60n2gl Query : select fieldkey,fieldname,fieldtype,mandatory from wstablefields where tablename = 'fi' and documentnumber = 39
20250113@165927.4670 8kv0hjlinibm5omih23k60n2gl Query : select 1 valor from information_schema.tables where table_type='base table' and table_name='wstablefields'
20250113@165927.4810 8kv0hjlinibm5omih23k60n2gl Query : select fieldkey,fieldname,fieldtype,mandatory from wstablefields where tablename = 'fi2' and documentnumber = 39
20250113@165927.4900 8kv0hjlinibm5omih23k60n2gl Query : select top 1 convert(numeric(6,2),t.taxa) valor from taxasiva t where t.codigo='2'
20250113@165927.5060 8kv0hjlinibm5omih23k60n2gl Query : select sestamp valor from se where ref ='324.678.00.01' and lote = 'r2400745200a'
20250113@165927.5200 8kv0hjlinibm5omih23k60n2gl Query : select 1 valor from information_schema.tables where table_type='base table' and table_name='wstablefields'
20250113@165927.5350 8kv0hjlinibm5omih23k60n2gl Query : select fieldkey,fieldname,fieldtype,calcformula from wstablefields where tablename = 'fi2' and documentnumber = 39
20250113@165927.5470 8kv0hjlinibm5omih23k60n2gl Query : insert into wsfi2data (fi2stamp,ftstamp ,ousrdata, ousrhora, usrdata,usrhora,ousrinis,usrinis) values ('aut67854641976785466f0c','aut67854802186785466ede' ,getdate(),convert(char(8),convert (time,getdate())),getdate(),convert(char(8),convert (time,getdate())),'wsv','wsv')
20250113@165927.5520 8kv0hjlinibm5omih23k60n2gl Query : select 1 valor from information_schema.tables where table_type='base table' and table_name='wstablefields'
20250113@165927.5680 8kv0hjlinibm5omih23k60n2gl Query : select fieldkey,fieldname,fieldtype,calcformula from wstablefields where tablename = 'fi' and documentnumber = 39
20250113@165927.6020 8kv0hjlinibm5omih23k60n2gl Query : insert into wsfidata (fistamp,ousrdata, ousrhora, usrdata,usrhora,ousrinis,usrinis ,qtt ,ftstamp ,epv,pvmoeda ,tabiva,iva,lordem ,ref, design ,lote,armazem,bistamp ) values ('aut67854641976785466f0c',getdate(),convert(char(8),convert (time,getdate())),getdate(),convert(char(8),convert (time,getdate())),'wsv','wsv',6.000 ,'aut67854802186785466ede' ,0,0 ,2,23.00,10000,?,?,?,?,?)
20250113@165927.8690 8kv0hjlinibm5omih23k60n2gl Query : select 1 valor from information_schema.tables where table_type='base table' and table_name='wstablefields'
20250113@165927.8870 8kv0hjlinibm5omih23k60n2gl Query : select fieldkey,fieldname,fieldtype,mandatory from wstablefields where tablename = 'fi' and documentnumber = 39
20250113@165927.9280 8kv0hjlinibm5omih23k60n2gl Query : select 1 valor from information_schema.tables where table_type='base table' and table_name='wstablefields'
20250113@165927.9520 8kv0hjlinibm5omih23k60n2gl Query : select fieldkey,fieldname,fieldtype,mandatory from wstablefields where tablename = 'fi2' and documentnumber = 39
20250113@165927.9620 8kv0hjlinibm5omih23k60n2gl Query : select top 1 convert(numeric(6,2),t.taxa) valor from taxasiva t where t.codigo='2'
20250113@165927.9740 8kv0hjlinibm5omih23k60n2gl Query : select 1 valor from information_schema.tables where table_type='base table' and table_name='wstablefields'
20250113@165927.9890 8kv0hjlinibm5omih23k60n2gl Query : select fieldkey,fieldname,fieldtype,calcformula from wstablefields where tablename = 'fi2' and documentnumber = 39
20250113@165927.1001 8kv0hjlinibm5omih23k60n2gl Query : insert into wsfi2data (fi2stamp,ftstamp ,ousrdata, ousrhora, usrdata,usrhora,ousrinis,usrinis) values ('aut67854007166785466f17','aut67854802186785466ede' ,getdate(),convert(char(8),convert (time,getdate())),getdate(),convert(char(8),convert (time,getdate())),'wsv','wsv')
20250113@165927.1005 8kv0hjlinibm5omih23k60n2gl Query : select 1 valor from information_schema.tables where table_type='base table' and table_name='wstablefields'
20250113@165927.1019 8kv0hjlinibm5omih23k60n2gl Query : select fieldkey,fieldname,fieldtype,calcformula from wstablefields where tablename = 'fi' and documentnumber = 39
20250113@165927.1048 8kv0hjlinibm5omih23k60n2gl Query : insert into wsfidata (fistamp,ousrdata, ousrhora, usrdata,usrhora,ousrinis,usrinis ,qtt ,ftstamp ,epv,pvmoeda ,tabiva,iva,lordem ,ref, design ,armazem) values ('aut67854007166785466f17',getdate(),convert(char(8),convert (time,getdate())),getdate(),convert(char(8),convert (time,getdate())),'wsv','wsv',0 ,'aut67854802186785466ede' ,0,0 ,2,23.00,20000,?,?,?)
20250113@165927.1344 8kv0hjlinibm5omih23k60n2gl Query : insert into wsftcreationlog (initialftstamp,externalid,creationstatus,documenttypeid,idustamp) values ('aut67854802186785466ede','2500339','wait',39,'adm09112754980.682000002')
20250113@165927.1520 8kv0hjlinibm5omih23k60n2gl Query : use flama_phc
20250113@165927.1523 8kv0hjlinibm5omih23k60n2gl Query : update u_wsusers set rqsttoken =? where userid ='userls001'
20250113@165927.1568 8kv0hjlinibm5omih23k60n2gl Query : select concat(rtrim(relative_path),ltrim(name_new)) as valor from uploadfiles where uploadfile_id='4549';
20250113@165927.1612 8kv0hjlinibm5omih23k60n2gl Query : update uploadfiles set whenupdated=current_timestamp where uploadfile_id='4549';
20250113@165927.1671 8kv0hjlinibm5omih23k60n2gl Query : select concat(rtrim(relative_path),ltrim(name_new)) as valor from uploadfiles where uploadfile_id='4549';
20250113@165927.1705 8kv0hjlinibm5omih23k60n2gl Query : update uploadfiles set whenupdated=current_timestamp where uploadfile_id='4549';
20250113@171910.5045 ptnqo1rktc47r0qltkkp1sercd Query : use flama_phc
20250113@171910.5049 ptnqo1rktc47r0qltkkp1sercd Query : select secretkey valor from u_wsusers u where u.userid = ? and u.username=? and u.password=? and u.inactivo=0
20250113@171910.5133 ptnqo1rktc47r0qltkkp1sercd Query : use flama_phc
20250113@171910.5136 ptnqo1rktc47r0qltkkp1sercd Query : update u_wsusers set rqsttoken =? where userid ='userls001'
20250113@173610.5478 9jurcepb6ksufikgm7thi0hd37 Query : use flama_phc
20250113@173610.5484 9jurcepb6ksufikgm7thi0hd37 Query : select secretkey valor from u_wsusers u where u.userid = ? and u.username=? and u.password=? and u.inactivo=0
20250113@173610.5583 9jurcepb6ksufikgm7thi0hd37 Query : use flama_phc
20250113@173610.5586 9jurcepb6ksufikgm7thi0hd37 Query : update u_wsusers set rqsttoken =? where userid ='userls001'
20250113@181908.8832 0vg9t7glnc9ckbfg4hbul45t7k Query : use flama_phc
20250113@181908.8835 0vg9t7glnc9ckbfg4hbul45t7k Query : select secretkey valor from u_wsusers u where u.userid = ? and u.username=? and u.password=? and u.inactivo=0
20250113@181908.8961 0vg9t7glnc9ckbfg4hbul45t7k Query : use flama_phc
20250113@181908.8964 0vg9t7glnc9ckbfg4hbul45t7k Query : update u_wsusers set rqsttoken =? where userid ='userls001'
20250113@183609.4604 suv8u7lcg1dtlu067o18mfhpsv Query : use flama_phc
20250113@183609.4608 suv8u7lcg1dtlu067o18mfhpsv Query : select secretkey valor from u_wsusers u where u.userid = ? and u.username=? and u.password=? and u.inactivo=0
20250113@183609.4697 suv8u7lcg1dtlu067o18mfhpsv Query : use flama_phc
20250113@183609.4700 suv8u7lcg1dtlu067o18mfhpsv Query : update u_wsusers set rqsttoken =? where userid ='userls001'
20250113@191912.3878 94nm88eqfhm8d9ihqm4op6d4oj Query : use flama_phc
20250113@191912.3882 94nm88eqfhm8d9ihqm4op6d4oj Query : select secretkey valor from u_wsusers u where u.userid = ? and u.username=? and u.password=? and u.inactivo=0
20250113@191912.3990 94nm88eqfhm8d9ihqm4op6d4oj Query : use flama_phc
20250113@191912.3993 94nm88eqfhm8d9ihqm4op6d4oj Query : update u_wsusers set rqsttoken =? where userid ='userls001'
20250113@193612.8660 ouedt3e6rk3m27vvfl7i7ro3v8 Query : use flama_phc
20250113@193612.8720 ouedt3e6rk3m27vvfl7i7ro3v8 Query : select secretkey valor from u_wsusers u where u.userid = ? and u.username=? and u.password=? and u.inactivo=0
20250113@193612.9850 ouedt3e6rk3m27vvfl7i7ro3v8 Query : use flama_phc
20250113@193612.9880 ouedt3e6rk3m27vvfl7i7ro3v8 Query : update u_wsusers set rqsttoken =? where userid ='userls001'
20250113@201910.1254 k5fe3vqqp7apggdfki507dichq Query : use flama_phc
20250113@201910.1258 k5fe3vqqp7apggdfki507dichq Query : select secretkey valor from u_wsusers u where u.userid = ? and u.username=? and u.password=? and u.inactivo=0
20250113@201910.1357 k5fe3vqqp7apggdfki507dichq Query : use flama_phc
20250113@201910.1362 k5fe3vqqp7apggdfki507dichq Query : update u_wsusers set rqsttoken =? where userid ='userls001'
20250113@203610.3288 bnhgi145i53f2ojqtsujlauht4 Query : use flama_phc
20250113@203610.3293 bnhgi145i53f2ojqtsujlauht4 Query : select secretkey valor from u_wsusers u where u.userid = ? and u.username=? and u.password=? and u.inactivo=0
20250113@203610.3526 bnhgi145i53f2ojqtsujlauht4 Query : use flama_phc
20250113@203610.3529 bnhgi145i53f2ojqtsujlauht4 Query : update u_wsusers set rqsttoken =? where userid ='userls001'
20250113@211909.5144 0hf0il2a2er0hoqdn8o4eoacsq Query : use flama_phc
20250113@211909.5171 0hf0il2a2er0hoqdn8o4eoacsq Query : select secretkey valor from u_wsusers u where u.userid = ? and u.username=? and u.password=? and u.inactivo=0
20250113@211909.5452 0hf0il2a2er0hoqdn8o4eoacsq Query : use flama_phc
20250113@211909.5456 0hf0il2a2er0hoqdn8o4eoacsq Query : update u_wsusers set rqsttoken =? where userid ='userls001'
20250113@213609.7996 s1cg99kqitain2pfkrrkigf5ov Query : use flama_phc
20250113@213609.8000 s1cg99kqitain2pfkrrkigf5ov Query : select secretkey valor from u_wsusers u where u.userid = ? and u.username=? and u.password=? and u.inactivo=0
20250113@213609.8090 s1cg99kqitain2pfkrrkigf5ov Query : use flama_phc
20250113@213609.8093 s1cg99kqitain2pfkrrkigf5ov Query : update u_wsusers set rqsttoken =? where userid ='userls001'
20250113@221910.9281 bmvubp3kn986qnb5fiisefc6s3 Query : use flama_phc
20250113@221910.9285 bmvubp3kn986qnb5fiisefc6s3 Query : select secretkey valor from u_wsusers u where u.userid = ? and u.username=? and u.password=? and u.inactivo=0
20250113@221910.9380 bmvubp3kn986qnb5fiisefc6s3 Query : use flama_phc
20250113@221910.9383 bmvubp3kn986qnb5fiisefc6s3 Query : update u_wsusers set rqsttoken =? where userid ='userls001'
20250113@223610.8908 fnp16vb5685utp7u6ostucrr28 Query : use flama_phc
20250113@223610.8913 fnp16vb5685utp7u6ostucrr28 Query : select secretkey valor from u_wsusers u where u.userid = ? and u.username=? and u.password=? and u.inactivo=0
20250113@223610.9018 fnp16vb5685utp7u6ostucrr28 Query : use flama_phc
20250113@223610.9022 fnp16vb5685utp7u6ostucrr28 Query : update u_wsusers set rqsttoken =? where userid ='userls001'
20250113@231909.4810 gp4gbejqp25icp6mb71ppmic7v Query : use flama_phc
20250113@231909.4850 gp4gbejqp25icp6mb71ppmic7v Query : select secretkey valor from u_wsusers u where u.userid = ? and u.username=? and u.password=? and u.inactivo=0
20250113@231909.5740 gp4gbejqp25icp6mb71ppmic7v Query : use flama_phc
20250113@231909.5770 gp4gbejqp25icp6mb71ppmic7v Query : update u_wsusers set rqsttoken =? where userid ='userls001'
20250113@233609.3002 b0nu4nuvaf9hhk0jvp8fvibfc9 Query : use flama_phc
20250113@233609.3006 b0nu4nuvaf9hhk0jvp8fvibfc9 Query : select secretkey valor from u_wsusers u where u.userid = ? and u.username=? and u.password=? and u.inactivo=0
20250113@233609.3114 b0nu4nuvaf9hhk0jvp8fvibfc9 Query : use flama_phc
20250113@233609.3118 b0nu4nuvaf9hhk0jvp8fvibfc9 Query : update u_wsusers set rqsttoken =? where userid ='userls001'
20250114@071908.6252 4211t0mk4hlc150dmrtg7duocv Query : use flama_phc
20250114@071908.6257 4211t0mk4hlc150dmrtg7duocv Query : select secretkey valor from u_wsusers u where u.userid = ? and u.username=? and u.password=? and u.inactivo=0
20250114@071908.6421 4211t0mk4hlc150dmrtg7duocv Query : use flama_phc
20250114@071908.6425 4211t0mk4hlc150dmrtg7duocv Query : update u_wsusers set rqsttoken =? where userid ='userls001'
20250114@073616.8958 7jeeb301hul62t5q9bpouhjl68 Query : use flama_phc
20250114@073616.8963 7jeeb301hul62t5q9bpouhjl68 Query : select secretkey valor from u_wsusers u where u.userid = ? and u.username=? and u.password=? and u.inactivo=0
20250114@073616.9325 7jeeb301hul62t5q9bpouhjl68 Query : use flama_phc
20250114@073616.9330 7jeeb301hul62t5q9bpouhjl68 Query : update u_wsusers set rqsttoken =? where userid ='userls001'
20250114@081909.6330 77k4lc68lb1c2ku68vsvj5vnns Query : use flama_phc
20250114@081909.6377 77k4lc68lb1c2ku68vsvj5vnns Query : select secretkey valor from u_wsusers u where u.userid = ? and u.username=? and u.password=? and u.inactivo=0
20250114@081909.7403 77k4lc68lb1c2ku68vsvj5vnns Query : use flama_phc
20250114@081909.7448 77k4lc68lb1c2ku68vsvj5vnns Query : update u_wsusers set rqsttoken =? where userid ='userls001'
20250114@083609.9111 oehi5qermuumdmq547pp81rsi8 Query : use flama_phc
20250114@083609.9115 oehi5qermuumdmq547pp81rsi8 Query : select secretkey valor from u_wsusers u where u.userid = ? and u.username=? and u.password=? and u.inactivo=0
20250114@083609.9206 oehi5qermuumdmq547pp81rsi8 Query : use flama_phc
20250114@083609.9209 oehi5qermuumdmq547pp81rsi8 Query : update u_wsusers set rqsttoken =? where userid ='userls001'
20250114@084957.5332 d0m43lg8k3n6gpvdjr9f4dnit7 Query : insert into uploadfiles ( name_original, name_new, option_type, relative_path, whencreated ) values ( ?, ?, ?, ?, getdate() )
20250114@084957.5367 d0m43lg8k3n6gpvdjr9f4dnit7 Query : select uploadfile_id valor from uploadfiles where name_new = ? and option_type = ? 
20250114@084957.5669 d0m43lg8k3n6gpvdjr9f4dnit7 Query : select concat(rtrim(relative_path),ltrim(name_new)) as valor from uploadfiles where uploadfile_id='4587';
20250114@084957.5883 d0m43lg8k3n6gpvdjr9f4dnit7 Query : update uploadfiles set whenupdated=current_timestamp where uploadfile_id='4587';
20250114@084957.5967 d0m43lg8k3n6gpvdjr9f4dnit7 Query : select concat(rtrim(relative_path),ltrim(name_new)) as valor from uploadfiles where uploadfile_id='4587';
20250114@084957.6009 d0m43lg8k3n6gpvdjr9f4dnit7 Query : update uploadfiles set whenupdated=current_timestamp where uploadfile_id='4587';
20250114@084957.6099 d0m43lg8k3n6gpvdjr9f4dnit7 Query : use flama_phc
20250114@084957.6103 d0m43lg8k3n6gpvdjr9f4dnit7 Query : select top 1 secretkey valor from u_wsusers u where u.userid = ? and u.inactivo=0
20250114@084957.6218 d0m43lg8k3n6gpvdjr9f4dnit7 Query : use flama_phc
20250114@084957.6222 d0m43lg8k3n6gpvdjr9f4dnit7 Query : select no, estab,szadrsdesc from szadrs where u_coddest=8748
20250114@084957.6534 d0m43lg8k3n6gpvdjr9f4dnit7 Query : select top 1 isnull(design,'') valor from st (nolock) left join stobs (nolock) on st.ref = stobs.ref where st.ref = '324.5343.00.1'
20250114@084957.6689 d0m43lg8k3n6gpvdjr9f4dnit7 Query : use flama_phc
20250114@084957.6693 d0m43lg8k3n6gpvdjr9f4dnit7 Query : select top 1 convert(date,fdata) valor from ft where ndoc = 39 and anulado= 0 and fno>0 order by fdata desc
20250114@084957.6944 d0m43lg8k3n6gpvdjr9f4dnit7 Query : use flama_phc
20250114@084957.6948 d0m43lg8k3n6gpvdjr9f4dnit7 Query : select top 1 1 valor from td where td.ndoc = 39
20250114@084957.7041 d0m43lg8k3n6gpvdjr9f4dnit7 Query : use flama_phc
20250114@084957.7045 d0m43lg8k3n6gpvdjr9f4dnit7 Query : select lower(descricao) descricao ,case when valor='s' then 1 else 0 end valor from para1 where descricao in ('st_lote','st_usalogifunc', 'st_grelha')
20250114@084957.7121 d0m43lg8k3n6gpvdjr9f4dnit7 Query : select top 1 manternumero ,assinadoc issigned ,tiposaft ,assinaimp ,nmdos ,td.assinadoc ,'cl' origin ,lancasl stocks ,case when cmsl<50 and td.lancasl=1 then 1 else 0 end entrada ,case when cmsl>50 and td.lancasl=1 then 1 else 0 end saida ,temserie assets ,~semgre usegridfields from td inner join td2 on td.tdstamp=td2.td2stamp where td.ndoc = 1
20250114@084957.7245 d0m43lg8k3n6gpvdjr9f4dnit7 Query : use flama_phc
20250114@084957.7249 d0m43lg8k3n6gpvdjr9f4dnit7 Query : select top 1 ~inactivo valor from cl where no = '102253' and estab = 0 order by inactivo desc
20250114@084957.7359 d0m43lg8k3n6gpvdjr9f4dnit7 Query : use flama_phc
20250114@084957.7362 d0m43lg8k3n6gpvdjr9f4dnit7 Query : select top 1 tipodoc,regrd from td where ndoc = 39
20250114@084957.7517 d0m43lg8k3n6gpvdjr9f4dnit7 Query : use flama_phc
20250114@084957.7521 d0m43lg8k3n6gpvdjr9f4dnit7 Query : select szadrsstamp valor from szadrs where szadrsdesc='espaÇotrans,lda'
20250114@084957.7598 d0m43lg8k3n6gpvdjr9f4dnit7 Query : use flama_phc
20250114@084957.7602 d0m43lg8k3n6gpvdjr9f4dnit7 Query : select szadrsstamp valor from szadrs where szadrsdesc='fnac - entrega'
20250114@084957.7655 d0m43lg8k3n6gpvdjr9f4dnit7 Query : use flama_phc
20250114@084957.7659 d0m43lg8k3n6gpvdjr9f4dnit7 Query : select 1 valor from td where ndoc = 39
20250114@084957.7725 d0m43lg8k3n6gpvdjr9f4dnit7 Query : select top 1 manternumero, tiposaft, nmdos,td.assinadoc from td where td.ndoc = 39
20250114@084957.7780 d0m43lg8k3n6gpvdjr9f4dnit7 Query : select 1 valor from information_schema.tables where table_type='base table' and table_name='wstablefields'
20250114@084957.8107 d0m43lg8k3n6gpvdjr9f4dnit7 Query : select fieldkey,fieldname,fieldtype,mandatory from wstablefields where tablename = 'ft' and documentnumber = 39
20250114@084957.8188 d0m43lg8k3n6gpvdjr9f4dnit7 Query : select 1 valor from information_schema.tables where table_type='base table' and table_name='wstablefields'
20250114@084957.8205 d0m43lg8k3n6gpvdjr9f4dnit7 Query : select fieldkey,fieldname,fieldtype,mandatory from wstablefields where tablename = 'ft2' and documentnumber = 39
20250114@084957.8243 d0m43lg8k3n6gpvdjr9f4dnit7 Query : select 1 valor from information_schema.tables where table_type='base table' and table_name='wstablefields'
20250114@084957.8261 d0m43lg8k3n6gpvdjr9f4dnit7 Query : select fieldkey,fieldname,fieldtype,mandatory from wstablefields where tablename = 'ft3' and documentnumber = 39
20250114@084957.8278 d0m43lg8k3n6gpvdjr9f4dnit7 Query : select top 1 ft.fno valor from ft ft where ft.ndoc = 39 and ftano=2025 order by fno desc
20250114@084957.8639 d0m43lg8k3n6gpvdjr9f4dnit7 Query : select top 1 ft.fno valor from wsftdata ft where ft.ndoc = 39 and ftano=2025 order by fno desc
20250114@084957.8742 d0m43lg8k3n6gpvdjr9f4dnit7 Query : select 1 valor from information_schema.tables where table_type='base table' and table_name='wstablefields'
20250114@084957.8762 d0m43lg8k3n6gpvdjr9f4dnit7 Query : select fieldkey,fieldname,fieldtype,calcformula from wstablefields where tablename = 'ft3' and documentnumber = 39
20250114@084957.9185 d0m43lg8k3n6gpvdjr9f4dnit7 Query : insert into wsft3data (ft3stamp, ousrdata, ousrhora, usrdata,usrhora,ousrinis,usrinis,taxpointdt ) values ('aut678626419367862535ca' ,getdate(),convert(char(8),convert (time,getdate())),getdate(),convert(char(8),convert (time,getdate())),'wsv','wsv',?)
20250114@084957.9425 d0m43lg8k3n6gpvdjr9f4dnit7 Query : select 1 valor from information_schema.tables where table_type='base table' and table_name='wstablefields'
20250114@084957.9446 d0m43lg8k3n6gpvdjr9f4dnit7 Query : select fieldkey,fieldname,fieldtype,calcformula from wstablefields where tablename = 'ft2' and documentnumber = 39
20250114@084957.9491 d0m43lg8k3n6gpvdjr9f4dnit7 Query : select top 1 bo.u_nomeenv valor from bo where bo.bostamp=''
20250114@084957.9584 d0m43lg8k3n6gpvdjr9f4dnit7 Query : select top 1 bo.u_moradaen valor from bo where bo.bostamp=''
20250114@084957.9654 d0m43lg8k3n6gpvdjr9f4dnit7 Query : select top 1 bo.u_codposen valor from bo where bo.bostamp=''
20250114@084957.9722 d0m43lg8k3n6gpvdjr9f4dnit7 Query : select top 1 bo.u_localenv valor from bo where bo.bostamp=''
20250114@084957.9792 d0m43lg8k3n6gpvdjr9f4dnit7 Query : select top 1 bo.trab5 valor from bo where bo.bostamp=''
20250114@084957.9858 d0m43lg8k3n6gpvdjr9f4dnit7 Query : select top 1 bo.serie valor from bo where bo.bostamp=''
20250114@084957.9925 d0m43lg8k3n6gpvdjr9f4dnit7 Query : insert into wsft2data (ft2stamp, ousrdata,ousrhora, usrdata,usrhora,ousrinis,usrinis,u_nomeenv ,u_moradaen ,u_codposen ,u_localenv ,u_coddest ,u_codby ) values ('aut678626419367862535ca',getdate(),convert(char(8),convert (time,getdate())),getdate(),convert(char(8),convert (time,getdate())),'wsv','wsv',?,?,?,?,?,?)
20250114@084958.9580 d0m43lg8k3n6gpvdjr9f4dnit7 Query : select top 1 fno valor from wsftdata order by fno desc
20250114@084958.1414 d0m43lg8k3n6gpvdjr9f4dnit7 Query : select 1 valor from information_schema.tables where table_type='base table' and table_name='wstablefields'
20250114@084958.1668 d0m43lg8k3n6gpvdjr9f4dnit7 Query : select fieldkey,fieldname,fieldtype,calcformula from wstablefields where tablename = 'ft' and documentnumber = 39
20250114@084958.2125 d0m43lg8k3n6gpvdjr9f4dnit7 Query : select 'normal' from dummy
20250114@084958.2649 d0m43lg8k3n6gpvdjr9f4dnit7 Query : insert into wsftdata (ftstamp, ousrdata,ousrhora, usrdata,usrhora,ousrinis,usrinis,fno,no,estab,fdata,ndoc,moeda,cambio,cambiofixo,ftano,site ,classe ) values ('aut678626419367862535ca',getdate(),convert(char(8),convert (time,getdate())),getdate(),convert(char(8),convert (time,getdate())),'wsv','wsv',2965,102253,0,'2025-01-14',39,'euro',0,0,2025 ,?,?)
20250114@084958.4180 d0m43lg8k3n6gpvdjr9f4dnit7 Query : use flama_phc
20250114@084958.4184 d0m43lg8k3n6gpvdjr9f4dnit7 Query : select st.usalote valor from st where st.ref = '324.5343.00.1'
20250114@084958.4309 d0m43lg8k3n6gpvdjr9f4dnit7 Query : select top 1 st.tabiva ,st.ivaincl ,st.stns ,st.uni2 ,st.familia ,isnull(tx.taxa, 0) txiva ,unidade ,usalote ,epcpond ,noserie ,conversao ,st.texteis from st left join taxasiva tx on st.tabiva = tx.codigo where st.ref = '324.5343.00.1'
20250114@084958.4461 d0m43lg8k3n6gpvdjr9f4dnit7 Query : select 1 valor from information_schema.tables where table_type='base table' and table_name='wstablefields'
20250114@084958.4481 d0m43lg8k3n6gpvdjr9f4dnit7 Query : select fieldkey,fieldname,fieldtype,mandatory from wstablefields where tablename = 'fi' and documentnumber = 39
20250114@084958.4511 d0m43lg8k3n6gpvdjr9f4dnit7 Query : select 1 valor from information_schema.tables where table_type='base table' and table_name='wstablefields'
20250114@084958.4528 d0m43lg8k3n6gpvdjr9f4dnit7 Query : select fieldkey,fieldname,fieldtype,mandatory from wstablefields where tablename = 'fi2' and documentnumber = 39
20250114@084958.4539 d0m43lg8k3n6gpvdjr9f4dnit7 Query : select top 1 convert(numeric(6,2),t.taxa) valor from taxasiva t where t.codigo='2'
20250114@084958.4587 d0m43lg8k3n6gpvdjr9f4dnit7 Query : select sestamp valor from se where ref ='324.5343.00.1' and lote = 'r2301282100a'
20250114@084958.4660 d0m43lg8k3n6gpvdjr9f4dnit7 Query : select 1 valor from information_schema.tables where table_type='base table' and table_name='wstablefields'
20250114@084958.4679 d0m43lg8k3n6gpvdjr9f4dnit7 Query : select fieldkey,fieldname,fieldtype,calcformula from wstablefields where tablename = 'fi2' and documentnumber = 39
20250114@084958.4694 d0m43lg8k3n6gpvdjr9f4dnit7 Query : insert into wsfi2data (fi2stamp,ftstamp ,ousrdata, ousrhora, usrdata,usrhora,ousrinis,usrinis) values ('aut67862120106786253671','aut678626419367862535ca' ,getdate(),convert(char(8),convert (time,getdate())),getdate(),convert(char(8),convert (time,getdate())),'wsv','wsv')
20250114@084958.4756 d0m43lg8k3n6gpvdjr9f4dnit7 Query : select 1 valor from information_schema.tables where table_type='base table' and table_name='wstablefields'
20250114@084958.4775 d0m43lg8k3n6gpvdjr9f4dnit7 Query : select fieldkey,fieldname,fieldtype,calcformula from wstablefields where tablename = 'fi' and documentnumber = 39
20250114@084958.4810 d0m43lg8k3n6gpvdjr9f4dnit7 Query : insert into wsfidata (fistamp,ousrdata, ousrhora, usrdata,usrhora,ousrinis,usrinis ,qtt ,ftstamp ,epv,pvmoeda ,tabiva,iva,lordem ,ref, design ,lote,armazem) values ('aut67862120106786253671',getdate(),convert(char(8),convert (time,getdate())),getdate(),convert(char(8),convert (time,getdate())),'wsv','wsv',6.000 ,'aut678626419367862535ca' ,0,0 ,2,23.00,10000,?,?,?,?)
20250114@084958.6291 d0m43lg8k3n6gpvdjr9f4dnit7 Query : select 1 valor from information_schema.tables where table_type='base table' and table_name='wstablefields'
20250114@084958.6310 d0m43lg8k3n6gpvdjr9f4dnit7 Query : select fieldkey,fieldname,fieldtype,mandatory from wstablefields where tablename = 'fi' and documentnumber = 39
20250114@084958.6341 d0m43lg8k3n6gpvdjr9f4dnit7 Query : select 1 valor from information_schema.tables where table_type='base table' and table_name='wstablefields'
20250114@084958.6358 d0m43lg8k3n6gpvdjr9f4dnit7 Query : select fieldkey,fieldname,fieldtype,mandatory from wstablefields where tablename = 'fi2' and documentnumber = 39
20250114@084958.6367 d0m43lg8k3n6gpvdjr9f4dnit7 Query : select top 1 convert(numeric(6,2),t.taxa) valor from taxasiva t where t.codigo='2'
20250114@084958.6380 d0m43lg8k3n6gpvdjr9f4dnit7 Query : select 1 valor from information_schema.tables where table_type='base table' and table_name='wstablefields'
20250114@084958.6399 d0m43lg8k3n6gpvdjr9f4dnit7 Query : select fieldkey,fieldname,fieldtype,calcformula from wstablefields where tablename = 'fi2' and documentnumber = 39
20250114@084958.6413 d0m43lg8k3n6gpvdjr9f4dnit7 Query : insert into wsfi2data (fi2stamp,ftstamp ,ousrdata, ousrhora, usrdata,usrhora,ousrinis,usrinis) values ('aut6786241281678625369b','aut678626419367862535ca' ,getdate(),convert(char(8),convert (time,getdate())),getdate(),convert(char(8),convert (time,getdate())),'wsv','wsv')
20250114@084958.6418 d0m43lg8k3n6gpvdjr9f4dnit7 Query : select 1 valor from information_schema.tables where table_type='base table' and table_name='wstablefields'
20250114@084958.6435 d0m43lg8k3n6gpvdjr9f4dnit7 Query : select fieldkey,fieldname,fieldtype,calcformula from wstablefields where tablename = 'fi' and documentnumber = 39
20250114@084958.6465 d0m43lg8k3n6gpvdjr9f4dnit7 Query : insert into wsfidata (fistamp,ousrdata, ousrhora, usrdata,usrhora,ousrinis,usrinis ,qtt ,ftstamp ,epv,pvmoeda ,tabiva,iva,lordem ,ref, design ,armazem) values ('aut6786241281678625369b',getdate(),convert(char(8),convert (time,getdate())),getdate(),convert(char(8),convert (time,getdate())),'wsv','wsv',0 ,'aut678626419367862535ca' ,0,0 ,2,23.00,20000,?,?,?)
20250114@084958.6710 d0m43lg8k3n6gpvdjr9f4dnit7 Query : insert into wsftcreationlog (initialftstamp,externalid,creationstatus,documenttypeid,idustamp) values ('aut678626419367862535ca','2500340','wait',39,'adm09112754980.682000002')
20250114@084958.6805 d0m43lg8k3n6gpvdjr9f4dnit7 Query : use flama_phc
20250114@084958.6808 d0m43lg8k3n6gpvdjr9f4dnit7 Query : update u_wsusers set rqsttoken =? where userid ='userls001'
20250114@084958.6838 d0m43lg8k3n6gpvdjr9f4dnit7 Query : select concat(rtrim(relative_path),ltrim(name_new)) as valor from uploadfiles where uploadfile_id='4587';
20250114@084958.6884 d0m43lg8k3n6gpvdjr9f4dnit7 Query : update uploadfiles set whenupdated=current_timestamp where uploadfile_id='4587';
20250114@084958.6941 d0m43lg8k3n6gpvdjr9f4dnit7 Query : select concat(rtrim(relative_path),ltrim(name_new)) as valor from uploadfiles where uploadfile_id='4587';
20250114@084958.6977 d0m43lg8k3n6gpvdjr9f4dnit7 Query : update uploadfiles set whenupdated=current_timestamp where uploadfile_id='4587';
20250114@091909.3381 7cf9qhhtk0q7dhtsvjjvfvpcmb Query : use flama_phc
20250114@091909.3386 7cf9qhhtk0q7dhtsvjjvfvpcmb Query : select secretkey valor from u_wsusers u where u.userid = ? and u.username=? and u.password=? and u.inactivo=0
20250114@091909.3482 7cf9qhhtk0q7dhtsvjjvfvpcmb Query : use flama_phc
20250114@091909.3485 7cf9qhhtk0q7dhtsvjjvfvpcmb Query : update u_wsusers set rqsttoken =? where userid ='userls001'
20250114@093609.2716 1mkces1qjnt62qi26uff305age Query : use flama_phc
20250114@093609.2720 1mkces1qjnt62qi26uff305age Query : select secretkey valor from u_wsusers u where u.userid = ? and u.username=? and u.password=? and u.inactivo=0
20250114@093609.2817 1mkces1qjnt62qi26uff305age Query : use flama_phc
20250114@093609.2822 1mkces1qjnt62qi26uff305age Query : update u_wsusers set rqsttoken =? where userid ='userls001'
20250114@101909.1264 uolt01t9l5on95io5o7nlskgmg Query : use flama_phc
20250114@101909.1270 uolt01t9l5on95io5o7nlskgmg Query : select secretkey valor from u_wsusers u where u.userid = ? and u.username=? and u.password=? and u.inactivo=0
20250114@101909.1368 uolt01t9l5on95io5o7nlskgmg Query : use flama_phc
20250114@101909.1372 uolt01t9l5on95io5o7nlskgmg Query : update u_wsusers set rqsttoken =? where userid ='userls001'
20250114@103609.1737 v1q9a0k7u519evjkh8isebpb7b Query : use flama_phc
20250114@103609.1745 v1q9a0k7u519evjkh8isebpb7b Query : select secretkey valor from u_wsusers u where u.userid = ? and u.username=? and u.password=? and u.inactivo=0
20250114@103609.1857 v1q9a0k7u519evjkh8isebpb7b Query : use flama_phc
20250114@103609.1862 v1q9a0k7u519evjkh8isebpb7b Query : update u_wsusers set rqsttoken =? where userid ='userls001'
20250114@103812.5011 j0fepd0kgcuthnh4t1kkl1c94p Query : insert into uploadfiles ( name_original, name_new, option_type, relative_path, whencreated ) values ( ?, ?, ?, ?, getdate() )
20250114@103812.5045 j0fepd0kgcuthnh4t1kkl1c94p Query : select uploadfile_id valor from uploadfiles where name_new = ? and option_type = ? 
20250114@103812.5165 j0fepd0kgcuthnh4t1kkl1c94p Query : select concat(rtrim(relative_path),ltrim(name_new)) as valor from uploadfiles where uploadfile_id='4588';
20250114@103812.5233 j0fepd0kgcuthnh4t1kkl1c94p Query : update uploadfiles set whenupdated=current_timestamp where uploadfile_id='4588';
20250114@103812.5314 j0fepd0kgcuthnh4t1kkl1c94p Query : select concat(rtrim(relative_path),ltrim(name_new)) as valor from uploadfiles where uploadfile_id='4588';
20250114@103812.5351 j0fepd0kgcuthnh4t1kkl1c94p Query : update uploadfiles set whenupdated=current_timestamp where uploadfile_id='4588';
20250114@103812.5415 j0fepd0kgcuthnh4t1kkl1c94p Query : use flama_phc
20250114@103812.5419 j0fepd0kgcuthnh4t1kkl1c94p Query : select top 1 secretkey valor from u_wsusers u where u.userid = ? and u.inactivo=0
20250114@103812.5536 j0fepd0kgcuthnh4t1kkl1c94p Query : use flama_phc
20250114@103812.5540 j0fepd0kgcuthnh4t1kkl1c94p Query : select no, estab,szadrsdesc from szadrs where u_coddest=3711
20250114@103812.5635 j0fepd0kgcuthnh4t1kkl1c94p Query : select top 1 isnull(design,'') valor from st (nolock) left join stobs (nolock) on st.ref = stobs.ref where st.ref = '324.681.00.01'
20250114@103812.5860 j0fepd0kgcuthnh4t1kkl1c94p Query : use flama_phc
20250114@103812.5866 j0fepd0kgcuthnh4t1kkl1c94p Query : select top 1 convert(date,fdata) valor from ft where ndoc = 39 and anulado= 0 and fno>0 order by fdata desc
20250114@103812.6077 j0fepd0kgcuthnh4t1kkl1c94p Query : use flama_phc
20250114@103812.6081 j0fepd0kgcuthnh4t1kkl1c94p Query : select top 1 1 valor from td where td.ndoc = 39
20250114@103812.6525 j0fepd0kgcuthnh4t1kkl1c94p Query : use flama_phc
20250114@103812.6567 j0fepd0kgcuthnh4t1kkl1c94p Query : select lower(descricao) descricao ,case when valor='s' then 1 else 0 end valor from para1 where descricao in ('st_lote','st_usalogifunc', 'st_grelha')
20250114@103812.6653 j0fepd0kgcuthnh4t1kkl1c94p Query : select top 1 manternumero ,assinadoc issigned ,tiposaft ,assinaimp ,nmdos ,td.assinadoc ,'cl' origin ,lancasl stocks ,case when cmsl<50 and td.lancasl=1 then 1 else 0 end entrada ,case when cmsl>50 and td.lancasl=1 then 1 else 0 end saida ,temserie assets ,~semgre usegridfields from td inner join td2 on td.tdstamp=td2.td2stamp where td.ndoc = 1
20250114@103812.6816 j0fepd0kgcuthnh4t1kkl1c94p Query : use flama_phc
20250114@103812.6819 j0fepd0kgcuthnh4t1kkl1c94p Query : select top 1 ~inactivo valor from cl where no = '100495' and estab = 0 order by inactivo desc
20250114@103812.6970 j0fepd0kgcuthnh4t1kkl1c94p Query : use flama_phc
20250114@103812.6974 j0fepd0kgcuthnh4t1kkl1c94p Query : select top 1 tipodoc,regrd from td where ndoc = 39
20250114@103812.7066 j0fepd0kgcuthnh4t1kkl1c94p Query : use flama_phc
20250114@103812.7069 j0fepd0kgcuthnh4t1kkl1c94p Query : select szadrsstamp valor from szadrs where szadrsdesc='espaÇotrans,lda'
20250114@103812.7145 j0fepd0kgcuthnh4t1kkl1c94p Query : use flama_phc
20250114@103812.7148 j0fepd0kgcuthnh4t1kkl1c94p Query : select szadrsstamp valor from szadrs where szadrsdesc='marfrete lisboa.-entrega'
20250114@103812.7202 j0fepd0kgcuthnh4t1kkl1c94p Query : use flama_phc
20250114@103812.7206 j0fepd0kgcuthnh4t1kkl1c94p Query : select 1 valor from td where ndoc = 39
20250114@103812.7290 j0fepd0kgcuthnh4t1kkl1c94p Query : select top 1 manternumero, tiposaft, nmdos,td.assinadoc from td where td.ndoc = 39
20250114@103812.7361 j0fepd0kgcuthnh4t1kkl1c94p Query : select 1 valor from information_schema.tables where table_type='base table' and table_name='wstablefields'
20250114@103812.7685 j0fepd0kgcuthnh4t1kkl1c94p Query : select fieldkey,fieldname,fieldtype,mandatory from wstablefields where tablename = 'ft' and documentnumber = 39
20250114@103812.7737 j0fepd0kgcuthnh4t1kkl1c94p Query : select 1 valor from information_schema.tables where table_type='base table' and table_name='wstablefields'
20250114@103812.7753 j0fepd0kgcuthnh4t1kkl1c94p Query : select fieldkey,fieldname,fieldtype,mandatory from wstablefields where tablename = 'ft2' and documentnumber = 39
20250114@103812.7791 j0fepd0kgcuthnh4t1kkl1c94p Query : select 1 valor from information_schema.tables where table_type='base table' and table_name='wstablefields'
20250114@103812.7810 j0fepd0kgcuthnh4t1kkl1c94p Query : select fieldkey,fieldname,fieldtype,mandatory from wstablefields where tablename = 'ft3' and documentnumber = 39
20250114@103812.7829 j0fepd0kgcuthnh4t1kkl1c94p Query : select top 1 ft.fno valor from ft ft where ft.ndoc = 39 and ftano=2025 order by fno desc
20250114@103812.8087 j0fepd0kgcuthnh4t1kkl1c94p Query : select top 1 ft.fno valor from wsftdata ft where ft.ndoc = 39 and ftano=2025 order by fno desc
20250114@103812.8178 j0fepd0kgcuthnh4t1kkl1c94p Query : select 1 valor from information_schema.tables where table_type='base table' and table_name='wstablefields'
20250114@103812.8200 j0fepd0kgcuthnh4t1kkl1c94p Query : select fieldkey,fieldname,fieldtype,calcformula from wstablefields where tablename = 'ft3' and documentnumber = 39
20250114@103812.8246 j0fepd0kgcuthnh4t1kkl1c94p Query : insert into wsft3data (ft3stamp, ousrdata, ousrhora, usrdata,usrhora,ousrinis,usrinis,taxpointdt ) values ('aut678636835967863e94bf' ,getdate(),convert(char(8),convert (time,getdate())),getdate(),convert(char(8),convert (time,getdate())),'wsv','wsv',?)
20250114@103812.8440 j0fepd0kgcuthnh4t1kkl1c94p Query : select 1 valor from information_schema.tables where table_type='base table' and table_name='wstablefields'
20250114@103812.8460 j0fepd0kgcuthnh4t1kkl1c94p Query : select fieldkey,fieldname,fieldtype,calcformula from wstablefields where tablename = 'ft2' and documentnumber = 39
20250114@103812.8504 j0fepd0kgcuthnh4t1kkl1c94p Query : select top 1 bo.u_nomeenv valor from bo where bo.bostamp=''
20250114@103812.8607 j0fepd0kgcuthnh4t1kkl1c94p Query : select top 1 bo.u_moradaen valor from bo where bo.bostamp=''
20250114@103812.8684 j0fepd0kgcuthnh4t1kkl1c94p Query : select top 1 bo.u_codposen valor from bo where bo.bostamp=''
20250114@103812.8761 j0fepd0kgcuthnh4t1kkl1c94p Query : select top 1 bo.u_localenv valor from bo where bo.bostamp=''
20250114@103812.8841 j0fepd0kgcuthnh4t1kkl1c94p Query : select top 1 bo.trab5 valor from bo where bo.bostamp=''
20250114@103812.8929 j0fepd0kgcuthnh4t1kkl1c94p Query : select top 1 bo.serie valor from bo where bo.bostamp=''
20250114@103812.9007 j0fepd0kgcuthnh4t1kkl1c94p Query : insert into wsft2data (ft2stamp, ousrdata,ousrhora, usrdata,usrhora,ousrinis,usrinis,u_nomeenv ,u_moradaen ,u_codposen ,u_localenv ,u_coddest ,u_codby ) values ('aut678636835967863e94bf',getdate(),convert(char(8),convert (time,getdate())),getdate(),convert(char(8),convert (time,getdate())),'wsv','wsv',?,?,?,?,?,?)
20250114@103812.9298 j0fepd0kgcuthnh4t1kkl1c94p Query : select top 1 fno valor from wsftdata order by fno desc
20250114@103812.9444 j0fepd0kgcuthnh4t1kkl1c94p Query : select 1 valor from information_schema.tables where table_type='base table' and table_name='wstablefields'
20250114@103812.9466 j0fepd0kgcuthnh4t1kkl1c94p Query : select fieldkey,fieldname,fieldtype,calcformula from wstablefields where tablename = 'ft' and documentnumber = 39
20250114@103812.9516 j0fepd0kgcuthnh4t1kkl1c94p Query : select 'normal' from dummy
20250114@103812.9569 j0fepd0kgcuthnh4t1kkl1c94p Query : insert into wsftdata (ftstamp, ousrdata,ousrhora, usrdata,usrhora,ousrinis,usrinis,fno,no,estab,fdata,ndoc,moeda,cambio,cambiofixo,ftano,site ,classe ) values ('aut678636835967863e94bf',getdate(),convert(char(8),convert (time,getdate())),getdate(),convert(char(8),convert (time,getdate())),'wsv','wsv',2966,100495,0,'2025-01-14',39,'euro',0,0,2025 ,?,?)
20250114@103812.9965 j0fepd0kgcuthnh4t1kkl1c94p Query : use flama_phc
20250114@103812.9969 j0fepd0kgcuthnh4t1kkl1c94p Query : select st.usalote valor from st where st.ref = '324.681.00.01'
20250114@103813.1051 j0fepd0kgcuthnh4t1kkl1c94p Query : select top 1 st.tabiva ,st.ivaincl ,st.stns ,st.uni2 ,st.familia ,isnull(tx.taxa, 0) txiva ,unidade ,usalote ,epcpond ,noserie ,conversao ,st.texteis from st left join taxasiva tx on st.tabiva = tx.codigo where st.ref = '324.681.00.01'
20250114@103813.1234 j0fepd0kgcuthnh4t1kkl1c94p Query : select 1 valor from information_schema.tables where table_type='base table' and table_name='wstablefields'
20250114@103813.1253 j0fepd0kgcuthnh4t1kkl1c94p Query : select fieldkey,fieldname,fieldtype,mandatory from wstablefields where tablename = 'fi' and documentnumber = 39
20250114@103813.1284 j0fepd0kgcuthnh4t1kkl1c94p Query : select 1 valor from information_schema.tables where table_type='base table' and table_name='wstablefields'
20250114@103813.1302 j0fepd0kgcuthnh4t1kkl1c94p Query : select fieldkey,fieldname,fieldtype,mandatory from wstablefields where tablename = 'fi2' and documentnumber = 39
20250114@103813.1333 j0fepd0kgcuthnh4t1kkl1c94p Query : select top 1 convert(numeric(6,2),t.taxa) valor from taxasiva t where t.codigo='2'
20250114@103813.1381 j0fepd0kgcuthnh4t1kkl1c94p Query : select sestamp valor from se where ref ='324.681.00.01' and lote = 'r2400696200a'
20250114@103813.1459 j0fepd0kgcuthnh4t1kkl1c94p Query : select 1 valor from information_schema.tables where table_type='base table' and table_name='wstablefields'
20250114@103813.1477 j0fepd0kgcuthnh4t1kkl1c94p Query : select fieldkey,fieldname,fieldtype,calcformula from wstablefields where tablename = 'fi2' and documentnumber = 39
20250114@103813.1491 j0fepd0kgcuthnh4t1kkl1c94p Query : insert into wsfi2data (fi2stamp,ftstamp ,ousrdata, ousrhora, usrdata,usrhora,ousrinis,usrinis) values ('aut678631990367863e9523','aut678636835967863e94bf' ,getdate(),convert(char(8),convert (time,getdate())),getdate(),convert(char(8),convert (time,getdate())),'wsv','wsv')
20250114@103813.1539 j0fepd0kgcuthnh4t1kkl1c94p Query : select 1 valor from information_schema.tables where table_type='base table' and table_name='wstablefields'
20250114@103813.1557 j0fepd0kgcuthnh4t1kkl1c94p Query : select fieldkey,fieldname,fieldtype,calcformula from wstablefields where tablename = 'fi' and documentnumber = 39
20250114@103813.1590 j0fepd0kgcuthnh4t1kkl1c94p Query : insert into wsfidata (fistamp,ousrdata, ousrhora, usrdata,usrhora,ousrinis,usrinis ,qtt ,ftstamp ,epv,pvmoeda ,tabiva,iva,lordem ,ref, design ,lote,armazem) values ('aut678631990367863e9523',getdate(),convert(char(8),convert (time,getdate())),getdate(),convert(char(8),convert (time,getdate())),'wsv','wsv',4.000 ,'aut678636835967863e94bf' ,0,0 ,2,23.00,10000,?,?,?,?)
20250114@103813.1928 j0fepd0kgcuthnh4t1kkl1c94p Query : select 1 valor from information_schema.tables where table_type='base table' and table_name='wstablefields'
20250114@103813.1951 j0fepd0kgcuthnh4t1kkl1c94p Query : select fieldkey,fieldname,fieldtype,mandatory from wstablefields where tablename = 'fi' and documentnumber = 39
20250114@103813.1980 j0fepd0kgcuthnh4t1kkl1c94p Query : select 1 valor from information_schema.tables where table_type='base table' and table_name='wstablefields'
20250114@103813.1995 j0fepd0kgcuthnh4t1kkl1c94p Query : select fieldkey,fieldname,fieldtype,mandatory from wstablefields where tablename = 'fi2' and documentnumber = 39
20250114@103813.2004 j0fepd0kgcuthnh4t1kkl1c94p Query : select top 1 convert(numeric(6,2),t.taxa) valor from taxasiva t where t.codigo='2'
20250114@103813.2020 j0fepd0kgcuthnh4t1kkl1c94p Query : select 1 valor from information_schema.tables where table_type='base table' and table_name='wstablefields'
20250114@103813.2035 j0fepd0kgcuthnh4t1kkl1c94p Query : select fieldkey,fieldname,fieldtype,calcformula from wstablefields where tablename = 'fi2' and documentnumber = 39
20250114@103813.2048 j0fepd0kgcuthnh4t1kkl1c94p Query : insert into wsfi2data (fi2stamp,ftstamp ,ousrdata, ousrhora, usrdata,usrhora,ousrinis,usrinis) values ('aut678637953867863e9531','aut678636835967863e94bf' ,getdate(),convert(char(8),convert (time,getdate())),getdate(),convert(char(8),convert (time,getdate())),'wsv','wsv')
20250114@103813.2052 j0fepd0kgcuthnh4t1kkl1c94p Query : select 1 valor from information_schema.tables where table_type='base table' and table_name='wstablefields'
20250114@103813.2068 j0fepd0kgcuthnh4t1kkl1c94p Query : select fieldkey,fieldname,fieldtype,calcformula from wstablefields where tablename = 'fi' and documentnumber = 39
20250114@103813.2101 j0fepd0kgcuthnh4t1kkl1c94p Query : insert into wsfidata (fistamp,ousrdata, ousrhora, usrdata,usrhora,ousrinis,usrinis ,qtt ,ftstamp ,epv,pvmoeda ,tabiva,iva,lordem ,ref, design ,armazem) values ('aut678637953867863e9531',getdate(),convert(char(8),convert (time,getdate())),getdate(),convert(char(8),convert (time,getdate())),'wsv','wsv',0 ,'aut678636835967863e94bf' ,0,0 ,2,23.00,20000,?,?,?)
20250114@103813.2386 j0fepd0kgcuthnh4t1kkl1c94p Query : insert into wsftcreationlog (initialftstamp,externalid,creationstatus,documenttypeid,idustamp) values ('aut678636835967863e94bf','2500320','wait',39,'adm09112754980.682000002')
20250114@103813.2504 j0fepd0kgcuthnh4t1kkl1c94p Query : use flama_phc
20250114@103813.2507 j0fepd0kgcuthnh4t1kkl1c94p Query : update u_wsusers set rqsttoken =? where userid ='userls001'
20250114@103813.2554 j0fepd0kgcuthnh4t1kkl1c94p Query : select concat(rtrim(relative_path),ltrim(name_new)) as valor from uploadfiles where uploadfile_id='4588';
20250114@103813.2635 j0fepd0kgcuthnh4t1kkl1c94p Query : update uploadfiles set whenupdated=current_timestamp where uploadfile_id='4588';
20250114@103813.2690 j0fepd0kgcuthnh4t1kkl1c94p Query : select concat(rtrim(relative_path),ltrim(name_new)) as valor from uploadfiles where uploadfile_id='4588';
20250114@103813.2727 j0fepd0kgcuthnh4t1kkl1c94p Query : update uploadfiles set whenupdated=current_timestamp where uploadfile_id='4588';
20250114@111909.2164 6c0smc8lfnmdqi4rffpj8otkm7 Query : use flama_phc
20250114@111909.2168 6c0smc8lfnmdqi4rffpj8otkm7 Query : select secretkey valor from u_wsusers u where u.userid = ? and u.username=? and u.password=? and u.inactivo=0
20250114@111909.2309 6c0smc8lfnmdqi4rffpj8otkm7 Query : use flama_phc
20250114@111909.2312 6c0smc8lfnmdqi4rffpj8otkm7 Query : update u_wsusers set rqsttoken =? where userid ='userls001'
20250114@113609.6398 affu19df9j24i3h80jeord5gkb Query : use flama_phc
20250114@113609.6405 affu19df9j24i3h80jeord5gkb Query : select secretkey valor from u_wsusers u where u.userid = ? and u.username=? and u.password=? and u.inactivo=0
20250114@113609.6500 affu19df9j24i3h80jeord5gkb Query : use flama_phc
20250114@113609.6504 affu19df9j24i3h80jeord5gkb Query : update u_wsusers set rqsttoken =? where userid ='userls001'
20250114@121909.2588 4lt4msbfabfk3n8sk64pge8k8q Query : use flama_phc
20250114@121909.2592 4lt4msbfabfk3n8sk64pge8k8q Query : select secretkey valor from u_wsusers u where u.userid = ? and u.username=? and u.password=? and u.inactivo=0
20250114@121909.2680 4lt4msbfabfk3n8sk64pge8k8q Query : use flama_phc
20250114@121909.2683 4lt4msbfabfk3n8sk64pge8k8q Query : update u_wsusers set rqsttoken =? where userid ='userls001'
20250114@123609.2439 9quagb6ine0907p9kj4a5p5r4f Query : use flama_phc
20250114@123609.2443 9quagb6ine0907p9kj4a5p5r4f Query : select secretkey valor from u_wsusers u where u.userid = ? and u.username=? and u.password=? and u.inactivo=0
20250114@123609.2548 9quagb6ine0907p9kj4a5p5r4f Query : use flama_phc
20250114@123609.2552 9quagb6ine0907p9kj4a5p5r4f Query : update u_wsusers set rqsttoken =? where userid ='userls001'
20250114@131909.9203 cun63n9cr1l6ormk3ci62k27o9 Query : use flama_phc
20250114@131909.9208 cun63n9cr1l6ormk3ci62k27o9 Query : select secretkey valor from u_wsusers u where u.userid = ? and u.username=? and u.password=? and u.inactivo=0
20250114@131909.9319 cun63n9cr1l6ormk3ci62k27o9 Query : use flama_phc
20250114@131909.9324 cun63n9cr1l6ormk3ci62k27o9 Query : update u_wsusers set rqsttoken =? where userid ='userls001'
20250114@133610.3946 17287bv1pj4jh6huabhubdbb3l Query : use flama_phc
20250114@133610.3951 17287bv1pj4jh6huabhubdbb3l Query : select secretkey valor from u_wsusers u where u.userid = ? and u.username=? and u.password=? and u.inactivo=0
20250114@133610.4038 17287bv1pj4jh6huabhubdbb3l Query : use flama_phc
20250114@133610.4041 17287bv1pj4jh6huabhubdbb3l Query : update u_wsusers set rqsttoken =? where userid ='userls001'
20250114@141909.6228 k22d2f5bllkih3v6eu2aer5mh9 Query : use flama_phc
20250114@141909.6232 k22d2f5bllkih3v6eu2aer5mh9 Query : select secretkey valor from u_wsusers u where u.userid = ? and u.username=? and u.password=? and u.inactivo=0
20250114@141909.6329 k22d2f5bllkih3v6eu2aer5mh9 Query : use flama_phc
20250114@141909.6333 k22d2f5bllkih3v6eu2aer5mh9 Query : update u_wsusers set rqsttoken =? where userid ='userls001'
20250114@143609.3532 rn5q919pi4hmilgi2jr83qamh6 Query : use flama_phc
20250114@143609.3539 rn5q919pi4hmilgi2jr83qamh6 Query : select secretkey valor from u_wsusers u where u.userid = ? and u.username=? and u.password=? and u.inactivo=0
20250114@143609.3640 rn5q919pi4hmilgi2jr83qamh6 Query : use flama_phc
20250114@143609.3645 rn5q919pi4hmilgi2jr83qamh6 Query : update u_wsusers set rqsttoken =? where userid ='userls001'
20250114@151909.3819 5po26v8n42t55fds4etvt25n0c Query : use flama_phc
20250114@151909.3824 5po26v8n42t55fds4etvt25n0c Query : select secretkey valor from u_wsusers u where u.userid = ? and u.username=? and u.password=? and u.inactivo=0
20250114@151909.3974 5po26v8n42t55fds4etvt25n0c Query : use flama_phc
20250114@151909.3979 5po26v8n42t55fds4etvt25n0c Query : update u_wsusers set rqsttoken =? where userid ='userls001'
20250114@153609.2988 hqijok54oslb13f86sm4a87htu Query : use flama_phc
20250114@153609.2993 hqijok54oslb13f86sm4a87htu Query : select secretkey valor from u_wsusers u where u.userid = ? and u.username=? and u.password=? and u.inactivo=0
20250114@153609.3121 hqijok54oslb13f86sm4a87htu Query : use flama_phc
20250114@153609.3127 hqijok54oslb13f86sm4a87htu Query : update u_wsusers set rqsttoken =? where userid ='userls001'
20250114@154618.8531 ri65a42dn92t3bdfhqivgpd5tp Query : insert into uploadfiles ( name_original, name_new, option_type, relative_path, whencreated ) values ( ?, ?, ?, ?, getdate() )
20250114@154618.8565 ri65a42dn92t3bdfhqivgpd5tp Query : select uploadfile_id valor from uploadfiles where name_new = ? and option_type = ? 
20250114@154618.8816 ri65a42dn92t3bdfhqivgpd5tp Query : select concat(rtrim(relative_path),ltrim(name_new)) as valor from uploadfiles where uploadfile_id='4589';
20250114@154618.8891 ri65a42dn92t3bdfhqivgpd5tp Query : update uploadfiles set whenupdated=current_timestamp where uploadfile_id='4589';
20250114@154618.8954 ri65a42dn92t3bdfhqivgpd5tp Query : select concat(rtrim(relative_path),ltrim(name_new)) as valor from uploadfiles where uploadfile_id='4589';
20250114@154618.9016 ri65a42dn92t3bdfhqivgpd5tp Query : update uploadfiles set whenupdated=current_timestamp where uploadfile_id='4589';
20250114@154618.9124 ri65a42dn92t3bdfhqivgpd5tp Query : use flama_phc
20250114@154618.9128 ri65a42dn92t3bdfhqivgpd5tp Query : select top 1 secretkey valor from u_wsusers u where u.userid = ? and u.inactivo=0
20250114@154618.9220 ri65a42dn92t3bdfhqivgpd5tp Query : use flama_phc
20250114@154618.9225 ri65a42dn92t3bdfhqivgpd5tp Query : select no, estab,szadrsdesc from szadrs where u_coddest=2427
20250114@154618.9400 ri65a42dn92t3bdfhqivgpd5tp Query : select top 1 isnull(design,'') valor from st (nolock) left join stobs (nolock) on st.ref = stobs.ref where st.ref = '324.1884.00.1'
20250114@154618.9585 ri65a42dn92t3bdfhqivgpd5tp Query : select top 1 isnull(design,'') valor from st (nolock) left join stobs (nolock) on st.ref = stobs.ref where st.ref = '324.1884.00.1'
20250114@154618.9604 ri65a42dn92t3bdfhqivgpd5tp Query : select top 1 isnull(design,'') valor from st (nolock) left join stobs (nolock) on st.ref = stobs.ref where st.ref = '324.1884.00.1'
20250114@154618.9623 ri65a42dn92t3bdfhqivgpd5tp Query : select top 1 isnull(design,'') valor from st (nolock) left join stobs (nolock) on st.ref = stobs.ref where st.ref = '324.948.00.01'
20250114@154618.9790 ri65a42dn92t3bdfhqivgpd5tp Query : select top 1 isnull(design,'') valor from st (nolock) left join stobs (nolock) on st.ref = stobs.ref where st.ref = '324.948.00.01'
20250114@154618.9810 ri65a42dn92t3bdfhqivgpd5tp Query : select top 1 isnull(design,'') valor from st (nolock) left join stobs (nolock) on st.ref = stobs.ref where st.ref = '324.948.00.01'
20250114@154618.9830 ri65a42dn92t3bdfhqivgpd5tp Query : select top 1 isnull(design,'') valor from st (nolock) left join stobs (nolock) on st.ref = stobs.ref where st.ref = '324.1684.00.1'
20250114@154619.5000 ri65a42dn92t3bdfhqivgpd5tp Query : select top 1 isnull(design,'') valor from st (nolock) left join stobs (nolock) on st.ref = stobs.ref where st.ref = '324.1879.00.1'
20250114@154619.1720 ri65a42dn92t3bdfhqivgpd5tp Query : select top 1 isnull(design,'') valor from st (nolock) left join stobs (nolock) on st.ref = stobs.ref where st.ref = '324.1879.00.1'
20250114@154619.1930 ri65a42dn92t3bdfhqivgpd5tp Query : select top 1 isnull(design,'') valor from st (nolock) left join stobs (nolock) on st.ref = stobs.ref where st.ref = '324.2222.00.1'
20250114@154619.3650 ri65a42dn92t3bdfhqivgpd5tp Query : select top 1 isnull(design,'') valor from st (nolock) left join stobs (nolock) on st.ref = stobs.ref where st.ref = '324.2221.00.1'
20250114@154619.5290 ri65a42dn92t3bdfhqivgpd5tp Query : select top 1 isnull(design,'') valor from st (nolock) left join stobs (nolock) on st.ref = stobs.ref where st.ref = '324.1608.00.1'
20250114@154619.6810 ri65a42dn92t3bdfhqivgpd5tp Query : select top 1 isnull(design,'') valor from st (nolock) left join stobs (nolock) on st.ref = stobs.ref where st.ref = '324.1608.00.1'
20250114@154619.7000 ri65a42dn92t3bdfhqivgpd5tp Query : select top 1 isnull(design,'') valor from st (nolock) left join stobs (nolock) on st.ref = stobs.ref where st.ref = '327.8261.00.1'
20250114@154619.9150 ri65a42dn92t3bdfhqivgpd5tp Query : select top 1 isnull(design,'') valor from st (nolock) left join stobs (nolock) on st.ref = stobs.ref where st.ref = '327.8261.00.1'
20250114@154619.9910 ri65a42dn92t3bdfhqivgpd5tp Query : select top 1 isnull(design,'') valor from st (nolock) left join stobs (nolock) on st.ref = stobs.ref where st.ref = '327.8261.00.1'
20250114@154619.1540 ri65a42dn92t3bdfhqivgpd5tp Query : select top 1 isnull(design,'') valor from st (nolock) left join stobs (nolock) on st.ref = stobs.ref where st.ref = '327.8261.00.1'
20250114@154619.1576 ri65a42dn92t3bdfhqivgpd5tp Query : select top 1 isnull(design,'') valor from st (nolock) left join stobs (nolock) on st.ref = stobs.ref where st.ref = '327.8261.00.1'
20250114@154619.1596 ri65a42dn92t3bdfhqivgpd5tp Query : select top 1 isnull(design,'') valor from st (nolock) left join stobs (nolock) on st.ref = stobs.ref where st.ref = '327.8261.00.1'
20250114@154619.1649 ri65a42dn92t3bdfhqivgpd5tp Query : select top 1 isnull(design,'') valor from st (nolock) left join stobs (nolock) on st.ref = stobs.ref where st.ref = '324.691.00.01'
20250114@154619.1840 ri65a42dn92t3bdfhqivgpd5tp Query : select top 1 isnull(design,'') valor from st (nolock) left join stobs (nolock) on st.ref = stobs.ref where st.ref = '324.691.00.01'
20250114@154619.1859 ri65a42dn92t3bdfhqivgpd5tp Query : select top 1 isnull(design,'') valor from st (nolock) left join stobs (nolock) on st.ref = stobs.ref where st.ref = '324.691.00.01'
20250114@154619.1878 ri65a42dn92t3bdfhqivgpd5tp Query : select top 1 isnull(design,'') valor from st (nolock) left join stobs (nolock) on st.ref = stobs.ref where st.ref = '324.691.00.01'
20250114@154619.1896 ri65a42dn92t3bdfhqivgpd5tp Query : select top 1 isnull(design,'') valor from st (nolock) left join stobs (nolock) on st.ref = stobs.ref where st.ref = '324.691.00.01'
20250114@154619.1915 ri65a42dn92t3bdfhqivgpd5tp Query : select top 1 isnull(design,'') valor from st (nolock) left join stobs (nolock) on st.ref = stobs.ref where st.ref = '324.1832.00.2'
20250114@154619.2097 ri65a42dn92t3bdfhqivgpd5tp Query : select top 1 isnull(design,'') valor from st (nolock) left join stobs (nolock) on st.ref = stobs.ref where st.ref = '324.1832.00.2'
20250114@154619.2122 ri65a42dn92t3bdfhqivgpd5tp Query : use flama_phc
20250114@154619.2126 ri65a42dn92t3bdfhqivgpd5tp Query : select top 1 convert(date,fdata) valor from ft where ndoc = 39 and anulado= 0 and fno>0 order by fdata desc
20250114@154619.2190 ri65a42dn92t3bdfhqivgpd5tp Query : use flama_phc
20250114@154619.2194 ri65a42dn92t3bdfhqivgpd5tp Query : select top 1 1 valor from td where td.ndoc = 39
20250114@154619.2239 ri65a42dn92t3bdfhqivgpd5tp Query : use flama_phc
20250114@154619.2243 ri65a42dn92t3bdfhqivgpd5tp Query : select lower(descricao) descricao ,case when valor='s' then 1 else 0 end valor from para1 where descricao in ('st_lote','st_usalogifunc', 'st_grelha')
20250114@154619.2330 ri65a42dn92t3bdfhqivgpd5tp Query : select top 1 manternumero ,assinadoc issigned ,tiposaft ,assinaimp ,nmdos ,td.assinadoc ,'cl' origin ,lancasl stocks ,case when cmsl<50 and td.lancasl=1 then 1 else 0 end entrada ,case when cmsl>50 and td.lancasl=1 then 1 else 0 end saida ,temserie assets ,~semgre usegridfields from td inner join td2 on td.tdstamp=td2.td2stamp where td.ndoc = 1
20250114@154619.2393 ri65a42dn92t3bdfhqivgpd5tp Query : use flama_phc
20250114@154619.2396 ri65a42dn92t3bdfhqivgpd5tp Query : select top 1 ~inactivo valor from cl where no = '200500' and estab = 0 order by inactivo desc
20250114@154619.2735 ri65a42dn92t3bdfhqivgpd5tp Query : use flama_phc
20250114@154619.2739 ri65a42dn92t3bdfhqivgpd5tp Query : select top 1 tipodoc,regrd from td where ndoc = 39
20250114@154619.2815 ri65a42dn92t3bdfhqivgpd5tp Query : use flama_phc
20250114@154619.2819 ri65a42dn92t3bdfhqivgpd5tp Query : select szadrsstamp valor from szadrs where szadrsdesc='espaÇotrans,lda'
20250114@154619.2876 ri65a42dn92t3bdfhqivgpd5tp Query : use flama_phc
20250114@154619.2879 ri65a42dn92t3bdfhqivgpd5tp Query : select szadrsstamp valor from szadrs where szadrsdesc='electrodomesticos divelsa,s.a'
20250114@154619.2944 ri65a42dn92t3bdfhqivgpd5tp Query : use flama_phc
20250114@154619.2947 ri65a42dn92t3bdfhqivgpd5tp Query : select 1 valor from td where ndoc = 39
20250114@154619.2967 ri65a42dn92t3bdfhqivgpd5tp Query : select top 1 manternumero, tiposaft, nmdos,td.assinadoc from td where td.ndoc = 39
20250114@154619.2988 ri65a42dn92t3bdfhqivgpd5tp Query : select 1 valor from information_schema.tables where table_type='base table' and table_name='wstablefields'
20250114@154619.3391 ri65a42dn92t3bdfhqivgpd5tp Query : select fieldkey,fieldname,fieldtype,mandatory from wstablefields where tablename = 'ft' and documentnumber = 39
20250114@154619.3552 ri65a42dn92t3bdfhqivgpd5tp Query : select 1 valor from information_schema.tables where table_type='base table' and table_name='wstablefields'
20250114@154619.4331 ri65a42dn92t3bdfhqivgpd5tp Query : select fieldkey,fieldname,fieldtype,mandatory from wstablefields where tablename = 'ft2' and documentnumber = 39
20250114@154619.4367 ri65a42dn92t3bdfhqivgpd5tp Query : select 1 valor from information_schema.tables where table_type='base table' and table_name='wstablefields'
20250114@154619.4392 ri65a42dn92t3bdfhqivgpd5tp Query : select fieldkey,fieldname,fieldtype,mandatory from wstablefields where tablename = 'ft3' and documentnumber = 39
20250114@154619.4407 ri65a42dn92t3bdfhqivgpd5tp Query : select top 1 ft.fno valor from ft ft where ft.ndoc = 39 and ftano=2025 order by fno desc
20250114@154619.4614 ri65a42dn92t3bdfhqivgpd5tp Query : select top 1 ft.fno valor from wsftdata ft where ft.ndoc = 39 and ftano=2025 order by fno desc
20250114@154619.4647 ri65a42dn92t3bdfhqivgpd5tp Query : select 1 valor from information_schema.tables where table_type='base table' and table_name='wstablefields'
20250114@154619.4665 ri65a42dn92t3bdfhqivgpd5tp Query : select fieldkey,fieldname,fieldtype,calcformula from wstablefields where tablename = 'ft3' and documentnumber = 39
20250114@154619.4704 ri65a42dn92t3bdfhqivgpd5tp Query : insert into wsft3data (ft3stamp, ousrdata, ousrhora, usrdata,usrhora,ousrinis,usrinis,taxpointdt ) values ('aut6786861783678686cb6b' ,getdate(),convert(char(8),convert (time,getdate())),getdate(),convert(char(8),convert (time,getdate())),'wsv','wsv',?)
20250114@154619.5073 ri65a42dn92t3bdfhqivgpd5tp Query : select 1 valor from information_schema.tables where table_type='base table' and table_name='wstablefields'
20250114@154619.5110 ri65a42dn92t3bdfhqivgpd5tp Query : select fieldkey,fieldname,fieldtype,calcformula from wstablefields where tablename = 'ft2' and documentnumber = 39
20250114@154619.5152 ri65a42dn92t3bdfhqivgpd5tp Query : select top 1 bo.u_nomeenv valor from bo where bo.bostamp=''
20250114@154619.5168 ri65a42dn92t3bdfhqivgpd5tp Query : select top 1 bo.u_moradaen valor from bo where bo.bostamp=''
20250114@154619.5199 ri65a42dn92t3bdfhqivgpd5tp Query : select top 1 bo.u_codposen valor from bo where bo.bostamp=''
20250114@154619.5213 ri65a42dn92t3bdfhqivgpd5tp Query : select top 1 bo.u_localenv valor from bo where bo.bostamp=''
20250114@154619.5227 ri65a42dn92t3bdfhqivgpd5tp Query : select top 1 bo.trab5 valor from bo where bo.bostamp=''
20250114@154619.5242 ri65a42dn92t3bdfhqivgpd5tp Query : select top 1 bo.serie valor from bo where bo.bostamp=''
20250114@154619.5256 ri65a42dn92t3bdfhqivgpd5tp Query : insert into wsft2data (ft2stamp, ousrdata,ousrhora, usrdata,usrhora,ousrinis,usrinis,u_nomeenv ,u_moradaen ,u_codposen ,u_localenv ,u_coddest ,u_codby ) values ('aut6786861783678686cb6b',getdate(),convert(char(8),convert (time,getdate())),getdate(),convert(char(8),convert (time,getdate())),'wsv','wsv',?,?,?,?,?,?)
20250114@154619.6170 ri65a42dn92t3bdfhqivgpd5tp Query : select top 1 fno valor from wsftdata order by fno desc
20250114@154619.6217 ri65a42dn92t3bdfhqivgpd5tp Query : select 1 valor from information_schema.tables where table_type='base table' and table_name='wstablefields'
20250114@154619.6236 ri65a42dn92t3bdfhqivgpd5tp Query : select fieldkey,fieldname,fieldtype,calcformula from wstablefields where tablename = 'ft' and documentnumber = 39
20250114@154619.6263 ri65a42dn92t3bdfhqivgpd5tp Query : select 'normal' from dummy
20250114@154619.6296 ri65a42dn92t3bdfhqivgpd5tp Query : insert into wsftdata (ftstamp, ousrdata,ousrhora, usrdata,usrhora,ousrinis,usrinis,fno,no,estab,fdata,ndoc,moeda,cambio,cambiofixo,ftano,site ,classe ) values ('aut6786861783678686cb6b',getdate(),convert(char(8),convert (time,getdate())),getdate(),convert(char(8),convert (time,getdate())),'wsv','wsv',2967,200500,0,'2025-01-14',39,'euro',0,0,2025 ,?,?)
20250114@154619.6879 ri65a42dn92t3bdfhqivgpd5tp Query : use flama_phc
20250114@154619.6883 ri65a42dn92t3bdfhqivgpd5tp Query : select st.usalote valor from st where st.ref = '324.1884.00.1'
20250114@154619.6919 ri65a42dn92t3bdfhqivgpd5tp Query : select top 1 st.tabiva ,st.ivaincl ,st.stns ,st.uni2 ,st.familia ,isnull(tx.taxa, 0) txiva ,unidade ,usalote ,epcpond ,noserie ,conversao ,st.texteis from st left join taxasiva tx on st.tabiva = tx.codigo where st.ref = '324.1884.00.1'
20250114@154619.7126 ri65a42dn92t3bdfhqivgpd5tp Query : select 1 valor from information_schema.tables where table_type='base table' and table_name='wstablefields'
20250114@154619.7145 ri65a42dn92t3bdfhqivgpd5tp Query : select fieldkey,fieldname,fieldtype,mandatory from wstablefields where tablename = 'fi' and documentnumber = 39
20250114@154619.7176 ri65a42dn92t3bdfhqivgpd5tp Query : select 1 valor from information_schema.tables where table_type='base table' and table_name='wstablefields'
20250114@154619.7191 ri65a42dn92t3bdfhqivgpd5tp Query : select fieldkey,fieldname,fieldtype,mandatory from wstablefields where tablename = 'fi2' and documentnumber = 39
20250114@154619.7202 ri65a42dn92t3bdfhqivgpd5tp Query : select top 1 convert(numeric(6,2),t.taxa) valor from taxasiva t where t.codigo='2'
20250114@154619.7245 ri65a42dn92t3bdfhqivgpd5tp Query : select sestamp valor from se where ref ='324.1884.00.1' and lote = 'r2400213100a'
20250114@154619.7273 ri65a42dn92t3bdfhqivgpd5tp Query : select 1 valor from information_schema.tables where table_type='base table' and table_name='wstablefields'
20250114@154619.7290 ri65a42dn92t3bdfhqivgpd5tp Query : select fieldkey,fieldname,fieldtype,calcformula from wstablefields where tablename = 'fi2' and documentnumber = 39
20250114@154619.7304 ri65a42dn92t3bdfhqivgpd5tp Query : insert into wsfi2data (fi2stamp,ftstamp ,ousrdata, ousrhora, usrdata,usrhora,ousrinis,usrinis) values ('aut6786881004678686cbb1','aut6786861783678686cb6b' ,getdate(),convert(char(8),convert (time,getdate())),getdate(),convert(char(8),convert (time,getdate())),'wsv','wsv')
20250114@154619.7333 ri65a42dn92t3bdfhqivgpd5tp Query : select 1 valor from information_schema.tables where table_type='base table' and table_name='wstablefields'
20250114@154619.7364 ri65a42dn92t3bdfhqivgpd5tp Query : select fieldkey,fieldname,fieldtype,calcformula from wstablefields where tablename = 'fi' and documentnumber = 39
20250114@154619.7398 ri65a42dn92t3bdfhqivgpd5tp Query : insert into wsfidata (fistamp,ousrdata, ousrhora, usrdata,usrhora,ousrinis,usrinis ,qtt ,ftstamp ,epv,pvmoeda ,tabiva,iva,lordem ,ref, design ,lote,armazem) values ('aut6786881004678686cbb1',getdate(),convert(char(8),convert (time,getdate())),getdate(),convert(char(8),convert (time,getdate())),'wsv','wsv',20.000 ,'aut6786861783678686cb6b' ,0,0 ,2,23.00,10000,?,?,?,?)
20250114@154619.8175 ri65a42dn92t3bdfhqivgpd5tp Query : select 1 valor from information_schema.tables where table_type='base table' and table_name='wstablefields'
20250114@154619.8194 ri65a42dn92t3bdfhqivgpd5tp Query : select fieldkey,fieldname,fieldtype,mandatory from wstablefields where tablename = 'fi' and documentnumber = 39
20250114@154619.8221 ri65a42dn92t3bdfhqivgpd5tp Query : select 1 valor from information_schema.tables where table_type='base table' and table_name='wstablefields'
20250114@154619.8254 ri65a42dn92t3bdfhqivgpd5tp Query : select fieldkey,fieldname,fieldtype,mandatory from wstablefields where tablename = 'fi2' and documentnumber = 39
20250114@154619.8264 ri65a42dn92t3bdfhqivgpd5tp Query : select top 1 convert(numeric(6,2),t.taxa) valor from taxasiva t where t.codigo='2'
20250114@154619.8279 ri65a42dn92t3bdfhqivgpd5tp Query : select 1 valor from information_schema.tables where table_type='base table' and table_name='wstablefields'
20250114@154619.8295 ri65a42dn92t3bdfhqivgpd5tp Query : select fieldkey,fieldname,fieldtype,calcformula from wstablefields where tablename = 'fi2' and documentnumber = 39
20250114@154619.8308 ri65a42dn92t3bdfhqivgpd5tp Query : insert into wsfi2data (fi2stamp,ftstamp ,ousrdata, ousrhora, usrdata,usrhora,ousrinis,usrinis) values ('aut6786879540678686cbca','aut6786861783678686cb6b' ,getdate(),convert(char(8),convert (time,getdate())),getdate(),convert(char(8),convert (time,getdate())),'wsv','wsv')
20250114@154619.8313 ri65a42dn92t3bdfhqivgpd5tp Query : select 1 valor from information_schema.tables where table_type='base table' and table_name='wstablefields'
20250114@154619.8330 ri65a42dn92t3bdfhqivgpd5tp Query : select fieldkey,fieldname,fieldtype,calcformula from wstablefields where tablename = 'fi' and documentnumber = 39
20250114@154619.8363 ri65a42dn92t3bdfhqivgpd5tp Query : insert into wsfidata (fistamp,ousrdata, ousrhora, usrdata,usrhora,ousrinis,usrinis ,qtt ,ftstamp ,epv,pvmoeda ,tabiva,iva,lordem ,ref, design ,armazem) values ('aut6786879540678686cbca',getdate(),convert(char(8),convert (time,getdate())),getdate(),convert(char(8),convert (time,getdate())),'wsv','wsv',0 ,'aut6786861783678686cb6b' ,0,0 ,2,23.00,20000,?,?,?)
20250114@154619.8875 ri65a42dn92t3bdfhqivgpd5tp Query : use flama_phc
20250114@154619.8880 ri65a42dn92t3bdfhqivgpd5tp Query : select st.usalote valor from st where st.ref = '324.1884.00.1'
20250114@154619.8906 ri65a42dn92t3bdfhqivgpd5tp Query : select top 1 st.tabiva ,st.ivaincl ,st.stns ,st.uni2 ,st.familia ,isnull(tx.taxa, 0) txiva ,unidade ,usalote ,epcpond ,noserie ,conversao ,st.texteis from st left join taxasiva tx on st.tabiva = tx.codigo where st.ref = '324.1884.00.1'
20250114@154619.8924 ri65a42dn92t3bdfhqivgpd5tp Query : select 1 valor from information_schema.tables where table_type='base table' and table_name='wstablefields'
20250114@154619.8944 ri65a42dn92t3bdfhqivgpd5tp Query : select fieldkey,fieldname,fieldtype,mandatory from wstablefields where tablename = 'fi' and documentnumber = 39
20250114@154619.8999 ri65a42dn92t3bdfhqivgpd5tp Query : select 1 valor from information_schema.tables where table_type='base table' and table_name='wstablefields'
20250114@154619.9019 ri65a42dn92t3bdfhqivgpd5tp Query : select fieldkey,fieldname,fieldtype,mandatory from wstablefields where tablename = 'fi2' and documentnumber = 39
20250114@154619.9029 ri65a42dn92t3bdfhqivgpd5tp Query : select top 1 convert(numeric(6,2),t.taxa) valor from taxasiva t where t.codigo='2'
20250114@154619.9045 ri65a42dn92t3bdfhqivgpd5tp Query : select sestamp valor from se where ref ='324.1884.00.1' and lote = 'r2400213100a'
20250114@154619.9061 ri65a42dn92t3bdfhqivgpd5tp Query : select 1 valor from information_schema.tables where table_type='base table' and table_name='wstablefields'
20250114@154619.9079 ri65a42dn92t3bdfhqivgpd5tp Query : select fieldkey,fieldname,fieldtype,calcformula from wstablefields where tablename = 'fi2' and documentnumber = 39
20250114@154619.9093 ri65a42dn92t3bdfhqivgpd5tp Query : insert into wsfi2data (fi2stamp,ftstamp ,ousrdata, ousrhora, usrdata,usrhora,ousrinis,usrinis) values ('aut6786893528678686cbdd','aut6786861783678686cb6b' ,getdate(),convert(char(8),convert (time,getdate())),getdate(),convert(char(8),convert (time,getdate())),'wsv','wsv')
20250114@154619.9098 ri65a42dn92t3bdfhqivgpd5tp Query : select 1 valor from information_schema.tables where table_type='base table' and table_name='wstablefields'
20250114@154619.9117 ri65a42dn92t3bdfhqivgpd5tp Query : select fieldkey,fieldname,fieldtype,calcformula from wstablefields where tablename = 'fi' and documentnumber = 39
20250114@154619.9171 ri65a42dn92t3bdfhqivgpd5tp Query : insert into wsfidata (fistamp,ousrdata, ousrhora, usrdata,usrhora,ousrinis,usrinis ,qtt ,ftstamp ,epv,pvmoeda ,tabiva,iva,lordem ,ref, design ,lote,armazem) values ('aut6786893528678686cbdd',getdate(),convert(char(8),convert (time,getdate())),getdate(),convert(char(8),convert (time,getdate())),'wsv','wsv',20.000 ,'aut6786861783678686cb6b' ,0,0 ,2,23.00,40000,?,?,?,?)
20250114@154619.9504 ri65a42dn92t3bdfhqivgpd5tp Query : select 1 valor from information_schema.tables where table_type='base table' and table_name='wstablefields'
20250114@154619.9544 ri65a42dn92t3bdfhqivgpd5tp Query : select fieldkey,fieldname,fieldtype,mandatory from wstablefields where tablename = 'fi' and documentnumber = 39
20250114@154619.9577 ri65a42dn92t3bdfhqivgpd5tp Query : select 1 valor from information_schema.tables where table_type='base table' and table_name='wstablefields'
20250114@154619.9595 ri65a42dn92t3bdfhqivgpd5tp Query : select fieldkey,fieldname,fieldtype,mandatory from wstablefields where tablename = 'fi2' and documentnumber = 39
20250114@154619.9606 ri65a42dn92t3bdfhqivgpd5tp Query : select top 1 convert(numeric(6,2),t.taxa) valor from taxasiva t where t.codigo='2'
20250114@154619.9642 ri65a42dn92t3bdfhqivgpd5tp Query : select 1 valor from information_schema.tables where table_type='base table' and table_name='wstablefields'
20250114@154619.9660 ri65a42dn92t3bdfhqivgpd5tp Query : select fieldkey,fieldname,fieldtype,calcformula from wstablefields where tablename = 'fi2' and documentnumber = 39
20250114@154619.9673 ri65a42dn92t3bdfhqivgpd5tp Query : insert into wsfi2data (fi2stamp,ftstamp ,ousrdata, ousrhora, usrdata,usrhora,ousrinis,usrinis) values ('aut6786881195678686cbeb','aut6786861783678686cb6b' ,getdate(),convert(char(8),convert (time,getdate())),getdate(),convert(char(8),convert (time,getdate())),'wsv','wsv')
20250114@154619.9679 ri65a42dn92t3bdfhqivgpd5tp Query : select 1 valor from information_schema.tables where table_type='base table' and table_name='wstablefields'
20250114@154619.9695 ri65a42dn92t3bdfhqivgpd5tp Query : select fieldkey,fieldname,fieldtype,calcformula from wstablefields where tablename = 'fi' and documentnumber = 39
20250114@154619.9728 ri65a42dn92t3bdfhqivgpd5tp Query : insert into wsfidata (fistamp,ousrdata, ousrhora, usrdata,usrhora,ousrinis,usrinis ,qtt ,ftstamp ,epv,pvmoeda ,tabiva,iva,lordem ,ref, design ,armazem) values ('aut6786881195678686cbeb',getdate(),convert(char(8),convert (time,getdate())),getdate(),convert(char(8),convert (time,getdate())),'wsv','wsv',0 ,'aut6786861783678686cb6b' ,0,0 ,2,23.00,50000,?,?,?)
20250114@154620.3900 ri65a42dn92t3bdfhqivgpd5tp Query : use flama_phc
20250114@154620.4300 ri65a42dn92t3bdfhqivgpd5tp Query : select st.usalote valor from st where st.ref = '324.1884.00.1'
20250114@154620.8100 ri65a42dn92t3bdfhqivgpd5tp Query : select top 1 st.tabiva ,st.ivaincl ,st.stns ,st.uni2 ,st.familia ,isnull(tx.taxa, 0) txiva ,unidade ,usalote ,epcpond ,noserie ,conversao ,st.texteis from st left join taxasiva tx on st.tabiva = tx.codigo where st.ref = '324.1884.00.1'
20250114@154620.9700 ri65a42dn92t3bdfhqivgpd5tp Query : select 1 valor from information_schema.tables where table_type='base table' and table_name='wstablefields'
20250114@154620.1150 ri65a42dn92t3bdfhqivgpd5tp Query : select fieldkey,fieldname,fieldtype,mandatory from wstablefields where tablename = 'fi' and documentnumber = 39
20250114@154620.1450 ri65a42dn92t3bdfhqivgpd5tp Query : select 1 valor from information_schema.tables where table_type='base table' and table_name='wstablefields'
20250114@154620.1630 ri65a42dn92t3bdfhqivgpd5tp Query : select fieldkey,fieldname,fieldtype,mandatory from wstablefields where tablename = 'fi2' and documentnumber = 39
20250114@154620.2000 ri65a42dn92t3bdfhqivgpd5tp Query : select top 1 convert(numeric(6,2),t.taxa) valor from taxasiva t where t.codigo='2'
20250114@154620.2150 ri65a42dn92t3bdfhqivgpd5tp Query : select sestamp valor from se where ref ='324.1884.00.1' and lote = 'r2400213100a'
20250114@154620.2310 ri65a42dn92t3bdfhqivgpd5tp Query : select 1 valor from information_schema.tables where table_type='base table' and table_name='wstablefields'
20250114@154620.2490 ri65a42dn92t3bdfhqivgpd5tp Query : select fieldkey,fieldname,fieldtype,calcformula from wstablefields where tablename = 'fi2' and documentnumber = 39
20250114@154620.2620 ri65a42dn92t3bdfhqivgpd5tp Query : insert into wsfi2data (fi2stamp,ftstamp ,ousrdata, ousrhora, usrdata,usrhora,ousrinis,usrinis) values ('aut6786870816678686cc05','aut6786861783678686cb6b' ,getdate(),convert(char(8),convert (time,getdate())),getdate(),convert(char(8),convert (time,getdate())),'wsv','wsv')
20250114@154620.2680 ri65a42dn92t3bdfhqivgpd5tp Query : select 1 valor from information_schema.tables where table_type='base table' and table_name='wstablefields'
20250114@154620.2890 ri65a42dn92t3bdfhqivgpd5tp Query : select fieldkey,fieldname,fieldtype,calcformula from wstablefields where tablename = 'fi' and documentnumber = 39
20250114@154620.3430 ri65a42dn92t3bdfhqivgpd5tp Query : insert into wsfidata (fistamp,ousrdata, ousrhora, usrdata,usrhora,ousrinis,usrinis ,qtt ,ftstamp ,epv,pvmoeda ,tabiva,iva,lordem ,ref, design ,lote,armazem) values ('aut6786870816678686cc05',getdate(),convert(char(8),convert (time,getdate())),getdate(),convert(char(8),convert (time,getdate())),'wsv','wsv',20.000 ,'aut6786861783678686cb6b' ,0,0 ,2,23.00,70000,?,?,?,?)
20250114@154620.6770 ri65a42dn92t3bdfhqivgpd5tp Query : select 1 valor from information_schema.tables where table_type='base table' and table_name='wstablefields'
20250114@154620.7000 ri65a42dn92t3bdfhqivgpd5tp Query : select fieldkey,fieldname,fieldtype,mandatory from wstablefields where tablename = 'fi' and documentnumber = 39
20250114@154620.7480 ri65a42dn92t3bdfhqivgpd5tp Query : select 1 valor from information_schema.tables where table_type='base table' and table_name='wstablefields'
20250114@154620.7670 ri65a42dn92t3bdfhqivgpd5tp Query : select fieldkey,fieldname,fieldtype,mandatory from wstablefields where tablename = 'fi2' and documentnumber = 39
20250114@154620.7780 ri65a42dn92t3bdfhqivgpd5tp Query : select top 1 convert(numeric(6,2),t.taxa) valor from taxasiva t where t.codigo='2'
20250114@154620.7920 ri65a42dn92t3bdfhqivgpd5tp Query : select 1 valor from information_schema.tables where table_type='base table' and table_name='wstablefields'
20250114@154620.8080 ri65a42dn92t3bdfhqivgpd5tp Query : select fieldkey,fieldname,fieldtype,calcformula from wstablefields where tablename = 'fi2' and documentnumber = 39
20250114@154620.8410 ri65a42dn92t3bdfhqivgpd5tp Query : insert into wsfi2data (fi2stamp,ftstamp ,ousrdata, ousrhora, usrdata,usrhora,ousrinis,usrinis) values ('aut6786817263678686cc13','aut6786861783678686cb6b' ,getdate(),convert(char(8),convert (time,getdate())),getdate(),convert(char(8),convert (time,getdate())),'wsv','wsv')
20250114@154620.8460 ri65a42dn92t3bdfhqivgpd5tp Query : select 1 valor from information_schema.tables where table_type='base table' and table_name='wstablefields'
20250114@154620.8620 ri65a42dn92t3bdfhqivgpd5tp Query : select fieldkey,fieldname,fieldtype,calcformula from wstablefields where tablename = 'fi' and documentnumber = 39
20250114@154620.8930 ri65a42dn92t3bdfhqivgpd5tp Query : insert into wsfidata (fistamp,ousrdata, ousrhora, usrdata,usrhora,ousrinis,usrinis ,qtt ,ftstamp ,epv,pvmoeda ,tabiva,iva,lordem ,ref, design ,armazem) values ('aut6786817263678686cc13',getdate(),convert(char(8),convert (time,getdate())),getdate(),convert(char(8),convert (time,getdate())),'wsv','wsv',0 ,'aut6786861783678686cb6b' ,0,0 ,2,23.00,80000,?,?,?)
20250114@154620.1200 ri65a42dn92t3bdfhqivgpd5tp Query : use flama_phc
20250114@154620.1203 ri65a42dn92t3bdfhqivgpd5tp Query : select st.usalote valor from st where st.ref = '324.948.00.01'
20250114@154620.1224 ri65a42dn92t3bdfhqivgpd5tp Query : select top 1 st.tabiva ,st.ivaincl ,st.stns ,st.uni2 ,st.familia ,isnull(tx.taxa, 0) txiva ,unidade ,usalote ,epcpond ,noserie ,conversao ,st.texteis from st left join taxasiva tx on st.tabiva = tx.codigo where st.ref = '324.948.00.01'
20250114@154620.1379 ri65a42dn92t3bdfhqivgpd5tp Query : select 1 valor from information_schema.tables where table_type='base table' and table_name='wstablefields'
20250114@154620.1396 ri65a42dn92t3bdfhqivgpd5tp Query : select fieldkey,fieldname,fieldtype,mandatory from wstablefields where tablename = 'fi' and documentnumber = 39
20250114@154620.1422 ri65a42dn92t3bdfhqivgpd5tp Query : select 1 valor from information_schema.tables where table_type='base table' and table_name='wstablefields'
20250114@154620.1437 ri65a42dn92t3bdfhqivgpd5tp Query : select fieldkey,fieldname,fieldtype,mandatory from wstablefields where tablename = 'fi2' and documentnumber = 39
20250114@154620.1446 ri65a42dn92t3bdfhqivgpd5tp Query : select top 1 convert(numeric(6,2),t.taxa) valor from taxasiva t where t.codigo='2'
20250114@154620.1459 ri65a42dn92t3bdfhqivgpd5tp Query : select sestamp valor from se where ref ='324.948.00.01' and lote = 'r2400703100a'
20250114@154620.1473 ri65a42dn92t3bdfhqivgpd5tp Query : select 1 valor from information_schema.tables where table_type='base table' and table_name='wstablefields'
20250114@154620.1488 ri65a42dn92t3bdfhqivgpd5tp Query : select fieldkey,fieldname,fieldtype,calcformula from wstablefields where tablename = 'fi2' and documentnumber = 39
20250114@154620.1500 ri65a42dn92t3bdfhqivgpd5tp Query : insert into wsfi2data (fi2stamp,ftstamp ,ousrdata, ousrhora, usrdata,usrhora,ousrinis,usrinis) values ('aut6786826990678686cc23','aut6786861783678686cb6b' ,getdate(),convert(char(8),convert (time,getdate())),getdate(),convert(char(8),convert (time,getdate())),'wsv','wsv')
20250114@154620.1504 ri65a42dn92t3bdfhqivgpd5tp Query : select 1 valor from information_schema.tables where table_type='base table' and table_name='wstablefields'
20250114@154620.1521 ri65a42dn92t3bdfhqivgpd5tp Query : select fieldkey,fieldname,fieldtype,calcformula from wstablefields where tablename = 'fi' and documentnumber = 39
20250114@154620.1549 ri65a42dn92t3bdfhqivgpd5tp Query : insert into wsfidata (fistamp,ousrdata, ousrhora, usrdata,usrhora,ousrinis,usrinis ,qtt ,ftstamp ,epv,pvmoeda ,tabiva,iva,lordem ,ref, design ,lote,armazem) values ('aut6786826990678686cc23',getdate(),convert(char(8),convert (time,getdate())),getdate(),convert(char(8),convert (time,getdate())),'wsv','wsv',10.000 ,'aut6786861783678686cb6b' ,0,0 ,2,23.00,100000,?,?,?,?)
20250114@154620.1857 ri65a42dn92t3bdfhqivgpd5tp Query : use flama_phc
20250114@154620.1860 ri65a42dn92t3bdfhqivgpd5tp Query : select st.usalote valor from st where st.ref = '324.948.00.01'
20250114@154620.1880 ri65a42dn92t3bdfhqivgpd5tp Query : select top 1 st.tabiva ,st.ivaincl ,st.stns ,st.uni2 ,st.familia ,isnull(tx.taxa, 0) txiva ,unidade ,usalote ,epcpond ,noserie ,conversao ,st.texteis from st left join taxasiva tx on st.tabiva = tx.codigo where st.ref = '324.948.00.01'
20250114@154620.1896 ri65a42dn92t3bdfhqivgpd5tp Query : select 1 valor from information_schema.tables where table_type='base table' and table_name='wstablefields'
20250114@154620.1914 ri65a42dn92t3bdfhqivgpd5tp Query : select fieldkey,fieldname,fieldtype,mandatory from wstablefields where tablename = 'fi' and documentnumber = 39
20250114@154620.1941 ri65a42dn92t3bdfhqivgpd5tp Query : select 1 valor from information_schema.tables where table_type='base table' and table_name='wstablefields'
20250114@154620.1975 ri65a42dn92t3bdfhqivgpd5tp Query : select fieldkey,fieldname,fieldtype,mandatory from wstablefields where tablename = 'fi2' and documentnumber = 39
20250114@154620.1985 ri65a42dn92t3bdfhqivgpd5tp Query : select top 1 convert(numeric(6,2),t.taxa) valor from taxasiva t where t.codigo='2'
20250114@154620.1999 ri65a42dn92t3bdfhqivgpd5tp Query : select sestamp valor from se where ref ='324.948.00.01' and lote = 'r2400703100a'
20250114@154620.2014 ri65a42dn92t3bdfhqivgpd5tp Query : select 1 valor from information_schema.tables where table_type='base table' and table_name='wstablefields'
20250114@154620.2032 ri65a42dn92t3bdfhqivgpd5tp Query : select fieldkey,fieldname,fieldtype,calcformula from wstablefields where tablename = 'fi2' and documentnumber = 39
20250114@154620.2260 ri65a42dn92t3bdfhqivgpd5tp Query : insert into wsfi2data (fi2stamp,ftstamp ,ousrdata, ousrhora, usrdata,usrhora,ousrinis,usrinis) values ('aut6786876092678686cc31','aut6786861783678686cb6b' ,getdate(),convert(char(8),convert (time,getdate())),getdate(),convert(char(8),convert (time,getdate())),'wsv','wsv')
20250114@154620.2384 ri65a42dn92t3bdfhqivgpd5tp Query : select 1 valor from information_schema.tables where table_type='base table' and table_name='wstablefields'
20250114@154620.2485 ri65a42dn92t3bdfhqivgpd5tp Query : select fieldkey,fieldname,fieldtype,calcformula from wstablefields where tablename = 'fi' and documentnumber = 39
20250114@154620.2536 ri65a42dn92t3bdfhqivgpd5tp Query : insert into wsfidata (fistamp,ousrdata, ousrhora, usrdata,usrhora,ousrinis,usrinis ,qtt ,ftstamp ,epv,pvmoeda ,tabiva,iva,lordem ,ref, design ,lote,armazem) values ('aut6786876092678686cc31',getdate(),convert(char(8),convert (time,getdate())),getdate(),convert(char(8),convert (time,getdate())),'wsv','wsv',10.000 ,'aut6786861783678686cb6b' ,0,0 ,2,23.00,110000,?,?,?,?)
20250114@154620.3098 ri65a42dn92t3bdfhqivgpd5tp Query : use flama_phc
20250114@154620.3115 ri65a42dn92t3bdfhqivgpd5tp Query : select st.usalote valor from st where st.ref = '324.948.00.01'
20250114@154620.3154 ri65a42dn92t3bdfhqivgpd5tp Query : select top 1 st.tabiva ,st.ivaincl ,st.stns ,st.uni2 ,st.familia ,isnull(tx.taxa, 0) txiva ,unidade ,usalote ,epcpond ,noserie ,conversao ,st.texteis from st left join taxasiva tx on st.tabiva = tx.codigo where st.ref = '324.948.00.01'
20250114@154620.3170 ri65a42dn92t3bdfhqivgpd5tp Query : select 1 valor from information_schema.tables where table_type='base table' and table_name='wstablefields'
20250114@154620.3189 ri65a42dn92t3bdfhqivgpd5tp Query : select fieldkey,fieldname,fieldtype,mandatory from wstablefields where tablename = 'fi' and documentnumber = 39
20250114@154620.3217 ri65a42dn92t3bdfhqivgpd5tp Query : select 1 valor from information_schema.tables where table_type='base table' and table_name='wstablefields'
20250114@154620.3234 ri65a42dn92t3bdfhqivgpd5tp Query : select fieldkey,fieldname,fieldtype,mandatory from wstablefields where tablename = 'fi2' and documentnumber = 39
20250114@154620.3243 ri65a42dn92t3bdfhqivgpd5tp Query : select top 1 convert(numeric(6,2),t.taxa) valor from taxasiva t where t.codigo='2'
20250114@154620.3256 ri65a42dn92t3bdfhqivgpd5tp Query : select sestamp valor from se where ref ='324.948.00.01' and lote = 'r2400703100a'
20250114@154620.3269 ri65a42dn92t3bdfhqivgpd5tp Query : select 1 valor from information_schema.tables where table_type='base table' and table_name='wstablefields'
20250114@154620.3286 ri65a42dn92t3bdfhqivgpd5tp Query : select fieldkey,fieldname,fieldtype,calcformula from wstablefields where tablename = 'fi2' and documentnumber = 39
20250114@154620.3299 ri65a42dn92t3bdfhqivgpd5tp Query : insert into wsfi2data (fi2stamp,ftstamp ,ousrdata, ousrhora, usrdata,usrhora,ousrinis,usrinis) values ('aut6786874618678686cc4f','aut6786861783678686cb6b' ,getdate(),convert(char(8),convert (time,getdate())),getdate(),convert(char(8),convert (time,getdate())),'wsv','wsv')
20250114@154620.3305 ri65a42dn92t3bdfhqivgpd5tp Query : select 1 valor from information_schema.tables where table_type='base table' and table_name='wstablefields'
20250114@154620.3322 ri65a42dn92t3bdfhqivgpd5tp Query : select fieldkey,fieldname,fieldtype,calcformula from wstablefields where tablename = 'fi' and documentnumber = 39
20250114@154620.3352 ri65a42dn92t3bdfhqivgpd5tp Query : insert into wsfidata (fistamp,ousrdata, ousrhora, usrdata,usrhora,ousrinis,usrinis ,qtt ,ftstamp ,epv,pvmoeda ,tabiva,iva,lordem ,ref, design ,lote,armazem) values ('aut6786874618678686cc4f',getdate(),convert(char(8),convert (time,getdate())),getdate(),convert(char(8),convert (time,getdate())),'wsv','wsv',4.000 ,'aut6786861783678686cb6b' ,0,0 ,2,23.00,120000,?,?,?,?)
20250114@154620.3732 ri65a42dn92t3bdfhqivgpd5tp Query : use flama_phc
20250114@154620.3735 ri65a42dn92t3bdfhqivgpd5tp Query : select st.usalote valor from st where st.ref = '324.1684.00.1'
20250114@154620.3758 ri65a42dn92t3bdfhqivgpd5tp Query : select top 1 st.tabiva ,st.ivaincl ,st.stns ,st.uni2 ,st.familia ,isnull(tx.taxa, 0) txiva ,unidade ,usalote ,epcpond ,noserie ,conversao ,st.texteis from st left join taxasiva tx on st.tabiva = tx.codigo where st.ref = '324.1684.00.1'
20250114@154620.3912 ri65a42dn92t3bdfhqivgpd5tp Query : select 1 valor from information_schema.tables where table_type='base table' and table_name='wstablefields'
20250114@154620.3946 ri65a42dn92t3bdfhqivgpd5tp Query : select fieldkey,fieldname,fieldtype,mandatory from wstablefields where tablename = 'fi' and documentnumber = 39
20250114@154620.3976 ri65a42dn92t3bdfhqivgpd5tp Query : select 1 valor from information_schema.tables where table_type='base table' and table_name='wstablefields'
20250114@154620.3993 ri65a42dn92t3bdfhqivgpd5tp Query : select fieldkey,fieldname,fieldtype,mandatory from wstablefields where tablename = 'fi2' and documentnumber = 39
20250114@154620.4004 ri65a42dn92t3bdfhqivgpd5tp Query : select top 1 convert(numeric(6,2),t.taxa) valor from taxasiva t where t.codigo='2'
20250114@154620.4016 ri65a42dn92t3bdfhqivgpd5tp Query : select sestamp valor from se where ref ='324.1684.00.1' and lote = 'r2400208100a'
20250114@154620.4039 ri65a42dn92t3bdfhqivgpd5tp Query : select 1 valor from information_schema.tables where table_type='base table' and table_name='wstablefields'
20250114@154620.4057 ri65a42dn92t3bdfhqivgpd5tp Query : select fieldkey,fieldname,fieldtype,calcformula from wstablefields where tablename = 'fi2' and documentnumber = 39
20250114@154620.4071 ri65a42dn92t3bdfhqivgpd5tp Query : insert into wsfi2data (fi2stamp,ftstamp ,ousrdata, ousrhora, usrdata,usrhora,ousrinis,usrinis) values ('aut6786807282678686cc62','aut6786861783678686cb6b' ,getdate(),convert(char(8),convert (time,getdate())),getdate(),convert(char(8),convert (time,getdate())),'wsv','wsv')
20250114@154620.4077 ri65a42dn92t3bdfhqivgpd5tp Query : select 1 valor from information_schema.tables where table_type='base table' and table_name='wstablefields'
20250114@154620.4094 ri65a42dn92t3bdfhqivgpd5tp Query : select fieldkey,fieldname,fieldtype,calcformula from wstablefields where tablename = 'fi' and documentnumber = 39
20250114@154620.4127 ri65a42dn92t3bdfhqivgpd5tp Query : insert into wsfidata (fistamp,ousrdata, ousrhora, usrdata,usrhora,ousrinis,usrinis ,qtt ,ftstamp ,epv,pvmoeda ,tabiva,iva,lordem ,ref, design ,lote,armazem) values ('aut6786807282678686cc62',getdate(),convert(char(8),convert (time,getdate())),getdate(),convert(char(8),convert (time,getdate())),'wsv','wsv',48.000 ,'aut6786861783678686cb6b' ,0,0 ,2,23.00,130000,?,?,?,?)
20250114@154620.4476 ri65a42dn92t3bdfhqivgpd5tp Query : use flama_phc
20250114@154620.4518 ri65a42dn92t3bdfhqivgpd5tp Query : select st.usalote valor from st where st.ref = '324.1879.00.1'
20250114@154620.4629 ri65a42dn92t3bdfhqivgpd5tp Query : select top 1 st.tabiva ,st.ivaincl ,st.stns ,st.uni2 ,st.familia ,isnull(tx.taxa, 0) txiva ,unidade ,usalote ,epcpond ,noserie ,conversao ,st.texteis from st left join taxasiva tx on st.tabiva = tx.codigo where st.ref = '324.1879.00.1'
20250114@154620.4839 ri65a42dn92t3bdfhqivgpd5tp Query : select 1 valor from information_schema.tables where table_type='base table' and table_name='wstablefields'
20250114@154620.4858 ri65a42dn92t3bdfhqivgpd5tp Query : select fieldkey,fieldname,fieldtype,mandatory from wstablefields where tablename = 'fi' and documentnumber = 39
20250114@154620.4889 ri65a42dn92t3bdfhqivgpd5tp Query : select 1 valor from information_schema.tables where table_type='base table' and table_name='wstablefields'
20250114@154620.4921 ri65a42dn92t3bdfhqivgpd5tp Query : select fieldkey,fieldname,fieldtype,mandatory from wstablefields where tablename = 'fi2' and documentnumber = 39
20250114@154620.4932 ri65a42dn92t3bdfhqivgpd5tp Query : select top 1 convert(numeric(6,2),t.taxa) valor from taxasiva t where t.codigo='2'
20250114@154620.4950 ri65a42dn92t3bdfhqivgpd5tp Query : select sestamp valor from se where ref ='324.1879.00.1' and lote = 'r2400283200a'
20250114@154620.4972 ri65a42dn92t3bdfhqivgpd5tp Query : select 1 valor from information_schema.tables where table_type='base table' and table_name='wstablefields'
20250114@154620.4992 ri65a42dn92t3bdfhqivgpd5tp Query : select fieldkey,fieldname,fieldtype,calcformula from wstablefields where tablename = 'fi2' and documentnumber = 39
20250114@154620.6184 ri65a42dn92t3bdfhqivgpd5tp Query : insert into wsfi2data (fi2stamp,ftstamp ,ousrdata, ousrhora, usrdata,usrhora,ousrinis,usrinis) values ('aut6786815940678686cc79','aut6786861783678686cb6b' ,getdate(),convert(char(8),convert (time,getdate())),getdate(),convert(char(8),convert (time,getdate())),'wsv','wsv')
20250114@154620.6190 ri65a42dn92t3bdfhqivgpd5tp Query : select 1 valor from information_schema.tables where table_type='base table' and table_name='wstablefields'
20250114@154620.6210 ri65a42dn92t3bdfhqivgpd5tp Query : select fieldkey,fieldname,fieldtype,calcformula from wstablefields where tablename = 'fi' and documentnumber = 39
20250114@154620.6243 ri65a42dn92t3bdfhqivgpd5tp Query : insert into wsfidata (fistamp,ousrdata, ousrhora, usrdata,usrhora,ousrinis,usrinis ,qtt ,ftstamp ,epv,pvmoeda ,tabiva,iva,lordem ,ref, design ,lote,armazem) values ('aut6786815940678686cc79',getdate(),convert(char(8),convert (time,getdate())),getdate(),convert(char(8),convert (time,getdate())),'wsv','wsv',10.000 ,'aut6786861783678686cb6b' ,0,0 ,2,23.00,140000,?,?,?,?)
20250114@154620.6560 ri65a42dn92t3bdfhqivgpd5tp Query : select 1 valor from information_schema.tables where table_type='base table' and table_name='wstablefields'
20250114@154620.6604 ri65a42dn92t3bdfhqivgpd5tp Query : select fieldkey,fieldname,fieldtype,mandatory from wstablefields where tablename = 'fi' and documentnumber = 39
20250114@154620.6637 ri65a42dn92t3bdfhqivgpd5tp Query : select 1 valor from information_schema.tables where table_type='base table' and table_name='wstablefields'
20250114@154620.6655 ri65a42dn92t3bdfhqivgpd5tp Query : select fieldkey,fieldname,fieldtype,mandatory from wstablefields where tablename = 'fi2' and documentnumber = 39
20250114@154620.6665 ri65a42dn92t3bdfhqivgpd5tp Query : select top 1 convert(numeric(6,2),t.taxa) valor from taxasiva t where t.codigo='2'
20250114@154620.6679 ri65a42dn92t3bdfhqivgpd5tp Query : select 1 valor from information_schema.tables where table_type='base table' and table_name='wstablefields'
20250114@154620.6696 ri65a42dn92t3bdfhqivgpd5tp Query : select fieldkey,fieldname,fieldtype,calcformula from wstablefields where tablename = 'fi2' and documentnumber = 39
20250114@154620.6710 ri65a42dn92t3bdfhqivgpd5tp Query : insert into wsfi2data (fi2stamp,ftstamp ,ousrdata, ousrhora, usrdata,usrhora,ousrinis,usrinis) values ('aut6786804431678686cca3','aut6786861783678686cb6b' ,getdate(),convert(char(8),convert (time,getdate())),getdate(),convert(char(8),convert (time,getdate())),'wsv','wsv')
20250114@154620.6729 ri65a42dn92t3bdfhqivgpd5tp Query : select 1 valor from information_schema.tables where table_type='base table' and table_name='wstablefields'
20250114@154620.6746 ri65a42dn92t3bdfhqivgpd5tp Query : select fieldkey,fieldname,fieldtype,calcformula from wstablefields where tablename = 'fi' and documentnumber = 39
20250114@154620.6779 ri65a42dn92t3bdfhqivgpd5tp Query : insert into wsfidata (fistamp,ousrdata, ousrhora, usrdata,usrhora,ousrinis,usrinis ,qtt ,ftstamp ,epv,pvmoeda ,tabiva,iva,lordem ,ref, design ,armazem) values ('aut6786804431678686cca3',getdate(),convert(char(8),convert (time,getdate())),getdate(),convert(char(8),convert (time,getdate())),'wsv','wsv',0 ,'aut6786861783678686cb6b' ,0,0 ,2,23.00,150000,?,?,?)
20250114@154620.7082 ri65a42dn92t3bdfhqivgpd5tp Query : use flama_phc
20250114@154620.7086 ri65a42dn92t3bdfhqivgpd5tp Query : select st.usalote valor from st where st.ref = '324.1879.00.1'
20250114@154620.7118 ri65a42dn92t3bdfhqivgpd5tp Query : select top 1 st.tabiva ,st.ivaincl ,st.stns ,st.uni2 ,st.familia ,isnull(tx.taxa, 0) txiva ,unidade ,usalote ,epcpond ,noserie ,conversao ,st.texteis from st left join taxasiva tx on st.tabiva = tx.codigo where st.ref = '324.1879.00.1'
20250114@154620.7136 ri65a42dn92t3bdfhqivgpd5tp Query : select 1 valor from information_schema.tables where table_type='base table' and table_name='wstablefields'
20250114@154620.7154 ri65a42dn92t3bdfhqivgpd5tp Query : select fieldkey,fieldname,fieldtype,mandatory from wstablefields where tablename = 'fi' and documentnumber = 39
20250114@154620.7214 ri65a42dn92t3bdfhqivgpd5tp Query : select 1 valor from information_schema.tables where table_type='base table' and table_name='wstablefields'
20250114@154620.7239 ri65a42dn92t3bdfhqivgpd5tp Query : select fieldkey,fieldname,fieldtype,mandatory from wstablefields where tablename = 'fi2' and documentnumber = 39
20250114@154620.7252 ri65a42dn92t3bdfhqivgpd5tp Query : select top 1 convert(numeric(6,2),t.taxa) valor from taxasiva t where t.codigo='2'
20250114@154620.7269 ri65a42dn92t3bdfhqivgpd5tp Query : select sestamp valor from se where ref ='324.1879.00.1' and lote = 'r2400283200a'
20250114@154620.7315 ri65a42dn92t3bdfhqivgpd5tp Query : select 1 valor from information_schema.tables where table_type='base table' and table_name='wstablefields'
20250114@154620.7336 ri65a42dn92t3bdfhqivgpd5tp Query : select fieldkey,fieldname,fieldtype,calcformula from wstablefields where tablename = 'fi2' and documentnumber = 39
20250114@154620.7351 ri65a42dn92t3bdfhqivgpd5tp Query : insert into wsfi2data (fi2stamp,ftstamp ,ousrdata, ousrhora, usrdata,usrhora,ousrinis,usrinis) values ('aut6786822037678686ccb2','aut6786861783678686cb6b' ,getdate(),convert(char(8),convert (time,getdate())),getdate(),convert(char(8),convert (time,getdate())),'wsv','wsv')
20250114@154620.7357 ri65a42dn92t3bdfhqivgpd5tp Query : select 1 valor from information_schema.tables where table_type='base table' and table_name='wstablefields'
20250114@154620.7377 ri65a42dn92t3bdfhqivgpd5tp Query : select fieldkey,fieldname,fieldtype,calcformula from wstablefields where tablename = 'fi' and documentnumber = 39
20250114@154620.7413 ri65a42dn92t3bdfhqivgpd5tp Query : insert into wsfidata (fistamp,ousrdata, ousrhora, usrdata,usrhora,ousrinis,usrinis ,qtt ,ftstamp ,epv,pvmoeda ,tabiva,iva,lordem ,ref, design ,lote,armazem) values ('aut6786822037678686ccb2',getdate(),convert(char(8),convert (time,getdate())),getdate(),convert(char(8),convert (time,getdate())),'wsv','wsv',20.000 ,'aut6786861783678686cb6b' ,0,0 ,2,23.00,170000,?,?,?,?)
20250114@154620.7806 ri65a42dn92t3bdfhqivgpd5tp Query : select 1 valor from information_schema.tables where table_type='base table' and table_name='wstablefields'
20250114@154620.7826 ri65a42dn92t3bdfhqivgpd5tp Query : select fieldkey,fieldname,fieldtype,mandatory from wstablefields where tablename = 'fi' and documentnumber = 39
20250114@154620.7855 ri65a42dn92t3bdfhqivgpd5tp Query : select 1 valor from information_schema.tables where table_type='base table' and table_name='wstablefields'
20250114@154620.7874 ri65a42dn92t3bdfhqivgpd5tp Query : select fieldkey,fieldname,fieldtype,mandatory from wstablefields where tablename = 'fi2' and documentnumber = 39
20250114@154620.7885 ri65a42dn92t3bdfhqivgpd5tp Query : select top 1 convert(numeric(6,2),t.taxa) valor from taxasiva t where t.codigo='2'
20250114@154620.7901 ri65a42dn92t3bdfhqivgpd5tp Query : select 1 valor from information_schema.tables where table_type='base table' and table_name='wstablefields'
20250114@154620.7919 ri65a42dn92t3bdfhqivgpd5tp Query : select fieldkey,fieldname,fieldtype,calcformula from wstablefields where tablename = 'fi2' and documentnumber = 39
20250114@154620.7934 ri65a42dn92t3bdfhqivgpd5tp Query : insert into wsfi2data (fi2stamp,ftstamp ,ousrdata, ousrhora, usrdata,usrhora,ousrinis,usrinis) values ('aut6786843978678686ccc0','aut6786861783678686cb6b' ,getdate(),convert(char(8),convert (time,getdate())),getdate(),convert(char(8),convert (time,getdate())),'wsv','wsv')
20250114@154620.7940 ri65a42dn92t3bdfhqivgpd5tp Query : select 1 valor from information_schema.tables where table_type='base table' and table_name='wstablefields'
20250114@154620.7982 ri65a42dn92t3bdfhqivgpd5tp Query : select fieldkey,fieldname,fieldtype,calcformula from wstablefields where tablename = 'fi' and documentnumber = 39
20250114@154620.8015 ri65a42dn92t3bdfhqivgpd5tp Query : insert into wsfidata (fistamp,ousrdata, ousrhora, usrdata,usrhora,ousrinis,usrinis ,qtt ,ftstamp ,epv,pvmoeda ,tabiva,iva,lordem ,ref, design ,armazem) values ('aut6786843978678686ccc0',getdate(),convert(char(8),convert (time,getdate())),getdate(),convert(char(8),convert (time,getdate())),'wsv','wsv',0 ,'aut6786861783678686cb6b' ,0,0 ,2,23.00,180000,?,?,?)
20250114@154620.8355 ri65a42dn92t3bdfhqivgpd5tp Query : use flama_phc
20250114@154620.8359 ri65a42dn92t3bdfhqivgpd5tp Query : select st.usalote valor from st where st.ref = '324.2222.00.1'
20250114@154620.8383 ri65a42dn92t3bdfhqivgpd5tp Query : select top 1 st.tabiva ,st.ivaincl ,st.stns ,st.uni2 ,st.familia ,isnull(tx.taxa, 0) txiva ,unidade ,usalote ,epcpond ,noserie ,conversao ,st.texteis from st left join taxasiva tx on st.tabiva = tx.codigo where st.ref = '324.2222.00.1'
20250114@154620.8543 ri65a42dn92t3bdfhqivgpd5tp Query : select 1 valor from information_schema.tables where table_type='base table' and table_name='wstablefields'
20250114@154620.8560 ri65a42dn92t3bdfhqivgpd5tp Query : select fieldkey,fieldname,fieldtype,mandatory from wstablefields where tablename = 'fi' and documentnumber = 39
20250114@154620.8588 ri65a42dn92t3bdfhqivgpd5tp Query : select 1 valor from information_schema.tables where table_type='base table' and table_name='wstablefields'
20250114@154620.8603 ri65a42dn92t3bdfhqivgpd5tp Query : select fieldkey,fieldname,fieldtype,mandatory from wstablefields where tablename = 'fi2' and documentnumber = 39
20250114@154620.8613 ri65a42dn92t3bdfhqivgpd5tp Query : select top 1 convert(numeric(6,2),t.taxa) valor from taxasiva t where t.codigo='2'
20250114@154620.8627 ri65a42dn92t3bdfhqivgpd5tp Query : select sestamp valor from se where ref ='324.2222.00.1' and lote = 'r2301280100a'
20250114@154620.8648 ri65a42dn92t3bdfhqivgpd5tp Query : select 1 valor from information_schema.tables where table_type='base table' and table_name='wstablefields'
20250114@154620.8663 ri65a42dn92t3bdfhqivgpd5tp Query : select fieldkey,fieldname,fieldtype,calcformula from wstablefields where tablename = 'fi2' and documentnumber = 39
20250114@154620.8675 ri65a42dn92t3bdfhqivgpd5tp Query : insert into wsfi2data (fi2stamp,ftstamp ,ousrdata, ousrhora, usrdata,usrhora,ousrinis,usrinis) values ('aut6786885335678686ccd3','aut6786861783678686cb6b' ,getdate(),convert(char(8),convert (time,getdate())),getdate(),convert(char(8),convert (time,getdate())),'wsv','wsv')
20250114@154620.8685 ri65a42dn92t3bdfhqivgpd5tp Query : select 1 valor from information_schema.tables where table_type='base table' and table_name='wstablefields'
20250114@154620.8700 ri65a42dn92t3bdfhqivgpd5tp Query : select fieldkey,fieldname,fieldtype,calcformula from wstablefields where tablename = 'fi' and documentnumber = 39
20250114@154620.8729 ri65a42dn92t3bdfhqivgpd5tp Query : insert into wsfidata (fistamp,ousrdata, ousrhora, usrdata,usrhora,ousrinis,usrinis ,qtt ,ftstamp ,epv,pvmoeda ,tabiva,iva,lordem ,ref, design ,lote,armazem) values ('aut6786885335678686ccd3',getdate(),convert(char(8),convert (time,getdate())),getdate(),convert(char(8),convert (time,getdate())),'wsv','wsv',12.000 ,'aut6786861783678686cb6b' ,0,0 ,2,23.00,200000,?,?,?,?)
20250114@154620.9039 ri65a42dn92t3bdfhqivgpd5tp Query : use flama_phc
20250114@154620.9042 ri65a42dn92t3bdfhqivgpd5tp Query : select st.usalote valor from st where st.ref = '324.2221.00.1'
20250114@154620.9062 ri65a42dn92t3bdfhqivgpd5tp Query : select top 1 st.tabiva ,st.ivaincl ,st.stns ,st.uni2 ,st.familia ,isnull(tx.taxa, 0) txiva ,unidade ,usalote ,epcpond ,noserie ,conversao ,st.texteis from st left join taxasiva tx on st.tabiva = tx.codigo where st.ref = '324.2221.00.1'
20250114@154620.9336 ri65a42dn92t3bdfhqivgpd5tp Query : select 1 valor from information_schema.tables where table_type='base table' and table_name='wstablefields'
20250114@154620.9374 ri65a42dn92t3bdfhqivgpd5tp Query : select fieldkey,fieldname,fieldtype,mandatory from wstablefields where tablename = 'fi' and documentnumber = 39
20250114@154620.9400 ri65a42dn92t3bdfhqivgpd5tp Query : select 1 valor from information_schema.tables where table_type='base table' and table_name='wstablefields'
20250114@154620.9415 ri65a42dn92t3bdfhqivgpd5tp Query : select fieldkey,fieldname,fieldtype,mandatory from wstablefields where tablename = 'fi2' and documentnumber = 39
20250114@154620.9423 ri65a42dn92t3bdfhqivgpd5tp Query : select top 1 convert(numeric(6,2),t.taxa) valor from taxasiva t where t.codigo='2'
20250114@154620.9434 ri65a42dn92t3bdfhqivgpd5tp Query : select sestamp valor from se where ref ='324.2221.00.1' and lote = 'r2301280100a'
20250114@154620.9448 ri65a42dn92t3bdfhqivgpd5tp Query : select 1 valor from information_schema.tables where table_type='base table' and table_name='wstablefields'
20250114@154620.9473 ri65a42dn92t3bdfhqivgpd5tp Query : select fieldkey,fieldname,fieldtype,calcformula from wstablefields where tablename = 'fi2' and documentnumber = 39
20250114@154620.9486 ri65a42dn92t3bdfhqivgpd5tp Query : insert into wsfi2data (fi2stamp,ftstamp ,ousrdata, ousrhora, usrdata,usrhora,ousrinis,usrinis) values ('aut6786882004678686cce6','aut6786861783678686cb6b' ,getdate(),convert(char(8),convert (time,getdate())),getdate(),convert(char(8),convert (time,getdate())),'wsv','wsv')
20250114@154620.9491 ri65a42dn92t3bdfhqivgpd5tp Query : select 1 valor from information_schema.tables where table_type='base table' and table_name='wstablefields'
20250114@154620.9507 ri65a42dn92t3bdfhqivgpd5tp Query : select fieldkey,fieldname,fieldtype,calcformula from wstablefields where tablename = 'fi' and documentnumber = 39
20250114@154620.9535 ri65a42dn92t3bdfhqivgpd5tp Query : insert into wsfidata (fistamp,ousrdata, ousrhora, usrdata,usrhora,ousrinis,usrinis ,qtt ,ftstamp ,epv,pvmoeda ,tabiva,iva,lordem ,ref, design ,lote,armazem) values ('aut6786882004678686cce6',getdate(),convert(char(8),convert (time,getdate())),getdate(),convert(char(8),convert (time,getdate())),'wsv','wsv',12.000 ,'aut6786861783678686cb6b' ,0,0 ,2,23.00,210000,?,?,?,?)
20250114@154620.9825 ri65a42dn92t3bdfhqivgpd5tp Query : use flama_phc
20250114@154620.9829 ri65a42dn92t3bdfhqivgpd5tp Query : select st.usalote valor from st where st.ref = '324.1608.00.1'
20250114@154620.9860 ri65a42dn92t3bdfhqivgpd5tp Query : select top 1 st.tabiva ,st.ivaincl ,st.stns ,st.uni2 ,st.familia ,isnull(tx.taxa, 0) txiva ,unidade ,usalote ,epcpond ,noserie ,conversao ,st.texteis from st left join taxasiva tx on st.tabiva = tx.codigo where st.ref = '324.1608.00.1'
20250114@154621.3800 ri65a42dn92t3bdfhqivgpd5tp Query : select 1 valor from information_schema.tables where table_type='base table' and table_name='wstablefields'
20250114@154621.5600 ri65a42dn92t3bdfhqivgpd5tp Query : select fieldkey,fieldname,fieldtype,mandatory from wstablefields where tablename = 'fi' and documentnumber = 39
20250114@154621.8400 ri65a42dn92t3bdfhqivgpd5tp Query : select 1 valor from information_schema.tables where table_type='base table' and table_name='wstablefields'
20250114@154621.1020 ri65a42dn92t3bdfhqivgpd5tp Query : select fieldkey,fieldname,fieldtype,mandatory from wstablefields where tablename = 'fi2' and documentnumber = 39
20250114@154621.1110 ri65a42dn92t3bdfhqivgpd5tp Query : select top 1 convert(numeric(6,2),t.taxa) valor from taxasiva t where t.codigo='2'
20250114@154621.1230 ri65a42dn92t3bdfhqivgpd5tp Query : select sestamp valor from se where ref ='324.1608.00.1' and lote = 'r2400237100a'
20250114@154621.1440 ri65a42dn92t3bdfhqivgpd5tp Query : select 1 valor from information_schema.tables where table_type='base table' and table_name='wstablefields'
20250114@154621.1590 ri65a42dn92t3bdfhqivgpd5tp Query : select fieldkey,fieldname,fieldtype,calcformula from wstablefields where tablename = 'fi2' and documentnumber = 39
20250114@154621.1710 ri65a42dn92t3bdfhqivgpd5tp Query : insert into wsfi2data (fi2stamp,ftstamp ,ousrdata, ousrhora, usrdata,usrhora,ousrinis,usrinis) values ('aut6786851353678686cd03','aut6786861783678686cb6b' ,getdate(),convert(char(8),convert (time,getdate())),getdate(),convert(char(8),convert (time,getdate())),'wsv','wsv')
20250114@154621.1750 ri65a42dn92t3bdfhqivgpd5tp Query : select 1 valor from information_schema.tables where table_type='base table' and table_name='wstablefields'
20250114@154621.2120 ri65a42dn92t3bdfhqivgpd5tp Query : select fieldkey,fieldname,fieldtype,calcformula from wstablefields where tablename = 'fi' and documentnumber = 39
20250114@154621.2420 ri65a42dn92t3bdfhqivgpd5tp Query : insert into wsfidata (fistamp,ousrdata, ousrhora, usrdata,usrhora,ousrinis,usrinis ,qtt ,ftstamp ,epv,pvmoeda ,tabiva,iva,lordem ,ref, design ,lote,armazem) values ('aut6786851353678686cd03',getdate(),convert(char(8),convert (time,getdate())),getdate(),convert(char(8),convert (time,getdate())),'wsv','wsv',6.000 ,'aut6786861783678686cb6b' ,0,0 ,2,23.00,220000,?,?,?,?)
20250114@154621.5460 ri65a42dn92t3bdfhqivgpd5tp Query : use flama_phc
20250114@154621.5490 ri65a42dn92t3bdfhqivgpd5tp Query : select st.usalote valor from st where st.ref = '324.1608.00.1'
20250114@154621.5680 ri65a42dn92t3bdfhqivgpd5tp Query : select top 1 st.tabiva ,st.ivaincl ,st.stns ,st.uni2 ,st.familia ,isnull(tx.taxa, 0) txiva ,unidade ,usalote ,epcpond ,noserie ,conversao ,st.texteis from st left join taxasiva tx on st.tabiva = tx.codigo where st.ref = '324.1608.00.1'
20250114@154621.5840 ri65a42dn92t3bdfhqivgpd5tp Query : select 1 valor from information_schema.tables where table_type='base table' and table_name='wstablefields'
20250114@154621.6300 ri65a42dn92t3bdfhqivgpd5tp Query : select fieldkey,fieldname,fieldtype,mandatory from wstablefields where tablename = 'fi' and documentnumber = 39
20250114@154621.6570 ri65a42dn92t3bdfhqivgpd5tp Query : select 1 valor from information_schema.tables where table_type='base table' and table_name='wstablefields'
20250114@154621.6740 ri65a42dn92t3bdfhqivgpd5tp Query : select fieldkey,fieldname,fieldtype,mandatory from wstablefields where tablename = 'fi2' and documentnumber = 39
20250114@154621.6830 ri65a42dn92t3bdfhqivgpd5tp Query : select top 1 convert(numeric(6,2),t.taxa) valor from taxasiva t where t.codigo='2'
20250114@154621.6960 ri65a42dn92t3bdfhqivgpd5tp Query : select sestamp valor from se where ref ='324.1608.00.1' and lote = 'r2400237100a'
20250114@154621.7320 ri65a42dn92t3bdfhqivgpd5tp Query : select 1 valor from information_schema.tables where table_type='base table' and table_name='wstablefields'
20250114@154621.7480 ri65a42dn92t3bdfhqivgpd5tp Query : select fieldkey,fieldname,fieldtype,calcformula from wstablefields where tablename = 'fi2' and documentnumber = 39
20250114@154621.7740 ri65a42dn92t3bdfhqivgpd5tp Query : insert into wsfi2data (fi2stamp,ftstamp ,ousrdata, ousrhora, usrdata,usrhora,ousrinis,usrinis) values ('aut6786820440678686cd11','aut6786861783678686cb6b' ,getdate(),convert(char(8),convert (time,getdate())),getdate(),convert(char(8),convert (time,getdate())),'wsv','wsv')
20250114@154621.7780 ri65a42dn92t3bdfhqivgpd5tp Query : select 1 valor from information_schema.tables where table_type='base table' and table_name='wstablefields'
20250114@154621.7930 ri65a42dn92t3bdfhqivgpd5tp Query : select fieldkey,fieldname,fieldtype,calcformula from wstablefields where tablename = 'fi' and documentnumber = 39
20250114@154621.8210 ri65a42dn92t3bdfhqivgpd5tp Query : insert into wsfidata (fistamp,ousrdata, ousrhora, usrdata,usrhora,ousrinis,usrinis ,qtt ,ftstamp ,epv,pvmoeda ,tabiva,iva,lordem ,ref, design ,lote,armazem) values ('aut6786820440678686cd11',getdate(),convert(char(8),convert (time,getdate())),getdate(),convert(char(8),convert (time,getdate())),'wsv','wsv',18.000 ,'aut6786861783678686cb6b' ,0,0 ,2,23.00,230000,?,?,?,?)
20250114@154621.1128 ri65a42dn92t3bdfhqivgpd5tp Query : use flama_phc
20250114@154621.1131 ri65a42dn92t3bdfhqivgpd5tp Query : select st.usalote valor from st where st.ref = '327.8261.00.1'
20250114@154621.1152 ri65a42dn92t3bdfhqivgpd5tp Query : select top 1 st.tabiva ,st.ivaincl ,st.stns ,st.uni2 ,st.familia ,isnull(tx.taxa, 0) txiva ,unidade ,usalote ,epcpond ,noserie ,conversao ,st.texteis from st left join taxasiva tx on st.tabiva = tx.codigo where st.ref = '327.8261.00.1'
20250114@154621.2344 ri65a42dn92t3bdfhqivgpd5tp Query : select 1 valor from information_schema.tables where table_type='base table' and table_name='wstablefields'
20250114@154621.2363 ri65a42dn92t3bdfhqivgpd5tp Query : select fieldkey,fieldname,fieldtype,mandatory from wstablefields where tablename = 'fi' and documentnumber = 39
20250114@154621.2394 ri65a42dn92t3bdfhqivgpd5tp Query : select 1 valor from information_schema.tables where table_type='base table' and table_name='wstablefields'
20250114@154621.2411 ri65a42dn92t3bdfhqivgpd5tp Query : select fieldkey,fieldname,fieldtype,mandatory from wstablefields where tablename = 'fi2' and documentnumber = 39
20250114@154621.2422 ri65a42dn92t3bdfhqivgpd5tp Query : select top 1 convert(numeric(6,2),t.taxa) valor from taxasiva t where t.codigo='2'
20250114@154621.2437 ri65a42dn92t3bdfhqivgpd5tp Query : select sestamp valor from se where ref ='327.8261.00.1' and lote = 'r2401098200a'
20250114@154621.2457 ri65a42dn92t3bdfhqivgpd5tp Query : select 1 valor from information_schema.tables where table_type='base table' and table_name='wstablefields'
20250114@154621.2672 ri65a42dn92t3bdfhqivgpd5tp Query : select fieldkey,fieldname,fieldtype,calcformula from wstablefields where tablename = 'fi2' and documentnumber = 39
20250114@154621.2705 ri65a42dn92t3bdfhqivgpd5tp Query : insert into wsfi2data (fi2stamp,ftstamp ,ousrdata, ousrhora, usrdata,usrhora,ousrinis,usrinis) values ('aut6786826888678686cd3b','aut6786861783678686cb6b' ,getdate(),convert(char(8),convert (time,getdate())),getdate(),convert(char(8),convert (time,getdate())),'wsv','wsv')
20250114@154621.2717 ri65a42dn92t3bdfhqivgpd5tp Query : select 1 valor from information_schema.tables where table_type='base table' and table_name='wstablefields'
20250114@154621.2736 ri65a42dn92t3bdfhqivgpd5tp Query : select fieldkey,fieldname,fieldtype,calcformula from wstablefields where tablename = 'fi' and documentnumber = 39
20250114@154621.2794 ri65a42dn92t3bdfhqivgpd5tp Query : insert into wsfidata (fistamp,ousrdata, ousrhora, usrdata,usrhora,ousrinis,usrinis ,qtt ,ftstamp ,epv,pvmoeda ,tabiva,iva,lordem ,ref, design ,lote,armazem) values ('aut6786826888678686cd3b',getdate(),convert(char(8),convert (time,getdate())),getdate(),convert(char(8),convert (time,getdate())),'wsv','wsv',4.000 ,'aut6786861783678686cb6b' ,0,0 ,2,23.00,240000,?,?,?,?)
20250114@154621.3104 ri65a42dn92t3bdfhqivgpd5tp Query : select 1 valor from information_schema.tables where table_type='base table' and table_name='wstablefields'
20250114@154621.3122 ri65a42dn92t3bdfhqivgpd5tp Query : select fieldkey,fieldname,fieldtype,mandatory from wstablefields where tablename = 'fi' and documentnumber = 39
20250114@154621.3149 ri65a42dn92t3bdfhqivgpd5tp Query : select 1 valor from information_schema.tables where table_type='base table' and table_name='wstablefields'
20250114@154621.3184 ri65a42dn92t3bdfhqivgpd5tp Query : select fieldkey,fieldname,fieldtype,mandatory from wstablefields where tablename = 'fi2' and documentnumber = 39
20250114@154621.3193 ri65a42dn92t3bdfhqivgpd5tp Query : select top 1 convert(numeric(6,2),t.taxa) valor from taxasiva t where t.codigo='2'
20250114@154621.3206 ri65a42dn92t3bdfhqivgpd5tp Query : select 1 valor from information_schema.tables where table_type='base table' and table_name='wstablefields'
20250114@154621.3220 ri65a42dn92t3bdfhqivgpd5tp Query : select fieldkey,fieldname,fieldtype,calcformula from wstablefields where tablename = 'fi2' and documentnumber = 39
20250114@154621.3232 ri65a42dn92t3bdfhqivgpd5tp Query : insert into wsfi2data (fi2stamp,ftstamp ,ousrdata, ousrhora, usrdata,usrhora,ousrinis,usrinis) values ('aut6786873108678686cd4e','aut6786861783678686cb6b' ,getdate(),convert(char(8),convert (time,getdate())),getdate(),convert(char(8),convert (time,getdate())),'wsv','wsv')
20250114@154621.3236 ri65a42dn92t3bdfhqivgpd5tp Query : select 1 valor from information_schema.tables where table_type='base table' and table_name='wstablefields'
20250114@154621.3251 ri65a42dn92t3bdfhqivgpd5tp Query : select fieldkey,fieldname,fieldtype,calcformula from wstablefields where tablename = 'fi' and documentnumber = 39
20250114@154621.3280 ri65a42dn92t3bdfhqivgpd5tp Query : insert into wsfidata (fistamp,ousrdata, ousrhora, usrdata,usrhora,ousrinis,usrinis ,qtt ,ftstamp ,epv,pvmoeda ,tabiva,iva,lordem ,ref, design ,armazem) values ('aut6786873108678686cd4e',getdate(),convert(char(8),convert (time,getdate())),getdate(),convert(char(8),convert (time,getdate())),'wsv','wsv',0 ,'aut6786861783678686cb6b' ,0,0 ,2,23.00,250000,?,?,?)
20250114@154621.3570 ri65a42dn92t3bdfhqivgpd5tp Query : use flama_phc
20250114@154621.3573 ri65a42dn92t3bdfhqivgpd5tp Query : select st.usalote valor from st where st.ref = '327.8261.00.1'
20250114@154621.3593 ri65a42dn92t3bdfhqivgpd5tp Query : select top 1 st.tabiva ,st.ivaincl ,st.stns ,st.uni2 ,st.familia ,isnull(tx.taxa, 0) txiva ,unidade ,usalote ,epcpond ,noserie ,conversao ,st.texteis from st left join taxasiva tx on st.tabiva = tx.codigo where st.ref = '327.8261.00.1'
20250114@154621.3607 ri65a42dn92t3bdfhqivgpd5tp Query : select 1 valor from information_schema.tables where table_type='base table' and table_name='wstablefields'
20250114@154621.3642 ri65a42dn92t3bdfhqivgpd5tp Query : select fieldkey,fieldname,fieldtype,mandatory from wstablefields where tablename = 'fi' and documentnumber = 39
20250114@154621.3670 ri65a42dn92t3bdfhqivgpd5tp Query : select 1 valor from information_schema.tables where table_type='base table' and table_name='wstablefields'
20250114@154621.3686 ri65a42dn92t3bdfhqivgpd5tp Query : select fieldkey,fieldname,fieldtype,mandatory from wstablefields where tablename = 'fi2' and documentnumber = 39
20250114@154621.3696 ri65a42dn92t3bdfhqivgpd5tp Query : select top 1 convert(numeric(6,2),t.taxa) valor from taxasiva t where t.codigo='2'
20250114@154621.3710 ri65a42dn92t3bdfhqivgpd5tp Query : select sestamp valor from se where ref ='327.8261.00.1' and lote = 'r2401098200a'
20250114@154621.3724 ri65a42dn92t3bdfhqivgpd5tp Query : select 1 valor from information_schema.tables where table_type='base table' and table_name='wstablefields'
20250114@154621.3740 ri65a42dn92t3bdfhqivgpd5tp Query : select fieldkey,fieldname,fieldtype,calcformula from wstablefields where tablename = 'fi2' and documentnumber = 39
20250114@154621.3764 ri65a42dn92t3bdfhqivgpd5tp Query : insert into wsfi2data (fi2stamp,ftstamp ,ousrdata, ousrhora, usrdata,usrhora,ousrinis,usrinis) values ('aut6786869274678686cd5a','aut6786861783678686cb6b' ,getdate(),convert(char(8),convert (time,getdate())),getdate(),convert(char(8),convert (time,getdate())),'wsv','wsv')
20250114@154621.3768 ri65a42dn92t3bdfhqivgpd5tp Query : select 1 valor from information_schema.tables where table_type='base table' and table_name='wstablefields'
20250114@154621.3793 ri65a42dn92t3bdfhqivgpd5tp Query : select fieldkey,fieldname,fieldtype,calcformula from wstablefields where tablename = 'fi' and documentnumber = 39
20250114@154621.3845 ri65a42dn92t3bdfhqivgpd5tp Query : insert into wsfidata (fistamp,ousrdata, ousrhora, usrdata,usrhora,ousrinis,usrinis ,qtt ,ftstamp ,epv,pvmoeda ,tabiva,iva,lordem ,ref, design ,lote,armazem) values ('aut6786869274678686cd5a',getdate(),convert(char(8),convert (time,getdate())),getdate(),convert(char(8),convert (time,getdate())),'wsv','wsv',4.000 ,'aut6786861783678686cb6b' ,0,0 ,2,23.00,270000,?,?,?,?)
20250114@154621.4142 ri65a42dn92t3bdfhqivgpd5tp Query : select 1 valor from information_schema.tables where table_type='base table' and table_name='wstablefields'
20250114@154621.4158 ri65a42dn92t3bdfhqivgpd5tp Query : select fieldkey,fieldname,fieldtype,mandatory from wstablefields where tablename = 'fi' and documentnumber = 39
20250114@154621.4186 ri65a42dn92t3bdfhqivgpd5tp Query : select 1 valor from information_schema.tables where table_type='base table' and table_name='wstablefields'
20250114@154621.4200 ri65a42dn92t3bdfhqivgpd5tp Query : select fieldkey,fieldname,fieldtype,mandatory from wstablefields where tablename = 'fi2' and documentnumber = 39
20250114@154621.4209 ri65a42dn92t3bdfhqivgpd5tp Query : select top 1 convert(numeric(6,2),t.taxa) valor from taxasiva t where t.codigo='2'
20250114@154621.4220 ri65a42dn92t3bdfhqivgpd5tp Query : select 1 valor from information_schema.tables where table_type='base table' and table_name='wstablefields'
20250114@154621.4235 ri65a42dn92t3bdfhqivgpd5tp Query : select fieldkey,fieldname,fieldtype,calcformula from wstablefields where tablename = 'fi2' and documentnumber = 39
20250114@154621.4246 ri65a42dn92t3bdfhqivgpd5tp Query : insert into wsfi2data (fi2stamp,ftstamp ,ousrdata, ousrhora, usrdata,usrhora,ousrinis,usrinis) values ('aut6786844573678686cd67','aut6786861783678686cb6b' ,getdate(),convert(char(8),convert (time,getdate())),getdate(),convert(char(8),convert (time,getdate())),'wsv','wsv')
20250114@154621.4251 ri65a42dn92t3bdfhqivgpd5tp Query : select 1 valor from information_schema.tables where table_type='base table' and table_name='wstablefields'
20250114@154621.4265 ri65a42dn92t3bdfhqivgpd5tp Query : select fieldkey,fieldname,fieldtype,calcformula from wstablefields where tablename = 'fi' and documentnumber = 39
20250114@154621.4318 ri65a42dn92t3bdfhqivgpd5tp Query : insert into wsfidata (fistamp,ousrdata, ousrhora, usrdata,usrhora,ousrinis,usrinis ,qtt ,ftstamp ,epv,pvmoeda ,tabiva,iva,lordem ,ref, design ,armazem) values ('aut6786844573678686cd67',getdate(),convert(char(8),convert (time,getdate())),getdate(),convert(char(8),convert (time,getdate())),'wsv','wsv',0 ,'aut6786861783678686cb6b' ,0,0 ,2,23.00,280000,?,?,?)
20250114@154621.4598 ri65a42dn92t3bdfhqivgpd5tp Query : use flama_phc
20250114@154621.4601 ri65a42dn92t3bdfhqivgpd5tp Query : select st.usalote valor from st where st.ref = '327.8261.00.1'
20250114@154621.4638 ri65a42dn92t3bdfhqivgpd5tp Query : select top 1 st.tabiva ,st.ivaincl ,st.stns ,st.uni2 ,st.familia ,isnull(tx.taxa, 0) txiva ,unidade ,usalote ,epcpond ,noserie ,conversao ,st.texteis from st left join taxasiva tx on st.tabiva = tx.codigo where st.ref = '327.8261.00.1'
20250114@154621.4653 ri65a42dn92t3bdfhqivgpd5tp Query : select 1 valor from information_schema.tables where table_type='base table' and table_name='wstablefields'
20250114@154621.4671 ri65a42dn92t3bdfhqivgpd5tp Query : select fieldkey,fieldname,fieldtype,mandatory from wstablefields where tablename = 'fi' and documentnumber = 39
20250114@154621.4697 ri65a42dn92t3bdfhqivgpd5tp Query : select 1 valor from information_schema.tables where table_type='base table' and table_name='wstablefields'
20250114@154621.4712 ri65a42dn92t3bdfhqivgpd5tp Query : select fieldkey,fieldname,fieldtype,mandatory from wstablefields where tablename = 'fi2' and documentnumber = 39
20250114@154621.4721 ri65a42dn92t3bdfhqivgpd5tp Query : select top 1 convert(numeric(6,2),t.taxa) valor from taxasiva t where t.codigo='2'
20250114@154621.4754 ri65a42dn92t3bdfhqivgpd5tp Query : select sestamp valor from se where ref ='327.8261.00.1' and lote = 'r2401098200a'
20250114@154621.4767 ri65a42dn92t3bdfhqivgpd5tp Query : select 1 valor from information_schema.tables where table_type='base table' and table_name='wstablefields'
20250114@154621.4782 ri65a42dn92t3bdfhqivgpd5tp Query : select fieldkey,fieldname,fieldtype,calcformula from wstablefields where tablename = 'fi2' and documentnumber = 39
20250114@154621.4794 ri65a42dn92t3bdfhqivgpd5tp Query : insert into wsfi2data (fi2stamp,ftstamp ,ousrdata, ousrhora, usrdata,usrhora,ousrinis,usrinis) values ('aut6786871890678686cd74','aut6786861783678686cb6b' ,getdate(),convert(char(8),convert (time,getdate())),getdate(),convert(char(8),convert (time,getdate())),'wsv','wsv')
20250114@154621.4798 ri65a42dn92t3bdfhqivgpd5tp Query : select 1 valor from information_schema.tables where table_type='base table' and table_name='wstablefields'
20250114@154621.4813 ri65a42dn92t3bdfhqivgpd5tp Query : select fieldkey,fieldname,fieldtype,calcformula from wstablefields where tablename = 'fi' and documentnumber = 39
20250114@154621.4843 ri65a42dn92t3bdfhqivgpd5tp Query : insert into wsfidata (fistamp,ousrdata, ousrhora, usrdata,usrhora,ousrinis,usrinis ,qtt ,ftstamp ,epv,pvmoeda ,tabiva,iva,lordem ,ref, design ,lote,armazem) values ('aut6786871890678686cd74',getdate(),convert(char(8),convert (time,getdate())),getdate(),convert(char(8),convert (time,getdate())),'wsv','wsv',4.000 ,'aut6786861783678686cb6b' ,0,0 ,2,23.00,300000,?,?,?,?)
20250114@154621.5143 ri65a42dn92t3bdfhqivgpd5tp Query : select 1 valor from information_schema.tables where table_type='base table' and table_name='wstablefields'
20250114@154621.5159 ri65a42dn92t3bdfhqivgpd5tp Query : select fieldkey,fieldname,fieldtype,mandatory from wstablefields where tablename = 'fi' and documentnumber = 39
20250114@154621.5188 ri65a42dn92t3bdfhqivgpd5tp Query : select 1 valor from information_schema.tables where table_type='base table' and table_name='wstablefields'
20250114@154621.5223 ri65a42dn92t3bdfhqivgpd5tp Query : select fieldkey,fieldname,fieldtype,mandatory from wstablefields where tablename = 'fi2' and documentnumber = 39
20250114@154621.5232 ri65a42dn92t3bdfhqivgpd5tp Query : select top 1 convert(numeric(6,2),t.taxa) valor from taxasiva t where t.codigo='2'
20250114@154621.5245 ri65a42dn92t3bdfhqivgpd5tp Query : select 1 valor from information_schema.tables where table_type='base table' and table_name='wstablefields'
20250114@154621.5260 ri65a42dn92t3bdfhqivgpd5tp Query : select fieldkey,fieldname,fieldtype,calcformula from wstablefields where tablename = 'fi2' and documentnumber = 39
20250114@154621.5273 ri65a42dn92t3bdfhqivgpd5tp Query : insert into wsfi2data (fi2stamp,ftstamp ,ousrdata, ousrhora, usrdata,usrhora,ousrinis,usrinis) values ('aut6786874204678686cd80','aut6786861783678686cb6b' ,getdate(),convert(char(8),convert (time,getdate())),getdate(),convert(char(8),convert (time,getdate())),'wsv','wsv')
20250114@154621.5277 ri65a42dn92t3bdfhqivgpd5tp Query : select 1 valor from information_schema.tables where table_type='base table' and table_name='wstablefields'
20250114@154621.5292 ri65a42dn92t3bdfhqivgpd5tp Query : select fieldkey,fieldname,fieldtype,calcformula from wstablefields where tablename = 'fi' and documentnumber = 39
20250114@154621.5336 ri65a42dn92t3bdfhqivgpd5tp Query : insert into wsfidata (fistamp,ousrdata, ousrhora, usrdata,usrhora,ousrinis,usrinis ,qtt ,ftstamp ,epv,pvmoeda ,tabiva,iva,lordem ,ref, design ,armazem) values ('aut6786874204678686cd80',getdate(),convert(char(8),convert (time,getdate())),getdate(),convert(char(8),convert (time,getdate())),'wsv','wsv',0 ,'aut6786861783678686cb6b' ,0,0 ,2,23.00,310000,?,?,?)
20250114@154621.5643 ri65a42dn92t3bdfhqivgpd5tp Query : use flama_phc
20250114@154621.5647 ri65a42dn92t3bdfhqivgpd5tp Query : select st.usalote valor from st where st.ref = '327.8261.00.1'
20250114@154621.5688 ri65a42dn92t3bdfhqivgpd5tp Query : select top 1 st.tabiva ,st.ivaincl ,st.stns ,st.uni2 ,st.familia ,isnull(tx.taxa, 0) txiva ,unidade ,usalote ,epcpond ,noserie ,conversao ,st.texteis from st left join taxasiva tx on st.tabiva = tx.codigo where st.ref = '327.8261.00.1'
20250114@154621.5704 ri65a42dn92t3bdfhqivgpd5tp Query : select 1 valor from information_schema.tables where table_type='base table' and table_name='wstablefields'
20250114@154621.5722 ri65a42dn92t3bdfhqivgpd5tp Query : select fieldkey,fieldname,fieldtype,mandatory from wstablefields where tablename = 'fi' and documentnumber = 39
20250114@154621.5752 ri65a42dn92t3bdfhqivgpd5tp Query : select 1 valor from information_schema.tables where table_type='base table' and table_name='wstablefields'
20250114@154621.5768 ri65a42dn92t3bdfhqivgpd5tp Query : select fieldkey,fieldname,fieldtype,mandatory from wstablefields where tablename = 'fi2' and documentnumber = 39
20250114@154621.5778 ri65a42dn92t3bdfhqivgpd5tp Query : select top 1 convert(numeric(6,2),t.taxa) valor from taxasiva t where t.codigo='2'
20250114@154621.5808 ri65a42dn92t3bdfhqivgpd5tp Query : select sestamp valor from se where ref ='327.8261.00.1' and lote = 'r2401098200a'
20250114@154621.5822 ri65a42dn92t3bdfhqivgpd5tp Query : select 1 valor from information_schema.tables where table_type='base table' and table_name='wstablefields'
20250114@154621.5839 ri65a42dn92t3bdfhqivgpd5tp Query : select fieldkey,fieldname,fieldtype,calcformula from wstablefields where tablename = 'fi2' and documentnumber = 39
20250114@154621.5852 ri65a42dn92t3bdfhqivgpd5tp Query : insert into wsfi2data (fi2stamp,ftstamp ,ousrdata, ousrhora, usrdata,usrhora,ousrinis,usrinis) values ('aut6786861280678686cd8e','aut6786861783678686cb6b' ,getdate(),convert(char(8),convert (time,getdate())),getdate(),convert(char(8),convert (time,getdate())),'wsv','wsv')
20250114@154621.5857 ri65a42dn92t3bdfhqivgpd5tp Query : select 1 valor from information_schema.tables where table_type='base table' and table_name='wstablefields'
20250114@154621.5873 ri65a42dn92t3bdfhqivgpd5tp Query : select fieldkey,fieldname,fieldtype,calcformula from wstablefields where tablename = 'fi' and documentnumber = 39
20250114@154621.5904 ri65a42dn92t3bdfhqivgpd5tp Query : insert into wsfidata (fistamp,ousrdata, ousrhora, usrdata,usrhora,ousrinis,usrinis ,qtt ,ftstamp ,epv,pvmoeda ,tabiva,iva,lordem ,ref, design ,lote,armazem) values ('aut6786861280678686cd8e',getdate(),convert(char(8),convert (time,getdate())),getdate(),convert(char(8),convert (time,getdate())),'wsv','wsv',4.000 ,'aut6786861783678686cb6b' ,0,0 ,2,23.00,330000,?,?,?,?)
20250114@154621.6377 ri65a42dn92t3bdfhqivgpd5tp Query : select 1 valor from information_schema.tables where table_type='base table' and table_name='wstablefields'
20250114@154621.6395 ri65a42dn92t3bdfhqivgpd5tp Query : select fieldkey,fieldname,fieldtype,mandatory from wstablefields where tablename = 'fi' and documentnumber = 39
20250114@154621.6423 ri65a42dn92t3bdfhqivgpd5tp Query : select 1 valor from information_schema.tables where table_type='base table' and table_name='wstablefields'
20250114@154621.6438 ri65a42dn92t3bdfhqivgpd5tp Query : select fieldkey,fieldname,fieldtype,mandatory from wstablefields where tablename = 'fi2' and documentnumber = 39
20250114@154621.6448 ri65a42dn92t3bdfhqivgpd5tp Query : select top 1 convert(numeric(6,2),t.taxa) valor from taxasiva t where t.codigo='2'
20250114@154621.6483 ri65a42dn92t3bdfhqivgpd5tp Query : select 1 valor from information_schema.tables where table_type='base table' and table_name='wstablefields'
20250114@154621.6502 ri65a42dn92t3bdfhqivgpd5tp Query : select fieldkey,fieldname,fieldtype,calcformula from wstablefields where tablename = 'fi2' and documentnumber = 39
20250114@154621.6514 ri65a42dn92t3bdfhqivgpd5tp Query : insert into wsfi2data (fi2stamp,ftstamp ,ousrdata, ousrhora, usrdata,usrhora,ousrinis,usrinis) values ('aut6786848392678686cd9e','aut6786861783678686cb6b' ,getdate(),convert(char(8),convert (time,getdate())),getdate(),convert(char(8),convert (time,getdate())),'wsv','wsv')
20250114@154621.6518 ri65a42dn92t3bdfhqivgpd5tp Query : select 1 valor from information_schema.tables where table_type='base table' and table_name='wstablefields'
20250114@154621.6533 ri65a42dn92t3bdfhqivgpd5tp Query : select fieldkey,fieldname,fieldtype,calcformula from wstablefields where tablename = 'fi' and documentnumber = 39
20250114@154621.6562 ri65a42dn92t3bdfhqivgpd5tp Query : insert into wsfidata (fistamp,ousrdata, ousrhora, usrdata,usrhora,ousrinis,usrinis ,qtt ,ftstamp ,epv,pvmoeda ,tabiva,iva,lordem ,ref, design ,armazem) values ('aut6786848392678686cd9e',getdate(),convert(char(8),convert (time,getdate())),getdate(),convert(char(8),convert (time,getdate())),'wsv','wsv',0 ,'aut6786861783678686cb6b' ,0,0 ,2,23.00,340000,?,?,?)
20250114@154621.6868 ri65a42dn92t3bdfhqivgpd5tp Query : use flama_phc
20250114@154621.6871 ri65a42dn92t3bdfhqivgpd5tp Query : select st.usalote valor from st where st.ref = '327.8261.00.1'
20250114@154621.6899 ri65a42dn92t3bdfhqivgpd5tp Query : select top 1 st.tabiva ,st.ivaincl ,st.stns ,st.uni2 ,st.familia ,isnull(tx.taxa, 0) txiva ,unidade ,usalote ,epcpond ,noserie ,conversao ,st.texteis from st left join taxasiva tx on st.tabiva = tx.codigo where st.ref = '327.8261.00.1'
20250114@154621.6913 ri65a42dn92t3bdfhqivgpd5tp Query : select 1 valor from information_schema.tables where table_type='base table' and table_name='wstablefields'
20250114@154621.6929 ri65a42dn92t3bdfhqivgpd5tp Query : select fieldkey,fieldname,fieldtype,mandatory from wstablefields where tablename = 'fi' and documentnumber = 39
20250114@154621.6973 ri65a42dn92t3bdfhqivgpd5tp Query : select 1 valor from information_schema.tables where table_type='base table' and table_name='wstablefields'
20250114@154621.6989 ri65a42dn92t3bdfhqivgpd5tp Query : select fieldkey,fieldname,fieldtype,mandatory from wstablefields where tablename = 'fi2' and documentnumber = 39
20250114@154621.6998 ri65a42dn92t3bdfhqivgpd5tp Query : select top 1 convert(numeric(6,2),t.taxa) valor from taxasiva t where t.codigo='2'
20250114@154621.7010 ri65a42dn92t3bdfhqivgpd5tp Query : select sestamp valor from se where ref ='327.8261.00.1' and lote = 'r2401098200a'
20250114@154621.7023 ri65a42dn92t3bdfhqivgpd5tp Query : select 1 valor from information_schema.tables where table_type='base table' and table_name='wstablefields'
20250114@154621.7038 ri65a42dn92t3bdfhqivgpd5tp Query : select fieldkey,fieldname,fieldtype,calcformula from wstablefields where tablename = 'fi2' and documentnumber = 39
20250114@154621.7050 ri65a42dn92t3bdfhqivgpd5tp Query : insert into wsfi2data (fi2stamp,ftstamp ,ousrdata, ousrhora, usrdata,usrhora,ousrinis,usrinis) values ('aut6786837086678686cdab','aut6786861783678686cb6b' ,getdate(),convert(char(8),convert (time,getdate())),getdate(),convert(char(8),convert (time,getdate())),'wsv','wsv')
20250114@154621.7054 ri65a42dn92t3bdfhqivgpd5tp Query : select 1 valor from information_schema.tables where table_type='base table' and table_name='wstablefields'
20250114@154621.7070 ri65a42dn92t3bdfhqivgpd5tp Query : select fieldkey,fieldname,fieldtype,calcformula from wstablefields where tablename = 'fi' and documentnumber = 39
20250114@154621.7099 ri65a42dn92t3bdfhqivgpd5tp Query : insert into wsfidata (fistamp,ousrdata, ousrhora, usrdata,usrhora,ousrinis,usrinis ,qtt ,ftstamp ,epv,pvmoeda ,tabiva,iva,lordem ,ref, design ,lote,armazem) values ('aut6786837086678686cdab',getdate(),convert(char(8),convert (time,getdate())),getdate(),convert(char(8),convert (time,getdate())),'wsv','wsv',4.000 ,'aut6786861783678686cb6b' ,0,0 ,2,23.00,360000,?,?,?,?)
20250114@154621.7422 ri65a42dn92t3bdfhqivgpd5tp Query : select 1 valor from information_schema.tables where table_type='base table' and table_name='wstablefields'
20250114@154621.7443 ri65a42dn92t3bdfhqivgpd5tp Query : select fieldkey,fieldname,fieldtype,mandatory from wstablefields where tablename = 'fi' and documentnumber = 39
20250114@154621.7472 ri65a42dn92t3bdfhqivgpd5tp Query : select 1 valor from information_schema.tables where table_type='base table' and table_name='wstablefields'
20250114@154621.7509 ri65a42dn92t3bdfhqivgpd5tp Query : select fieldkey,fieldname,fieldtype,mandatory from wstablefields where tablename = 'fi2' and documentnumber = 39
20250114@154621.7520 ri65a42dn92t3bdfhqivgpd5tp Query : select top 1 convert(numeric(6,2),t.taxa) valor from taxasiva t where t.codigo='2'
20250114@154621.7536 ri65a42dn92t3bdfhqivgpd5tp Query : select 1 valor from information_schema.tables where table_type='base table' and table_name='wstablefields'
20250114@154621.7551 ri65a42dn92t3bdfhqivgpd5tp Query : select fieldkey,fieldname,fieldtype,calcformula from wstablefields where tablename = 'fi2' and documentnumber = 39
20250114@154621.7564 ri65a42dn92t3bdfhqivgpd5tp Query : insert into wsfi2data (fi2stamp,ftstamp ,ousrdata, ousrhora, usrdata,usrhora,ousrinis,usrinis) values ('aut6786802398678686cdb7','aut6786861783678686cb6b' ,getdate(),convert(char(8),convert (time,getdate())),getdate(),convert(char(8),convert (time,getdate())),'wsv','wsv')
20250114@154621.7569 ri65a42dn92t3bdfhqivgpd5tp Query : select 1 valor from information_schema.tables where table_type='base table' and table_name='wstablefields'
20250114@154621.7584 ri65a42dn92t3bdfhqivgpd5tp Query : select fieldkey,fieldname,fieldtype,calcformula from wstablefields where tablename = 'fi' and documentnumber = 39
20250114@154621.7627 ri65a42dn92t3bdfhqivgpd5tp Query : insert into wsfidata (fistamp,ousrdata, ousrhora, usrdata,usrhora,ousrinis,usrinis ,qtt ,ftstamp ,epv,pvmoeda ,tabiva,iva,lordem ,ref, design ,armazem) values ('aut6786802398678686cdb7',getdate(),convert(char(8),convert (time,getdate())),getdate(),convert(char(8),convert (time,getdate())),'wsv','wsv',0 ,'aut6786861783678686cb6b' ,0,0 ,2,23.00,370000,?,?,?)
20250114@154621.7955 ri65a42dn92t3bdfhqivgpd5tp Query : use flama_phc
20250114@154621.7958 ri65a42dn92t3bdfhqivgpd5tp Query : select st.usalote valor from st where st.ref = '327.8261.00.1'
20250114@154621.7981 ri65a42dn92t3bdfhqivgpd5tp Query : select top 1 st.tabiva ,st.ivaincl ,st.stns ,st.uni2 ,st.familia ,isnull(tx.taxa, 0) txiva ,unidade ,usalote ,epcpond ,noserie ,conversao ,st.texteis from st left join taxasiva tx on st.tabiva = tx.codigo where st.ref = '327.8261.00.1'
20250114@154621.7997 ri65a42dn92t3bdfhqivgpd5tp Query : select 1 valor from information_schema.tables where table_type='base table' and table_name='wstablefields'
20250114@154621.8014 ri65a42dn92t3bdfhqivgpd5tp Query : select fieldkey,fieldname,fieldtype,mandatory from wstablefields where tablename = 'fi' and documentnumber = 39
20250114@154621.8041 ri65a42dn92t3bdfhqivgpd5tp Query : select 1 valor from information_schema.tables where table_type='base table' and table_name='wstablefields'
20250114@154621.8057 ri65a42dn92t3bdfhqivgpd5tp Query : select fieldkey,fieldname,fieldtype,mandatory from wstablefields where tablename = 'fi2' and documentnumber = 39
20250114@154621.8067 ri65a42dn92t3bdfhqivgpd5tp Query : select top 1 convert(numeric(6,2),t.taxa) valor from taxasiva t where t.codigo='2'
20250114@154621.8080 ri65a42dn92t3bdfhqivgpd5tp Query : select sestamp valor from se where ref ='327.8261.00.1' and lote = 'r2401098200a'
20250114@154621.8095 ri65a42dn92t3bdfhqivgpd5tp Query : select 1 valor from information_schema.tables where table_type='base table' and table_name='wstablefields'
20250114@154621.8109 ri65a42dn92t3bdfhqivgpd5tp Query : select fieldkey,fieldname,fieldtype,calcformula from wstablefields where tablename = 'fi2' and documentnumber = 39
20250114@154621.8120 ri65a42dn92t3bdfhqivgpd5tp Query : insert into wsfi2data (fi2stamp,ftstamp ,ousrdata, ousrhora, usrdata,usrhora,ousrinis,usrinis) values ('aut6786843603678686cdc5','aut6786861783678686cb6b' ,getdate(),convert(char(8),convert (time,getdate())),getdate(),convert(char(8),convert (time,getdate())),'wsv','wsv')
20250114@154621.8124 ri65a42dn92t3bdfhqivgpd5tp Query : select 1 valor from information_schema.tables where table_type='base table' and table_name='wstablefields'
20250114@154621.8138 ri65a42dn92t3bdfhqivgpd5tp Query : select fieldkey,fieldname,fieldtype,calcformula from wstablefields where tablename = 'fi' and documentnumber = 39
20250114@154621.8178 ri65a42dn92t3bdfhqivgpd5tp Query : insert into wsfidata (fistamp,ousrdata, ousrhora, usrdata,usrhora,ousrinis,usrinis ,qtt ,ftstamp ,epv,pvmoeda ,tabiva,iva,lordem ,ref, design ,lote,armazem) values ('aut6786843603678686cdc5',getdate(),convert(char(8),convert (time,getdate())),getdate(),convert(char(8),convert (time,getdate())),'wsv','wsv',4.000 ,'aut6786861783678686cb6b' ,0,0 ,2,23.00,390000,?,?,?,?)
20250114@154621.8579 ri65a42dn92t3bdfhqivgpd5tp Query : select 1 valor from information_schema.tables where table_type='base table' and table_name='wstablefields'
20250114@154621.8596 ri65a42dn92t3bdfhqivgpd5tp Query : select fieldkey,fieldname,fieldtype,mandatory from wstablefields where tablename = 'fi' and documentnumber = 39
20250114@154621.8621 ri65a42dn92t3bdfhqivgpd5tp Query : select 1 valor from information_schema.tables where table_type='base table' and table_name='wstablefields'
20250114@154621.8635 ri65a42dn92t3bdfhqivgpd5tp Query : select fieldkey,fieldname,fieldtype,mandatory from wstablefields where tablename = 'fi2' and documentnumber = 39
20250114@154621.8663 ri65a42dn92t3bdfhqivgpd5tp Query : select top 1 convert(numeric(6,2),t.taxa) valor from taxasiva t where t.codigo='2'
20250114@154621.8694 ri65a42dn92t3bdfhqivgpd5tp Query : select 1 valor from information_schema.tables where table_type='base table' and table_name='wstablefields'
20250114@154621.8708 ri65a42dn92t3bdfhqivgpd5tp Query : select fieldkey,fieldname,fieldtype,calcformula from wstablefields where tablename = 'fi2' and documentnumber = 39
20250114@154621.8720 ri65a42dn92t3bdfhqivgpd5tp Query : insert into wsfi2data (fi2stamp,ftstamp ,ousrdata, ousrhora, usrdata,usrhora,ousrinis,usrinis) values ('aut6786873184678686cdd4','aut6786861783678686cb6b' ,getdate(),convert(char(8),convert (time,getdate())),getdate(),convert(char(8),convert (time,getdate())),'wsv','wsv')
20250114@154621.8724 ri65a42dn92t3bdfhqivgpd5tp Query : select 1 valor from information_schema.tables where table_type='base table' and table_name='wstablefields'
20250114@154621.8740 ri65a42dn92t3bdfhqivgpd5tp Query : select fieldkey,fieldname,fieldtype,calcformula from wstablefields where tablename = 'fi' and documentnumber = 39
20250114@154621.8770 ri65a42dn92t3bdfhqivgpd5tp Query : insert into wsfidata (fistamp,ousrdata, ousrhora, usrdata,usrhora,ousrinis,usrinis ,qtt ,ftstamp ,epv,pvmoeda ,tabiva,iva,lordem ,ref, design ,armazem) values ('aut6786873184678686cdd4',getdate(),convert(char(8),convert (time,getdate())),getdate(),convert(char(8),convert (time,getdate())),'wsv','wsv',0 ,'aut6786861783678686cb6b' ,0,0 ,2,23.00,400000,?,?,?)
20250114@154621.9048 ri65a42dn92t3bdfhqivgpd5tp Query : use flama_phc
20250114@154621.9051 ri65a42dn92t3bdfhqivgpd5tp Query : select st.usalote valor from st where st.ref = '324.691.00.01'
20250114@154621.9086 ri65a42dn92t3bdfhqivgpd5tp Query : select top 1 st.tabiva ,st.ivaincl ,st.stns ,st.uni2 ,st.familia ,isnull(tx.taxa, 0) txiva ,unidade ,usalote ,epcpond ,noserie ,conversao ,st.texteis from st left join taxasiva tx on st.tabiva = tx.codigo where st.ref = '324.691.00.01'
20250114@154621.9404 ri65a42dn92t3bdfhqivgpd5tp Query : select 1 valor from information_schema.tables where table_type='base table' and table_name='wstablefields'
20250114@154621.9420 ri65a42dn92t3bdfhqivgpd5tp Query : select fieldkey,fieldname,fieldtype,mandatory from wstablefields where tablename = 'fi' and documentnumber = 39
20250114@154621.9463 ri65a42dn92t3bdfhqivgpd5tp Query : select 1 valor from information_schema.tables where table_type='base table' and table_name='wstablefields'
20250114@154621.9499 ri65a42dn92t3bdfhqivgpd5tp Query : select fieldkey,fieldname,fieldtype,mandatory from wstablefields where tablename = 'fi2' and documentnumber = 39
20250114@154622.1110 ri65a42dn92t3bdfhqivgpd5tp Query : select top 1 convert(numeric(6,2),t.taxa) valor from taxasiva t where t.codigo='2'
20250114@154622.1870 ri65a42dn92t3bdfhqivgpd5tp Query : select sestamp valor from se where ref ='324.691.00.01' and lote = 'r2400837300a'
20250114@154622.2040 ri65a42dn92t3bdfhqivgpd5tp Query : select 1 valor from information_schema.tables where table_type='base table' and table_name='wstablefields'
20250114@154622.2220 ri65a42dn92t3bdfhqivgpd5tp Query : select fieldkey,fieldname,fieldtype,calcformula from wstablefields where tablename = 'fi2' and documentnumber = 39
20250114@154622.2360 ri65a42dn92t3bdfhqivgpd5tp Query : insert into wsfi2data (fi2stamp,ftstamp ,ousrdata, ousrhora, usrdata,usrhora,ousrinis,usrinis) values ('aut6786819517678686ce04','aut6786861783678686cb6b' ,getdate(),convert(char(8),convert (time,getdate())),getdate(),convert(char(8),convert (time,getdate())),'wsv','wsv')
20250114@154622.2410 ri65a42dn92t3bdfhqivgpd5tp Query : select 1 valor from information_schema.tables where table_type='base table' and table_name='wstablefields'
20250114@154622.2600 ri65a42dn92t3bdfhqivgpd5tp Query : select fieldkey,fieldname,fieldtype,calcformula from wstablefields where tablename = 'fi' and documentnumber = 39
20250114@154622.3680 ri65a42dn92t3bdfhqivgpd5tp Query : insert into wsfidata (fistamp,ousrdata, ousrhora, usrdata,usrhora,ousrinis,usrinis ,qtt ,ftstamp ,epv,pvmoeda ,tabiva,iva,lordem ,ref, design ,lote,armazem) values ('aut6786819517678686ce04',getdate(),convert(char(8),convert (time,getdate())),getdate(),convert(char(8),convert (time,getdate())),'wsv','wsv',10.000 ,'aut6786861783678686cb6b' ,0,0 ,2,23.00,420000,?,?,?,?)
20250114@154622.6970 ri65a42dn92t3bdfhqivgpd5tp Query : select 1 valor from information_schema.tables where table_type='base table' and table_name='wstablefields'
20250114@154622.7360 ri65a42dn92t3bdfhqivgpd5tp Query : select fieldkey,fieldname,fieldtype,mandatory from wstablefields where tablename = 'fi' and documentnumber = 39
20250114@154622.7750 ri65a42dn92t3bdfhqivgpd5tp Query : select 1 valor from information_schema.tables where table_type='base table' and table_name='wstablefields'
20250114@154622.7930 ri65a42dn92t3bdfhqivgpd5tp Query : select fieldkey,fieldname,fieldtype,mandatory from wstablefields where tablename = 'fi2' and documentnumber = 39
20250114@154622.8250 ri65a42dn92t3bdfhqivgpd5tp Query : select top 1 convert(numeric(6,2),t.taxa) valor from taxasiva t where t.codigo='2'
20250114@154622.8410 ri65a42dn92t3bdfhqivgpd5tp Query : select 1 valor from information_schema.tables where table_type='base table' and table_name='wstablefields'
20250114@154622.8580 ri65a42dn92t3bdfhqivgpd5tp Query : select fieldkey,fieldname,fieldtype,calcformula from wstablefields where tablename = 'fi2' and documentnumber = 39
20250114@154622.8730 ri65a42dn92t3bdfhqivgpd5tp Query : insert into wsfi2data (fi2stamp,ftstamp ,ousrdata, ousrhora, usrdata,usrhora,ousrinis,usrinis) values ('aut6786899154678686ce14','aut6786861783678686cb6b' ,getdate(),convert(char(8),convert (time,getdate())),getdate(),convert(char(8),convert (time,getdate())),'wsv','wsv')
20250114@154622.8780 ri65a42dn92t3bdfhqivgpd5tp Query : select 1 valor from information_schema.tables where table_type='base table' and table_name='wstablefields'
20250114@154622.8960 ri65a42dn92t3bdfhqivgpd5tp Query : select fieldkey,fieldname,fieldtype,calcformula from wstablefields where tablename = 'fi' and documentnumber = 39
20250114@154622.9310 ri65a42dn92t3bdfhqivgpd5tp Query : insert into wsfidata (fistamp,ousrdata, ousrhora, usrdata,usrhora,ousrinis,usrinis ,qtt ,ftstamp ,epv,pvmoeda ,tabiva,iva,lordem ,ref, design ,armazem) values ('aut6786899154678686ce14',getdate(),convert(char(8),convert (time,getdate())),getdate(),convert(char(8),convert (time,getdate())),'wsv','wsv',0 ,'aut6786861783678686cb6b' ,0,0 ,2,23.00,430000,?,?,?)
20250114@154622.1448 ri65a42dn92t3bdfhqivgpd5tp Query : use flama_phc
20250114@154622.1478 ri65a42dn92t3bdfhqivgpd5tp Query : select st.usalote valor from st where st.ref = '324.691.00.01'
20250114@154622.1511 ri65a42dn92t3bdfhqivgpd5tp Query : select top 1 st.tabiva ,st.ivaincl ,st.stns ,st.uni2 ,st.familia ,isnull(tx.taxa, 0) txiva ,unidade ,usalote ,epcpond ,noserie ,conversao ,st.texteis from st left join taxasiva tx on st.tabiva = tx.codigo where st.ref = '324.691.00.01'
20250114@154622.1531 ri65a42dn92t3bdfhqivgpd5tp Query : select 1 valor from information_schema.tables where table_type='base table' and table_name='wstablefields'
20250114@154622.1554 ri65a42dn92t3bdfhqivgpd5tp Query : select fieldkey,fieldname,fieldtype,mandatory from wstablefields where tablename = 'fi' and documentnumber = 39
20250114@154622.1608 ri65a42dn92t3bdfhqivgpd5tp Query : select 1 valor from information_schema.tables where table_type='base table' and table_name='wstablefields'
20250114@154622.1628 ri65a42dn92t3bdfhqivgpd5tp Query : select fieldkey,fieldname,fieldtype,mandatory from wstablefields where tablename = 'fi2' and documentnumber = 39
20250114@154622.1638 ri65a42dn92t3bdfhqivgpd5tp Query : select top 1 convert(numeric(6,2),t.taxa) valor from taxasiva t where t.codigo='2'
20250114@154622.1652 ri65a42dn92t3bdfhqivgpd5tp Query : select sestamp valor from se where ref ='324.691.00.01' and lote = 'r2400837300a'
20250114@154622.1664 ri65a42dn92t3bdfhqivgpd5tp Query : select 1 valor from information_schema.tables where table_type='base table' and table_name='wstablefields'
20250114@154622.1679 ri65a42dn92t3bdfhqivgpd5tp Query : select fieldkey,fieldname,fieldtype,calcformula from wstablefields where tablename = 'fi2' and documentnumber = 39
20250114@154622.1690 ri65a42dn92t3bdfhqivgpd5tp Query : insert into wsfi2data (fi2stamp,ftstamp ,ousrdata, ousrhora, usrdata,usrhora,ousrinis,usrinis) values ('aut6786873647678686ce28','aut6786861783678686cb6b' ,getdate(),convert(char(8),convert (time,getdate())),getdate(),convert(char(8),convert (time,getdate())),'wsv','wsv')
20250114@154622.1695 ri65a42dn92t3bdfhqivgpd5tp Query : select 1 valor from information_schema.tables where table_type='base table' and table_name='wstablefields'
20250114@154622.1710 ri65a42dn92t3bdfhqivgpd5tp Query : select fieldkey,fieldname,fieldtype,calcformula from wstablefields where tablename = 'fi' and documentnumber = 39
20250114@154622.1739 ri65a42dn92t3bdfhqivgpd5tp Query : insert into wsfidata (fistamp,ousrdata, ousrhora, usrdata,usrhora,ousrinis,usrinis ,qtt ,ftstamp ,epv,pvmoeda ,tabiva,iva,lordem ,ref, design ,lote,armazem) values ('aut6786873647678686ce28',getdate(),convert(char(8),convert (time,getdate())),getdate(),convert(char(8),convert (time,getdate())),'wsv','wsv',2.000 ,'aut6786861783678686cb6b' ,0,0 ,2,23.00,450000,?,?,?,?)
20250114@154622.2072 ri65a42dn92t3bdfhqivgpd5tp Query : select 1 valor from information_schema.tables where table_type='base table' and table_name='wstablefields'
20250114@154622.2091 ri65a42dn92t3bdfhqivgpd5tp Query : select fieldkey,fieldname,fieldtype,mandatory from wstablefields where tablename = 'fi' and documentnumber = 39
20250114@154622.2140 ri65a42dn92t3bdfhqivgpd5tp Query : select 1 valor from information_schema.tables where table_type='base table' and table_name='wstablefields'
20250114@154622.2160 ri65a42dn92t3bdfhqivgpd5tp Query : select fieldkey,fieldname,fieldtype,mandatory from wstablefields where tablename = 'fi2' and documentnumber = 39
20250114@154622.2169 ri65a42dn92t3bdfhqivgpd5tp Query : select top 1 convert(numeric(6,2),t.taxa) valor from taxasiva t where t.codigo='2'
20250114@154622.2183 ri65a42dn92t3bdfhqivgpd5tp Query : select 1 valor from information_schema.tables where table_type='base table' and table_name='wstablefields'
20250114@154622.2197 ri65a42dn92t3bdfhqivgpd5tp Query : select fieldkey,fieldname,fieldtype,calcformula from wstablefields where tablename = 'fi2' and documentnumber = 39
20250114@154622.2208 ri65a42dn92t3bdfhqivgpd5tp Query : insert into wsfi2data (fi2stamp,ftstamp ,ousrdata, ousrhora, usrdata,usrhora,ousrinis,usrinis) values ('aut6786878641678686ce35','aut6786861783678686cb6b' ,getdate(),convert(char(8),convert (time,getdate())),getdate(),convert(char(8),convert (time,getdate())),'wsv','wsv')
20250114@154622.2213 ri65a42dn92t3bdfhqivgpd5tp Query : select 1 valor from information_schema.tables where table_type='base table' and table_name='wstablefields'
20250114@154622.2244 ri65a42dn92t3bdfhqivgpd5tp Query : select fieldkey,fieldname,fieldtype,calcformula from wstablefields where tablename = 'fi' and documentnumber = 39
20250114@154622.2272 ri65a42dn92t3bdfhqivgpd5tp Query : insert into wsfidata (fistamp,ousrdata, ousrhora, usrdata,usrhora,ousrinis,usrinis ,qtt ,ftstamp ,epv,pvmoeda ,tabiva,iva,lordem ,ref, design ,armazem) values ('aut6786878641678686ce35',getdate(),convert(char(8),convert (time,getdate())),getdate(),convert(char(8),convert (time,getdate())),'wsv','wsv',0 ,'aut6786861783678686cb6b' ,0,0 ,2,23.00,460000,?,?,?)
20250114@154622.2597 ri65a42dn92t3bdfhqivgpd5tp Query : use flama_phc
20250114@154622.2600 ri65a42dn92t3bdfhqivgpd5tp Query : select st.usalote valor from st where st.ref = '324.691.00.01'
20250114@154622.2619 ri65a42dn92t3bdfhqivgpd5tp Query : select top 1 st.tabiva ,st.ivaincl ,st.stns ,st.uni2 ,st.familia ,isnull(tx.taxa, 0) txiva ,unidade ,usalote ,epcpond ,noserie ,conversao ,st.texteis from st left join taxasiva tx on st.tabiva = tx.codigo where st.ref = '324.691.00.01'
20250114@154622.2633 ri65a42dn92t3bdfhqivgpd5tp Query : select 1 valor from information_schema.tables where table_type='base table' and table_name='wstablefields'
20250114@154622.2650 ri65a42dn92t3bdfhqivgpd5tp Query : select fieldkey,fieldname,fieldtype,mandatory from wstablefields where tablename = 'fi' and documentnumber = 39
20250114@154622.2694 ri65a42dn92t3bdfhqivgpd5tp Query : select 1 valor from information_schema.tables where table_type='base table' and table_name='wstablefields'
20250114@154622.2708 ri65a42dn92t3bdfhqivgpd5tp Query : select fieldkey,fieldname,fieldtype,mandatory from wstablefields where tablename = 'fi2' and documentnumber = 39
20250114@154622.2718 ri65a42dn92t3bdfhqivgpd5tp Query : select top 1 convert(numeric(6,2),t.taxa) valor from taxasiva t where t.codigo='2'
20250114@154622.2730 ri65a42dn92t3bdfhqivgpd5tp Query : select sestamp valor from se where ref ='324.691.00.01' and lote = 'r2400837300a'
20250114@154622.2759 ri65a42dn92t3bdfhqivgpd5tp Query : select 1 valor from information_schema.tables where table_type='base table' and table_name='wstablefields'
20250114@154622.2773 ri65a42dn92t3bdfhqivgpd5tp Query : select fieldkey,fieldname,fieldtype,calcformula from wstablefields where tablename = 'fi2' and documentnumber = 39
20250114@154622.2785 ri65a42dn92t3bdfhqivgpd5tp Query : insert into wsfi2data (fi2stamp,ftstamp ,ousrdata, ousrhora, usrdata,usrhora,ousrinis,usrinis) values ('aut6786862466678686ce43','aut6786861783678686cb6b' ,getdate(),convert(char(8),convert (time,getdate())),getdate(),convert(char(8),convert (time,getdate())),'wsv','wsv')
20250114@154622.2789 ri65a42dn92t3bdfhqivgpd5tp Query : select 1 valor from information_schema.tables where table_type='base table' and table_name='wstablefields'
20250114@154622.2804 ri65a42dn92t3bdfhqivgpd5tp Query : select fieldkey,fieldname,fieldtype,calcformula from wstablefields where tablename = 'fi' and documentnumber = 39
20250114@154622.2838 ri65a42dn92t3bdfhqivgpd5tp Query : insert into wsfidata (fistamp,ousrdata, ousrhora, usrdata,usrhora,ousrinis,usrinis ,qtt ,ftstamp ,epv,pvmoeda ,tabiva,iva,lordem ,ref, design ,lote,armazem) values ('aut6786862466678686ce43',getdate(),convert(char(8),convert (time,getdate())),getdate(),convert(char(8),convert (time,getdate())),'wsv','wsv',16.000 ,'aut6786861783678686cb6b' ,0,0 ,2,23.00,480000,?,?,?,?)
20250114@154622.3154 ri65a42dn92t3bdfhqivgpd5tp Query : select 1 valor from information_schema.tables where table_type='base table' and table_name='wstablefields'
20250114@154622.3174 ri65a42dn92t3bdfhqivgpd5tp Query : select fieldkey,fieldname,fieldtype,mandatory from wstablefields where tablename = 'fi' and documentnumber = 39
20250114@154622.3199 ri65a42dn92t3bdfhqivgpd5tp Query : select 1 valor from information_schema.tables where table_type='base table' and table_name='wstablefields'
20250114@154622.3236 ri65a42dn92t3bdfhqivgpd5tp Query : select fieldkey,fieldname,fieldtype,mandatory from wstablefields where tablename = 'fi2' and documentnumber = 39
20250114@154622.3244 ri65a42dn92t3bdfhqivgpd5tp Query : select top 1 convert(numeric(6,2),t.taxa) valor from taxasiva t where t.codigo='2'
20250114@154622.3257 ri65a42dn92t3bdfhqivgpd5tp Query : select 1 valor from information_schema.tables where table_type='base table' and table_name='wstablefields'
20250114@154622.3272 ri65a42dn92t3bdfhqivgpd5tp Query : select fieldkey,fieldname,fieldtype,calcformula from wstablefields where tablename = 'fi2' and documentnumber = 39
20250114@154622.3283 ri65a42dn92t3bdfhqivgpd5tp Query : insert into wsfi2data (fi2stamp,ftstamp ,ousrdata, ousrhora, usrdata,usrhora,ousrinis,usrinis) values ('aut6786862740678686ce4f','aut6786861783678686cb6b' ,getdate(),convert(char(8),convert (time,getdate())),getdate(),convert(char(8),convert (time,getdate())),'wsv','wsv')
20250114@154622.3287 ri65a42dn92t3bdfhqivgpd5tp Query : select 1 valor from information_schema.tables where table_type='base table' and table_name='wstablefields'
20250114@154622.3302 ri65a42dn92t3bdfhqivgpd5tp Query : select fieldkey,fieldname,fieldtype,calcformula from wstablefields where tablename = 'fi' and documentnumber = 39
20250114@154622.3332 ri65a42dn92t3bdfhqivgpd5tp Query : insert into wsfidata (fistamp,ousrdata, ousrhora, usrdata,usrhora,ousrinis,usrinis ,qtt ,ftstamp ,epv,pvmoeda ,tabiva,iva,lordem ,ref, design ,armazem) values ('aut6786862740678686ce4f',getdate(),convert(char(8),convert (time,getdate())),getdate(),convert(char(8),convert (time,getdate())),'wsv','wsv',0 ,'aut6786861783678686cb6b' ,0,0 ,2,23.00,490000,?,?,?)
20250114@154622.3653 ri65a42dn92t3bdfhqivgpd5tp Query : use flama_phc
20250114@154622.3656 ri65a42dn92t3bdfhqivgpd5tp Query : select st.usalote valor from st where st.ref = '324.691.00.01'
20250114@154622.3684 ri65a42dn92t3bdfhqivgpd5tp Query : select top 1 st.tabiva ,st.ivaincl ,st.stns ,st.uni2 ,st.familia ,isnull(tx.taxa, 0) txiva ,unidade ,usalote ,epcpond ,noserie ,conversao ,st.texteis from st left join taxasiva tx on st.tabiva = tx.codigo where st.ref = '324.691.00.01'
20250114@154622.3702 ri65a42dn92t3bdfhqivgpd5tp Query : select 1 valor from information_schema.tables where table_type='base table' and table_name='wstablefields'
20250114@154622.3720 ri65a42dn92t3bdfhqivgpd5tp Query : select fieldkey,fieldname,fieldtype,mandatory from wstablefields where tablename = 'fi' and documentnumber = 39
20250114@154622.3768 ri65a42dn92t3bdfhqivgpd5tp Query : select 1 valor from information_schema.tables where table_type='base table' and table_name='wstablefields'
20250114@154622.3783 ri65a42dn92t3bdfhqivgpd5tp Query : select fieldkey,fieldname,fieldtype,mandatory from wstablefields where tablename = 'fi2' and documentnumber = 39
20250114@154622.3793 ri65a42dn92t3bdfhqivgpd5tp Query : select top 1 convert(numeric(6,2),t.taxa) valor from taxasiva t where t.codigo='2'
20250114@154622.3807 ri65a42dn92t3bdfhqivgpd5tp Query : select sestamp valor from se where ref ='324.691.00.01' and lote = 'r2400837300a'
20250114@154622.3822 ri65a42dn92t3bdfhqivgpd5tp Query : select 1 valor from information_schema.tables where table_type='base table' and table_name='wstablefields'
20250114@154622.3839 ri65a42dn92t3bdfhqivgpd5tp Query : select fieldkey,fieldname,fieldtype,calcformula from wstablefields where tablename = 'fi2' and documentnumber = 39
20250114@154622.3854 ri65a42dn92t3bdfhqivgpd5tp Query : insert into wsfi2data (fi2stamp,ftstamp ,ousrdata, ousrhora, usrdata,usrhora,ousrinis,usrinis) values ('aut6786858237678686ce5d','aut6786861783678686cb6b' ,getdate(),convert(char(8),convert (time,getdate())),getdate(),convert(char(8),convert (time,getdate())),'wsv','wsv')
20250114@154622.3859 ri65a42dn92t3bdfhqivgpd5tp Query : select 1 valor from information_schema.tables where table_type='base table' and table_name='wstablefields'
20250114@154622.3876 ri65a42dn92t3bdfhqivgpd5tp Query : select fieldkey,fieldname,fieldtype,calcformula from wstablefields where tablename = 'fi' and documentnumber = 39
20250114@154622.3925 ri65a42dn92t3bdfhqivgpd5tp Query : insert into wsfidata (fistamp,ousrdata, ousrhora, usrdata,usrhora,ousrinis,usrinis ,qtt ,ftstamp ,epv,pvmoeda ,tabiva,iva,lordem ,ref, design ,lote,armazem) values ('aut6786858237678686ce5d',getdate(),convert(char(8),convert (time,getdate())),getdate(),convert(char(8),convert (time,getdate())),'wsv','wsv',16.000 ,'aut6786861783678686cb6b' ,0,0 ,2,23.00,510000,?,?,?,?)
20250114@154622.4232 ri65a42dn92t3bdfhqivgpd5tp Query : select 1 valor from information_schema.tables where table_type='base table' and table_name='wstablefields'
20250114@154622.4251 ri65a42dn92t3bdfhqivgpd5tp Query : select fieldkey,fieldname,fieldtype,mandatory from wstablefields where tablename = 'fi' and documentnumber = 39
20250114@154622.4299 ri65a42dn92t3bdfhqivgpd5tp Query : select 1 valor from information_schema.tables where table_type='base table' and table_name='wstablefields'
20250114@154622.4318 ri65a42dn92t3bdfhqivgpd5tp Query : select fieldkey,fieldname,fieldtype,mandatory from wstablefields where tablename = 'fi2' and documentnumber = 39
20250114@154622.4328 ri65a42dn92t3bdfhqivgpd5tp Query : select top 1 convert(numeric(6,2),t.taxa) valor from taxasiva t where t.codigo='2'
20250114@154622.4343 ri65a42dn92t3bdfhqivgpd5tp Query : select 1 valor from information_schema.tables where table_type='base table' and table_name='wstablefields'
20250114@154622.4378 ri65a42dn92t3bdfhqivgpd5tp Query : select fieldkey,fieldname,fieldtype,calcformula from wstablefields where tablename = 'fi2' and documentnumber = 39
20250114@154622.4392 ri65a42dn92t3bdfhqivgpd5tp Query : insert into wsfi2data (fi2stamp,ftstamp ,ousrdata, ousrhora, usrdata,usrhora,ousrinis,usrinis) values ('aut6786842315678686ce6a','aut6786861783678686cb6b' ,getdate(),convert(char(8),convert (time,getdate())),getdate(),convert(char(8),convert (time,getdate())),'wsv','wsv')
20250114@154622.4397 ri65a42dn92t3bdfhqivgpd5tp Query : select 1 valor from information_schema.tables where table_type='base table' and table_name='wstablefields'
20250114@154622.4414 ri65a42dn92t3bdfhqivgpd5tp Query : select fieldkey,fieldname,fieldtype,calcformula from wstablefields where tablename = 'fi' and documentnumber = 39
20250114@154622.4449 ri65a42dn92t3bdfhqivgpd5tp Query : insert into wsfidata (fistamp,ousrdata, ousrhora, usrdata,usrhora,ousrinis,usrinis ,qtt ,ftstamp ,epv,pvmoeda ,tabiva,iva,lordem ,ref, design ,armazem) values ('aut6786842315678686ce6a',getdate(),convert(char(8),convert (time,getdate())),getdate(),convert(char(8),convert (time,getdate())),'wsv','wsv',0 ,'aut6786861783678686cb6b' ,0,0 ,2,23.00,520000,?,?,?)
20250114@154622.4769 ri65a42dn92t3bdfhqivgpd5tp Query : use flama_phc
20250114@154622.4773 ri65a42dn92t3bdfhqivgpd5tp Query : select st.usalote valor from st where st.ref = '324.691.00.01'
20250114@154622.4795 ri65a42dn92t3bdfhqivgpd5tp Query : select top 1 st.tabiva ,st.ivaincl ,st.stns ,st.uni2 ,st.familia ,isnull(tx.taxa, 0) txiva ,unidade ,usalote ,epcpond ,noserie ,conversao ,st.texteis from st left join taxasiva tx on st.tabiva = tx.codigo where st.ref = '324.691.00.01'
20250114@154622.4812 ri65a42dn92t3bdfhqivgpd5tp Query : select 1 valor from information_schema.tables where table_type='base table' and table_name='wstablefields'
20250114@154622.4829 ri65a42dn92t3bdfhqivgpd5tp Query : select fieldkey,fieldname,fieldtype,mandatory from wstablefields where tablename = 'fi' and documentnumber = 39
20250114@154622.4855 ri65a42dn92t3bdfhqivgpd5tp Query : select 1 valor from information_schema.tables where table_type='base table' and table_name='wstablefields'
20250114@154622.4871 ri65a42dn92t3bdfhqivgpd5tp Query : select fieldkey,fieldname,fieldtype,mandatory from wstablefields where tablename = 'fi2' and documentnumber = 39
20250114@154622.4879 ri65a42dn92t3bdfhqivgpd5tp Query : select top 1 convert(numeric(6,2),t.taxa) valor from taxasiva t where t.codigo='2'
20250114@154622.4891 ri65a42dn92t3bdfhqivgpd5tp Query : select sestamp valor from se where ref ='324.691.00.01' and lote = 'r2400837300a'
20250114@154622.4905 ri65a42dn92t3bdfhqivgpd5tp Query : select 1 valor from information_schema.tables where table_type='base table' and table_name='wstablefields'
20250114@154622.4942 ri65a42dn92t3bdfhqivgpd5tp Query : select fieldkey,fieldname,fieldtype,calcformula from wstablefields where tablename = 'fi2' and documentnumber = 39
20250114@154622.4954 ri65a42dn92t3bdfhqivgpd5tp Query : insert into wsfi2data (fi2stamp,ftstamp ,ousrdata, ousrhora, usrdata,usrhora,ousrinis,usrinis) values ('aut6786855455678686ce77','aut6786861783678686cb6b' ,getdate(),convert(char(8),convert (time,getdate())),getdate(),convert(char(8),convert (time,getdate())),'wsv','wsv')
20250114@154622.4958 ri65a42dn92t3bdfhqivgpd5tp Query : select 1 valor from information_schema.tables where table_type='base table' and table_name='wstablefields'
20250114@154622.4973 ri65a42dn92t3bdfhqivgpd5tp Query : select fieldkey,fieldname,fieldtype,calcformula from wstablefields where tablename = 'fi' and documentnumber = 39
20250114@154622.5002 ri65a42dn92t3bdfhqivgpd5tp Query : insert into wsfidata (fistamp,ousrdata, ousrhora, usrdata,usrhora,ousrinis,usrinis ,qtt ,ftstamp ,epv,pvmoeda ,tabiva,iva,lordem ,ref, design ,lote,armazem) values ('aut6786855455678686ce77',getdate(),convert(char(8),convert (time,getdate())),getdate(),convert(char(8),convert (time,getdate())),'wsv','wsv',16.000 ,'aut6786861783678686cb6b' ,0,0 ,2,23.00,540000,?,?,?,?)
20250114@154622.5295 ri65a42dn92t3bdfhqivgpd5tp Query : select 1 valor from information_schema.tables where table_type='base table' and table_name='wstablefields'
20250114@154622.5312 ri65a42dn92t3bdfhqivgpd5tp Query : select fieldkey,fieldname,fieldtype,mandatory from wstablefields where tablename = 'fi' and documentnumber = 39
20250114@154622.5344 ri65a42dn92t3bdfhqivgpd5tp Query : select 1 valor from information_schema.tables where table_type='base table' and table_name='wstablefields'
20250114@154622.5359 ri65a42dn92t3bdfhqivgpd5tp Query : select fieldkey,fieldname,fieldtype,mandatory from wstablefields where tablename = 'fi2' and documentnumber = 39
20250114@154622.5371 ri65a42dn92t3bdfhqivgpd5tp Query : select top 1 convert(numeric(6,2),t.taxa) valor from taxasiva t where t.codigo='2'
20250114@154622.5385 ri65a42dn92t3bdfhqivgpd5tp Query : select 1 valor from information_schema.tables where table_type='base table' and table_name='wstablefields'
20250114@154622.5422 ri65a42dn92t3bdfhqivgpd5tp Query : select fieldkey,fieldname,fieldtype,calcformula from wstablefields where tablename = 'fi2' and documentnumber = 39
20250114@154622.5435 ri65a42dn92t3bdfhqivgpd5tp Query : insert into wsfi2data (fi2stamp,ftstamp ,ousrdata, ousrhora, usrdata,usrhora,ousrinis,usrinis) values ('aut6786803836678686ce83','aut6786861783678686cb6b' ,getdate(),convert(char(8),convert (time,getdate())),getdate(),convert(char(8),convert (time,getdate())),'wsv','wsv')
20250114@154622.5440 ri65a42dn92t3bdfhqivgpd5tp Query : select 1 valor from information_schema.tables where table_type='base table' and table_name='wstablefields'
20250114@154622.5456 ri65a42dn92t3bdfhqivgpd5tp Query : select fieldkey,fieldname,fieldtype,calcformula from wstablefields where tablename = 'fi' and documentnumber = 39
20250114@154622.5486 ri65a42dn92t3bdfhqivgpd5tp Query : insert into wsfidata (fistamp,ousrdata, ousrhora, usrdata,usrhora,ousrinis,usrinis ,qtt ,ftstamp ,epv,pvmoeda ,tabiva,iva,lordem ,ref, design ,armazem) values ('aut6786803836678686ce83',getdate(),convert(char(8),convert (time,getdate())),getdate(),convert(char(8),convert (time,getdate())),'wsv','wsv',0 ,'aut6786861783678686cb6b' ,0,0 ,2,23.00,550000,?,?,?)
20250114@154622.5778 ri65a42dn92t3bdfhqivgpd5tp Query : use flama_phc
20250114@154622.5782 ri65a42dn92t3bdfhqivgpd5tp Query : select st.usalote valor from st where st.ref = '324.1832.00.2'
20250114@154622.5806 ri65a42dn92t3bdfhqivgpd5tp Query : select top 1 st.tabiva ,st.ivaincl ,st.stns ,st.uni2 ,st.familia ,isnull(tx.taxa, 0) txiva ,unidade ,usalote ,epcpond ,noserie ,conversao ,st.texteis from st left join taxasiva tx on st.tabiva = tx.codigo where st.ref = '324.1832.00.2'
20250114@154622.6014 ri65a42dn92t3bdfhqivgpd5tp Query : select 1 valor from information_schema.tables where table_type='base table' and table_name='wstablefields'
20250114@154622.6031 ri65a42dn92t3bdfhqivgpd5tp Query : select fieldkey,fieldname,fieldtype,mandatory from wstablefields where tablename = 'fi' and documentnumber = 39
20250114@154622.6061 ri65a42dn92t3bdfhqivgpd5tp Query : select 1 valor from information_schema.tables where table_type='base table' and table_name='wstablefields'
20250114@154622.6077 ri65a42dn92t3bdfhqivgpd5tp Query : select fieldkey,fieldname,fieldtype,mandatory from wstablefields where tablename = 'fi2' and documentnumber = 39
20250114@154622.6087 ri65a42dn92t3bdfhqivgpd5tp Query : select top 1 convert(numeric(6,2),t.taxa) valor from taxasiva t where t.codigo='2'
20250114@154622.6101 ri65a42dn92t3bdfhqivgpd5tp Query : select sestamp valor from se where ref ='324.1832.00.2' and lote = 'r2400401150a'
20250114@154622.6134 ri65a42dn92t3bdfhqivgpd5tp Query : select 1 valor from information_schema.tables where table_type='base table' and table_name='wstablefields'
20250114@154622.6150 ri65a42dn92t3bdfhqivgpd5tp Query : select fieldkey,fieldname,fieldtype,calcformula from wstablefields where tablename = 'fi2' and documentnumber = 39
20250114@154622.6164 ri65a42dn92t3bdfhqivgpd5tp Query : insert into wsfi2data (fi2stamp,ftstamp ,ousrdata, ousrhora, usrdata,usrhora,ousrinis,usrinis) values ('aut6786872465678686ce95','aut6786861783678686cb6b' ,getdate(),convert(char(8),convert (time,getdate())),getdate(),convert(char(8),convert (time,getdate())),'wsv','wsv')
20250114@154622.6169 ri65a42dn92t3bdfhqivgpd5tp Query : select 1 valor from information_schema.tables where table_type='base table' and table_name='wstablefields'
20250114@154622.6185 ri65a42dn92t3bdfhqivgpd5tp Query : select fieldkey,fieldname,fieldtype,calcformula from wstablefields where tablename = 'fi' and documentnumber = 39
20250114@154622.6242 ri65a42dn92t3bdfhqivgpd5tp Query : insert into wsfidata (fistamp,ousrdata, ousrhora, usrdata,usrhora,ousrinis,usrinis ,qtt ,ftstamp ,epv,pvmoeda ,tabiva,iva,lordem ,ref, design ,lote,armazem) values ('aut6786872465678686ce95',getdate(),convert(char(8),convert (time,getdate())),getdate(),convert(char(8),convert (time,getdate())),'wsv','wsv',11.000 ,'aut6786861783678686cb6b' ,0,0 ,2,23.00,570000,?,?,?,?)
20250114@154622.6702 ri65a42dn92t3bdfhqivgpd5tp Query : select 1 valor from information_schema.tables where table_type='base table' and table_name='wstablefields'
20250114@154622.6720 ri65a42dn92t3bdfhqivgpd5tp Query : select fieldkey,fieldname,fieldtype,mandatory from wstablefields where tablename = 'fi' and documentnumber = 39
20250114@154622.6751 ri65a42dn92t3bdfhqivgpd5tp Query : select 1 valor from information_schema.tables where table_type='base table' and table_name='wstablefields'
20250114@154622.6767 ri65a42dn92t3bdfhqivgpd5tp Query : select fieldkey,fieldname,fieldtype,mandatory from wstablefields where tablename = 'fi2' and documentnumber = 39
20250114@154622.6777 ri65a42dn92t3bdfhqivgpd5tp Query : select top 1 convert(numeric(6,2),t.taxa) valor from taxasiva t where t.codigo='2'
20250114@154622.6790 ri65a42dn92t3bdfhqivgpd5tp Query : select 1 valor from information_schema.tables where table_type='base table' and table_name='wstablefields'
20250114@154622.6805 ri65a42dn92t3bdfhqivgpd5tp Query : select fieldkey,fieldname,fieldtype,calcformula from wstablefields where tablename = 'fi2' and documentnumber = 39
20250114@154622.6818 ri65a42dn92t3bdfhqivgpd5tp Query : insert into wsfi2data (fi2stamp,ftstamp ,ousrdata, ousrhora, usrdata,usrhora,ousrinis,usrinis) values ('aut6786864398678686cea5','aut6786861783678686cb6b' ,getdate(),convert(char(8),convert (time,getdate())),getdate(),convert(char(8),convert (time,getdate())),'wsv','wsv')
20250114@154622.6823 ri65a42dn92t3bdfhqivgpd5tp Query : select 1 valor from information_schema.tables where table_type='base table' and table_name='wstablefields'
20250114@154622.6860 ri65a42dn92t3bdfhqivgpd5tp Query : select fieldkey,fieldname,fieldtype,calcformula from wstablefields where tablename = 'fi' and documentnumber = 39
20250114@154622.6896 ri65a42dn92t3bdfhqivgpd5tp Query : insert into wsfidata (fistamp,ousrdata, ousrhora, usrdata,usrhora,ousrinis,usrinis ,qtt ,ftstamp ,epv,pvmoeda ,tabiva,iva,lordem ,ref, design ,armazem) values ('aut6786864398678686cea5',getdate(),convert(char(8),convert (time,getdate())),getdate(),convert(char(8),convert (time,getdate())),'wsv','wsv',0 ,'aut6786861783678686cb6b' ,0,0 ,2,23.00,580000,?,?,?)
20250114@154622.7217 ri65a42dn92t3bdfhqivgpd5tp Query : use flama_phc
20250114@154622.7221 ri65a42dn92t3bdfhqivgpd5tp Query : select st.usalote valor from st where st.ref = '324.1832.00.2'
20250114@154622.7244 ri65a42dn92t3bdfhqivgpd5tp Query : select top 1 st.tabiva ,st.ivaincl ,st.stns ,st.uni2 ,st.familia ,isnull(tx.taxa, 0) txiva ,unidade ,usalote ,epcpond ,noserie ,conversao ,st.texteis from st left join taxasiva tx on st.tabiva = tx.codigo where st.ref = '324.1832.00.2'
20250114@154622.7260 ri65a42dn92t3bdfhqivgpd5tp Query : select 1 valor from information_schema.tables where table_type='base table' and table_name='wstablefields'
20250114@154622.7278 ri65a42dn92t3bdfhqivgpd5tp Query : select fieldkey,fieldname,fieldtype,mandatory from wstablefields where tablename = 'fi' and documentnumber = 39
20250114@154622.7305 ri65a42dn92t3bdfhqivgpd5tp Query : select 1 valor from information_schema.tables where table_type='base table' and table_name='wstablefields'
20250114@154622.7320 ri65a42dn92t3bdfhqivgpd5tp Query : select fieldkey,fieldname,fieldtype,mandatory from wstablefields where tablename = 'fi2' and documentnumber = 39
20250114@154622.7329 ri65a42dn92t3bdfhqivgpd5tp Query : select top 1 convert(numeric(6,2),t.taxa) valor from taxasiva t where t.codigo='2'
20250114@154622.7343 ri65a42dn92t3bdfhqivgpd5tp Query : select sestamp valor from se where ref ='324.1832.00.2' and lote = 'r2400401150a'
20250114@154622.7356 ri65a42dn92t3bdfhqivgpd5tp Query : select 1 valor from information_schema.tables where table_type='base table' and table_name='wstablefields'
20250114@154622.7371 ri65a42dn92t3bdfhqivgpd5tp Query : select fieldkey,fieldname,fieldtype,calcformula from wstablefields where tablename = 'fi2' and documentnumber = 39
20250114@154622.7393 ri65a42dn92t3bdfhqivgpd5tp Query : insert into wsfi2data (fi2stamp,ftstamp ,ousrdata, ousrhora, usrdata,usrhora,ousrinis,usrinis) values ('aut6786839967678686ceb3','aut6786861783678686cb6b' ,getdate(),convert(char(8),convert (time,getdate())),getdate(),convert(char(8),convert (time,getdate())),'wsv','wsv')
20250114@154622.7398 ri65a42dn92t3bdfhqivgpd5tp Query : select 1 valor from information_schema.tables where table_type='base table' and table_name='wstablefields'
20250114@154622.7413 ri65a42dn92t3bdfhqivgpd5tp Query : select fieldkey,fieldname,fieldtype,calcformula from wstablefields where tablename = 'fi' and documentnumber = 39
20250114@154622.7450 ri65a42dn92t3bdfhqivgpd5tp Query : insert into wsfidata (fistamp,ousrdata, ousrhora, usrdata,usrhora,ousrinis,usrinis ,qtt ,ftstamp ,epv,pvmoeda ,tabiva,iva,lordem ,ref, design ,lote,armazem) values ('aut6786839967678686ceb3',getdate(),convert(char(8),convert (time,getdate())),getdate(),convert(char(8),convert (time,getdate())),'wsv','wsv',1.000 ,'aut6786861783678686cb6b' ,0,0 ,2,23.00,600000,?,?,?,?)
20250114@154622.7797 ri65a42dn92t3bdfhqivgpd5tp Query : select 1 valor from information_schema.tables where table_type='base table' and table_name='wstablefields'
20250114@154622.7814 ri65a42dn92t3bdfhqivgpd5tp Query : select fieldkey,fieldname,fieldtype,mandatory from wstablefields where tablename = 'fi' and documentnumber = 39
20250114@154622.7843 ri65a42dn92t3bdfhqivgpd5tp Query : select 1 valor from information_schema.tables where table_type='base table' and table_name='wstablefields'
20250114@154622.7859 ri65a42dn92t3bdfhqivgpd5tp Query : select fieldkey,fieldname,fieldtype,mandatory from wstablefields where tablename = 'fi2' and documentnumber = 39
20250114@154622.7870 ri65a42dn92t3bdfhqivgpd5tp Query : select top 1 convert(numeric(6,2),t.taxa) valor from taxasiva t where t.codigo='2'
20250114@154622.7911 ri65a42dn92t3bdfhqivgpd5tp Query : select 1 valor from information_schema.tables where table_type='base table' and table_name='wstablefields'
20250114@154622.7932 ri65a42dn92t3bdfhqivgpd5tp Query : select fieldkey,fieldname,fieldtype,calcformula from wstablefields where tablename = 'fi2' and documentnumber = 39
20250114@154622.7947 ri65a42dn92t3bdfhqivgpd5tp Query : insert into wsfi2data (fi2stamp,ftstamp ,ousrdata, ousrhora, usrdata,usrhora,ousrinis,usrinis) values ('aut6786879233678686cec1','aut6786861783678686cb6b' ,getdate(),convert(char(8),convert (time,getdate())),getdate(),convert(char(8),convert (time,getdate())),'wsv','wsv')
20250114@154622.7952 ri65a42dn92t3bdfhqivgpd5tp Query : select 1 valor from information_schema.tables where table_type='base table' and table_name='wstablefields'
20250114@154622.7968 ri65a42dn92t3bdfhqivgpd5tp Query : select fieldkey,fieldname,fieldtype,calcformula from wstablefields where tablename = 'fi' and documentnumber = 39
20250114@154622.8002 ri65a42dn92t3bdfhqivgpd5tp Query : insert into wsfidata (fistamp,ousrdata, ousrhora, usrdata,usrhora,ousrinis,usrinis ,qtt ,ftstamp ,epv,pvmoeda ,tabiva,iva,lordem ,ref, design ,armazem) values ('aut6786879233678686cec1',getdate(),convert(char(8),convert (time,getdate())),getdate(),convert(char(8),convert (time,getdate())),'wsv','wsv',0 ,'aut6786861783678686cb6b' ,0,0 ,2,23.00,610000,?,?,?)
20250114@154622.8473 ri65a42dn92t3bdfhqivgpd5tp Query : insert into wsftcreationlog (initialftstamp,externalid,creationstatus,documenttypeid,idustamp) values ('aut6786861783678686cb6b','2500314','wait',39,'adm09112754980.682000002')
20250114@154622.8573 ri65a42dn92t3bdfhqivgpd5tp Query : use flama_phc
20250114@154622.8584 ri65a42dn92t3bdfhqivgpd5tp Query : update u_wsusers set rqsttoken =? where userid ='userls001'
20250114@154622.8618 ri65a42dn92t3bdfhqivgpd5tp Query : select concat(rtrim(relative_path),ltrim(name_new)) as valor from uploadfiles where uploadfile_id='4589';
20250114@154622.8664 ri65a42dn92t3bdfhqivgpd5tp Query : update uploadfiles set whenupdated=current_timestamp where uploadfile_id='4589';
20250114@154622.8724 ri65a42dn92t3bdfhqivgpd5tp Query : select concat(rtrim(relative_path),ltrim(name_new)) as valor from uploadfiles where uploadfile_id='4589';
20250114@154622.8776 ri65a42dn92t3bdfhqivgpd5tp Query : update uploadfiles set whenupdated=current_timestamp where uploadfile_id='4589';
20250114@154622.9328 rq7n0g5u3rov5bvqkf9pi34622 Query : insert into uploadfiles ( name_original, name_new, option_type, relative_path, whencreated ) values ( ?, ?, ?, ?, getdate() )
20250114@154622.9375 rq7n0g5u3rov5bvqkf9pi34622 Query : select uploadfile_id valor from uploadfiles where name_new = ? and option_type = ? 
20250114@154623.1373 rq7n0g5u3rov5bvqkf9pi34622 Query : select concat(rtrim(relative_path),ltrim(name_new)) as valor from uploadfiles where uploadfile_id='4590';
20250114@154623.1444 rq7n0g5u3rov5bvqkf9pi34622 Query : update uploadfiles set whenupdated=current_timestamp where uploadfile_id='4590';
20250114@154623.1549 rq7n0g5u3rov5bvqkf9pi34622 Query : select concat(rtrim(relative_path),ltrim(name_new)) as valor from uploadfiles where uploadfile_id='4590';
20250114@154623.1584 rq7n0g5u3rov5bvqkf9pi34622 Query : update uploadfiles set whenupdated=current_timestamp where uploadfile_id='4590';
20250114@154623.1656 rq7n0g5u3rov5bvqkf9pi34622 Query : use flama_phc
20250114@154623.1659 rq7n0g5u3rov5bvqkf9pi34622 Query : select top 1 secretkey valor from u_wsusers u where u.userid = ? and u.inactivo=0
20250114@154623.1725 rq7n0g5u3rov5bvqkf9pi34622 Query : use flama_phc
20250114@154623.1728 rq7n0g5u3rov5bvqkf9pi34622 Query : select no, estab,szadrsdesc from szadrs where u_coddest=2448
20250114@154623.1822 rq7n0g5u3rov5bvqkf9pi34622 Query : select top 1 isnull(design,'') valor from st (nolock) left join stobs (nolock) on st.ref = stobs.ref where st.ref = '304.421.00.04'
20250114@154623.2242 rq7n0g5u3rov5bvqkf9pi34622 Query : select top 1 isnull(design,'') valor from st (nolock) left join stobs (nolock) on st.ref = stobs.ref where st.ref = '304.4320.00.1'
20250114@154623.2437 rq7n0g5u3rov5bvqkf9pi34622 Query : select top 1 isnull(design,'') valor from st (nolock) left join stobs (nolock) on st.ref = stobs.ref where st.ref = '324.1608.00.1'
20250114@154623.2457 rq7n0g5u3rov5bvqkf9pi34622 Query : select top 1 isnull(design,'') valor from st (nolock) left join stobs (nolock) on st.ref = stobs.ref where st.ref = '324.1667.00.1'
20250114@154623.2638 rq7n0g5u3rov5bvqkf9pi34622 Query : select top 1 isnull(design,'') valor from st (nolock) left join stobs (nolock) on st.ref = stobs.ref where st.ref = '324.1706.00.1'
20250114@154623.3873 rq7n0g5u3rov5bvqkf9pi34622 Query : select top 1 isnull(design,'') valor from st (nolock) left join stobs (nolock) on st.ref = stobs.ref where st.ref = '324.2357.00.1'
20250114@154623.4049 rq7n0g5u3rov5bvqkf9pi34622 Query : select top 1 isnull(design,'') valor from st (nolock) left join stobs (nolock) on st.ref = stobs.ref where st.ref = '324.2366.00.1'
20250114@154623.4206 rq7n0g5u3rov5bvqkf9pi34622 Query : select top 1 isnull(design,'') valor from st (nolock) left join stobs (nolock) on st.ref = stobs.ref where st.ref = '324.2330.00.1'
20250114@154623.4400 rq7n0g5u3rov5bvqkf9pi34622 Query : select top 1 isnull(design,'') valor from st (nolock) left join stobs (nolock) on st.ref = stobs.ref where st.ref = '324.2335.00.1'
20250114@154623.4661 rq7n0g5u3rov5bvqkf9pi34622 Query : select top 1 isnull(design,'') valor from st (nolock) left join stobs (nolock) on st.ref = stobs.ref where st.ref = '324.4990.00.1'
20250114@154623.4839 rq7n0g5u3rov5bvqkf9pi34622 Query : select top 1 isnull(design,'') valor from st (nolock) left join stobs (nolock) on st.ref = stobs.ref where st.ref = '324.2386.00.1'
20250114@154623.5002 rq7n0g5u3rov5bvqkf9pi34622 Query : select top 1 isnull(design,'') valor from st (nolock) left join stobs (nolock) on st.ref = stobs.ref where st.ref = '324.5343.00.1'
20250114@154623.5174 rq7n0g5u3rov5bvqkf9pi34622 Query : select top 1 isnull(design,'') valor from st (nolock) left join stobs (nolock) on st.ref = stobs.ref where st.ref = '324.2300.00.1'
20250114@154623.5330 rq7n0g5u3rov5bvqkf9pi34622 Query : select top 1 isnull(design,'') valor from st (nolock) left join stobs (nolock) on st.ref = stobs.ref where st.ref = '324.2318.00.1'
20250114@154623.5497 rq7n0g5u3rov5bvqkf9pi34622 Query : select top 1 isnull(design,'') valor from st (nolock) left join stobs (nolock) on st.ref = stobs.ref where st.ref = '324.4910.00.1'
20250114@154623.5658 rq7n0g5u3rov5bvqkf9pi34622 Query : select top 1 isnull(design,'') valor from st (nolock) left join stobs (nolock) on st.ref = stobs.ref where st.ref = '324.2031.00.1'
20250114@154623.5823 rq7n0g5u3rov5bvqkf9pi34622 Query : select top 1 isnull(design,'') valor from st (nolock) left join stobs (nolock) on st.ref = stobs.ref where st.ref = '324.4988.00.1'
20250114@154623.6000 rq7n0g5u3rov5bvqkf9pi34622 Query : select top 1 isnull(design,'') valor from st (nolock) left join stobs (nolock) on st.ref = stobs.ref where st.ref = '324.969.00.01'
20250114@154623.6161 rq7n0g5u3rov5bvqkf9pi34622 Query : select top 1 isnull(design,'') valor from st (nolock) left join stobs (nolock) on st.ref = stobs.ref where st.ref = '324.711.00.01'
20250114@154623.6311 rq7n0g5u3rov5bvqkf9pi34622 Query : select top 1 isnull(design,'') valor from st (nolock) left join stobs (nolock) on st.ref = stobs.ref where st.ref = '324.1407.00.1'
20250114@154623.6470 rq7n0g5u3rov5bvqkf9pi34622 Query : select top 1 isnull(design,'') valor from st (nolock) left join stobs (nolock) on st.ref = stobs.ref where st.ref = '324.1461.00.1'
20250114@154623.6638 rq7n0g5u3rov5bvqkf9pi34622 Query : use flama_phc
20250114@154623.6641 rq7n0g5u3rov5bvqkf9pi34622 Query : select top 1 convert(date,fdata) valor from ft where ndoc = 39 and anulado= 0 and fno>0 order by fdata desc
20250114@154623.6716 rq7n0g5u3rov5bvqkf9pi34622 Query : use flama_phc
20250114@154623.6758 rq7n0g5u3rov5bvqkf9pi34622 Query : select top 1 1 valor from td where td.ndoc = 39
20250114@154623.7075 rq7n0g5u3rov5bvqkf9pi34622 Query : use flama_phc
20250114@154623.7164 rq7n0g5u3rov5bvqkf9pi34622 Query : select lower(descricao) descricao ,case when valor='s' then 1 else 0 end valor from para1 where descricao in ('st_lote','st_usalogifunc', 'st_grelha')
20250114@154623.7507 rq7n0g5u3rov5bvqkf9pi34622 Query : select top 1 manternumero ,assinadoc issigned ,tiposaft ,assinaimp ,nmdos ,td.assinadoc ,'cl' origin ,lancasl stocks ,case when cmsl<50 and td.lancasl=1 then 1 else 0 end entrada ,case when cmsl>50 and td.lancasl=1 then 1 else 0 end saida ,temserie assets ,~semgre usegridfields from td inner join td2 on td.tdstamp=td2.td2stamp where td.ndoc = 1
20250114@154623.7547 rq7n0g5u3rov5bvqkf9pi34622 Query : use flama_phc
20250114@154623.7552 rq7n0g5u3rov5bvqkf9pi34622 Query : select top 1 ~inactivo valor from cl where no = '101889' and estab = 0 order by inactivo desc
20250114@154623.7696 rq7n0g5u3rov5bvqkf9pi34622 Query : use flama_phc
20250114@154623.7699 rq7n0g5u3rov5bvqkf9pi34622 Query : select top 1 tipodoc,regrd from td where ndoc = 39
20250114@154623.7729 rq7n0g5u3rov5bvqkf9pi34622 Query : use flama_phc
20250114@154623.7732 rq7n0g5u3rov5bvqkf9pi34622 Query : select szadrsstamp valor from szadrs where szadrsdesc='espaÇotrans,lda'
20250114@154623.7770 rq7n0g5u3rov5bvqkf9pi34622 Query : use flama_phc
20250114@154623.7773 rq7n0g5u3rov5bvqkf9pi34622 Query : select szadrsstamp valor from szadrs where szadrsdesc='cooplecnorte,crl'
20250114@154623.7820 rq7n0g5u3rov5bvqkf9pi34622 Query : use flama_phc
20250114@154623.7822 rq7n0g5u3rov5bvqkf9pi34622 Query : select 1 valor from td where ndoc = 39
20250114@154623.7834 rq7n0g5u3rov5bvqkf9pi34622 Query : select top 1 manternumero, tiposaft, nmdos,td.assinadoc from td where td.ndoc = 39
20250114@154623.7849 rq7n0g5u3rov5bvqkf9pi34622 Query : select 1 valor from information_schema.tables where table_type='base table' and table_name='wstablefields'
20250114@154623.7867 rq7n0g5u3rov5bvqkf9pi34622 Query : select fieldkey,fieldname,fieldtype,mandatory from wstablefields where tablename = 'ft' and documentnumber = 39
20250114@154623.7886 rq7n0g5u3rov5bvqkf9pi34622 Query : select 1 valor from information_schema.tables where table_type='base table' and table_name='wstablefields'
20250114@154623.7901 rq7n0g5u3rov5bvqkf9pi34622 Query : select fieldkey,fieldname,fieldtype,mandatory from wstablefields where tablename = 'ft2' and documentnumber = 39
20250114@154623.7928 rq7n0g5u3rov5bvqkf9pi34622 Query : select 1 valor from information_schema.tables where table_type='base table' and table_name='wstablefields'
20250114@154623.7943 rq7n0g5u3rov5bvqkf9pi34622 Query : select fieldkey,fieldname,fieldtype,mandatory from wstablefields where tablename = 'ft3' and documentnumber = 39
20250114@154623.7955 rq7n0g5u3rov5bvqkf9pi34622 Query : select top 1 ft.fno valor from ft ft where ft.ndoc = 39 and ftano=2025 order by fno desc
20250114@154623.8421 rq7n0g5u3rov5bvqkf9pi34622 Query : select top 1 ft.fno valor from wsftdata ft where ft.ndoc = 39 and ftano=2025 order by fno desc
20250114@154623.8435 rq7n0g5u3rov5bvqkf9pi34622 Query : select 1 valor from information_schema.tables where table_type='base table' and table_name='wstablefields'
20250114@154623.8453 rq7n0g5u3rov5bvqkf9pi34622 Query : select fieldkey,fieldname,fieldtype,calcformula from wstablefields where tablename = 'ft3' and documentnumber = 39
20250114@154623.8504 rq7n0g5u3rov5bvqkf9pi34622 Query : insert into wsft3data (ft3stamp, ousrdata, ousrhora, usrdata,usrhora,ousrinis,usrinis,taxpointdt ) values ('aut6786839578678686cfc2' ,getdate(),convert(char(8),convert (time,getdate())),getdate(),convert(char(8),convert (time,getdate())),'wsv','wsv',?)
20250114@154623.8704 rq7n0g5u3rov5bvqkf9pi34622 Query : select 1 valor from information_schema.tables where table_type='base table' and table_name='wstablefields'
20250114@154623.8722 rq7n0g5u3rov5bvqkf9pi34622 Query : select fieldkey,fieldname,fieldtype,calcformula from wstablefields where tablename = 'ft2' and documentnumber = 39
20250114@154623.8758 rq7n0g5u3rov5bvqkf9pi34622 Query : select top 1 bo.u_nomeenv valor from bo where bo.bostamp=''
20250114@154623.8771 rq7n0g5u3rov5bvqkf9pi34622 Query : select top 1 bo.u_moradaen valor from bo where bo.bostamp=''
20250114@154623.8783 rq7n0g5u3rov5bvqkf9pi34622 Query : select top 1 bo.u_codposen valor from bo where bo.bostamp=''
20250114@154623.8796 rq7n0g5u3rov5bvqkf9pi34622 Query : select top 1 bo.u_localenv valor from bo where bo.bostamp=''
20250114@154623.8809 rq7n0g5u3rov5bvqkf9pi34622 Query : select top 1 bo.trab5 valor from bo where bo.bostamp=''
20250114@154623.8821 rq7n0g5u3rov5bvqkf9pi34622 Query : select top 1 bo.serie valor from bo where bo.bostamp=''
20250114@154623.8832 rq7n0g5u3rov5bvqkf9pi34622 Query : insert into wsft2data (ft2stamp, ousrdata,ousrhora, usrdata,usrhora,ousrinis,usrinis,u_nomeenv ,u_moradaen ,u_codposen ,u_localenv ,u_coddest ,u_codby ) values ('aut6786839578678686cfc2',getdate(),convert(char(8),convert (time,getdate())),getdate(),convert(char(8),convert (time,getdate())),'wsv','wsv',?,?,?,?,?,?)
20250114@154623.9096 rq7n0g5u3rov5bvqkf9pi34622 Query : select top 1 fno valor from wsftdata order by fno desc
20250114@154623.9130 rq7n0g5u3rov5bvqkf9pi34622 Query : select 1 valor from information_schema.tables where table_type='base table' and table_name='wstablefields'
20250114@154623.9148 rq7n0g5u3rov5bvqkf9pi34622 Query : select fieldkey,fieldname,fieldtype,calcformula from wstablefields where tablename = 'ft' and documentnumber = 39
20250114@154623.9171 rq7n0g5u3rov5bvqkf9pi34622 Query : select 'normal' from dummy
20250114@154623.9186 rq7n0g5u3rov5bvqkf9pi34622 Query : insert into wsftdata (ftstamp, ousrdata,ousrhora, usrdata,usrhora,ousrinis,usrinis,fno,no,estab,fdata,ndoc,moeda,cambio,cambiofixo,ftano,site ,classe ) values ('aut6786839578678686cfc2',getdate(),convert(char(8),convert (time,getdate())),getdate(),convert(char(8),convert (time,getdate())),'wsv','wsv',2968,101889,0,'2025-01-14',39,'euro',0,0,2025 ,?,?)
20250114@154623.9581 rq7n0g5u3rov5bvqkf9pi34622 Query : use flama_phc
20250114@154623.9584 rq7n0g5u3rov5bvqkf9pi34622 Query : select st.usalote valor from st where st.ref = '304.421.00.04'
20250114@154623.9619 rq7n0g5u3rov5bvqkf9pi34622 Query : select top 1 st.tabiva ,st.ivaincl ,st.stns ,st.uni2 ,st.familia ,isnull(tx.taxa, 0) txiva ,unidade ,usalote ,epcpond ,noserie ,conversao ,st.texteis from st left join taxasiva tx on st.tabiva = tx.codigo where st.ref = '304.421.00.04'
20250114@154623.9783 rq7n0g5u3rov5bvqkf9pi34622 Query : select 1 valor from information_schema.tables where table_type='base table' and table_name='wstablefields'
20250114@154623.9803 rq7n0g5u3rov5bvqkf9pi34622 Query : select fieldkey,fieldname,fieldtype,mandatory from wstablefields where tablename = 'fi' and documentnumber = 39
20250114@154623.9833 rq7n0g5u3rov5bvqkf9pi34622 Query : select 1 valor from information_schema.tables where table_type='base table' and table_name='wstablefields'
20250114@154623.9850 rq7n0g5u3rov5bvqkf9pi34622 Query : select fieldkey,fieldname,fieldtype,mandatory from wstablefields where tablename = 'fi2' and documentnumber = 39
20250114@154623.9859 rq7n0g5u3rov5bvqkf9pi34622 Query : select top 1 convert(numeric(6,2),t.taxa) valor from taxasiva t where t.codigo='2'
20250114@154623.9871 rq7n0g5u3rov5bvqkf9pi34622 Query : select sestamp valor from se where ref ='304.421.00.04' and lote = '242059'
20250114@154623.9885 rq7n0g5u3rov5bvqkf9pi34622 Query : select 1 valor from information_schema.tables where table_type='base table' and table_name='wstablefields'
20250114@154623.9902 rq7n0g5u3rov5bvqkf9pi34622 Query : select fieldkey,fieldname,fieldtype,calcformula from wstablefields where tablename = 'fi2' and documentnumber = 39
20250114@154623.9947 rq7n0g5u3rov5bvqkf9pi34622 Query : insert into wsfi2data (fi2stamp,ftstamp ,ousrdata, ousrhora, usrdata,usrhora,ousrinis,usrinis) values ('aut6786838810678686cff1','aut6786839578678686cfc2' ,getdate(),convert(char(8),convert (time,getdate())),getdate(),convert(char(8),convert (time,getdate())),'wsv','wsv')
20250114@154623.9952 rq7n0g5u3rov5bvqkf9pi34622 Query : select 1 valor from information_schema.tables where table_type='base table' and table_name='wstablefields'
20250114@154623.9967 rq7n0g5u3rov5bvqkf9pi34622 Query : select fieldkey,fieldname,fieldtype,calcformula from wstablefields where tablename = 'fi' and documentnumber = 39
20250114@154623.9996 rq7n0g5u3rov5bvqkf9pi34622 Query : insert into wsfidata (fistamp,ousrdata, ousrhora, usrdata,usrhora,ousrinis,usrinis ,qtt ,ftstamp ,epv,pvmoeda ,tabiva,iva,lordem ,ref, design ,lote,armazem) values ('aut6786838810678686cff1',getdate(),convert(char(8),convert (time,getdate())),getdate(),convert(char(8),convert (time,getdate())),'wsv','wsv',12.000 ,'aut6786839578678686cfc2' ,0,0 ,2,23.00,10000,?,?,?,?)
20250114@154624.2880 rq7n0g5u3rov5bvqkf9pi34622 Query : select 1 valor from information_schema.tables where table_type='base table' and table_name='wstablefields'
20250114@154624.3060 rq7n0g5u3rov5bvqkf9pi34622 Query : select fieldkey,fieldname,fieldtype,mandatory from wstablefields where tablename = 'fi' and documentnumber = 39
20250114@154624.3320 rq7n0g5u3rov5bvqkf9pi34622 Query : select 1 valor from information_schema.tables where table_type='base table' and table_name='wstablefields'
20250114@154624.3470 rq7n0g5u3rov5bvqkf9pi34622 Query : select fieldkey,fieldname,fieldtype,mandatory from wstablefields where tablename = 'fi2' and documentnumber = 39
20250114@154624.3560 rq7n0g5u3rov5bvqkf9pi34622 Query : select top 1 convert(numeric(6,2),t.taxa) valor from taxasiva t where t.codigo='2'
20250114@154624.3710 rq7n0g5u3rov5bvqkf9pi34622 Query : select 1 valor from information_schema.tables where table_type='base table' and table_name='wstablefields'
20250114@154624.3860 rq7n0g5u3rov5bvqkf9pi34622 Query : select fieldkey,fieldname,fieldtype,calcformula from wstablefields where tablename = 'fi2' and documentnumber = 39
20250114@154624.3980 rq7n0g5u3rov5bvqkf9pi34622 Query : insert into wsfi2data (fi2stamp,ftstamp ,ousrdata, ousrhora, usrdata,usrhora,ousrinis,usrinis) values ('aut6786872449678686d009','aut6786839578678686cfc2' ,getdate(),convert(char(8),convert (time,getdate())),getdate(),convert(char(8),convert (time,getdate())),'wsv','wsv')
20250114@154624.4020 rq7n0g5u3rov5bvqkf9pi34622 Query : select 1 valor from information_schema.tables where table_type='base table' and table_name='wstablefields'
20250114@154624.4170 rq7n0g5u3rov5bvqkf9pi34622 Query : select fieldkey,fieldname,fieldtype,calcformula from wstablefields where tablename = 'fi' and documentnumber = 39
20250114@154624.4470 rq7n0g5u3rov5bvqkf9pi34622 Query : insert into wsfidata (fistamp,ousrdata, ousrhora, usrdata,usrhora,ousrinis,usrinis ,qtt ,ftstamp ,epv,pvmoeda ,tabiva,iva,lordem ,ref, design ,armazem) values ('aut6786872449678686d009',getdate(),convert(char(8),convert (time,getdate())),getdate(),convert(char(8),convert (time,getdate())),'wsv','wsv',0 ,'aut6786839578678686cfc2' ,0,0 ,2,23.00,20000,?,?,?)
20250114@154624.7460 rq7n0g5u3rov5bvqkf9pi34622 Query : use flama_phc
20250114@154624.7500 rq7n0g5u3rov5bvqkf9pi34622 Query : select st.usalote valor from st where st.ref = '304.4320.00.1'
20250114@154624.7710 rq7n0g5u3rov5bvqkf9pi34622 Query : select top 1 st.tabiva ,st.ivaincl ,st.stns ,st.uni2 ,st.familia ,isnull(tx.taxa, 0) txiva ,unidade ,usalote ,epcpond ,noserie ,conversao ,st.texteis from st left join taxasiva tx on st.tabiva = tx.codigo where st.ref = '304.4320.00.1'
20250114@154624.9570 rq7n0g5u3rov5bvqkf9pi34622 Query : select 1 valor from information_schema.tables where table_type='base table' and table_name='wstablefields'
20250114@154624.9740 rq7n0g5u3rov5bvqkf9pi34622 Query : select fieldkey,fieldname,fieldtype,mandatory from wstablefields where tablename = 'fi' and documentnumber = 39
20250114@154624.1000 rq7n0g5u3rov5bvqkf9pi34622 Query : select 1 valor from information_schema.tables where table_type='base table' and table_name='wstablefields'
20250114@154624.1015 rq7n0g5u3rov5bvqkf9pi34622 Query : select fieldkey,fieldname,fieldtype,mandatory from wstablefields where tablename = 'fi2' and documentnumber = 39
20250114@154624.1023 rq7n0g5u3rov5bvqkf9pi34622 Query : select top 1 convert(numeric(6,2),t.taxa) valor from taxasiva t where t.codigo='2'
20250114@154624.1036 rq7n0g5u3rov5bvqkf9pi34622 Query : select sestamp valor from se where ref ='304.4320.00.1' and lote = '241183'
20250114@154624.1068 rq7n0g5u3rov5bvqkf9pi34622 Query : select 1 valor from information_schema.tables where table_type='base table' and table_name='wstablefields'
20250114@154624.1083 rq7n0g5u3rov5bvqkf9pi34622 Query : select fieldkey,fieldname,fieldtype,calcformula from wstablefields where tablename = 'fi2' and documentnumber = 39
20250114@154624.1096 rq7n0g5u3rov5bvqkf9pi34622 Query : insert into wsfi2data (fi2stamp,ftstamp ,ousrdata, ousrhora, usrdata,usrhora,ousrinis,usrinis) values ('aut6786885478678686d01a','aut6786839578678686cfc2' ,getdate(),convert(char(8),convert (time,getdate())),getdate(),convert(char(8),convert (time,getdate())),'wsv','wsv')
20250114@154624.1100 rq7n0g5u3rov5bvqkf9pi34622 Query : select 1 valor from information_schema.tables where table_type='base table' and table_name='wstablefields'
20250114@154624.1114 rq7n0g5u3rov5bvqkf9pi34622 Query : select fieldkey,fieldname,fieldtype,calcformula from wstablefields where tablename = 'fi' and documentnumber = 39
20250114@154624.1146 rq7n0g5u3rov5bvqkf9pi34622 Query : insert into wsfidata (fistamp,ousrdata, ousrhora, usrdata,usrhora,ousrinis,usrinis ,qtt ,ftstamp ,epv,pvmoeda ,tabiva,iva,lordem ,ref, design ,lote,armazem) values ('aut6786885478678686d01a',getdate(),convert(char(8),convert (time,getdate())),getdate(),convert(char(8),convert (time,getdate())),'wsv','wsv',8.000 ,'aut6786839578678686cfc2' ,0,0 ,2,23.00,40000,?,?,?,?)
20250114@154624.1476 rq7n0g5u3rov5bvqkf9pi34622 Query : use flama_phc
20250114@154624.1479 rq7n0g5u3rov5bvqkf9pi34622 Query : select st.usalote valor from st where st.ref = '324.1608.00.1'
20250114@154624.1499 rq7n0g5u3rov5bvqkf9pi34622 Query : select top 1 st.tabiva ,st.ivaincl ,st.stns ,st.uni2 ,st.familia ,isnull(tx.taxa, 0) txiva ,unidade ,usalote ,epcpond ,noserie ,conversao ,st.texteis from st left join taxasiva tx on st.tabiva = tx.codigo where st.ref = '324.1608.00.1'
20250114@154624.1513 rq7n0g5u3rov5bvqkf9pi34622 Query : select 1 valor from information_schema.tables where table_type='base table' and table_name='wstablefields'
20250114@154624.1529 rq7n0g5u3rov5bvqkf9pi34622 Query : select fieldkey,fieldname,fieldtype,mandatory from wstablefields where tablename = 'fi' and documentnumber = 39
20250114@154624.1557 rq7n0g5u3rov5bvqkf9pi34622 Query : select 1 valor from information_schema.tables where table_type='base table' and table_name='wstablefields'
20250114@154624.1572 rq7n0g5u3rov5bvqkf9pi34622 Query : select fieldkey,fieldname,fieldtype,mandatory from wstablefields where tablename = 'fi2' and documentnumber = 39
20250114@154624.1581 rq7n0g5u3rov5bvqkf9pi34622 Query : select top 1 convert(numeric(6,2),t.taxa) valor from taxasiva t where t.codigo='2'
20250114@154624.1594 rq7n0g5u3rov5bvqkf9pi34622 Query : select sestamp valor from se where ref ='324.1608.00.1' and lote = 'r2400237100a'
20250114@154624.1607 rq7n0g5u3rov5bvqkf9pi34622 Query : select 1 valor from information_schema.tables where table_type='base table' and table_name='wstablefields'
20250114@154624.1624 rq7n0g5u3rov5bvqkf9pi34622 Query : select fieldkey,fieldname,fieldtype,calcformula from wstablefields where tablename = 'fi2' and documentnumber = 39
20250114@154624.1636 rq7n0g5u3rov5bvqkf9pi34622 Query : insert into wsfi2data (fi2stamp,ftstamp ,ousrdata, ousrhora, usrdata,usrhora,ousrinis,usrinis) values ('aut6786857243678686d027','aut6786839578678686cfc2' ,getdate(),convert(char(8),convert (time,getdate())),getdate(),convert(char(8),convert (time,getdate())),'wsv','wsv')
20250114@154624.1641 rq7n0g5u3rov5bvqkf9pi34622 Query : select 1 valor from information_schema.tables where table_type='base table' and table_name='wstablefields'
20250114@154624.1673 rq7n0g5u3rov5bvqkf9pi34622 Query : select fieldkey,fieldname,fieldtype,calcformula from wstablefields where tablename = 'fi' and documentnumber = 39
20250114@154624.1702 rq7n0g5u3rov5bvqkf9pi34622 Query : insert into wsfidata (fistamp,ousrdata, ousrhora, usrdata,usrhora,ousrinis,usrinis ,qtt ,ftstamp ,epv,pvmoeda ,tabiva,iva,lordem ,ref, design ,lote,armazem) values ('aut6786857243678686d027',getdate(),convert(char(8),convert (time,getdate())),getdate(),convert(char(8),convert (time,getdate())),'wsv','wsv',18.000 ,'aut6786839578678686cfc2' ,0,0 ,2,23.00,50000,?,?,?,?)
20250114@154624.2006 rq7n0g5u3rov5bvqkf9pi34622 Query : use flama_phc
20250114@154624.2009 rq7n0g5u3rov5bvqkf9pi34622 Query : select st.usalote valor from st where st.ref = '324.1667.00.1'
20250114@154624.2037 rq7n0g5u3rov5bvqkf9pi34622 Query : select top 1 st.tabiva ,st.ivaincl ,st.stns ,st.uni2 ,st.familia ,isnull(tx.taxa, 0) txiva ,unidade ,usalote ,epcpond ,noserie ,conversao ,st.texteis from st left join taxasiva tx on st.tabiva = tx.codigo where st.ref = '324.1667.00.1'
20250114@154624.2217 rq7n0g5u3rov5bvqkf9pi34622 Query : select 1 valor from information_schema.tables where table_type='base table' and table_name='wstablefields'
20250114@154624.2236 rq7n0g5u3rov5bvqkf9pi34622 Query : select fieldkey,fieldname,fieldtype,mandatory from wstablefields where tablename = 'fi' and documentnumber = 39
20250114@154624.2263 rq7n0g5u3rov5bvqkf9pi34622 Query : select 1 valor from information_schema.tables where table_type='base table' and table_name='wstablefields'
20250114@154624.2306 rq7n0g5u3rov5bvqkf9pi34622 Query : select fieldkey,fieldname,fieldtype,mandatory from wstablefields where tablename = 'fi2' and documentnumber = 39
20250114@154624.2316 rq7n0g5u3rov5bvqkf9pi34622 Query : select top 1 convert(numeric(6,2),t.taxa) valor from taxasiva t where t.codigo='2'
20250114@154624.2329 rq7n0g5u3rov5bvqkf9pi34622 Query : select sestamp valor from se where ref ='324.1667.00.1' and lote = 'r2400923100a'
20250114@154624.2350 rq7n0g5u3rov5bvqkf9pi34622 Query : select 1 valor from information_schema.tables where table_type='base table' and table_name='wstablefields'
20250114@154624.2366 rq7n0g5u3rov5bvqkf9pi34622 Query : select fieldkey,fieldname,fieldtype,calcformula from wstablefields where tablename = 'fi2' and documentnumber = 39
20250114@154624.2378 rq7n0g5u3rov5bvqkf9pi34622 Query : insert into wsfi2data (fi2stamp,ftstamp ,ousrdata, ousrhora, usrdata,usrhora,ousrinis,usrinis) values ('aut6786855116678686d039','aut6786839578678686cfc2' ,getdate(),convert(char(8),convert (time,getdate())),getdate(),convert(char(8),convert (time,getdate())),'wsv','wsv')
20250114@154624.2383 rq7n0g5u3rov5bvqkf9pi34622 Query : select 1 valor from information_schema.tables where table_type='base table' and table_name='wstablefields'
20250114@154624.2398 rq7n0g5u3rov5bvqkf9pi34622 Query : select fieldkey,fieldname,fieldtype,calcformula from wstablefields where tablename = 'fi' and documentnumber = 39
20250114@154624.2428 rq7n0g5u3rov5bvqkf9pi34622 Query : insert into wsfidata (fistamp,ousrdata, ousrhora, usrdata,usrhora,ousrinis,usrinis ,qtt ,ftstamp ,epv,pvmoeda ,tabiva,iva,lordem ,ref, design ,lote,armazem) values ('aut6786855116678686d039',getdate(),convert(char(8),convert (time,getdate())),getdate(),convert(char(8),convert (time,getdate())),'wsv','wsv',1.000 ,'aut6786839578678686cfc2' ,0,0 ,2,23.00,60000,?,?,?,?)
20250114@154624.2727 rq7n0g5u3rov5bvqkf9pi34622 Query : select 1 valor from information_schema.tables where table_type='base table' and table_name='wstablefields'
20250114@154624.2745 rq7n0g5u3rov5bvqkf9pi34622 Query : select fieldkey,fieldname,fieldtype,mandatory from wstablefields where tablename = 'fi' and documentnumber = 39
20250114@154624.2773 rq7n0g5u3rov5bvqkf9pi34622 Query : select 1 valor from information_schema.tables where table_type='base table' and table_name='wstablefields'
20250114@154624.2788 rq7n0g5u3rov5bvqkf9pi34622 Query : select fieldkey,fieldname,fieldtype,mandatory from wstablefields where tablename = 'fi2' and documentnumber = 39
20250114@154624.2797 rq7n0g5u3rov5bvqkf9pi34622 Query : select top 1 convert(numeric(6,2),t.taxa) valor from taxasiva t where t.codigo='2'
20250114@154624.2828 rq7n0g5u3rov5bvqkf9pi34622 Query : select 1 valor from information_schema.tables where table_type='base table' and table_name='wstablefields'
20250114@154624.2843 rq7n0g5u3rov5bvqkf9pi34622 Query : select fieldkey,fieldname,fieldtype,calcformula from wstablefields where tablename = 'fi2' and documentnumber = 39
20250114@154624.2856 rq7n0g5u3rov5bvqkf9pi34622 Query : insert into wsfi2data (fi2stamp,ftstamp ,ousrdata, ousrhora, usrdata,usrhora,ousrinis,usrinis) values ('aut6786860761678686d045','aut6786839578678686cfc2' ,getdate(),convert(char(8),convert (time,getdate())),getdate(),convert(char(8),convert (time,getdate())),'wsv','wsv')
20250114@154624.2863 rq7n0g5u3rov5bvqkf9pi34622 Query : select 1 valor from information_schema.tables where table_type='base table' and table_name='wstablefields'
20250114@154624.2879 rq7n0g5u3rov5bvqkf9pi34622 Query : select fieldkey,fieldname,fieldtype,calcformula from wstablefields where tablename = 'fi' and documentnumber = 39
20250114@154624.2908 rq7n0g5u3rov5bvqkf9pi34622 Query : insert into wsfidata (fistamp,ousrdata, ousrhora, usrdata,usrhora,ousrinis,usrinis ,qtt ,ftstamp ,epv,pvmoeda ,tabiva,iva,lordem ,ref, design ,armazem) values ('aut6786860761678686d045',getdate(),convert(char(8),convert (time,getdate())),getdate(),convert(char(8),convert (time,getdate())),'wsv','wsv',0 ,'aut6786839578678686cfc2' ,0,0 ,2,23.00,70000,?,?,?)
20250114@154624.3426 rq7n0g5u3rov5bvqkf9pi34622 Query : use flama_phc
20250114@154624.3430 rq7n0g5u3rov5bvqkf9pi34622 Query : select st.usalote valor from st where st.ref = '324.1706.00.1'
20250114@154624.3452 rq7n0g5u3rov5bvqkf9pi34622 Query : select top 1 st.tabiva ,st.ivaincl ,st.stns ,st.uni2 ,st.familia ,isnull(tx.taxa, 0) txiva ,unidade ,usalote ,epcpond ,noserie ,conversao ,st.texteis from st left join taxasiva tx on st.tabiva = tx.codigo where st.ref = '324.1706.00.1'
20250114@154624.3620 rq7n0g5u3rov5bvqkf9pi34622 Query : select 1 valor from information_schema.tables where table_type='base table' and table_name='wstablefields'
20250114@154624.3640 rq7n0g5u3rov5bvqkf9pi34622 Query : select fieldkey,fieldname,fieldtype,mandatory from wstablefields where tablename = 'fi' and documentnumber = 39
20250114@154624.3668 rq7n0g5u3rov5bvqkf9pi34622 Query : select 1 valor from information_schema.tables where table_type='base table' and table_name='wstablefields'
20250114@154624.3687 rq7n0g5u3rov5bvqkf9pi34622 Query : select fieldkey,fieldname,fieldtype,mandatory from wstablefields where tablename = 'fi2' and documentnumber = 39
20250114@154624.3698 rq7n0g5u3rov5bvqkf9pi34622 Query : select top 1 convert(numeric(6,2),t.taxa) valor from taxasiva t where t.codigo='2'
20250114@154624.3710 rq7n0g5u3rov5bvqkf9pi34622 Query : select sestamp valor from se where ref ='324.1706.00.1' and lote = 'r2400926300a'
20250114@154624.3726 rq7n0g5u3rov5bvqkf9pi34622 Query : select 1 valor from information_schema.tables where table_type='base table' and table_name='wstablefields'
20250114@154624.3743 rq7n0g5u3rov5bvqkf9pi34622 Query : select fieldkey,fieldname,fieldtype,calcformula from wstablefields where tablename = 'fi2' and documentnumber = 39
20250114@154624.3790 rq7n0g5u3rov5bvqkf9pi34622 Query : insert into wsfi2data (fi2stamp,ftstamp ,ousrdata, ousrhora, usrdata,usrhora,ousrinis,usrinis) values ('aut6786896870678686d05a','aut6786839578678686cfc2' ,getdate(),convert(char(8),convert (time,getdate())),getdate(),convert(char(8),convert (time,getdate())),'wsv','wsv')
20250114@154624.3795 rq7n0g5u3rov5bvqkf9pi34622 Query : select 1 valor from information_schema.tables where table_type='base table' and table_name='wstablefields'
20250114@154624.3811 rq7n0g5u3rov5bvqkf9pi34622 Query : select fieldkey,fieldname,fieldtype,calcformula from wstablefields where tablename = 'fi' and documentnumber = 39
20250114@154624.3841 rq7n0g5u3rov5bvqkf9pi34622 Query : insert into wsfidata (fistamp,ousrdata, ousrhora, usrdata,usrhora,ousrinis,usrinis ,qtt ,ftstamp ,epv,pvmoeda ,tabiva,iva,lordem ,ref, design ,lote,armazem) values ('aut6786896870678686d05a',getdate(),convert(char(8),convert (time,getdate())),getdate(),convert(char(8),convert (time,getdate())),'wsv','wsv',2.000 ,'aut6786839578678686cfc2' ,0,0 ,2,23.00,90000,?,?,?,?)
20250114@154624.4163 rq7n0g5u3rov5bvqkf9pi34622 Query : use flama_phc
20250114@154624.4167 rq7n0g5u3rov5bvqkf9pi34622 Query : select st.usalote valor from st where st.ref = '324.2357.00.1'
20250114@154624.4193 rq7n0g5u3rov5bvqkf9pi34622 Query : select top 1 st.tabiva ,st.ivaincl ,st.stns ,st.uni2 ,st.familia ,isnull(tx.taxa, 0) txiva ,unidade ,usalote ,epcpond ,noserie ,conversao ,st.texteis from st left join taxasiva tx on st.tabiva = tx.codigo where st.ref = '324.2357.00.1'
20250114@154624.4370 rq7n0g5u3rov5bvqkf9pi34622 Query : select 1 valor from information_schema.tables where table_type='base table' and table_name='wstablefields'
20250114@154624.4389 rq7n0g5u3rov5bvqkf9pi34622 Query : select fieldkey,fieldname,fieldtype,mandatory from wstablefields where tablename = 'fi' and documentnumber = 39
20250114@154624.4417 rq7n0g5u3rov5bvqkf9pi34622 Query : select 1 valor from information_schema.tables where table_type='base table' and table_name='wstablefields'
20250114@154624.4434 rq7n0g5u3rov5bvqkf9pi34622 Query : select fieldkey,fieldname,fieldtype,mandatory from wstablefields where tablename = 'fi2' and documentnumber = 39
20250114@154624.4443 rq7n0g5u3rov5bvqkf9pi34622 Query : select top 1 convert(numeric(6,2),t.taxa) valor from taxasiva t where t.codigo='2'
20250114@154624.4457 rq7n0g5u3rov5bvqkf9pi34622 Query : select sestamp valor from se where ref ='324.2357.00.1' and lote = 'r2300547200a'
20250114@154624.4479 rq7n0g5u3rov5bvqkf9pi34622 Query : select 1 valor from information_schema.tables where table_type='base table' and table_name='wstablefields'
20250114@154624.4496 rq7n0g5u3rov5bvqkf9pi34622 Query : select fieldkey,fieldname,fieldtype,calcformula from wstablefields where tablename = 'fi2' and documentnumber = 39
20250114@154624.4508 rq7n0g5u3rov5bvqkf9pi34622 Query : insert into wsfi2data (fi2stamp,ftstamp ,ousrdata, ousrhora, usrdata,usrhora,ousrinis,usrinis) values ('aut6786871932678686d06d','aut6786839578678686cfc2' ,getdate(),convert(char(8),convert (time,getdate())),getdate(),convert(char(8),convert (time,getdate())),'wsv','wsv')
20250114@154624.4514 rq7n0g5u3rov5bvqkf9pi34622 Query : select 1 valor from information_schema.tables where table_type='base table' and table_name='wstablefields'
20250114@154624.4552 rq7n0g5u3rov5bvqkf9pi34622 Query : select fieldkey,fieldname,fieldtype,calcformula from wstablefields where tablename = 'fi' and documentnumber = 39
20250114@154624.4585 rq7n0g5u3rov5bvqkf9pi34622 Query : insert into wsfidata (fistamp,ousrdata, ousrhora, usrdata,usrhora,ousrinis,usrinis ,qtt ,ftstamp ,epv,pvmoeda ,tabiva,iva,lordem ,ref, design ,lote,armazem) values ('aut6786871932678686d06d',getdate(),convert(char(8),convert (time,getdate())),getdate(),convert(char(8),convert (time,getdate())),'wsv','wsv',2.000 ,'aut6786839578678686cfc2' ,0,0 ,2,23.00,100000,?,?,?,?)
20250114@154624.4909 rq7n0g5u3rov5bvqkf9pi34622 Query : use flama_phc
20250114@154624.4913 rq7n0g5u3rov5bvqkf9pi34622 Query : select st.usalote valor from st where st.ref = '324.2366.00.1'
20250114@154624.4934 rq7n0g5u3rov5bvqkf9pi34622 Query : select top 1 st.tabiva ,st.ivaincl ,st.stns ,st.uni2 ,st.familia ,isnull(tx.taxa, 0) txiva ,unidade ,usalote ,epcpond ,noserie ,conversao ,st.texteis from st left join taxasiva tx on st.tabiva = tx.codigo where st.ref = '324.2366.00.1'
20250114@154624.5099 rq7n0g5u3rov5bvqkf9pi34622 Query : select 1 valor from information_schema.tables where table_type='base table' and table_name='wstablefields'
20250114@154624.5116 rq7n0g5u3rov5bvqkf9pi34622 Query : select fieldkey,fieldname,fieldtype,mandatory from wstablefields where tablename = 'fi' and documentnumber = 39
20250114@154624.5144 rq7n0g5u3rov5bvqkf9pi34622 Query : select 1 valor from information_schema.tables where table_type='base table' and table_name='wstablefields'
20250114@154624.5159 rq7n0g5u3rov5bvqkf9pi34622 Query : select fieldkey,fieldname,fieldtype,mandatory from wstablefields where tablename = 'fi2' and documentnumber = 39
20250114@154624.5168 rq7n0g5u3rov5bvqkf9pi34622 Query : select top 1 convert(numeric(6,2),t.taxa) valor from taxasiva t where t.codigo='2'
20250114@154624.5181 rq7n0g5u3rov5bvqkf9pi34622 Query : select sestamp valor from se where ref ='324.2366.00.1' and lote = 'r2400498100a'
20250114@154624.5196 rq7n0g5u3rov5bvqkf9pi34622 Query : select 1 valor from information_schema.tables where table_type='base table' and table_name='wstablefields'
20250114@154624.5212 rq7n0g5u3rov5bvqkf9pi34622 Query : select fieldkey,fieldname,fieldtype,calcformula from wstablefields where tablename = 'fi2' and documentnumber = 39
20250114@154624.5225 rq7n0g5u3rov5bvqkf9pi34622 Query : insert into wsfi2data (fi2stamp,ftstamp ,ousrdata, ousrhora, usrdata,usrhora,ousrinis,usrinis) values ('aut6786885795678686d07e','aut6786839578678686cfc2' ,getdate(),convert(char(8),convert (time,getdate())),getdate(),convert(char(8),convert (time,getdate())),'wsv','wsv')
20250114@154624.5229 rq7n0g5u3rov5bvqkf9pi34622 Query : select 1 valor from information_schema.tables where table_type='base table' and table_name='wstablefields'
20250114@154624.5244 rq7n0g5u3rov5bvqkf9pi34622 Query : select fieldkey,fieldname,fieldtype,calcformula from wstablefields where tablename = 'fi' and documentnumber = 39
20250114@154624.5313 rq7n0g5u3rov5bvqkf9pi34622 Query : insert into wsfidata (fistamp,ousrdata, ousrhora, usrdata,usrhora,ousrinis,usrinis ,qtt ,ftstamp ,epv,pvmoeda ,tabiva,iva,lordem ,ref, design ,lote,armazem) values ('aut6786885795678686d07e',getdate(),convert(char(8),convert (time,getdate())),getdate(),convert(char(8),convert (time,getdate())),'wsv','wsv',2.000 ,'aut6786839578678686cfc2' ,0,0 ,2,23.00,110000,?,?,?,?)
20250114@154624.5602 rq7n0g5u3rov5bvqkf9pi34622 Query : use flama_phc
20250114@154624.5606 rq7n0g5u3rov5bvqkf9pi34622 Query : select st.usalote valor from st where st.ref = '324.2330.00.1'
20250114@154624.5629 rq7n0g5u3rov5bvqkf9pi34622 Query : select top 1 st.tabiva ,st.ivaincl ,st.stns ,st.uni2 ,st.familia ,isnull(tx.taxa, 0) txiva ,unidade ,usalote ,epcpond ,noserie ,conversao ,st.texteis from st left join taxasiva tx on st.tabiva = tx.codigo where st.ref = '324.2330.00.1'
20250114@154624.5778 rq7n0g5u3rov5bvqkf9pi34622 Query : select 1 valor from information_schema.tables where table_type='base table' and table_name='wstablefields'
20250114@154624.5796 rq7n0g5u3rov5bvqkf9pi34622 Query : select fieldkey,fieldname,fieldtype,mandatory from wstablefields where tablename = 'fi' and documentnumber = 39
20250114@154624.5823 rq7n0g5u3rov5bvqkf9pi34622 Query : select 1 valor from information_schema.tables where table_type='base table' and table_name='wstablefields'
20250114@154624.5838 rq7n0g5u3rov5bvqkf9pi34622 Query : select fieldkey,fieldname,fieldtype,mandatory from wstablefields where tablename = 'fi2' and documentnumber = 39
20250114@154624.5847 rq7n0g5u3rov5bvqkf9pi34622 Query : select top 1 convert(numeric(6,2),t.taxa) valor from taxasiva t where t.codigo='2'
20250114@154624.5860 rq7n0g5u3rov5bvqkf9pi34622 Query : select sestamp valor from se where ref ='324.2330.00.1' and lote = 'r2400469200a'
20250114@154624.5882 rq7n0g5u3rov5bvqkf9pi34622 Query : select 1 valor from information_schema.tables where table_type='base table' and table_name='wstablefields'
20250114@154624.5898 rq7n0g5u3rov5bvqkf9pi34622 Query : select fieldkey,fieldname,fieldtype,calcformula from wstablefields where tablename = 'fi2' and documentnumber = 39
20250114@154624.5910 rq7n0g5u3rov5bvqkf9pi34622 Query : insert into wsfi2data (fi2stamp,ftstamp ,ousrdata, ousrhora, usrdata,usrhora,ousrinis,usrinis) values ('aut6786847122678686d08f','aut6786839578678686cfc2' ,getdate(),convert(char(8),convert (time,getdate())),getdate(),convert(char(8),convert (time,getdate())),'wsv','wsv')
20250114@154624.5915 rq7n0g5u3rov5bvqkf9pi34622 Query : select 1 valor from information_schema.tables where table_type='base table' and table_name='wstablefields'
20250114@154624.5934 rq7n0g5u3rov5bvqkf9pi34622 Query : select fieldkey,fieldname,fieldtype,calcformula from wstablefields where tablename = 'fi' and documentnumber = 39
20250114@154624.5965 rq7n0g5u3rov5bvqkf9pi34622 Query : insert into wsfidata (fistamp,ousrdata, ousrhora, usrdata,usrhora,ousrinis,usrinis ,qtt ,ftstamp ,epv,pvmoeda ,tabiva,iva,lordem ,ref, design ,lote,armazem) values ('aut6786847122678686d08f',getdate(),convert(char(8),convert (time,getdate())),getdate(),convert(char(8),convert (time,getdate())),'wsv','wsv',2.000 ,'aut6786839578678686cfc2' ,0,0 ,2,23.00,120000,?,?,?,?)
20250114@154624.6270 rq7n0g5u3rov5bvqkf9pi34622 Query : use flama_phc
20250114@154624.6273 rq7n0g5u3rov5bvqkf9pi34622 Query : select st.usalote valor from st where st.ref = '324.2335.00.1'
20250114@154624.6295 rq7n0g5u3rov5bvqkf9pi34622 Query : select top 1 st.tabiva ,st.ivaincl ,st.stns ,st.uni2 ,st.familia ,isnull(tx.taxa, 0) txiva ,unidade ,usalote ,epcpond ,noserie ,conversao ,st.texteis from st left join taxasiva tx on st.tabiva = tx.codigo where st.ref = '324.2335.00.1'
20250114@154624.7175 rq7n0g5u3rov5bvqkf9pi34622 Query : select 1 valor from information_schema.tables where table_type='base table' and table_name='wstablefields'
20250114@154624.7204 rq7n0g5u3rov5bvqkf9pi34622 Query : select fieldkey,fieldname,fieldtype,mandatory from wstablefields where tablename = 'fi' and documentnumber = 39
20250114@154624.7234 rq7n0g5u3rov5bvqkf9pi34622 Query : select 1 valor from information_schema.tables where table_type='base table' and table_name='wstablefields'
20250114@154624.7254 rq7n0g5u3rov5bvqkf9pi34622 Query : select fieldkey,fieldname,fieldtype,mandatory from wstablefields where tablename = 'fi2' and documentnumber = 39
20250114@154624.7263 rq7n0g5u3rov5bvqkf9pi34622 Query : select top 1 convert(numeric(6,2),t.taxa) valor from taxasiva t where t.codigo='2'
20250114@154624.7277 rq7n0g5u3rov5bvqkf9pi34622 Query : select sestamp valor from se where ref ='324.2335.00.1' and lote = 'r2400468300a'
20250114@154624.7291 rq7n0g5u3rov5bvqkf9pi34622 Query : select 1 valor from information_schema.tables where table_type='base table' and table_name='wstablefields'
20250114@154624.7307 rq7n0g5u3rov5bvqkf9pi34622 Query : select fieldkey,fieldname,fieldtype,calcformula from wstablefields where tablename = 'fi2' and documentnumber = 39
20250114@154624.7321 rq7n0g5u3rov5bvqkf9pi34622 Query : insert into wsfi2data (fi2stamp,ftstamp ,ousrdata, ousrhora, usrdata,usrhora,ousrinis,usrinis) values ('aut6786870598678686d0b2','aut6786839578678686cfc2' ,getdate(),convert(char(8),convert (time,getdate())),getdate(),convert(char(8),convert (time,getdate())),'wsv','wsv')
20250114@154624.7325 rq7n0g5u3rov5bvqkf9pi34622 Query : select 1 valor from information_schema.tables where table_type='base table' and table_name='wstablefields'
20250114@154624.7342 rq7n0g5u3rov5bvqkf9pi34622 Query : select fieldkey,fieldname,fieldtype,calcformula from wstablefields where tablename = 'fi' and documentnumber = 39
20250114@154624.7373 rq7n0g5u3rov5bvqkf9pi34622 Query : insert into wsfidata (fistamp,ousrdata, ousrhora, usrdata,usrhora,ousrinis,usrinis ,qtt ,ftstamp ,epv,pvmoeda ,tabiva,iva,lordem ,ref, design ,lote,armazem) values ('aut6786870598678686d0b2',getdate(),convert(char(8),convert (time,getdate())),getdate(),convert(char(8),convert (time,getdate())),'wsv','wsv',2.000 ,'aut6786839578678686cfc2' ,0,0 ,2,23.00,130000,?,?,?,?)
20250114@154624.7878 rq7n0g5u3rov5bvqkf9pi34622 Query : use flama_phc
20250114@154624.7882 rq7n0g5u3rov5bvqkf9pi34622 Query : select st.usalote valor from st where st.ref = '324.4990.00.1'
20250114@154624.7904 rq7n0g5u3rov5bvqkf9pi34622 Query : select top 1 st.tabiva ,st.ivaincl ,st.stns ,st.uni2 ,st.familia ,isnull(tx.taxa, 0) txiva ,unidade ,usalote ,epcpond ,noserie ,conversao ,st.texteis from st left join taxasiva tx on st.tabiva = tx.codigo where st.ref = '324.4990.00.1'
20250114@154624.8058 rq7n0g5u3rov5bvqkf9pi34622 Query : select 1 valor from information_schema.tables where table_type='base table' and table_name='wstablefields'
20250114@154624.8076 rq7n0g5u3rov5bvqkf9pi34622 Query : select fieldkey,fieldname,fieldtype,mandatory from wstablefields where tablename = 'fi' and documentnumber = 39
20250114@154624.8102 rq7n0g5u3rov5bvqkf9pi34622 Query : select 1 valor from information_schema.tables where table_type='base table' and table_name='wstablefields'
20250114@154624.8117 rq7n0g5u3rov5bvqkf9pi34622 Query : select fieldkey,fieldname,fieldtype,mandatory from wstablefields where tablename = 'fi2' and documentnumber = 39
20250114@154624.8128 rq7n0g5u3rov5bvqkf9pi34622 Query : select top 1 convert(numeric(6,2),t.taxa) valor from taxasiva t where t.codigo='2'
20250114@154624.8143 rq7n0g5u3rov5bvqkf9pi34622 Query : select sestamp valor from se where ref ='324.4990.00.1' and lote = 'r2100189200a'
20250114@154624.8175 rq7n0g5u3rov5bvqkf9pi34622 Query : select 1 valor from information_schema.tables where table_type='base table' and table_name='wstablefields'
20250114@154624.8190 rq7n0g5u3rov5bvqkf9pi34622 Query : select fieldkey,fieldname,fieldtype,calcformula from wstablefields where tablename = 'fi2' and documentnumber = 39
20250114@154624.8201 rq7n0g5u3rov5bvqkf9pi34622 Query : insert into wsfi2data (fi2stamp,ftstamp ,ousrdata, ousrhora, usrdata,usrhora,ousrinis,usrinis) values ('aut6786877470678686d0c7','aut6786839578678686cfc2' ,getdate(),convert(char(8),convert (time,getdate())),getdate(),convert(char(8),convert (time,getdate())),'wsv','wsv')
20250114@154624.8205 rq7n0g5u3rov5bvqkf9pi34622 Query : select 1 valor from information_schema.tables where table_type='base table' and table_name='wstablefields'
20250114@154624.8219 rq7n0g5u3rov5bvqkf9pi34622 Query : select fieldkey,fieldname,fieldtype,calcformula from wstablefields where tablename = 'fi' and documentnumber = 39
20250114@154624.8247 rq7n0g5u3rov5bvqkf9pi34622 Query : insert into wsfidata (fistamp,ousrdata, ousrhora, usrdata,usrhora,ousrinis,usrinis ,qtt ,ftstamp ,epv,pvmoeda ,tabiva,iva,lordem ,ref, design ,lote,armazem) values ('aut6786877470678686d0c7',getdate(),convert(char(8),convert (time,getdate())),getdate(),convert(char(8),convert (time,getdate())),'wsv','wsv',4.000 ,'aut6786839578678686cfc2' ,0,0 ,2,23.00,140000,?,?,?,?)
20250114@154624.8905 rq7n0g5u3rov5bvqkf9pi34622 Query : use flama_phc
20250114@154624.9481 rq7n0g5u3rov5bvqkf9pi34622 Query : select st.usalote valor from st where st.ref = '324.2386.00.1'
20250114@154624.9691 rq7n0g5u3rov5bvqkf9pi34622 Query : select top 1 st.tabiva ,st.ivaincl ,st.stns ,st.uni2 ,st.familia ,isnull(tx.taxa, 0) txiva ,unidade ,usalote ,epcpond ,noserie ,conversao ,st.texteis from st left join taxasiva tx on st.tabiva = tx.codigo where st.ref = '324.2386.00.1'
20250114@154624.9848 rq7n0g5u3rov5bvqkf9pi34622 Query : select 1 valor from information_schema.tables where table_type='base table' and table_name='wstablefields'
20250114@154624.9899 rq7n0g5u3rov5bvqkf9pi34622 Query : select fieldkey,fieldname,fieldtype,mandatory from wstablefields where tablename = 'fi' and documentnumber = 39
20250114@154624.9926 rq7n0g5u3rov5bvqkf9pi34622 Query : select 1 valor from information_schema.tables where table_type='base table' and table_name='wstablefields'
20250114@154624.9942 rq7n0g5u3rov5bvqkf9pi34622 Query : select fieldkey,fieldname,fieldtype,mandatory from wstablefields where tablename = 'fi2' and documentnumber = 39
20250114@154624.9952 rq7n0g5u3rov5bvqkf9pi34622 Query : select top 1 convert(numeric(6,2),t.taxa) valor from taxasiva t where t.codigo='2'
20250114@154624.9964 rq7n0g5u3rov5bvqkf9pi34622 Query : select sestamp valor from se where ref ='324.2386.00.1' and lote = 'r2200236200a'
20250114@154624.9999 rq7n0g5u3rov5bvqkf9pi34622 Query : select 1 valor from information_schema.tables where table_type='base table' and table_name='wstablefields'
20250114@154625.1600 rq7n0g5u3rov5bvqkf9pi34622 Query : select fieldkey,fieldname,fieldtype,calcformula from wstablefields where tablename = 'fi2' and documentnumber = 39
20250114@154625.3000 rq7n0g5u3rov5bvqkf9pi34622 Query : insert into wsfi2data (fi2stamp,ftstamp ,ousrdata, ousrhora, usrdata,usrhora,ousrinis,usrinis) values ('aut6786873626678686d0f4','aut6786839578678686cfc2' ,getdate(),convert(char(8),convert (time,getdate())),getdate(),convert(char(8),convert (time,getdate())),'wsv','wsv')
20250114@154625.4900 rq7n0g5u3rov5bvqkf9pi34622 Query : select 1 valor from information_schema.tables where table_type='base table' and table_name='wstablefields'
20250114@154625.6600 rq7n0g5u3rov5bvqkf9pi34622 Query : select fieldkey,fieldname,fieldtype,calcformula from wstablefields where tablename = 'fi' and documentnumber = 39
20250114@154625.9700 rq7n0g5u3rov5bvqkf9pi34622 Query : insert into wsfidata (fistamp,ousrdata, ousrhora, usrdata,usrhora,ousrinis,usrinis ,qtt ,ftstamp ,epv,pvmoeda ,tabiva,iva,lordem ,ref, design ,lote,armazem) values ('aut6786873626678686d0f4',getdate(),convert(char(8),convert (time,getdate())),getdate(),convert(char(8),convert (time,getdate())),'wsv','wsv',2.000 ,'aut6786839578678686cfc2' ,0,0 ,2,23.00,150000,?,?,?,?)
20250114@154625.4320 rq7n0g5u3rov5bvqkf9pi34622 Query : use flama_phc
20250114@154625.4360 rq7n0g5u3rov5bvqkf9pi34622 Query : select st.usalote valor from st where st.ref = '324.5343.00.1'
20250114@154625.4670 rq7n0g5u3rov5bvqkf9pi34622 Query : select top 1 st.tabiva ,st.ivaincl ,st.stns ,st.uni2 ,st.familia ,isnull(tx.taxa, 0) txiva ,unidade ,usalote ,epcpond ,noserie ,conversao ,st.texteis from st left join taxasiva tx on st.tabiva = tx.codigo where st.ref = '324.5343.00.1'
20250114@154625.7460 rq7n0g5u3rov5bvqkf9pi34622 Query : select 1 valor from information_schema.tables where table_type='base table' and table_name='wstablefields'
20250114@154625.7820 rq7n0g5u3rov5bvqkf9pi34622 Query : select fieldkey,fieldname,fieldtype,mandatory from wstablefields where tablename = 'fi' and documentnumber = 39
20250114@154625.8130 rq7n0g5u3rov5bvqkf9pi34622 Query : select 1 valor from information_schema.tables where table_type='base table' and table_name='wstablefields'
20250114@154625.8560 rq7n0g5u3rov5bvqkf9pi34622 Query : select fieldkey,fieldname,fieldtype,mandatory from wstablefields where tablename = 'fi2' and documentnumber = 39
20250114@154625.8650 rq7n0g5u3rov5bvqkf9pi34622 Query : select top 1 convert(numeric(6,2),t.taxa) valor from taxasiva t where t.codigo='2'
20250114@154625.8800 rq7n0g5u3rov5bvqkf9pi34622 Query : select sestamp valor from se where ref ='324.5343.00.1' and lote = 'r2301282100a'
20250114@154625.9020 rq7n0g5u3rov5bvqkf9pi34622 Query : select 1 valor from information_schema.tables where table_type='base table' and table_name='wstablefields'
20250114@154625.9210 rq7n0g5u3rov5bvqkf9pi34622 Query : select fieldkey,fieldname,fieldtype,calcformula from wstablefields where tablename = 'fi2' and documentnumber = 39
20250114@154625.9360 rq7n0g5u3rov5bvqkf9pi34622 Query : insert into wsfi2data (fi2stamp,ftstamp ,ousrdata, ousrhora, usrdata,usrhora,ousrinis,usrinis) values ('aut6786895062678686d116','aut6786839578678686cfc2' ,getdate(),convert(char(8),convert (time,getdate())),getdate(),convert(char(8),convert (time,getdate())),'wsv','wsv')
20250114@154625.9410 rq7n0g5u3rov5bvqkf9pi34622 Query : select 1 valor from information_schema.tables where table_type='base table' and table_name='wstablefields'
20250114@154625.9690 rq7n0g5u3rov5bvqkf9pi34622 Query : select fieldkey,fieldname,fieldtype,calcformula from wstablefields where tablename = 'fi' and documentnumber = 39
20250114@154625.1001 rq7n0g5u3rov5bvqkf9pi34622 Query : insert into wsfidata (fistamp,ousrdata, ousrhora, usrdata,usrhora,ousrinis,usrinis ,qtt ,ftstamp ,epv,pvmoeda ,tabiva,iva,lordem ,ref, design ,lote,armazem) values ('aut6786895062678686d116',getdate(),convert(char(8),convert (time,getdate())),getdate(),convert(char(8),convert (time,getdate())),'wsv','wsv',12.000 ,'aut6786839578678686cfc2' ,0,0 ,2,23.00,160000,?,?,?,?)
20250114@154625.1364 rq7n0g5u3rov5bvqkf9pi34622 Query : select 1 valor from information_schema.tables where table_type='base table' and table_name='wstablefields'
20250114@154625.1387 rq7n0g5u3rov5bvqkf9pi34622 Query : select fieldkey,fieldname,fieldtype,mandatory from wstablefields where tablename = 'fi' and documentnumber = 39
20250114@154625.1448 rq7n0g5u3rov5bvqkf9pi34622 Query : select 1 valor from information_schema.tables where table_type='base table' and table_name='wstablefields'
20250114@154625.1465 rq7n0g5u3rov5bvqkf9pi34622 Query : select fieldkey,fieldname,fieldtype,mandatory from wstablefields where tablename = 'fi2' and documentnumber = 39
20250114@154625.1475 rq7n0g5u3rov5bvqkf9pi34622 Query : select top 1 convert(numeric(6,2),t.taxa) valor from taxasiva t where t.codigo='2'
20250114@154625.1489 rq7n0g5u3rov5bvqkf9pi34622 Query : select 1 valor from information_schema.tables where table_type='base table' and table_name='wstablefields'
20250114@154625.1506 rq7n0g5u3rov5bvqkf9pi34622 Query : select fieldkey,fieldname,fieldtype,calcformula from wstablefields where tablename = 'fi2' and documentnumber = 39
20250114@154625.1520 rq7n0g5u3rov5bvqkf9pi34622 Query : insert into wsfi2data (fi2stamp,ftstamp ,ousrdata, ousrhora, usrdata,usrhora,ousrinis,usrinis) values ('aut6786852823678686d124','aut6786839578678686cfc2' ,getdate(),convert(char(8),convert (time,getdate())),getdate(),convert(char(8),convert (time,getdate())),'wsv','wsv')
20250114@154625.1525 rq7n0g5u3rov5bvqkf9pi34622 Query : select 1 valor from information_schema.tables where table_type='base table' and table_name='wstablefields'
20250114@154625.1551 rq7n0g5u3rov5bvqkf9pi34622 Query : select fieldkey,fieldname,fieldtype,calcformula from wstablefields where tablename = 'fi' and documentnumber = 39
20250114@154625.1587 rq7n0g5u3rov5bvqkf9pi34622 Query : insert into wsfidata (fistamp,ousrdata, ousrhora, usrdata,usrhora,ousrinis,usrinis ,qtt ,ftstamp ,epv,pvmoeda ,tabiva,iva,lordem ,ref, design ,armazem) values ('aut6786852823678686d124',getdate(),convert(char(8),convert (time,getdate())),getdate(),convert(char(8),convert (time,getdate())),'wsv','wsv',0 ,'aut6786839578678686cfc2' ,0,0 ,2,23.00,170000,?,?,?)
20250114@154625.2057 rq7n0g5u3rov5bvqkf9pi34622 Query : use flama_phc
20250114@154625.2101 rq7n0g5u3rov5bvqkf9pi34622 Query : select st.usalote valor from st where st.ref = '324.2300.00.1'
20250114@154625.2370 rq7n0g5u3rov5bvqkf9pi34622 Query : select top 1 st.tabiva ,st.ivaincl ,st.stns ,st.uni2 ,st.familia ,isnull(tx.taxa, 0) txiva ,unidade ,usalote ,epcpond ,noserie ,conversao ,st.texteis from st left join taxasiva tx on st.tabiva = tx.codigo where st.ref = '324.2300.00.1'
20250114@154625.2528 rq7n0g5u3rov5bvqkf9pi34622 Query : select 1 valor from information_schema.tables where table_type='base table' and table_name='wstablefields'
20250114@154625.2545 rq7n0g5u3rov5bvqkf9pi34622 Query : select fieldkey,fieldname,fieldtype,mandatory from wstablefields where tablename = 'fi' and documentnumber = 39
20250114@154625.2574 rq7n0g5u3rov5bvqkf9pi34622 Query : select 1 valor from information_schema.tables where table_type='base table' and table_name='wstablefields'
20250114@154625.2592 rq7n0g5u3rov5bvqkf9pi34622 Query : select fieldkey,fieldname,fieldtype,mandatory from wstablefields where tablename = 'fi2' and documentnumber = 39
20250114@154625.2632 rq7n0g5u3rov5bvqkf9pi34622 Query : select top 1 convert(numeric(6,2),t.taxa) valor from taxasiva t where t.codigo='2'
20250114@154625.2648 rq7n0g5u3rov5bvqkf9pi34622 Query : select sestamp valor from se where ref ='324.2300.00.1' and lote = 'r2400499200a'
20250114@154625.2663 rq7n0g5u3rov5bvqkf9pi34622 Query : select 1 valor from information_schema.tables where table_type='base table' and table_name='wstablefields'
20250114@154625.2679 rq7n0g5u3rov5bvqkf9pi34622 Query : select fieldkey,fieldname,fieldtype,calcformula from wstablefields where tablename = 'fi2' and documentnumber = 39
20250114@154625.2691 rq7n0g5u3rov5bvqkf9pi34622 Query : insert into wsfi2data (fi2stamp,ftstamp ,ousrdata, ousrhora, usrdata,usrhora,ousrinis,usrinis) values ('aut6786850120678686d141','aut6786839578678686cfc2' ,getdate(),convert(char(8),convert (time,getdate())),getdate(),convert(char(8),convert (time,getdate())),'wsv','wsv')
20250114@154625.2696 rq7n0g5u3rov5bvqkf9pi34622 Query : select 1 valor from information_schema.tables where table_type='base table' and table_name='wstablefields'
20250114@154625.2711 rq7n0g5u3rov5bvqkf9pi34622 Query : select fieldkey,fieldname,fieldtype,calcformula from wstablefields where tablename = 'fi' and documentnumber = 39
20250114@154625.2759 rq7n0g5u3rov5bvqkf9pi34622 Query : insert into wsfidata (fistamp,ousrdata, ousrhora, usrdata,usrhora,ousrinis,usrinis ,qtt ,ftstamp ,epv,pvmoeda ,tabiva,iva,lordem ,ref, design ,lote,armazem) values ('aut6786850120678686d141',getdate(),convert(char(8),convert (time,getdate())),getdate(),convert(char(8),convert (time,getdate())),'wsv','wsv',12.000 ,'aut6786839578678686cfc2' ,0,0 ,2,23.00,190000,?,?,?,?)
20250114@154625.3071 rq7n0g5u3rov5bvqkf9pi34622 Query : use flama_phc
20250114@154625.3074 rq7n0g5u3rov5bvqkf9pi34622 Query : select st.usalote valor from st where st.ref = '324.2318.00.1'
20250114@154625.3097 rq7n0g5u3rov5bvqkf9pi34622 Query : select top 1 st.tabiva ,st.ivaincl ,st.stns ,st.uni2 ,st.familia ,isnull(tx.taxa, 0) txiva ,unidade ,usalote ,epcpond ,noserie ,conversao ,st.texteis from st left join taxasiva tx on st.tabiva = tx.codigo where st.ref = '324.2318.00.1'
20250114@154625.3260 rq7n0g5u3rov5bvqkf9pi34622 Query : select 1 valor from information_schema.tables where table_type='base table' and table_name='wstablefields'
20250114@154625.3279 rq7n0g5u3rov5bvqkf9pi34622 Query : select fieldkey,fieldname,fieldtype,mandatory from wstablefields where tablename = 'fi' and documentnumber = 39
20250114@154625.3351 rq7n0g5u3rov5bvqkf9pi34622 Query : select 1 valor from information_schema.tables where table_type='base table' and table_name='wstablefields'
20250114@154625.3369 rq7n0g5u3rov5bvqkf9pi34622 Query : select fieldkey,fieldname,fieldtype,mandatory from wstablefields where tablename = 'fi2' and documentnumber = 39
20250114@154625.3378 rq7n0g5u3rov5bvqkf9pi34622 Query : select top 1 convert(numeric(6,2),t.taxa) valor from taxasiva t where t.codigo='2'
20250114@154625.3391 rq7n0g5u3rov5bvqkf9pi34622 Query : select sestamp valor from se where ref ='324.2318.00.1' and lote = 'r2100669100a'
20250114@154625.3412 rq7n0g5u3rov5bvqkf9pi34622 Query : select 1 valor from information_schema.tables where table_type='base table' and table_name='wstablefields'
20250114@154625.3447 rq7n0g5u3rov5bvqkf9pi34622 Query : select fieldkey,fieldname,fieldtype,calcformula from wstablefields where tablename = 'fi2' and documentnumber = 39
20250114@154625.3461 rq7n0g5u3rov5bvqkf9pi34622 Query : insert into wsfi2data (fi2stamp,ftstamp ,ousrdata, ousrhora, usrdata,usrhora,ousrinis,usrinis) values ('aut6786862340678686d153','aut6786839578678686cfc2' ,getdate(),convert(char(8),convert (time,getdate())),getdate(),convert(char(8),convert (time,getdate())),'wsv','wsv')
20250114@154625.3467 rq7n0g5u3rov5bvqkf9pi34622 Query : select 1 valor from information_schema.tables where table_type='base table' and table_name='wstablefields'
20250114@154625.3485 rq7n0g5u3rov5bvqkf9pi34622 Query : select fieldkey,fieldname,fieldtype,calcformula from wstablefields where tablename = 'fi' and documentnumber = 39
20250114@154625.3533 rq7n0g5u3rov5bvqkf9pi34622 Query : insert into wsfidata (fistamp,ousrdata, ousrhora, usrdata,usrhora,ousrinis,usrinis ,qtt ,ftstamp ,epv,pvmoeda ,tabiva,iva,lordem ,ref, design ,lote,armazem) values ('aut6786862340678686d153',getdate(),convert(char(8),convert (time,getdate())),getdate(),convert(char(8),convert (time,getdate())),'wsv','wsv',4.000 ,'aut6786839578678686cfc2' ,0,0 ,2,23.00,200000,?,?,?,?)
20250114@154625.3918 rq7n0g5u3rov5bvqkf9pi34622 Query : select 1 valor from information_schema.tables where table_type='base table' and table_name='wstablefields'
20250114@154625.3939 rq7n0g5u3rov5bvqkf9pi34622 Query : select fieldkey,fieldname,fieldtype,mandatory from wstablefields where tablename = 'fi' and documentnumber = 39
20250114@154625.3968 rq7n0g5u3rov5bvqkf9pi34622 Query : select 1 valor from information_schema.tables where table_type='base table' and table_name='wstablefields'
20250114@154625.3986 rq7n0g5u3rov5bvqkf9pi34622 Query : select fieldkey,fieldname,fieldtype,mandatory from wstablefields where tablename = 'fi2' and documentnumber = 39
20250114@154625.3996 rq7n0g5u3rov5bvqkf9pi34622 Query : select top 1 convert(numeric(6,2),t.taxa) valor from taxasiva t where t.codigo='2'
20250114@154625.4034 rq7n0g5u3rov5bvqkf9pi34622 Query : select 1 valor from information_schema.tables where table_type='base table' and table_name='wstablefields'
20250114@154625.4052 rq7n0g5u3rov5bvqkf9pi34622 Query : select fieldkey,fieldname,fieldtype,calcformula from wstablefields where tablename = 'fi2' and documentnumber = 39
20250114@154625.4066 rq7n0g5u3rov5bvqkf9pi34622 Query : insert into wsfi2data (fi2stamp,ftstamp ,ousrdata, ousrhora, usrdata,usrhora,ousrinis,usrinis) values ('aut6786895713678686d162','aut6786839578678686cfc2' ,getdate(),convert(char(8),convert (time,getdate())),getdate(),convert(char(8),convert (time,getdate())),'wsv','wsv')
20250114@154625.4070 rq7n0g5u3rov5bvqkf9pi34622 Query : select 1 valor from information_schema.tables where table_type='base table' and table_name='wstablefields'
20250114@154625.4086 rq7n0g5u3rov5bvqkf9pi34622 Query : select fieldkey,fieldname,fieldtype,calcformula from wstablefields where tablename = 'fi' and documentnumber = 39
20250114@154625.4137 rq7n0g5u3rov5bvqkf9pi34622 Query : insert into wsfidata (fistamp,ousrdata, ousrhora, usrdata,usrhora,ousrinis,usrinis ,qtt ,ftstamp ,epv,pvmoeda ,tabiva,iva,lordem ,ref, design ,armazem) values ('aut6786895713678686d162',getdate(),convert(char(8),convert (time,getdate())),getdate(),convert(char(8),convert (time,getdate())),'wsv','wsv',0 ,'aut6786839578678686cfc2' ,0,0 ,2,23.00,210000,?,?,?)
20250114@154625.4618 rq7n0g5u3rov5bvqkf9pi34622 Query : use flama_phc
20250114@154625.4622 rq7n0g5u3rov5bvqkf9pi34622 Query : select st.usalote valor from st where st.ref = '324.4910.00.1'
20250114@154625.4646 rq7n0g5u3rov5bvqkf9pi34622 Query : select top 1 st.tabiva ,st.ivaincl ,st.stns ,st.uni2 ,st.familia ,isnull(tx.taxa, 0) txiva ,unidade ,usalote ,epcpond ,noserie ,conversao ,st.texteis from st left join taxasiva tx on st.tabiva = tx.codigo where st.ref = '324.4910.00.1'
20250114@154625.4849 rq7n0g5u3rov5bvqkf9pi34622 Query : select 1 valor from information_schema.tables where table_type='base table' and table_name='wstablefields'
20250114@154625.4869 rq7n0g5u3rov5bvqkf9pi34622 Query : select fieldkey,fieldname,fieldtype,mandatory from wstablefields where tablename = 'fi' and documentnumber = 39
20250114@154625.4898 rq7n0g5u3rov5bvqkf9pi34622 Query : select 1 valor from information_schema.tables where table_type='base table' and table_name='wstablefields'
20250114@154625.4918 rq7n0g5u3rov5bvqkf9pi34622 Query : select fieldkey,fieldname,fieldtype,mandatory from wstablefields where tablename = 'fi2' and documentnumber = 39
20250114@154625.4930 rq7n0g5u3rov5bvqkf9pi34622 Query : select top 1 convert(numeric(6,2),t.taxa) valor from taxasiva t where t.codigo='2'
20250114@154625.4947 rq7n0g5u3rov5bvqkf9pi34622 Query : select sestamp valor from se where ref ='324.4910.00.1' and lote = 'r2400920300a'
20250114@154625.4961 rq7n0g5u3rov5bvqkf9pi34622 Query : select 1 valor from information_schema.tables where table_type='base table' and table_name='wstablefields'
20250114@154625.4980 rq7n0g5u3rov5bvqkf9pi34622 Query : select fieldkey,fieldname,fieldtype,calcformula from wstablefields where tablename = 'fi2' and documentnumber = 39
20250114@154625.4992 rq7n0g5u3rov5bvqkf9pi34622 Query : insert into wsfi2data (fi2stamp,ftstamp ,ousrdata, ousrhora, usrdata,usrhora,ousrinis,usrinis) values ('aut6786844438678686d179','aut6786839578678686cfc2' ,getdate(),convert(char(8),convert (time,getdate())),getdate(),convert(char(8),convert (time,getdate())),'wsv','wsv')
20250114@154625.4997 rq7n0g5u3rov5bvqkf9pi34622 Query : select 1 valor from information_schema.tables where table_type='base table' and table_name='wstablefields'
20250114@154625.5013 rq7n0g5u3rov5bvqkf9pi34622 Query : select fieldkey,fieldname,fieldtype,calcformula from wstablefields where tablename = 'fi' and documentnumber = 39
20250114@154625.5047 rq7n0g5u3rov5bvqkf9pi34622 Query : insert into wsfidata (fistamp,ousrdata, ousrhora, usrdata,usrhora,ousrinis,usrinis ,qtt ,ftstamp ,epv,pvmoeda ,tabiva,iva,lordem ,ref, design ,lote,armazem) values ('aut6786844438678686d179',getdate(),convert(char(8),convert (time,getdate())),getdate(),convert(char(8),convert (time,getdate())),'wsv','wsv',12.000 ,'aut6786839578678686cfc2' ,0,0 ,2,23.00,230000,?,?,?,?)
20250114@154625.5349 rq7n0g5u3rov5bvqkf9pi34622 Query : use flama_phc
20250114@154625.5353 rq7n0g5u3rov5bvqkf9pi34622 Query : select st.usalote valor from st where st.ref = '324.2031.00.1'
20250114@154625.5380 rq7n0g5u3rov5bvqkf9pi34622 Query : select top 1 st.tabiva ,st.ivaincl ,st.stns ,st.uni2 ,st.familia ,isnull(tx.taxa, 0) txiva ,unidade ,usalote ,epcpond ,noserie ,conversao ,st.texteis from st left join taxasiva tx on st.tabiva = tx.codigo where st.ref = '324.2031.00.1'
20250114@154625.5553 rq7n0g5u3rov5bvqkf9pi34622 Query : select 1 valor from information_schema.tables where table_type='base table' and table_name='wstablefields'
20250114@154625.5576 rq7n0g5u3rov5bvqkf9pi34622 Query : select fieldkey,fieldname,fieldtype,mandatory from wstablefields where tablename = 'fi' and documentnumber = 39
20250114@154625.5607 rq7n0g5u3rov5bvqkf9pi34622 Query : select 1 valor from information_schema.tables where table_type='base table' and table_name='wstablefields'
20250114@154625.5663 rq7n0g5u3rov5bvqkf9pi34622 Query : select fieldkey,fieldname,fieldtype,mandatory from wstablefields where tablename = 'fi2' and documentnumber = 39
20250114@154625.5673 rq7n0g5u3rov5bvqkf9pi34622 Query : select top 1 convert(numeric(6,2),t.taxa) valor from taxasiva t where t.codigo='2'
20250114@154625.5688 rq7n0g5u3rov5bvqkf9pi34622 Query : select sestamp valor from se where ref ='324.2031.00.1' and lote = 'r2100232100a'
20250114@154625.5710 rq7n0g5u3rov5bvqkf9pi34622 Query : select 1 valor from information_schema.tables where table_type='base table' and table_name='wstablefields'
20250114@154625.5727 rq7n0g5u3rov5bvqkf9pi34622 Query : select fieldkey,fieldname,fieldtype,calcformula from wstablefields where tablename = 'fi2' and documentnumber = 39
20250114@154625.5739 rq7n0g5u3rov5bvqkf9pi34622 Query : insert into wsfi2data (fi2stamp,ftstamp ,ousrdata, ousrhora, usrdata,usrhora,ousrinis,usrinis) values ('aut6786803602678686d18b','aut6786839578678686cfc2' ,getdate(),convert(char(8),convert (time,getdate())),getdate(),convert(char(8),convert (time,getdate())),'wsv','wsv')
20250114@154625.5744 rq7n0g5u3rov5bvqkf9pi34622 Query : select 1 valor from information_schema.tables where table_type='base table' and table_name='wstablefields'
20250114@154625.5760 rq7n0g5u3rov5bvqkf9pi34622 Query : select fieldkey,fieldname,fieldtype,calcformula from wstablefields where tablename = 'fi' and documentnumber = 39
20250114@154625.5793 rq7n0g5u3rov5bvqkf9pi34622 Query : insert into wsfidata (fistamp,ousrdata, ousrhora, usrdata,usrhora,ousrinis,usrinis ,qtt ,ftstamp ,epv,pvmoeda ,tabiva,iva,lordem ,ref, design ,lote,armazem) values ('aut6786803602678686d18b',getdate(),convert(char(8),convert (time,getdate())),getdate(),convert(char(8),convert (time,getdate())),'wsv','wsv',12.000 ,'aut6786839578678686cfc2' ,0,0 ,2,23.00,240000,?,?,?,?)
20250114@154625.6089 rq7n0g5u3rov5bvqkf9pi34622 Query : select 1 valor from information_schema.tables where table_type='base table' and table_name='wstablefields'
20250114@154625.6134 rq7n0g5u3rov5bvqkf9pi34622 Query : select fieldkey,fieldname,fieldtype,mandatory from wstablefields where tablename = 'fi' and documentnumber = 39
20250114@154625.6165 rq7n0g5u3rov5bvqkf9pi34622 Query : select 1 valor from information_schema.tables where table_type='base table' and table_name='wstablefields'
20250114@154625.6182 rq7n0g5u3rov5bvqkf9pi34622 Query : select fieldkey,fieldname,fieldtype,mandatory from wstablefields where tablename = 'fi2' and documentnumber = 39
20250114@154625.6192 rq7n0g5u3rov5bvqkf9pi34622 Query : select top 1 convert(numeric(6,2),t.taxa) valor from taxasiva t where t.codigo='2'
20250114@154625.6206 rq7n0g5u3rov5bvqkf9pi34622 Query : select 1 valor from information_schema.tables where table_type='base table' and table_name='wstablefields'
20250114@154625.6224 rq7n0g5u3rov5bvqkf9pi34622 Query : select fieldkey,fieldname,fieldtype,calcformula from wstablefields where tablename = 'fi2' and documentnumber = 39
20250114@154625.6250 rq7n0g5u3rov5bvqkf9pi34622 Query : insert into wsfi2data (fi2stamp,ftstamp ,ousrdata, ousrhora, usrdata,usrhora,ousrinis,usrinis) values ('aut6786872552678686d197','aut6786839578678686cfc2' ,getdate(),convert(char(8),convert (time,getdate())),getdate(),convert(char(8),convert (time,getdate())),'wsv','wsv')
20250114@154625.6255 rq7n0g5u3rov5bvqkf9pi34622 Query : select 1 valor from information_schema.tables where table_type='base table' and table_name='wstablefields'
20250114@154625.6273 rq7n0g5u3rov5bvqkf9pi34622 Query : select fieldkey,fieldname,fieldtype,calcformula from wstablefields where tablename = 'fi' and documentnumber = 39
20250114@154625.6311 rq7n0g5u3rov5bvqkf9pi34622 Query : insert into wsfidata (fistamp,ousrdata, ousrhora, usrdata,usrhora,ousrinis,usrinis ,qtt ,ftstamp ,epv,pvmoeda ,tabiva,iva,lordem ,ref, design ,armazem) values ('aut6786872552678686d197',getdate(),convert(char(8),convert (time,getdate())),getdate(),convert(char(8),convert (time,getdate())),'wsv','wsv',0 ,'aut6786839578678686cfc2' ,0,0 ,2,23.00,250000,?,?,?)
20250114@154625.6669 rq7n0g5u3rov5bvqkf9pi34622 Query : use flama_phc
20250114@154625.6673 rq7n0g5u3rov5bvqkf9pi34622 Query : select st.usalote valor from st where st.ref = '324.4988.00.1'
20250114@154625.6698 rq7n0g5u3rov5bvqkf9pi34622 Query : select top 1 st.tabiva ,st.ivaincl ,st.stns ,st.uni2 ,st.familia ,isnull(tx.taxa, 0) txiva ,unidade ,usalote ,epcpond ,noserie ,conversao ,st.texteis from st left join taxasiva tx on st.tabiva = tx.codigo where st.ref = '324.4988.00.1'
20250114@154625.6855 rq7n0g5u3rov5bvqkf9pi34622 Query : select 1 valor from information_schema.tables where table_type='base table' and table_name='wstablefields'
20250114@154625.6873 rq7n0g5u3rov5bvqkf9pi34622 Query : select fieldkey,fieldname,fieldtype,mandatory from wstablefields where tablename = 'fi' and documentnumber = 39
20250114@154625.6903 rq7n0g5u3rov5bvqkf9pi34622 Query : select 1 valor from information_schema.tables where table_type='base table' and table_name='wstablefields'
20250114@154625.6920 rq7n0g5u3rov5bvqkf9pi34622 Query : select fieldkey,fieldname,fieldtype,mandatory from wstablefields where tablename = 'fi2' and documentnumber = 39
20250114@154625.6931 rq7n0g5u3rov5bvqkf9pi34622 Query : select top 1 convert(numeric(6,2),t.taxa) valor from taxasiva t where t.codigo='2'
20250114@154625.6947 rq7n0g5u3rov5bvqkf9pi34622 Query : select sestamp valor from se where ref ='324.4988.00.1' and lote = 'r2100754100a'
20250114@154625.6973 rq7n0g5u3rov5bvqkf9pi34622 Query : select 1 valor from information_schema.tables where table_type='base table' and table_name='wstablefields'
20250114@154625.6991 rq7n0g5u3rov5bvqkf9pi34622 Query : select fieldkey,fieldname,fieldtype,calcformula from wstablefields where tablename = 'fi2' and documentnumber = 39
20250114@154625.7004 rq7n0g5u3rov5bvqkf9pi34622 Query : insert into wsfi2data (fi2stamp,ftstamp ,ousrdata, ousrhora, usrdata,usrhora,ousrinis,usrinis) values ('aut6786814831678686d1aa','aut6786839578678686cfc2' ,getdate(),convert(char(8),convert (time,getdate())),getdate(),convert(char(8),convert (time,getdate())),'wsv','wsv')
20250114@154625.7009 rq7n0g5u3rov5bvqkf9pi34622 Query : select 1 valor from information_schema.tables where table_type='base table' and table_name='wstablefields'
20250114@154625.7027 rq7n0g5u3rov5bvqkf9pi34622 Query : select fieldkey,fieldname,fieldtype,calcformula from wstablefields where tablename = 'fi' and documentnumber = 39
20250114@154625.7060 rq7n0g5u3rov5bvqkf9pi34622 Query : insert into wsfidata (fistamp,ousrdata, ousrhora, usrdata,usrhora,ousrinis,usrinis ,qtt ,ftstamp ,epv,pvmoeda ,tabiva,iva,lordem ,ref, design ,lote,armazem) values ('aut6786814831678686d1aa',getdate(),convert(char(8),convert (time,getdate())),getdate(),convert(char(8),convert (time,getdate())),'wsv','wsv',4.000 ,'aut6786839578678686cfc2' ,0,0 ,2,23.00,270000,?,?,?,?)
20250114@154625.7561 rq7n0g5u3rov5bvqkf9pi34622 Query : use flama_phc
20250114@154625.7566 rq7n0g5u3rov5bvqkf9pi34622 Query : select st.usalote valor from st where st.ref = '324.969.00.01'
20250114@154625.7602 rq7n0g5u3rov5bvqkf9pi34622 Query : select top 1 st.tabiva ,st.ivaincl ,st.stns ,st.uni2 ,st.familia ,isnull(tx.taxa, 0) txiva ,unidade ,usalote ,epcpond ,noserie ,conversao ,st.texteis from st left join taxasiva tx on st.tabiva = tx.codigo where st.ref = '324.969.00.01'
20250114@154625.7798 rq7n0g5u3rov5bvqkf9pi34622 Query : select 1 valor from information_schema.tables where table_type='base table' and table_name='wstablefields'
20250114@154625.8582 rq7n0g5u3rov5bvqkf9pi34622 Query : select fieldkey,fieldname,fieldtype,mandatory from wstablefields where tablename = 'fi' and documentnumber = 39
20250114@154625.8613 rq7n0g5u3rov5bvqkf9pi34622 Query : select 1 valor from information_schema.tables where table_type='base table' and table_name='wstablefields'
20250114@154625.8632 rq7n0g5u3rov5bvqkf9pi34622 Query : select fieldkey,fieldname,fieldtype,mandatory from wstablefields where tablename = 'fi2' and documentnumber = 39
20250114@154625.8641 rq7n0g5u3rov5bvqkf9pi34622 Query : select top 1 convert(numeric(6,2),t.taxa) valor from taxasiva t where t.codigo='2'
20250114@154625.8657 rq7n0g5u3rov5bvqkf9pi34622 Query : select sestamp valor from se where ref ='324.969.00.01' and lote = 'r2100601100a'
20250114@154625.8675 rq7n0g5u3rov5bvqkf9pi34622 Query : select 1 valor from information_schema.tables where table_type='base table' and table_name='wstablefields'
20250114@154625.8693 rq7n0g5u3rov5bvqkf9pi34622 Query : select fieldkey,fieldname,fieldtype,calcformula from wstablefields where tablename = 'fi2' and documentnumber = 39
20250114@154625.8706 rq7n0g5u3rov5bvqkf9pi34622 Query : insert into wsfi2data (fi2stamp,ftstamp ,ousrdata, ousrhora, usrdata,usrhora,ousrinis,usrinis) values ('aut6786886893678686d1d3','aut6786839578678686cfc2' ,getdate(),convert(char(8),convert (time,getdate())),getdate(),convert(char(8),convert (time,getdate())),'wsv','wsv')
20250114@154625.8711 rq7n0g5u3rov5bvqkf9pi34622 Query : select 1 valor from information_schema.tables where table_type='base table' and table_name='wstablefields'
20250114@154625.8731 rq7n0g5u3rov5bvqkf9pi34622 Query : select fieldkey,fieldname,fieldtype,calcformula from wstablefields where tablename = 'fi' and documentnumber = 39
20250114@154625.8766 rq7n0g5u3rov5bvqkf9pi34622 Query : insert into wsfidata (fistamp,ousrdata, ousrhora, usrdata,usrhora,ousrinis,usrinis ,qtt ,ftstamp ,epv,pvmoeda ,tabiva,iva,lordem ,ref, design ,lote,armazem) values ('aut6786886893678686d1d3',getdate(),convert(char(8),convert (time,getdate())),getdate(),convert(char(8),convert (time,getdate())),'wsv','wsv',4.000 ,'aut6786839578678686cfc2' ,0,0 ,2,23.00,280000,?,?,?,?)
20250114@154625.9303 rq7n0g5u3rov5bvqkf9pi34622 Query : use flama_phc
20250114@154625.9309 rq7n0g5u3rov5bvqkf9pi34622 Query : select st.usalote valor from st where st.ref = '324.711.00.01'
20250114@154625.9336 rq7n0g5u3rov5bvqkf9pi34622 Query : select top 1 st.tabiva ,st.ivaincl ,st.stns ,st.uni2 ,st.familia ,isnull(tx.taxa, 0) txiva ,unidade ,usalote ,epcpond ,noserie ,conversao ,st.texteis from st left join taxasiva tx on st.tabiva = tx.codigo where st.ref = '324.711.00.01'
20250114@154625.9539 rq7n0g5u3rov5bvqkf9pi34622 Query : select 1 valor from information_schema.tables where table_type='base table' and table_name='wstablefields'
20250114@154625.9556 rq7n0g5u3rov5bvqkf9pi34622 Query : select fieldkey,fieldname,fieldtype,mandatory from wstablefields where tablename = 'fi' and documentnumber = 39
20250114@154625.9605 rq7n0g5u3rov5bvqkf9pi34622 Query : select 1 valor from information_schema.tables where table_type='base table' and table_name='wstablefields'
20250114@154625.9625 rq7n0g5u3rov5bvqkf9pi34622 Query : select fieldkey,fieldname,fieldtype,mandatory from wstablefields where tablename = 'fi2' and documentnumber = 39
20250114@154625.9638 rq7n0g5u3rov5bvqkf9pi34622 Query : select top 1 convert(numeric(6,2),t.taxa) valor from taxasiva t where t.codigo='2'
20250114@154625.9651 rq7n0g5u3rov5bvqkf9pi34622 Query : select sestamp valor from se where ref ='324.711.00.01' and lote = 'r2401063200a'
20250114@154626.7700 rq7n0g5u3rov5bvqkf9pi34622 Query : select 1 valor from information_schema.tables where table_type='base table' and table_name='wstablefields'
20250114@154626.8530 rq7n0g5u3rov5bvqkf9pi34622 Query : select fieldkey,fieldname,fieldtype,calcformula from wstablefields where tablename = 'fi2' and documentnumber = 39
20250114@154626.8670 rq7n0g5u3rov5bvqkf9pi34622 Query : insert into wsfi2data (fi2stamp,ftstamp ,ousrdata, ousrhora, usrdata,usrhora,ousrinis,usrinis) values ('aut6786817924678686d201','aut6786839578678686cfc2' ,getdate(),convert(char(8),convert (time,getdate())),getdate(),convert(char(8),convert (time,getdate())),'wsv','wsv')
20250114@154626.8730 rq7n0g5u3rov5bvqkf9pi34622 Query : select 1 valor from information_schema.tables where table_type='base table' and table_name='wstablefields'
20250114@154626.8910 rq7n0g5u3rov5bvqkf9pi34622 Query : select fieldkey,fieldname,fieldtype,calcformula from wstablefields where tablename = 'fi' and documentnumber = 39
20250114@154626.9230 rq7n0g5u3rov5bvqkf9pi34622 Query : insert into wsfidata (fistamp,ousrdata, ousrhora, usrdata,usrhora,ousrinis,usrinis ,qtt ,ftstamp ,epv,pvmoeda ,tabiva,iva,lordem ,ref, design ,lote,armazem) values ('aut6786817924678686d201',getdate(),convert(char(8),convert (time,getdate())),getdate(),convert(char(8),convert (time,getdate())),'wsv','wsv',16.000 ,'aut6786839578678686cfc2' ,0,0 ,2,23.00,290000,?,?,?,?)
20250114@154626.1256 rq7n0g5u3rov5bvqkf9pi34622 Query : select 1 valor from information_schema.tables where table_type='base table' and table_name='wstablefields'
20250114@154626.1274 rq7n0g5u3rov5bvqkf9pi34622 Query : select fieldkey,fieldname,fieldtype,mandatory from wstablefields where tablename = 'fi' and documentnumber = 39
20250114@154626.1304 rq7n0g5u3rov5bvqkf9pi34622 Query : select 1 valor from information_schema.tables where table_type='base table' and table_name='wstablefields'
20250114@154626.1322 rq7n0g5u3rov5bvqkf9pi34622 Query : select fieldkey,fieldname,fieldtype,mandatory from wstablefields where tablename = 'fi2' and documentnumber = 39
20250114@154626.1334 rq7n0g5u3rov5bvqkf9pi34622 Query : select top 1 convert(numeric(6,2),t.taxa) valor from taxasiva t where t.codigo='2'
20250114@154626.1349 rq7n0g5u3rov5bvqkf9pi34622 Query : select 1 valor from information_schema.tables where table_type='base table' and table_name='wstablefields'
20250114@154626.1370 rq7n0g5u3rov5bvqkf9pi34622 Query : select fieldkey,fieldname,fieldtype,calcformula from wstablefields where tablename = 'fi2' and documentnumber = 39
20250114@154626.1384 rq7n0g5u3rov5bvqkf9pi34622 Query : insert into wsfi2data (fi2stamp,ftstamp ,ousrdata, ousrhora, usrdata,usrhora,ousrinis,usrinis) values ('aut6786888677678686d220','aut6786839578678686cfc2' ,getdate(),convert(char(8),convert (time,getdate())),getdate(),convert(char(8),convert (time,getdate())),'wsv','wsv')
20250114@154626.1389 rq7n0g5u3rov5bvqkf9pi34622 Query : select 1 valor from information_schema.tables where table_type='base table' and table_name='wstablefields'
20250114@154626.1406 rq7n0g5u3rov5bvqkf9pi34622 Query : select fieldkey,fieldname,fieldtype,calcformula from wstablefields where tablename = 'fi' and documentnumber = 39
20250114@154626.1463 rq7n0g5u3rov5bvqkf9pi34622 Query : insert into wsfidata (fistamp,ousrdata, ousrhora, usrdata,usrhora,ousrinis,usrinis ,qtt ,ftstamp ,epv,pvmoeda ,tabiva,iva,lordem ,ref, design ,armazem) values ('aut6786888677678686d220',getdate(),convert(char(8),convert (time,getdate())),getdate(),convert(char(8),convert (time,getdate())),'wsv','wsv',0 ,'aut6786839578678686cfc2' ,0,0 ,2,23.00,300000,?,?,?)
20250114@154626.1765 rq7n0g5u3rov5bvqkf9pi34622 Query : use flama_phc
20250114@154626.1768 rq7n0g5u3rov5bvqkf9pi34622 Query : select st.usalote valor from st where st.ref = '324.1407.00.1'
20250114@154626.1792 rq7n0g5u3rov5bvqkf9pi34622 Query : select top 1 st.tabiva ,st.ivaincl ,st.stns ,st.uni2 ,st.familia ,isnull(tx.taxa, 0) txiva ,unidade ,usalote ,epcpond ,noserie ,conversao ,st.texteis from st left join taxasiva tx on st.tabiva = tx.codigo where st.ref = '324.1407.00.1'
20250114@154626.1991 rq7n0g5u3rov5bvqkf9pi34622 Query : select 1 valor from information_schema.tables where table_type='base table' and table_name='wstablefields'
20250114@154626.2009 rq7n0g5u3rov5bvqkf9pi34622 Query : select fieldkey,fieldname,fieldtype,mandatory from wstablefields where tablename = 'fi' and documentnumber = 39
20250114@154626.2037 rq7n0g5u3rov5bvqkf9pi34622 Query : select 1 valor from information_schema.tables where table_type='base table' and table_name='wstablefields'
20250114@154626.2053 rq7n0g5u3rov5bvqkf9pi34622 Query : select fieldkey,fieldname,fieldtype,mandatory from wstablefields where tablename = 'fi2' and documentnumber = 39
20250114@154626.2063 rq7n0g5u3rov5bvqkf9pi34622 Query : select top 1 convert(numeric(6,2),t.taxa) valor from taxasiva t where t.codigo='2'
20250114@154626.2079 rq7n0g5u3rov5bvqkf9pi34622 Query : select sestamp valor from se where ref ='324.1407.00.1' and lote = 'r2100703100a'
20250114@154626.2104 rq7n0g5u3rov5bvqkf9pi34622 Query : select 1 valor from information_schema.tables where table_type='base table' and table_name='wstablefields'
20250114@154626.2120 rq7n0g5u3rov5bvqkf9pi34622 Query : select fieldkey,fieldname,fieldtype,calcformula from wstablefields where tablename = 'fi2' and documentnumber = 39
20250114@154626.2139 rq7n0g5u3rov5bvqkf9pi34622 Query : insert into wsfi2data (fi2stamp,ftstamp ,ousrdata, ousrhora, usrdata,usrhora,ousrinis,usrinis) values ('aut6786836844678686d233','aut6786839578678686cfc2' ,getdate(),convert(char(8),convert (time,getdate())),getdate(),convert(char(8),convert (time,getdate())),'wsv','wsv')
20250114@154626.2143 rq7n0g5u3rov5bvqkf9pi34622 Query : select 1 valor from information_schema.tables where table_type='base table' and table_name='wstablefields'
20250114@154626.2160 rq7n0g5u3rov5bvqkf9pi34622 Query : select fieldkey,fieldname,fieldtype,calcformula from wstablefields where tablename = 'fi' and documentnumber = 39
20250114@154626.2219 rq7n0g5u3rov5bvqkf9pi34622 Query : insert into wsfidata (fistamp,ousrdata, ousrhora, usrdata,usrhora,ousrinis,usrinis ,qtt ,ftstamp ,epv,pvmoeda ,tabiva,iva,lordem ,ref, design ,lote,armazem) values ('aut6786836844678686d233',getdate(),convert(char(8),convert (time,getdate())),getdate(),convert(char(8),convert (time,getdate())),'wsv','wsv',6.000 ,'aut6786839578678686cfc2' ,0,0 ,2,23.00,320000,?,?,?,?)
20250114@154626.2511 rq7n0g5u3rov5bvqkf9pi34622 Query : use flama_phc
20250114@154626.2515 rq7n0g5u3rov5bvqkf9pi34622 Query : select st.usalote valor from st where st.ref = '324.1461.00.1'
20250114@154626.2539 rq7n0g5u3rov5bvqkf9pi34622 Query : select top 1 st.tabiva ,st.ivaincl ,st.stns ,st.uni2 ,st.familia ,isnull(tx.taxa, 0) txiva ,unidade ,usalote ,epcpond ,noserie ,conversao ,st.texteis from st left join taxasiva tx on st.tabiva = tx.codigo where st.ref = '324.1461.00.1'
20250114@154626.2739 rq7n0g5u3rov5bvqkf9pi34622 Query : select 1 valor from information_schema.tables where table_type='base table' and table_name='wstablefields'
20250114@154626.2763 rq7n0g5u3rov5bvqkf9pi34622 Query : select fieldkey,fieldname,fieldtype,mandatory from wstablefields where tablename = 'fi' and documentnumber = 39
20250114@154626.2795 rq7n0g5u3rov5bvqkf9pi34622 Query : select 1 valor from information_schema.tables where table_type='base table' and table_name='wstablefields'
20250114@154626.2814 rq7n0g5u3rov5bvqkf9pi34622 Query : select fieldkey,fieldname,fieldtype,mandatory from wstablefields where tablename = 'fi2' and documentnumber = 39
20250114@154626.2825 rq7n0g5u3rov5bvqkf9pi34622 Query : select top 1 convert(numeric(6,2),t.taxa) valor from taxasiva t where t.codigo='2'
20250114@154626.2842 rq7n0g5u3rov5bvqkf9pi34622 Query : select sestamp valor from se where ref ='324.1461.00.1' and lote = 'r2100463200a'
20250114@154626.2864 rq7n0g5u3rov5bvqkf9pi34622 Query : select 1 valor from information_schema.tables where table_type='base table' and table_name='wstablefields'
20250114@154626.2882 rq7n0g5u3rov5bvqkf9pi34622 Query : select fieldkey,fieldname,fieldtype,calcformula from wstablefields where tablename = 'fi2' and documentnumber = 39
20250114@154626.2896 rq7n0g5u3rov5bvqkf9pi34622 Query : insert into wsfi2data (fi2stamp,ftstamp ,ousrdata, ousrhora, usrdata,usrhora,ousrinis,usrinis) values ('aut6786842372678686d245','aut6786839578678686cfc2' ,getdate(),convert(char(8),convert (time,getdate())),getdate(),convert(char(8),convert (time,getdate())),'wsv','wsv')
20250114@154626.2902 rq7n0g5u3rov5bvqkf9pi34622 Query : select 1 valor from information_schema.tables where table_type='base table' and table_name='wstablefields'
20250114@154626.2944 rq7n0g5u3rov5bvqkf9pi34622 Query : select fieldkey,fieldname,fieldtype,calcformula from wstablefields where tablename = 'fi' and documentnumber = 39
20250114@154626.2989 rq7n0g5u3rov5bvqkf9pi34622 Query : insert into wsfidata (fistamp,ousrdata, ousrhora, usrdata,usrhora,ousrinis,usrinis ,qtt ,ftstamp ,epv,pvmoeda ,tabiva,iva,lordem ,ref, design ,lote,armazem) values ('aut6786842372678686d245',getdate(),convert(char(8),convert (time,getdate())),getdate(),convert(char(8),convert (time,getdate())),'wsv','wsv',2.000 ,'aut6786839578678686cfc2' ,0,0 ,2,23.00,330000,?,?,?,?)
20250114@154626.3329 rq7n0g5u3rov5bvqkf9pi34622 Query : insert into wsftcreationlog (initialftstamp,externalid,creationstatus,documenttypeid,idustamp) values ('aut6786839578678686cfc2','2500341','wait',39,'adm09112754980.682000002')
20250114@154626.3454 rq7n0g5u3rov5bvqkf9pi34622 Query : use flama_phc
20250114@154626.3458 rq7n0g5u3rov5bvqkf9pi34622 Query : update u_wsusers set rqsttoken =? where userid ='userls001'
20250114@154626.3490 rq7n0g5u3rov5bvqkf9pi34622 Query : select concat(rtrim(relative_path),ltrim(name_new)) as valor from uploadfiles where uploadfile_id='4590';
20250114@154626.3543 rq7n0g5u3rov5bvqkf9pi34622 Query : update uploadfiles set whenupdated=current_timestamp where uploadfile_id='4590';
20250114@154626.3613 rq7n0g5u3rov5bvqkf9pi34622 Query : select concat(rtrim(relative_path),ltrim(name_new)) as valor from uploadfiles where uploadfile_id='4590';
20250114@154626.3659 rq7n0g5u3rov5bvqkf9pi34622 Query : update uploadfiles set whenupdated=current_timestamp where uploadfile_id='4590';
20250114@154626.4222 aos3ie0phg2iceohh7tiqem93j Query : insert into uploadfiles ( name_original, name_new, option_type, relative_path, whencreated ) values ( ?, ?, ?, ?, getdate() )
20250114@154626.4237 aos3ie0phg2iceohh7tiqem93j Query : select uploadfile_id valor from uploadfiles where name_new = ? and option_type = ? 
20250114@154626.4322 aos3ie0phg2iceohh7tiqem93j Query : select concat(rtrim(relative_path),ltrim(name_new)) as valor from uploadfiles where uploadfile_id='4591';
20250114@154626.4398 aos3ie0phg2iceohh7tiqem93j Query : update uploadfiles set whenupdated=current_timestamp where uploadfile_id='4591';
20250114@154626.4472 aos3ie0phg2iceohh7tiqem93j Query : select concat(rtrim(relative_path),ltrim(name_new)) as valor from uploadfiles where uploadfile_id='4591';
20250114@154626.4514 aos3ie0phg2iceohh7tiqem93j Query : update uploadfiles set whenupdated=current_timestamp where uploadfile_id='4591';
20250114@154626.4581 aos3ie0phg2iceohh7tiqem93j Query : use flama_phc
20250114@154626.4585 aos3ie0phg2iceohh7tiqem93j Query : select top 1 secretkey valor from u_wsusers u where u.userid = ? and u.inactivo=0
20250114@154626.4664 aos3ie0phg2iceohh7tiqem93j Query : use flama_phc
20250114@154626.4668 aos3ie0phg2iceohh7tiqem93j Query : select no, estab,szadrsdesc from szadrs where u_coddest=6737
20250114@154626.4769 aos3ie0phg2iceohh7tiqem93j Query : select top 1 isnull(design,'') valor from st (nolock) left join stobs (nolock) on st.ref = stobs.ref where st.ref = '327.8261.00.1'
20250114@154626.4794 aos3ie0phg2iceohh7tiqem93j Query : select top 1 isnull(design,'') valor from st (nolock) left join stobs (nolock) on st.ref = stobs.ref where st.ref = '327.8261.00.1'
20250114@154626.4814 aos3ie0phg2iceohh7tiqem93j Query : use flama_phc
20250114@154626.4818 aos3ie0phg2iceohh7tiqem93j Query : select top 1 convert(date,fdata) valor from ft where ndoc = 39 and anulado= 0 and fno>0 order by fdata desc
20250114@154626.4856 aos3ie0phg2iceohh7tiqem93j Query : use flama_phc
20250114@154626.4860 aos3ie0phg2iceohh7tiqem93j Query : select top 1 1 valor from td where td.ndoc = 39
20250114@154626.4894 aos3ie0phg2iceohh7tiqem93j Query : use flama_phc
20250114@154626.4898 aos3ie0phg2iceohh7tiqem93j Query : select lower(descricao) descricao ,case when valor='s' then 1 else 0 end valor from para1 where descricao in ('st_lote','st_usalogifunc', 'st_grelha')
20250114@154626.4929 aos3ie0phg2iceohh7tiqem93j Query : select top 1 manternumero ,assinadoc issigned ,tiposaft ,assinaimp ,nmdos ,td.assinadoc ,'cl' origin ,lancasl stocks ,case when cmsl<50 and td.lancasl=1 then 1 else 0 end entrada ,case when cmsl>50 and td.lancasl=1 then 1 else 0 end saida ,temserie assets ,~semgre usegridfields from td inner join td2 on td.tdstamp=td2.td2stamp where td.ndoc = 1
20250114@154626.4968 aos3ie0phg2iceohh7tiqem93j Query : use flama_phc
20250114@154626.4971 aos3ie0phg2iceohh7tiqem93j Query : select top 1 ~inactivo valor from cl where no = '100810' and estab = 0 order by inactivo desc
20250114@154626.5116 aos3ie0phg2iceohh7tiqem93j Query : use flama_phc
20250114@154626.5120 aos3ie0phg2iceohh7tiqem93j Query : select top 1 tipodoc,regrd from td where ndoc = 39
20250114@154626.5156 aos3ie0phg2iceohh7tiqem93j Query : use flama_phc
20250114@154626.5159 aos3ie0phg2iceohh7tiqem93j Query : select szadrsstamp valor from szadrs where szadrsdesc='espaÇotrans,lda'
20250114@154626.5202 aos3ie0phg2iceohh7tiqem93j Query : use flama_phc
20250114@154626.5206 aos3ie0phg2iceohh7tiqem93j Query : select szadrsstamp valor from szadrs where szadrsdesc='100810 - worten-plaza large formats rainha'
20250114@154626.5259 aos3ie0phg2iceohh7tiqem93j Query : use flama_phc
20250114@154626.5263 aos3ie0phg2iceohh7tiqem93j Query : select 1 valor from td where ndoc = 39
20250114@154626.5281 aos3ie0phg2iceohh7tiqem93j Query : select top 1 manternumero, tiposaft, nmdos,td.assinadoc from td where td.ndoc = 39
20250114@154626.5298 aos3ie0phg2iceohh7tiqem93j Query : select 1 valor from information_schema.tables where table_type='base table' and table_name='wstablefields'
20250114@154626.5319 aos3ie0phg2iceohh7tiqem93j Query : select fieldkey,fieldname,fieldtype,mandatory from wstablefields where tablename = 'ft' and documentnumber = 39
20250114@154626.5342 aos3ie0phg2iceohh7tiqem93j Query : select 1 valor from information_schema.tables where table_type='base table' and table_name='wstablefields'
20250114@154626.5359 aos3ie0phg2iceohh7tiqem93j Query : select fieldkey,fieldname,fieldtype,mandatory from wstablefields where tablename = 'ft2' and documentnumber = 39
20250114@154626.5396 aos3ie0phg2iceohh7tiqem93j Query : select 1 valor from information_schema.tables where table_type='base table' and table_name='wstablefields'
20250114@154626.5414 aos3ie0phg2iceohh7tiqem93j Query : select fieldkey,fieldname,fieldtype,mandatory from wstablefields where tablename = 'ft3' and documentnumber = 39
20250114@154626.5431 aos3ie0phg2iceohh7tiqem93j Query : select top 1 ft.fno valor from ft ft where ft.ndoc = 39 and ftano=2025 order by fno desc
20250114@154626.5747 aos3ie0phg2iceohh7tiqem93j Query : select top 1 ft.fno valor from wsftdata ft where ft.ndoc = 39 and ftano=2025 order by fno desc
20250114@154626.5763 aos3ie0phg2iceohh7tiqem93j Query : select 1 valor from information_schema.tables where table_type='base table' and table_name='wstablefields'
20250114@154626.5784 aos3ie0phg2iceohh7tiqem93j Query : select fieldkey,fieldname,fieldtype,calcformula from wstablefields where tablename = 'ft3' and documentnumber = 39
20250114@154626.5810 aos3ie0phg2iceohh7tiqem93j Query : insert into wsft3data (ft3stamp, ousrdata, ousrhora, usrdata,usrhora,ousrinis,usrinis,taxpointdt ) values ('aut6786808226678686d284' ,getdate(),convert(char(8),convert (time,getdate())),getdate(),convert(char(8),convert (time,getdate())),'wsv','wsv',?)
20250114@154626.6016 aos3ie0phg2iceohh7tiqem93j Query : select 1 valor from information_schema.tables where table_type='base table' and table_name='wstablefields'
20250114@154626.6035 aos3ie0phg2iceohh7tiqem93j Query : select fieldkey,fieldname,fieldtype,calcformula from wstablefields where tablename = 'ft2' and documentnumber = 39
20250114@154626.6075 aos3ie0phg2iceohh7tiqem93j Query : select top 1 bo.u_nomeenv valor from bo where bo.bostamp=''
20250114@154626.6088 aos3ie0phg2iceohh7tiqem93j Query : select top 1 bo.u_moradaen valor from bo where bo.bostamp=''
20250114@154626.6116 aos3ie0phg2iceohh7tiqem93j Query : select top 1 bo.u_codposen valor from bo where bo.bostamp=''
20250114@154626.6131 aos3ie0phg2iceohh7tiqem93j Query : select top 1 bo.u_localenv valor from bo where bo.bostamp=''
20250114@154626.6147 aos3ie0phg2iceohh7tiqem93j Query : select top 1 bo.trab5 valor from bo where bo.bostamp=''
20250114@154626.6161 aos3ie0phg2iceohh7tiqem93j Query : select top 1 bo.serie valor from bo where bo.bostamp=''
20250114@154626.6174 aos3ie0phg2iceohh7tiqem93j Query : insert into wsft2data (ft2stamp, ousrdata,ousrhora, usrdata,usrhora,ousrinis,usrinis,u_nomeenv ,u_moradaen ,u_codposen ,u_localenv ,u_coddest ,u_codby ) values ('aut6786808226678686d284',getdate(),convert(char(8),convert (time,getdate())),getdate(),convert(char(8),convert (time,getdate())),'wsv','wsv',?,?,?,?,?,?)
20250114@154626.6465 aos3ie0phg2iceohh7tiqem93j Query : select top 1 fno valor from wsftdata order by fno desc
20250114@154626.6602 aos3ie0phg2iceohh7tiqem93j Query : select 1 valor from information_schema.tables where table_type='base table' and table_name='wstablefields'
20250114@154626.6859 aos3ie0phg2iceohh7tiqem93j Query : select fieldkey,fieldname,fieldtype,calcformula from wstablefields where tablename = 'ft' and documentnumber = 39
20250114@154626.7015 aos3ie0phg2iceohh7tiqem93j Query : select 'normal' from dummy
20250114@154626.7115 aos3ie0phg2iceohh7tiqem93j Query : insert into wsftdata (ftstamp, ousrdata,ousrhora, usrdata,usrhora,ousrinis,usrinis,fno,no,estab,fdata,ndoc,moeda,cambio,cambiofixo,ftano,site ,classe ) values ('aut6786808226678686d284',getdate(),convert(char(8),convert (time,getdate())),getdate(),convert(char(8),convert (time,getdate())),'wsv','wsv',2969,100810,0,'2025-01-14',39,'euro',0,0,2025 ,?,?)
20250114@154626.7527 aos3ie0phg2iceohh7tiqem93j Query : use flama_phc
20250114@154626.7531 aos3ie0phg2iceohh7tiqem93j Query : select st.usalote valor from st where st.ref = '327.8261.00.1'
20250114@154626.8023 aos3ie0phg2iceohh7tiqem93j Query : select top 1 st.tabiva ,st.ivaincl ,st.stns ,st.uni2 ,st.familia ,isnull(tx.taxa, 0) txiva ,unidade ,usalote ,epcpond ,noserie ,conversao ,st.texteis from st left join taxasiva tx on st.tabiva = tx.codigo where st.ref = '327.8261.00.1'
20250114@154626.8056 aos3ie0phg2iceohh7tiqem93j Query : select 1 valor from information_schema.tables where table_type='base table' and table_name='wstablefields'
20250114@154626.8222 aos3ie0phg2iceohh7tiqem93j Query : select fieldkey,fieldname,fieldtype,mandatory from wstablefields where tablename = 'fi' and documentnumber = 39
20250114@154626.8375 aos3ie0phg2iceohh7tiqem93j Query : select 1 valor from information_schema.tables where table_type='base table' and table_name='wstablefields'
20250114@154626.8457 aos3ie0phg2iceohh7tiqem93j Query : select fieldkey,fieldname,fieldtype,mandatory from wstablefields where tablename = 'fi2' and documentnumber = 39
20250114@154626.8470 aos3ie0phg2iceohh7tiqem93j Query : select top 1 convert(numeric(6,2),t.taxa) valor from taxasiva t where t.codigo='2'
20250114@154626.8723 aos3ie0phg2iceohh7tiqem93j Query : select sestamp valor from se where ref ='327.8261.00.1' and lote = 'r2401098200a'
20250114@154626.8769 aos3ie0phg2iceohh7tiqem93j Query : select 1 valor from information_schema.tables where table_type='base table' and table_name='wstablefields'
20250114@154626.8789 aos3ie0phg2iceohh7tiqem93j Query : select fieldkey,fieldname,fieldtype,calcformula from wstablefields where tablename = 'fi2' and documentnumber = 39
20250114@154626.8808 aos3ie0phg2iceohh7tiqem93j Query : insert into wsfi2data (fi2stamp,ftstamp ,ousrdata, ousrhora, usrdata,usrhora,ousrinis,usrinis) values ('aut6786824225678686d2d6','aut6786808226678686d284' ,getdate(),convert(char(8),convert (time,getdate())),getdate(),convert(char(8),convert (time,getdate())),'wsv','wsv')
20250114@154626.8813 aos3ie0phg2iceohh7tiqem93j Query : select 1 valor from information_schema.tables where table_type='base table' and table_name='wstablefields'
20250114@154626.8833 aos3ie0phg2iceohh7tiqem93j Query : select fieldkey,fieldname,fieldtype,calcformula from wstablefields where tablename = 'fi' and documentnumber = 39
20250114@154626.8872 aos3ie0phg2iceohh7tiqem93j Query : insert into wsfidata (fistamp,ousrdata, ousrhora, usrdata,usrhora,ousrinis,usrinis ,qtt ,ftstamp ,epv,pvmoeda ,tabiva,iva,lordem ,ref, design ,lote,armazem) values ('aut6786824225678686d2d6',getdate(),convert(char(8),convert (time,getdate())),getdate(),convert(char(8),convert (time,getdate())),'wsv','wsv',4.000 ,'aut6786808226678686d284' ,0,0 ,2,23.00,10000,?,?,?,?)
20250114@154626.9357 aos3ie0phg2iceohh7tiqem93j Query : select 1 valor from information_schema.tables where table_type='base table' and table_name='wstablefields'
20250114@154626.9560 aos3ie0phg2iceohh7tiqem93j Query : select fieldkey,fieldname,fieldtype,mandatory from wstablefields where tablename = 'fi' and documentnumber = 39
20250114@154626.9599 aos3ie0phg2iceohh7tiqem93j Query : select 1 valor from information_schema.tables where table_type='base table' and table_name='wstablefields'
20250114@154626.9624 aos3ie0phg2iceohh7tiqem93j Query : select fieldkey,fieldname,fieldtype,mandatory from wstablefields where tablename = 'fi2' and documentnumber = 39
20250114@154626.9696 aos3ie0phg2iceohh7tiqem93j Query : select top 1 convert(numeric(6,2),t.taxa) valor from taxasiva t where t.codigo='2'
20250114@154626.9833 aos3ie0phg2iceohh7tiqem93j Query : select 1 valor from information_schema.tables where table_type='base table' and table_name='wstablefields'
20250114@154626.9855 aos3ie0phg2iceohh7tiqem93j Query : select fieldkey,fieldname,fieldtype,calcformula from wstablefields where tablename = 'fi2' and documentnumber = 39
20250114@154626.9871 aos3ie0phg2iceohh7tiqem93j Query : insert into wsfi2data (fi2stamp,ftstamp ,ousrdata, ousrhora, usrdata,usrhora,ousrinis,usrinis) values ('aut6786802185678686d2f0','aut6786808226678686d284' ,getdate(),convert(char(8),convert (time,getdate())),getdate(),convert(char(8),convert (time,getdate())),'wsv','wsv')
20250114@154626.9878 aos3ie0phg2iceohh7tiqem93j Query : select 1 valor from information_schema.tables where table_type='base table' and table_name='wstablefields'
20250114@154626.9911 aos3ie0phg2iceohh7tiqem93j Query : select fieldkey,fieldname,fieldtype,calcformula from wstablefields where tablename = 'fi' and documentnumber = 39
20250114@154627.6110 aos3ie0phg2iceohh7tiqem93j Query : insert into wsfidata (fistamp,ousrdata, ousrhora, usrdata,usrhora,ousrinis,usrinis ,qtt ,ftstamp ,epv,pvmoeda ,tabiva,iva,lordem ,ref, design ,armazem) values ('aut6786802185678686d2f0',getdate(),convert(char(8),convert (time,getdate())),getdate(),convert(char(8),convert (time,getdate())),'wsv','wsv',0 ,'aut6786808226678686d284' ,0,0 ,2,23.00,20000,?,?,?)
20250114@154627.1109 aos3ie0phg2iceohh7tiqem93j Query : use flama_phc
20250114@154627.1192 aos3ie0phg2iceohh7tiqem93j Query : select st.usalote valor from st where st.ref = '327.8261.00.1'
20250114@154627.1767 aos3ie0phg2iceohh7tiqem93j Query : select top 1 st.tabiva ,st.ivaincl ,st.stns ,st.uni2 ,st.familia ,isnull(tx.taxa, 0) txiva ,unidade ,usalote ,epcpond ,noserie ,conversao ,st.texteis from st left join taxasiva tx on st.tabiva = tx.codigo where st.ref = '327.8261.00.1'
20250114@154627.1803 aos3ie0phg2iceohh7tiqem93j Query : select 1 valor from information_schema.tables where table_type='base table' and table_name='wstablefields'
20250114@154627.1823 aos3ie0phg2iceohh7tiqem93j Query : select fieldkey,fieldname,fieldtype,mandatory from wstablefields where tablename = 'fi' and documentnumber = 39
20250114@154627.2309 aos3ie0phg2iceohh7tiqem93j Query : select 1 valor from information_schema.tables where table_type='base table' and table_name='wstablefields'
20250114@154627.2561 aos3ie0phg2iceohh7tiqem93j Query : select fieldkey,fieldname,fieldtype,mandatory from wstablefields where tablename = 'fi2' and documentnumber = 39
20250114@154627.2753 aos3ie0phg2iceohh7tiqem93j Query : select top 1 convert(numeric(6,2),t.taxa) valor from taxasiva t where t.codigo='2'
20250114@154627.4159 aos3ie0phg2iceohh7tiqem93j Query : select sestamp valor from se where ref ='327.8261.00.1' and lote = 'r2401098200a'
20250114@154627.4412 aos3ie0phg2iceohh7tiqem93j Query : select 1 valor from information_schema.tables where table_type='base table' and table_name='wstablefields'
20250114@154627.4679 aos3ie0phg2iceohh7tiqem93j Query : select fieldkey,fieldname,fieldtype,calcformula from wstablefields where tablename = 'fi2' and documentnumber = 39
20250114@154627.4890 aos3ie0phg2iceohh7tiqem93j Query : insert into wsfi2data (fi2stamp,ftstamp ,ousrdata, ousrhora, usrdata,usrhora,ousrinis,usrinis) values ('aut6786809485678686d36b','aut6786808226678686d284' ,getdate(),convert(char(8),convert (time,getdate())),getdate(),convert(char(8),convert (time,getdate())),'wsv','wsv')
20250114@154627.4934 aos3ie0phg2iceohh7tiqem93j Query : select 1 valor from information_schema.tables where table_type='base table' and table_name='wstablefields'
20250114@154627.5192 aos3ie0phg2iceohh7tiqem93j Query : select fieldkey,fieldname,fieldtype,calcformula from wstablefields where tablename = 'fi' and documentnumber = 39
20250114@154627.5821 aos3ie0phg2iceohh7tiqem93j Query : insert into wsfidata (fistamp,ousrdata, ousrhora, usrdata,usrhora,ousrinis,usrinis ,qtt ,ftstamp ,epv,pvmoeda ,tabiva,iva,lordem ,ref, design ,lote,armazem) values ('aut6786809485678686d36b',getdate(),convert(char(8),convert (time,getdate())),getdate(),convert(char(8),convert (time,getdate())),'wsv','wsv',1.000 ,'aut6786808226678686d284' ,0,0 ,2,23.00,40000,?,?,?,?)
20250114@154627.6560 aos3ie0phg2iceohh7tiqem93j Query : select 1 valor from information_schema.tables where table_type='base table' and table_name='wstablefields'
20250114@154627.6824 aos3ie0phg2iceohh7tiqem93j Query : select fieldkey,fieldname,fieldtype,mandatory from wstablefields where tablename = 'fi' and documentnumber = 39
20250114@154627.7409 aos3ie0phg2iceohh7tiqem93j Query : select 1 valor from information_schema.tables where table_type='base table' and table_name='wstablefields'
20250114@154627.7682 aos3ie0phg2iceohh7tiqem93j Query : select fieldkey,fieldname,fieldtype,mandatory from wstablefields where tablename = 'fi2' and documentnumber = 39
20250114@154627.7857 aos3ie0phg2iceohh7tiqem93j Query : select top 1 convert(numeric(6,2),t.taxa) valor from taxasiva t where t.codigo='2'
20250114@154627.8272 aos3ie0phg2iceohh7tiqem93j Query : select 1 valor from information_schema.tables where table_type='base table' and table_name='wstablefields'
20250114@154627.8570 aos3ie0phg2iceohh7tiqem93j Query : select fieldkey,fieldname,fieldtype,calcformula from wstablefields where tablename = 'fi2' and documentnumber = 39
20250114@154627.8819 aos3ie0phg2iceohh7tiqem93j Query : insert into wsfi2data (fi2stamp,ftstamp ,ousrdata, ousrhora, usrdata,usrhora,ousrinis,usrinis) values ('aut6786893197678686d3c9','aut6786808226678686d284' ,getdate(),convert(char(8),convert (time,getdate())),getdate(),convert(char(8),convert (time,getdate())),'wsv','wsv')
20250114@154627.8873 aos3ie0phg2iceohh7tiqem93j Query : select 1 valor from information_schema.tables where table_type='base table' and table_name='wstablefields'
20250114@154627.9126 aos3ie0phg2iceohh7tiqem93j Query : select fieldkey,fieldname,fieldtype,calcformula from wstablefields where tablename = 'fi' and documentnumber = 39
20250114@154627.9750 aos3ie0phg2iceohh7tiqem93j Query : insert into wsfidata (fistamp,ousrdata, ousrhora, usrdata,usrhora,ousrinis,usrinis ,qtt ,ftstamp ,epv,pvmoeda ,tabiva,iva,lordem ,ref, design ,armazem) values ('aut6786893197678686d3c9',getdate(),convert(char(8),convert (time,getdate())),getdate(),convert(char(8),convert (time,getdate())),'wsv','wsv',0 ,'aut6786808226678686d284' ,0,0 ,2,23.00,50000,?,?,?)
20250114@154628.5730 aos3ie0phg2iceohh7tiqem93j Query : insert into wsftcreationlog (initialftstamp,externalid,creationstatus,documenttypeid,idustamp) values ('aut6786808226678686d284','2500348','wait',39,'adm09112754980.682000002')
20250114@154628.1259 aos3ie0phg2iceohh7tiqem93j Query : use flama_phc
20250114@154628.1304 aos3ie0phg2iceohh7tiqem93j Query : update u_wsusers set rqsttoken =? where userid ='userls001'
20250114@154628.1551 aos3ie0phg2iceohh7tiqem93j Query : select concat(rtrim(relative_path),ltrim(name_new)) as valor from uploadfiles where uploadfile_id='4591';
20250114@154628.1866 aos3ie0phg2iceohh7tiqem93j Query : update uploadfiles set whenupdated=current_timestamp where uploadfile_id='4591';
20250114@154628.2141 aos3ie0phg2iceohh7tiqem93j Query : select concat(rtrim(relative_path),ltrim(name_new)) as valor from uploadfiles where uploadfile_id='4591';
20250114@154628.3103 aos3ie0phg2iceohh7tiqem93j Query : update uploadfiles set whenupdated=current_timestamp where uploadfile_id='4591';
20250114@154628.6614 n08ilt18m6pvhc6fmp8gncp0ac Query : insert into uploadfiles ( name_original, name_new, option_type, relative_path, whencreated ) values ( ?, ?, ?, ?, getdate() )
20250114@154628.6694 n08ilt18m6pvhc6fmp8gncp0ac Query : select uploadfile_id valor from uploadfiles where name_new = ? and option_type = ? 
20250114@154628.7187 n08ilt18m6pvhc6fmp8gncp0ac Query : select concat(rtrim(relative_path),ltrim(name_new)) as valor from uploadfiles where uploadfile_id='4592';
20250114@154628.7590 n08ilt18m6pvhc6fmp8gncp0ac Query : update uploadfiles set whenupdated=current_timestamp where uploadfile_id='4592';
20250114@154628.7947 n08ilt18m6pvhc6fmp8gncp0ac Query : select concat(rtrim(relative_path),ltrim(name_new)) as valor from uploadfiles where uploadfile_id='4592';
20250114@154628.8263 n08ilt18m6pvhc6fmp8gncp0ac Query : update uploadfiles set whenupdated=current_timestamp where uploadfile_id='4592';
20250114@154628.8743 n08ilt18m6pvhc6fmp8gncp0ac Query : use flama_phc
20250114@154628.8787 n08ilt18m6pvhc6fmp8gncp0ac Query : select top 1 secretkey valor from u_wsusers u where u.userid = ? and u.inactivo=0
20250114@154628.9409 n08ilt18m6pvhc6fmp8gncp0ac Query : use flama_phc
20250114@154628.9451 n08ilt18m6pvhc6fmp8gncp0ac Query : select no, estab,szadrsdesc from szadrs where u_coddest=4740
20250114@154629.8740 n08ilt18m6pvhc6fmp8gncp0ac Query : select top 1 isnull(design,'') valor from st (nolock) left join stobs (nolock) on st.ref = stobs.ref where st.ref = '324.4980.00.1'
20250114@154629.1464 n08ilt18m6pvhc6fmp8gncp0ac Query : select top 1 isnull(design,'') valor from st (nolock) left join stobs (nolock) on st.ref = stobs.ref where st.ref = '324.4980.00.1'
20250114@154629.1938 n08ilt18m6pvhc6fmp8gncp0ac Query : select top 1 isnull(design,'') valor from st (nolock) left join stobs (nolock) on st.ref = stobs.ref where st.ref = '324.4980.00.1'
20250114@154629.3545 n08ilt18m6pvhc6fmp8gncp0ac Query : select top 1 isnull(design,'') valor from st (nolock) left join stobs (nolock) on st.ref = stobs.ref where st.ref = '324.4980.00.1'
20250114@154629.3895 n08ilt18m6pvhc6fmp8gncp0ac Query : use flama_phc
20250114@154629.3937 n08ilt18m6pvhc6fmp8gncp0ac Query : select top 1 convert(date,fdata) valor from ft where ndoc = 39 and anulado= 0 and fno>0 order by fdata desc
20250114@154629.4373 n08ilt18m6pvhc6fmp8gncp0ac Query : use flama_phc
20250114@154629.4415 n08ilt18m6pvhc6fmp8gncp0ac Query : select top 1 1 valor from td where td.ndoc = 39
20250114@154629.4834 n08ilt18m6pvhc6fmp8gncp0ac Query : use flama_phc
20250114@154629.4875 n08ilt18m6pvhc6fmp8gncp0ac Query : select lower(descricao) descricao ,case when valor='s' then 1 else 0 end valor from para1 where descricao in ('st_lote','st_usalogifunc', 'st_grelha')
20250114@154629.5377 n08ilt18m6pvhc6fmp8gncp0ac Query : select top 1 manternumero ,assinadoc issigned ,tiposaft ,assinaimp ,nmdos ,td.assinadoc ,'cl' origin ,lancasl stocks ,case when cmsl<50 and td.lancasl=1 then 1 else 0 end entrada ,case when cmsl>50 and td.lancasl=1 then 1 else 0 end saida ,temserie assets ,~semgre usegridfields from td inner join td2 on td.tdstamp=td2.td2stamp where td.ndoc = 1
20250114@154629.5835 n08ilt18m6pvhc6fmp8gncp0ac Query : use flama_phc
20250114@154629.5877 n08ilt18m6pvhc6fmp8gncp0ac Query : select top 1 ~inactivo valor from cl where no = '100810' and estab = 0 order by inactivo desc
20250114@154629.5942 n08ilt18m6pvhc6fmp8gncp0ac Query : use flama_phc
20250114@154629.5946 n08ilt18m6pvhc6fmp8gncp0ac Query : select top 1 tipodoc,regrd from td where ndoc = 39
20250114@154629.5977 n08ilt18m6pvhc6fmp8gncp0ac Query : use flama_phc
20250114@154629.5980 n08ilt18m6pvhc6fmp8gncp0ac Query : select szadrsstamp valor from szadrs where szadrsdesc='espaÇotrans,lda'
20250114@154629.6021 n08ilt18m6pvhc6fmp8gncp0ac Query : use flama_phc
20250114@154629.6023 n08ilt18m6pvhc6fmp8gncp0ac Query : select szadrsstamp valor from szadrs where szadrsdesc='100810 - worten-equipamentos para o lar,sa.'
20250114@154629.6107 n08ilt18m6pvhc6fmp8gncp0ac Query : use flama_phc
20250114@154629.6110 n08ilt18m6pvhc6fmp8gncp0ac Query : select 1 valor from td where ndoc = 39
20250114@154629.6122 n08ilt18m6pvhc6fmp8gncp0ac Query : select top 1 manternumero, tiposaft, nmdos,td.assinadoc from td where td.ndoc = 39
20250114@154629.6137 n08ilt18m6pvhc6fmp8gncp0ac Query : select 1 valor from information_schema.tables where table_type='base table' and table_name='wstablefields'
20250114@154629.6154 n08ilt18m6pvhc6fmp8gncp0ac Query : select fieldkey,fieldname,fieldtype,mandatory from wstablefields where tablename = 'ft' and documentnumber = 39
20250114@154629.6172 n08ilt18m6pvhc6fmp8gncp0ac Query : select 1 valor from information_schema.tables where table_type='base table' and table_name='wstablefields'
20250114@154629.6189 n08ilt18m6pvhc6fmp8gncp0ac Query : select fieldkey,fieldname,fieldtype,mandatory from wstablefields where tablename = 'ft2' and documentnumber = 39
20250114@154629.6250 n08ilt18m6pvhc6fmp8gncp0ac Query : select 1 valor from information_schema.tables where table_type='base table' and table_name='wstablefields'
20250114@154629.6266 n08ilt18m6pvhc6fmp8gncp0ac Query : select fieldkey,fieldname,fieldtype,mandatory from wstablefields where tablename = 'ft3' and documentnumber = 39
20250114@154629.6278 n08ilt18m6pvhc6fmp8gncp0ac Query : select top 1 ft.fno valor from ft ft where ft.ndoc = 39 and ftano=2025 order by fno desc
20250114@154629.6756 n08ilt18m6pvhc6fmp8gncp0ac Query : select top 1 ft.fno valor from wsftdata ft where ft.ndoc = 39 and ftano=2025 order by fno desc
20250114@154629.7038 n08ilt18m6pvhc6fmp8gncp0ac Query : select 1 valor from information_schema.tables where table_type='base table' and table_name='wstablefields'
20250114@154629.7056 n08ilt18m6pvhc6fmp8gncp0ac Query : select fieldkey,fieldname,fieldtype,calcformula from wstablefields where tablename = 'ft3' and documentnumber = 39
20250114@154629.7071 n08ilt18m6pvhc6fmp8gncp0ac Query : insert into wsft3data (ft3stamp, ousrdata, ousrhora, usrdata,usrhora,ousrinis,usrinis,taxpointdt ) values ('aut6786888911678686d599' ,getdate(),convert(char(8),convert (time,getdate())),getdate(),convert(char(8),convert (time,getdate())),'wsv','wsv',?)
20250114@154629.7360 n08ilt18m6pvhc6fmp8gncp0ac Query : select 1 valor from information_schema.tables where table_type='base table' and table_name='wstablefields'
20250114@154629.8392 n08ilt18m6pvhc6fmp8gncp0ac Query : select fieldkey,fieldname,fieldtype,calcformula from wstablefields where tablename = 'ft2' and documentnumber = 39
20250114@154629.8424 n08ilt18m6pvhc6fmp8gncp0ac Query : select top 1 bo.u_nomeenv valor from bo where bo.bostamp=''
20250114@154629.8437 n08ilt18m6pvhc6fmp8gncp0ac Query : select top 1 bo.u_moradaen valor from bo where bo.bostamp=''
20250114@154629.8450 n08ilt18m6pvhc6fmp8gncp0ac Query : select top 1 bo.u_codposen valor from bo where bo.bostamp=''
20250114@154629.8464 n08ilt18m6pvhc6fmp8gncp0ac Query : select top 1 bo.u_localenv valor from bo where bo.bostamp=''
20250114@154629.8477 n08ilt18m6pvhc6fmp8gncp0ac Query : select top 1 bo.trab5 valor from bo where bo.bostamp=''
20250114@154629.8490 n08ilt18m6pvhc6fmp8gncp0ac Query : select top 1 bo.serie valor from bo where bo.bostamp=''
20250114@154629.8502 n08ilt18m6pvhc6fmp8gncp0ac Query : insert into wsft2data (ft2stamp, ousrdata,ousrhora, usrdata,usrhora,ousrinis,usrinis,u_nomeenv ,u_moradaen ,u_codposen ,u_localenv ,u_coddest ,u_codby ) values ('aut6786888911678686d599',getdate(),convert(char(8),convert (time,getdate())),getdate(),convert(char(8),convert (time,getdate())),'wsv','wsv',?,?,?,?,?,?)
20250114@154629.8859 n08ilt18m6pvhc6fmp8gncp0ac Query : select top 1 fno valor from wsftdata order by fno desc
20250114@154629.9005 n08ilt18m6pvhc6fmp8gncp0ac Query : select 1 valor from information_schema.tables where table_type='base table' and table_name='wstablefields'
20250114@154629.9021 n08ilt18m6pvhc6fmp8gncp0ac Query : select fieldkey,fieldname,fieldtype,calcformula from wstablefields where tablename = 'ft' and documentnumber = 39
20250114@154629.9044 n08ilt18m6pvhc6fmp8gncp0ac Query : select 'normal' from dummy
20250114@154629.9058 n08ilt18m6pvhc6fmp8gncp0ac Query : insert into wsftdata (ftstamp, ousrdata,ousrhora, usrdata,usrhora,ousrinis,usrinis,fno,no,estab,fdata,ndoc,moeda,cambio,cambiofixo,ftano,site ,classe ) values ('aut6786888911678686d599',getdate(),convert(char(8),convert (time,getdate())),getdate(),convert(char(8),convert (time,getdate())),'wsv','wsv',2970,100810,0,'2025-01-14',39,'euro',0,0,2025 ,?,?)
20250114@154629.9696 n08ilt18m6pvhc6fmp8gncp0ac Query : use flama_phc
20250114@154629.9737 n08ilt18m6pvhc6fmp8gncp0ac Query : select st.usalote valor from st where st.ref = '324.4980.00.1'
20250114@154630.7200 n08ilt18m6pvhc6fmp8gncp0ac Query : select top 1 st.tabiva ,st.ivaincl ,st.stns ,st.uni2 ,st.familia ,isnull(tx.taxa, 0) txiva ,unidade ,usalote ,epcpond ,noserie ,conversao ,st.texteis from st left join taxasiva tx on st.tabiva = tx.codigo where st.ref = '324.4980.00.1'
20250114@154630.5940 n08ilt18m6pvhc6fmp8gncp0ac Query : select 1 valor from information_schema.tables where table_type='base table' and table_name='wstablefields'
20250114@154630.6660 n08ilt18m6pvhc6fmp8gncp0ac Query : select fieldkey,fieldname,fieldtype,mandatory from wstablefields where tablename = 'fi' and documentnumber = 39
20250114@154630.6960 n08ilt18m6pvhc6fmp8gncp0ac Query : select 1 valor from information_schema.tables where table_type='base table' and table_name='wstablefields'
20250114@154630.7120 n08ilt18m6pvhc6fmp8gncp0ac Query : select fieldkey,fieldname,fieldtype,mandatory from wstablefields where tablename = 'fi2' and documentnumber = 39
20250114@154630.7230 n08ilt18m6pvhc6fmp8gncp0ac Query : select top 1 convert(numeric(6,2),t.taxa) valor from taxasiva t where t.codigo='2'
20250114@154630.7360 n08ilt18m6pvhc6fmp8gncp0ac Query : select sestamp valor from se where ref ='324.4980.00.1' and lote = 'r2401064200a'
20250114@154630.7530 n08ilt18m6pvhc6fmp8gncp0ac Query : select 1 valor from information_schema.tables where table_type='base table' and table_name='wstablefields'
20250114@154630.7690 n08ilt18m6pvhc6fmp8gncp0ac Query : select fieldkey,fieldname,fieldtype,calcformula from wstablefields where tablename = 'fi2' and documentnumber = 39
20250114@154630.7840 n08ilt18m6pvhc6fmp8gncp0ac Query : insert into wsfi2data (fi2stamp,ftstamp ,ousrdata, ousrhora, usrdata,usrhora,ousrinis,usrinis) values ('aut6786869409678686d612','aut6786888911678686d599' ,getdate(),convert(char(8),convert (time,getdate())),getdate(),convert(char(8),convert (time,getdate())),'wsv','wsv')
20250114@154630.7890 n08ilt18m6pvhc6fmp8gncp0ac Query : select 1 valor from information_schema.tables where table_type='base table' and table_name='wstablefields'
20250114@154630.8050 n08ilt18m6pvhc6fmp8gncp0ac Query : select fieldkey,fieldname,fieldtype,calcformula from wstablefields where tablename = 'fi' and documentnumber = 39
20250114@154630.8360 n08ilt18m6pvhc6fmp8gncp0ac Query : insert into wsfidata (fistamp,ousrdata, ousrhora, usrdata,usrhora,ousrinis,usrinis ,qtt ,ftstamp ,epv,pvmoeda ,tabiva,iva,lordem ,ref, design ,lote,armazem) values ('aut6786869409678686d612',getdate(),convert(char(8),convert (time,getdate())),getdate(),convert(char(8),convert (time,getdate())),'wsv','wsv',8.000 ,'aut6786888911678686d599' ,0,0 ,2,23.00,10000,?,?,?,?)
20250114@154630.1204 n08ilt18m6pvhc6fmp8gncp0ac Query : use flama_phc
20250114@154630.1208 n08ilt18m6pvhc6fmp8gncp0ac Query : select st.usalote valor from st where st.ref = '324.4980.00.1'
20250114@154630.1258 n08ilt18m6pvhc6fmp8gncp0ac Query : select top 1 st.tabiva ,st.ivaincl ,st.stns ,st.uni2 ,st.familia ,isnull(tx.taxa, 0) txiva ,unidade ,usalote ,epcpond ,noserie ,conversao ,st.texteis from st left join taxasiva tx on st.tabiva = tx.codigo where st.ref = '324.4980.00.1'
20250114@154630.1274 n08ilt18m6pvhc6fmp8gncp0ac Query : select 1 valor from information_schema.tables where table_type='base table' and table_name='wstablefields'
20250114@154630.1294 n08ilt18m6pvhc6fmp8gncp0ac Query : select fieldkey,fieldname,fieldtype,mandatory from wstablefields where tablename = 'fi' and documentnumber = 39
20250114@154630.1323 n08ilt18m6pvhc6fmp8gncp0ac Query : select 1 valor from information_schema.tables where table_type='base table' and table_name='wstablefields'
20250114@154630.1341 n08ilt18m6pvhc6fmp8gncp0ac Query : select fieldkey,fieldname,fieldtype,mandatory from wstablefields where tablename = 'fi2' and documentnumber = 39
20250114@154630.1351 n08ilt18m6pvhc6fmp8gncp0ac Query : select top 1 convert(numeric(6,2),t.taxa) valor from taxasiva t where t.codigo='2'
20250114@154630.1363 n08ilt18m6pvhc6fmp8gncp0ac Query : select sestamp valor from se where ref ='324.4980.00.1' and lote = 'r2401064200a'
20250114@154630.1377 n08ilt18m6pvhc6fmp8gncp0ac Query : select 1 valor from information_schema.tables where table_type='base table' and table_name='wstablefields'
20250114@154630.1392 n08ilt18m6pvhc6fmp8gncp0ac Query : select fieldkey,fieldname,fieldtype,calcformula from wstablefields where tablename = 'fi2' and documentnumber = 39
20250114@154630.1405 n08ilt18m6pvhc6fmp8gncp0ac Query : insert into wsfi2data (fi2stamp,ftstamp ,ousrdata, ousrhora, usrdata,usrhora,ousrinis,usrinis) values ('aut6786829982678686d621','aut6786888911678686d599' ,getdate(),convert(char(8),convert (time,getdate())),getdate(),convert(char(8),convert (time,getdate())),'wsv','wsv')
20250114@154630.1410 n08ilt18m6pvhc6fmp8gncp0ac Query : select 1 valor from information_schema.tables where table_type='base table' and table_name='wstablefields'
20250114@154630.1427 n08ilt18m6pvhc6fmp8gncp0ac Query : select fieldkey,fieldname,fieldtype,calcformula from wstablefields where tablename = 'fi' and documentnumber = 39
20250114@154630.1459 n08ilt18m6pvhc6fmp8gncp0ac Query : insert into wsfidata (fistamp,ousrdata, ousrhora, usrdata,usrhora,ousrinis,usrinis ,qtt ,ftstamp ,epv,pvmoeda ,tabiva,iva,lordem ,ref, design ,lote,armazem) values ('aut6786829982678686d621',getdate(),convert(char(8),convert (time,getdate())),getdate(),convert(char(8),convert (time,getdate())),'wsv','wsv',32.000 ,'aut6786888911678686d599' ,0,0 ,2,23.00,20000,?,?,?,?)
20250114@154630.1805 n08ilt18m6pvhc6fmp8gncp0ac Query : use flama_phc
20250114@154630.1809 n08ilt18m6pvhc6fmp8gncp0ac Query : select st.usalote valor from st where st.ref = '324.4980.00.1'
20250114@154630.1837 n08ilt18m6pvhc6fmp8gncp0ac Query : select top 1 st.tabiva ,st.ivaincl ,st.stns ,st.uni2 ,st.familia ,isnull(tx.taxa, 0) txiva ,unidade ,usalote ,epcpond ,noserie ,conversao ,st.texteis from st left join taxasiva tx on st.tabiva = tx.codigo where st.ref = '324.4980.00.1'
20250114@154630.1852 n08ilt18m6pvhc6fmp8gncp0ac Query : select 1 valor from information_schema.tables where table_type='base table' and table_name='wstablefields'
20250114@154630.1896 n08ilt18m6pvhc6fmp8gncp0ac Query : select fieldkey,fieldname,fieldtype,mandatory from wstablefields where tablename = 'fi' and documentnumber = 39
20250114@154630.1923 n08ilt18m6pvhc6fmp8gncp0ac Query : select 1 valor from information_schema.tables where table_type='base table' and table_name='wstablefields'
20250114@154630.1939 n08ilt18m6pvhc6fmp8gncp0ac Query : select fieldkey,fieldname,fieldtype,mandatory from wstablefields where tablename = 'fi2' and documentnumber = 39
20250114@154630.1948 n08ilt18m6pvhc6fmp8gncp0ac Query : select top 1 convert(numeric(6,2),t.taxa) valor from taxasiva t where t.codigo='2'
20250114@154630.1960 n08ilt18m6pvhc6fmp8gncp0ac Query : select sestamp valor from se where ref ='324.4980.00.1' and lote = 'r2401064200a'
20250114@154630.1973 n08ilt18m6pvhc6fmp8gncp0ac Query : select 1 valor from information_schema.tables where table_type='base table' and table_name='wstablefields'
20250114@154630.1989 n08ilt18m6pvhc6fmp8gncp0ac Query : select fieldkey,fieldname,fieldtype,calcformula from wstablefields where tablename = 'fi2' and documentnumber = 39
20250114@154630.2001 n08ilt18m6pvhc6fmp8gncp0ac Query : insert into wsfi2data (fi2stamp,ftstamp ,ousrdata, ousrhora, usrdata,usrhora,ousrinis,usrinis) values ('aut6786804366678686d630','aut6786888911678686d599' ,getdate(),convert(char(8),convert (time,getdate())),getdate(),convert(char(8),convert (time,getdate())),'wsv','wsv')
20250114@154630.2005 n08ilt18m6pvhc6fmp8gncp0ac Query : select 1 valor from information_schema.tables where table_type='base table' and table_name='wstablefields'
20250114@154630.2019 n08ilt18m6pvhc6fmp8gncp0ac Query : select fieldkey,fieldname,fieldtype,calcformula from wstablefields where tablename = 'fi' and documentnumber = 39
20250114@154630.2048 n08ilt18m6pvhc6fmp8gncp0ac Query : insert into wsfidata (fistamp,ousrdata, ousrhora, usrdata,usrhora,ousrinis,usrinis ,qtt ,ftstamp ,epv,pvmoeda ,tabiva,iva,lordem ,ref, design ,lote,armazem) values ('aut6786804366678686d630',getdate(),convert(char(8),convert (time,getdate())),getdate(),convert(char(8),convert (time,getdate())),'wsv','wsv',80.000 ,'aut6786888911678686d599' ,0,0 ,2,23.00,30000,?,?,?,?)
20250114@154630.2373 n08ilt18m6pvhc6fmp8gncp0ac Query : use flama_phc
20250114@154630.2376 n08ilt18m6pvhc6fmp8gncp0ac Query : select st.usalote valor from st where st.ref = '324.4980.00.1'
20250114@154630.2396 n08ilt18m6pvhc6fmp8gncp0ac Query : select top 1 st.tabiva ,st.ivaincl ,st.stns ,st.uni2 ,st.familia ,isnull(tx.taxa, 0) txiva ,unidade ,usalote ,epcpond ,noserie ,conversao ,st.texteis from st left join taxasiva tx on st.tabiva = tx.codigo where st.ref = '324.4980.00.1'
20250114@154630.2411 n08ilt18m6pvhc6fmp8gncp0ac Query : select 1 valor from information_schema.tables where table_type='base table' and table_name='wstablefields'
20250114@154630.2453 n08ilt18m6pvhc6fmp8gncp0ac Query : select fieldkey,fieldname,fieldtype,mandatory from wstablefields where tablename = 'fi' and documentnumber = 39
20250114@154630.2479 n08ilt18m6pvhc6fmp8gncp0ac Query : select 1 valor from information_schema.tables where table_type='base table' and table_name='wstablefields'
20250114@154630.2495 n08ilt18m6pvhc6fmp8gncp0ac Query : select fieldkey,fieldname,fieldtype,mandatory from wstablefields where tablename = 'fi2' and documentnumber = 39
20250114@154630.2504 n08ilt18m6pvhc6fmp8gncp0ac Query : select top 1 convert(numeric(6,2),t.taxa) valor from taxasiva t where t.codigo='2'
20250114@154630.2516 n08ilt18m6pvhc6fmp8gncp0ac Query : select sestamp valor from se where ref ='324.4980.00.1' and lote = 'r2401064200a'
20250114@154630.2529 n08ilt18m6pvhc6fmp8gncp0ac Query : select 1 valor from information_schema.tables where table_type='base table' and table_name='wstablefields'
20250114@154630.2581 n08ilt18m6pvhc6fmp8gncp0ac Query : select fieldkey,fieldname,fieldtype,calcformula from wstablefields where tablename = 'fi2' and documentnumber = 39
20250114@154630.2592 n08ilt18m6pvhc6fmp8gncp0ac Query : insert into wsfi2data (fi2stamp,ftstamp ,ousrdata, ousrhora, usrdata,usrhora,ousrinis,usrinis) values ('aut6786895364678686d63d','aut6786888911678686d599' ,getdate(),convert(char(8),convert (time,getdate())),getdate(),convert(char(8),convert (time,getdate())),'wsv','wsv')
20250114@154630.2597 n08ilt18m6pvhc6fmp8gncp0ac Query : select 1 valor from information_schema.tables where table_type='base table' and table_name='wstablefields'
20250114@154630.2611 n08ilt18m6pvhc6fmp8gncp0ac Query : select fieldkey,fieldname,fieldtype,calcformula from wstablefields where tablename = 'fi' and documentnumber = 39
20250114@154630.2639 n08ilt18m6pvhc6fmp8gncp0ac Query : insert into wsfidata (fistamp,ousrdata, ousrhora, usrdata,usrhora,ousrinis,usrinis ,qtt ,ftstamp ,epv,pvmoeda ,tabiva,iva,lordem ,ref, design ,lote,armazem) values ('aut6786895364678686d63d',getdate(),convert(char(8),convert (time,getdate())),getdate(),convert(char(8),convert (time,getdate())),'wsv','wsv',80.000 ,'aut6786888911678686d599' ,0,0 ,2,23.00,40000,?,?,?,?)
20250114@154630.2936 n08ilt18m6pvhc6fmp8gncp0ac Query : insert into wsftcreationlog (initialftstamp,externalid,creationstatus,documenttypeid,idustamp) values ('aut6786888911678686d599','2500349','wait',39,'adm09112754980.682000002')
20250114@154630.3047 n08ilt18m6pvhc6fmp8gncp0ac Query : use flama_phc
20250114@154630.3050 n08ilt18m6pvhc6fmp8gncp0ac Query : update u_wsusers set rqsttoken =? where userid ='userls001'
20250114@154630.3084 n08ilt18m6pvhc6fmp8gncp0ac Query : select concat(rtrim(relative_path),ltrim(name_new)) as valor from uploadfiles where uploadfile_id='4592';
20250114@154630.3126 n08ilt18m6pvhc6fmp8gncp0ac Query : update uploadfiles set whenupdated=current_timestamp where uploadfile_id='4592';
20250114@154630.3202 n08ilt18m6pvhc6fmp8gncp0ac Query : select concat(rtrim(relative_path),ltrim(name_new)) as valor from uploadfiles where uploadfile_id='4592';
20250114@154630.3238 n08ilt18m6pvhc6fmp8gncp0ac Query : update uploadfiles set whenupdated=current_timestamp where uploadfile_id='4592';
20250114@154630.5037 4oj3a9d4am8fjmhasekejq9g0t Query : insert into uploadfiles ( name_original, name_new, option_type, relative_path, whencreated ) values ( ?, ?, ?, ?, getdate() )
20250114@154630.5049 4oj3a9d4am8fjmhasekejq9g0t Query : select uploadfile_id valor from uploadfiles where name_new = ? and option_type = ? 
20250114@154630.5120 4oj3a9d4am8fjmhasekejq9g0t Query : select concat(rtrim(relative_path),ltrim(name_new)) as valor from uploadfiles where uploadfile_id='4593';
20250114@154630.5192 4oj3a9d4am8fjmhasekejq9g0t Query : update uploadfiles set whenupdated=current_timestamp where uploadfile_id='4593';
20250114@154630.5279 4oj3a9d4am8fjmhasekejq9g0t Query : select concat(rtrim(relative_path),ltrim(name_new)) as valor from uploadfiles where uploadfile_id='4593';
20250114@154630.5349 4oj3a9d4am8fjmhasekejq9g0t Query : update uploadfiles set whenupdated=current_timestamp where uploadfile_id='4593';
20250114@154630.5410 4oj3a9d4am8fjmhasekejq9g0t Query : use flama_phc
20250114@154630.5413 4oj3a9d4am8fjmhasekejq9g0t Query : select top 1 secretkey valor from u_wsusers u where u.userid = ? and u.inactivo=0
20250114@154630.5500 4oj3a9d4am8fjmhasekejq9g0t Query : use flama_phc
20250114@154630.5503 4oj3a9d4am8fjmhasekejq9g0t Query : select no, estab,szadrsdesc from szadrs where u_coddest=4740
20250114@154630.5583 4oj3a9d4am8fjmhasekejq9g0t Query : select top 1 isnull(design,'') valor from st (nolock) left join stobs (nolock) on st.ref = stobs.ref where st.ref = '324.1667.00.1'
20250114@154630.5604 4oj3a9d4am8fjmhasekejq9g0t Query : use flama_phc
20250114@154630.5608 4oj3a9d4am8fjmhasekejq9g0t Query : select top 1 convert(date,fdata) valor from ft where ndoc = 39 and anulado= 0 and fno>0 order by fdata desc
20250114@154630.5641 4oj3a9d4am8fjmhasekejq9g0t Query : use flama_phc
20250114@154630.5644 4oj3a9d4am8fjmhasekejq9g0t Query : select top 1 1 valor from td where td.ndoc = 39
20250114@154630.5710 4oj3a9d4am8fjmhasekejq9g0t Query : use flama_phc
20250114@154630.5713 4oj3a9d4am8fjmhasekejq9g0t Query : select lower(descricao) descricao ,case when valor='s' then 1 else 0 end valor from para1 where descricao in ('st_lote','st_usalogifunc', 'st_grelha')
20250114@154630.5767 4oj3a9d4am8fjmhasekejq9g0t Query : select top 1 manternumero ,assinadoc issigned ,tiposaft ,assinaimp ,nmdos ,td.assinadoc ,'cl' origin ,lancasl stocks ,case when cmsl<50 and td.lancasl=1 then 1 else 0 end entrada ,case when cmsl>50 and td.lancasl=1 then 1 else 0 end saida ,temserie assets ,~semgre usegridfields from td inner join td2 on td.tdstamp=td2.td2stamp where td.ndoc = 1
20250114@154630.5803 4oj3a9d4am8fjmhasekejq9g0t Query : use flama_phc
20250114@154630.5806 4oj3a9d4am8fjmhasekejq9g0t Query : select top 1 ~inactivo valor from cl where no = '100810' and estab = 0 order by inactivo desc
20250114@154630.5835 4oj3a9d4am8fjmhasekejq9g0t Query : use flama_phc
20250114@154630.5838 4oj3a9d4am8fjmhasekejq9g0t Query : select top 1 tipodoc,regrd from td where ndoc = 39
20250114@154630.5885 4oj3a9d4am8fjmhasekejq9g0t Query : use flama_phc
20250114@154630.5888 4oj3a9d4am8fjmhasekejq9g0t Query : select szadrsstamp valor from szadrs where szadrsdesc='espaÇotrans,lda'
20250114@154630.5961 4oj3a9d4am8fjmhasekejq9g0t Query : use flama_phc
20250114@154630.5965 4oj3a9d4am8fjmhasekejq9g0t Query : select szadrsstamp valor from szadrs where szadrsdesc='100810 - worten-equipamentos para o lar,sa.'
20250114@154630.6024 4oj3a9d4am8fjmhasekejq9g0t Query : use flama_phc
20250114@154630.6027 4oj3a9d4am8fjmhasekejq9g0t Query : select 1 valor from td where ndoc = 39
20250114@154630.6040 4oj3a9d4am8fjmhasekejq9g0t Query : select top 1 manternumero, tiposaft, nmdos,td.assinadoc from td where td.ndoc = 39
20250114@154630.6055 4oj3a9d4am8fjmhasekejq9g0t Query : select 1 valor from information_schema.tables where table_type='base table' and table_name='wstablefields'
20250114@154630.6094 4oj3a9d4am8fjmhasekejq9g0t Query : select fieldkey,fieldname,fieldtype,mandatory from wstablefields where tablename = 'ft' and documentnumber = 39
20250114@154630.6114 4oj3a9d4am8fjmhasekejq9g0t Query : select 1 valor from information_schema.tables where table_type='base table' and table_name='wstablefields'
20250114@154630.6130 4oj3a9d4am8fjmhasekejq9g0t Query : select fieldkey,fieldname,fieldtype,mandatory from wstablefields where tablename = 'ft2' and documentnumber = 39
20250114@154630.6195 4oj3a9d4am8fjmhasekejq9g0t Query : select 1 valor from information_schema.tables where table_type='base table' and table_name='wstablefields'
20250114@154630.6210 4oj3a9d4am8fjmhasekejq9g0t Query : select fieldkey,fieldname,fieldtype,mandatory from wstablefields where tablename = 'ft3' and documentnumber = 39
20250114@154630.6223 4oj3a9d4am8fjmhasekejq9g0t Query : select top 1 ft.fno valor from ft ft where ft.ndoc = 39 and ftano=2025 order by fno desc
20250114@154630.6352 4oj3a9d4am8fjmhasekejq9g0t Query : select top 1 ft.fno valor from wsftdata ft where ft.ndoc = 39 and ftano=2025 order by fno desc
20250114@154630.6366 4oj3a9d4am8fjmhasekejq9g0t Query : select 1 valor from information_schema.tables where table_type='base table' and table_name='wstablefields'
20250114@154630.6384 4oj3a9d4am8fjmhasekejq9g0t Query : select fieldkey,fieldname,fieldtype,calcformula from wstablefields where tablename = 'ft3' and documentnumber = 39
20250114@154630.6400 4oj3a9d4am8fjmhasekejq9g0t Query : insert into wsft3data (ft3stamp, ousrdata, ousrhora, usrdata,usrhora,ousrinis,usrinis,taxpointdt ) values ('aut6786883250678686d697' ,getdate(),convert(char(8),convert (time,getdate())),getdate(),convert(char(8),convert (time,getdate())),'wsv','wsv',?)
20250114@154630.6632 4oj3a9d4am8fjmhasekejq9g0t Query : select 1 valor from information_schema.tables where table_type='base table' and table_name='wstablefields'
20250114@154630.6650 4oj3a9d4am8fjmhasekejq9g0t Query : select fieldkey,fieldname,fieldtype,calcformula from wstablefields where tablename = 'ft2' and documentnumber = 39
20250114@154630.6711 4oj3a9d4am8fjmhasekejq9g0t Query : select top 1 bo.u_nomeenv valor from bo where bo.bostamp=''
20250114@154630.6723 4oj3a9d4am8fjmhasekejq9g0t Query : select top 1 bo.u_moradaen valor from bo where bo.bostamp=''
20250114@154630.6737 4oj3a9d4am8fjmhasekejq9g0t Query : select top 1 bo.u_codposen valor from bo where bo.bostamp=''
20250114@154630.6750 4oj3a9d4am8fjmhasekejq9g0t Query : select top 1 bo.u_localenv valor from bo where bo.bostamp=''
20250114@154630.6762 4oj3a9d4am8fjmhasekejq9g0t Query : select top 1 bo.trab5 valor from bo where bo.bostamp=''
20250114@154630.6813 4oj3a9d4am8fjmhasekejq9g0t Query : select top 1 bo.serie valor from bo where bo.bostamp=''
20250114@154630.6825 4oj3a9d4am8fjmhasekejq9g0t Query : insert into wsft2data (ft2stamp, ousrdata,ousrhora, usrdata,usrhora,ousrinis,usrinis,u_nomeenv ,u_moradaen ,u_codposen ,u_localenv ,u_coddest ,u_codby ) values ('aut6786883250678686d697',getdate(),convert(char(8),convert (time,getdate())),getdate(),convert(char(8),convert (time,getdate())),'wsv','wsv',?,?,?,?,?,?)
20250114@154630.7137 4oj3a9d4am8fjmhasekejq9g0t Query : select top 1 fno valor from wsftdata order by fno desc
20250114@154630.7179 4oj3a9d4am8fjmhasekejq9g0t Query : select 1 valor from information_schema.tables where table_type='base table' and table_name='wstablefields'
20250114@154630.7200 4oj3a9d4am8fjmhasekejq9g0t Query : select fieldkey,fieldname,fieldtype,calcformula from wstablefields where tablename = 'ft' and documentnumber = 39
20250114@154630.7225 4oj3a9d4am8fjmhasekejq9g0t Query : select 'normal' from dummy
20250114@154630.7287 4oj3a9d4am8fjmhasekejq9g0t Query : insert into wsftdata (ftstamp, ousrdata,ousrhora, usrdata,usrhora,ousrinis,usrinis,fno,no,estab,fdata,ndoc,moeda,cambio,cambiofixo,ftano,site ,classe ) values ('aut6786883250678686d697',getdate(),convert(char(8),convert (time,getdate())),getdate(),convert(char(8),convert (time,getdate())),'wsv','wsv',2971,100810,0,'2025-01-14',39,'euro',0,0,2025 ,?,?)
20250114@154630.7649 4oj3a9d4am8fjmhasekejq9g0t Query : use flama_phc
20250114@154630.7653 4oj3a9d4am8fjmhasekejq9g0t Query : select st.usalote valor from st where st.ref = '324.1667.00.1'
20250114@154630.7676 4oj3a9d4am8fjmhasekejq9g0t Query : select top 1 st.tabiva ,st.ivaincl ,st.stns ,st.uni2 ,st.familia ,isnull(tx.taxa, 0) txiva ,unidade ,usalote ,epcpond ,noserie ,conversao ,st.texteis from st left join taxasiva tx on st.tabiva = tx.codigo where st.ref = '324.1667.00.1'
20250114@154630.7690 4oj3a9d4am8fjmhasekejq9g0t Query : select 1 valor from information_schema.tables where table_type='base table' and table_name='wstablefields'
20250114@154630.7744 4oj3a9d4am8fjmhasekejq9g0t Query : select fieldkey,fieldname,fieldtype,mandatory from wstablefields where tablename = 'fi' and documentnumber = 39
20250114@154630.7771 4oj3a9d4am8fjmhasekejq9g0t Query : select 1 valor from information_schema.tables where table_type='base table' and table_name='wstablefields'
20250114@154630.7786 4oj3a9d4am8fjmhasekejq9g0t Query : select fieldkey,fieldname,fieldtype,mandatory from wstablefields where tablename = 'fi2' and documentnumber = 39
20250114@154630.7795 4oj3a9d4am8fjmhasekejq9g0t Query : select top 1 convert(numeric(6,2),t.taxa) valor from taxasiva t where t.codigo='2'
20250114@154630.7807 4oj3a9d4am8fjmhasekejq9g0t Query : select sestamp valor from se where ref ='324.1667.00.1' and lote = 'r2400923100a'
20250114@154630.7821 4oj3a9d4am8fjmhasekejq9g0t Query : select 1 valor from information_schema.tables where table_type='base table' and table_name='wstablefields'
20250114@154630.7859 4oj3a9d4am8fjmhasekejq9g0t Query : select fieldkey,fieldname,fieldtype,calcformula from wstablefields where tablename = 'fi2' and documentnumber = 39
20250114@154630.7873 4oj3a9d4am8fjmhasekejq9g0t Query : insert into wsfi2data (fi2stamp,ftstamp ,ousrdata, ousrhora, usrdata,usrhora,ousrinis,usrinis) values ('aut6786884628678686d6be','aut6786883250678686d697' ,getdate(),convert(char(8),convert (time,getdate())),getdate(),convert(char(8),convert (time,getdate())),'wsv','wsv')
20250114@154630.7878 4oj3a9d4am8fjmhasekejq9g0t Query : select 1 valor from information_schema.tables where table_type='base table' and table_name='wstablefields'
20250114@154630.7893 4oj3a9d4am8fjmhasekejq9g0t Query : select fieldkey,fieldname,fieldtype,calcformula from wstablefields where tablename = 'fi' and documentnumber = 39
20250114@154630.7969 4oj3a9d4am8fjmhasekejq9g0t Query : insert into wsfidata (fistamp,ousrdata, ousrhora, usrdata,usrhora,ousrinis,usrinis ,qtt ,ftstamp ,epv,pvmoeda ,tabiva,iva,lordem ,ref, design ,lote,armazem) values ('aut6786884628678686d6be',getdate(),convert(char(8),convert (time,getdate())),getdate(),convert(char(8),convert (time,getdate())),'wsv','wsv',1.000 ,'aut6786883250678686d697' ,0,0 ,2,23.00,10000,?,?,?,?)
20250114@154630.8627 4oj3a9d4am8fjmhasekejq9g0t Query : select 1 valor from information_schema.tables where table_type='base table' and table_name='wstablefields'
20250114@154630.8647 4oj3a9d4am8fjmhasekejq9g0t Query : select fieldkey,fieldname,fieldtype,mandatory from wstablefields where tablename = 'fi' and documentnumber = 39
20250114@154630.8676 4oj3a9d4am8fjmhasekejq9g0t Query : select 1 valor from information_schema.tables where table_type='base table' and table_name='wstablefields'
20250114@154630.8738 4oj3a9d4am8fjmhasekejq9g0t Query : select fieldkey,fieldname,fieldtype,mandatory from wstablefields where tablename = 'fi2' and documentnumber = 39
20250114@154630.8750 4oj3a9d4am8fjmhasekejq9g0t Query : select top 1 convert(numeric(6,2),t.taxa) valor from taxasiva t where t.codigo='2'
20250114@154630.8776 4oj3a9d4am8fjmhasekejq9g0t Query : select 1 valor from information_schema.tables where table_type='base table' and table_name='wstablefields'
20250114@154630.8804 4oj3a9d4am8fjmhasekejq9g0t Query : select fieldkey,fieldname,fieldtype,calcformula from wstablefields where tablename = 'fi2' and documentnumber = 39
20250114@154630.8827 4oj3a9d4am8fjmhasekejq9g0t Query : insert into wsfi2data (fi2stamp,ftstamp ,ousrdata, ousrhora, usrdata,usrhora,ousrinis,usrinis) values ('aut6786844266678686d6d6','aut6786883250678686d697' ,getdate(),convert(char(8),convert (time,getdate())),getdate(),convert(char(8),convert (time,getdate())),'wsv','wsv')
20250114@154630.8832 4oj3a9d4am8fjmhasekejq9g0t Query : select 1 valor from information_schema.tables where table_type='base table' and table_name='wstablefields'
20250114@154630.8857 4oj3a9d4am8fjmhasekejq9g0t Query : select fieldkey,fieldname,fieldtype,calcformula from wstablefields where tablename = 'fi' and documentnumber = 39
20250114@154630.8933 4oj3a9d4am8fjmhasekejq9g0t Query : insert into wsfidata (fistamp,ousrdata, ousrhora, usrdata,usrhora,ousrinis,usrinis ,qtt ,ftstamp ,epv,pvmoeda ,tabiva,iva,lordem ,ref, design ,armazem) values ('aut6786844266678686d6d6',getdate(),convert(char(8),convert (time,getdate())),getdate(),convert(char(8),convert (time,getdate())),'wsv','wsv',0 ,'aut6786883250678686d697' ,0,0 ,2,23.00,20000,?,?,?)
20250114@154630.9516 4oj3a9d4am8fjmhasekejq9g0t Query : insert into wsftcreationlog (initialftstamp,externalid,creationstatus,documenttypeid,idustamp) values ('aut6786883250678686d697','2500350','wait',39,'adm09112754980.682000002')
20250114@154630.9633 4oj3a9d4am8fjmhasekejq9g0t Query : use flama_phc
20250114@154630.9636 4oj3a9d4am8fjmhasekejq9g0t Query : update u_wsusers set rqsttoken =? where userid ='userls001'
20250114@154630.9665 4oj3a9d4am8fjmhasekejq9g0t Query : select concat(rtrim(relative_path),ltrim(name_new)) as valor from uploadfiles where uploadfile_id='4593';
20250114@154630.9754 4oj3a9d4am8fjmhasekejq9g0t Query : update uploadfiles set whenupdated=current_timestamp where uploadfile_id='4593';
20250114@154630.9812 4oj3a9d4am8fjmhasekejq9g0t Query : select concat(rtrim(relative_path),ltrim(name_new)) as valor from uploadfiles where uploadfile_id='4593';
20250114@154630.9852 4oj3a9d4am8fjmhasekejq9g0t Query : update uploadfiles set whenupdated=current_timestamp where uploadfile_id='4593';
20250114@154631.4490 oc4hibc67ntrgarpcojr5r4pk8 Query : insert into uploadfiles ( name_original, name_new, option_type, relative_path, whencreated ) values ( ?, ?, ?, ?, getdate() )
20250114@154631.4630 oc4hibc67ntrgarpcojr5r4pk8 Query : select uploadfile_id valor from uploadfiles where name_new = ? and option_type = ? 
20250114@154631.5360 oc4hibc67ntrgarpcojr5r4pk8 Query : select concat(rtrim(relative_path),ltrim(name_new)) as valor from uploadfiles where uploadfile_id='4594';
20250114@154631.2586 oc4hibc67ntrgarpcojr5r4pk8 Query : update uploadfiles set whenupdated=current_timestamp where uploadfile_id='4594';
20250114@154631.2697 oc4hibc67ntrgarpcojr5r4pk8 Query : select concat(rtrim(relative_path),ltrim(name_new)) as valor from uploadfiles where uploadfile_id='4594';
20250114@154631.2737 oc4hibc67ntrgarpcojr5r4pk8 Query : update uploadfiles set whenupdated=current_timestamp where uploadfile_id='4594';
20250114@154631.2828 oc4hibc67ntrgarpcojr5r4pk8 Query : use flama_phc
20250114@154631.2831 oc4hibc67ntrgarpcojr5r4pk8 Query : select top 1 secretkey valor from u_wsusers u where u.userid = ? and u.inactivo=0
20250114@154631.2896 oc4hibc67ntrgarpcojr5r4pk8 Query : use flama_phc
20250114@154631.2899 oc4hibc67ntrgarpcojr5r4pk8 Query : select no, estab,szadrsdesc from szadrs where u_coddest=4740
20250114@154631.2971 oc4hibc67ntrgarpcojr5r4pk8 Query : select top 1 isnull(design,'') valor from st (nolock) left join stobs (nolock) on st.ref = stobs.ref where st.ref = '324.2366.00.1'
20250114@154631.2993 oc4hibc67ntrgarpcojr5r4pk8 Query : select top 1 isnull(design,'') valor from st (nolock) left join stobs (nolock) on st.ref = stobs.ref where st.ref = '324.1816.00.1'
20250114@154631.3174 oc4hibc67ntrgarpcojr5r4pk8 Query : use flama_phc
20250114@154631.3177 oc4hibc67ntrgarpcojr5r4pk8 Query : select top 1 convert(date,fdata) valor from ft where ndoc = 39 and anulado= 0 and fno>0 order by fdata desc
20250114@154631.3209 oc4hibc67ntrgarpcojr5r4pk8 Query : use flama_phc
20250114@154631.3213 oc4hibc67ntrgarpcojr5r4pk8 Query : select top 1 1 valor from td where td.ndoc = 39
20250114@154631.3245 oc4hibc67ntrgarpcojr5r4pk8 Query : use flama_phc
20250114@154631.3248 oc4hibc67ntrgarpcojr5r4pk8 Query : select lower(descricao) descricao ,case when valor='s' then 1 else 0 end valor from para1 where descricao in ('st_lote','st_usalogifunc', 'st_grelha')
20250114@154631.3312 oc4hibc67ntrgarpcojr5r4pk8 Query : select top 1 manternumero ,assinadoc issigned ,tiposaft ,assinaimp ,nmdos ,td.assinadoc ,'cl' origin ,lancasl stocks ,case when cmsl<50 and td.lancasl=1 then 1 else 0 end entrada ,case when cmsl>50 and td.lancasl=1 then 1 else 0 end saida ,temserie assets ,~semgre usegridfields from td inner join td2 on td.tdstamp=td2.td2stamp where td.ndoc = 1
20250114@154631.3350 oc4hibc67ntrgarpcojr5r4pk8 Query : use flama_phc
20250114@154631.3354 oc4hibc67ntrgarpcojr5r4pk8 Query : select top 1 ~inactivo valor from cl where no = '100810' and estab = 0 order by inactivo desc
20250114@154631.3384 oc4hibc67ntrgarpcojr5r4pk8 Query : use flama_phc
20250114@154631.3387 oc4hibc67ntrgarpcojr5r4pk8 Query : select top 1 tipodoc,regrd from td where ndoc = 39
20250114@154631.3440 oc4hibc67ntrgarpcojr5r4pk8 Query : use flama_phc
20250114@154631.3444 oc4hibc67ntrgarpcojr5r4pk8 Query : select szadrsstamp valor from szadrs where szadrsdesc='espaÇotrans,lda'
20250114@154631.3487 oc4hibc67ntrgarpcojr5r4pk8 Query : use flama_phc
20250114@154631.3537 oc4hibc67ntrgarpcojr5r4pk8 Query : select szadrsstamp valor from szadrs where szadrsdesc='100810 - worten-equipamentos para o lar,sa.'
20250114@154631.3582 oc4hibc67ntrgarpcojr5r4pk8 Query : use flama_phc
20250114@154631.3585 oc4hibc67ntrgarpcojr5r4pk8 Query : select 1 valor from td where ndoc = 39
20250114@154631.3598 oc4hibc67ntrgarpcojr5r4pk8 Query : select top 1 manternumero, tiposaft, nmdos,td.assinadoc from td where td.ndoc = 39
20250114@154631.3613 oc4hibc67ntrgarpcojr5r4pk8 Query : select 1 valor from information_schema.tables where table_type='base table' and table_name='wstablefields'
20250114@154631.3630 oc4hibc67ntrgarpcojr5r4pk8 Query : select fieldkey,fieldname,fieldtype,mandatory from wstablefields where tablename = 'ft' and documentnumber = 39
20250114@154631.3671 oc4hibc67ntrgarpcojr5r4pk8 Query : select 1 valor from information_schema.tables where table_type='base table' and table_name='wstablefields'
20250114@154631.3689 oc4hibc67ntrgarpcojr5r4pk8 Query : select fieldkey,fieldname,fieldtype,mandatory from wstablefields where tablename = 'ft2' and documentnumber = 39
20250114@154631.3743 oc4hibc67ntrgarpcojr5r4pk8 Query : select 1 valor from information_schema.tables where table_type='base table' and table_name='wstablefields'
20250114@154631.3759 oc4hibc67ntrgarpcojr5r4pk8 Query : select fieldkey,fieldname,fieldtype,mandatory from wstablefields where tablename = 'ft3' and documentnumber = 39
20250114@154631.3771 oc4hibc67ntrgarpcojr5r4pk8 Query : select top 1 ft.fno valor from ft ft where ft.ndoc = 39 and ftano=2025 order by fno desc
20250114@154631.3879 oc4hibc67ntrgarpcojr5r4pk8 Query : select top 1 ft.fno valor from wsftdata ft where ft.ndoc = 39 and ftano=2025 order by fno desc
20250114@154631.3915 oc4hibc67ntrgarpcojr5r4pk8 Query : select 1 valor from information_schema.tables where table_type='base table' and table_name='wstablefields'
20250114@154631.3931 oc4hibc67ntrgarpcojr5r4pk8 Query : select fieldkey,fieldname,fieldtype,calcformula from wstablefields where tablename = 'ft3' and documentnumber = 39
20250114@154631.3947 oc4hibc67ntrgarpcojr5r4pk8 Query : insert into wsft3data (ft3stamp, ousrdata, ousrhora, usrdata,usrhora,ousrinis,usrinis,taxpointdt ) values ('aut6786853446678686d75c' ,getdate(),convert(char(8),convert (time,getdate())),getdate(),convert(char(8),convert (time,getdate())),'wsv','wsv',?)
20250114@154631.4149 oc4hibc67ntrgarpcojr5r4pk8 Query : select 1 valor from information_schema.tables where table_type='base table' and table_name='wstablefields'
20250114@154631.4167 oc4hibc67ntrgarpcojr5r4pk8 Query : select fieldkey,fieldname,fieldtype,calcformula from wstablefields where tablename = 'ft2' and documentnumber = 39
20250114@154631.4243 oc4hibc67ntrgarpcojr5r4pk8 Query : select top 1 bo.u_nomeenv valor from bo where bo.bostamp=''
20250114@154631.4256 oc4hibc67ntrgarpcojr5r4pk8 Query : select top 1 bo.u_moradaen valor from bo where bo.bostamp=''
20250114@154631.4267 oc4hibc67ntrgarpcojr5r4pk8 Query : select top 1 bo.u_codposen valor from bo where bo.bostamp=''
20250114@154631.4280 oc4hibc67ntrgarpcojr5r4pk8 Query : select top 1 bo.u_localenv valor from bo where bo.bostamp=''
20250114@154631.4299 oc4hibc67ntrgarpcojr5r4pk8 Query : select top 1 bo.trab5 valor from bo where bo.bostamp=''
20250114@154631.4342 oc4hibc67ntrgarpcojr5r4pk8 Query : select top 1 bo.serie valor from bo where bo.bostamp=''
20250114@154631.4355 oc4hibc67ntrgarpcojr5r4pk8 Query : insert into wsft2data (ft2stamp, ousrdata,ousrhora, usrdata,usrhora,ousrinis,usrinis,u_nomeenv ,u_moradaen ,u_codposen ,u_localenv ,u_coddest ,u_codby ) values ('aut6786853446678686d75c',getdate(),convert(char(8),convert (time,getdate())),getdate(),convert(char(8),convert (time,getdate())),'wsv','wsv',?,?,?,?,?,?)
20250114@154631.4687 oc4hibc67ntrgarpcojr5r4pk8 Query : select top 1 fno valor from wsftdata order by fno desc
20250114@154631.4737 oc4hibc67ntrgarpcojr5r4pk8 Query : select 1 valor from information_schema.tables where table_type='base table' and table_name='wstablefields'
20250114@154631.4756 oc4hibc67ntrgarpcojr5r4pk8 Query : select fieldkey,fieldname,fieldtype,calcformula from wstablefields where tablename = 'ft' and documentnumber = 39
20250114@154631.4778 oc4hibc67ntrgarpcojr5r4pk8 Query : select 'normal' from dummy
20250114@154631.4795 oc4hibc67ntrgarpcojr5r4pk8 Query : insert into wsftdata (ftstamp, ousrdata,ousrhora, usrdata,usrhora,ousrinis,usrinis,fno,no,estab,fdata,ndoc,moeda,cambio,cambiofixo,ftano,site ,classe ) values ('aut6786853446678686d75c',getdate(),convert(char(8),convert (time,getdate())),getdate(),convert(char(8),convert (time,getdate())),'wsv','wsv',2972,100810,0,'2025-01-14',39,'euro',0,0,2025 ,?,?)
20250114@154631.5186 oc4hibc67ntrgarpcojr5r4pk8 Query : use flama_phc
20250114@154631.5189 oc4hibc67ntrgarpcojr5r4pk8 Query : select st.usalote valor from st where st.ref = '324.2366.00.1'
20250114@154631.5213 oc4hibc67ntrgarpcojr5r4pk8 Query : select top 1 st.tabiva ,st.ivaincl ,st.stns ,st.uni2 ,st.familia ,isnull(tx.taxa, 0) txiva ,unidade ,usalote ,epcpond ,noserie ,conversao ,st.texteis from st left join taxasiva tx on st.tabiva = tx.codigo where st.ref = '324.2366.00.1'
20250114@154631.5227 oc4hibc67ntrgarpcojr5r4pk8 Query : select 1 valor from information_schema.tables where table_type='base table' and table_name='wstablefields'
20250114@154631.5245 oc4hibc67ntrgarpcojr5r4pk8 Query : select fieldkey,fieldname,fieldtype,mandatory from wstablefields where tablename = 'fi' and documentnumber = 39
20250114@154631.5305 oc4hibc67ntrgarpcojr5r4pk8 Query : select 1 valor from information_schema.tables where table_type='base table' and table_name='wstablefields'
20250114@154631.5321 oc4hibc67ntrgarpcojr5r4pk8 Query : select fieldkey,fieldname,fieldtype,mandatory from wstablefields where tablename = 'fi2' and documentnumber = 39
20250114@154631.5329 oc4hibc67ntrgarpcojr5r4pk8 Query : select top 1 convert(numeric(6,2),t.taxa) valor from taxasiva t where t.codigo='2'
20250114@154631.5341 oc4hibc67ntrgarpcojr5r4pk8 Query : select sestamp valor from se where ref ='324.2366.00.1' and lote = 'r2400498100a'
20250114@154631.5354 oc4hibc67ntrgarpcojr5r4pk8 Query : select 1 valor from information_schema.tables where table_type='base table' and table_name='wstablefields'
20250114@154631.5371 oc4hibc67ntrgarpcojr5r4pk8 Query : select fieldkey,fieldname,fieldtype,calcformula from wstablefields where tablename = 'fi2' and documentnumber = 39
20250114@154631.5383 oc4hibc67ntrgarpcojr5r4pk8 Query : insert into wsfi2data (fi2stamp,ftstamp ,ousrdata, ousrhora, usrdata,usrhora,ousrinis,usrinis) values ('aut6786888897678686d782','aut6786853446678686d75c' ,getdate(),convert(char(8),convert (time,getdate())),getdate(),convert(char(8),convert (time,getdate())),'wsv','wsv')
20250114@154631.5388 oc4hibc67ntrgarpcojr5r4pk8 Query : select 1 valor from information_schema.tables where table_type='base table' and table_name='wstablefields'
20250114@154631.5424 oc4hibc67ntrgarpcojr5r4pk8 Query : select fieldkey,fieldname,fieldtype,calcformula from wstablefields where tablename = 'fi' and documentnumber = 39
20250114@154631.5454 oc4hibc67ntrgarpcojr5r4pk8 Query : insert into wsfidata (fistamp,ousrdata, ousrhora, usrdata,usrhora,ousrinis,usrinis ,qtt ,ftstamp ,epv,pvmoeda ,tabiva,iva,lordem ,ref, design ,lote,armazem) values ('aut6786888897678686d782',getdate(),convert(char(8),convert (time,getdate())),getdate(),convert(char(8),convert (time,getdate())),'wsv','wsv',1.000 ,'aut6786853446678686d75c' ,0,0 ,2,23.00,10000,?,?,?,?)
20250114@154631.5783 oc4hibc67ntrgarpcojr5r4pk8 Query : use flama_phc
20250114@154631.5786 oc4hibc67ntrgarpcojr5r4pk8 Query : select st.usalote valor from st where st.ref = '324.1816.00.1'
20250114@154631.5807 oc4hibc67ntrgarpcojr5r4pk8 Query : select top 1 st.tabiva ,st.ivaincl ,st.stns ,st.uni2 ,st.familia ,isnull(tx.taxa, 0) txiva ,unidade ,usalote ,epcpond ,noserie ,conversao ,st.texteis from st left join taxasiva tx on st.tabiva = tx.codigo where st.ref = '324.1816.00.1'
20250114@154631.5985 oc4hibc67ntrgarpcojr5r4pk8 Query : select 1 valor from information_schema.tables where table_type='base table' and table_name='wstablefields'
20250114@154631.6032 oc4hibc67ntrgarpcojr5r4pk8 Query : select fieldkey,fieldname,fieldtype,mandatory from wstablefields where tablename = 'fi' and documentnumber = 39
20250114@154631.6059 oc4hibc67ntrgarpcojr5r4pk8 Query : select 1 valor from information_schema.tables where table_type='base table' and table_name='wstablefields'
20250114@154631.6075 oc4hibc67ntrgarpcojr5r4pk8 Query : select fieldkey,fieldname,fieldtype,mandatory from wstablefields where tablename = 'fi2' and documentnumber = 39
20250114@154631.6083 oc4hibc67ntrgarpcojr5r4pk8 Query : select top 1 convert(numeric(6,2),t.taxa) valor from taxasiva t where t.codigo='2'
20250114@154631.6096 oc4hibc67ntrgarpcojr5r4pk8 Query : select sestamp valor from se where ref ='324.1816.00.1' and lote = 'r2400284200a'
20250114@154631.6110 oc4hibc67ntrgarpcojr5r4pk8 Query : select 1 valor from information_schema.tables where table_type='base table' and table_name='wstablefields'
20250114@154631.6125 oc4hibc67ntrgarpcojr5r4pk8 Query : select fieldkey,fieldname,fieldtype,calcformula from wstablefields where tablename = 'fi2' and documentnumber = 39
20250114@154631.6137 oc4hibc67ntrgarpcojr5r4pk8 Query : insert into wsfi2data (fi2stamp,ftstamp ,ousrdata, ousrhora, usrdata,usrhora,ousrinis,usrinis) values ('aut6786807592678686d795','aut6786853446678686d75c' ,getdate(),convert(char(8),convert (time,getdate())),getdate(),convert(char(8),convert (time,getdate())),'wsv','wsv')
20250114@154631.6142 oc4hibc67ntrgarpcojr5r4pk8 Query : select 1 valor from information_schema.tables where table_type='base table' and table_name='wstablefields'
20250114@154631.6156 oc4hibc67ntrgarpcojr5r4pk8 Query : select fieldkey,fieldname,fieldtype,calcformula from wstablefields where tablename = 'fi' and documentnumber = 39
20250114@154631.6186 oc4hibc67ntrgarpcojr5r4pk8 Query : insert into wsfidata (fistamp,ousrdata, ousrhora, usrdata,usrhora,ousrinis,usrinis ,qtt ,ftstamp ,epv,pvmoeda ,tabiva,iva,lordem ,ref, design ,lote,armazem) values ('aut6786807592678686d795',getdate(),convert(char(8),convert (time,getdate())),getdate(),convert(char(8),convert (time,getdate())),'wsv','wsv',2.000 ,'aut6786853446678686d75c' ,0,0 ,2,23.00,20000,?,?,?,?)
20250114@154631.6558 oc4hibc67ntrgarpcojr5r4pk8 Query : select 1 valor from information_schema.tables where table_type='base table' and table_name='wstablefields'
20250114@154631.6576 oc4hibc67ntrgarpcojr5r4pk8 Query : select fieldkey,fieldname,fieldtype,mandatory from wstablefields where tablename = 'fi' and documentnumber = 39
20250114@154631.6602 oc4hibc67ntrgarpcojr5r4pk8 Query : select 1 valor from information_schema.tables where table_type='base table' and table_name='wstablefields'
20250114@154631.6647 oc4hibc67ntrgarpcojr5r4pk8 Query : select fieldkey,fieldname,fieldtype,mandatory from wstablefields where tablename = 'fi2' and documentnumber = 39
20250114@154631.6656 oc4hibc67ntrgarpcojr5r4pk8 Query : select top 1 convert(numeric(6,2),t.taxa) valor from taxasiva t where t.codigo='2'
20250114@154631.6669 oc4hibc67ntrgarpcojr5r4pk8 Query : select 1 valor from information_schema.tables where table_type='base table' and table_name='wstablefields'
20250114@154631.6685 oc4hibc67ntrgarpcojr5r4pk8 Query : select fieldkey,fieldname,fieldtype,calcformula from wstablefields where tablename = 'fi2' and documentnumber = 39
20250114@154631.6697 oc4hibc67ntrgarpcojr5r4pk8 Query : insert into wsfi2data (fi2stamp,ftstamp ,ousrdata, ousrhora, usrdata,usrhora,ousrinis,usrinis) values ('aut6786872775678686d7a2','aut6786853446678686d75c' ,getdate(),convert(char(8),convert (time,getdate())),getdate(),convert(char(8),convert (time,getdate())),'wsv','wsv')
20250114@154631.6701 oc4hibc67ntrgarpcojr5r4pk8 Query : select 1 valor from information_schema.tables where table_type='base table' and table_name='wstablefields'
20250114@154631.6715 oc4hibc67ntrgarpcojr5r4pk8 Query : select fieldkey,fieldname,fieldtype,calcformula from wstablefields where tablename = 'fi' and documentnumber = 39
20250114@154631.6763 oc4hibc67ntrgarpcojr5r4pk8 Query : insert into wsfidata (fistamp,ousrdata, ousrhora, usrdata,usrhora,ousrinis,usrinis ,qtt ,ftstamp ,epv,pvmoeda ,tabiva,iva,lordem ,ref, design ,armazem) values ('aut6786872775678686d7a2',getdate(),convert(char(8),convert (time,getdate())),getdate(),convert(char(8),convert (time,getdate())),'wsv','wsv',0 ,'aut6786853446678686d75c' ,0,0 ,2,23.00,30000,?,?,?)
20250114@154631.7107 oc4hibc67ntrgarpcojr5r4pk8 Query : insert into wsftcreationlog (initialftstamp,externalid,creationstatus,documenttypeid,idustamp) values ('aut6786853446678686d75c','2500351','wait',39,'adm09112754980.682000002')
20250114@154631.7189 oc4hibc67ntrgarpcojr5r4pk8 Query : use flama_phc
20250114@154631.7193 oc4hibc67ntrgarpcojr5r4pk8 Query : update u_wsusers set rqsttoken =? where userid ='userls001'
20250114@154631.7253 oc4hibc67ntrgarpcojr5r4pk8 Query : select concat(rtrim(relative_path),ltrim(name_new)) as valor from uploadfiles where uploadfile_id='4594';
20250114@154631.7296 oc4hibc67ntrgarpcojr5r4pk8 Query : update uploadfiles set whenupdated=current_timestamp where uploadfile_id='4594';
20250114@154631.7352 oc4hibc67ntrgarpcojr5r4pk8 Query : select concat(rtrim(relative_path),ltrim(name_new)) as valor from uploadfiles where uploadfile_id='4594';
20250114@154631.7387 oc4hibc67ntrgarpcojr5r4pk8 Query : update uploadfiles set whenupdated=current_timestamp where uploadfile_id='4594';
20250114@154631.8951 e4fqfh9tls9r2q2n4seau01s91 Query : insert into uploadfiles ( name_original, name_new, option_type, relative_path, whencreated ) values ( ?, ?, ?, ?, getdate() )
20250114@154631.8961 e4fqfh9tls9r2q2n4seau01s91 Query : select uploadfile_id valor from uploadfiles where name_new = ? and option_type = ? 
20250114@154631.9032 e4fqfh9tls9r2q2n4seau01s91 Query : select concat(rtrim(relative_path),ltrim(name_new)) as valor from uploadfiles where uploadfile_id='4595';
20250114@154631.9146 e4fqfh9tls9r2q2n4seau01s91 Query : update uploadfiles set whenupdated=current_timestamp where uploadfile_id='4595';
20250114@154631.9233 e4fqfh9tls9r2q2n4seau01s91 Query : select concat(rtrim(relative_path),ltrim(name_new)) as valor from uploadfiles where uploadfile_id='4595';
20250114@154631.9275 e4fqfh9tls9r2q2n4seau01s91 Query : update uploadfiles set whenupdated=current_timestamp where uploadfile_id='4595';
20250114@154631.9367 e4fqfh9tls9r2q2n4seau01s91 Query : use flama_phc
20250114@154631.9370 e4fqfh9tls9r2q2n4seau01s91 Query : select top 1 secretkey valor from u_wsusers u where u.userid = ? and u.inactivo=0
20250114@154631.9453 e4fqfh9tls9r2q2n4seau01s91 Query : use flama_phc
20250114@154631.9496 e4fqfh9tls9r2q2n4seau01s91 Query : select no, estab,szadrsdesc from szadrs where u_coddest=4740
20250114@154631.9661 e4fqfh9tls9r2q2n4seau01s91 Query : select top 1 isnull(design,'') valor from st (nolock) left join stobs (nolock) on st.ref = stobs.ref where st.ref = '324.2330.00.1'
20250114@154631.9681 e4fqfh9tls9r2q2n4seau01s91 Query : select top 1 isnull(design,'') valor from st (nolock) left join stobs (nolock) on st.ref = stobs.ref where st.ref = '324.2330.00.1'
20250114@154631.9739 e4fqfh9tls9r2q2n4seau01s91 Query : select top 1 isnull(design,'') valor from st (nolock) left join stobs (nolock) on st.ref = stobs.ref where st.ref = '324.2335.00.1'
20250114@154631.9758 e4fqfh9tls9r2q2n4seau01s91 Query : select top 1 isnull(design,'') valor from st (nolock) left join stobs (nolock) on st.ref = stobs.ref where st.ref = '324.2335.00.1'
20250114@154631.9777 e4fqfh9tls9r2q2n4seau01s91 Query : select top 1 isnull(design,'') valor from st (nolock) left join stobs (nolock) on st.ref = stobs.ref where st.ref = '324.2335.00.1'
20250114@154631.9796 e4fqfh9tls9r2q2n4seau01s91 Query : use flama_phc
20250114@154631.9799 e4fqfh9tls9r2q2n4seau01s91 Query : select top 1 convert(date,fdata) valor from ft where ndoc = 39 and anulado= 0 and fno>0 order by fdata desc
20250114@154631.9856 e4fqfh9tls9r2q2n4seau01s91 Query : use flama_phc
20250114@154631.9860 e4fqfh9tls9r2q2n4seau01s91 Query : select top 1 1 valor from td where td.ndoc = 39
20250114@154631.9890 e4fqfh9tls9r2q2n4seau01s91 Query : use flama_phc
20250114@154631.9893 e4fqfh9tls9r2q2n4seau01s91 Query : select lower(descricao) descricao ,case when valor='s' then 1 else 0 end valor from para1 where descricao in ('st_lote','st_usalogifunc', 'st_grelha')
20250114@154631.9952 e4fqfh9tls9r2q2n4seau01s91 Query : select top 1 manternumero ,assinadoc issigned ,tiposaft ,assinaimp ,nmdos ,td.assinadoc ,'cl' origin ,lancasl stocks ,case when cmsl<50 and td.lancasl=1 then 1 else 0 end entrada ,case when cmsl>50 and td.lancasl=1 then 1 else 0 end saida ,temserie assets ,~semgre usegridfields from td inner join td2 on td.tdstamp=td2.td2stamp where td.ndoc = 1
20250114@154631.9987 e4fqfh9tls9r2q2n4seau01s91 Query : use flama_phc
20250114@154631.9990 e4fqfh9tls9r2q2n4seau01s91 Query : select top 1 ~inactivo valor from cl where no = '100810' and estab = 0 order by inactivo desc
20250114@154632.1900 e4fqfh9tls9r2q2n4seau01s91 Query : use flama_phc
20250114@154632.2200 e4fqfh9tls9r2q2n4seau01s91 Query : select top 1 tipodoc,regrd from td where ndoc = 39
20250114@154632.6700 e4fqfh9tls9r2q2n4seau01s91 Query : use flama_phc
20250114@154632.7000 e4fqfh9tls9r2q2n4seau01s91 Query : select szadrsstamp valor from szadrs where szadrsdesc='espaÇotrans,lda'
20250114@154632.1080 e4fqfh9tls9r2q2n4seau01s91 Query : use flama_phc
20250114@154632.1110 e4fqfh9tls9r2q2n4seau01s91 Query : select szadrsstamp valor from szadrs where szadrsdesc='100810 - worten-equipamentos para o lar,sa.'
20250114@154632.1520 e4fqfh9tls9r2q2n4seau01s91 Query : use flama_phc
20250114@154632.1550 e4fqfh9tls9r2q2n4seau01s91 Query : select 1 valor from td where ndoc = 39
20250114@154632.1670 e4fqfh9tls9r2q2n4seau01s91 Query : select top 1 manternumero, tiposaft, nmdos,td.assinadoc from td where td.ndoc = 39
20250114@154632.1810 e4fqfh9tls9r2q2n4seau01s91 Query : select 1 valor from information_schema.tables where table_type='base table' and table_name='wstablefields'
20250114@154632.1980 e4fqfh9tls9r2q2n4seau01s91 Query : select fieldkey,fieldname,fieldtype,mandatory from wstablefields where tablename = 'ft' and documentnumber = 39
20250114@154632.2160 e4fqfh9tls9r2q2n4seau01s91 Query : select 1 valor from information_schema.tables where table_type='base table' and table_name='wstablefields'
20250114@154632.2320 e4fqfh9tls9r2q2n4seau01s91 Query : select fieldkey,fieldname,fieldtype,mandatory from wstablefields where tablename = 'ft2' and documentnumber = 39
20250114@154632.3030 e4fqfh9tls9r2q2n4seau01s91 Query : select 1 valor from information_schema.tables where table_type='base table' and table_name='wstablefields'
20250114@154632.3180 e4fqfh9tls9r2q2n4seau01s91 Query : select fieldkey,fieldname,fieldtype,mandatory from wstablefields where tablename = 'ft3' and documentnumber = 39
20250114@154632.3300 e4fqfh9tls9r2q2n4seau01s91 Query : select top 1 ft.fno valor from ft ft where ft.ndoc = 39 and ftano=2025 order by fno desc
20250114@154632.4720 e4fqfh9tls9r2q2n4seau01s91 Query : select top 1 ft.fno valor from wsftdata ft where ft.ndoc = 39 and ftano=2025 order by fno desc
20250114@154632.6270 e4fqfh9tls9r2q2n4seau01s91 Query : select 1 valor from information_schema.tables where table_type='base table' and table_name='wstablefields'
20250114@154632.6440 e4fqfh9tls9r2q2n4seau01s91 Query : select fieldkey,fieldname,fieldtype,calcformula from wstablefields where tablename = 'ft3' and documentnumber = 39
20250114@154632.6590 e4fqfh9tls9r2q2n4seau01s91 Query : insert into wsft3data (ft3stamp, ousrdata, ousrhora, usrdata,usrhora,ousrinis,usrinis,taxpointdt ) values ('aut6786840430678686d808' ,getdate(),convert(char(8),convert (time,getdate())),getdate(),convert(char(8),convert (time,getdate())),'wsv','wsv',?)
20250114@154632.8770 e4fqfh9tls9r2q2n4seau01s91 Query : select 1 valor from information_schema.tables where table_type='base table' and table_name='wstablefields'
20250114@154632.9190 e4fqfh9tls9r2q2n4seau01s91 Query : select fieldkey,fieldname,fieldtype,calcformula from wstablefields where tablename = 'ft2' and documentnumber = 39
20250114@154632.9520 e4fqfh9tls9r2q2n4seau01s91 Query : select top 1 bo.u_nomeenv valor from bo where bo.bostamp=''
20250114@154632.9630 e4fqfh9tls9r2q2n4seau01s91 Query : select top 1 bo.u_moradaen valor from bo where bo.bostamp=''
20250114@154632.9740 e4fqfh9tls9r2q2n4seau01s91 Query : select top 1 bo.u_codposen valor from bo where bo.bostamp=''
20250114@154632.9850 e4fqfh9tls9r2q2n4seau01s91 Query : select top 1 bo.u_localenv valor from bo where bo.bostamp=''
20250114@154632.9970 e4fqfh9tls9r2q2n4seau01s91 Query : select top 1 bo.trab5 valor from bo where bo.bostamp=''
20250114@154632.1015 e4fqfh9tls9r2q2n4seau01s91 Query : select top 1 bo.serie valor from bo where bo.bostamp=''
20250114@154632.1033 e4fqfh9tls9r2q2n4seau01s91 Query : insert into wsft2data (ft2stamp, ousrdata,ousrhora, usrdata,usrhora,ousrinis,usrinis,u_nomeenv ,u_moradaen ,u_codposen ,u_localenv ,u_coddest ,u_codby ) values ('aut6786840430678686d808',getdate(),convert(char(8),convert (time,getdate())),getdate(),convert(char(8),convert (time,getdate())),'wsv','wsv',?,?,?,?,?,?)
20250114@154632.1290 e4fqfh9tls9r2q2n4seau01s91 Query : select top 1 fno valor from wsftdata order by fno desc
20250114@154632.1322 e4fqfh9tls9r2q2n4seau01s91 Query : select 1 valor from information_schema.tables where table_type='base table' and table_name='wstablefields'
20250114@154632.1379 e4fqfh9tls9r2q2n4seau01s91 Query : select fieldkey,fieldname,fieldtype,calcformula from wstablefields where tablename = 'ft' and documentnumber = 39
20250114@154632.1405 e4fqfh9tls9r2q2n4seau01s91 Query : select 'normal' from dummy
20250114@154632.1420 e4fqfh9tls9r2q2n4seau01s91 Query : insert into wsftdata (ftstamp, ousrdata,ousrhora, usrdata,usrhora,ousrinis,usrinis,fno,no,estab,fdata,ndoc,moeda,cambio,cambiofixo,ftano,site ,classe ) values ('aut6786840430678686d808',getdate(),convert(char(8),convert (time,getdate())),getdate(),convert(char(8),convert (time,getdate())),'wsv','wsv',2973,100810,0,'2025-01-14',39,'euro',0,0,2025 ,?,?)
20250114@154632.1919 e4fqfh9tls9r2q2n4seau01s91 Query : use flama_phc
20250114@154632.1922 e4fqfh9tls9r2q2n4seau01s91 Query : select st.usalote valor from st where st.ref = '324.2330.00.1'
20250114@154632.1943 e4fqfh9tls9r2q2n4seau01s91 Query : select top 1 st.tabiva ,st.ivaincl ,st.stns ,st.uni2 ,st.familia ,isnull(tx.taxa, 0) txiva ,unidade ,usalote ,epcpond ,noserie ,conversao ,st.texteis from st left join taxasiva tx on st.tabiva = tx.codigo where st.ref = '324.2330.00.1'
20250114@154632.1957 e4fqfh9tls9r2q2n4seau01s91 Query : select 1 valor from information_schema.tables where table_type='base table' and table_name='wstablefields'
20250114@154632.1973 e4fqfh9tls9r2q2n4seau01s91 Query : select fieldkey,fieldname,fieldtype,mandatory from wstablefields where tablename = 'fi' and documentnumber = 39
20250114@154632.2045 e4fqfh9tls9r2q2n4seau01s91 Query : select 1 valor from information_schema.tables where table_type='base table' and table_name='wstablefields'
20250114@154632.2061 e4fqfh9tls9r2q2n4seau01s91 Query : select fieldkey,fieldname,fieldtype,mandatory from wstablefields where tablename = 'fi2' and documentnumber = 39
20250114@154632.2070 e4fqfh9tls9r2q2n4seau01s91 Query : select top 1 convert(numeric(6,2),t.taxa) valor from taxasiva t where t.codigo='2'
20250114@154632.2082 e4fqfh9tls9r2q2n4seau01s91 Query : select sestamp valor from se where ref ='324.2330.00.1' and lote = 'r2400469200a'
20250114@154632.2095 e4fqfh9tls9r2q2n4seau01s91 Query : select 1 valor from information_schema.tables where table_type='base table' and table_name='wstablefields'
20250114@154632.2110 e4fqfh9tls9r2q2n4seau01s91 Query : select fieldkey,fieldname,fieldtype,calcformula from wstablefields where tablename = 'fi2' and documentnumber = 39
20250114@154632.2122 e4fqfh9tls9r2q2n4seau01s91 Query : insert into wsfi2data (fi2stamp,ftstamp ,ousrdata, ousrhora, usrdata,usrhora,ousrinis,usrinis) values ('aut6786829161678686d833','aut6786840430678686d808' ,getdate(),convert(char(8),convert (time,getdate())),getdate(),convert(char(8),convert (time,getdate())),'wsv','wsv')
20250114@154632.2127 e4fqfh9tls9r2q2n4seau01s91 Query : select 1 valor from information_schema.tables where table_type='base table' and table_name='wstablefields'
20250114@154632.2145 e4fqfh9tls9r2q2n4seau01s91 Query : select fieldkey,fieldname,fieldtype,calcformula from wstablefields where tablename = 'fi' and documentnumber = 39
20250114@154632.2284 e4fqfh9tls9r2q2n4seau01s91 Query : insert into wsfidata (fistamp,ousrdata, ousrhora, usrdata,usrhora,ousrinis,usrinis ,qtt ,ftstamp ,epv,pvmoeda ,tabiva,iva,lordem ,ref, design ,lote,armazem) values ('aut6786829161678686d833',getdate(),convert(char(8),convert (time,getdate())),getdate(),convert(char(8),convert (time,getdate())),'wsv','wsv',6.000 ,'aut6786840430678686d808' ,0,0 ,2,23.00,10000,?,?,?,?)
20250114@154632.2678 e4fqfh9tls9r2q2n4seau01s91 Query : use flama_phc
20250114@154632.2695 e4fqfh9tls9r2q2n4seau01s91 Query : select st.usalote valor from st where st.ref = '324.2330.00.1'
20250114@154632.2725 e4fqfh9tls9r2q2n4seau01s91 Query : select top 1 st.tabiva ,st.ivaincl ,st.stns ,st.uni2 ,st.familia ,isnull(tx.taxa, 0) txiva ,unidade ,usalote ,epcpond ,noserie ,conversao ,st.texteis from st left join taxasiva tx on st.tabiva = tx.codigo where st.ref = '324.2330.00.1'
20250114@154632.2739 e4fqfh9tls9r2q2n4seau01s91 Query : select 1 valor from information_schema.tables where table_type='base table' and table_name='wstablefields'
20250114@154632.2782 e4fqfh9tls9r2q2n4seau01s91 Query : select fieldkey,fieldname,fieldtype,mandatory from wstablefields where tablename = 'fi' and documentnumber = 39
20250114@154632.2860 e4fqfh9tls9r2q2n4seau01s91 Query : select 1 valor from information_schema.tables where table_type='base table' and table_name='wstablefields'
20250114@154632.2956 e4fqfh9tls9r2q2n4seau01s91 Query : select fieldkey,fieldname,fieldtype,mandatory from wstablefields where tablename = 'fi2' and documentnumber = 39
20250114@154632.2966 e4fqfh9tls9r2q2n4seau01s91 Query : select top 1 convert(numeric(6,2),t.taxa) valor from taxasiva t where t.codigo='2'
20250114@154632.2981 e4fqfh9tls9r2q2n4seau01s91 Query : select sestamp valor from se where ref ='324.2330.00.1' and lote = 'r2400469200a'
20250114@154632.2996 e4fqfh9tls9r2q2n4seau01s91 Query : select 1 valor from information_schema.tables where table_type='base table' and table_name='wstablefields'
20250114@154632.3013 e4fqfh9tls9r2q2n4seau01s91 Query : select fieldkey,fieldname,fieldtype,calcformula from wstablefields where tablename = 'fi2' and documentnumber = 39
20250114@154632.3026 e4fqfh9tls9r2q2n4seau01s91 Query : insert into wsfi2data (fi2stamp,ftstamp ,ousrdata, ousrhora, usrdata,usrhora,ousrinis,usrinis) values ('aut6786850052678686d849','aut6786840430678686d808' ,getdate(),convert(char(8),convert (time,getdate())),getdate(),convert(char(8),convert (time,getdate())),'wsv','wsv')
20250114@154632.3031 e4fqfh9tls9r2q2n4seau01s91 Query : select 1 valor from information_schema.tables where table_type='base table' and table_name='wstablefields'
20250114@154632.3047 e4fqfh9tls9r2q2n4seau01s91 Query : select fieldkey,fieldname,fieldtype,calcformula from wstablefields where tablename = 'fi' and documentnumber = 39
20250114@154632.3082 e4fqfh9tls9r2q2n4seau01s91 Query : insert into wsfidata (fistamp,ousrdata, ousrhora, usrdata,usrhora,ousrinis,usrinis ,qtt ,ftstamp ,epv,pvmoeda ,tabiva,iva,lordem ,ref, design ,lote,armazem) values ('aut6786850052678686d849',getdate(),convert(char(8),convert (time,getdate())),getdate(),convert(char(8),convert (time,getdate())),'wsv','wsv',24.000 ,'aut6786840430678686d808' ,0,0 ,2,23.00,20000,?,?,?,?)
20250114@154632.3436 e4fqfh9tls9r2q2n4seau01s91 Query : use flama_phc
20250114@154632.3439 e4fqfh9tls9r2q2n4seau01s91 Query : select st.usalote valor from st where st.ref = '324.2335.00.1'
20250114@154632.3459 e4fqfh9tls9r2q2n4seau01s91 Query : select top 1 st.tabiva ,st.ivaincl ,st.stns ,st.uni2 ,st.familia ,isnull(tx.taxa, 0) txiva ,unidade ,usalote ,epcpond ,noserie ,conversao ,st.texteis from st left join taxasiva tx on st.tabiva = tx.codigo where st.ref = '324.2335.00.1'
20250114@154632.3473 e4fqfh9tls9r2q2n4seau01s91 Query : select 1 valor from information_schema.tables where table_type='base table' and table_name='wstablefields'
20250114@154632.3490 e4fqfh9tls9r2q2n4seau01s91 Query : select fieldkey,fieldname,fieldtype,mandatory from wstablefields where tablename = 'fi' and documentnumber = 39
20250114@154632.3516 e4fqfh9tls9r2q2n4seau01s91 Query : select 1 valor from information_schema.tables where table_type='base table' and table_name='wstablefields'
20250114@154632.3531 e4fqfh9tls9r2q2n4seau01s91 Query : select fieldkey,fieldname,fieldtype,mandatory from wstablefields where tablename = 'fi2' and documentnumber = 39
20250114@154632.3540 e4fqfh9tls9r2q2n4seau01s91 Query : select top 1 convert(numeric(6,2),t.taxa) valor from taxasiva t where t.codigo='2'
20250114@154632.3552 e4fqfh9tls9r2q2n4seau01s91 Query : select sestamp valor from se where ref ='324.2335.00.1' and lote = 'r2400468300a'
20250114@154632.3564 e4fqfh9tls9r2q2n4seau01s91 Query : select 1 valor from information_schema.tables where table_type='base table' and table_name='wstablefields'
20250114@154632.3579 e4fqfh9tls9r2q2n4seau01s91 Query : select fieldkey,fieldname,fieldtype,calcformula from wstablefields where tablename = 'fi2' and documentnumber = 39
20250114@154632.3591 e4fqfh9tls9r2q2n4seau01s91 Query : insert into wsfi2data (fi2stamp,ftstamp ,ousrdata, ousrhora, usrdata,usrhora,ousrinis,usrinis) values ('aut6786840063678686d857','aut6786840430678686d808' ,getdate(),convert(char(8),convert (time,getdate())),getdate(),convert(char(8),convert (time,getdate())),'wsv','wsv')
20250114@154632.3595 e4fqfh9tls9r2q2n4seau01s91 Query : select 1 valor from information_schema.tables where table_type='base table' and table_name='wstablefields'
20250114@154632.3609 e4fqfh9tls9r2q2n4seau01s91 Query : select fieldkey,fieldname,fieldtype,calcformula from wstablefields where tablename = 'fi' and documentnumber = 39
20250114@154632.3670 e4fqfh9tls9r2q2n4seau01s91 Query : insert into wsfidata (fistamp,ousrdata, ousrhora, usrdata,usrhora,ousrinis,usrinis ,qtt ,ftstamp ,epv,pvmoeda ,tabiva,iva,lordem ,ref, design ,lote,armazem) values ('aut6786840063678686d857',getdate(),convert(char(8),convert (time,getdate())),getdate(),convert(char(8),convert (time,getdate())),'wsv','wsv',20.000 ,'aut6786840430678686d808' ,0,0 ,2,23.00,30000,?,?,?,?)
20250114@154632.3967 e4fqfh9tls9r2q2n4seau01s91 Query : use flama_phc
20250114@154632.3970 e4fqfh9tls9r2q2n4seau01s91 Query : select st.usalote valor from st where st.ref = '324.2335.00.1'
20250114@154632.4003 e4fqfh9tls9r2q2n4seau01s91 Query : select top 1 st.tabiva ,st.ivaincl ,st.stns ,st.uni2 ,st.familia ,isnull(tx.taxa, 0) txiva ,unidade ,usalote ,epcpond ,noserie ,conversao ,st.texteis from st left join taxasiva tx on st.tabiva = tx.codigo where st.ref = '324.2335.00.1'
20250114@154632.4021 e4fqfh9tls9r2q2n4seau01s91 Query : select 1 valor from information_schema.tables where table_type='base table' and table_name='wstablefields'
20250114@154632.4039 e4fqfh9tls9r2q2n4seau01s91 Query : select fieldkey,fieldname,fieldtype,mandatory from wstablefields where tablename = 'fi' and documentnumber = 39
20250114@154632.4104 e4fqfh9tls9r2q2n4seau01s91 Query : select 1 valor from information_schema.tables where table_type='base table' and table_name='wstablefields'
20250114@154632.4122 e4fqfh9tls9r2q2n4seau01s91 Query : select fieldkey,fieldname,fieldtype,mandatory from wstablefields where tablename = 'fi2' and documentnumber = 39
20250114@154632.4141 e4fqfh9tls9r2q2n4seau01s91 Query : select top 1 convert(numeric(6,2),t.taxa) valor from taxasiva t where t.codigo='2'
20250114@154632.4154 e4fqfh9tls9r2q2n4seau01s91 Query : select sestamp valor from se where ref ='324.2335.00.1' and lote = 'r2400468300a'
20250114@154632.4168 e4fqfh9tls9r2q2n4seau01s91 Query : select 1 valor from information_schema.tables where table_type='base table' and table_name='wstablefields'
20250114@154632.4183 e4fqfh9tls9r2q2n4seau01s91 Query : select fieldkey,fieldname,fieldtype,calcformula from wstablefields where tablename = 'fi2' and documentnumber = 39
20250114@154632.4196 e4fqfh9tls9r2q2n4seau01s91 Query : insert into wsfi2data (fi2stamp,ftstamp ,ousrdata, ousrhora, usrdata,usrhora,ousrinis,usrinis) values ('aut6786866139678686d865','aut6786840430678686d808' ,getdate(),convert(char(8),convert (time,getdate())),getdate(),convert(char(8),convert (time,getdate())),'wsv','wsv')
20250114@154632.4200 e4fqfh9tls9r2q2n4seau01s91 Query : select 1 valor from information_schema.tables where table_type='base table' and table_name='wstablefields'
20250114@154632.4215 e4fqfh9tls9r2q2n4seau01s91 Query : select fieldkey,fieldname,fieldtype,calcformula from wstablefields where tablename = 'fi' and documentnumber = 39
20250114@154632.4255 e4fqfh9tls9r2q2n4seau01s91 Query : insert into wsfidata (fistamp,ousrdata, ousrhora, usrdata,usrhora,ousrinis,usrinis ,qtt ,ftstamp ,epv,pvmoeda ,tabiva,iva,lordem ,ref, design ,lote,armazem) values ('aut6786866139678686d865',getdate(),convert(char(8),convert (time,getdate())),getdate(),convert(char(8),convert (time,getdate())),'wsv','wsv',20.000 ,'aut6786840430678686d808' ,0,0 ,2,23.00,40000,?,?,?,?)
20250114@154632.4597 e4fqfh9tls9r2q2n4seau01s91 Query : use flama_phc
20250114@154632.4601 e4fqfh9tls9r2q2n4seau01s91 Query : select st.usalote valor from st where st.ref = '324.2335.00.1'
20250114@154632.4620 e4fqfh9tls9r2q2n4seau01s91 Query : select top 1 st.tabiva ,st.ivaincl ,st.stns ,st.uni2 ,st.familia ,isnull(tx.taxa, 0) txiva ,unidade ,usalote ,epcpond ,noserie ,conversao ,st.texteis from st left join taxasiva tx on st.tabiva = tx.codigo where st.ref = '324.2335.00.1'
20250114@154632.4634 e4fqfh9tls9r2q2n4seau01s91 Query : select 1 valor from information_schema.tables where table_type='base table' and table_name='wstablefields'
20250114@154632.4650 e4fqfh9tls9r2q2n4seau01s91 Query : select fieldkey,fieldname,fieldtype,mandatory from wstablefields where tablename = 'fi' and documentnumber = 39
20250114@154632.4675 e4fqfh9tls9r2q2n4seau01s91 Query : select 1 valor from information_schema.tables where table_type='base table' and table_name='wstablefields'
20250114@154632.4690 e4fqfh9tls9r2q2n4seau01s91 Query : select fieldkey,fieldname,fieldtype,mandatory from wstablefields where tablename = 'fi2' and documentnumber = 39
20250114@154632.4699 e4fqfh9tls9r2q2n4seau01s91 Query : select top 1 convert(numeric(6,2),t.taxa) valor from taxasiva t where t.codigo='2'
20250114@154632.4711 e4fqfh9tls9r2q2n4seau01s91 Query : select sestamp valor from se where ref ='324.2335.00.1' and lote = 'r2400468300a'
20250114@154632.4749 e4fqfh9tls9r2q2n4seau01s91 Query : select 1 valor from information_schema.tables where table_type='base table' and table_name='wstablefields'
20250114@154632.4764 e4fqfh9tls9r2q2n4seau01s91 Query : select fieldkey,fieldname,fieldtype,calcformula from wstablefields where tablename = 'fi2' and documentnumber = 39
20250114@154632.4776 e4fqfh9tls9r2q2n4seau01s91 Query : insert into wsfi2data (fi2stamp,ftstamp ,ousrdata, ousrhora, usrdata,usrhora,ousrinis,usrinis) values ('aut6786890942678686d873','aut6786840430678686d808' ,getdate(),convert(char(8),convert (time,getdate())),getdate(),convert(char(8),convert (time,getdate())),'wsv','wsv')
20250114@154632.4781 e4fqfh9tls9r2q2n4seau01s91 Query : select 1 valor from information_schema.tables where table_type='base table' and table_name='wstablefields'
20250114@154632.4796 e4fqfh9tls9r2q2n4seau01s91 Query : select fieldkey,fieldname,fieldtype,calcformula from wstablefields where tablename = 'fi' and documentnumber = 39
20250114@154632.4824 e4fqfh9tls9r2q2n4seau01s91 Query : insert into wsfidata (fistamp,ousrdata, ousrhora, usrdata,usrhora,ousrinis,usrinis ,qtt ,ftstamp ,epv,pvmoeda ,tabiva,iva,lordem ,ref, design ,lote,armazem) values ('aut6786890942678686d873',getdate(),convert(char(8),convert (time,getdate())),getdate(),convert(char(8),convert (time,getdate())),'wsv','wsv',20.000 ,'aut6786840430678686d808' ,0,0 ,2,23.00,50000,?,?,?,?)
20250114@154632.5144 e4fqfh9tls9r2q2n4seau01s91 Query : insert into wsftcreationlog (initialftstamp,externalid,creationstatus,documenttypeid,idustamp) values ('aut6786840430678686d808','2500352','wait',39,'adm09112754980.682000002')
20250114@154632.5250 e4fqfh9tls9r2q2n4seau01s91 Query : use flama_phc
20250114@154632.5253 e4fqfh9tls9r2q2n4seau01s91 Query : update u_wsusers set rqsttoken =? where userid ='userls001'
20250114@154632.5310 e4fqfh9tls9r2q2n4seau01s91 Query : select concat(rtrim(relative_path),ltrim(name_new)) as valor from uploadfiles where uploadfile_id='4595';
20250114@154632.5360 e4fqfh9tls9r2q2n4seau01s91 Query : update uploadfiles set whenupdated=current_timestamp where uploadfile_id='4595';
20250114@154632.5419 e4fqfh9tls9r2q2n4seau01s91 Query : select concat(rtrim(relative_path),ltrim(name_new)) as valor from uploadfiles where uploadfile_id='4595';
20250114@154632.5489 e4fqfh9tls9r2q2n4seau01s91 Query : update uploadfiles set whenupdated=current_timestamp where uploadfile_id='4595';
20250114@154632.6111 l992dpu44htkln8q106gfqekog Query : insert into uploadfiles ( name_original, name_new, option_type, relative_path, whencreated ) values ( ?, ?, ?, ?, getdate() )
20250114@154632.6122 l992dpu44htkln8q106gfqekog Query : select uploadfile_id valor from uploadfiles where name_new = ? and option_type = ? 
20250114@154632.6193 l992dpu44htkln8q106gfqekog Query : select concat(rtrim(relative_path),ltrim(name_new)) as valor from uploadfiles where uploadfile_id='4596';
20250114@154632.6256 l992dpu44htkln8q106gfqekog Query : update uploadfiles set whenupdated=current_timestamp where uploadfile_id='4596';
20250114@154632.6340 l992dpu44htkln8q106gfqekog Query : select concat(rtrim(relative_path),ltrim(name_new)) as valor from uploadfiles where uploadfile_id='4596';
20250114@154632.6374 l992dpu44htkln8q106gfqekog Query : update uploadfiles set whenupdated=current_timestamp where uploadfile_id='4596';
20250114@154632.6449 l992dpu44htkln8q106gfqekog Query : use flama_phc
20250114@154632.6453 l992dpu44htkln8q106gfqekog Query : select top 1 secretkey valor from u_wsusers u where u.userid = ? and u.inactivo=0
20250114@154632.6517 l992dpu44htkln8q106gfqekog Query : use flama_phc
20250114@154632.6520 l992dpu44htkln8q106gfqekog Query : select no, estab,szadrsdesc from szadrs where u_coddest=4779
20250114@154632.6634 l992dpu44htkln8q106gfqekog Query : select top 1 isnull(design,'') valor from st (nolock) left join stobs (nolock) on st.ref = stobs.ref where st.ref = '304.422.00.07'
20250114@154632.6841 l992dpu44htkln8q106gfqekog Query : select top 1 isnull(design,'') valor from st (nolock) left join stobs (nolock) on st.ref = stobs.ref where st.ref = '304.421.00.04'
20250114@154632.6864 l992dpu44htkln8q106gfqekog Query : select top 1 isnull(design,'') valor from st (nolock) left join stobs (nolock) on st.ref = stobs.ref where st.ref = '324.4960.00.1'
20250114@154632.7054 l992dpu44htkln8q106gfqekog Query : select top 1 isnull(design,'') valor from st (nolock) left join stobs (nolock) on st.ref = stobs.ref where st.ref = '324.4840.00.1'
20250114@154632.7265 l992dpu44htkln8q106gfqekog Query : select top 1 isnull(design,'') valor from st (nolock) left join stobs (nolock) on st.ref = stobs.ref where st.ref = '324.2232.00.1'
20250114@154632.7431 l992dpu44htkln8q106gfqekog Query : select top 1 isnull(design,'') valor from st (nolock) left join stobs (nolock) on st.ref = stobs.ref where st.ref = '324.4980.00.1'
20250114@154632.7453 l992dpu44htkln8q106gfqekog Query : use flama_phc
20250114@154632.7456 l992dpu44htkln8q106gfqekog Query : select top 1 convert(date,fdata) valor from ft where ndoc = 39 and anulado= 0 and fno>0 order by fdata desc
20250114@154632.7491 l992dpu44htkln8q106gfqekog Query : use flama_phc
20250114@154632.7494 l992dpu44htkln8q106gfqekog Query : select top 1 1 valor from td where td.ndoc = 39
20250114@154632.7522 l992dpu44htkln8q106gfqekog Query : use flama_phc
20250114@154632.7525 l992dpu44htkln8q106gfqekog Query : select lower(descricao) descricao ,case when valor='s' then 1 else 0 end valor from para1 where descricao in ('st_lote','st_usalogifunc', 'st_grelha')
20250114@154632.7561 l992dpu44htkln8q106gfqekog Query : select top 1 manternumero ,assinadoc issigned ,tiposaft ,assinaimp ,nmdos ,td.assinadoc ,'cl' origin ,lancasl stocks ,case when cmsl<50 and td.lancasl=1 then 1 else 0 end entrada ,case when cmsl>50 and td.lancasl=1 then 1 else 0 end saida ,temserie assets ,~semgre usegridfields from td inner join td2 on td.tdstamp=td2.td2stamp where td.ndoc = 1
20250114@154632.7594 l992dpu44htkln8q106gfqekog Query : use flama_phc
20250114@154632.7597 l992dpu44htkln8q106gfqekog Query : select top 1 ~inactivo valor from cl where no = '101900' and estab = 0 order by inactivo desc
20250114@154632.7772 l992dpu44htkln8q106gfqekog Query : use flama_phc
20250114@154632.7776 l992dpu44htkln8q106gfqekog Query : select top 1 tipodoc,regrd from td where ndoc = 39
20250114@154632.7809 l992dpu44htkln8q106gfqekog Query : use flama_phc
20250114@154632.7813 l992dpu44htkln8q106gfqekog Query : select szadrsstamp valor from szadrs where szadrsdesc='espaÇotrans,lda'
20250114@154632.7857 l992dpu44htkln8q106gfqekog Query : use flama_phc
20250114@154632.7860 l992dpu44htkln8q106gfqekog Query : select szadrsstamp valor from szadrs where szadrsdesc='101900 - pd - alcochete'
20250114@154632.7911 l992dpu44htkln8q106gfqekog Query : use flama_phc
20250114@154632.7914 l992dpu44htkln8q106gfqekog Query : select 1 valor from td where ndoc = 39
20250114@154632.7929 l992dpu44htkln8q106gfqekog Query : select top 1 manternumero, tiposaft, nmdos,td.assinadoc from td where td.ndoc = 39
20250114@154632.7946 l992dpu44htkln8q106gfqekog Query : select 1 valor from information_schema.tables where table_type='base table' and table_name='wstablefields'
20250114@154632.8121 l992dpu44htkln8q106gfqekog Query : select fieldkey,fieldname,fieldtype,mandatory from wstablefields where tablename = 'ft' and documentnumber = 39
20250114@154632.8861 l992dpu44htkln8q106gfqekog Query : select 1 valor from information_schema.tables where table_type='base table' and table_name='wstablefields'
20250114@154632.9329 l992dpu44htkln8q106gfqekog Query : select fieldkey,fieldname,fieldtype,mandatory from wstablefields where tablename = 'ft2' and documentnumber = 39
20250114@154632.9397 l992dpu44htkln8q106gfqekog Query : select 1 valor from information_schema.tables where table_type='base table' and table_name='wstablefields'
20250114@154632.9415 l992dpu44htkln8q106gfqekog Query : select fieldkey,fieldname,fieldtype,mandatory from wstablefields where tablename = 'ft3' and documentnumber = 39
20250114@154632.9430 l992dpu44htkln8q106gfqekog Query : select top 1 ft.fno valor from ft ft where ft.ndoc = 39 and ftano=2025 order by fno desc
20250114@154632.9542 l992dpu44htkln8q106gfqekog Query : select top 1 ft.fno valor from wsftdata ft where ft.ndoc = 39 and ftano=2025 order by fno desc
20250114@154632.9559 l992dpu44htkln8q106gfqekog Query : select 1 valor from information_schema.tables where table_type='base table' and table_name='wstablefields'
20250114@154632.9578 l992dpu44htkln8q106gfqekog Query : select fieldkey,fieldname,fieldtype,calcformula from wstablefields where tablename = 'ft3' and documentnumber = 39
20250114@154632.9596 l992dpu44htkln8q106gfqekog Query : insert into wsft3data (ft3stamp, ousrdata, ousrhora, usrdata,usrhora,ousrinis,usrinis,taxpointdt ) values ('aut6786858046678686d8e6' ,getdate(),convert(char(8),convert (time,getdate())),getdate(),convert(char(8),convert (time,getdate())),'wsv','wsv',?)
20250114@154632.9876 l992dpu44htkln8q106gfqekog Query : select 1 valor from information_schema.tables where table_type='base table' and table_name='wstablefields'
20250114@154632.9997 l992dpu44htkln8q106gfqekog Query : select fieldkey,fieldname,fieldtype,calcformula from wstablefields where tablename = 'ft2' and documentnumber = 39
20250114@154633.4300 l992dpu44htkln8q106gfqekog Query : select top 1 bo.u_nomeenv valor from bo where bo.bostamp=''
20250114@154633.5700 l992dpu44htkln8q106gfqekog Query : select top 1 bo.u_moradaen valor from bo where bo.bostamp=''
20250114@154633.7000 l992dpu44htkln8q106gfqekog Query : select top 1 bo.u_codposen valor from bo where bo.bostamp=''
20250114@154633.8600 l992dpu44htkln8q106gfqekog Query : select top 1 bo.u_localenv valor from bo where bo.bostamp=''
20250114@154633.1010 l992dpu44htkln8q106gfqekog Query : select top 1 bo.trab5 valor from bo where bo.bostamp=''
20250114@154633.1160 l992dpu44htkln8q106gfqekog Query : select top 1 bo.serie valor from bo where bo.bostamp=''
20250114@154633.1610 l992dpu44htkln8q106gfqekog Query : insert into wsft2data (ft2stamp, ousrdata,ousrhora, usrdata,usrhora,ousrinis,usrinis,u_nomeenv ,u_moradaen ,u_codposen ,u_localenv ,u_coddest ,u_codby ) values ('aut6786858046678686d8e6',getdate(),convert(char(8),convert (time,getdate())),getdate(),convert(char(8),convert (time,getdate())),'wsv','wsv',?,?,?,?,?,?)
20250114@154633.4430 l992dpu44htkln8q106gfqekog Query : select top 1 fno valor from wsftdata order by fno desc
20250114@154633.4800 l992dpu44htkln8q106gfqekog Query : select 1 valor from information_schema.tables where table_type='base table' and table_name='wstablefields'
20250114@154633.5200 l992dpu44htkln8q106gfqekog Query : select fieldkey,fieldname,fieldtype,calcformula from wstablefields where tablename = 'ft' and documentnumber = 39
20250114@154633.5490 l992dpu44htkln8q106gfqekog Query : select 'normal' from dummy
20250114@154633.5650 l992dpu44htkln8q106gfqekog Query : insert into wsftdata (ftstamp, ousrdata,ousrhora, usrdata,usrhora,ousrinis,usrinis,fno,no,estab,fdata,ndoc,moeda,cambio,cambiofixo,ftano,site ,classe ) values ('aut6786858046678686d8e6',getdate(),convert(char(8),convert (time,getdate())),getdate(),convert(char(8),convert (time,getdate())),'wsv','wsv',2974,101900,0,'2025-01-14',39,'euro',0,0,2025 ,?,?)
20250114@154633.9160 l992dpu44htkln8q106gfqekog Query : use flama_phc
20250114@154633.9190 l992dpu44htkln8q106gfqekog Query : select st.usalote valor from st where st.ref = '304.422.00.07'
20250114@154633.9420 l992dpu44htkln8q106gfqekog Query : select top 1 st.tabiva ,st.ivaincl ,st.stns ,st.uni2 ,st.familia ,isnull(tx.taxa, 0) txiva ,unidade ,usalote ,epcpond ,noserie ,conversao ,st.texteis from st left join taxasiva tx on st.tabiva = tx.codigo where st.ref = '304.422.00.07'
20250114@154633.1098 l992dpu44htkln8q106gfqekog Query : select 1 valor from information_schema.tables where table_type='base table' and table_name='wstablefields'
20250114@154633.1115 l992dpu44htkln8q106gfqekog Query : select fieldkey,fieldname,fieldtype,mandatory from wstablefields where tablename = 'fi' and documentnumber = 39
20250114@154633.1143 l992dpu44htkln8q106gfqekog Query : select 1 valor from information_schema.tables where table_type='base table' and table_name='wstablefields'
20250114@154633.1158 l992dpu44htkln8q106gfqekog Query : select fieldkey,fieldname,fieldtype,mandatory from wstablefields where tablename = 'fi2' and documentnumber = 39
20250114@154633.1166 l992dpu44htkln8q106gfqekog Query : select top 1 convert(numeric(6,2),t.taxa) valor from taxasiva t where t.codigo='2'
20250114@154633.1178 l992dpu44htkln8q106gfqekog Query : select sestamp valor from se where ref ='304.422.00.07' and lote = '241228'
20250114@154633.1227 l992dpu44htkln8q106gfqekog Query : select 1 valor from information_schema.tables where table_type='base table' and table_name='wstablefields'
20250114@154633.1243 l992dpu44htkln8q106gfqekog Query : select fieldkey,fieldname,fieldtype,calcformula from wstablefields where tablename = 'fi2' and documentnumber = 39
20250114@154633.1267 l992dpu44htkln8q106gfqekog Query : insert into wsfi2data (fi2stamp,ftstamp ,ousrdata, ousrhora, usrdata,usrhora,ousrinis,usrinis) values ('aut6786809164678686d91d','aut6786858046678686d8e6' ,getdate(),convert(char(8),convert (time,getdate())),getdate(),convert(char(8),convert (time,getdate())),'wsv','wsv')
20250114@154633.1271 l992dpu44htkln8q106gfqekog Query : select 1 valor from information_schema.tables where table_type='base table' and table_name='wstablefields'
20250114@154633.1287 l992dpu44htkln8q106gfqekog Query : select fieldkey,fieldname,fieldtype,calcformula from wstablefields where tablename = 'fi' and documentnumber = 39
20250114@154633.1315 l992dpu44htkln8q106gfqekog Query : insert into wsfidata (fistamp,ousrdata, ousrhora, usrdata,usrhora,ousrinis,usrinis ,qtt ,ftstamp ,epv,pvmoeda ,tabiva,iva,lordem ,ref, design ,lote,armazem) values ('aut6786809164678686d91d',getdate(),convert(char(8),convert (time,getdate())),getdate(),convert(char(8),convert (time,getdate())),'wsv','wsv',20.000 ,'aut6786858046678686d8e6' ,0,0 ,2,23.00,10000,?,?,?,?)
