20250115@155932.5837 l4teu237p77ugqfe9tlaj0v4h7 INICIO DE FICHEIRO DE LOG :: /var/www/webservices/logs/website.sql.log
20250115@155932.5836 l4teu237p77ugqfe9tlaj0v4h7 Query : select top 1 st.tabiva ,st.ivaincl ,st.stns ,st.uni2 ,st.familia ,isnull(tx.taxa, 0) txiva ,unidade ,usalote ,epcpond ,noserie ,conversao ,st.texteis from st left join taxasiva tx on st.tabiva = tx.codigo where st.ref = '324.1847.00.1'
20250115@155932.5860 l4teu237p77ugqfe9tlaj0v4h7 Query : select 1 valor from information_schema.tables where table_type='base table' and table_name='wstablefields'
20250115@155932.5879 l4teu237p77ugqfe9tlaj0v4h7 Query : select fieldkey,fieldname,fieldtype,mandatory from wstablefields where tablename = 'fi' and documentnumber = 39
20250115@155932.5908 l4teu237p77ugqfe9tlaj0v4h7 Query : select 1 valor from information_schema.tables where table_type='base table' and table_name='wstablefields'
20250115@155932.5924 l4teu237p77ugqfe9tlaj0v4h7 Query : select fieldkey,fieldname,fieldtype,mandatory from wstablefields where tablename = 'fi2' and documentnumber = 39
20250115@155932.5935 l4teu237p77ugqfe9tlaj0v4h7 Query : select top 1 convert(numeric(6,2),t.taxa) valor from taxasiva t where t.codigo='2'
20250115@155932.5950 l4teu237p77ugqfe9tlaj0v4h7 Query : select sestamp valor from se where ref ='324.1847.00.1' and lote = 'r2400922300a'
20250115@155932.5966 l4teu237p77ugqfe9tlaj0v4h7 Query : select 1 valor from information_schema.tables where table_type='base table' and table_name='wstablefields'
20250115@155932.5982 l4teu237p77ugqfe9tlaj0v4h7 Query : select fieldkey,fieldname,fieldtype,calcformula from wstablefields where tablename = 'fi2' and documentnumber = 39
20250115@155932.5997 l4teu237p77ugqfe9tlaj0v4h7 Query : insert into wsfi2data (fi2stamp,ftstamp ,ousrdata, ousrhora, usrdata,usrhora,ousrinis,usrinis) values ('aut6787d309996787db6491','aut6787d687216787db6278' ,getdate(),convert(char(8),convert (time,getdate())),getdate(),convert(char(8),convert (time,getdate())),'wsv','wsv')
20250115@155932.6003 l4teu237p77ugqfe9tlaj0v4h7 Query : select 1 valor from information_schema.tables where table_type='base table' and table_name='wstablefields'
20250115@155932.6023 l4teu237p77ugqfe9tlaj0v4h7 Query : select fieldkey,fieldname,fieldtype,calcformula from wstablefields where tablename = 'fi' and documentnumber = 39
20250115@155932.6058 l4teu237p77ugqfe9tlaj0v4h7 Query : insert into wsfidata (fistamp,ousrdata, ousrhora, usrdata,usrhora,ousrinis,usrinis ,qtt ,ftstamp ,epv,pvmoeda ,tabiva,iva,lordem ,ref, design ,lote,armazem,bistamp ) values ('aut6787d309996787db6491',getdate(),convert(char(8),convert (time,getdate())),getdate(),convert(char(8),convert (time,getdate())),'wsv','wsv',20.000 ,'aut6787d687216787db6278' ,0,0 ,2,23.00,370000,?,?,?,?,?)
20250115@155932.6368 l4teu237p77ugqfe9tlaj0v4h7 Query : select 1 valor from information_schema.tables where table_type='base table' and table_name='wstablefields'
20250115@155932.6389 l4teu237p77ugqfe9tlaj0v4h7 Query : select fieldkey,fieldname,fieldtype,mandatory from wstablefields where tablename = 'fi' and documentnumber = 39
20250115@155932.6419 l4teu237p77ugqfe9tlaj0v4h7 Query : select 1 valor from information_schema.tables where table_type='base table' and table_name='wstablefields'
20250115@155932.6436 l4teu237p77ugqfe9tlaj0v4h7 Query : select fieldkey,fieldname,fieldtype,mandatory from wstablefields where tablename = 'fi2' and documentnumber = 39
20250115@155932.6447 l4teu237p77ugqfe9tlaj0v4h7 Query : select top 1 convert(numeric(6,2),t.taxa) valor from taxasiva t where t.codigo='2'
20250115@155932.6460 l4teu237p77ugqfe9tlaj0v4h7 Query : select 1 valor from information_schema.tables where table_type='base table' and table_name='wstablefields'
20250115@155932.6477 l4teu237p77ugqfe9tlaj0v4h7 Query : select fieldkey,fieldname,fieldtype,calcformula from wstablefields where tablename = 'fi2' and documentnumber = 39
20250115@155932.6491 l4teu237p77ugqfe9tlaj0v4h7 Query : insert into wsfi2data (fi2stamp,ftstamp ,ousrdata, ousrhora, usrdata,usrhora,ousrinis,usrinis) values ('aut6787d031236787db649d','aut6787d687216787db6278' ,getdate(),convert(char(8),convert (time,getdate())),getdate(),convert(char(8),convert (time,getdate())),'wsv','wsv')
20250115@155932.6497 l4teu237p77ugqfe9tlaj0v4h7 Query : select 1 valor from information_schema.tables where table_type='base table' and table_name='wstablefields'
20250115@155932.6513 l4teu237p77ugqfe9tlaj0v4h7 Query : select fieldkey,fieldname,fieldtype,calcformula from wstablefields where tablename = 'fi' and documentnumber = 39
20250115@155932.6546 l4teu237p77ugqfe9tlaj0v4h7 Query : insert into wsfidata (fistamp,ousrdata, ousrhora, usrdata,usrhora,ousrinis,usrinis ,qtt ,ftstamp ,epv,pvmoeda ,tabiva,iva,lordem ,ref, design ,armazem) values ('aut6787d031236787db649d',getdate(),convert(char(8),convert (time,getdate())),getdate(),convert(char(8),convert (time,getdate())),'wsv','wsv',0 ,'aut6787d687216787db6278' ,0,0 ,2,23.00,380000,?,?,?)
20250115@155932.6886 l4teu237p77ugqfe9tlaj0v4h7 Query : insert into wsftcreationlog (initialftstamp,externalid,creationstatus,documenttypeid,idustamp) values ('aut6787d687216787db6278','2500397','wait',39,'adm09112754980.682000002')
20250115@155932.6967 l4teu237p77ugqfe9tlaj0v4h7 Query : use flama_phc
20250115@155932.6971 l4teu237p77ugqfe9tlaj0v4h7 Query : update u_wsusers set rqsttoken =? where userid ='userls001'
20250115@155932.7005 l4teu237p77ugqfe9tlaj0v4h7 Query : select concat(rtrim(relative_path),ltrim(name_new)) as valor from uploadfiles where uploadfile_id='4632';
20250115@155932.7054 l4teu237p77ugqfe9tlaj0v4h7 Query : update uploadfiles set whenupdated=current_timestamp where uploadfile_id='4632';
20250115@155932.7113 l4teu237p77ugqfe9tlaj0v4h7 Query : select concat(rtrim(relative_path),ltrim(name_new)) as valor from uploadfiles where uploadfile_id='4632';
20250115@155932.7151 l4teu237p77ugqfe9tlaj0v4h7 Query : update uploadfiles set whenupdated=current_timestamp where uploadfile_id='4632';
20250115@155932.7683 819agll8qe98qjf5rl1aicb8jv Query : insert into uploadfiles ( name_original, name_new, option_type, relative_path, whencreated ) values ( ?, ?, ?, ?, getdate() )
20250115@155932.7695 819agll8qe98qjf5rl1aicb8jv Query : select uploadfile_id valor from uploadfiles where name_new = ? and option_type = ? 
20250115@155932.7781 819agll8qe98qjf5rl1aicb8jv Query : select concat(rtrim(relative_path),ltrim(name_new)) as valor from uploadfiles where uploadfile_id='4633';
20250115@155932.7860 819agll8qe98qjf5rl1aicb8jv Query : update uploadfiles set whenupdated=current_timestamp where uploadfile_id='4633';
20250115@155932.7931 819agll8qe98qjf5rl1aicb8jv Query : select concat(rtrim(relative_path),ltrim(name_new)) as valor from uploadfiles where uploadfile_id='4633';
20250115@155932.7969 819agll8qe98qjf5rl1aicb8jv Query : update uploadfiles set whenupdated=current_timestamp where uploadfile_id='4633';
20250115@155932.8030 819agll8qe98qjf5rl1aicb8jv Query : use flama_phc
20250115@155932.8035 819agll8qe98qjf5rl1aicb8jv Query : select top 1 secretkey valor from u_wsusers u where u.userid = ? and u.inactivo=0
20250115@155932.8113 819agll8qe98qjf5rl1aicb8jv Query : use flama_phc
20250115@155932.8118 819agll8qe98qjf5rl1aicb8jv Query : select no, estab,szadrsdesc from szadrs where u_coddest=1476
20250115@155932.8228 819agll8qe98qjf5rl1aicb8jv Query : select top 1 isnull(design,'') valor from st (nolock) left join stobs (nolock) on st.ref = stobs.ref where st.ref = '324.5396.00.1'
20250115@155932.8256 819agll8qe98qjf5rl1aicb8jv Query : select top 1 bistamp valor from bi inner join bo on bo.bostamp=bi.bostamp where bo.ndos =250 and bo.boano =2003 and bo.obrano = 2500399 and bi.ref ='324.5396.00.1' and bi.lordem =1
20250115@155932.8608 819agll8qe98qjf5rl1aicb8jv Query : use flama_phc
20250115@155932.8612 819agll8qe98qjf5rl1aicb8jv Query : select top 1 convert(date,fdata) valor from ft where ndoc = 39 and anulado= 0 and fno>0 order by fdata desc
20250115@155932.8647 819agll8qe98qjf5rl1aicb8jv Query : use flama_phc
20250115@155932.8650 819agll8qe98qjf5rl1aicb8jv Query : select top 1 1 valor from td where td.ndoc = 39
20250115@155932.8683 819agll8qe98qjf5rl1aicb8jv Query : use flama_phc
20250115@155932.8687 819agll8qe98qjf5rl1aicb8jv Query : select lower(descricao) descricao ,case when valor='s' then 1 else 0 end valor from para1 where descricao in ('st_lote','st_usalogifunc', 'st_grelha')
20250115@155932.8722 819agll8qe98qjf5rl1aicb8jv Query : select top 1 manternumero ,assinadoc issigned ,tiposaft ,assinaimp ,nmdos ,td.assinadoc ,'cl' origin ,lancasl stocks ,case when cmsl<50 and td.lancasl=1 then 1 else 0 end entrada ,case when cmsl>50 and td.lancasl=1 then 1 else 0 end saida ,temserie assets ,~semgre usegridfields from td inner join td2 on td.tdstamp=td2.td2stamp where td.ndoc = 1
20250115@155932.8759 819agll8qe98qjf5rl1aicb8jv Query : use flama_phc
20250115@155932.8763 819agll8qe98qjf5rl1aicb8jv Query : select top 1 ~inactivo valor from cl where no = '101638' and estab = 0 order by inactivo desc
20250115@155932.8911 819agll8qe98qjf5rl1aicb8jv Query : use flama_phc
20250115@155932.8915 819agll8qe98qjf5rl1aicb8jv Query : select top 1 tipodoc,regrd from td where ndoc = 39
20250115@155932.8953 819agll8qe98qjf5rl1aicb8jv Query : use flama_phc
20250115@155932.8957 819agll8qe98qjf5rl1aicb8jv Query : select szadrsstamp valor from szadrs where szadrsdesc='espaÇotrans,lda'
20250115@155932.9009 819agll8qe98qjf5rl1aicb8jv Query : use flama_phc
20250115@155932.9012 819agll8qe98qjf5rl1aicb8jv Query : select szadrsstamp valor from szadrs where szadrsdesc='almendre faria dos santos, lda'
20250115@155932.9063 819agll8qe98qjf5rl1aicb8jv Query : use flama_phc
20250115@155932.9066 819agll8qe98qjf5rl1aicb8jv Query : select 1 valor from td where ndoc = 39
20250115@155932.9080 819agll8qe98qjf5rl1aicb8jv Query : select top 1 manternumero, tiposaft, nmdos,td.assinadoc from td where td.ndoc = 39
20250115@155932.9096 819agll8qe98qjf5rl1aicb8jv Query : select 1 valor from information_schema.tables where table_type='base table' and table_name='wstablefields'
20250115@155932.9119 819agll8qe98qjf5rl1aicb8jv Query : select fieldkey,fieldname,fieldtype,mandatory from wstablefields where tablename = 'ft' and documentnumber = 39
20250115@155932.9141 819agll8qe98qjf5rl1aicb8jv Query : select 1 valor from information_schema.tables where table_type='base table' and table_name='wstablefields'
20250115@155932.9159 819agll8qe98qjf5rl1aicb8jv Query : select fieldkey,fieldname,fieldtype,mandatory from wstablefields where tablename = 'ft2' and documentnumber = 39
20250115@155932.9193 819agll8qe98qjf5rl1aicb8jv Query : select 1 valor from information_schema.tables where table_type='base table' and table_name='wstablefields'
20250115@155932.9212 819agll8qe98qjf5rl1aicb8jv Query : select fieldkey,fieldname,fieldtype,mandatory from wstablefields where tablename = 'ft3' and documentnumber = 39
20250115@155932.9229 819agll8qe98qjf5rl1aicb8jv Query : select top 1 ft.fno valor from ft ft where ft.ndoc = 39 and ftano=2025 order by fno desc
20250115@155932.9342 819agll8qe98qjf5rl1aicb8jv Query : select top 1 ft.fno valor from wsftdata ft where ft.ndoc = 39 and ftano=2025 order by fno desc
20250115@155932.9471 819agll8qe98qjf5rl1aicb8jv Query : select 1 valor from information_schema.tables where table_type='base table' and table_name='wstablefields'
20250115@155932.9503 819agll8qe98qjf5rl1aicb8jv Query : select fieldkey,fieldname,fieldtype,calcformula from wstablefields where tablename = 'ft3' and documentnumber = 39
20250115@155932.9520 819agll8qe98qjf5rl1aicb8jv Query : insert into wsft3data (ft3stamp, ousrdata, ousrhora, usrdata,usrhora,ousrinis,usrinis,taxpointdt ) values ('aut6787d849166787db64e1' ,getdate(),convert(char(8),convert (time,getdate())),getdate(),convert(char(8),convert (time,getdate())),'wsv','wsv',?)
20250115@155932.9723 819agll8qe98qjf5rl1aicb8jv Query : select 1 valor from information_schema.tables where table_type='base table' and table_name='wstablefields'
20250115@155932.9743 819agll8qe98qjf5rl1aicb8jv Query : select fieldkey,fieldname,fieldtype,calcformula from wstablefields where tablename = 'ft2' and documentnumber = 39
20250115@155932.9782 819agll8qe98qjf5rl1aicb8jv Query : select top 1 bo.u_nomeenv valor from bo where bo.bostamp=''
20250115@155932.9797 819agll8qe98qjf5rl1aicb8jv Query : select top 1 bo.u_moradaen valor from bo where bo.bostamp=''
20250115@155932.9819 819agll8qe98qjf5rl1aicb8jv Query : select top 1 bo.u_codposen valor from bo where bo.bostamp=''
20250115@155932.9833 819agll8qe98qjf5rl1aicb8jv Query : select top 1 bo.u_localenv valor from bo where bo.bostamp=''
20250115@155932.9849 819agll8qe98qjf5rl1aicb8jv Query : select top 1 bo.trab5 valor from bo where bo.bostamp=''
20250115@155932.9863 819agll8qe98qjf5rl1aicb8jv Query : select top 1 bo.serie valor from bo where bo.bostamp=''
20250115@155932.9876 819agll8qe98qjf5rl1aicb8jv Query : insert into wsft2data (ft2stamp, ousrdata,ousrhora, usrdata,usrhora,ousrinis,usrinis,u_nomeenv ,u_moradaen ,u_codposen ,u_localenv ,u_coddest ,u_codby ) values ('aut6787d849166787db64e1',getdate(),convert(char(8),convert (time,getdate())),getdate(),convert(char(8),convert (time,getdate())),'wsv','wsv',?,?,?,?,?,?)
20250115@155933.1760 819agll8qe98qjf5rl1aicb8jv Query : select top 1 fno valor from wsftdata order by fno desc
20250115@155933.2130 819agll8qe98qjf5rl1aicb8jv Query : select 1 valor from information_schema.tables where table_type='base table' and table_name='wstablefields'
20250115@155933.2330 819agll8qe98qjf5rl1aicb8jv Query : select fieldkey,fieldname,fieldtype,calcformula from wstablefields where tablename = 'ft' and documentnumber = 39
20250115@155933.2690 819agll8qe98qjf5rl1aicb8jv Query : select 'normal' from dummy
20250115@155933.2890 819agll8qe98qjf5rl1aicb8jv Query : insert into wsftdata (ftstamp, ousrdata,ousrhora, usrdata,usrhora,ousrinis,usrinis,fno,no,estab,fdata,ndoc,moeda,cambio,cambiofixo,ftano,site ,classe ) values ('aut6787d849166787db64e1',getdate(),convert(char(8),convert (time,getdate())),getdate(),convert(char(8),convert (time,getdate())),'wsv','wsv',3008,101638,0,'2025-01-15',39,'euro',0,0,2025 ,?,?)
20250115@155933.6270 819agll8qe98qjf5rl1aicb8jv Query : use flama_phc
20250115@155933.6300 819agll8qe98qjf5rl1aicb8jv Query : select st.usalote valor from st where st.ref = '324.5396.00.1'
20250115@155933.6550 819agll8qe98qjf5rl1aicb8jv Query : select top 1 st.tabiva ,st.ivaincl ,st.stns ,st.uni2 ,st.familia ,isnull(tx.taxa, 0) txiva ,unidade ,usalote ,epcpond ,noserie ,conversao ,st.texteis from st left join taxasiva tx on st.tabiva = tx.codigo where st.ref = '324.5396.00.1'
20250115@155933.6760 819agll8qe98qjf5rl1aicb8jv Query : select 1 valor from information_schema.tables where table_type='base table' and table_name='wstablefields'
20250115@155933.6940 819agll8qe98qjf5rl1aicb8jv Query : select fieldkey,fieldname,fieldtype,mandatory from wstablefields where tablename = 'fi' and documentnumber = 39
20250115@155933.7210 819agll8qe98qjf5rl1aicb8jv Query : select 1 valor from information_schema.tables where table_type='base table' and table_name='wstablefields'
20250115@155933.7360 819agll8qe98qjf5rl1aicb8jv Query : select fieldkey,fieldname,fieldtype,mandatory from wstablefields where tablename = 'fi2' and documentnumber = 39
20250115@155933.7460 819agll8qe98qjf5rl1aicb8jv Query : select top 1 convert(numeric(6,2),t.taxa) valor from taxasiva t where t.codigo='2'
20250115@155933.7590 819agll8qe98qjf5rl1aicb8jv Query : select sestamp valor from se where ref ='324.5396.00.1' and lote = 'r2401041300a'
20250115@155933.7730 819agll8qe98qjf5rl1aicb8jv Query : select 1 valor from information_schema.tables where table_type='base table' and table_name='wstablefields'
20250115@155933.7880 819agll8qe98qjf5rl1aicb8jv Query : select fieldkey,fieldname,fieldtype,calcformula from wstablefields where tablename = 'fi2' and documentnumber = 39
20250115@155933.8010 819agll8qe98qjf5rl1aicb8jv Query : insert into wsfi2data (fi2stamp,ftstamp ,ousrdata, ousrhora, usrdata,usrhora,ousrinis,usrinis) values ('aut6787d808286787db6512','aut6787d849166787db64e1' ,getdate(),convert(char(8),convert (time,getdate())),getdate(),convert(char(8),convert (time,getdate())),'wsv','wsv')
20250115@155933.8050 819agll8qe98qjf5rl1aicb8jv Query : select 1 valor from information_schema.tables where table_type='base table' and table_name='wstablefields'
20250115@155933.8210 819agll8qe98qjf5rl1aicb8jv Query : select fieldkey,fieldname,fieldtype,calcformula from wstablefields where tablename = 'fi' and documentnumber = 39
20250115@155933.8550 819agll8qe98qjf5rl1aicb8jv Query : insert into wsfidata (fistamp,ousrdata, ousrhora, usrdata,usrhora,ousrinis,usrinis ,qtt ,ftstamp ,epv,pvmoeda ,tabiva,iva,lordem ,ref, design ,lote,armazem,bistamp ) values ('aut6787d808286787db6512',getdate(),convert(char(8),convert (time,getdate())),getdate(),convert(char(8),convert (time,getdate())),'wsv','wsv',6.000 ,'aut6787d849166787db64e1' ,0,0 ,2,23.00,10000,?,?,?,?,?)
20250115@155933.1169 819agll8qe98qjf5rl1aicb8jv Query : select 1 valor from information_schema.tables where table_type='base table' and table_name='wstablefields'
20250115@155933.1187 819agll8qe98qjf5rl1aicb8jv Query : select fieldkey,fieldname,fieldtype,mandatory from wstablefields where tablename = 'fi' and documentnumber = 39
20250115@155933.1215 819agll8qe98qjf5rl1aicb8jv Query : select 1 valor from information_schema.tables where table_type='base table' and table_name='wstablefields'
20250115@155933.1232 819agll8qe98qjf5rl1aicb8jv Query : select fieldkey,fieldname,fieldtype,mandatory from wstablefields where tablename = 'fi2' and documentnumber = 39
20250115@155933.1241 819agll8qe98qjf5rl1aicb8jv Query : select top 1 convert(numeric(6,2),t.taxa) valor from taxasiva t where t.codigo='2'
20250115@155933.1255 819agll8qe98qjf5rl1aicb8jv Query : select 1 valor from information_schema.tables where table_type='base table' and table_name='wstablefields'
20250115@155933.1272 819agll8qe98qjf5rl1aicb8jv Query : select fieldkey,fieldname,fieldtype,calcformula from wstablefields where tablename = 'fi2' and documentnumber = 39
20250115@155933.1286 819agll8qe98qjf5rl1aicb8jv Query : insert into wsfi2data (fi2stamp,ftstamp ,ousrdata, ousrhora, usrdata,usrhora,ousrinis,usrinis) values ('aut6787d584016787db651e','aut6787d849166787db64e1' ,getdate(),convert(char(8),convert (time,getdate())),getdate(),convert(char(8),convert (time,getdate())),'wsv','wsv')
20250115@155933.1291 819agll8qe98qjf5rl1aicb8jv Query : select 1 valor from information_schema.tables where table_type='base table' and table_name='wstablefields'
20250115@155933.1309 819agll8qe98qjf5rl1aicb8jv Query : select fieldkey,fieldname,fieldtype,calcformula from wstablefields where tablename = 'fi' and documentnumber = 39
20250115@155933.1342 819agll8qe98qjf5rl1aicb8jv Query : insert into wsfidata (fistamp,ousrdata, ousrhora, usrdata,usrhora,ousrinis,usrinis ,qtt ,ftstamp ,epv,pvmoeda ,tabiva,iva,lordem ,ref, design ,armazem) values ('aut6787d584016787db651e',getdate(),convert(char(8),convert (time,getdate())),getdate(),convert(char(8),convert (time,getdate())),'wsv','wsv',0 ,'aut6787d849166787db64e1' ,0,0 ,2,23.00,20000,?,?,?)
20250115@155933.1635 819agll8qe98qjf5rl1aicb8jv Query : insert into wsftcreationlog (initialftstamp,externalid,creationstatus,documenttypeid,idustamp) values ('aut6787d849166787db64e1','2500399','wait',39,'adm09112754980.682000002')
20250115@155933.1826 819agll8qe98qjf5rl1aicb8jv Query : use flama_phc
20250115@155933.1830 819agll8qe98qjf5rl1aicb8jv Query : update u_wsusers set rqsttoken =? where userid ='userls001'
20250115@155933.1912 819agll8qe98qjf5rl1aicb8jv Query : select concat(rtrim(relative_path),ltrim(name_new)) as valor from uploadfiles where uploadfile_id='4633';
20250115@155933.1964 819agll8qe98qjf5rl1aicb8jv Query : update uploadfiles set whenupdated=current_timestamp where uploadfile_id='4633';
20250115@155933.2092 819agll8qe98qjf5rl1aicb8jv Query : select concat(rtrim(relative_path),ltrim(name_new)) as valor from uploadfiles where uploadfile_id='4633';
20250115@155933.2146 819agll8qe98qjf5rl1aicb8jv Query : update uploadfiles set whenupdated=current_timestamp where uploadfile_id='4633';
20250115@155933.2725 ddqjvs308pkpf3so25fnehq0n7 Query : insert into uploadfiles ( name_original, name_new, option_type, relative_path, whencreated ) values ( ?, ?, ?, ?, getdate() )
20250115@155933.2737 ddqjvs308pkpf3so25fnehq0n7 Query : select uploadfile_id valor from uploadfiles where name_new = ? and option_type = ? 
20250115@155933.2823 ddqjvs308pkpf3so25fnehq0n7 Query : select concat(rtrim(relative_path),ltrim(name_new)) as valor from uploadfiles where uploadfile_id='4634';
20250115@155933.2907 ddqjvs308pkpf3so25fnehq0n7 Query : update uploadfiles set whenupdated=current_timestamp where uploadfile_id='4634';
20250115@155933.2980 ddqjvs308pkpf3so25fnehq0n7 Query : select concat(rtrim(relative_path),ltrim(name_new)) as valor from uploadfiles where uploadfile_id='4634';
20250115@155933.3017 ddqjvs308pkpf3so25fnehq0n7 Query : update uploadfiles set whenupdated=current_timestamp where uploadfile_id='4634';
20250115@155933.3082 ddqjvs308pkpf3so25fnehq0n7 Query : use flama_phc
20250115@155933.3085 ddqjvs308pkpf3so25fnehq0n7 Query : select top 1 secretkey valor from u_wsusers u where u.userid = ? and u.inactivo=0
20250115@155933.3162 ddqjvs308pkpf3so25fnehq0n7 Query : use flama_phc
20250115@155933.3166 ddqjvs308pkpf3so25fnehq0n7 Query : select no, estab,szadrsdesc from szadrs where u_coddest=4500
20250115@155933.3269 ddqjvs308pkpf3so25fnehq0n7 Query : select top 1 isnull(design,'') valor from st (nolock) left join stobs (nolock) on st.ref = stobs.ref where st.ref = '324.4961.00.1'
20250115@155933.3298 ddqjvs308pkpf3so25fnehq0n7 Query : select top 1 bistamp valor from bi inner join bo on bo.bostamp=bi.bostamp where bo.ndos =250 and bo.boano =2004 and bo.obrano = 2500400 and bi.ref ='324.4961.00.1' and bi.lordem =1
20250115@155933.3662 ddqjvs308pkpf3so25fnehq0n7 Query : use flama_phc
20250115@155933.3666 ddqjvs308pkpf3so25fnehq0n7 Query : select top 1 convert(date,fdata) valor from ft where ndoc = 39 and anulado= 0 and fno>0 order by fdata desc
20250115@155933.3701 ddqjvs308pkpf3so25fnehq0n7 Query : use flama_phc
20250115@155933.3705 ddqjvs308pkpf3so25fnehq0n7 Query : select top 1 1 valor from td where td.ndoc = 39
20250115@155933.3739 ddqjvs308pkpf3so25fnehq0n7 Query : use flama_phc
20250115@155933.3743 ddqjvs308pkpf3so25fnehq0n7 Query : select lower(descricao) descricao ,case when valor='s' then 1 else 0 end valor from para1 where descricao in ('st_lote','st_usalogifunc', 'st_grelha')
20250115@155933.3774 ddqjvs308pkpf3so25fnehq0n7 Query : select top 1 manternumero ,assinadoc issigned ,tiposaft ,assinaimp ,nmdos ,td.assinadoc ,'cl' origin ,lancasl stocks ,case when cmsl<50 and td.lancasl=1 then 1 else 0 end entrada ,case when cmsl>50 and td.lancasl=1 then 1 else 0 end saida ,temserie assets ,~semgre usegridfields from td inner join td2 on td.tdstamp=td2.td2stamp where td.ndoc = 1
20250115@155933.3811 ddqjvs308pkpf3so25fnehq0n7 Query : use flama_phc
20250115@155933.3814 ddqjvs308pkpf3so25fnehq0n7 Query : select top 1 ~inactivo valor from cl where no = '101621' and estab = 0 order by inactivo desc
20250115@155933.3855 ddqjvs308pkpf3so25fnehq0n7 Query : use flama_phc
20250115@155933.3859 ddqjvs308pkpf3so25fnehq0n7 Query : select top 1 tipodoc,regrd from td where ndoc = 39
20250115@155933.3896 ddqjvs308pkpf3so25fnehq0n7 Query : use flama_phc
20250115@155933.3899 ddqjvs308pkpf3so25fnehq0n7 Query : select szadrsstamp valor from szadrs where szadrsdesc='espaÇotrans,lda'
20250115@155933.3944 ddqjvs308pkpf3so25fnehq0n7 Query : use flama_phc
20250115@155933.3949 ddqjvs308pkpf3so25fnehq0n7 Query : select szadrsstamp valor from szadrs where szadrsdesc='j.o.m.,lda - portimão'
20250115@155933.4005 ddqjvs308pkpf3so25fnehq0n7 Query : use flama_phc
20250115@155933.4008 ddqjvs308pkpf3so25fnehq0n7 Query : select 1 valor from td where ndoc = 39
20250115@155933.4023 ddqjvs308pkpf3so25fnehq0n7 Query : select top 1 manternumero, tiposaft, nmdos,td.assinadoc from td where td.ndoc = 39
20250115@155933.4039 ddqjvs308pkpf3so25fnehq0n7 Query : select 1 valor from information_schema.tables where table_type='base table' and table_name='wstablefields'
20250115@155933.4076 ddqjvs308pkpf3so25fnehq0n7 Query : select fieldkey,fieldname,fieldtype,mandatory from wstablefields where tablename = 'ft' and documentnumber = 39
20250115@155933.4099 ddqjvs308pkpf3so25fnehq0n7 Query : select 1 valor from information_schema.tables where table_type='base table' and table_name='wstablefields'
20250115@155933.4121 ddqjvs308pkpf3so25fnehq0n7 Query : select fieldkey,fieldname,fieldtype,mandatory from wstablefields where tablename = 'ft2' and documentnumber = 39
20250115@155933.4152 ddqjvs308pkpf3so25fnehq0n7 Query : select 1 valor from information_schema.tables where table_type='base table' and table_name='wstablefields'
20250115@155933.4170 ddqjvs308pkpf3so25fnehq0n7 Query : select fieldkey,fieldname,fieldtype,mandatory from wstablefields where tablename = 'ft3' and documentnumber = 39
20250115@155933.4184 ddqjvs308pkpf3so25fnehq0n7 Query : select top 1 ft.fno valor from ft ft where ft.ndoc = 39 and ftano=2025 order by fno desc
20250115@155933.4365 ddqjvs308pkpf3so25fnehq0n7 Query : select top 1 ft.fno valor from wsftdata ft where ft.ndoc = 39 and ftano=2025 order by fno desc
20250115@155933.4381 ddqjvs308pkpf3so25fnehq0n7 Query : select 1 valor from information_schema.tables where table_type='base table' and table_name='wstablefields'
20250115@155933.4401 ddqjvs308pkpf3so25fnehq0n7 Query : select fieldkey,fieldname,fieldtype,calcformula from wstablefields where tablename = 'ft3' and documentnumber = 39
20250115@155933.4419 ddqjvs308pkpf3so25fnehq0n7 Query : insert into wsft3data (ft3stamp, ousrdata, ousrhora, usrdata,usrhora,ousrinis,usrinis,taxpointdt ) values ('aut6787d263216787db6566' ,getdate(),convert(char(8),convert (time,getdate())),getdate(),convert(char(8),convert (time,getdate())),'wsv','wsv',?)
20250115@155933.4623 ddqjvs308pkpf3so25fnehq0n7 Query : select 1 valor from information_schema.tables where table_type='base table' and table_name='wstablefields'
20250115@155933.4643 ddqjvs308pkpf3so25fnehq0n7 Query : select fieldkey,fieldname,fieldtype,calcformula from wstablefields where tablename = 'ft2' and documentnumber = 39
20250115@155933.4678 ddqjvs308pkpf3so25fnehq0n7 Query : select top 1 bo.u_nomeenv valor from bo where bo.bostamp=''
20250115@155933.4690 ddqjvs308pkpf3so25fnehq0n7 Query : select top 1 bo.u_moradaen valor from bo where bo.bostamp=''
20250115@155933.4703 ddqjvs308pkpf3so25fnehq0n7 Query : select top 1 bo.u_codposen valor from bo where bo.bostamp=''
20250115@155933.4716 ddqjvs308pkpf3so25fnehq0n7 Query : select top 1 bo.u_localenv valor from bo where bo.bostamp=''
20250115@155933.4729 ddqjvs308pkpf3so25fnehq0n7 Query : select top 1 bo.trab5 valor from bo where bo.bostamp=''
20250115@155933.4742 ddqjvs308pkpf3so25fnehq0n7 Query : select top 1 bo.serie valor from bo where bo.bostamp=''
20250115@155933.4755 ddqjvs308pkpf3so25fnehq0n7 Query : insert into wsft2data (ft2stamp, ousrdata,ousrhora, usrdata,usrhora,ousrinis,usrinis,u_nomeenv ,u_moradaen ,u_codposen ,u_localenv ,u_coddest ,u_codby ) values ('aut6787d263216787db6566',getdate(),convert(char(8),convert (time,getdate())),getdate(),convert(char(8),convert (time,getdate())),'wsv','wsv',?,?,?,?,?,?)
20250115@155933.5054 ddqjvs308pkpf3so25fnehq0n7 Query : select top 1 fno valor from wsftdata order by fno desc
20250115@155933.5091 ddqjvs308pkpf3so25fnehq0n7 Query : select 1 valor from information_schema.tables where table_type='base table' and table_name='wstablefields'
20250115@155933.5109 ddqjvs308pkpf3so25fnehq0n7 Query : select fieldkey,fieldname,fieldtype,calcformula from wstablefields where tablename = 'ft' and documentnumber = 39
20250115@155933.5134 ddqjvs308pkpf3so25fnehq0n7 Query : select 'normal' from dummy
20250115@155933.5166 ddqjvs308pkpf3so25fnehq0n7 Query : insert into wsftdata (ftstamp, ousrdata,ousrhora, usrdata,usrhora,ousrinis,usrinis,fno,no,estab,fdata,ndoc,moeda,cambio,cambiofixo,ftano,site ,classe ) values ('aut6787d263216787db6566',getdate(),convert(char(8),convert (time,getdate())),getdate(),convert(char(8),convert (time,getdate())),'wsv','wsv',3009,101621,0,'2025-01-15',39,'euro',0,0,2025 ,?,?)
20250115@155933.5532 ddqjvs308pkpf3so25fnehq0n7 Query : use flama_phc
20250115@155933.5535 ddqjvs308pkpf3so25fnehq0n7 Query : select st.usalote valor from st where st.ref = '324.4961.00.1'
20250115@155933.5562 ddqjvs308pkpf3so25fnehq0n7 Query : select top 1 st.tabiva ,st.ivaincl ,st.stns ,st.uni2 ,st.familia ,isnull(tx.taxa, 0) txiva ,unidade ,usalote ,epcpond ,noserie ,conversao ,st.texteis from st left join taxasiva tx on st.tabiva = tx.codigo where st.ref = '324.4961.00.1'
20250115@155933.5585 ddqjvs308pkpf3so25fnehq0n7 Query : select 1 valor from information_schema.tables where table_type='base table' and table_name='wstablefields'
20250115@155933.5605 ddqjvs308pkpf3so25fnehq0n7 Query : select fieldkey,fieldname,fieldtype,mandatory from wstablefields where tablename = 'fi' and documentnumber = 39
20250115@155933.5872 ddqjvs308pkpf3so25fnehq0n7 Query : select 1 valor from information_schema.tables where table_type='base table' and table_name='wstablefields'
20250115@155933.5915 ddqjvs308pkpf3so25fnehq0n7 Query : select fieldkey,fieldname,fieldtype,mandatory from wstablefields where tablename = 'fi2' and documentnumber = 39
20250115@155933.5990 ddqjvs308pkpf3so25fnehq0n7 Query : select top 1 convert(numeric(6,2),t.taxa) valor from taxasiva t where t.codigo='2'
20250115@155933.6185 ddqjvs308pkpf3so25fnehq0n7 Query : select sestamp valor from se where ref ='324.4961.00.1' and lote = 'r2101092200a'
20250115@155933.6222 ddqjvs308pkpf3so25fnehq0n7 Query : select 1 valor from information_schema.tables where table_type='base table' and table_name='wstablefields'
20250115@155933.6320 ddqjvs308pkpf3so25fnehq0n7 Query : select fieldkey,fieldname,fieldtype,calcformula from wstablefields where tablename = 'fi2' and documentnumber = 39
20250115@155933.6336 ddqjvs308pkpf3so25fnehq0n7 Query : insert into wsfi2data (fi2stamp,ftstamp ,ousrdata, ousrhora, usrdata,usrhora,ousrinis,usrinis) values ('aut6787d149746787db6597','aut6787d263216787db6566' ,getdate(),convert(char(8),convert (time,getdate())),getdate(),convert(char(8),convert (time,getdate())),'wsv','wsv')
20250115@155933.6342 ddqjvs308pkpf3so25fnehq0n7 Query : select 1 valor from information_schema.tables where table_type='base table' and table_name='wstablefields'
20250115@155933.6361 ddqjvs308pkpf3so25fnehq0n7 Query : select fieldkey,fieldname,fieldtype,calcformula from wstablefields where tablename = 'fi' and documentnumber = 39
20250115@155933.6394 ddqjvs308pkpf3so25fnehq0n7 Query : insert into wsfidata (fistamp,ousrdata, ousrhora, usrdata,usrhora,ousrinis,usrinis ,qtt ,ftstamp ,epv,pvmoeda ,tabiva,iva,lordem ,ref, design ,lote,armazem,bistamp ) values ('aut6787d149746787db6597',getdate(),convert(char(8),convert (time,getdate())),getdate(),convert(char(8),convert (time,getdate())),'wsv','wsv',4.000 ,'aut6787d263216787db6566' ,0,0 ,2,23.00,10000,?,?,?,?,?)
20250115@155933.6868 ddqjvs308pkpf3so25fnehq0n7 Query : insert into wsftcreationlog (initialftstamp,externalid,creationstatus,documenttypeid,idustamp) values ('aut6787d263216787db6566','2500400','wait',39,'adm09112754980.682000002')
20250115@155933.7223 ddqjvs308pkpf3so25fnehq0n7 Query : use flama_phc
20250115@155933.7227 ddqjvs308pkpf3so25fnehq0n7 Query : update u_wsusers set rqsttoken =? where userid ='userls001'
20250115@155933.7267 ddqjvs308pkpf3so25fnehq0n7 Query : select concat(rtrim(relative_path),ltrim(name_new)) as valor from uploadfiles where uploadfile_id='4634';
20250115@155933.7316 ddqjvs308pkpf3so25fnehq0n7 Query : update uploadfiles set whenupdated=current_timestamp where uploadfile_id='4634';
20250115@155933.7457 ddqjvs308pkpf3so25fnehq0n7 Query : select concat(rtrim(relative_path),ltrim(name_new)) as valor from uploadfiles where uploadfile_id='4634';
20250115@155933.7505 ddqjvs308pkpf3so25fnehq0n7 Query : update uploadfiles set whenupdated=current_timestamp where uploadfile_id='4634';
20250115@155933.8153 lo2q3nl8o199dunseqmpb3jin8 Query : insert into uploadfiles ( name_original, name_new, option_type, relative_path, whencreated ) values ( ?, ?, ?, ?, getdate() )
20250115@155933.8164 lo2q3nl8o199dunseqmpb3jin8 Query : select uploadfile_id valor from uploadfiles where name_new = ? and option_type = ? 
20250115@155933.8257 lo2q3nl8o199dunseqmpb3jin8 Query : select concat(rtrim(relative_path),ltrim(name_new)) as valor from uploadfiles where uploadfile_id='4635';
20250115@155933.8346 lo2q3nl8o199dunseqmpb3jin8 Query : update uploadfiles set whenupdated=current_timestamp where uploadfile_id='4635';
20250115@155933.8428 lo2q3nl8o199dunseqmpb3jin8 Query : select concat(rtrim(relative_path),ltrim(name_new)) as valor from uploadfiles where uploadfile_id='4635';
20250115@155933.8468 lo2q3nl8o199dunseqmpb3jin8 Query : update uploadfiles set whenupdated=current_timestamp where uploadfile_id='4635';
20250115@155933.8529 lo2q3nl8o199dunseqmpb3jin8 Query : use flama_phc
20250115@155933.8532 lo2q3nl8o199dunseqmpb3jin8 Query : select top 1 secretkey valor from u_wsusers u where u.userid = ? and u.inactivo=0
20250115@155933.8594 lo2q3nl8o199dunseqmpb3jin8 Query : use flama_phc
20250115@155933.8597 lo2q3nl8o199dunseqmpb3jin8 Query : select no, estab,szadrsdesc from szadrs where u_coddest=1452
20250115@155933.8694 lo2q3nl8o199dunseqmpb3jin8 Query : select top 1 isnull(design,'') valor from st (nolock) left join stobs (nolock) on st.ref = stobs.ref where st.ref = '324.4961.00.1'
20250115@155933.8717 lo2q3nl8o199dunseqmpb3jin8 Query : select top 1 bistamp valor from bi inner join bo on bo.bostamp=bi.bostamp where bo.ndos =250 and bo.boano =2004 and bo.obrano = 2500401 and bi.ref ='324.4961.00.1' and bi.lordem =1
20250115@155933.9090 lo2q3nl8o199dunseqmpb3jin8 Query : use flama_phc
20250115@155933.9094 lo2q3nl8o199dunseqmpb3jin8 Query : select top 1 convert(date,fdata) valor from ft where ndoc = 39 and anulado= 0 and fno>0 order by fdata desc
20250115@155933.9136 lo2q3nl8o199dunseqmpb3jin8 Query : use flama_phc
20250115@155933.9141 lo2q3nl8o199dunseqmpb3jin8 Query : select top 1 1 valor from td where td.ndoc = 39
20250115@155933.9176 lo2q3nl8o199dunseqmpb3jin8 Query : use flama_phc
20250115@155933.9179 lo2q3nl8o199dunseqmpb3jin8 Query : select lower(descricao) descricao ,case when valor='s' then 1 else 0 end valor from para1 where descricao in ('st_lote','st_usalogifunc', 'st_grelha')
20250115@155933.9230 lo2q3nl8o199dunseqmpb3jin8 Query : select top 1 manternumero ,assinadoc issigned ,tiposaft ,assinaimp ,nmdos ,td.assinadoc ,'cl' origin ,lancasl stocks ,case when cmsl<50 and td.lancasl=1 then 1 else 0 end entrada ,case when cmsl>50 and td.lancasl=1 then 1 else 0 end saida ,temserie assets ,~semgre usegridfields from td inner join td2 on td.tdstamp=td2.td2stamp where td.ndoc = 1
20250115@155933.9271 lo2q3nl8o199dunseqmpb3jin8 Query : use flama_phc
20250115@155933.9275 lo2q3nl8o199dunseqmpb3jin8 Query : select top 1 ~inactivo valor from cl where no = '101621' and estab = 0 order by inactivo desc
20250115@155933.9308 lo2q3nl8o199dunseqmpb3jin8 Query : use flama_phc
20250115@155933.9312 lo2q3nl8o199dunseqmpb3jin8 Query : select top 1 tipodoc,regrd from td where ndoc = 39
20250115@155933.9343 lo2q3nl8o199dunseqmpb3jin8 Query : use flama_phc
20250115@155933.9346 lo2q3nl8o199dunseqmpb3jin8 Query : select szadrsstamp valor from szadrs where szadrsdesc='espaÇotrans,lda'
20250115@155933.9390 lo2q3nl8o199dunseqmpb3jin8 Query : use flama_phc
20250115@155933.9394 lo2q3nl8o199dunseqmpb3jin8 Query : select szadrsstamp valor from szadrs where szadrsdesc='j.o.m. - castelo branco'
20250115@155933.9453 lo2q3nl8o199dunseqmpb3jin8 Query : use flama_phc
20250115@155933.9456 lo2q3nl8o199dunseqmpb3jin8 Query : select 1 valor from td where ndoc = 39
20250115@155933.9471 lo2q3nl8o199dunseqmpb3jin8 Query : select top 1 manternumero, tiposaft, nmdos,td.assinadoc from td where td.ndoc = 39
20250115@155933.9486 lo2q3nl8o199dunseqmpb3jin8 Query : select 1 valor from information_schema.tables where table_type='base table' and table_name='wstablefields'
20250115@155933.9505 lo2q3nl8o199dunseqmpb3jin8 Query : select fieldkey,fieldname,fieldtype,mandatory from wstablefields where tablename = 'ft' and documentnumber = 39
20250115@155933.9526 lo2q3nl8o199dunseqmpb3jin8 Query : select 1 valor from information_schema.tables where table_type='base table' and table_name='wstablefields'
20250115@155933.9545 lo2q3nl8o199dunseqmpb3jin8 Query : select fieldkey,fieldname,fieldtype,mandatory from wstablefields where tablename = 'ft2' and documentnumber = 39
20250115@155933.9576 lo2q3nl8o199dunseqmpb3jin8 Query : select 1 valor from information_schema.tables where table_type='base table' and table_name='wstablefields'
20250115@155933.9592 lo2q3nl8o199dunseqmpb3jin8 Query : select fieldkey,fieldname,fieldtype,mandatory from wstablefields where tablename = 'ft3' and documentnumber = 39
20250115@155933.9608 lo2q3nl8o199dunseqmpb3jin8 Query : select top 1 ft.fno valor from ft ft where ft.ndoc = 39 and ftano=2025 order by fno desc
20250115@155933.9723 lo2q3nl8o199dunseqmpb3jin8 Query : select top 1 ft.fno valor from wsftdata ft where ft.ndoc = 39 and ftano=2025 order by fno desc
20250115@155933.9737 lo2q3nl8o199dunseqmpb3jin8 Query : select 1 valor from information_schema.tables where table_type='base table' and table_name='wstablefields'
20250115@155933.9756 lo2q3nl8o199dunseqmpb3jin8 Query : select fieldkey,fieldname,fieldtype,calcformula from wstablefields where tablename = 'ft3' and documentnumber = 39
20250115@155933.9776 lo2q3nl8o199dunseqmpb3jin8 Query : insert into wsft3data (ft3stamp, ousrdata, ousrhora, usrdata,usrhora,ousrinis,usrinis,taxpointdt ) values ('aut6787d737526787db65ea' ,getdate(),convert(char(8),convert (time,getdate())),getdate(),convert(char(8),convert (time,getdate())),'wsv','wsv',?)
20250115@155933.9996 lo2q3nl8o199dunseqmpb3jin8 Query : select 1 valor from information_schema.tables where table_type='base table' and table_name='wstablefields'
20250115@155934.1800 lo2q3nl8o199dunseqmpb3jin8 Query : select fieldkey,fieldname,fieldtype,calcformula from wstablefields where tablename = 'ft2' and documentnumber = 39
20250115@155934.5400 lo2q3nl8o199dunseqmpb3jin8 Query : select top 1 bo.u_nomeenv valor from bo where bo.bostamp=''
20250115@155934.7000 lo2q3nl8o199dunseqmpb3jin8 Query : select top 1 bo.u_moradaen valor from bo where bo.bostamp=''
20250115@155934.8400 lo2q3nl8o199dunseqmpb3jin8 Query : select top 1 bo.u_codposen valor from bo where bo.bostamp=''
20250115@155934.1000 lo2q3nl8o199dunseqmpb3jin8 Query : select top 1 bo.u_localenv valor from bo where bo.bostamp=''
20250115@155934.1140 lo2q3nl8o199dunseqmpb3jin8 Query : select top 1 bo.trab5 valor from bo where bo.bostamp=''
20250115@155934.1290 lo2q3nl8o199dunseqmpb3jin8 Query : select top 1 bo.serie valor from bo where bo.bostamp=''
20250115@155934.1430 lo2q3nl8o199dunseqmpb3jin8 Query : insert into wsft2data (ft2stamp, ousrdata,ousrhora, usrdata,usrhora,ousrinis,usrinis,u_nomeenv ,u_moradaen ,u_codposen ,u_localenv ,u_coddest ,u_codby ) values ('aut6787d737526787db65ea',getdate(),convert(char(8),convert (time,getdate())),getdate(),convert(char(8),convert (time,getdate())),'wsv','wsv',?,?,?,?,?,?)
20250115@155934.1110 lo2q3nl8o199dunseqmpb3jin8 Query : select top 1 fno valor from wsftdata order by fno desc
20250115@155934.1591 lo2q3nl8o199dunseqmpb3jin8 Query : select 1 valor from information_schema.tables where table_type='base table' and table_name='wstablefields'
20250115@155934.1617 lo2q3nl8o199dunseqmpb3jin8 Query : select fieldkey,fieldname,fieldtype,calcformula from wstablefields where tablename = 'ft' and documentnumber = 39
20250115@155934.1643 lo2q3nl8o199dunseqmpb3jin8 Query : select 'normal' from dummy
20250115@155934.1660 lo2q3nl8o199dunseqmpb3jin8 Query : insert into wsftdata (ftstamp, ousrdata,ousrhora, usrdata,usrhora,ousrinis,usrinis,fno,no,estab,fdata,ndoc,moeda,cambio,cambiofixo,ftano,site ,classe ) values ('aut6787d737526787db65ea',getdate(),convert(char(8),convert (time,getdate())),getdate(),convert(char(8),convert (time,getdate())),'wsv','wsv',3010,101621,0,'2025-01-15',39,'euro',0,0,2025 ,?,?)
20250115@155934.2843 lo2q3nl8o199dunseqmpb3jin8 Query : use flama_phc
20250115@155934.2926 lo2q3nl8o199dunseqmpb3jin8 Query : select st.usalote valor from st where st.ref = '324.4961.00.1'
20250115@155934.3449 lo2q3nl8o199dunseqmpb3jin8 Query : select top 1 st.tabiva ,st.ivaincl ,st.stns ,st.uni2 ,st.familia ,isnull(tx.taxa, 0) txiva ,unidade ,usalote ,epcpond ,noserie ,conversao ,st.texteis from st left join taxasiva tx on st.tabiva = tx.codigo where st.ref = '324.4961.00.1'
20250115@155934.3468 lo2q3nl8o199dunseqmpb3jin8 Query : select 1 valor from information_schema.tables where table_type='base table' and table_name='wstablefields'
20250115@155934.3490 lo2q3nl8o199dunseqmpb3jin8 Query : select fieldkey,fieldname,fieldtype,mandatory from wstablefields where tablename = 'fi' and documentnumber = 39
20250115@155934.3586 lo2q3nl8o199dunseqmpb3jin8 Query : select 1 valor from information_schema.tables where table_type='base table' and table_name='wstablefields'
20250115@155934.3609 lo2q3nl8o199dunseqmpb3jin8 Query : select fieldkey,fieldname,fieldtype,mandatory from wstablefields where tablename = 'fi2' and documentnumber = 39
20250115@155934.3621 lo2q3nl8o199dunseqmpb3jin8 Query : select top 1 convert(numeric(6,2),t.taxa) valor from taxasiva t where t.codigo='2'
20250115@155934.3637 lo2q3nl8o199dunseqmpb3jin8 Query : select sestamp valor from se where ref ='324.4961.00.1' and lote = 'r2101092200a'
20250115@155934.3652 lo2q3nl8o199dunseqmpb3jin8 Query : select 1 valor from information_schema.tables where table_type='base table' and table_name='wstablefields'
20250115@155934.3672 lo2q3nl8o199dunseqmpb3jin8 Query : select fieldkey,fieldname,fieldtype,calcformula from wstablefields where tablename = 'fi2' and documentnumber = 39
20250115@155934.3686 lo2q3nl8o199dunseqmpb3jin8 Query : insert into wsfi2data (fi2stamp,ftstamp ,ousrdata, ousrhora, usrdata,usrhora,ousrinis,usrinis) values ('aut6787d420266787db6659','aut6787d737526787db65ea' ,getdate(),convert(char(8),convert (time,getdate())),getdate(),convert(char(8),convert (time,getdate())),'wsv','wsv')
20250115@155934.3691 lo2q3nl8o199dunseqmpb3jin8 Query : select 1 valor from information_schema.tables where table_type='base table' and table_name='wstablefields'
20250115@155934.3790 lo2q3nl8o199dunseqmpb3jin8 Query : select fieldkey,fieldname,fieldtype,calcformula from wstablefields where tablename = 'fi' and documentnumber = 39
20250115@155934.3831 lo2q3nl8o199dunseqmpb3jin8 Query : insert into wsfidata (fistamp,ousrdata, ousrhora, usrdata,usrhora,ousrinis,usrinis ,qtt ,ftstamp ,epv,pvmoeda ,tabiva,iva,lordem ,ref, design ,lote,armazem,bistamp ) values ('aut6787d420266787db6659',getdate(),convert(char(8),convert (time,getdate())),getdate(),convert(char(8),convert (time,getdate())),'wsv','wsv',4.000 ,'aut6787d737526787db65ea' ,0,0 ,2,23.00,10000,?,?,?,?,?)
20250115@155934.4391 lo2q3nl8o199dunseqmpb3jin8 Query : insert into wsftcreationlog (initialftstamp,externalid,creationstatus,documenttypeid,idustamp) values ('aut6787d737526787db65ea','2500401','wait',39,'adm09112754980.682000002')
20250115@155934.4665 lo2q3nl8o199dunseqmpb3jin8 Query : use flama_phc
20250115@155934.4669 lo2q3nl8o199dunseqmpb3jin8 Query : update u_wsusers set rqsttoken =? where userid ='userls001'
20250115@155934.4771 lo2q3nl8o199dunseqmpb3jin8 Query : select concat(rtrim(relative_path),ltrim(name_new)) as valor from uploadfiles where uploadfile_id='4635';
20250115@155934.4911 lo2q3nl8o199dunseqmpb3jin8 Query : update uploadfiles set whenupdated=current_timestamp where uploadfile_id='4635';
20250115@155934.5308 lo2q3nl8o199dunseqmpb3jin8 Query : select concat(rtrim(relative_path),ltrim(name_new)) as valor from uploadfiles where uploadfile_id='4635';
20250115@155934.5417 lo2q3nl8o199dunseqmpb3jin8 Query : update uploadfiles set whenupdated=current_timestamp where uploadfile_id='4635';
20250115@155934.6299 5mach4bjfvm9en3l9jgbta706l Query : insert into uploadfiles ( name_original, name_new, option_type, relative_path, whencreated ) values ( ?, ?, ?, ?, getdate() )
20250115@155934.6325 5mach4bjfvm9en3l9jgbta706l Query : select uploadfile_id valor from uploadfiles where name_new = ? and option_type = ? 
20250115@155934.6821 5mach4bjfvm9en3l9jgbta706l Query : select concat(rtrim(relative_path),ltrim(name_new)) as valor from uploadfiles where uploadfile_id='4636';
20250115@155934.6906 5mach4bjfvm9en3l9jgbta706l Query : update uploadfiles set whenupdated=current_timestamp where uploadfile_id='4636';
20250115@155934.7028 5mach4bjfvm9en3l9jgbta706l Query : select concat(rtrim(relative_path),ltrim(name_new)) as valor from uploadfiles where uploadfile_id='4636';
20250115@155934.7067 5mach4bjfvm9en3l9jgbta706l Query : update uploadfiles set whenupdated=current_timestamp where uploadfile_id='4636';
20250115@155934.7128 5mach4bjfvm9en3l9jgbta706l Query : use flama_phc
20250115@155934.7131 5mach4bjfvm9en3l9jgbta706l Query : select top 1 secretkey valor from u_wsusers u where u.userid = ? and u.inactivo=0
20250115@155934.7192 5mach4bjfvm9en3l9jgbta706l Query : use flama_phc
20250115@155934.7195 5mach4bjfvm9en3l9jgbta706l Query : select no, estab,szadrsdesc from szadrs where u_coddest=323
20250115@155934.7290 5mach4bjfvm9en3l9jgbta706l Query : select top 1 isnull(design,'') valor from st (nolock) left join stobs (nolock) on st.ref = stobs.ref where st.ref = '324.4962.00.1'
20250115@155934.7316 5mach4bjfvm9en3l9jgbta706l Query : select top 1 bistamp valor from bi inner join bo on bo.bostamp=bi.bostamp where bo.ndos =250 and bo.boano =2004 and bo.obrano = 2500402 and bi.ref ='324.4962.00.1' and bi.lordem =1
20250115@155934.7696 5mach4bjfvm9en3l9jgbta706l Query : use flama_phc
20250115@155934.7699 5mach4bjfvm9en3l9jgbta706l Query : select top 1 convert(date,fdata) valor from ft where ndoc = 39 and anulado= 0 and fno>0 order by fdata desc
20250115@155934.7733 5mach4bjfvm9en3l9jgbta706l Query : use flama_phc
20250115@155934.7736 5mach4bjfvm9en3l9jgbta706l Query : select top 1 1 valor from td where td.ndoc = 39
20250115@155934.7778 5mach4bjfvm9en3l9jgbta706l Query : use flama_phc
20250115@155934.7780 5mach4bjfvm9en3l9jgbta706l Query : select lower(descricao) descricao ,case when valor='s' then 1 else 0 end valor from para1 where descricao in ('st_lote','st_usalogifunc', 'st_grelha')
20250115@155934.7808 5mach4bjfvm9en3l9jgbta706l Query : select top 1 manternumero ,assinadoc issigned ,tiposaft ,assinaimp ,nmdos ,td.assinadoc ,'cl' origin ,lancasl stocks ,case when cmsl<50 and td.lancasl=1 then 1 else 0 end entrada ,case when cmsl>50 and td.lancasl=1 then 1 else 0 end saida ,temserie assets ,~semgre usegridfields from td inner join td2 on td.tdstamp=td2.td2stamp where td.ndoc = 1
20250115@155934.7843 5mach4bjfvm9en3l9jgbta706l Query : use flama_phc
20250115@155934.7846 5mach4bjfvm9en3l9jgbta706l Query : select top 1 ~inactivo valor from cl where no = '101621' and estab = 0 order by inactivo desc
20250115@155934.7879 5mach4bjfvm9en3l9jgbta706l Query : use flama_phc
20250115@155934.7883 5mach4bjfvm9en3l9jgbta706l Query : select top 1 tipodoc,regrd from td where ndoc = 39
20250115@155934.7912 5mach4bjfvm9en3l9jgbta706l Query : use flama_phc
20250115@155934.7915 5mach4bjfvm9en3l9jgbta706l Query : select szadrsstamp valor from szadrs where szadrsdesc='espaÇotrans,lda'
20250115@155934.7995 5mach4bjfvm9en3l9jgbta706l Query : use flama_phc
20250115@155934.7998 5mach4bjfvm9en3l9jgbta706l Query : select szadrsstamp valor from szadrs where szadrsdesc='joaquim oliveira mendes,lda jom- brg retail'
20250115@155934.8045 5mach4bjfvm9en3l9jgbta706l Query : use flama_phc
20250115@155934.8048 5mach4bjfvm9en3l9jgbta706l Query : select 1 valor from td where ndoc = 39
20250115@155934.8061 5mach4bjfvm9en3l9jgbta706l Query : select top 1 manternumero, tiposaft, nmdos,td.assinadoc from td where td.ndoc = 39
20250115@155934.8077 5mach4bjfvm9en3l9jgbta706l Query : select 1 valor from information_schema.tables where table_type='base table' and table_name='wstablefields'
20250115@155934.8093 5mach4bjfvm9en3l9jgbta706l Query : select fieldkey,fieldname,fieldtype,mandatory from wstablefields where tablename = 'ft' and documentnumber = 39
20250115@155934.8127 5mach4bjfvm9en3l9jgbta706l Query : select 1 valor from information_schema.tables where table_type='base table' and table_name='wstablefields'
20250115@155934.8141 5mach4bjfvm9en3l9jgbta706l Query : select fieldkey,fieldname,fieldtype,mandatory from wstablefields where tablename = 'ft2' and documentnumber = 39
20250115@155934.8171 5mach4bjfvm9en3l9jgbta706l Query : select 1 valor from information_schema.tables where table_type='base table' and table_name='wstablefields'
20250115@155934.8186 5mach4bjfvm9en3l9jgbta706l Query : select fieldkey,fieldname,fieldtype,mandatory from wstablefields where tablename = 'ft3' and documentnumber = 39
20250115@155934.8198 5mach4bjfvm9en3l9jgbta706l Query : select top 1 ft.fno valor from ft ft where ft.ndoc = 39 and ftano=2025 order by fno desc
20250115@155934.8348 5mach4bjfvm9en3l9jgbta706l Query : select top 1 ft.fno valor from wsftdata ft where ft.ndoc = 39 and ftano=2025 order by fno desc
20250115@155934.8366 5mach4bjfvm9en3l9jgbta706l Query : select 1 valor from information_schema.tables where table_type='base table' and table_name='wstablefields'
20250115@155934.8384 5mach4bjfvm9en3l9jgbta706l Query : select fieldkey,fieldname,fieldtype,calcformula from wstablefields where tablename = 'ft3' and documentnumber = 39
20250115@155934.8399 5mach4bjfvm9en3l9jgbta706l Query : insert into wsft3data (ft3stamp, ousrdata, ousrhora, usrdata,usrhora,ousrinis,usrinis,taxpointdt ) values ('aut6787d677896787db66c8' ,getdate(),convert(char(8),convert (time,getdate())),getdate(),convert(char(8),convert (time,getdate())),'wsv','wsv',?)
20250115@155934.8613 5mach4bjfvm9en3l9jgbta706l Query : select 1 valor from information_schema.tables where table_type='base table' and table_name='wstablefields'
20250115@155934.8755 5mach4bjfvm9en3l9jgbta706l Query : select fieldkey,fieldname,fieldtype,calcformula from wstablefields where tablename = 'ft2' and documentnumber = 39
20250115@155934.8831 5mach4bjfvm9en3l9jgbta706l Query : select top 1 bo.u_nomeenv valor from bo where bo.bostamp=''
20250115@155934.8841 5mach4bjfvm9en3l9jgbta706l Query : select top 1 bo.u_moradaen valor from bo where bo.bostamp=''
20250115@155934.8869 5mach4bjfvm9en3l9jgbta706l Query : select top 1 bo.u_codposen valor from bo where bo.bostamp=''
20250115@155934.8884 5mach4bjfvm9en3l9jgbta706l Query : select top 1 bo.u_localenv valor from bo where bo.bostamp=''
20250115@155934.8914 5mach4bjfvm9en3l9jgbta706l Query : select top 1 bo.trab5 valor from bo where bo.bostamp=''
20250115@155934.8926 5mach4bjfvm9en3l9jgbta706l Query : select top 1 bo.serie valor from bo where bo.bostamp=''
20250115@155934.8937 5mach4bjfvm9en3l9jgbta706l Query : insert into wsft2data (ft2stamp, ousrdata,ousrhora, usrdata,usrhora,ousrinis,usrinis,u_nomeenv ,u_moradaen ,u_codposen ,u_localenv ,u_coddest ,u_codby ) values ('aut6787d677896787db66c8',getdate(),convert(char(8),convert (time,getdate())),getdate(),convert(char(8),convert (time,getdate())),'wsv','wsv',?,?,?,?,?,?)
20250115@155934.9225 5mach4bjfvm9en3l9jgbta706l Query : select top 1 fno valor from wsftdata order by fno desc
20250115@155934.9271 5mach4bjfvm9en3l9jgbta706l Query : select 1 valor from information_schema.tables where table_type='base table' and table_name='wstablefields'
20250115@155934.9288 5mach4bjfvm9en3l9jgbta706l Query : select fieldkey,fieldname,fieldtype,calcformula from wstablefields where tablename = 'ft' and documentnumber = 39
20250115@155934.9328 5mach4bjfvm9en3l9jgbta706l Query : select 'normal' from dummy
20250115@155934.9345 5mach4bjfvm9en3l9jgbta706l Query : insert into wsftdata (ftstamp, ousrdata,ousrhora, usrdata,usrhora,ousrinis,usrinis,fno,no,estab,fdata,ndoc,moeda,cambio,cambiofixo,ftano,site ,classe ) values ('aut6787d677896787db66c8',getdate(),convert(char(8),convert (time,getdate())),getdate(),convert(char(8),convert (time,getdate())),'wsv','wsv',3011,101621,0,'2025-01-15',39,'euro',0,0,2025 ,?,?)
20250115@155934.9887 5mach4bjfvm9en3l9jgbta706l Query : use flama_phc
20250115@155934.9898 5mach4bjfvm9en3l9jgbta706l Query : select st.usalote valor from st where st.ref = '324.4962.00.1'
20250115@155934.9938 5mach4bjfvm9en3l9jgbta706l Query : select top 1 st.tabiva ,st.ivaincl ,st.stns ,st.uni2 ,st.familia ,isnull(tx.taxa, 0) txiva ,unidade ,usalote ,epcpond ,noserie ,conversao ,st.texteis from st left join taxasiva tx on st.tabiva = tx.codigo where st.ref = '324.4962.00.1'
20250115@155934.9957 5mach4bjfvm9en3l9jgbta706l Query : select 1 valor from information_schema.tables where table_type='base table' and table_name='wstablefields'
20250115@155934.9975 5mach4bjfvm9en3l9jgbta706l Query : select fieldkey,fieldname,fieldtype,mandatory from wstablefields where tablename = 'fi' and documentnumber = 39
20250115@155935.8800 5mach4bjfvm9en3l9jgbta706l Query : select 1 valor from information_schema.tables where table_type='base table' and table_name='wstablefields'
20250115@155935.1040 5mach4bjfvm9en3l9jgbta706l Query : select fieldkey,fieldname,fieldtype,mandatory from wstablefields where tablename = 'fi2' and documentnumber = 39
20250115@155935.1130 5mach4bjfvm9en3l9jgbta706l Query : select top 1 convert(numeric(6,2),t.taxa) valor from taxasiva t where t.codigo='2'
20250115@155935.1250 5mach4bjfvm9en3l9jgbta706l Query : select sestamp valor from se where ref ='324.4962.00.1' and lote = 'r2101092100a'
20250115@155935.1590 5mach4bjfvm9en3l9jgbta706l Query : select 1 valor from information_schema.tables where table_type='base table' and table_name='wstablefields'
20250115@155935.1750 5mach4bjfvm9en3l9jgbta706l Query : select fieldkey,fieldname,fieldtype,calcformula from wstablefields where tablename = 'fi2' and documentnumber = 39
20250115@155935.1870 5mach4bjfvm9en3l9jgbta706l Query : insert into wsfi2data (fi2stamp,ftstamp ,ousrdata, ousrhora, usrdata,usrhora,ousrinis,usrinis) values ('aut6787d630236787db6703','aut6787d677896787db66c8' ,getdate(),convert(char(8),convert (time,getdate())),getdate(),convert(char(8),convert (time,getdate())),'wsv','wsv')
20250115@155935.1920 5mach4bjfvm9en3l9jgbta706l Query : select 1 valor from information_schema.tables where table_type='base table' and table_name='wstablefields'
20250115@155935.2070 5mach4bjfvm9en3l9jgbta706l Query : select fieldkey,fieldname,fieldtype,calcformula from wstablefields where tablename = 'fi' and documentnumber = 39
20250115@155935.3360 5mach4bjfvm9en3l9jgbta706l Query : insert into wsfidata (fistamp,ousrdata, ousrhora, usrdata,usrhora,ousrinis,usrinis ,qtt ,ftstamp ,epv,pvmoeda ,tabiva,iva,lordem ,ref, design ,lote,armazem,bistamp ) values ('aut6787d630236787db6703',getdate(),convert(char(8),convert (time,getdate())),getdate(),convert(char(8),convert (time,getdate())),'wsv','wsv',4.000 ,'aut6787d677896787db66c8' ,0,0 ,2,23.00,10000,?,?,?,?,?)
20250115@155935.6500 5mach4bjfvm9en3l9jgbta706l Query : insert into wsftcreationlog (initialftstamp,externalid,creationstatus,documenttypeid,idustamp) values ('aut6787d677896787db66c8','2500402','wait',39,'adm09112754980.682000002')
20250115@155935.7220 5mach4bjfvm9en3l9jgbta706l Query : use flama_phc
20250115@155935.7260 5mach4bjfvm9en3l9jgbta706l Query : update u_wsusers set rqsttoken =? where userid ='userls001'
20250115@155935.7560 5mach4bjfvm9en3l9jgbta706l Query : select concat(rtrim(relative_path),ltrim(name_new)) as valor from uploadfiles where uploadfile_id='4636';
20250115@155935.8150 5mach4bjfvm9en3l9jgbta706l Query : update uploadfiles set whenupdated=current_timestamp where uploadfile_id='4636';
20250115@155935.8700 5mach4bjfvm9en3l9jgbta706l Query : select concat(rtrim(relative_path),ltrim(name_new)) as valor from uploadfiles where uploadfile_id='4636';
20250115@155935.9060 5mach4bjfvm9en3l9jgbta706l Query : update uploadfiles set whenupdated=current_timestamp where uploadfile_id='4636';
20250115@155935.1483 vbacdmprtsur9unqjeision9n1 Query : insert into uploadfiles ( name_original, name_new, option_type, relative_path, whencreated ) values ( ?, ?, ?, ?, getdate() )
20250115@155935.1494 vbacdmprtsur9unqjeision9n1 Query : select uploadfile_id valor from uploadfiles where name_new = ? and option_type = ? 
20250115@155935.1572 vbacdmprtsur9unqjeision9n1 Query : select concat(rtrim(relative_path),ltrim(name_new)) as valor from uploadfiles where uploadfile_id='4637';
20250115@155935.1646 vbacdmprtsur9unqjeision9n1 Query : update uploadfiles set whenupdated=current_timestamp where uploadfile_id='4637';
20250115@155935.1712 vbacdmprtsur9unqjeision9n1 Query : select concat(rtrim(relative_path),ltrim(name_new)) as valor from uploadfiles where uploadfile_id='4637';
20250115@155935.1750 vbacdmprtsur9unqjeision9n1 Query : update uploadfiles set whenupdated=current_timestamp where uploadfile_id='4637';
20250115@155935.1822 vbacdmprtsur9unqjeision9n1 Query : use flama_phc
20250115@155935.1826 vbacdmprtsur9unqjeision9n1 Query : select top 1 secretkey valor from u_wsusers u where u.userid = ? and u.inactivo=0
20250115@155935.1898 vbacdmprtsur9unqjeision9n1 Query : use flama_phc
20250115@155935.1901 vbacdmprtsur9unqjeision9n1 Query : select no, estab,szadrsdesc from szadrs where u_coddest=4740
20250115@155935.1950 vbacdmprtsur9unqjeision9n1 Query : select top 1 isnull(design,'') valor from st (nolock) left join stobs (nolock) on st.ref = stobs.ref where st.ref = '324.1816.00.1'
20250115@155935.2752 vbacdmprtsur9unqjeision9n1 Query : select top 1 bistamp valor from bi inner join bo on bo.bostamp=bi.bostamp where bo.ndos =250 and bo.boano =2004 and bo.obrano = 2500403 and bi.ref ='324.1816.00.1' and bi.lordem =1
20250115@155935.3109 vbacdmprtsur9unqjeision9n1 Query : use flama_phc
20250115@155935.3113 vbacdmprtsur9unqjeision9n1 Query : select top 1 convert(date,fdata) valor from ft where ndoc = 39 and anulado= 0 and fno>0 order by fdata desc
20250115@155935.3184 vbacdmprtsur9unqjeision9n1 Query : use flama_phc
20250115@155935.3189 vbacdmprtsur9unqjeision9n1 Query : select top 1 1 valor from td where td.ndoc = 39
20250115@155935.3529 vbacdmprtsur9unqjeision9n1 Query : use flama_phc
20250115@155935.3535 vbacdmprtsur9unqjeision9n1 Query : select lower(descricao) descricao ,case when valor='s' then 1 else 0 end valor from para1 where descricao in ('st_lote','st_usalogifunc', 'st_grelha')
20250115@155935.3597 vbacdmprtsur9unqjeision9n1 Query : select top 1 manternumero ,assinadoc issigned ,tiposaft ,assinaimp ,nmdos ,td.assinadoc ,'cl' origin ,lancasl stocks ,case when cmsl<50 and td.lancasl=1 then 1 else 0 end entrada ,case when cmsl>50 and td.lancasl=1 then 1 else 0 end saida ,temserie assets ,~semgre usegridfields from td inner join td2 on td.tdstamp=td2.td2stamp where td.ndoc = 1
20250115@155935.3741 vbacdmprtsur9unqjeision9n1 Query : use flama_phc
20250115@155935.3744 vbacdmprtsur9unqjeision9n1 Query : select top 1 ~inactivo valor from cl where no = '100810' and estab = 0 order by inactivo desc
20250115@155935.3841 vbacdmprtsur9unqjeision9n1 Query : use flama_phc
20250115@155935.3945 vbacdmprtsur9unqjeision9n1 Query : select top 1 tipodoc,regrd from td where ndoc = 39
20250115@155935.4295 vbacdmprtsur9unqjeision9n1 Query : use flama_phc
20250115@155935.4301 vbacdmprtsur9unqjeision9n1 Query : select szadrsstamp valor from szadrs where szadrsdesc='espaÇotrans,lda'
20250115@155935.4364 vbacdmprtsur9unqjeision9n1 Query : use flama_phc
20250115@155935.4370 vbacdmprtsur9unqjeision9n1 Query : select szadrsstamp valor from szadrs where szadrsdesc='100810 - worten-equipamentos para o lar,sa.'
20250115@155935.4438 vbacdmprtsur9unqjeision9n1 Query : use flama_phc
20250115@155935.4441 vbacdmprtsur9unqjeision9n1 Query : select 1 valor from td where ndoc = 39
20250115@155935.4457 vbacdmprtsur9unqjeision9n1 Query : select top 1 manternumero, tiposaft, nmdos,td.assinadoc from td where td.ndoc = 39
20250115@155935.4472 vbacdmprtsur9unqjeision9n1 Query : select 1 valor from information_schema.tables where table_type='base table' and table_name='wstablefields'
20250115@155935.4493 vbacdmprtsur9unqjeision9n1 Query : select fieldkey,fieldname,fieldtype,mandatory from wstablefields where tablename = 'ft' and documentnumber = 39
20250115@155935.4517 vbacdmprtsur9unqjeision9n1 Query : select 1 valor from information_schema.tables where table_type='base table' and table_name='wstablefields'
20250115@155935.4532 vbacdmprtsur9unqjeision9n1 Query : select fieldkey,fieldname,fieldtype,mandatory from wstablefields where tablename = 'ft2' and documentnumber = 39
20250115@155935.4562 vbacdmprtsur9unqjeision9n1 Query : select 1 valor from information_schema.tables where table_type='base table' and table_name='wstablefields'
20250115@155935.4579 vbacdmprtsur9unqjeision9n1 Query : select fieldkey,fieldname,fieldtype,mandatory from wstablefields where tablename = 'ft3' and documentnumber = 39
20250115@155935.4592 vbacdmprtsur9unqjeision9n1 Query : select top 1 ft.fno valor from ft ft where ft.ndoc = 39 and ftano=2025 order by fno desc
20250115@155935.4704 vbacdmprtsur9unqjeision9n1 Query : select top 1 ft.fno valor from wsftdata ft where ft.ndoc = 39 and ftano=2025 order by fno desc
20250115@155935.4717 vbacdmprtsur9unqjeision9n1 Query : select 1 valor from information_schema.tables where table_type='base table' and table_name='wstablefields'
20250115@155935.4733 vbacdmprtsur9unqjeision9n1 Query : select fieldkey,fieldname,fieldtype,calcformula from wstablefields where tablename = 'ft3' and documentnumber = 39
20250115@155935.4749 vbacdmprtsur9unqjeision9n1 Query : insert into wsft3data (ft3stamp, ousrdata, ousrhora, usrdata,usrhora,ousrinis,usrinis,taxpointdt ) values ('aut6787d436556787db6770' ,getdate(),convert(char(8),convert (time,getdate())),getdate(),convert(char(8),convert (time,getdate())),'wsv','wsv',?)
20250115@155935.4949 vbacdmprtsur9unqjeision9n1 Query : select 1 valor from information_schema.tables where table_type='base table' and table_name='wstablefields'
20250115@155935.4970 vbacdmprtsur9unqjeision9n1 Query : select fieldkey,fieldname,fieldtype,calcformula from wstablefields where tablename = 'ft2' and documentnumber = 39
20250115@155935.5006 vbacdmprtsur9unqjeision9n1 Query : select top 1 bo.u_nomeenv valor from bo where bo.bostamp=''
20250115@155935.5019 vbacdmprtsur9unqjeision9n1 Query : select top 1 bo.u_moradaen valor from bo where bo.bostamp=''
20250115@155935.5031 vbacdmprtsur9unqjeision9n1 Query : select top 1 bo.u_codposen valor from bo where bo.bostamp=''
20250115@155935.5043 vbacdmprtsur9unqjeision9n1 Query : select top 1 bo.u_localenv valor from bo where bo.bostamp=''
20250115@155935.5055 vbacdmprtsur9unqjeision9n1 Query : select top 1 bo.trab5 valor from bo where bo.bostamp=''
20250115@155935.5066 vbacdmprtsur9unqjeision9n1 Query : select top 1 bo.serie valor from bo where bo.bostamp=''
20250115@155935.5078 vbacdmprtsur9unqjeision9n1 Query : insert into wsft2data (ft2stamp, ousrdata,ousrhora, usrdata,usrhora,ousrinis,usrinis,u_nomeenv ,u_moradaen ,u_codposen ,u_localenv ,u_coddest ,u_codby ) values ('aut6787d436556787db6770',getdate(),convert(char(8),convert (time,getdate())),getdate(),convert(char(8),convert (time,getdate())),'wsv','wsv',?,?,?,?,?,?)
20250115@155935.5385 vbacdmprtsur9unqjeision9n1 Query : select top 1 fno valor from wsftdata order by fno desc
20250115@155935.5419 vbacdmprtsur9unqjeision9n1 Query : select 1 valor from information_schema.tables where table_type='base table' and table_name='wstablefields'
20250115@155935.5436 vbacdmprtsur9unqjeision9n1 Query : select fieldkey,fieldname,fieldtype,calcformula from wstablefields where tablename = 'ft' and documentnumber = 39
20250115@155935.5459 vbacdmprtsur9unqjeision9n1 Query : select 'normal' from dummy
20250115@155935.5475 vbacdmprtsur9unqjeision9n1 Query : insert into wsftdata (ftstamp, ousrdata,ousrhora, usrdata,usrhora,ousrinis,usrinis,fno,no,estab,fdata,ndoc,moeda,cambio,cambiofixo,ftano,site ,classe ) values ('aut6787d436556787db6770',getdate(),convert(char(8),convert (time,getdate())),getdate(),convert(char(8),convert (time,getdate())),'wsv','wsv',3012,100810,0,'2025-01-15',39,'euro',0,0,2025 ,?,?)
20250115@155935.5807 vbacdmprtsur9unqjeision9n1 Query : use flama_phc
20250115@155935.5810 vbacdmprtsur9unqjeision9n1 Query : select st.usalote valor from st where st.ref = '324.1816.00.1'
20250115@155935.5832 vbacdmprtsur9unqjeision9n1 Query : select top 1 st.tabiva ,st.ivaincl ,st.stns ,st.uni2 ,st.familia ,isnull(tx.taxa, 0) txiva ,unidade ,usalote ,epcpond ,noserie ,conversao ,st.texteis from st left join taxasiva tx on st.tabiva = tx.codigo where st.ref = '324.1816.00.1'
20250115@155935.5989 vbacdmprtsur9unqjeision9n1 Query : select 1 valor from information_schema.tables where table_type='base table' and table_name='wstablefields'
20250115@155935.6004 vbacdmprtsur9unqjeision9n1 Query : select fieldkey,fieldname,fieldtype,mandatory from wstablefields where tablename = 'fi' and documentnumber = 39
20250115@155935.6029 vbacdmprtsur9unqjeision9n1 Query : select 1 valor from information_schema.tables where table_type='base table' and table_name='wstablefields'
20250115@155935.6045 vbacdmprtsur9unqjeision9n1 Query : select fieldkey,fieldname,fieldtype,mandatory from wstablefields where tablename = 'fi2' and documentnumber = 39
20250115@155935.6054 vbacdmprtsur9unqjeision9n1 Query : select top 1 convert(numeric(6,2),t.taxa) valor from taxasiva t where t.codigo='2'
20250115@155935.6065 vbacdmprtsur9unqjeision9n1 Query : select sestamp valor from se where ref ='324.1816.00.1' and lote = 'r2400284200a'
20250115@155935.6086 vbacdmprtsur9unqjeision9n1 Query : select 1 valor from information_schema.tables where table_type='base table' and table_name='wstablefields'
20250115@155935.6102 vbacdmprtsur9unqjeision9n1 Query : select fieldkey,fieldname,fieldtype,calcformula from wstablefields where tablename = 'fi2' and documentnumber = 39
20250115@155935.6113 vbacdmprtsur9unqjeision9n1 Query : insert into wsfi2data (fi2stamp,ftstamp ,ousrdata, ousrhora, usrdata,usrhora,ousrinis,usrinis) values ('aut6787d051706787db6794','aut6787d436556787db6770' ,getdate(),convert(char(8),convert (time,getdate())),getdate(),convert(char(8),convert (time,getdate())),'wsv','wsv')
20250115@155935.6118 vbacdmprtsur9unqjeision9n1 Query : select 1 valor from information_schema.tables where table_type='base table' and table_name='wstablefields'
20250115@155935.6133 vbacdmprtsur9unqjeision9n1 Query : select fieldkey,fieldname,fieldtype,calcformula from wstablefields where tablename = 'fi' and documentnumber = 39
20250115@155935.6162 vbacdmprtsur9unqjeision9n1 Query : insert into wsfidata (fistamp,ousrdata, ousrhora, usrdata,usrhora,ousrinis,usrinis ,qtt ,ftstamp ,epv,pvmoeda ,tabiva,iva,lordem ,ref, design ,lote,armazem,bistamp ) values ('aut6787d051706787db6794',getdate(),convert(char(8),convert (time,getdate())),getdate(),convert(char(8),convert (time,getdate())),'wsv','wsv',1.000 ,'aut6787d436556787db6770' ,0,0 ,2,23.00,10000,?,?,?,?,?)
20250115@155935.6471 vbacdmprtsur9unqjeision9n1 Query : select 1 valor from information_schema.tables where table_type='base table' and table_name='wstablefields'
20250115@155935.6487 vbacdmprtsur9unqjeision9n1 Query : select fieldkey,fieldname,fieldtype,mandatory from wstablefields where tablename = 'fi' and documentnumber = 39
20250115@155935.6512 vbacdmprtsur9unqjeision9n1 Query : select 1 valor from information_schema.tables where table_type='base table' and table_name='wstablefields'
20250115@155935.6526 vbacdmprtsur9unqjeision9n1 Query : select fieldkey,fieldname,fieldtype,mandatory from wstablefields where tablename = 'fi2' and documentnumber = 39
20250115@155935.6534 vbacdmprtsur9unqjeision9n1 Query : select top 1 convert(numeric(6,2),t.taxa) valor from taxasiva t where t.codigo='2'
20250115@155935.6546 vbacdmprtsur9unqjeision9n1 Query : select 1 valor from information_schema.tables where table_type='base table' and table_name='wstablefields'
20250115@155935.6561 vbacdmprtsur9unqjeision9n1 Query : select fieldkey,fieldname,fieldtype,calcformula from wstablefields where tablename = 'fi2' and documentnumber = 39
20250115@155935.6573 vbacdmprtsur9unqjeision9n1 Query : insert into wsfi2data (fi2stamp,ftstamp ,ousrdata, ousrhora, usrdata,usrhora,ousrinis,usrinis) values ('aut6787d111566787db679f','aut6787d436556787db6770' ,getdate(),convert(char(8),convert (time,getdate())),getdate(),convert(char(8),convert (time,getdate())),'wsv','wsv')
20250115@155935.6577 vbacdmprtsur9unqjeision9n1 Query : select 1 valor from information_schema.tables where table_type='base table' and table_name='wstablefields'
20250115@155935.6592 vbacdmprtsur9unqjeision9n1 Query : select fieldkey,fieldname,fieldtype,calcformula from wstablefields where tablename = 'fi' and documentnumber = 39
20250115@155935.6622 vbacdmprtsur9unqjeision9n1 Query : insert into wsfidata (fistamp,ousrdata, ousrhora, usrdata,usrhora,ousrinis,usrinis ,qtt ,ftstamp ,epv,pvmoeda ,tabiva,iva,lordem ,ref, design ,armazem) values ('aut6787d111566787db679f',getdate(),convert(char(8),convert (time,getdate())),getdate(),convert(char(8),convert (time,getdate())),'wsv','wsv',0 ,'aut6787d436556787db6770' ,0,0 ,2,23.00,20000,?,?,?)
20250115@155935.7348 vbacdmprtsur9unqjeision9n1 Query : insert into wsftcreationlog (initialftstamp,externalid,creationstatus,documenttypeid,idustamp) values ('aut6787d436556787db6770','2500403','wait',39,'adm09112754980.682000002')
20250115@155935.9833 vbacdmprtsur9unqjeision9n1 Query : use flama_phc
20250115@155935.9836 vbacdmprtsur9unqjeision9n1 Query : update u_wsusers set rqsttoken =? where userid ='userls001'
20250115@155935.9893 vbacdmprtsur9unqjeision9n1 Query : select concat(rtrim(relative_path),ltrim(name_new)) as valor from uploadfiles where uploadfile_id='4637';
20250115@155935.9937 vbacdmprtsur9unqjeision9n1 Query : update uploadfiles set whenupdated=current_timestamp where uploadfile_id='4637';
20250115@155935.9997 vbacdmprtsur9unqjeision9n1 Query : select concat(rtrim(relative_path),ltrim(name_new)) as valor from uploadfiles where uploadfile_id='4637';
20250115@155936.3600 vbacdmprtsur9unqjeision9n1 Query : update uploadfiles set whenupdated=current_timestamp where uploadfile_id='4637';
20250115@161909.7692 qs0e86miolaet8t3fij6ul411o Query : use flama_phc
20250115@161909.7696 qs0e86miolaet8t3fij6ul411o Query : select secretkey valor from u_wsusers u where u.userid = ? and u.username=? and u.password=? and u.inactivo=0
20250115@161909.7834 qs0e86miolaet8t3fij6ul411o Query : use flama_phc
20250115@161909.7840 qs0e86miolaet8t3fij6ul411o Query : update u_wsusers set rqsttoken =? where userid ='userls001'
20250115@163609.9850 6ras5vntd54kisl3iipckp5nm9 Query : use flama_phc
20250115@163609.9855 6ras5vntd54kisl3iipckp5nm9 Query : select secretkey valor from u_wsusers u where u.userid = ? and u.username=? and u.password=? and u.inactivo=0
20250115@163610.3450 6ras5vntd54kisl3iipckp5nm9 Query : use flama_phc
20250115@163610.3500 6ras5vntd54kisl3iipckp5nm9 Query : update u_wsusers set rqsttoken =? where userid ='userls001'
20250115@171909.7346 lckbrkat4sovvi6c88pm9bdape Query : use flama_phc
20250115@171909.7350 lckbrkat4sovvi6c88pm9bdape Query : select secretkey valor from u_wsusers u where u.userid = ? and u.username=? and u.password=? and u.inactivo=0
20250115@171909.7437 lckbrkat4sovvi6c88pm9bdape Query : use flama_phc
20250115@171909.7440 lckbrkat4sovvi6c88pm9bdape Query : update u_wsusers set rqsttoken =? where userid ='userls001'
20250115@173609.9950 6us74rv7spih1os32e93mv2lde Query : use flama_phc
20250115@173609.9954 6us74rv7spih1os32e93mv2lde Query : select secretkey valor from u_wsusers u where u.userid = ? and u.username=? and u.password=? and u.inactivo=0
20250115@173610.4600 6us74rv7spih1os32e93mv2lde Query : use flama_phc
20250115@173610.4900 6us74rv7spih1os32e93mv2lde Query : update u_wsusers set rqsttoken =? where userid ='userls001'
20250115@180659.6042 ikhbngjgdt0hoghu0dgt7fgqs5 Query : insert into uploadfiles ( name_original, name_new, option_type, relative_path, whencreated ) values ( ?, ?, ?, ?, getdate() )
20250115@180659.6076 ikhbngjgdt0hoghu0dgt7fgqs5 Query : select uploadfile_id valor from uploadfiles where name_new = ? and option_type = ? 
20250115@180659.6423 ikhbngjgdt0hoghu0dgt7fgqs5 Query : select concat(rtrim(relative_path),ltrim(name_new)) as valor from uploadfiles where uploadfile_id='4638';
20250115@180659.6507 ikhbngjgdt0hoghu0dgt7fgqs5 Query : update uploadfiles set whenupdated=current_timestamp where uploadfile_id='4638';
20250115@180659.6581 ikhbngjgdt0hoghu0dgt7fgqs5 Query : select concat(rtrim(relative_path),ltrim(name_new)) as valor from uploadfiles where uploadfile_id='4638';
20250115@180659.6631 ikhbngjgdt0hoghu0dgt7fgqs5 Query : update uploadfiles set whenupdated=current_timestamp where uploadfile_id='4638';
20250115@180659.6737 ikhbngjgdt0hoghu0dgt7fgqs5 Query : use flama_phc
20250115@180659.6741 ikhbngjgdt0hoghu0dgt7fgqs5 Query : select top 1 secretkey valor from u_wsusers u where u.userid = ? and u.inactivo=0
20250115@180659.6860 ikhbngjgdt0hoghu0dgt7fgqs5 Query : use flama_phc
20250115@180659.6864 ikhbngjgdt0hoghu0dgt7fgqs5 Query : select no, estab,szadrsdesc from szadrs where u_coddest=2459
20250115@180659.6969 ikhbngjgdt0hoghu0dgt7fgqs5 Query : select top 1 isnull(design,'') valor from st (nolock) left join stobs (nolock) on st.ref = stobs.ref where st.ref = '324.1816.00.1'
20250115@180659.7031 ikhbngjgdt0hoghu0dgt7fgqs5 Query : select top 1 bistamp valor from bi inner join bo on bo.bostamp=bi.bostamp where bo.ndos =250 and bo.boano =2003 and bo.obrano = 2500342 and bi.ref ='324.1816.00.1' and bi.lordem =1
20250115@180659.7404 ikhbngjgdt0hoghu0dgt7fgqs5 Query : select top 1 isnull(design,'') valor from st (nolock) left join stobs (nolock) on st.ref = stobs.ref where st.ref = '324.1816.00.1'
20250115@180659.7434 ikhbngjgdt0hoghu0dgt7fgqs5 Query : select top 1 bistamp valor from bi inner join bo on bo.bostamp=bi.bostamp where bo.ndos =250 and bo.boano =2003 and bo.obrano = 2500342 and bi.ref ='324.1816.00.1' and bi.lordem =1
20250115@180659.7453 ikhbngjgdt0hoghu0dgt7fgqs5 Query : select top 1 isnull(design,'') valor from st (nolock) left join stobs (nolock) on st.ref = stobs.ref where st.ref = '324.1816.00.1'
20250115@180659.7475 ikhbngjgdt0hoghu0dgt7fgqs5 Query : select top 1 bistamp valor from bi inner join bo on bo.bostamp=bi.bostamp where bo.ndos =250 and bo.boano =2003 and bo.obrano = 2500342 and bi.ref ='324.1816.00.1' and bi.lordem =1
20250115@180659.7492 ikhbngjgdt0hoghu0dgt7fgqs5 Query : select top 1 isnull(design,'') valor from st (nolock) left join stobs (nolock) on st.ref = stobs.ref where st.ref = '324.1816.00.1'
20250115@180659.7514 ikhbngjgdt0hoghu0dgt7fgqs5 Query : select top 1 bistamp valor from bi inner join bo on bo.bostamp=bi.bostamp where bo.ndos =250 and bo.boano =2003 and bo.obrano = 2500342 and bi.ref ='324.1816.00.1' and bi.lordem =1
20250115@180659.7532 ikhbngjgdt0hoghu0dgt7fgqs5 Query : select top 1 isnull(design,'') valor from st (nolock) left join stobs (nolock) on st.ref = stobs.ref where st.ref = '324.1816.00.1'
20250115@180659.7553 ikhbngjgdt0hoghu0dgt7fgqs5 Query : select top 1 bistamp valor from bi inner join bo on bo.bostamp=bi.bostamp where bo.ndos =250 and bo.boano =2003 and bo.obrano = 2500342 and bi.ref ='324.1816.00.1' and bi.lordem =1
20250115@180659.7571 ikhbngjgdt0hoghu0dgt7fgqs5 Query : select top 1 isnull(design,'') valor from st (nolock) left join stobs (nolock) on st.ref = stobs.ref where st.ref = '324.1816.00.1'
20250115@180659.7591 ikhbngjgdt0hoghu0dgt7fgqs5 Query : select top 1 bistamp valor from bi inner join bo on bo.bostamp=bi.bostamp where bo.ndos =250 and bo.boano =2003 and bo.obrano = 2500342 and bi.ref ='324.1816.00.1' and bi.lordem =1
20250115@180659.7609 ikhbngjgdt0hoghu0dgt7fgqs5 Query : select top 1 isnull(design,'') valor from st (nolock) left join stobs (nolock) on st.ref = stobs.ref where st.ref = '324.1816.00.1'
20250115@180659.7630 ikhbngjgdt0hoghu0dgt7fgqs5 Query : select top 1 bistamp valor from bi inner join bo on bo.bostamp=bi.bostamp where bo.ndos =250 and bo.boano =2003 and bo.obrano = 2500342 and bi.ref ='324.1816.00.1' and bi.lordem =1
20250115@180659.7648 ikhbngjgdt0hoghu0dgt7fgqs5 Query : select top 1 isnull(design,'') valor from st (nolock) left join stobs (nolock) on st.ref = stobs.ref where st.ref = '324.1816.00.1'
20250115@180659.7690 ikhbngjgdt0hoghu0dgt7fgqs5 Query : select top 1 bistamp valor from bi inner join bo on bo.bostamp=bi.bostamp where bo.ndos =250 and bo.boano =2003 and bo.obrano = 2500342 and bi.ref ='324.1816.00.1' and bi.lordem =1
20250115@180659.7709 ikhbngjgdt0hoghu0dgt7fgqs5 Query : select top 1 isnull(design,'') valor from st (nolock) left join stobs (nolock) on st.ref = stobs.ref where st.ref = '324.1816.00.1'
20250115@180659.7731 ikhbngjgdt0hoghu0dgt7fgqs5 Query : select top 1 bistamp valor from bi inner join bo on bo.bostamp=bi.bostamp where bo.ndos =250 and bo.boano =2003 and bo.obrano = 2500342 and bi.ref ='324.1816.00.1' and bi.lordem =1
20250115@180659.7748 ikhbngjgdt0hoghu0dgt7fgqs5 Query : select top 1 isnull(design,'') valor from st (nolock) left join stobs (nolock) on st.ref = stobs.ref where st.ref = '324.1816.00.1'
20250115@180659.7768 ikhbngjgdt0hoghu0dgt7fgqs5 Query : select top 1 bistamp valor from bi inner join bo on bo.bostamp=bi.bostamp where bo.ndos =250 and bo.boano =2003 and bo.obrano = 2500342 and bi.ref ='324.1816.00.1' and bi.lordem =1
20250115@180659.7785 ikhbngjgdt0hoghu0dgt7fgqs5 Query : select top 1 isnull(design,'') valor from st (nolock) left join stobs (nolock) on st.ref = stobs.ref where st.ref = '324.1816.00.1'
20250115@180659.7805 ikhbngjgdt0hoghu0dgt7fgqs5 Query : select top 1 bistamp valor from bi inner join bo on bo.bostamp=bi.bostamp where bo.ndos =250 and bo.boano =2003 and bo.obrano = 2500342 and bi.ref ='324.1816.00.1' and bi.lordem =1
20250115@180659.7822 ikhbngjgdt0hoghu0dgt7fgqs5 Query : select top 1 isnull(design,'') valor from st (nolock) left join stobs (nolock) on st.ref = stobs.ref where st.ref = '324.1816.00.1'
20250115@180659.7843 ikhbngjgdt0hoghu0dgt7fgqs5 Query : select top 1 bistamp valor from bi inner join bo on bo.bostamp=bi.bostamp where bo.ndos =250 and bo.boano =2003 and bo.obrano = 2500342 and bi.ref ='324.1816.00.1' and bi.lordem =1
20250115@180659.7860 ikhbngjgdt0hoghu0dgt7fgqs5 Query : select top 1 isnull(design,'') valor from st (nolock) left join stobs (nolock) on st.ref = stobs.ref where st.ref = '324.1816.00.1'
20250115@180659.7893 ikhbngjgdt0hoghu0dgt7fgqs5 Query : select top 1 bistamp valor from bi inner join bo on bo.bostamp=bi.bostamp where bo.ndos =250 and bo.boano =2003 and bo.obrano = 2500342 and bi.ref ='324.1816.00.1' and bi.lordem =1
20250115@180659.8060 ikhbngjgdt0hoghu0dgt7fgqs5 Query : select top 1 isnull(design,'') valor from st (nolock) left join stobs (nolock) on st.ref = stobs.ref where st.ref = '324.1816.00.1'
20250115@180659.8082 ikhbngjgdt0hoghu0dgt7fgqs5 Query : select top 1 bistamp valor from bi inner join bo on bo.bostamp=bi.bostamp where bo.ndos =250 and bo.boano =2003 and bo.obrano = 2500342 and bi.ref ='324.1816.00.1' and bi.lordem =1
20250115@180659.8106 ikhbngjgdt0hoghu0dgt7fgqs5 Query : select top 1 isnull(design,'') valor from st (nolock) left join stobs (nolock) on st.ref = stobs.ref where st.ref = '324.1816.00.1'
20250115@180659.8126 ikhbngjgdt0hoghu0dgt7fgqs5 Query : select top 1 bistamp valor from bi inner join bo on bo.bostamp=bi.bostamp where bo.ndos =250 and bo.boano =2003 and bo.obrano = 2500342 and bi.ref ='324.1816.00.1' and bi.lordem =1
20250115@180659.8152 ikhbngjgdt0hoghu0dgt7fgqs5 Query : select top 1 isnull(design,'') valor from st (nolock) left join stobs (nolock) on st.ref = stobs.ref where st.ref = '324.1824.00.1'
20250115@180659.8331 ikhbngjgdt0hoghu0dgt7fgqs5 Query : select top 1 bistamp valor from bi inner join bo on bo.bostamp=bi.bostamp where bo.ndos =250 and bo.boano =2003 and bo.obrano = 2500342 and bi.ref ='324.1824.00.1' and bi.lordem =2
20250115@180659.8685 ikhbngjgdt0hoghu0dgt7fgqs5 Query : select top 1 isnull(design,'') valor from st (nolock) left join stobs (nolock) on st.ref = stobs.ref where st.ref = '324.1824.00.1'
20250115@180659.8712 ikhbngjgdt0hoghu0dgt7fgqs5 Query : select top 1 bistamp valor from bi inner join bo on bo.bostamp=bi.bostamp where bo.ndos =250 and bo.boano =2003 and bo.obrano = 2500342 and bi.ref ='324.1824.00.1' and bi.lordem =2
20250115@180659.8730 ikhbngjgdt0hoghu0dgt7fgqs5 Query : select top 1 isnull(design,'') valor from st (nolock) left join stobs (nolock) on st.ref = stobs.ref where st.ref = '324.1824.00.1'
20250115@180659.8750 ikhbngjgdt0hoghu0dgt7fgqs5 Query : select top 1 bistamp valor from bi inner join bo on bo.bostamp=bi.bostamp where bo.ndos =250 and bo.boano =2003 and bo.obrano = 2500342 and bi.ref ='324.1824.00.1' and bi.lordem =2
20250115@180659.8768 ikhbngjgdt0hoghu0dgt7fgqs5 Query : select top 1 isnull(design,'') valor from st (nolock) left join stobs (nolock) on st.ref = stobs.ref where st.ref = '324.1824.00.1'
20250115@180659.8788 ikhbngjgdt0hoghu0dgt7fgqs5 Query : select top 1 bistamp valor from bi inner join bo on bo.bostamp=bi.bostamp where bo.ndos =250 and bo.boano =2003 and bo.obrano = 2500342 and bi.ref ='324.1824.00.1' and bi.lordem =2
20250115@180659.8809 ikhbngjgdt0hoghu0dgt7fgqs5 Query : select top 1 isnull(design,'') valor from st (nolock) left join stobs (nolock) on st.ref = stobs.ref where st.ref = '324.1824.00.1'
20250115@180659.8830 ikhbngjgdt0hoghu0dgt7fgqs5 Query : select top 1 bistamp valor from bi inner join bo on bo.bostamp=bi.bostamp where bo.ndos =250 and bo.boano =2003 and bo.obrano = 2500342 and bi.ref ='324.1824.00.1' and bi.lordem =2
20250115@180659.8848 ikhbngjgdt0hoghu0dgt7fgqs5 Query : select top 1 isnull(design,'') valor from st (nolock) left join stobs (nolock) on st.ref = stobs.ref where st.ref = '324.1824.00.1'
20250115@180659.8874 ikhbngjgdt0hoghu0dgt7fgqs5 Query : select top 1 bistamp valor from bi inner join bo on bo.bostamp=bi.bostamp where bo.ndos =250 and bo.boano =2003 and bo.obrano = 2500342 and bi.ref ='324.1824.00.1' and bi.lordem =2
20250115@180659.8892 ikhbngjgdt0hoghu0dgt7fgqs5 Query : select top 1 isnull(design,'') valor from st (nolock) left join stobs (nolock) on st.ref = stobs.ref where st.ref = '324.1824.00.1'
20250115@180659.8914 ikhbngjgdt0hoghu0dgt7fgqs5 Query : select top 1 bistamp valor from bi inner join bo on bo.bostamp=bi.bostamp where bo.ndos =250 and bo.boano =2003 and bo.obrano = 2500342 and bi.ref ='324.1824.00.1' and bi.lordem =2
20250115@180659.8931 ikhbngjgdt0hoghu0dgt7fgqs5 Query : select top 1 isnull(design,'') valor from st (nolock) left join stobs (nolock) on st.ref = stobs.ref where st.ref = '324.1824.00.1'
20250115@180659.8951 ikhbngjgdt0hoghu0dgt7fgqs5 Query : select top 1 bistamp valor from bi inner join bo on bo.bostamp=bi.bostamp where bo.ndos =250 and bo.boano =2003 and bo.obrano = 2500342 and bi.ref ='324.1824.00.1' and bi.lordem =2
20250115@180659.8968 ikhbngjgdt0hoghu0dgt7fgqs5 Query : select top 1 isnull(design,'') valor from st (nolock) left join stobs (nolock) on st.ref = stobs.ref where st.ref = '324.1824.00.1'
20250115@180659.8989 ikhbngjgdt0hoghu0dgt7fgqs5 Query : select top 1 bistamp valor from bi inner join bo on bo.bostamp=bi.bostamp where bo.ndos =250 and bo.boano =2003 and bo.obrano = 2500342 and bi.ref ='324.1824.00.1' and bi.lordem =2
20250115@180659.9007 ikhbngjgdt0hoghu0dgt7fgqs5 Query : select top 1 isnull(design,'') valor from st (nolock) left join stobs (nolock) on st.ref = stobs.ref where st.ref = '324.1824.00.1'
20250115@180659.9028 ikhbngjgdt0hoghu0dgt7fgqs5 Query : select top 1 bistamp valor from bi inner join bo on bo.bostamp=bi.bostamp where bo.ndos =250 and bo.boano =2003 and bo.obrano = 2500342 and bi.ref ='324.1824.00.1' and bi.lordem =2
20250115@180659.9046 ikhbngjgdt0hoghu0dgt7fgqs5 Query : select top 1 isnull(design,'') valor from st (nolock) left join stobs (nolock) on st.ref = stobs.ref where st.ref = '324.1824.00.1'
20250115@180659.9066 ikhbngjgdt0hoghu0dgt7fgqs5 Query : select top 1 bistamp valor from bi inner join bo on bo.bostamp=bi.bostamp where bo.ndos =250 and bo.boano =2003 and bo.obrano = 2500342 and bi.ref ='324.1824.00.1' and bi.lordem =2
20250115@180659.9084 ikhbngjgdt0hoghu0dgt7fgqs5 Query : select top 1 isnull(design,'') valor from st (nolock) left join stobs (nolock) on st.ref = stobs.ref where st.ref = '324.1824.00.1'
20250115@180659.9109 ikhbngjgdt0hoghu0dgt7fgqs5 Query : select top 1 bistamp valor from bi inner join bo on bo.bostamp=bi.bostamp where bo.ndos =250 and bo.boano =2003 and bo.obrano = 2500342 and bi.ref ='324.1824.00.1' and bi.lordem =2
20250115@180659.9126 ikhbngjgdt0hoghu0dgt7fgqs5 Query : select top 1 isnull(design,'') valor from st (nolock) left join stobs (nolock) on st.ref = stobs.ref where st.ref = '324.1824.00.1'
20250115@180659.9150 ikhbngjgdt0hoghu0dgt7fgqs5 Query : select top 1 bistamp valor from bi inner join bo on bo.bostamp=bi.bostamp where bo.ndos =250 and bo.boano =2003 and bo.obrano = 2500342 and bi.ref ='324.1824.00.1' and bi.lordem =2
20250115@180659.9167 ikhbngjgdt0hoghu0dgt7fgqs5 Query : select top 1 isnull(design,'') valor from st (nolock) left join stobs (nolock) on st.ref = stobs.ref where st.ref = '324.1824.00.1'
20250115@180659.9186 ikhbngjgdt0hoghu0dgt7fgqs5 Query : select top 1 bistamp valor from bi inner join bo on bo.bostamp=bi.bostamp where bo.ndos =250 and bo.boano =2003 and bo.obrano = 2500342 and bi.ref ='324.1824.00.1' and bi.lordem =2
20250115@180659.9206 ikhbngjgdt0hoghu0dgt7fgqs5 Query : select top 1 isnull(design,'') valor from st (nolock) left join stobs (nolock) on st.ref = stobs.ref where st.ref = '324.1824.00.1'
20250115@180659.9226 ikhbngjgdt0hoghu0dgt7fgqs5 Query : select top 1 bistamp valor from bi inner join bo on bo.bostamp=bi.bostamp where bo.ndos =250 and bo.boano =2003 and bo.obrano = 2500342 and bi.ref ='324.1824.00.1' and bi.lordem =2
20250115@180659.9243 ikhbngjgdt0hoghu0dgt7fgqs5 Query : select top 1 isnull(design,'') valor from st (nolock) left join stobs (nolock) on st.ref = stobs.ref where st.ref = '324.1832.00.2'
20250115@180659.9427 ikhbngjgdt0hoghu0dgt7fgqs5 Query : select top 1 bistamp valor from bi inner join bo on bo.bostamp=bi.bostamp where bo.ndos =250 and bo.boano =2003 and bo.obrano = 2500342 and bi.ref ='324.1832.00.2' and bi.lordem =3
20250115@180659.9804 ikhbngjgdt0hoghu0dgt7fgqs5 Query : select top 1 isnull(design,'') valor from st (nolock) left join stobs (nolock) on st.ref = stobs.ref where st.ref = '324.1832.00.2'
20250115@180659.9829 ikhbngjgdt0hoghu0dgt7fgqs5 Query : select top 1 bistamp valor from bi inner join bo on bo.bostamp=bi.bostamp where bo.ndos =250 and bo.boano =2003 and bo.obrano = 2500342 and bi.ref ='324.1832.00.2' and bi.lordem =3
20250115@180659.9847 ikhbngjgdt0hoghu0dgt7fgqs5 Query : select top 1 isnull(design,'') valor from st (nolock) left join stobs (nolock) on st.ref = stobs.ref where st.ref = '324.1833.00.2'
20250115@180700.5400 ikhbngjgdt0hoghu0dgt7fgqs5 Query : select top 1 bistamp valor from bi inner join bo on bo.bostamp=bi.bostamp where bo.ndos =250 and bo.boano =2003 and bo.obrano = 2500342 and bi.ref ='324.1833.00.2' and bi.lordem =4
20250115@180700.4340 ikhbngjgdt0hoghu0dgt7fgqs5 Query : select top 1 isnull(design,'') valor from st (nolock) left join stobs (nolock) on st.ref = stobs.ref where st.ref = '324.1833.00.2'
20250115@180700.4560 ikhbngjgdt0hoghu0dgt7fgqs5 Query : select top 1 bistamp valor from bi inner join bo on bo.bostamp=bi.bostamp where bo.ndos =250 and bo.boano =2003 and bo.obrano = 2500342 and bi.ref ='324.1833.00.2' and bi.lordem =4
20250115@180700.4740 ikhbngjgdt0hoghu0dgt7fgqs5 Query : use flama_phc
20250115@180700.4780 ikhbngjgdt0hoghu0dgt7fgqs5 Query : select top 1 convert(date,fdata) valor from ft where ndoc = 39 and anulado= 0 and fno>0 order by fdata desc
20250115@180700.7270 ikhbngjgdt0hoghu0dgt7fgqs5 Query : use flama_phc
20250115@180700.7300 ikhbngjgdt0hoghu0dgt7fgqs5 Query : select top 1 1 valor from td where td.ndoc = 39
20250115@180700.8420 ikhbngjgdt0hoghu0dgt7fgqs5 Query : use flama_phc
20250115@180700.8470 ikhbngjgdt0hoghu0dgt7fgqs5 Query : select lower(descricao) descricao ,case when valor='s' then 1 else 0 end valor from para1 where descricao in ('st_lote','st_usalogifunc', 'st_grelha')
20250115@180700.2198 ikhbngjgdt0hoghu0dgt7fgqs5 Query : select top 1 manternumero ,assinadoc issigned ,tiposaft ,assinaimp ,nmdos ,td.assinadoc ,'cl' origin ,lancasl stocks ,case when cmsl<50 and td.lancasl=1 then 1 else 0 end entrada ,case when cmsl>50 and td.lancasl=1 then 1 else 0 end saida ,temserie assets ,~semgre usegridfields from td inner join td2 on td.tdstamp=td2.td2stamp where td.ndoc = 1
20250115@180700.2372 ikhbngjgdt0hoghu0dgt7fgqs5 Query : use flama_phc
20250115@180700.2375 ikhbngjgdt0hoghu0dgt7fgqs5 Query : select top 1 ~inactivo valor from cl where no = '200500' and estab = 0 order by inactivo desc
20250115@180700.2627 ikhbngjgdt0hoghu0dgt7fgqs5 Query : use flama_phc
20250115@180700.2634 ikhbngjgdt0hoghu0dgt7fgqs5 Query : select top 1 tipodoc,regrd from td where ndoc = 39
20250115@180700.2995 ikhbngjgdt0hoghu0dgt7fgqs5 Query : use flama_phc
20250115@180700.2999 ikhbngjgdt0hoghu0dgt7fgqs5 Query : select szadrsstamp valor from szadrs where szadrsdesc='espaÇotrans,lda'
20250115@180700.3056 ikhbngjgdt0hoghu0dgt7fgqs5 Query : use flama_phc
20250115@180700.3060 ikhbngjgdt0hoghu0dgt7fgqs5 Query : select szadrsstamp valor from szadrs where szadrsdesc='eldisser, s.a.'
20250115@180700.3143 ikhbngjgdt0hoghu0dgt7fgqs5 Query : use flama_phc
20250115@180700.3148 ikhbngjgdt0hoghu0dgt7fgqs5 Query : select 1 valor from td where ndoc = 39
20250115@180700.3297 ikhbngjgdt0hoghu0dgt7fgqs5 Query : select top 1 manternumero, tiposaft, nmdos,td.assinadoc from td where td.ndoc = 39
20250115@180700.3416 ikhbngjgdt0hoghu0dgt7fgqs5 Query : select 1 valor from information_schema.tables where table_type='base table' and table_name='wstablefields'
20250115@180700.3941 ikhbngjgdt0hoghu0dgt7fgqs5 Query : select fieldkey,fieldname,fieldtype,mandatory from wstablefields where tablename = 'ft' and documentnumber = 39
20250115@180700.4043 ikhbngjgdt0hoghu0dgt7fgqs5 Query : select 1 valor from information_schema.tables where table_type='base table' and table_name='wstablefields'
20250115@180700.4069 ikhbngjgdt0hoghu0dgt7fgqs5 Query : select fieldkey,fieldname,fieldtype,mandatory from wstablefields where tablename = 'ft2' and documentnumber = 39
20250115@180700.4120 ikhbngjgdt0hoghu0dgt7fgqs5 Query : select 1 valor from information_schema.tables where table_type='base table' and table_name='wstablefields'
20250115@180700.4144 ikhbngjgdt0hoghu0dgt7fgqs5 Query : select fieldkey,fieldname,fieldtype,mandatory from wstablefields where tablename = 'ft3' and documentnumber = 39
20250115@180700.4161 ikhbngjgdt0hoghu0dgt7fgqs5 Query : select top 1 ft.fno valor from ft ft where ft.ndoc = 39 and ftano=2025 order by fno desc
20250115@180700.4612 ikhbngjgdt0hoghu0dgt7fgqs5 Query : select top 1 ft.fno valor from wsftdata ft where ft.ndoc = 39 and ftano=2025 order by fno desc
20250115@180700.4873 ikhbngjgdt0hoghu0dgt7fgqs5 Query : select 1 valor from information_schema.tables where table_type='base table' and table_name='wstablefields'
20250115@180700.4890 ikhbngjgdt0hoghu0dgt7fgqs5 Query : select fieldkey,fieldname,fieldtype,calcformula from wstablefields where tablename = 'ft3' and documentnumber = 39
20250115@180700.4938 ikhbngjgdt0hoghu0dgt7fgqs5 Query : insert into wsft3data (ft3stamp, ousrdata, ousrhora, usrdata,usrhora,ousrinis,usrinis,taxpointdt ) values ('aut6787f214166787f94465' ,getdate(),convert(char(8),convert (time,getdate())),getdate(),convert(char(8),convert (time,getdate())),'wsv','wsv',?)
20250115@180700.5244 ikhbngjgdt0hoghu0dgt7fgqs5 Query : select 1 valor from information_schema.tables where table_type='base table' and table_name='wstablefields'
20250115@180700.5275 ikhbngjgdt0hoghu0dgt7fgqs5 Query : select fieldkey,fieldname,fieldtype,calcformula from wstablefields where tablename = 'ft2' and documentnumber = 39
20250115@180700.5321 ikhbngjgdt0hoghu0dgt7fgqs5 Query : select top 1 bo.u_nomeenv valor from bo where bo.bostamp=''
20250115@180700.5440 ikhbngjgdt0hoghu0dgt7fgqs5 Query : select top 1 bo.u_moradaen valor from bo where bo.bostamp=''
20250115@180700.5552 ikhbngjgdt0hoghu0dgt7fgqs5 Query : select top 1 bo.u_codposen valor from bo where bo.bostamp=''
20250115@180700.5671 ikhbngjgdt0hoghu0dgt7fgqs5 Query : select top 1 bo.u_localenv valor from bo where bo.bostamp=''
20250115@180700.5778 ikhbngjgdt0hoghu0dgt7fgqs5 Query : select top 1 bo.trab5 valor from bo where bo.bostamp=''
20250115@180700.5882 ikhbngjgdt0hoghu0dgt7fgqs5 Query : select top 1 bo.serie valor from bo where bo.bostamp=''
20250115@180700.5988 ikhbngjgdt0hoghu0dgt7fgqs5 Query : insert into wsft2data (ft2stamp, ousrdata,ousrhora, usrdata,usrhora,ousrinis,usrinis,u_nomeenv ,u_moradaen ,u_codposen ,u_localenv ,u_coddest ,u_codby ) values ('aut6787f214166787f94465',getdate(),convert(char(8),convert (time,getdate())),getdate(),convert(char(8),convert (time,getdate())),'wsv','wsv',?,?,?,?,?,?)
20250115@180700.6617 ikhbngjgdt0hoghu0dgt7fgqs5 Query : select top 1 fno valor from wsftdata order by fno desc
20250115@180700.6734 ikhbngjgdt0hoghu0dgt7fgqs5 Query : select 1 valor from information_schema.tables where table_type='base table' and table_name='wstablefields'
20250115@180700.6750 ikhbngjgdt0hoghu0dgt7fgqs5 Query : select fieldkey,fieldname,fieldtype,calcformula from wstablefields where tablename = 'ft' and documentnumber = 39
20250115@180700.6775 ikhbngjgdt0hoghu0dgt7fgqs5 Query : select 'normal' from dummy
20250115@180700.6821 ikhbngjgdt0hoghu0dgt7fgqs5 Query : insert into wsftdata (ftstamp, ousrdata,ousrhora, usrdata,usrhora,ousrinis,usrinis,fno,no,estab,fdata,ndoc,moeda,cambio,cambiofixo,ftano,site ,classe ) values ('aut6787f214166787f94465',getdate(),convert(char(8),convert (time,getdate())),getdate(),convert(char(8),convert (time,getdate())),'wsv','wsv',3013,200500,0,'2025-01-15',39,'euro',0,0,2025 ,?,?)
20250115@180700.7327 ikhbngjgdt0hoghu0dgt7fgqs5 Query : use flama_phc
20250115@180700.7330 ikhbngjgdt0hoghu0dgt7fgqs5 Query : select st.usalote valor from st where st.ref = '324.1816.00.1'
20250115@180700.7357 ikhbngjgdt0hoghu0dgt7fgqs5 Query : select top 1 st.tabiva ,st.ivaincl ,st.stns ,st.uni2 ,st.familia ,isnull(tx.taxa, 0) txiva ,unidade ,usalote ,epcpond ,noserie ,conversao ,st.texteis from st left join taxasiva tx on st.tabiva = tx.codigo where st.ref = '324.1816.00.1'
20250115@180700.7385 ikhbngjgdt0hoghu0dgt7fgqs5 Query : select 1 valor from information_schema.tables where table_type='base table' and table_name='wstablefields'
20250115@180700.7401 ikhbngjgdt0hoghu0dgt7fgqs5 Query : select fieldkey,fieldname,fieldtype,mandatory from wstablefields where tablename = 'fi' and documentnumber = 39
20250115@180700.7428 ikhbngjgdt0hoghu0dgt7fgqs5 Query : select 1 valor from information_schema.tables where table_type='base table' and table_name='wstablefields'
20250115@180700.7450 ikhbngjgdt0hoghu0dgt7fgqs5 Query : select fieldkey,fieldname,fieldtype,mandatory from wstablefields where tablename = 'fi2' and documentnumber = 39
20250115@180700.7459 ikhbngjgdt0hoghu0dgt7fgqs5 Query : select top 1 convert(numeric(6,2),t.taxa) valor from taxasiva t where t.codigo='2'
20250115@180700.7504 ikhbngjgdt0hoghu0dgt7fgqs5 Query : select sestamp valor from se where ref ='324.1816.00.1' and lote = 'r2400284200a'
20250115@180700.7526 ikhbngjgdt0hoghu0dgt7fgqs5 Query : select 1 valor from information_schema.tables where table_type='base table' and table_name='wstablefields'
20250115@180700.7540 ikhbngjgdt0hoghu0dgt7fgqs5 Query : select fieldkey,fieldname,fieldtype,calcformula from wstablefields where tablename = 'fi2' and documentnumber = 39
20250115@180700.7554 ikhbngjgdt0hoghu0dgt7fgqs5 Query : insert into wsfi2data (fi2stamp,ftstamp ,ousrdata, ousrhora, usrdata,usrhora,ousrinis,usrinis) values ('aut6787f143706787f944b7','aut6787f214166787f94465' ,getdate(),convert(char(8),convert (time,getdate())),getdate(),convert(char(8),convert (time,getdate())),'wsv','wsv')
20250115@180700.7618 ikhbngjgdt0hoghu0dgt7fgqs5 Query : select 1 valor from information_schema.tables where table_type='base table' and table_name='wstablefields'
20250115@180700.7654 ikhbngjgdt0hoghu0dgt7fgqs5 Query : select fieldkey,fieldname,fieldtype,calcformula from wstablefields where tablename = 'fi' and documentnumber = 39
20250115@180700.7706 ikhbngjgdt0hoghu0dgt7fgqs5 Query : insert into wsfidata (fistamp,ousrdata, ousrhora, usrdata,usrhora,ousrinis,usrinis ,qtt ,ftstamp ,epv,pvmoeda ,tabiva,iva,lordem ,ref, design ,lote,armazem,bistamp ) values ('aut6787f143706787f944b7',getdate(),convert(char(8),convert (time,getdate())),getdate(),convert(char(8),convert (time,getdate())),'wsv','wsv',20.000 ,'aut6787f214166787f94465' ,0,0 ,2,23.00,10000,?,?,?,?,?)
20250115@180700.8244 ikhbngjgdt0hoghu0dgt7fgqs5 Query : select 1 valor from information_schema.tables where table_type='base table' and table_name='wstablefields'
20250115@180700.8262 ikhbngjgdt0hoghu0dgt7fgqs5 Query : select fieldkey,fieldname,fieldtype,mandatory from wstablefields where tablename = 'fi' and documentnumber = 39
20250115@180700.8287 ikhbngjgdt0hoghu0dgt7fgqs5 Query : select 1 valor from information_schema.tables where table_type='base table' and table_name='wstablefields'
20250115@180700.8303 ikhbngjgdt0hoghu0dgt7fgqs5 Query : select fieldkey,fieldname,fieldtype,mandatory from wstablefields where tablename = 'fi2' and documentnumber = 39
20250115@180700.8313 ikhbngjgdt0hoghu0dgt7fgqs5 Query : select top 1 convert(numeric(6,2),t.taxa) valor from taxasiva t where t.codigo='2'
20250115@180700.8325 ikhbngjgdt0hoghu0dgt7fgqs5 Query : select 1 valor from information_schema.tables where table_type='base table' and table_name='wstablefields'
20250115@180700.8339 ikhbngjgdt0hoghu0dgt7fgqs5 Query : select fieldkey,fieldname,fieldtype,calcformula from wstablefields where tablename = 'fi2' and documentnumber = 39
20250115@180700.8351 ikhbngjgdt0hoghu0dgt7fgqs5 Query : insert into wsfi2data (fi2stamp,ftstamp ,ousrdata, ousrhora, usrdata,usrhora,ousrinis,usrinis) values ('aut6787f709096787f944cb','aut6787f214166787f94465' ,getdate(),convert(char(8),convert (time,getdate())),getdate(),convert(char(8),convert (time,getdate())),'wsv','wsv')
20250115@180700.8355 ikhbngjgdt0hoghu0dgt7fgqs5 Query : select 1 valor from information_schema.tables where table_type='base table' and table_name='wstablefields'
20250115@180700.8371 ikhbngjgdt0hoghu0dgt7fgqs5 Query : select fieldkey,fieldname,fieldtype,calcformula from wstablefields where tablename = 'fi' and documentnumber = 39
20250115@180700.8415 ikhbngjgdt0hoghu0dgt7fgqs5 Query : insert into wsfidata (fistamp,ousrdata, ousrhora, usrdata,usrhora,ousrinis,usrinis ,qtt ,ftstamp ,epv,pvmoeda ,tabiva,iva,lordem ,ref, design ,armazem) values ('aut6787f709096787f944cb',getdate(),convert(char(8),convert (time,getdate())),getdate(),convert(char(8),convert (time,getdate())),'wsv','wsv',0 ,'aut6787f214166787f94465' ,0,0 ,2,23.00,20000,?,?,?)
20250115@180700.8684 ikhbngjgdt0hoghu0dgt7fgqs5 Query : use flama_phc
20250115@180700.8687 ikhbngjgdt0hoghu0dgt7fgqs5 Query : select st.usalote valor from st where st.ref = '324.1816.00.1'
20250115@180700.8715 ikhbngjgdt0hoghu0dgt7fgqs5 Query : select top 1 st.tabiva ,st.ivaincl ,st.stns ,st.uni2 ,st.familia ,isnull(tx.taxa, 0) txiva ,unidade ,usalote ,epcpond ,noserie ,conversao ,st.texteis from st left join taxasiva tx on st.tabiva = tx.codigo where st.ref = '324.1816.00.1'
20250115@180700.8729 ikhbngjgdt0hoghu0dgt7fgqs5 Query : select 1 valor from information_schema.tables where table_type='base table' and table_name='wstablefields'
20250115@180700.8745 ikhbngjgdt0hoghu0dgt7fgqs5 Query : select fieldkey,fieldname,fieldtype,mandatory from wstablefields where tablename = 'fi' and documentnumber = 39
20250115@180700.8781 ikhbngjgdt0hoghu0dgt7fgqs5 Query : select 1 valor from information_schema.tables where table_type='base table' and table_name='wstablefields'
20250115@180700.8796 ikhbngjgdt0hoghu0dgt7fgqs5 Query : select fieldkey,fieldname,fieldtype,mandatory from wstablefields where tablename = 'fi2' and documentnumber = 39
20250115@180700.8804 ikhbngjgdt0hoghu0dgt7fgqs5 Query : select top 1 convert(numeric(6,2),t.taxa) valor from taxasiva t where t.codigo='2'
20250115@180700.8828 ikhbngjgdt0hoghu0dgt7fgqs5 Query : select sestamp valor from se where ref ='324.1816.00.1' and lote = 'r2400284200a'
20250115@180700.8847 ikhbngjgdt0hoghu0dgt7fgqs5 Query : select 1 valor from information_schema.tables where table_type='base table' and table_name='wstablefields'
20250115@180700.8861 ikhbngjgdt0hoghu0dgt7fgqs5 Query : select fieldkey,fieldname,fieldtype,calcformula from wstablefields where tablename = 'fi2' and documentnumber = 39
20250115@180700.8873 ikhbngjgdt0hoghu0dgt7fgqs5 Query : insert into wsfi2data (fi2stamp,ftstamp ,ousrdata, ousrhora, usrdata,usrhora,ousrinis,usrinis) values ('aut6787f394896787f944d7','aut6787f214166787f94465' ,getdate(),convert(char(8),convert (time,getdate())),getdate(),convert(char(8),convert (time,getdate())),'wsv','wsv')
20250115@180700.8878 ikhbngjgdt0hoghu0dgt7fgqs5 Query : select 1 valor from information_schema.tables where table_type='base table' and table_name='wstablefields'
20250115@180700.8895 ikhbngjgdt0hoghu0dgt7fgqs5 Query : select fieldkey,fieldname,fieldtype,calcformula from wstablefields where tablename = 'fi' and documentnumber = 39
20250115@180700.8924 ikhbngjgdt0hoghu0dgt7fgqs5 Query : insert into wsfidata (fistamp,ousrdata, ousrhora, usrdata,usrhora,ousrinis,usrinis ,qtt ,ftstamp ,epv,pvmoeda ,tabiva,iva,lordem ,ref, design ,lote,armazem,bistamp ) values ('aut6787f394896787f944d7',getdate(),convert(char(8),convert (time,getdate())),getdate(),convert(char(8),convert (time,getdate())),'wsv','wsv',20.000 ,'aut6787f214166787f94465' ,0,0 ,2,23.00,40000,?,?,?,?,?)
20250115@180700.9271 ikhbngjgdt0hoghu0dgt7fgqs5 Query : select 1 valor from information_schema.tables where table_type='base table' and table_name='wstablefields'
20250115@180700.9288 ikhbngjgdt0hoghu0dgt7fgqs5 Query : select fieldkey,fieldname,fieldtype,mandatory from wstablefields where tablename = 'fi' and documentnumber = 39
20250115@180700.9317 ikhbngjgdt0hoghu0dgt7fgqs5 Query : select 1 valor from information_schema.tables where table_type='base table' and table_name='wstablefields'
20250115@180700.9332 ikhbngjgdt0hoghu0dgt7fgqs5 Query : select fieldkey,fieldname,fieldtype,mandatory from wstablefields where tablename = 'fi2' and documentnumber = 39
20250115@180700.9340 ikhbngjgdt0hoghu0dgt7fgqs5 Query : select top 1 convert(numeric(6,2),t.taxa) valor from taxasiva t where t.codigo='2'
20250115@180700.9355 ikhbngjgdt0hoghu0dgt7fgqs5 Query : select 1 valor from information_schema.tables where table_type='base table' and table_name='wstablefields'
20250115@180700.9372 ikhbngjgdt0hoghu0dgt7fgqs5 Query : select fieldkey,fieldname,fieldtype,calcformula from wstablefields where tablename = 'fi2' and documentnumber = 39
20250115@180700.9384 ikhbngjgdt0hoghu0dgt7fgqs5 Query : insert into wsfi2data (fi2stamp,ftstamp ,ousrdata, ousrhora, usrdata,usrhora,ousrinis,usrinis) values ('aut6787f016006787f944e4','aut6787f214166787f94465' ,getdate(),convert(char(8),convert (time,getdate())),getdate(),convert(char(8),convert (time,getdate())),'wsv','wsv')
20250115@180700.9388 ikhbngjgdt0hoghu0dgt7fgqs5 Query : select 1 valor from information_schema.tables where table_type='base table' and table_name='wstablefields'
20250115@180700.9403 ikhbngjgdt0hoghu0dgt7fgqs5 Query : select fieldkey,fieldname,fieldtype,calcformula from wstablefields where tablename = 'fi' and documentnumber = 39
20250115@180700.9439 ikhbngjgdt0hoghu0dgt7fgqs5 Query : insert into wsfidata (fistamp,ousrdata, ousrhora, usrdata,usrhora,ousrinis,usrinis ,qtt ,ftstamp ,epv,pvmoeda ,tabiva,iva,lordem ,ref, design ,armazem) values ('aut6787f016006787f944e4',getdate(),convert(char(8),convert (time,getdate())),getdate(),convert(char(8),convert (time,getdate())),'wsv','wsv',0 ,'aut6787f214166787f94465' ,0,0 ,2,23.00,50000,?,?,?)
20250115@180700.9704 ikhbngjgdt0hoghu0dgt7fgqs5 Query : use flama_phc
20250115@180700.9707 ikhbngjgdt0hoghu0dgt7fgqs5 Query : select st.usalote valor from st where st.ref = '324.1816.00.1'
20250115@180700.9727 ikhbngjgdt0hoghu0dgt7fgqs5 Query : select top 1 st.tabiva ,st.ivaincl ,st.stns ,st.uni2 ,st.familia ,isnull(tx.taxa, 0) txiva ,unidade ,usalote ,epcpond ,noserie ,conversao ,st.texteis from st left join taxasiva tx on st.tabiva = tx.codigo where st.ref = '324.1816.00.1'
20250115@180700.9742 ikhbngjgdt0hoghu0dgt7fgqs5 Query : select 1 valor from information_schema.tables where table_type='base table' and table_name='wstablefields'
20250115@180700.9759 ikhbngjgdt0hoghu0dgt7fgqs5 Query : select fieldkey,fieldname,fieldtype,mandatory from wstablefields where tablename = 'fi' and documentnumber = 39
20250115@180700.9797 ikhbngjgdt0hoghu0dgt7fgqs5 Query : select 1 valor from information_schema.tables where table_type='base table' and table_name='wstablefields'
20250115@180700.9849 ikhbngjgdt0hoghu0dgt7fgqs5 Query : select fieldkey,fieldname,fieldtype,mandatory from wstablefields where tablename = 'fi2' and documentnumber = 39
20250115@180700.9857 ikhbngjgdt0hoghu0dgt7fgqs5 Query : select top 1 convert(numeric(6,2),t.taxa) valor from taxasiva t where t.codigo='2'
20250115@180700.9873 ikhbngjgdt0hoghu0dgt7fgqs5 Query : select sestamp valor from se where ref ='324.1816.00.1' and lote = 'r2400284200a'
20250115@180700.9885 ikhbngjgdt0hoghu0dgt7fgqs5 Query : select 1 valor from information_schema.tables where table_type='base table' and table_name='wstablefields'
20250115@180700.9900 ikhbngjgdt0hoghu0dgt7fgqs5 Query : select fieldkey,fieldname,fieldtype,calcformula from wstablefields where tablename = 'fi2' and documentnumber = 39
20250115@180700.9916 ikhbngjgdt0hoghu0dgt7fgqs5 Query : insert into wsfi2data (fi2stamp,ftstamp ,ousrdata, ousrhora, usrdata,usrhora,ousrinis,usrinis) values ('aut6787f059906787f944f1','aut6787f214166787f94465' ,getdate(),convert(char(8),convert (time,getdate())),getdate(),convert(char(8),convert (time,getdate())),'wsv','wsv')
20250115@180700.9921 ikhbngjgdt0hoghu0dgt7fgqs5 Query : select 1 valor from information_schema.tables where table_type='base table' and table_name='wstablefields'
20250115@180700.9935 ikhbngjgdt0hoghu0dgt7fgqs5 Query : select fieldkey,fieldname,fieldtype,calcformula from wstablefields where tablename = 'fi' and documentnumber = 39
20250115@180700.9963 ikhbngjgdt0hoghu0dgt7fgqs5 Query : insert into wsfidata (fistamp,ousrdata, ousrhora, usrdata,usrhora,ousrinis,usrinis ,qtt ,ftstamp ,epv,pvmoeda ,tabiva,iva,lordem ,ref, design ,lote,armazem,bistamp ) values ('aut6787f059906787f944f1',getdate(),convert(char(8),convert (time,getdate())),getdate(),convert(char(8),convert (time,getdate())),'wsv','wsv',20.000 ,'aut6787f214166787f94465' ,0,0 ,2,23.00,70000,?,?,?,?,?)
20250115@180701.2390 ikhbngjgdt0hoghu0dgt7fgqs5 Query : select 1 valor from information_schema.tables where table_type='base table' and table_name='wstablefields'
20250115@180701.2630 ikhbngjgdt0hoghu0dgt7fgqs5 Query : select fieldkey,fieldname,fieldtype,mandatory from wstablefields where tablename = 'fi' and documentnumber = 39
20250115@180701.2910 ikhbngjgdt0hoghu0dgt7fgqs5 Query : select 1 valor from information_schema.tables where table_type='base table' and table_name='wstablefields'
20250115@180701.3060 ikhbngjgdt0hoghu0dgt7fgqs5 Query : select fieldkey,fieldname,fieldtype,mandatory from wstablefields where tablename = 'fi2' and documentnumber = 39
20250115@180701.3140 ikhbngjgdt0hoghu0dgt7fgqs5 Query : select top 1 convert(numeric(6,2),t.taxa) valor from taxasiva t where t.codigo='2'
20250115@180701.3260 ikhbngjgdt0hoghu0dgt7fgqs5 Query : select 1 valor from information_schema.tables where table_type='base table' and table_name='wstablefields'
20250115@180701.3400 ikhbngjgdt0hoghu0dgt7fgqs5 Query : select fieldkey,fieldname,fieldtype,calcformula from wstablefields where tablename = 'fi2' and documentnumber = 39
20250115@180701.3540 ikhbngjgdt0hoghu0dgt7fgqs5 Query : insert into wsfi2data (fi2stamp,ftstamp ,ousrdata, ousrhora, usrdata,usrhora,ousrinis,usrinis) values ('aut6787f075126787f94507','aut6787f214166787f94465' ,getdate(),convert(char(8),convert (time,getdate())),getdate(),convert(char(8),convert (time,getdate())),'wsv','wsv')
20250115@180701.3580 ikhbngjgdt0hoghu0dgt7fgqs5 Query : select 1 valor from information_schema.tables where table_type='base table' and table_name='wstablefields'
20250115@180701.3740 ikhbngjgdt0hoghu0dgt7fgqs5 Query : select fieldkey,fieldname,fieldtype,calcformula from wstablefields where tablename = 'fi' and documentnumber = 39
20250115@180701.4020 ikhbngjgdt0hoghu0dgt7fgqs5 Query : insert into wsfidata (fistamp,ousrdata, ousrhora, usrdata,usrhora,ousrinis,usrinis ,qtt ,ftstamp ,epv,pvmoeda ,tabiva,iva,lordem ,ref, design ,armazem) values ('aut6787f075126787f94507',getdate(),convert(char(8),convert (time,getdate())),getdate(),convert(char(8),convert (time,getdate())),'wsv','wsv',0 ,'aut6787f214166787f94465' ,0,0 ,2,23.00,80000,?,?,?)
20250115@180701.6890 ikhbngjgdt0hoghu0dgt7fgqs5 Query : use flama_phc
20250115@180701.6920 ikhbngjgdt0hoghu0dgt7fgqs5 Query : select st.usalote valor from st where st.ref = '324.1816.00.1'
20250115@180701.7130 ikhbngjgdt0hoghu0dgt7fgqs5 Query : select top 1 st.tabiva ,st.ivaincl ,st.stns ,st.uni2 ,st.familia ,isnull(tx.taxa, 0) txiva ,unidade ,usalote ,epcpond ,noserie ,conversao ,st.texteis from st left join taxasiva tx on st.tabiva = tx.codigo where st.ref = '324.1816.00.1'
20250115@180701.7270 ikhbngjgdt0hoghu0dgt7fgqs5 Query : select 1 valor from information_schema.tables where table_type='base table' and table_name='wstablefields'
20250115@180701.7430 ikhbngjgdt0hoghu0dgt7fgqs5 Query : select fieldkey,fieldname,fieldtype,mandatory from wstablefields where tablename = 'fi' and documentnumber = 39
20250115@180701.7700 ikhbngjgdt0hoghu0dgt7fgqs5 Query : select 1 valor from information_schema.tables where table_type='base table' and table_name='wstablefields'
20250115@180701.7850 ikhbngjgdt0hoghu0dgt7fgqs5 Query : select fieldkey,fieldname,fieldtype,mandatory from wstablefields where tablename = 'fi2' and documentnumber = 39
20250115@180701.7930 ikhbngjgdt0hoghu0dgt7fgqs5 Query : select top 1 convert(numeric(6,2),t.taxa) valor from taxasiva t where t.codigo='2'
20250115@180701.8070 ikhbngjgdt0hoghu0dgt7fgqs5 Query : select sestamp valor from se where ref ='324.1816.00.1' and lote = 'r2400284200a'
20250115@180701.8290 ikhbngjgdt0hoghu0dgt7fgqs5 Query : select 1 valor from information_schema.tables where table_type='base table' and table_name='wstablefields'
20250115@180701.8490 ikhbngjgdt0hoghu0dgt7fgqs5 Query : select fieldkey,fieldname,fieldtype,calcformula from wstablefields where tablename = 'fi2' and documentnumber = 39
20250115@180701.8610 ikhbngjgdt0hoghu0dgt7fgqs5 Query : insert into wsfi2data (fi2stamp,ftstamp ,ousrdata, ousrhora, usrdata,usrhora,ousrinis,usrinis) values ('aut6787f831206787f94514','aut6787f214166787f94465' ,getdate(),convert(char(8),convert (time,getdate())),getdate(),convert(char(8),convert (time,getdate())),'wsv','wsv')
20250115@180701.8830 ikhbngjgdt0hoghu0dgt7fgqs5 Query : select 1 valor from information_schema.tables where table_type='base table' and table_name='wstablefields'
20250115@180701.8980 ikhbngjgdt0hoghu0dgt7fgqs5 Query : select fieldkey,fieldname,fieldtype,calcformula from wstablefields where tablename = 'fi' and documentnumber = 39
20250115@180701.9380 ikhbngjgdt0hoghu0dgt7fgqs5 Query : insert into wsfidata (fistamp,ousrdata, ousrhora, usrdata,usrhora,ousrinis,usrinis ,qtt ,ftstamp ,epv,pvmoeda ,tabiva,iva,lordem ,ref, design ,lote,armazem,bistamp ) values ('aut6787f831206787f94514',getdate(),convert(char(8),convert (time,getdate())),getdate(),convert(char(8),convert (time,getdate())),'wsv','wsv',20.000 ,'aut6787f214166787f94465' ,0,0 ,2,23.00,100000,?,?,?,?,?)
20250115@180701.1219 ikhbngjgdt0hoghu0dgt7fgqs5 Query : select 1 valor from information_schema.tables where table_type='base table' and table_name='wstablefields'
20250115@180701.1237 ikhbngjgdt0hoghu0dgt7fgqs5 Query : select fieldkey,fieldname,fieldtype,mandatory from wstablefields where tablename = 'fi' and documentnumber = 39
20250115@180701.1274 ikhbngjgdt0hoghu0dgt7fgqs5 Query : select 1 valor from information_schema.tables where table_type='base table' and table_name='wstablefields'
20250115@180701.1289 ikhbngjgdt0hoghu0dgt7fgqs5 Query : select fieldkey,fieldname,fieldtype,mandatory from wstablefields where tablename = 'fi2' and documentnumber = 39
20250115@180701.1298 ikhbngjgdt0hoghu0dgt7fgqs5 Query : select top 1 convert(numeric(6,2),t.taxa) valor from taxasiva t where t.codigo='2'
20250115@180701.1312 ikhbngjgdt0hoghu0dgt7fgqs5 Query : select 1 valor from information_schema.tables where table_type='base table' and table_name='wstablefields'
20250115@180701.1329 ikhbngjgdt0hoghu0dgt7fgqs5 Query : select fieldkey,fieldname,fieldtype,calcformula from wstablefields where tablename = 'fi2' and documentnumber = 39
20250115@180701.1340 ikhbngjgdt0hoghu0dgt7fgqs5 Query : insert into wsfi2data (fi2stamp,ftstamp ,ousrdata, ousrhora, usrdata,usrhora,ousrinis,usrinis) values ('aut6787f590266787f94520','aut6787f214166787f94465' ,getdate(),convert(char(8),convert (time,getdate())),getdate(),convert(char(8),convert (time,getdate())),'wsv','wsv')
20250115@180701.1344 ikhbngjgdt0hoghu0dgt7fgqs5 Query : select 1 valor from information_schema.tables where table_type='base table' and table_name='wstablefields'
20250115@180701.1366 ikhbngjgdt0hoghu0dgt7fgqs5 Query : select fieldkey,fieldname,fieldtype,calcformula from wstablefields where tablename = 'fi' and documentnumber = 39
20250115@180701.1401 ikhbngjgdt0hoghu0dgt7fgqs5 Query : insert into wsfidata (fistamp,ousrdata, ousrhora, usrdata,usrhora,ousrinis,usrinis ,qtt ,ftstamp ,epv,pvmoeda ,tabiva,iva,lordem ,ref, design ,armazem) values ('aut6787f590266787f94520',getdate(),convert(char(8),convert (time,getdate())),getdate(),convert(char(8),convert (time,getdate())),'wsv','wsv',0 ,'aut6787f214166787f94465' ,0,0 ,2,23.00,110000,?,?,?)
20250115@180701.1660 ikhbngjgdt0hoghu0dgt7fgqs5 Query : use flama_phc
20250115@180701.1663 ikhbngjgdt0hoghu0dgt7fgqs5 Query : select st.usalote valor from st where st.ref = '324.1816.00.1'
20250115@180701.1683 ikhbngjgdt0hoghu0dgt7fgqs5 Query : select top 1 st.tabiva ,st.ivaincl ,st.stns ,st.uni2 ,st.familia ,isnull(tx.taxa, 0) txiva ,unidade ,usalote ,epcpond ,noserie ,conversao ,st.texteis from st left join taxasiva tx on st.tabiva = tx.codigo where st.ref = '324.1816.00.1'
20250115@180701.1698 ikhbngjgdt0hoghu0dgt7fgqs5 Query : select 1 valor from information_schema.tables where table_type='base table' and table_name='wstablefields'
20250115@180701.1713 ikhbngjgdt0hoghu0dgt7fgqs5 Query : select fieldkey,fieldname,fieldtype,mandatory from wstablefields where tablename = 'fi' and documentnumber = 39
20250115@180701.1739 ikhbngjgdt0hoghu0dgt7fgqs5 Query : select 1 valor from information_schema.tables where table_type='base table' and table_name='wstablefields'
20250115@180701.1759 ikhbngjgdt0hoghu0dgt7fgqs5 Query : select fieldkey,fieldname,fieldtype,mandatory from wstablefields where tablename = 'fi2' and documentnumber = 39
20250115@180701.1768 ikhbngjgdt0hoghu0dgt7fgqs5 Query : select top 1 convert(numeric(6,2),t.taxa) valor from taxasiva t where t.codigo='2'
20250115@180701.1785 ikhbngjgdt0hoghu0dgt7fgqs5 Query : select sestamp valor from se where ref ='324.1816.00.1' and lote = 'r2400284200a'
20250115@180701.1798 ikhbngjgdt0hoghu0dgt7fgqs5 Query : select 1 valor from information_schema.tables where table_type='base table' and table_name='wstablefields'
20250115@180701.1812 ikhbngjgdt0hoghu0dgt7fgqs5 Query : select fieldkey,fieldname,fieldtype,calcformula from wstablefields where tablename = 'fi2' and documentnumber = 39
20250115@180701.1824 ikhbngjgdt0hoghu0dgt7fgqs5 Query : insert into wsfi2data (fi2stamp,ftstamp ,ousrdata, ousrhora, usrdata,usrhora,ousrinis,usrinis) values ('aut6787f319516787f9452b','aut6787f214166787f94465' ,getdate(),convert(char(8),convert (time,getdate())),getdate(),convert(char(8),convert (time,getdate())),'wsv','wsv')
20250115@180701.1828 ikhbngjgdt0hoghu0dgt7fgqs5 Query : select 1 valor from information_schema.tables where table_type='base table' and table_name='wstablefields'
20250115@180701.1850 ikhbngjgdt0hoghu0dgt7fgqs5 Query : select fieldkey,fieldname,fieldtype,calcformula from wstablefields where tablename = 'fi' and documentnumber = 39
20250115@180701.1878 ikhbngjgdt0hoghu0dgt7fgqs5 Query : insert into wsfidata (fistamp,ousrdata, ousrhora, usrdata,usrhora,ousrinis,usrinis ,qtt ,ftstamp ,epv,pvmoeda ,tabiva,iva,lordem ,ref, design ,lote,armazem,bistamp ) values ('aut6787f319516787f9452b',getdate(),convert(char(8),convert (time,getdate())),getdate(),convert(char(8),convert (time,getdate())),'wsv','wsv',20.000 ,'aut6787f214166787f94465' ,0,0 ,2,23.00,130000,?,?,?,?,?)
20250115@180701.2153 ikhbngjgdt0hoghu0dgt7fgqs5 Query : select 1 valor from information_schema.tables where table_type='base table' and table_name='wstablefields'
20250115@180701.2170 ikhbngjgdt0hoghu0dgt7fgqs5 Query : select fieldkey,fieldname,fieldtype,mandatory from wstablefields where tablename = 'fi' and documentnumber = 39
20250115@180701.2194 ikhbngjgdt0hoghu0dgt7fgqs5 Query : select 1 valor from information_schema.tables where table_type='base table' and table_name='wstablefields'
20250115@180701.2211 ikhbngjgdt0hoghu0dgt7fgqs5 Query : select fieldkey,fieldname,fieldtype,mandatory from wstablefields where tablename = 'fi2' and documentnumber = 39
20250115@180701.2225 ikhbngjgdt0hoghu0dgt7fgqs5 Query : select top 1 convert(numeric(6,2),t.taxa) valor from taxasiva t where t.codigo='2'
20250115@180701.2238 ikhbngjgdt0hoghu0dgt7fgqs5 Query : select 1 valor from information_schema.tables where table_type='base table' and table_name='wstablefields'
20250115@180701.2259 ikhbngjgdt0hoghu0dgt7fgqs5 Query : select fieldkey,fieldname,fieldtype,calcformula from wstablefields where tablename = 'fi2' and documentnumber = 39
20250115@180701.2271 ikhbngjgdt0hoghu0dgt7fgqs5 Query : insert into wsfi2data (fi2stamp,ftstamp ,ousrdata, ousrhora, usrdata,usrhora,ousrinis,usrinis) values ('aut6787f864326787f94536','aut6787f214166787f94465' ,getdate(),convert(char(8),convert (time,getdate())),getdate(),convert(char(8),convert (time,getdate())),'wsv','wsv')
20250115@180701.2276 ikhbngjgdt0hoghu0dgt7fgqs5 Query : select 1 valor from information_schema.tables where table_type='base table' and table_name='wstablefields'
20250115@180701.2315 ikhbngjgdt0hoghu0dgt7fgqs5 Query : select fieldkey,fieldname,fieldtype,calcformula from wstablefields where tablename = 'fi' and documentnumber = 39
20250115@180701.2460 ikhbngjgdt0hoghu0dgt7fgqs5 Query : insert into wsfidata (fistamp,ousrdata, ousrhora, usrdata,usrhora,ousrinis,usrinis ,qtt ,ftstamp ,epv,pvmoeda ,tabiva,iva,lordem ,ref, design ,armazem) values ('aut6787f864326787f94536',getdate(),convert(char(8),convert (time,getdate())),getdate(),convert(char(8),convert (time,getdate())),'wsv','wsv',0 ,'aut6787f214166787f94465' ,0,0 ,2,23.00,140000,?,?,?)
20250115@180701.2735 ikhbngjgdt0hoghu0dgt7fgqs5 Query : use flama_phc
20250115@180701.2738 ikhbngjgdt0hoghu0dgt7fgqs5 Query : select st.usalote valor from st where st.ref = '324.1816.00.1'
20250115@180701.2758 ikhbngjgdt0hoghu0dgt7fgqs5 Query : select top 1 st.tabiva ,st.ivaincl ,st.stns ,st.uni2 ,st.familia ,isnull(tx.taxa, 0) txiva ,unidade ,usalote ,epcpond ,noserie ,conversao ,st.texteis from st left join taxasiva tx on st.tabiva = tx.codigo where st.ref = '324.1816.00.1'
20250115@180701.2782 ikhbngjgdt0hoghu0dgt7fgqs5 Query : select 1 valor from information_schema.tables where table_type='base table' and table_name='wstablefields'
20250115@180701.2800 ikhbngjgdt0hoghu0dgt7fgqs5 Query : select fieldkey,fieldname,fieldtype,mandatory from wstablefields where tablename = 'fi' and documentnumber = 39
20250115@180701.2832 ikhbngjgdt0hoghu0dgt7fgqs5 Query : select 1 valor from information_schema.tables where table_type='base table' and table_name='wstablefields'
20250115@180701.2848 ikhbngjgdt0hoghu0dgt7fgqs5 Query : select fieldkey,fieldname,fieldtype,mandatory from wstablefields where tablename = 'fi2' and documentnumber = 39
20250115@180701.2858 ikhbngjgdt0hoghu0dgt7fgqs5 Query : select top 1 convert(numeric(6,2),t.taxa) valor from taxasiva t where t.codigo='2'
20250115@180701.3459 ikhbngjgdt0hoghu0dgt7fgqs5 Query : select sestamp valor from se where ref ='324.1816.00.1' and lote = 'r2400284200a'
20250115@180701.3631 ikhbngjgdt0hoghu0dgt7fgqs5 Query : select 1 valor from information_schema.tables where table_type='base table' and table_name='wstablefields'
20250115@180701.4021 ikhbngjgdt0hoghu0dgt7fgqs5 Query : select fieldkey,fieldname,fieldtype,calcformula from wstablefields where tablename = 'fi2' and documentnumber = 39
20250115@180701.4057 ikhbngjgdt0hoghu0dgt7fgqs5 Query : insert into wsfi2data (fi2stamp,ftstamp ,ousrdata, ousrhora, usrdata,usrhora,ousrinis,usrinis) values ('aut6787f888846787f94558','aut6787f214166787f94465' ,getdate(),convert(char(8),convert (time,getdate())),getdate(),convert(char(8),convert (time,getdate())),'wsv','wsv')
20250115@180701.4062 ikhbngjgdt0hoghu0dgt7fgqs5 Query : select 1 valor from information_schema.tables where table_type='base table' and table_name='wstablefields'
20250115@180701.4089 ikhbngjgdt0hoghu0dgt7fgqs5 Query : select fieldkey,fieldname,fieldtype,calcformula from wstablefields where tablename = 'fi' and documentnumber = 39
20250115@180701.4122 ikhbngjgdt0hoghu0dgt7fgqs5 Query : insert into wsfidata (fistamp,ousrdata, ousrhora, usrdata,usrhora,ousrinis,usrinis ,qtt ,ftstamp ,epv,pvmoeda ,tabiva,iva,lordem ,ref, design ,lote,armazem,bistamp ) values ('aut6787f888846787f94558',getdate(),convert(char(8),convert (time,getdate())),getdate(),convert(char(8),convert (time,getdate())),'wsv','wsv',20.000 ,'aut6787f214166787f94465' ,0,0 ,2,23.00,160000,?,?,?,?,?)
20250115@180701.4417 ikhbngjgdt0hoghu0dgt7fgqs5 Query : select 1 valor from information_schema.tables where table_type='base table' and table_name='wstablefields'
20250115@180701.4438 ikhbngjgdt0hoghu0dgt7fgqs5 Query : select fieldkey,fieldname,fieldtype,mandatory from wstablefields where tablename = 'fi' and documentnumber = 39
20250115@180701.4464 ikhbngjgdt0hoghu0dgt7fgqs5 Query : select 1 valor from information_schema.tables where table_type='base table' and table_name='wstablefields'
20250115@180701.4479 ikhbngjgdt0hoghu0dgt7fgqs5 Query : select fieldkey,fieldname,fieldtype,mandatory from wstablefields where tablename = 'fi2' and documentnumber = 39
20250115@180701.4497 ikhbngjgdt0hoghu0dgt7fgqs5 Query : select top 1 convert(numeric(6,2),t.taxa) valor from taxasiva t where t.codigo='2'
20250115@180701.4510 ikhbngjgdt0hoghu0dgt7fgqs5 Query : select 1 valor from information_schema.tables where table_type='base table' and table_name='wstablefields'
20250115@180701.4532 ikhbngjgdt0hoghu0dgt7fgqs5 Query : select fieldkey,fieldname,fieldtype,calcformula from wstablefields where tablename = 'fi2' and documentnumber = 39
20250115@180701.4545 ikhbngjgdt0hoghu0dgt7fgqs5 Query : insert into wsfi2data (fi2stamp,ftstamp ,ousrdata, ousrhora, usrdata,usrhora,ousrinis,usrinis) values ('aut6787f002796787f9456e','aut6787f214166787f94465' ,getdate(),convert(char(8),convert (time,getdate())),getdate(),convert(char(8),convert (time,getdate())),'wsv','wsv')
20250115@180701.4550 ikhbngjgdt0hoghu0dgt7fgqs5 Query : select 1 valor from information_schema.tables where table_type='base table' and table_name='wstablefields'
20250115@180701.4565 ikhbngjgdt0hoghu0dgt7fgqs5 Query : select fieldkey,fieldname,fieldtype,calcformula from wstablefields where tablename = 'fi' and documentnumber = 39
20250115@180701.4609 ikhbngjgdt0hoghu0dgt7fgqs5 Query : insert into wsfidata (fistamp,ousrdata, ousrhora, usrdata,usrhora,ousrinis,usrinis ,qtt ,ftstamp ,epv,pvmoeda ,tabiva,iva,lordem ,ref, design ,armazem) values ('aut6787f002796787f9456e',getdate(),convert(char(8),convert (time,getdate())),getdate(),convert(char(8),convert (time,getdate())),'wsv','wsv',0 ,'aut6787f214166787f94465' ,0,0 ,2,23.00,170000,?,?,?)
20250115@180701.4867 ikhbngjgdt0hoghu0dgt7fgqs5 Query : use flama_phc
20250115@180701.4870 ikhbngjgdt0hoghu0dgt7fgqs5 Query : select st.usalote valor from st where st.ref = '324.1816.00.1'
20250115@180701.4891 ikhbngjgdt0hoghu0dgt7fgqs5 Query : select top 1 st.tabiva ,st.ivaincl ,st.stns ,st.uni2 ,st.familia ,isnull(tx.taxa, 0) txiva ,unidade ,usalote ,epcpond ,noserie ,conversao ,st.texteis from st left join taxasiva tx on st.tabiva = tx.codigo where st.ref = '324.1816.00.1'
20250115@180701.4908 ikhbngjgdt0hoghu0dgt7fgqs5 Query : select 1 valor from information_schema.tables where table_type='base table' and table_name='wstablefields'
20250115@180701.4924 ikhbngjgdt0hoghu0dgt7fgqs5 Query : select fieldkey,fieldname,fieldtype,mandatory from wstablefields where tablename = 'fi' and documentnumber = 39
20250115@180701.4957 ikhbngjgdt0hoghu0dgt7fgqs5 Query : select 1 valor from information_schema.tables where table_type='base table' and table_name='wstablefields'
20250115@180701.4976 ikhbngjgdt0hoghu0dgt7fgqs5 Query : select fieldkey,fieldname,fieldtype,mandatory from wstablefields where tablename = 'fi2' and documentnumber = 39
20250115@180701.4985 ikhbngjgdt0hoghu0dgt7fgqs5 Query : select top 1 convert(numeric(6,2),t.taxa) valor from taxasiva t where t.codigo='2'
20250115@180701.4998 ikhbngjgdt0hoghu0dgt7fgqs5 Query : select sestamp valor from se where ref ='324.1816.00.1' and lote = 'r2400284200a'
20250115@180701.5010 ikhbngjgdt0hoghu0dgt7fgqs5 Query : select 1 valor from information_schema.tables where table_type='base table' and table_name='wstablefields'
20250115@180701.5035 ikhbngjgdt0hoghu0dgt7fgqs5 Query : select fieldkey,fieldname,fieldtype,calcformula from wstablefields where tablename = 'fi2' and documentnumber = 39
20250115@180701.5055 ikhbngjgdt0hoghu0dgt7fgqs5 Query : insert into wsfi2data (fi2stamp,ftstamp ,ousrdata, ousrhora, usrdata,usrhora,ousrinis,usrinis) values ('aut6787f719576787f9457a','aut6787f214166787f94465' ,getdate(),convert(char(8),convert (time,getdate())),getdate(),convert(char(8),convert (time,getdate())),'wsv','wsv')
20250115@180701.5059 ikhbngjgdt0hoghu0dgt7fgqs5 Query : select 1 valor from information_schema.tables where table_type='base table' and table_name='wstablefields'
20250115@180701.5081 ikhbngjgdt0hoghu0dgt7fgqs5 Query : select fieldkey,fieldname,fieldtype,calcformula from wstablefields where tablename = 'fi' and documentnumber = 39
20250115@180701.5118 ikhbngjgdt0hoghu0dgt7fgqs5 Query : insert into wsfidata (fistamp,ousrdata, ousrhora, usrdata,usrhora,ousrinis,usrinis ,qtt ,ftstamp ,epv,pvmoeda ,tabiva,iva,lordem ,ref, design ,lote,armazem,bistamp ) values ('aut6787f719576787f9457a',getdate(),convert(char(8),convert (time,getdate())),getdate(),convert(char(8),convert (time,getdate())),'wsv','wsv',20.000 ,'aut6787f214166787f94465' ,0,0 ,2,23.00,190000,?,?,?,?,?)
20250115@180701.5406 ikhbngjgdt0hoghu0dgt7fgqs5 Query : select 1 valor from information_schema.tables where table_type='base table' and table_name='wstablefields'
20250115@180701.5423 ikhbngjgdt0hoghu0dgt7fgqs5 Query : select fieldkey,fieldname,fieldtype,mandatory from wstablefields where tablename = 'fi' and documentnumber = 39
20250115@180701.5453 ikhbngjgdt0hoghu0dgt7fgqs5 Query : select 1 valor from information_schema.tables where table_type='base table' and table_name='wstablefields'
20250115@180701.5469 ikhbngjgdt0hoghu0dgt7fgqs5 Query : select fieldkey,fieldname,fieldtype,mandatory from wstablefields where tablename = 'fi2' and documentnumber = 39
20250115@180701.5477 ikhbngjgdt0hoghu0dgt7fgqs5 Query : select top 1 convert(numeric(6,2),t.taxa) valor from taxasiva t where t.codigo='2'
20250115@180701.5489 ikhbngjgdt0hoghu0dgt7fgqs5 Query : select 1 valor from information_schema.tables where table_type='base table' and table_name='wstablefields'
20250115@180701.5506 ikhbngjgdt0hoghu0dgt7fgqs5 Query : select fieldkey,fieldname,fieldtype,calcformula from wstablefields where tablename = 'fi2' and documentnumber = 39
20250115@180701.5518 ikhbngjgdt0hoghu0dgt7fgqs5 Query : insert into wsfi2data (fi2stamp,ftstamp ,ousrdata, ousrhora, usrdata,usrhora,ousrinis,usrinis) values ('aut6787f244606787f94586','aut6787f214166787f94465' ,getdate(),convert(char(8),convert (time,getdate())),getdate(),convert(char(8),convert (time,getdate())),'wsv','wsv')
20250115@180701.5523 ikhbngjgdt0hoghu0dgt7fgqs5 Query : select 1 valor from information_schema.tables where table_type='base table' and table_name='wstablefields'
20250115@180701.5537 ikhbngjgdt0hoghu0dgt7fgqs5 Query : select fieldkey,fieldname,fieldtype,calcformula from wstablefields where tablename = 'fi' and documentnumber = 39
20250115@180701.5567 ikhbngjgdt0hoghu0dgt7fgqs5 Query : insert into wsfidata (fistamp,ousrdata, ousrhora, usrdata,usrhora,ousrinis,usrinis ,qtt ,ftstamp ,epv,pvmoeda ,tabiva,iva,lordem ,ref, design ,armazem) values ('aut6787f244606787f94586',getdate(),convert(char(8),convert (time,getdate())),getdate(),convert(char(8),convert (time,getdate())),'wsv','wsv',0 ,'aut6787f214166787f94465' ,0,0 ,2,23.00,200000,?,?,?)
20250115@180701.5850 ikhbngjgdt0hoghu0dgt7fgqs5 Query : use flama_phc
20250115@180701.5853 ikhbngjgdt0hoghu0dgt7fgqs5 Query : select st.usalote valor from st where st.ref = '324.1816.00.1'
20250115@180701.5885 ikhbngjgdt0hoghu0dgt7fgqs5 Query : select top 1 st.tabiva ,st.ivaincl ,st.stns ,st.uni2 ,st.familia ,isnull(tx.taxa, 0) txiva ,unidade ,usalote ,epcpond ,noserie ,conversao ,st.texteis from st left join taxasiva tx on st.tabiva = tx.codigo where st.ref = '324.1816.00.1'
20250115@180701.5899 ikhbngjgdt0hoghu0dgt7fgqs5 Query : select 1 valor from information_schema.tables where table_type='base table' and table_name='wstablefields'
20250115@180701.5924 ikhbngjgdt0hoghu0dgt7fgqs5 Query : select fieldkey,fieldname,fieldtype,mandatory from wstablefields where tablename = 'fi' and documentnumber = 39
20250115@180701.5956 ikhbngjgdt0hoghu0dgt7fgqs5 Query : select 1 valor from information_schema.tables where table_type='base table' and table_name='wstablefields'
20250115@180701.5973 ikhbngjgdt0hoghu0dgt7fgqs5 Query : select fieldkey,fieldname,fieldtype,mandatory from wstablefields where tablename = 'fi2' and documentnumber = 39
20250115@180701.5983 ikhbngjgdt0hoghu0dgt7fgqs5 Query : select top 1 convert(numeric(6,2),t.taxa) valor from taxasiva t where t.codigo='2'
20250115@180701.5997 ikhbngjgdt0hoghu0dgt7fgqs5 Query : select sestamp valor from se where ref ='324.1816.00.1' and lote = 'r2400284200a'
20250115@180701.6011 ikhbngjgdt0hoghu0dgt7fgqs5 Query : select 1 valor from information_schema.tables where table_type='base table' and table_name='wstablefields'
20250115@180701.6028 ikhbngjgdt0hoghu0dgt7fgqs5 Query : select fieldkey,fieldname,fieldtype,calcformula from wstablefields where tablename = 'fi2' and documentnumber = 39
20250115@180701.6041 ikhbngjgdt0hoghu0dgt7fgqs5 Query : insert into wsfi2data (fi2stamp,ftstamp ,ousrdata, ousrhora, usrdata,usrhora,ousrinis,usrinis) values ('aut6787f758886787f94592','aut6787f214166787f94465' ,getdate(),convert(char(8),convert (time,getdate())),getdate(),convert(char(8),convert (time,getdate())),'wsv','wsv')
20250115@180701.6046 ikhbngjgdt0hoghu0dgt7fgqs5 Query : select 1 valor from information_schema.tables where table_type='base table' and table_name='wstablefields'
20250115@180701.6061 ikhbngjgdt0hoghu0dgt7fgqs5 Query : select fieldkey,fieldname,fieldtype,calcformula from wstablefields where tablename = 'fi' and documentnumber = 39
20250115@180701.6089 ikhbngjgdt0hoghu0dgt7fgqs5 Query : insert into wsfidata (fistamp,ousrdata, ousrhora, usrdata,usrhora,ousrinis,usrinis ,qtt ,ftstamp ,epv,pvmoeda ,tabiva,iva,lordem ,ref, design ,lote,armazem,bistamp ) values ('aut6787f758886787f94592',getdate(),convert(char(8),convert (time,getdate())),getdate(),convert(char(8),convert (time,getdate())),'wsv','wsv',20.000 ,'aut6787f214166787f94465' ,0,0 ,2,23.00,220000,?,?,?,?,?)
20250115@180701.6370 ikhbngjgdt0hoghu0dgt7fgqs5 Query : select 1 valor from information_schema.tables where table_type='base table' and table_name='wstablefields'
20250115@180701.6386 ikhbngjgdt0hoghu0dgt7fgqs5 Query : select fieldkey,fieldname,fieldtype,mandatory from wstablefields where tablename = 'fi' and documentnumber = 39
20250115@180701.6414 ikhbngjgdt0hoghu0dgt7fgqs5 Query : select 1 valor from information_schema.tables where table_type='base table' and table_name='wstablefields'
20250115@180701.6429 ikhbngjgdt0hoghu0dgt7fgqs5 Query : select fieldkey,fieldname,fieldtype,mandatory from wstablefields where tablename = 'fi2' and documentnumber = 39
20250115@180701.6438 ikhbngjgdt0hoghu0dgt7fgqs5 Query : select top 1 convert(numeric(6,2),t.taxa) valor from taxasiva t where t.codigo='2'
20250115@180701.6463 ikhbngjgdt0hoghu0dgt7fgqs5 Query : select 1 valor from information_schema.tables where table_type='base table' and table_name='wstablefields'
20250115@180701.6477 ikhbngjgdt0hoghu0dgt7fgqs5 Query : select fieldkey,fieldname,fieldtype,calcformula from wstablefields where tablename = 'fi2' and documentnumber = 39
20250115@180701.6490 ikhbngjgdt0hoghu0dgt7fgqs5 Query : insert into wsfi2data (fi2stamp,ftstamp ,ousrdata, ousrhora, usrdata,usrhora,ousrinis,usrinis) values ('aut6787f503726787f9459d','aut6787f214166787f94465' ,getdate(),convert(char(8),convert (time,getdate())),getdate(),convert(char(8),convert (time,getdate())),'wsv','wsv')
20250115@180701.6495 ikhbngjgdt0hoghu0dgt7fgqs5 Query : select 1 valor from information_schema.tables where table_type='base table' and table_name='wstablefields'
20250115@180701.6510 ikhbngjgdt0hoghu0dgt7fgqs5 Query : select fieldkey,fieldname,fieldtype,calcformula from wstablefields where tablename = 'fi' and documentnumber = 39
20250115@180701.6538 ikhbngjgdt0hoghu0dgt7fgqs5 Query : insert into wsfidata (fistamp,ousrdata, ousrhora, usrdata,usrhora,ousrinis,usrinis ,qtt ,ftstamp ,epv,pvmoeda ,tabiva,iva,lordem ,ref, design ,armazem) values ('aut6787f503726787f9459d',getdate(),convert(char(8),convert (time,getdate())),getdate(),convert(char(8),convert (time,getdate())),'wsv','wsv',0 ,'aut6787f214166787f94465' ,0,0 ,2,23.00,230000,?,?,?)
20250115@180701.6807 ikhbngjgdt0hoghu0dgt7fgqs5 Query : use flama_phc
20250115@180701.6814 ikhbngjgdt0hoghu0dgt7fgqs5 Query : select st.usalote valor from st where st.ref = '324.1816.00.1'
20250115@180701.6850 ikhbngjgdt0hoghu0dgt7fgqs5 Query : select top 1 st.tabiva ,st.ivaincl ,st.stns ,st.uni2 ,st.familia ,isnull(tx.taxa, 0) txiva ,unidade ,usalote ,epcpond ,noserie ,conversao ,st.texteis from st left join taxasiva tx on st.tabiva = tx.codigo where st.ref = '324.1816.00.1'
20250115@180701.6873 ikhbngjgdt0hoghu0dgt7fgqs5 Query : select 1 valor from information_schema.tables where table_type='base table' and table_name='wstablefields'
20250115@180701.6897 ikhbngjgdt0hoghu0dgt7fgqs5 Query : select fieldkey,fieldname,fieldtype,mandatory from wstablefields where tablename = 'fi' and documentnumber = 39
20250115@180701.6934 ikhbngjgdt0hoghu0dgt7fgqs5 Query : select 1 valor from information_schema.tables where table_type='base table' and table_name='wstablefields'
20250115@180701.6955 ikhbngjgdt0hoghu0dgt7fgqs5 Query : select fieldkey,fieldname,fieldtype,mandatory from wstablefields where tablename = 'fi2' and documentnumber = 39
20250115@180701.6963 ikhbngjgdt0hoghu0dgt7fgqs5 Query : select top 1 convert(numeric(6,2),t.taxa) valor from taxasiva t where t.codigo='2'
20250115@180701.6980 ikhbngjgdt0hoghu0dgt7fgqs5 Query : select sestamp valor from se where ref ='324.1816.00.1' and lote = 'r2400284200a'
20250115@180701.6993 ikhbngjgdt0hoghu0dgt7fgqs5 Query : select 1 valor from information_schema.tables where table_type='base table' and table_name='wstablefields'
20250115@180701.7012 ikhbngjgdt0hoghu0dgt7fgqs5 Query : select fieldkey,fieldname,fieldtype,calcformula from wstablefields where tablename = 'fi2' and documentnumber = 39
20250115@180701.7034 ikhbngjgdt0hoghu0dgt7fgqs5 Query : insert into wsfi2data (fi2stamp,ftstamp ,ousrdata, ousrhora, usrdata,usrhora,ousrinis,usrinis) values ('aut6787f022056787f945aa','aut6787f214166787f94465' ,getdate(),convert(char(8),convert (time,getdate())),getdate(),convert(char(8),convert (time,getdate())),'wsv','wsv')
20250115@180701.7038 ikhbngjgdt0hoghu0dgt7fgqs5 Query : select 1 valor from information_schema.tables where table_type='base table' and table_name='wstablefields'
20250115@180701.7073 ikhbngjgdt0hoghu0dgt7fgqs5 Query : select fieldkey,fieldname,fieldtype,calcformula from wstablefields where tablename = 'fi' and documentnumber = 39
20250115@180701.7105 ikhbngjgdt0hoghu0dgt7fgqs5 Query : insert into wsfidata (fistamp,ousrdata, ousrhora, usrdata,usrhora,ousrinis,usrinis ,qtt ,ftstamp ,epv,pvmoeda ,tabiva,iva,lordem ,ref, design ,lote,armazem,bistamp ) values ('aut6787f022056787f945aa',getdate(),convert(char(8),convert (time,getdate())),getdate(),convert(char(8),convert (time,getdate())),'wsv','wsv',20.000 ,'aut6787f214166787f94465' ,0,0 ,2,23.00,250000,?,?,?,?,?)
20250115@180701.7387 ikhbngjgdt0hoghu0dgt7fgqs5 Query : select 1 valor from information_schema.tables where table_type='base table' and table_name='wstablefields'
20250115@180701.7406 ikhbngjgdt0hoghu0dgt7fgqs5 Query : select fieldkey,fieldname,fieldtype,mandatory from wstablefields where tablename = 'fi' and documentnumber = 39
20250115@180701.7432 ikhbngjgdt0hoghu0dgt7fgqs5 Query : select 1 valor from information_schema.tables where table_type='base table' and table_name='wstablefields'
20250115@180701.7447 ikhbngjgdt0hoghu0dgt7fgqs5 Query : select fieldkey,fieldname,fieldtype,mandatory from wstablefields where tablename = 'fi2' and documentnumber = 39
20250115@180701.7456 ikhbngjgdt0hoghu0dgt7fgqs5 Query : select top 1 convert(numeric(6,2),t.taxa) valor from taxasiva t where t.codigo='2'
20250115@180701.7469 ikhbngjgdt0hoghu0dgt7fgqs5 Query : select 1 valor from information_schema.tables where table_type='base table' and table_name='wstablefields'
20250115@180701.7484 ikhbngjgdt0hoghu0dgt7fgqs5 Query : select fieldkey,fieldname,fieldtype,calcformula from wstablefields where tablename = 'fi2' and documentnumber = 39
20250115@180701.7497 ikhbngjgdt0hoghu0dgt7fgqs5 Query : insert into wsfi2data (fi2stamp,ftstamp ,ousrdata, ousrhora, usrdata,usrhora,ousrinis,usrinis) values ('aut6787f252166787f945b6','aut6787f214166787f94465' ,getdate(),convert(char(8),convert (time,getdate())),getdate(),convert(char(8),convert (time,getdate())),'wsv','wsv')
20250115@180701.7520 ikhbngjgdt0hoghu0dgt7fgqs5 Query : select 1 valor from information_schema.tables where table_type='base table' and table_name='wstablefields'
20250115@180701.7537 ikhbngjgdt0hoghu0dgt7fgqs5 Query : select fieldkey,fieldname,fieldtype,calcformula from wstablefields where tablename = 'fi' and documentnumber = 39
20250115@180701.7574 ikhbngjgdt0hoghu0dgt7fgqs5 Query : insert into wsfidata (fistamp,ousrdata, ousrhora, usrdata,usrhora,ousrinis,usrinis ,qtt ,ftstamp ,epv,pvmoeda ,tabiva,iva,lordem ,ref, design ,armazem) values ('aut6787f252166787f945b6',getdate(),convert(char(8),convert (time,getdate())),getdate(),convert(char(8),convert (time,getdate())),'wsv','wsv',0 ,'aut6787f214166787f94465' ,0,0 ,2,23.00,260000,?,?,?)
20250115@180701.7845 ikhbngjgdt0hoghu0dgt7fgqs5 Query : use flama_phc
20250115@180701.7848 ikhbngjgdt0hoghu0dgt7fgqs5 Query : select st.usalote valor from st where st.ref = '324.1816.00.1'
20250115@180701.7869 ikhbngjgdt0hoghu0dgt7fgqs5 Query : select top 1 st.tabiva ,st.ivaincl ,st.stns ,st.uni2 ,st.familia ,isnull(tx.taxa, 0) txiva ,unidade ,usalote ,epcpond ,noserie ,conversao ,st.texteis from st left join taxasiva tx on st.tabiva = tx.codigo where st.ref = '324.1816.00.1'
20250115@180701.7883 ikhbngjgdt0hoghu0dgt7fgqs5 Query : select 1 valor from information_schema.tables where table_type='base table' and table_name='wstablefields'
20250115@180701.7899 ikhbngjgdt0hoghu0dgt7fgqs5 Query : select fieldkey,fieldname,fieldtype,mandatory from wstablefields where tablename = 'fi' and documentnumber = 39
20250115@180701.7925 ikhbngjgdt0hoghu0dgt7fgqs5 Query : select 1 valor from information_schema.tables where table_type='base table' and table_name='wstablefields'
20250115@180701.7940 ikhbngjgdt0hoghu0dgt7fgqs5 Query : select fieldkey,fieldname,fieldtype,mandatory from wstablefields where tablename = 'fi2' and documentnumber = 39
20250115@180701.7949 ikhbngjgdt0hoghu0dgt7fgqs5 Query : select top 1 convert(numeric(6,2),t.taxa) valor from taxasiva t where t.codigo='2'
20250115@180701.7961 ikhbngjgdt0hoghu0dgt7fgqs5 Query : select sestamp valor from se where ref ='324.1816.00.1' and lote = 'r2400284200a'
20250115@180701.7973 ikhbngjgdt0hoghu0dgt7fgqs5 Query : select 1 valor from information_schema.tables where table_type='base table' and table_name='wstablefields'
20250115@180701.7988 ikhbngjgdt0hoghu0dgt7fgqs5 Query : select fieldkey,fieldname,fieldtype,calcformula from wstablefields where tablename = 'fi2' and documentnumber = 39
20250115@180701.8000 ikhbngjgdt0hoghu0dgt7fgqs5 Query : insert into wsfi2data (fi2stamp,ftstamp ,ousrdata, ousrhora, usrdata,usrhora,ousrinis,usrinis) values ('aut6787f974116787f945c2','aut6787f214166787f94465' ,getdate(),convert(char(8),convert (time,getdate())),getdate(),convert(char(8),convert (time,getdate())),'wsv','wsv')
20250115@180701.8004 ikhbngjgdt0hoghu0dgt7fgqs5 Query : select 1 valor from information_schema.tables where table_type='base table' and table_name='wstablefields'
20250115@180701.8020 ikhbngjgdt0hoghu0dgt7fgqs5 Query : select fieldkey,fieldname,fieldtype,calcformula from wstablefields where tablename = 'fi' and documentnumber = 39
20250115@180701.8047 ikhbngjgdt0hoghu0dgt7fgqs5 Query : insert into wsfidata (fistamp,ousrdata, ousrhora, usrdata,usrhora,ousrinis,usrinis ,qtt ,ftstamp ,epv,pvmoeda ,tabiva,iva,lordem ,ref, design ,lote,armazem,bistamp ) values ('aut6787f974116787f945c2',getdate(),convert(char(8),convert (time,getdate())),getdate(),convert(char(8),convert (time,getdate())),'wsv','wsv',20.000 ,'aut6787f214166787f94465' ,0,0 ,2,23.00,280000,?,?,?,?,?)
20250115@180701.8466 ikhbngjgdt0hoghu0dgt7fgqs5 Query : select 1 valor from information_schema.tables where table_type='base table' and table_name='wstablefields'
20250115@180701.8483 ikhbngjgdt0hoghu0dgt7fgqs5 Query : select fieldkey,fieldname,fieldtype,mandatory from wstablefields where tablename = 'fi' and documentnumber = 39
20250115@180701.8510 ikhbngjgdt0hoghu0dgt7fgqs5 Query : select 1 valor from information_schema.tables where table_type='base table' and table_name='wstablefields'
20250115@180701.8526 ikhbngjgdt0hoghu0dgt7fgqs5 Query : select fieldkey,fieldname,fieldtype,mandatory from wstablefields where tablename = 'fi2' and documentnumber = 39
20250115@180701.8535 ikhbngjgdt0hoghu0dgt7fgqs5 Query : select top 1 convert(numeric(6,2),t.taxa) valor from taxasiva t where t.codigo='2'
20250115@180701.8548 ikhbngjgdt0hoghu0dgt7fgqs5 Query : select 1 valor from information_schema.tables where table_type='base table' and table_name='wstablefields'
20250115@180701.8564 ikhbngjgdt0hoghu0dgt7fgqs5 Query : select fieldkey,fieldname,fieldtype,calcformula from wstablefields where tablename = 'fi2' and documentnumber = 39
20250115@180701.8576 ikhbngjgdt0hoghu0dgt7fgqs5 Query : insert into wsfi2data (fi2stamp,ftstamp ,ousrdata, ousrhora, usrdata,usrhora,ousrinis,usrinis) values ('aut6787f122396787f945d0','aut6787f214166787f94465' ,getdate(),convert(char(8),convert (time,getdate())),getdate(),convert(char(8),convert (time,getdate())),'wsv','wsv')
20250115@180701.8580 ikhbngjgdt0hoghu0dgt7fgqs5 Query : select 1 valor from information_schema.tables where table_type='base table' and table_name='wstablefields'
20250115@180701.8594 ikhbngjgdt0hoghu0dgt7fgqs5 Query : select fieldkey,fieldname,fieldtype,calcformula from wstablefields where tablename = 'fi' and documentnumber = 39
20250115@180701.8630 ikhbngjgdt0hoghu0dgt7fgqs5 Query : insert into wsfidata (fistamp,ousrdata, ousrhora, usrdata,usrhora,ousrinis,usrinis ,qtt ,ftstamp ,epv,pvmoeda ,tabiva,iva,lordem ,ref, design ,armazem) values ('aut6787f122396787f945d0',getdate(),convert(char(8),convert (time,getdate())),getdate(),convert(char(8),convert (time,getdate())),'wsv','wsv',0 ,'aut6787f214166787f94465' ,0,0 ,2,23.00,290000,?,?,?)
20250115@180701.8903 ikhbngjgdt0hoghu0dgt7fgqs5 Query : use flama_phc
20250115@180701.8906 ikhbngjgdt0hoghu0dgt7fgqs5 Query : select st.usalote valor from st where st.ref = '324.1816.00.1'
20250115@180701.8925 ikhbngjgdt0hoghu0dgt7fgqs5 Query : select top 1 st.tabiva ,st.ivaincl ,st.stns ,st.uni2 ,st.familia ,isnull(tx.taxa, 0) txiva ,unidade ,usalote ,epcpond ,noserie ,conversao ,st.texteis from st left join taxasiva tx on st.tabiva = tx.codigo where st.ref = '324.1816.00.1'
20250115@180701.8939 ikhbngjgdt0hoghu0dgt7fgqs5 Query : select 1 valor from information_schema.tables where table_type='base table' and table_name='wstablefields'
20250115@180701.8956 ikhbngjgdt0hoghu0dgt7fgqs5 Query : select fieldkey,fieldname,fieldtype,mandatory from wstablefields where tablename = 'fi' and documentnumber = 39
20250115@180701.8983 ikhbngjgdt0hoghu0dgt7fgqs5 Query : select 1 valor from information_schema.tables where table_type='base table' and table_name='wstablefields'
20250115@180701.8999 ikhbngjgdt0hoghu0dgt7fgqs5 Query : select fieldkey,fieldname,fieldtype,mandatory from wstablefields where tablename = 'fi2' and documentnumber = 39
20250115@180701.9007 ikhbngjgdt0hoghu0dgt7fgqs5 Query : select top 1 convert(numeric(6,2),t.taxa) valor from taxasiva t where t.codigo='2'
20250115@180701.9019 ikhbngjgdt0hoghu0dgt7fgqs5 Query : select sestamp valor from se where ref ='324.1816.00.1' and lote = 'r2400284200a'
20250115@180701.9031 ikhbngjgdt0hoghu0dgt7fgqs5 Query : select 1 valor from information_schema.tables where table_type='base table' and table_name='wstablefields'
20250115@180701.9045 ikhbngjgdt0hoghu0dgt7fgqs5 Query : select fieldkey,fieldname,fieldtype,calcformula from wstablefields where tablename = 'fi2' and documentnumber = 39
20250115@180701.9056 ikhbngjgdt0hoghu0dgt7fgqs5 Query : insert into wsfi2data (fi2stamp,ftstamp ,ousrdata, ousrhora, usrdata,usrhora,ousrinis,usrinis) values ('aut6787f033726787f945dc','aut6787f214166787f94465' ,getdate(),convert(char(8),convert (time,getdate())),getdate(),convert(char(8),convert (time,getdate())),'wsv','wsv')
20250115@180701.9061 ikhbngjgdt0hoghu0dgt7fgqs5 Query : select 1 valor from information_schema.tables where table_type='base table' and table_name='wstablefields'
20250115@180701.9076 ikhbngjgdt0hoghu0dgt7fgqs5 Query : select fieldkey,fieldname,fieldtype,calcformula from wstablefields where tablename = 'fi' and documentnumber = 39
20250115@180701.9105 ikhbngjgdt0hoghu0dgt7fgqs5 Query : insert into wsfidata (fistamp,ousrdata, ousrhora, usrdata,usrhora,ousrinis,usrinis ,qtt ,ftstamp ,epv,pvmoeda ,tabiva,iva,lordem ,ref, design ,lote,armazem,bistamp ) values ('aut6787f033726787f945dc',getdate(),convert(char(8),convert (time,getdate())),getdate(),convert(char(8),convert (time,getdate())),'wsv','wsv',20.000 ,'aut6787f214166787f94465' ,0,0 ,2,23.00,310000,?,?,?,?,?)
20250115@180701.9389 ikhbngjgdt0hoghu0dgt7fgqs5 Query : select 1 valor from information_schema.tables where table_type='base table' and table_name='wstablefields'
20250115@180701.9413 ikhbngjgdt0hoghu0dgt7fgqs5 Query : select fieldkey,fieldname,fieldtype,mandatory from wstablefields where tablename = 'fi' and documentnumber = 39
20250115@180701.9438 ikhbngjgdt0hoghu0dgt7fgqs5 Query : select 1 valor from information_schema.tables where table_type='base table' and table_name='wstablefields'
20250115@180701.9805 ikhbngjgdt0hoghu0dgt7fgqs5 Query : select fieldkey,fieldname,fieldtype,mandatory from wstablefields where tablename = 'fi2' and documentnumber = 39
20250115@180702.4160 ikhbngjgdt0hoghu0dgt7fgqs5 Query : select top 1 convert(numeric(6,2),t.taxa) valor from taxasiva t where t.codigo='2'
20250115@180702.6610 ikhbngjgdt0hoghu0dgt7fgqs5 Query : select 1 valor from information_schema.tables where table_type='base table' and table_name='wstablefields'
20250115@180702.6780 ikhbngjgdt0hoghu0dgt7fgqs5 Query : select fieldkey,fieldname,fieldtype,calcformula from wstablefields where tablename = 'fi2' and documentnumber = 39
20250115@180702.6910 ikhbngjgdt0hoghu0dgt7fgqs5 Query : insert into wsfi2data (fi2stamp,ftstamp ,ousrdata, ousrhora, usrdata,usrhora,ousrinis,usrinis) values ('aut6787f159036787f94610','aut6787f214166787f94465' ,getdate(),convert(char(8),convert (time,getdate())),getdate(),convert(char(8),convert (time,getdate())),'wsv','wsv')
20250115@180702.6950 ikhbngjgdt0hoghu0dgt7fgqs5 Query : select 1 valor from information_schema.tables where table_type='base table' and table_name='wstablefields'
20250115@180702.7100 ikhbngjgdt0hoghu0dgt7fgqs5 Query : select fieldkey,fieldname,fieldtype,calcformula from wstablefields where tablename = 'fi' and documentnumber = 39
20250115@180702.7410 ikhbngjgdt0hoghu0dgt7fgqs5 Query : insert into wsfidata (fistamp,ousrdata, ousrhora, usrdata,usrhora,ousrinis,usrinis ,qtt ,ftstamp ,epv,pvmoeda ,tabiva,iva,lordem ,ref, design ,armazem) values ('aut6787f159036787f94610',getdate(),convert(char(8),convert (time,getdate())),getdate(),convert(char(8),convert (time,getdate())),'wsv','wsv',0 ,'aut6787f214166787f94465' ,0,0 ,2,23.00,320000,?,?,?)
20250115@180702.1008 ikhbngjgdt0hoghu0dgt7fgqs5 Query : use flama_phc
20250115@180702.1011 ikhbngjgdt0hoghu0dgt7fgqs5 Query : select st.usalote valor from st where st.ref = '324.1816.00.1'
20250115@180702.1031 ikhbngjgdt0hoghu0dgt7fgqs5 Query : select top 1 st.tabiva ,st.ivaincl ,st.stns ,st.uni2 ,st.familia ,isnull(tx.taxa, 0) txiva ,unidade ,usalote ,epcpond ,noserie ,conversao ,st.texteis from st left join taxasiva tx on st.tabiva = tx.codigo where st.ref = '324.1816.00.1'
20250115@180702.1044 ikhbngjgdt0hoghu0dgt7fgqs5 Query : select 1 valor from information_schema.tables where table_type='base table' and table_name='wstablefields'
20250115@180702.1060 ikhbngjgdt0hoghu0dgt7fgqs5 Query : select fieldkey,fieldname,fieldtype,mandatory from wstablefields where tablename = 'fi' and documentnumber = 39
20250115@180702.1085 ikhbngjgdt0hoghu0dgt7fgqs5 Query : select 1 valor from information_schema.tables where table_type='base table' and table_name='wstablefields'
20250115@180702.1101 ikhbngjgdt0hoghu0dgt7fgqs5 Query : select fieldkey,fieldname,fieldtype,mandatory from wstablefields where tablename = 'fi2' and documentnumber = 39
20250115@180702.1109 ikhbngjgdt0hoghu0dgt7fgqs5 Query : select top 1 convert(numeric(6,2),t.taxa) valor from taxasiva t where t.codigo='2'
20250115@180702.1121 ikhbngjgdt0hoghu0dgt7fgqs5 Query : select sestamp valor from se where ref ='324.1816.00.1' and lote = 'r2400284200a'
20250115@180702.1133 ikhbngjgdt0hoghu0dgt7fgqs5 Query : select 1 valor from information_schema.tables where table_type='base table' and table_name='wstablefields'
20250115@180702.1148 ikhbngjgdt0hoghu0dgt7fgqs5 Query : select fieldkey,fieldname,fieldtype,calcformula from wstablefields where tablename = 'fi2' and documentnumber = 39
20250115@180702.1161 ikhbngjgdt0hoghu0dgt7fgqs5 Query : insert into wsfi2data (fi2stamp,ftstamp ,ousrdata, ousrhora, usrdata,usrhora,ousrinis,usrinis) values ('aut6787f143636787f9461b','aut6787f214166787f94465' ,getdate(),convert(char(8),convert (time,getdate())),getdate(),convert(char(8),convert (time,getdate())),'wsv','wsv')
20250115@180702.1166 ikhbngjgdt0hoghu0dgt7fgqs5 Query : select 1 valor from information_schema.tables where table_type='base table' and table_name='wstablefields'
20250115@180702.1181 ikhbngjgdt0hoghu0dgt7fgqs5 Query : select fieldkey,fieldname,fieldtype,calcformula from wstablefields where tablename = 'fi' and documentnumber = 39
20250115@180702.1214 ikhbngjgdt0hoghu0dgt7fgqs5 Query : insert into wsfidata (fistamp,ousrdata, ousrhora, usrdata,usrhora,ousrinis,usrinis ,qtt ,ftstamp ,epv,pvmoeda ,tabiva,iva,lordem ,ref, design ,lote,armazem,bistamp ) values ('aut6787f143636787f9461b',getdate(),convert(char(8),convert (time,getdate())),getdate(),convert(char(8),convert (time,getdate())),'wsv','wsv',20.000 ,'aut6787f214166787f94465' ,0,0 ,2,23.00,340000,?,?,?,?,?)
20250115@180702.1511 ikhbngjgdt0hoghu0dgt7fgqs5 Query : select 1 valor from information_schema.tables where table_type='base table' and table_name='wstablefields'
20250115@180702.1537 ikhbngjgdt0hoghu0dgt7fgqs5 Query : select fieldkey,fieldname,fieldtype,mandatory from wstablefields where tablename = 'fi' and documentnumber = 39
20250115@180702.1567 ikhbngjgdt0hoghu0dgt7fgqs5 Query : select 1 valor from information_schema.tables where table_type='base table' and table_name='wstablefields'
20250115@180702.1581 ikhbngjgdt0hoghu0dgt7fgqs5 Query : select fieldkey,fieldname,fieldtype,mandatory from wstablefields where tablename = 'fi2' and documentnumber = 39
20250115@180702.1589 ikhbngjgdt0hoghu0dgt7fgqs5 Query : select top 1 convert(numeric(6,2),t.taxa) valor from taxasiva t where t.codigo='2'
20250115@180702.1602 ikhbngjgdt0hoghu0dgt7fgqs5 Query : select 1 valor from information_schema.tables where table_type='base table' and table_name='wstablefields'
20250115@180702.1617 ikhbngjgdt0hoghu0dgt7fgqs5 Query : select fieldkey,fieldname,fieldtype,calcformula from wstablefields where tablename = 'fi2' and documentnumber = 39
20250115@180702.1628 ikhbngjgdt0hoghu0dgt7fgqs5 Query : insert into wsfi2data (fi2stamp,ftstamp ,ousrdata, ousrhora, usrdata,usrhora,ousrinis,usrinis) values ('aut6787f948206787f94627','aut6787f214166787f94465' ,getdate(),convert(char(8),convert (time,getdate())),getdate(),convert(char(8),convert (time,getdate())),'wsv','wsv')
20250115@180702.1640 ikhbngjgdt0hoghu0dgt7fgqs5 Query : select 1 valor from information_schema.tables where table_type='base table' and table_name='wstablefields'
20250115@180702.1656 ikhbngjgdt0hoghu0dgt7fgqs5 Query : select fieldkey,fieldname,fieldtype,calcformula from wstablefields where tablename = 'fi' and documentnumber = 39
20250115@180702.1684 ikhbngjgdt0hoghu0dgt7fgqs5 Query : insert into wsfidata (fistamp,ousrdata, ousrhora, usrdata,usrhora,ousrinis,usrinis ,qtt ,ftstamp ,epv,pvmoeda ,tabiva,iva,lordem ,ref, design ,armazem) values ('aut6787f948206787f94627',getdate(),convert(char(8),convert (time,getdate())),getdate(),convert(char(8),convert (time,getdate())),'wsv','wsv',0 ,'aut6787f214166787f94465' ,0,0 ,2,23.00,350000,?,?,?)
20250115@180702.1983 ikhbngjgdt0hoghu0dgt7fgqs5 Query : use flama_phc
20250115@180702.1986 ikhbngjgdt0hoghu0dgt7fgqs5 Query : select st.usalote valor from st where st.ref = '324.1816.00.1'
20250115@180702.2010 ikhbngjgdt0hoghu0dgt7fgqs5 Query : select top 1 st.tabiva ,st.ivaincl ,st.stns ,st.uni2 ,st.familia ,isnull(tx.taxa, 0) txiva ,unidade ,usalote ,epcpond ,noserie ,conversao ,st.texteis from st left join taxasiva tx on st.tabiva = tx.codigo where st.ref = '324.1816.00.1'
20250115@180702.2025 ikhbngjgdt0hoghu0dgt7fgqs5 Query : select 1 valor from information_schema.tables where table_type='base table' and table_name='wstablefields'
20250115@180702.2047 ikhbngjgdt0hoghu0dgt7fgqs5 Query : select fieldkey,fieldname,fieldtype,mandatory from wstablefields where tablename = 'fi' and documentnumber = 39
20250115@180702.2072 ikhbngjgdt0hoghu0dgt7fgqs5 Query : select 1 valor from information_schema.tables where table_type='base table' and table_name='wstablefields'
20250115@180702.2087 ikhbngjgdt0hoghu0dgt7fgqs5 Query : select fieldkey,fieldname,fieldtype,mandatory from wstablefields where tablename = 'fi2' and documentnumber = 39
20250115@180702.2097 ikhbngjgdt0hoghu0dgt7fgqs5 Query : select top 1 convert(numeric(6,2),t.taxa) valor from taxasiva t where t.codigo='2'
20250115@180702.2141 ikhbngjgdt0hoghu0dgt7fgqs5 Query : select sestamp valor from se where ref ='324.1816.00.1' and lote = 'r2400284200a'
20250115@180702.2156 ikhbngjgdt0hoghu0dgt7fgqs5 Query : select 1 valor from information_schema.tables where table_type='base table' and table_name='wstablefields'
20250115@180702.2171 ikhbngjgdt0hoghu0dgt7fgqs5 Query : select fieldkey,fieldname,fieldtype,calcformula from wstablefields where tablename = 'fi2' and documentnumber = 39
20250115@180702.2183 ikhbngjgdt0hoghu0dgt7fgqs5 Query : insert into wsfi2data (fi2stamp,ftstamp ,ousrdata, ousrhora, usrdata,usrhora,ousrinis,usrinis) values ('aut6787f186626787f94634','aut6787f214166787f94465' ,getdate(),convert(char(8),convert (time,getdate())),getdate(),convert(char(8),convert (time,getdate())),'wsv','wsv')
20250115@180702.2224 ikhbngjgdt0hoghu0dgt7fgqs5 Query : select 1 valor from information_schema.tables where table_type='base table' and table_name='wstablefields'
20250115@180702.2241 ikhbngjgdt0hoghu0dgt7fgqs5 Query : select fieldkey,fieldname,fieldtype,calcformula from wstablefields where tablename = 'fi' and documentnumber = 39
20250115@180702.2272 ikhbngjgdt0hoghu0dgt7fgqs5 Query : insert into wsfidata (fistamp,ousrdata, ousrhora, usrdata,usrhora,ousrinis,usrinis ,qtt ,ftstamp ,epv,pvmoeda ,tabiva,iva,lordem ,ref, design ,lote,armazem,bistamp ) values ('aut6787f186626787f94634',getdate(),convert(char(8),convert (time,getdate())),getdate(),convert(char(8),convert (time,getdate())),'wsv','wsv',20.000 ,'aut6787f214166787f94465' ,0,0 ,2,23.00,370000,?,?,?,?,?)
20250115@180702.2558 ikhbngjgdt0hoghu0dgt7fgqs5 Query : select 1 valor from information_schema.tables where table_type='base table' and table_name='wstablefields'
20250115@180702.2575 ikhbngjgdt0hoghu0dgt7fgqs5 Query : select fieldkey,fieldname,fieldtype,mandatory from wstablefields where tablename = 'fi' and documentnumber = 39
20250115@180702.2600 ikhbngjgdt0hoghu0dgt7fgqs5 Query : select 1 valor from information_schema.tables where table_type='base table' and table_name='wstablefields'
20250115@180702.2614 ikhbngjgdt0hoghu0dgt7fgqs5 Query : select fieldkey,fieldname,fieldtype,mandatory from wstablefields where tablename = 'fi2' and documentnumber = 39
20250115@180702.2623 ikhbngjgdt0hoghu0dgt7fgqs5 Query : select top 1 convert(numeric(6,2),t.taxa) valor from taxasiva t where t.codigo='2'
20250115@180702.2635 ikhbngjgdt0hoghu0dgt7fgqs5 Query : select 1 valor from information_schema.tables where table_type='base table' and table_name='wstablefields'
20250115@180702.2651 ikhbngjgdt0hoghu0dgt7fgqs5 Query : select fieldkey,fieldname,fieldtype,calcformula from wstablefields where tablename = 'fi2' and documentnumber = 39
20250115@180702.2663 ikhbngjgdt0hoghu0dgt7fgqs5 Query : insert into wsfi2data (fi2stamp,ftstamp ,ousrdata, ousrhora, usrdata,usrhora,ousrinis,usrinis) values ('aut6787f966156787f94640','aut6787f214166787f94465' ,getdate(),convert(char(8),convert (time,getdate())),getdate(),convert(char(8),convert (time,getdate())),'wsv','wsv')
20250115@180702.2669 ikhbngjgdt0hoghu0dgt7fgqs5 Query : select 1 valor from information_schema.tables where table_type='base table' and table_name='wstablefields'
20250115@180702.2686 ikhbngjgdt0hoghu0dgt7fgqs5 Query : select fieldkey,fieldname,fieldtype,calcformula from wstablefields where tablename = 'fi' and documentnumber = 39
20250115@180702.2721 ikhbngjgdt0hoghu0dgt7fgqs5 Query : insert into wsfidata (fistamp,ousrdata, ousrhora, usrdata,usrhora,ousrinis,usrinis ,qtt ,ftstamp ,epv,pvmoeda ,tabiva,iva,lordem ,ref, design ,armazem) values ('aut6787f966156787f94640',getdate(),convert(char(8),convert (time,getdate())),getdate(),convert(char(8),convert (time,getdate())),'wsv','wsv',0 ,'aut6787f214166787f94465' ,0,0 ,2,23.00,380000,?,?,?)
20250115@180702.3021 ikhbngjgdt0hoghu0dgt7fgqs5 Query : use flama_phc
20250115@180702.3024 ikhbngjgdt0hoghu0dgt7fgqs5 Query : select st.usalote valor from st where st.ref = '324.1816.00.1'
20250115@180702.3050 ikhbngjgdt0hoghu0dgt7fgqs5 Query : select top 1 st.tabiva ,st.ivaincl ,st.stns ,st.uni2 ,st.familia ,isnull(tx.taxa, 0) txiva ,unidade ,usalote ,epcpond ,noserie ,conversao ,st.texteis from st left join taxasiva tx on st.tabiva = tx.codigo where st.ref = '324.1816.00.1'
20250115@180702.3069 ikhbngjgdt0hoghu0dgt7fgqs5 Query : select 1 valor from information_schema.tables where table_type='base table' and table_name='wstablefields'
20250115@180702.3085 ikhbngjgdt0hoghu0dgt7fgqs5 Query : select fieldkey,fieldname,fieldtype,mandatory from wstablefields where tablename = 'fi' and documentnumber = 39
20250115@180702.3113 ikhbngjgdt0hoghu0dgt7fgqs5 Query : select 1 valor from information_schema.tables where table_type='base table' and table_name='wstablefields'
20250115@180702.3128 ikhbngjgdt0hoghu0dgt7fgqs5 Query : select fieldkey,fieldname,fieldtype,mandatory from wstablefields where tablename = 'fi2' and documentnumber = 39
20250115@180702.3137 ikhbngjgdt0hoghu0dgt7fgqs5 Query : select top 1 convert(numeric(6,2),t.taxa) valor from taxasiva t where t.codigo='2'
20250115@180702.3149 ikhbngjgdt0hoghu0dgt7fgqs5 Query : select sestamp valor from se where ref ='324.1816.00.1' and lote = 'r2400284200a'
20250115@180702.3183 ikhbngjgdt0hoghu0dgt7fgqs5 Query : select 1 valor from information_schema.tables where table_type='base table' and table_name='wstablefields'
20250115@180702.3200 ikhbngjgdt0hoghu0dgt7fgqs5 Query : select fieldkey,fieldname,fieldtype,calcformula from wstablefields where tablename = 'fi2' and documentnumber = 39
20250115@180702.3219 ikhbngjgdt0hoghu0dgt7fgqs5 Query : insert into wsfi2data (fi2stamp,ftstamp ,ousrdata, ousrhora, usrdata,usrhora,ousrinis,usrinis) values ('aut6787f951876787f9464d','aut6787f214166787f94465' ,getdate(),convert(char(8),convert (time,getdate())),getdate(),convert(char(8),convert (time,getdate())),'wsv','wsv')
20250115@180702.3224 ikhbngjgdt0hoghu0dgt7fgqs5 Query : select 1 valor from information_schema.tables where table_type='base table' and table_name='wstablefields'
20250115@180702.3540 ikhbngjgdt0hoghu0dgt7fgqs5 Query : select fieldkey,fieldname,fieldtype,calcformula from wstablefields where tablename = 'fi' and documentnumber = 39
20250115@180702.3572 ikhbngjgdt0hoghu0dgt7fgqs5 Query : insert into wsfidata (fistamp,ousrdata, ousrhora, usrdata,usrhora,ousrinis,usrinis ,qtt ,ftstamp ,epv,pvmoeda ,tabiva,iva,lordem ,ref, design ,lote,armazem,bistamp ) values ('aut6787f951876787f9464d',getdate(),convert(char(8),convert (time,getdate())),getdate(),convert(char(8),convert (time,getdate())),'wsv','wsv',20.000 ,'aut6787f214166787f94465' ,0,0 ,2,23.00,400000,?,?,?,?,?)
20250115@180702.3847 ikhbngjgdt0hoghu0dgt7fgqs5 Query : select 1 valor from information_schema.tables where table_type='base table' and table_name='wstablefields'
20250115@180702.3868 ikhbngjgdt0hoghu0dgt7fgqs5 Query : select fieldkey,fieldname,fieldtype,mandatory from wstablefields where tablename = 'fi' and documentnumber = 39
20250115@180702.3898 ikhbngjgdt0hoghu0dgt7fgqs5 Query : select 1 valor from information_schema.tables where table_type='base table' and table_name='wstablefields'
20250115@180702.3913 ikhbngjgdt0hoghu0dgt7fgqs5 Query : select fieldkey,fieldname,fieldtype,mandatory from wstablefields where tablename = 'fi2' and documentnumber = 39
20250115@180702.3921 ikhbngjgdt0hoghu0dgt7fgqs5 Query : select top 1 convert(numeric(6,2),t.taxa) valor from taxasiva t where t.codigo='2'
20250115@180702.3933 ikhbngjgdt0hoghu0dgt7fgqs5 Query : select 1 valor from information_schema.tables where table_type='base table' and table_name='wstablefields'
20250115@180702.3948 ikhbngjgdt0hoghu0dgt7fgqs5 Query : select fieldkey,fieldname,fieldtype,calcformula from wstablefields where tablename = 'fi2' and documentnumber = 39
20250115@180702.3959 ikhbngjgdt0hoghu0dgt7fgqs5 Query : insert into wsfi2data (fi2stamp,ftstamp ,ousrdata, ousrhora, usrdata,usrhora,ousrinis,usrinis) values ('aut6787f147816787f94660','aut6787f214166787f94465' ,getdate(),convert(char(8),convert (time,getdate())),getdate(),convert(char(8),convert (time,getdate())),'wsv','wsv')
20250115@180702.3963 ikhbngjgdt0hoghu0dgt7fgqs5 Query : select 1 valor from information_schema.tables where table_type='base table' and table_name='wstablefields'
20250115@180702.3979 ikhbngjgdt0hoghu0dgt7fgqs5 Query : select fieldkey,fieldname,fieldtype,calcformula from wstablefields where tablename = 'fi' and documentnumber = 39
20250115@180702.4008 ikhbngjgdt0hoghu0dgt7fgqs5 Query : insert into wsfidata (fistamp,ousrdata, ousrhora, usrdata,usrhora,ousrinis,usrinis ,qtt ,ftstamp ,epv,pvmoeda ,tabiva,iva,lordem ,ref, design ,armazem) values ('aut6787f147816787f94660',getdate(),convert(char(8),convert (time,getdate())),getdate(),convert(char(8),convert (time,getdate())),'wsv','wsv',0 ,'aut6787f214166787f94465' ,0,0 ,2,23.00,410000,?,?,?)
20250115@180702.4281 ikhbngjgdt0hoghu0dgt7fgqs5 Query : use flama_phc
20250115@180702.4284 ikhbngjgdt0hoghu0dgt7fgqs5 Query : select st.usalote valor from st where st.ref = '324.1816.00.1'
20250115@180702.4307 ikhbngjgdt0hoghu0dgt7fgqs5 Query : select top 1 st.tabiva ,st.ivaincl ,st.stns ,st.uni2 ,st.familia ,isnull(tx.taxa, 0) txiva ,unidade ,usalote ,epcpond ,noserie ,conversao ,st.texteis from st left join taxasiva tx on st.tabiva = tx.codigo where st.ref = '324.1816.00.1'
20250115@180702.4321 ikhbngjgdt0hoghu0dgt7fgqs5 Query : select 1 valor from information_schema.tables where table_type='base table' and table_name='wstablefields'
20250115@180702.4337 ikhbngjgdt0hoghu0dgt7fgqs5 Query : select fieldkey,fieldname,fieldtype,mandatory from wstablefields where tablename = 'fi' and documentnumber = 39
20250115@180702.4365 ikhbngjgdt0hoghu0dgt7fgqs5 Query : select 1 valor from information_schema.tables where table_type='base table' and table_name='wstablefields'
20250115@180702.4379 ikhbngjgdt0hoghu0dgt7fgqs5 Query : select fieldkey,fieldname,fieldtype,mandatory from wstablefields where tablename = 'fi2' and documentnumber = 39
20250115@180702.4387 ikhbngjgdt0hoghu0dgt7fgqs5 Query : select top 1 convert(numeric(6,2),t.taxa) valor from taxasiva t where t.codigo='2'
20250115@180702.4401 ikhbngjgdt0hoghu0dgt7fgqs5 Query : select sestamp valor from se where ref ='324.1816.00.1' and lote = 'r2400284200a'
20250115@180702.4414 ikhbngjgdt0hoghu0dgt7fgqs5 Query : select 1 valor from information_schema.tables where table_type='base table' and table_name='wstablefields'
20250115@180702.4428 ikhbngjgdt0hoghu0dgt7fgqs5 Query : select fieldkey,fieldname,fieldtype,calcformula from wstablefields where tablename = 'fi2' and documentnumber = 39
20250115@180702.4440 ikhbngjgdt0hoghu0dgt7fgqs5 Query : insert into wsfi2data (fi2stamp,ftstamp ,ousrdata, ousrhora, usrdata,usrhora,ousrinis,usrinis) values ('aut6787f277486787f9466b','aut6787f214166787f94465' ,getdate(),convert(char(8),convert (time,getdate())),getdate(),convert(char(8),convert (time,getdate())),'wsv','wsv')
20250115@180702.4444 ikhbngjgdt0hoghu0dgt7fgqs5 Query : select 1 valor from information_schema.tables where table_type='base table' and table_name='wstablefields'
20250115@180702.4459 ikhbngjgdt0hoghu0dgt7fgqs5 Query : select fieldkey,fieldname,fieldtype,calcformula from wstablefields where tablename = 'fi' and documentnumber = 39
20250115@180702.4488 ikhbngjgdt0hoghu0dgt7fgqs5 Query : insert into wsfidata (fistamp,ousrdata, ousrhora, usrdata,usrhora,ousrinis,usrinis ,qtt ,ftstamp ,epv,pvmoeda ,tabiva,iva,lordem ,ref, design ,lote,armazem,bistamp ) values ('aut6787f277486787f9466b',getdate(),convert(char(8),convert (time,getdate())),getdate(),convert(char(8),convert (time,getdate())),'wsv','wsv',20.000 ,'aut6787f214166787f94465' ,0,0 ,2,23.00,430000,?,?,?,?,?)
20250115@180702.4761 ikhbngjgdt0hoghu0dgt7fgqs5 Query : select 1 valor from information_schema.tables where table_type='base table' and table_name='wstablefields'
20250115@180702.4781 ikhbngjgdt0hoghu0dgt7fgqs5 Query : select fieldkey,fieldname,fieldtype,mandatory from wstablefields where tablename = 'fi' and documentnumber = 39
20250115@180702.4807 ikhbngjgdt0hoghu0dgt7fgqs5 Query : select 1 valor from information_schema.tables where table_type='base table' and table_name='wstablefields'
20250115@180702.4822 ikhbngjgdt0hoghu0dgt7fgqs5 Query : select fieldkey,fieldname,fieldtype,mandatory from wstablefields where tablename = 'fi2' and documentnumber = 39
20250115@180702.4830 ikhbngjgdt0hoghu0dgt7fgqs5 Query : select top 1 convert(numeric(6,2),t.taxa) valor from taxasiva t where t.codigo='2'
20250115@180702.4842 ikhbngjgdt0hoghu0dgt7fgqs5 Query : select 1 valor from information_schema.tables where table_type='base table' and table_name='wstablefields'
20250115@180702.4857 ikhbngjgdt0hoghu0dgt7fgqs5 Query : select fieldkey,fieldname,fieldtype,calcformula from wstablefields where tablename = 'fi2' and documentnumber = 39
20250115@180702.4869 ikhbngjgdt0hoghu0dgt7fgqs5 Query : insert into wsfi2data (fi2stamp,ftstamp ,ousrdata, ousrhora, usrdata,usrhora,ousrinis,usrinis) values ('aut6787f019416787f94676','aut6787f214166787f94465' ,getdate(),convert(char(8),convert (time,getdate())),getdate(),convert(char(8),convert (time,getdate())),'wsv','wsv')
20250115@180702.4873 ikhbngjgdt0hoghu0dgt7fgqs5 Query : select 1 valor from information_schema.tables where table_type='base table' and table_name='wstablefields'
20250115@180702.4889 ikhbngjgdt0hoghu0dgt7fgqs5 Query : select fieldkey,fieldname,fieldtype,calcformula from wstablefields where tablename = 'fi' and documentnumber = 39
20250115@180702.4919 ikhbngjgdt0hoghu0dgt7fgqs5 Query : insert into wsfidata (fistamp,ousrdata, ousrhora, usrdata,usrhora,ousrinis,usrinis ,qtt ,ftstamp ,epv,pvmoeda ,tabiva,iva,lordem ,ref, design ,armazem) values ('aut6787f019416787f94676',getdate(),convert(char(8),convert (time,getdate())),getdate(),convert(char(8),convert (time,getdate())),'wsv','wsv',0 ,'aut6787f214166787f94465' ,0,0 ,2,23.00,440000,?,?,?)
20250115@180702.5182 ikhbngjgdt0hoghu0dgt7fgqs5 Query : use flama_phc
20250115@180702.5185 ikhbngjgdt0hoghu0dgt7fgqs5 Query : select st.usalote valor from st where st.ref = '324.1824.00.1'
20250115@180702.5205 ikhbngjgdt0hoghu0dgt7fgqs5 Query : select top 1 st.tabiva ,st.ivaincl ,st.stns ,st.uni2 ,st.familia ,isnull(tx.taxa, 0) txiva ,unidade ,usalote ,epcpond ,noserie ,conversao ,st.texteis from st left join taxasiva tx on st.tabiva = tx.codigo where st.ref = '324.1824.00.1'
20250115@180702.5359 ikhbngjgdt0hoghu0dgt7fgqs5 Query : select 1 valor from information_schema.tables where table_type='base table' and table_name='wstablefields'
20250115@180702.5376 ikhbngjgdt0hoghu0dgt7fgqs5 Query : select fieldkey,fieldname,fieldtype,mandatory from wstablefields where tablename = 'fi' and documentnumber = 39
20250115@180702.5401 ikhbngjgdt0hoghu0dgt7fgqs5 Query : select 1 valor from information_schema.tables where table_type='base table' and table_name='wstablefields'
20250115@180702.5416 ikhbngjgdt0hoghu0dgt7fgqs5 Query : select fieldkey,fieldname,fieldtype,mandatory from wstablefields where tablename = 'fi2' and documentnumber = 39
20250115@180702.5425 ikhbngjgdt0hoghu0dgt7fgqs5 Query : select top 1 convert(numeric(6,2),t.taxa) valor from taxasiva t where t.codigo='2'
20250115@180702.5437 ikhbngjgdt0hoghu0dgt7fgqs5 Query : select sestamp valor from se where ref ='324.1824.00.1' and lote = 'r2400217200a'
20250115@180702.5457 ikhbngjgdt0hoghu0dgt7fgqs5 Query : select 1 valor from information_schema.tables where table_type='base table' and table_name='wstablefields'
20250115@180702.6155 ikhbngjgdt0hoghu0dgt7fgqs5 Query : select fieldkey,fieldname,fieldtype,calcformula from wstablefields where tablename = 'fi2' and documentnumber = 39
20250115@180702.6602 ikhbngjgdt0hoghu0dgt7fgqs5 Query : insert into wsfi2data (fi2stamp,ftstamp ,ousrdata, ousrhora, usrdata,usrhora,ousrinis,usrinis) values ('aut6787f657756787f94685','aut6787f214166787f94465' ,getdate(),convert(char(8),convert (time,getdate())),getdate(),convert(char(8),convert (time,getdate())),'wsv','wsv')
20250115@180702.6692 ikhbngjgdt0hoghu0dgt7fgqs5 Query : select 1 valor from information_schema.tables where table_type='base table' and table_name='wstablefields'
20250115@180702.6714 ikhbngjgdt0hoghu0dgt7fgqs5 Query : select fieldkey,fieldname,fieldtype,calcformula from wstablefields where tablename = 'fi' and documentnumber = 39
20250115@180702.6747 ikhbngjgdt0hoghu0dgt7fgqs5 Query : insert into wsfidata (fistamp,ousrdata, ousrhora, usrdata,usrhora,ousrinis,usrinis ,qtt ,ftstamp ,epv,pvmoeda ,tabiva,iva,lordem ,ref, design ,lote,armazem,bistamp ) values ('aut6787f657756787f94685',getdate(),convert(char(8),convert (time,getdate())),getdate(),convert(char(8),convert (time,getdate())),'wsv','wsv',20.000 ,'aut6787f214166787f94465' ,0,0 ,2,23.00,460000,?,?,?,?,?)
20250115@180702.7040 ikhbngjgdt0hoghu0dgt7fgqs5 Query : select 1 valor from information_schema.tables where table_type='base table' and table_name='wstablefields'
20250115@180702.7063 ikhbngjgdt0hoghu0dgt7fgqs5 Query : select fieldkey,fieldname,fieldtype,mandatory from wstablefields where tablename = 'fi' and documentnumber = 39
20250115@180702.7089 ikhbngjgdt0hoghu0dgt7fgqs5 Query : select 1 valor from information_schema.tables where table_type='base table' and table_name='wstablefields'
20250115@180702.7105 ikhbngjgdt0hoghu0dgt7fgqs5 Query : select fieldkey,fieldname,fieldtype,mandatory from wstablefields where tablename = 'fi2' and documentnumber = 39
20250115@180702.7114 ikhbngjgdt0hoghu0dgt7fgqs5 Query : select top 1 convert(numeric(6,2),t.taxa) valor from taxasiva t where t.codigo='2'
20250115@180702.7125 ikhbngjgdt0hoghu0dgt7fgqs5 Query : select 1 valor from information_schema.tables where table_type='base table' and table_name='wstablefields'
20250115@180702.7140 ikhbngjgdt0hoghu0dgt7fgqs5 Query : select fieldkey,fieldname,fieldtype,calcformula from wstablefields where tablename = 'fi2' and documentnumber = 39
20250115@180702.7156 ikhbngjgdt0hoghu0dgt7fgqs5 Query : insert into wsfi2data (fi2stamp,ftstamp ,ousrdata, ousrhora, usrdata,usrhora,ousrinis,usrinis) values ('aut6787f018396787f946ad','aut6787f214166787f94465' ,getdate(),convert(char(8),convert (time,getdate())),getdate(),convert(char(8),convert (time,getdate())),'wsv','wsv')
20250115@180702.7160 ikhbngjgdt0hoghu0dgt7fgqs5 Query : select 1 valor from information_schema.tables where table_type='base table' and table_name='wstablefields'
20250115@180702.7174 ikhbngjgdt0hoghu0dgt7fgqs5 Query : select fieldkey,fieldname,fieldtype,calcformula from wstablefields where tablename = 'fi' and documentnumber = 39
20250115@180702.7201 ikhbngjgdt0hoghu0dgt7fgqs5 Query : insert into wsfidata (fistamp,ousrdata, ousrhora, usrdata,usrhora,ousrinis,usrinis ,qtt ,ftstamp ,epv,pvmoeda ,tabiva,iva,lordem ,ref, design ,armazem) values ('aut6787f018396787f946ad',getdate(),convert(char(8),convert (time,getdate())),getdate(),convert(char(8),convert (time,getdate())),'wsv','wsv',0 ,'aut6787f214166787f94465' ,0,0 ,2,23.00,470000,?,?,?)
20250115@180702.7465 ikhbngjgdt0hoghu0dgt7fgqs5 Query : use flama_phc
20250115@180702.7469 ikhbngjgdt0hoghu0dgt7fgqs5 Query : select st.usalote valor from st where st.ref = '324.1824.00.1'
20250115@180702.7488 ikhbngjgdt0hoghu0dgt7fgqs5 Query : select top 1 st.tabiva ,st.ivaincl ,st.stns ,st.uni2 ,st.familia ,isnull(tx.taxa, 0) txiva ,unidade ,usalote ,epcpond ,noserie ,conversao ,st.texteis from st left join taxasiva tx on st.tabiva = tx.codigo where st.ref = '324.1824.00.1'
20250115@180702.7503 ikhbngjgdt0hoghu0dgt7fgqs5 Query : select 1 valor from information_schema.tables where table_type='base table' and table_name='wstablefields'
20250115@180702.7535 ikhbngjgdt0hoghu0dgt7fgqs5 Query : select fieldkey,fieldname,fieldtype,mandatory from wstablefields where tablename = 'fi' and documentnumber = 39
20250115@180702.8268 ikhbngjgdt0hoghu0dgt7fgqs5 Query : select 1 valor from information_schema.tables where table_type='base table' and table_name='wstablefields'
20250115@180702.8286 ikhbngjgdt0hoghu0dgt7fgqs5 Query : select fieldkey,fieldname,fieldtype,mandatory from wstablefields where tablename = 'fi2' and documentnumber = 39
20250115@180702.8295 ikhbngjgdt0hoghu0dgt7fgqs5 Query : select top 1 convert(numeric(6,2),t.taxa) valor from taxasiva t where t.codigo='2'
20250115@180702.8310 ikhbngjgdt0hoghu0dgt7fgqs5 Query : select sestamp valor from se where ref ='324.1824.00.1' and lote = 'r2400217200a'
20250115@180702.8323 ikhbngjgdt0hoghu0dgt7fgqs5 Query : select 1 valor from information_schema.tables where table_type='base table' and table_name='wstablefields'
20250115@180702.8338 ikhbngjgdt0hoghu0dgt7fgqs5 Query : select fieldkey,fieldname,fieldtype,calcformula from wstablefields where tablename = 'fi2' and documentnumber = 39
20250115@180702.8354 ikhbngjgdt0hoghu0dgt7fgqs5 Query : insert into wsfi2data (fi2stamp,ftstamp ,ousrdata, ousrhora, usrdata,usrhora,ousrinis,usrinis) values ('aut6787f264956787f946cb','aut6787f214166787f94465' ,getdate(),convert(char(8),convert (time,getdate())),getdate(),convert(char(8),convert (time,getdate())),'wsv','wsv')
20250115@180702.8359 ikhbngjgdt0hoghu0dgt7fgqs5 Query : select 1 valor from information_schema.tables where table_type='base table' and table_name='wstablefields'
20250115@180702.8375 ikhbngjgdt0hoghu0dgt7fgqs5 Query : select fieldkey,fieldname,fieldtype,calcformula from wstablefields where tablename = 'fi' and documentnumber = 39
20250115@180702.8405 ikhbngjgdt0hoghu0dgt7fgqs5 Query : insert into wsfidata (fistamp,ousrdata, ousrhora, usrdata,usrhora,ousrinis,usrinis ,qtt ,ftstamp ,epv,pvmoeda ,tabiva,iva,lordem ,ref, design ,lote,armazem,bistamp ) values ('aut6787f264956787f946cb',getdate(),convert(char(8),convert (time,getdate())),getdate(),convert(char(8),convert (time,getdate())),'wsv','wsv',20.000 ,'aut6787f214166787f94465' ,0,0 ,2,23.00,490000,?,?,?,?,?)
20250115@180702.8825 ikhbngjgdt0hoghu0dgt7fgqs5 Query : select 1 valor from information_schema.tables where table_type='base table' and table_name='wstablefields'
20250115@180702.8844 ikhbngjgdt0hoghu0dgt7fgqs5 Query : select fieldkey,fieldname,fieldtype,mandatory from wstablefields where tablename = 'fi' and documentnumber = 39
20250115@180702.8872 ikhbngjgdt0hoghu0dgt7fgqs5 Query : select 1 valor from information_schema.tables where table_type='base table' and table_name='wstablefields'
20250115@180702.8886 ikhbngjgdt0hoghu0dgt7fgqs5 Query : select fieldkey,fieldname,fieldtype,mandatory from wstablefields where tablename = 'fi2' and documentnumber = 39
20250115@180702.8896 ikhbngjgdt0hoghu0dgt7fgqs5 Query : select top 1 convert(numeric(6,2),t.taxa) valor from taxasiva t where t.codigo='2'
20250115@180702.8909 ikhbngjgdt0hoghu0dgt7fgqs5 Query : select 1 valor from information_schema.tables where table_type='base table' and table_name='wstablefields'
20250115@180702.8925 ikhbngjgdt0hoghu0dgt7fgqs5 Query : select fieldkey,fieldname,fieldtype,calcformula from wstablefields where tablename = 'fi2' and documentnumber = 39
20250115@180702.8937 ikhbngjgdt0hoghu0dgt7fgqs5 Query : insert into wsfi2data (fi2stamp,ftstamp ,ousrdata, ousrhora, usrdata,usrhora,ousrinis,usrinis) values ('aut6787f004016787f946d9','aut6787f214166787f94465' ,getdate(),convert(char(8),convert (time,getdate())),getdate(),convert(char(8),convert (time,getdate())),'wsv','wsv')
20250115@180702.8942 ikhbngjgdt0hoghu0dgt7fgqs5 Query : select 1 valor from information_schema.tables where table_type='base table' and table_name='wstablefields'
20250115@180702.8957 ikhbngjgdt0hoghu0dgt7fgqs5 Query : select fieldkey,fieldname,fieldtype,calcformula from wstablefields where tablename = 'fi' and documentnumber = 39
20250115@180702.8988 ikhbngjgdt0hoghu0dgt7fgqs5 Query : insert into wsfidata (fistamp,ousrdata, ousrhora, usrdata,usrhora,ousrinis,usrinis ,qtt ,ftstamp ,epv,pvmoeda ,tabiva,iva,lordem ,ref, design ,armazem) values ('aut6787f004016787f946d9',getdate(),convert(char(8),convert (time,getdate())),getdate(),convert(char(8),convert (time,getdate())),'wsv','wsv',0 ,'aut6787f214166787f94465' ,0,0 ,2,23.00,500000,?,?,?)
20250115@180702.9257 ikhbngjgdt0hoghu0dgt7fgqs5 Query : use flama_phc
20250115@180702.9260 ikhbngjgdt0hoghu0dgt7fgqs5 Query : select st.usalote valor from st where st.ref = '324.1824.00.1'
20250115@180702.9280 ikhbngjgdt0hoghu0dgt7fgqs5 Query : select top 1 st.tabiva ,st.ivaincl ,st.stns ,st.uni2 ,st.familia ,isnull(tx.taxa, 0) txiva ,unidade ,usalote ,epcpond ,noserie ,conversao ,st.texteis from st left join taxasiva tx on st.tabiva = tx.codigo where st.ref = '324.1824.00.1'
20250115@180702.9295 ikhbngjgdt0hoghu0dgt7fgqs5 Query : select 1 valor from information_schema.tables where table_type='base table' and table_name='wstablefields'
20250115@180702.9312 ikhbngjgdt0hoghu0dgt7fgqs5 Query : select fieldkey,fieldname,fieldtype,mandatory from wstablefields where tablename = 'fi' and documentnumber = 39
20250115@180702.9348 ikhbngjgdt0hoghu0dgt7fgqs5 Query : select 1 valor from information_schema.tables where table_type='base table' and table_name='wstablefields'
20250115@180702.9364 ikhbngjgdt0hoghu0dgt7fgqs5 Query : select fieldkey,fieldname,fieldtype,mandatory from wstablefields where tablename = 'fi2' and documentnumber = 39
20250115@180702.9374 ikhbngjgdt0hoghu0dgt7fgqs5 Query : select top 1 convert(numeric(6,2),t.taxa) valor from taxasiva t where t.codigo='2'
20250115@180702.9386 ikhbngjgdt0hoghu0dgt7fgqs5 Query : select sestamp valor from se where ref ='324.1824.00.1' and lote = 'r2400217200a'
20250115@180702.9401 ikhbngjgdt0hoghu0dgt7fgqs5 Query : select 1 valor from information_schema.tables where table_type='base table' and table_name='wstablefields'
20250115@180702.9418 ikhbngjgdt0hoghu0dgt7fgqs5 Query : select fieldkey,fieldname,fieldtype,calcformula from wstablefields where tablename = 'fi2' and documentnumber = 39
20250115@180702.9432 ikhbngjgdt0hoghu0dgt7fgqs5 Query : insert into wsfi2data (fi2stamp,ftstamp ,ousrdata, ousrhora, usrdata,usrhora,ousrinis,usrinis) values ('aut6787f770266787f946e5','aut6787f214166787f94465' ,getdate(),convert(char(8),convert (time,getdate())),getdate(),convert(char(8),convert (time,getdate())),'wsv','wsv')
20250115@180702.9436 ikhbngjgdt0hoghu0dgt7fgqs5 Query : select 1 valor from information_schema.tables where table_type='base table' and table_name='wstablefields'
20250115@180702.9452 ikhbngjgdt0hoghu0dgt7fgqs5 Query : select fieldkey,fieldname,fieldtype,calcformula from wstablefields where tablename = 'fi' and documentnumber = 39
20250115@180702.9484 ikhbngjgdt0hoghu0dgt7fgqs5 Query : insert into wsfidata (fistamp,ousrdata, ousrhora, usrdata,usrhora,ousrinis,usrinis ,qtt ,ftstamp ,epv,pvmoeda ,tabiva,iva,lordem ,ref, design ,lote,armazem,bistamp ) values ('aut6787f770266787f946e5',getdate(),convert(char(8),convert (time,getdate())),getdate(),convert(char(8),convert (time,getdate())),'wsv','wsv',20.000 ,'aut6787f214166787f94465' ,0,0 ,2,23.00,520000,?,?,?,?,?)
20250115@180702.9778 ikhbngjgdt0hoghu0dgt7fgqs5 Query : select 1 valor from information_schema.tables where table_type='base table' and table_name='wstablefields'
20250115@180702.9795 ikhbngjgdt0hoghu0dgt7fgqs5 Query : select fieldkey,fieldname,fieldtype,mandatory from wstablefields where tablename = 'fi' and documentnumber = 39
20250115@180702.9823 ikhbngjgdt0hoghu0dgt7fgqs5 Query : select 1 valor from information_schema.tables where table_type='base table' and table_name='wstablefields'
20250115@180702.9838 ikhbngjgdt0hoghu0dgt7fgqs5 Query : select fieldkey,fieldname,fieldtype,mandatory from wstablefields where tablename = 'fi2' and documentnumber = 39
20250115@180702.9847 ikhbngjgdt0hoghu0dgt7fgqs5 Query : select top 1 convert(numeric(6,2),t.taxa) valor from taxasiva t where t.codigo='2'
20250115@180702.9860 ikhbngjgdt0hoghu0dgt7fgqs5 Query : select 1 valor from information_schema.tables where table_type='base table' and table_name='wstablefields'
20250115@180702.9876 ikhbngjgdt0hoghu0dgt7fgqs5 Query : select fieldkey,fieldname,fieldtype,calcformula from wstablefields where tablename = 'fi2' and documentnumber = 39
20250115@180702.9889 ikhbngjgdt0hoghu0dgt7fgqs5 Query : insert into wsfi2data (fi2stamp,ftstamp ,ousrdata, ousrhora, usrdata,usrhora,ousrinis,usrinis) values ('aut6787f229716787f946f0','aut6787f214166787f94465' ,getdate(),convert(char(8),convert (time,getdate())),getdate(),convert(char(8),convert (time,getdate())),'wsv','wsv')
20250115@180702.9894 ikhbngjgdt0hoghu0dgt7fgqs5 Query : select 1 valor from information_schema.tables where table_type='base table' and table_name='wstablefields'
20250115@180702.9909 ikhbngjgdt0hoghu0dgt7fgqs5 Query : select fieldkey,fieldname,fieldtype,calcformula from wstablefields where tablename = 'fi' and documentnumber = 39
20250115@180702.9980 ikhbngjgdt0hoghu0dgt7fgqs5 Query : insert into wsfidata (fistamp,ousrdata, ousrhora, usrdata,usrhora,ousrinis,usrinis ,qtt ,ftstamp ,epv,pvmoeda ,tabiva,iva,lordem ,ref, design ,armazem) values ('aut6787f229716787f946f0',getdate(),convert(char(8),convert (time,getdate())),getdate(),convert(char(8),convert (time,getdate())),'wsv','wsv',0 ,'aut6787f214166787f94465' ,0,0 ,2,23.00,530000,?,?,?)
20250115@180703.5010 ikhbngjgdt0hoghu0dgt7fgqs5 Query : use flama_phc
20250115@180703.5050 ikhbngjgdt0hoghu0dgt7fgqs5 Query : select st.usalote valor from st where st.ref = '324.1824.00.1'
20250115@180703.5350 ikhbngjgdt0hoghu0dgt7fgqs5 Query : select top 1 st.tabiva ,st.ivaincl ,st.stns ,st.uni2 ,st.familia ,isnull(tx.taxa, 0) txiva ,unidade ,usalote ,epcpond ,noserie ,conversao ,st.texteis from st left join taxasiva tx on st.tabiva = tx.codigo where st.ref = '324.1824.00.1'
20250115@180703.5560 ikhbngjgdt0hoghu0dgt7fgqs5 Query : select 1 valor from information_schema.tables where table_type='base table' and table_name='wstablefields'
20250115@180703.5730 ikhbngjgdt0hoghu0dgt7fgqs5 Query : select fieldkey,fieldname,fieldtype,mandatory from wstablefields where tablename = 'fi' and documentnumber = 39
20250115@180703.6030 ikhbngjgdt0hoghu0dgt7fgqs5 Query : select 1 valor from information_schema.tables where table_type='base table' and table_name='wstablefields'
20250115@180703.6180 ikhbngjgdt0hoghu0dgt7fgqs5 Query : select fieldkey,fieldname,fieldtype,mandatory from wstablefields where tablename = 'fi2' and documentnumber = 39
20250115@180703.6270 ikhbngjgdt0hoghu0dgt7fgqs5 Query : select top 1 convert(numeric(6,2),t.taxa) valor from taxasiva t where t.codigo='2'
20250115@180703.6400 ikhbngjgdt0hoghu0dgt7fgqs5 Query : select sestamp valor from se where ref ='324.1824.00.1' and lote = 'r2400217200a'
20250115@180703.6530 ikhbngjgdt0hoghu0dgt7fgqs5 Query : select 1 valor from information_schema.tables where table_type='base table' and table_name='wstablefields'
20250115@180703.6690 ikhbngjgdt0hoghu0dgt7fgqs5 Query : select fieldkey,fieldname,fieldtype,calcformula from wstablefields where tablename = 'fi2' and documentnumber = 39
20250115@180703.6800 ikhbngjgdt0hoghu0dgt7fgqs5 Query : insert into wsfi2data (fi2stamp,ftstamp ,ousrdata, ousrhora, usrdata,usrhora,ousrinis,usrinis) values ('aut6787f982066787f9470f','aut6787f214166787f94465' ,getdate(),convert(char(8),convert (time,getdate())),getdate(),convert(char(8),convert (time,getdate())),'wsv','wsv')
20250115@180703.6850 ikhbngjgdt0hoghu0dgt7fgqs5 Query : select 1 valor from information_schema.tables where table_type='base table' and table_name='wstablefields'
20250115@180703.7000 ikhbngjgdt0hoghu0dgt7fgqs5 Query : select fieldkey,fieldname,fieldtype,calcformula from wstablefields where tablename = 'fi' and documentnumber = 39
20250115@180703.7300 ikhbngjgdt0hoghu0dgt7fgqs5 Query : insert into wsfidata (fistamp,ousrdata, ousrhora, usrdata,usrhora,ousrinis,usrinis ,qtt ,ftstamp ,epv,pvmoeda ,tabiva,iva,lordem ,ref, design ,lote,armazem,bistamp ) values ('aut6787f982066787f9470f',getdate(),convert(char(8),convert (time,getdate())),getdate(),convert(char(8),convert (time,getdate())),'wsv','wsv',20.000 ,'aut6787f214166787f94465' ,0,0 ,2,23.00,550000,?,?,?,?,?)
20250115@180703.1018 ikhbngjgdt0hoghu0dgt7fgqs5 Query : select 1 valor from information_schema.tables where table_type='base table' and table_name='wstablefields'
20250115@180703.1034 ikhbngjgdt0hoghu0dgt7fgqs5 Query : select fieldkey,fieldname,fieldtype,mandatory from wstablefields where tablename = 'fi' and documentnumber = 39
20250115@180703.1061 ikhbngjgdt0hoghu0dgt7fgqs5 Query : select 1 valor from information_schema.tables where table_type='base table' and table_name='wstablefields'
20250115@180703.1078 ikhbngjgdt0hoghu0dgt7fgqs5 Query : select fieldkey,fieldname,fieldtype,mandatory from wstablefields where tablename = 'fi2' and documentnumber = 39
20250115@180703.1087 ikhbngjgdt0hoghu0dgt7fgqs5 Query : select top 1 convert(numeric(6,2),t.taxa) valor from taxasiva t where t.codigo='2'
20250115@180703.1100 ikhbngjgdt0hoghu0dgt7fgqs5 Query : select 1 valor from information_schema.tables where table_type='base table' and table_name='wstablefields'
20250115@180703.1116 ikhbngjgdt0hoghu0dgt7fgqs5 Query : select fieldkey,fieldname,fieldtype,calcformula from wstablefields where tablename = 'fi2' and documentnumber = 39
20250115@180703.1128 ikhbngjgdt0hoghu0dgt7fgqs5 Query : insert into wsfi2data (fi2stamp,ftstamp ,ousrdata, ousrhora, usrdata,usrhora,ousrinis,usrinis) values ('aut6787f337056787f9471a','aut6787f214166787f94465' ,getdate(),convert(char(8),convert (time,getdate())),getdate(),convert(char(8),convert (time,getdate())),'wsv','wsv')
20250115@180703.1132 ikhbngjgdt0hoghu0dgt7fgqs5 Query : select 1 valor from information_schema.tables where table_type='base table' and table_name='wstablefields'
20250115@180703.1148 ikhbngjgdt0hoghu0dgt7fgqs5 Query : select fieldkey,fieldname,fieldtype,calcformula from wstablefields where tablename = 'fi' and documentnumber = 39
20250115@180703.1179 ikhbngjgdt0hoghu0dgt7fgqs5 Query : insert into wsfidata (fistamp,ousrdata, ousrhora, usrdata,usrhora,ousrinis,usrinis ,qtt ,ftstamp ,epv,pvmoeda ,tabiva,iva,lordem ,ref, design ,armazem) values ('aut6787f337056787f9471a',getdate(),convert(char(8),convert (time,getdate())),getdate(),convert(char(8),convert (time,getdate())),'wsv','wsv',0 ,'aut6787f214166787f94465' ,0,0 ,2,23.00,560000,?,?,?)
20250115@180703.1462 ikhbngjgdt0hoghu0dgt7fgqs5 Query : use flama_phc
20250115@180703.1466 ikhbngjgdt0hoghu0dgt7fgqs5 Query : select st.usalote valor from st where st.ref = '324.1824.00.1'
20250115@180703.1486 ikhbngjgdt0hoghu0dgt7fgqs5 Query : select top 1 st.tabiva ,st.ivaincl ,st.stns ,st.uni2 ,st.familia ,isnull(tx.taxa, 0) txiva ,unidade ,usalote ,epcpond ,noserie ,conversao ,st.texteis from st left join taxasiva tx on st.tabiva = tx.codigo where st.ref = '324.1824.00.1'
20250115@180703.1502 ikhbngjgdt0hoghu0dgt7fgqs5 Query : select 1 valor from information_schema.tables where table_type='base table' and table_name='wstablefields'
20250115@180703.1519 ikhbngjgdt0hoghu0dgt7fgqs5 Query : select fieldkey,fieldname,fieldtype,mandatory from wstablefields where tablename = 'fi' and documentnumber = 39
20250115@180703.1551 ikhbngjgdt0hoghu0dgt7fgqs5 Query : select 1 valor from information_schema.tables where table_type='base table' and table_name='wstablefields'
20250115@180703.1566 ikhbngjgdt0hoghu0dgt7fgqs5 Query : select fieldkey,fieldname,fieldtype,mandatory from wstablefields where tablename = 'fi2' and documentnumber = 39
20250115@180703.1575 ikhbngjgdt0hoghu0dgt7fgqs5 Query : select top 1 convert(numeric(6,2),t.taxa) valor from taxasiva t where t.codigo='2'
20250115@180703.1587 ikhbngjgdt0hoghu0dgt7fgqs5 Query : select sestamp valor from se where ref ='324.1824.00.1' and lote = 'r2400217200a'
20250115@180703.1601 ikhbngjgdt0hoghu0dgt7fgqs5 Query : select 1 valor from information_schema.tables where table_type='base table' and table_name='wstablefields'
20250115@180703.1616 ikhbngjgdt0hoghu0dgt7fgqs5 Query : select fieldkey,fieldname,fieldtype,calcformula from wstablefields where tablename = 'fi2' and documentnumber = 39
20250115@180703.1629 ikhbngjgdt0hoghu0dgt7fgqs5 Query : insert into wsfi2data (fi2stamp,ftstamp ,ousrdata, ousrhora, usrdata,usrhora,ousrinis,usrinis) values ('aut6787f062876787f94727','aut6787f214166787f94465' ,getdate(),convert(char(8),convert (time,getdate())),getdate(),convert(char(8),convert (time,getdate())),'wsv','wsv')
20250115@180703.1633 ikhbngjgdt0hoghu0dgt7fgqs5 Query : select 1 valor from information_schema.tables where table_type='base table' and table_name='wstablefields'
20250115@180703.1649 ikhbngjgdt0hoghu0dgt7fgqs5 Query : select fieldkey,fieldname,fieldtype,calcformula from wstablefields where tablename = 'fi' and documentnumber = 39
20250115@180703.1679 ikhbngjgdt0hoghu0dgt7fgqs5 Query : insert into wsfidata (fistamp,ousrdata, ousrhora, usrdata,usrhora,ousrinis,usrinis ,qtt ,ftstamp ,epv,pvmoeda ,tabiva,iva,lordem ,ref, design ,lote,armazem,bistamp ) values ('aut6787f062876787f94727',getdate(),convert(char(8),convert (time,getdate())),getdate(),convert(char(8),convert (time,getdate())),'wsv','wsv',20.000 ,'aut6787f214166787f94465' ,0,0 ,2,23.00,580000,?,?,?,?,?)
20250115@180703.1976 ikhbngjgdt0hoghu0dgt7fgqs5 Query : select 1 valor from information_schema.tables where table_type='base table' and table_name='wstablefields'
20250115@180703.1993 ikhbngjgdt0hoghu0dgt7fgqs5 Query : select fieldkey,fieldname,fieldtype,mandatory from wstablefields where tablename = 'fi' and documentnumber = 39
20250115@180703.2021 ikhbngjgdt0hoghu0dgt7fgqs5 Query : select 1 valor from information_schema.tables where table_type='base table' and table_name='wstablefields'
20250115@180703.2036 ikhbngjgdt0hoghu0dgt7fgqs5 Query : select fieldkey,fieldname,fieldtype,mandatory from wstablefields where tablename = 'fi2' and documentnumber = 39
20250115@180703.2046 ikhbngjgdt0hoghu0dgt7fgqs5 Query : select top 1 convert(numeric(6,2),t.taxa) valor from taxasiva t where t.codigo='2'
20250115@180703.2059 ikhbngjgdt0hoghu0dgt7fgqs5 Query : select 1 valor from information_schema.tables where table_type='base table' and table_name='wstablefields'
20250115@180703.2074 ikhbngjgdt0hoghu0dgt7fgqs5 Query : select fieldkey,fieldname,fieldtype,calcformula from wstablefields where tablename = 'fi2' and documentnumber = 39
20250115@180703.2086 ikhbngjgdt0hoghu0dgt7fgqs5 Query : insert into wsfi2data (fi2stamp,ftstamp ,ousrdata, ousrhora, usrdata,usrhora,ousrinis,usrinis) values ('aut6787f797596787f94732','aut6787f214166787f94465' ,getdate(),convert(char(8),convert (time,getdate())),getdate(),convert(char(8),convert (time,getdate())),'wsv','wsv')
20250115@180703.2090 ikhbngjgdt0hoghu0dgt7fgqs5 Query : select 1 valor from information_schema.tables where table_type='base table' and table_name='wstablefields'
20250115@180703.2105 ikhbngjgdt0hoghu0dgt7fgqs5 Query : select fieldkey,fieldname,fieldtype,calcformula from wstablefields where tablename = 'fi' and documentnumber = 39
20250115@180703.2135 ikhbngjgdt0hoghu0dgt7fgqs5 Query : insert into wsfidata (fistamp,ousrdata, ousrhora, usrdata,usrhora,ousrinis,usrinis ,qtt ,ftstamp ,epv,pvmoeda ,tabiva,iva,lordem ,ref, design ,armazem) values ('aut6787f797596787f94732',getdate(),convert(char(8),convert (time,getdate())),getdate(),convert(char(8),convert (time,getdate())),'wsv','wsv',0 ,'aut6787f214166787f94465' ,0,0 ,2,23.00,590000,?,?,?)
20250115@180703.2411 ikhbngjgdt0hoghu0dgt7fgqs5 Query : use flama_phc
20250115@180703.2415 ikhbngjgdt0hoghu0dgt7fgqs5 Query : select st.usalote valor from st where st.ref = '324.1824.00.1'
20250115@180703.2435 ikhbngjgdt0hoghu0dgt7fgqs5 Query : select top 1 st.tabiva ,st.ivaincl ,st.stns ,st.uni2 ,st.familia ,isnull(tx.taxa, 0) txiva ,unidade ,usalote ,epcpond ,noserie ,conversao ,st.texteis from st left join taxasiva tx on st.tabiva = tx.codigo where st.ref = '324.1824.00.1'
20250115@180703.2449 ikhbngjgdt0hoghu0dgt7fgqs5 Query : select 1 valor from information_schema.tables where table_type='base table' and table_name='wstablefields'
20250115@180703.2465 ikhbngjgdt0hoghu0dgt7fgqs5 Query : select fieldkey,fieldname,fieldtype,mandatory from wstablefields where tablename = 'fi' and documentnumber = 39
20250115@180703.2497 ikhbngjgdt0hoghu0dgt7fgqs5 Query : select 1 valor from information_schema.tables where table_type='base table' and table_name='wstablefields'
20250115@180703.2514 ikhbngjgdt0hoghu0dgt7fgqs5 Query : select fieldkey,fieldname,fieldtype,mandatory from wstablefields where tablename = 'fi2' and documentnumber = 39
20250115@180703.2523 ikhbngjgdt0hoghu0dgt7fgqs5 Query : select top 1 convert(numeric(6,2),t.taxa) valor from taxasiva t where t.codigo='2'
20250115@180703.2537 ikhbngjgdt0hoghu0dgt7fgqs5 Query : select sestamp valor from se where ref ='324.1824.00.1' and lote = 'r2400217200a'
20250115@180703.2551 ikhbngjgdt0hoghu0dgt7fgqs5 Query : select 1 valor from information_schema.tables where table_type='base table' and table_name='wstablefields'
20250115@180703.2568 ikhbngjgdt0hoghu0dgt7fgqs5 Query : select fieldkey,fieldname,fieldtype,calcformula from wstablefields where tablename = 'fi2' and documentnumber = 39
20250115@180703.2581 ikhbngjgdt0hoghu0dgt7fgqs5 Query : insert into wsfi2data (fi2stamp,ftstamp ,ousrdata, ousrhora, usrdata,usrhora,ousrinis,usrinis) values ('aut6787f856366787f9473e','aut6787f214166787f94465' ,getdate(),convert(char(8),convert (time,getdate())),getdate(),convert(char(8),convert (time,getdate())),'wsv','wsv')
20250115@180703.2585 ikhbngjgdt0hoghu0dgt7fgqs5 Query : select 1 valor from information_schema.tables where table_type='base table' and table_name='wstablefields'
20250115@180703.2600 ikhbngjgdt0hoghu0dgt7fgqs5 Query : select fieldkey,fieldname,fieldtype,calcformula from wstablefields where tablename = 'fi' and documentnumber = 39
20250115@180703.2629 ikhbngjgdt0hoghu0dgt7fgqs5 Query : insert into wsfidata (fistamp,ousrdata, ousrhora, usrdata,usrhora,ousrinis,usrinis ,qtt ,ftstamp ,epv,pvmoeda ,tabiva,iva,lordem ,ref, design ,lote,armazem,bistamp ) values ('aut6787f856366787f9473e',getdate(),convert(char(8),convert (time,getdate())),getdate(),convert(char(8),convert (time,getdate())),'wsv','wsv',20.000 ,'aut6787f214166787f94465' ,0,0 ,2,23.00,610000,?,?,?,?,?)
20250115@180703.2936 ikhbngjgdt0hoghu0dgt7fgqs5 Query : select 1 valor from information_schema.tables where table_type='base table' and table_name='wstablefields'
20250115@180703.2959 ikhbngjgdt0hoghu0dgt7fgqs5 Query : select fieldkey,fieldname,fieldtype,mandatory from wstablefields where tablename = 'fi' and documentnumber = 39
20250115@180703.2986 ikhbngjgdt0hoghu0dgt7fgqs5 Query : select 1 valor from information_schema.tables where table_type='base table' and table_name='wstablefields'
20250115@180703.3001 ikhbngjgdt0hoghu0dgt7fgqs5 Query : select fieldkey,fieldname,fieldtype,mandatory from wstablefields where tablename = 'fi2' and documentnumber = 39
20250115@180703.3010 ikhbngjgdt0hoghu0dgt7fgqs5 Query : select top 1 convert(numeric(6,2),t.taxa) valor from taxasiva t where t.codigo='2'
20250115@180703.3023 ikhbngjgdt0hoghu0dgt7fgqs5 Query : select 1 valor from information_schema.tables where table_type='base table' and table_name='wstablefields'
20250115@180703.3038 ikhbngjgdt0hoghu0dgt7fgqs5 Query : select fieldkey,fieldname,fieldtype,calcformula from wstablefields where tablename = 'fi2' and documentnumber = 39
20250115@180703.3050 ikhbngjgdt0hoghu0dgt7fgqs5 Query : insert into wsfi2data (fi2stamp,ftstamp ,ousrdata, ousrhora, usrdata,usrhora,ousrinis,usrinis) values ('aut6787f879586787f94749','aut6787f214166787f94465' ,getdate(),convert(char(8),convert (time,getdate())),getdate(),convert(char(8),convert (time,getdate())),'wsv','wsv')
20250115@180703.3055 ikhbngjgdt0hoghu0dgt7fgqs5 Query : select 1 valor from information_schema.tables where table_type='base table' and table_name='wstablefields'
20250115@180703.3070 ikhbngjgdt0hoghu0dgt7fgqs5 Query : select fieldkey,fieldname,fieldtype,calcformula from wstablefields where tablename = 'fi' and documentnumber = 39
20250115@180703.3102 ikhbngjgdt0hoghu0dgt7fgqs5 Query : insert into wsfidata (fistamp,ousrdata, ousrhora, usrdata,usrhora,ousrinis,usrinis ,qtt ,ftstamp ,epv,pvmoeda ,tabiva,iva,lordem ,ref, design ,armazem) values ('aut6787f879586787f94749',getdate(),convert(char(8),convert (time,getdate())),getdate(),convert(char(8),convert (time,getdate())),'wsv','wsv',0 ,'aut6787f214166787f94465' ,0,0 ,2,23.00,620000,?,?,?)
20250115@180703.3401 ikhbngjgdt0hoghu0dgt7fgqs5 Query : use flama_phc
20250115@180703.3404 ikhbngjgdt0hoghu0dgt7fgqs5 Query : select st.usalote valor from st where st.ref = '324.1824.00.1'
20250115@180703.3425 ikhbngjgdt0hoghu0dgt7fgqs5 Query : select top 1 st.tabiva ,st.ivaincl ,st.stns ,st.uni2 ,st.familia ,isnull(tx.taxa, 0) txiva ,unidade ,usalote ,epcpond ,noserie ,conversao ,st.texteis from st left join taxasiva tx on st.tabiva = tx.codigo where st.ref = '324.1824.00.1'
20250115@180703.3924 ikhbngjgdt0hoghu0dgt7fgqs5 Query : select 1 valor from information_schema.tables where table_type='base table' and table_name='wstablefields'
20250115@180703.4708 ikhbngjgdt0hoghu0dgt7fgqs5 Query : select fieldkey,fieldname,fieldtype,mandatory from wstablefields where tablename = 'fi' and documentnumber = 39
20250115@180703.5447 ikhbngjgdt0hoghu0dgt7fgqs5 Query : select 1 valor from information_schema.tables where table_type='base table' and table_name='wstablefields'
20250115@180703.5464 ikhbngjgdt0hoghu0dgt7fgqs5 Query : select fieldkey,fieldname,fieldtype,mandatory from wstablefields where tablename = 'fi2' and documentnumber = 39
20250115@180703.5473 ikhbngjgdt0hoghu0dgt7fgqs5 Query : select top 1 convert(numeric(6,2),t.taxa) valor from taxasiva t where t.codigo='2'
20250115@180703.5486 ikhbngjgdt0hoghu0dgt7fgqs5 Query : select sestamp valor from se where ref ='324.1824.00.1' and lote = 'r2400217200a'
20250115@180703.5500 ikhbngjgdt0hoghu0dgt7fgqs5 Query : select 1 valor from information_schema.tables where table_type='base table' and table_name='wstablefields'
20250115@180703.5516 ikhbngjgdt0hoghu0dgt7fgqs5 Query : select fieldkey,fieldname,fieldtype,calcformula from wstablefields where tablename = 'fi2' and documentnumber = 39
20250115@180703.5528 ikhbngjgdt0hoghu0dgt7fgqs5 Query : insert into wsfi2data (fi2stamp,ftstamp ,ousrdata, ousrhora, usrdata,usrhora,ousrinis,usrinis) values ('aut6787f574796787f94786','aut6787f214166787f94465' ,getdate(),convert(char(8),convert (time,getdate())),getdate(),convert(char(8),convert (time,getdate())),'wsv','wsv')
20250115@180703.5533 ikhbngjgdt0hoghu0dgt7fgqs5 Query : select 1 valor from information_schema.tables where table_type='base table' and table_name='wstablefields'
20250115@180703.5548 ikhbngjgdt0hoghu0dgt7fgqs5 Query : select fieldkey,fieldname,fieldtype,calcformula from wstablefields where tablename = 'fi' and documentnumber = 39
20250115@180703.5577 ikhbngjgdt0hoghu0dgt7fgqs5 Query : insert into wsfidata (fistamp,ousrdata, ousrhora, usrdata,usrhora,ousrinis,usrinis ,qtt ,ftstamp ,epv,pvmoeda ,tabiva,iva,lordem ,ref, design ,lote,armazem,bistamp ) values ('aut6787f574796787f94786',getdate(),convert(char(8),convert (time,getdate())),getdate(),convert(char(8),convert (time,getdate())),'wsv','wsv',20.000 ,'aut6787f214166787f94465' ,0,0 ,2,23.00,640000,?,?,?,?,?)
20250115@180703.5880 ikhbngjgdt0hoghu0dgt7fgqs5 Query : select 1 valor from information_schema.tables where table_type='base table' and table_name='wstablefields'
20250115@180703.5897 ikhbngjgdt0hoghu0dgt7fgqs5 Query : select fieldkey,fieldname,fieldtype,mandatory from wstablefields where tablename = 'fi' and documentnumber = 39
20250115@180703.5934 ikhbngjgdt0hoghu0dgt7fgqs5 Query : select 1 valor from information_schema.tables where table_type='base table' and table_name='wstablefields'
20250115@180703.5949 ikhbngjgdt0hoghu0dgt7fgqs5 Query : select fieldkey,fieldname,fieldtype,mandatory from wstablefields where tablename = 'fi2' and documentnumber = 39
20250115@180703.5958 ikhbngjgdt0hoghu0dgt7fgqs5 Query : select top 1 convert(numeric(6,2),t.taxa) valor from taxasiva t where t.codigo='2'
20250115@180703.5970 ikhbngjgdt0hoghu0dgt7fgqs5 Query : select 1 valor from information_schema.tables where table_type='base table' and table_name='wstablefields'
20250115@180703.5985 ikhbngjgdt0hoghu0dgt7fgqs5 Query : select fieldkey,fieldname,fieldtype,calcformula from wstablefields where tablename = 'fi2' and documentnumber = 39
20250115@180703.5997 ikhbngjgdt0hoghu0dgt7fgqs5 Query : insert into wsfi2data (fi2stamp,ftstamp ,ousrdata, ousrhora, usrdata,usrhora,ousrinis,usrinis) values ('aut6787f036706787f94791','aut6787f214166787f94465' ,getdate(),convert(char(8),convert (time,getdate())),getdate(),convert(char(8),convert (time,getdate())),'wsv','wsv')
20250115@180703.6002 ikhbngjgdt0hoghu0dgt7fgqs5 Query : select 1 valor from information_schema.tables where table_type='base table' and table_name='wstablefields'
20250115@180703.6020 ikhbngjgdt0hoghu0dgt7fgqs5 Query : select fieldkey,fieldname,fieldtype,calcformula from wstablefields where tablename = 'fi' and documentnumber = 39
20250115@180703.6050 ikhbngjgdt0hoghu0dgt7fgqs5 Query : insert into wsfidata (fistamp,ousrdata, ousrhora, usrdata,usrhora,ousrinis,usrinis ,qtt ,ftstamp ,epv,pvmoeda ,tabiva,iva,lordem ,ref, design ,armazem) values ('aut6787f036706787f94791',getdate(),convert(char(8),convert (time,getdate())),getdate(),convert(char(8),convert (time,getdate())),'wsv','wsv',0 ,'aut6787f214166787f94465' ,0,0 ,2,23.00,650000,?,?,?)
20250115@180703.6323 ikhbngjgdt0hoghu0dgt7fgqs5 Query : use flama_phc
20250115@180703.6327 ikhbngjgdt0hoghu0dgt7fgqs5 Query : select st.usalote valor from st where st.ref = '324.1824.00.1'
20250115@180703.6347 ikhbngjgdt0hoghu0dgt7fgqs5 Query : select top 1 st.tabiva ,st.ivaincl ,st.stns ,st.uni2 ,st.familia ,isnull(tx.taxa, 0) txiva ,unidade ,usalote ,epcpond ,noserie ,conversao ,st.texteis from st left join taxasiva tx on st.tabiva = tx.codigo where st.ref = '324.1824.00.1'
20250115@180703.6361 ikhbngjgdt0hoghu0dgt7fgqs5 Query : select 1 valor from information_schema.tables where table_type='base table' and table_name='wstablefields'
20250115@180703.6377 ikhbngjgdt0hoghu0dgt7fgqs5 Query : select fieldkey,fieldname,fieldtype,mandatory from wstablefields where tablename = 'fi' and documentnumber = 39
20250115@180703.6404 ikhbngjgdt0hoghu0dgt7fgqs5 Query : select 1 valor from information_schema.tables where table_type='base table' and table_name='wstablefields'
20250115@180703.6421 ikhbngjgdt0hoghu0dgt7fgqs5 Query : select fieldkey,fieldname,fieldtype,mandatory from wstablefields where tablename = 'fi2' and documentnumber = 39
20250115@180703.6430 ikhbngjgdt0hoghu0dgt7fgqs5 Query : select top 1 convert(numeric(6,2),t.taxa) valor from taxasiva t where t.codigo='2'
20250115@180703.6444 ikhbngjgdt0hoghu0dgt7fgqs5 Query : select sestamp valor from se where ref ='324.1824.00.1' and lote = 'r2400217200a'
20250115@180703.6457 ikhbngjgdt0hoghu0dgt7fgqs5 Query : select 1 valor from information_schema.tables where table_type='base table' and table_name='wstablefields'
20250115@180703.6473 ikhbngjgdt0hoghu0dgt7fgqs5 Query : select fieldkey,fieldname,fieldtype,calcformula from wstablefields where tablename = 'fi2' and documentnumber = 39
20250115@180703.6485 ikhbngjgdt0hoghu0dgt7fgqs5 Query : insert into wsfi2data (fi2stamp,ftstamp ,ousrdata, ousrhora, usrdata,usrhora,ousrinis,usrinis) values ('aut6787f273356787f9479d','aut6787f214166787f94465' ,getdate(),convert(char(8),convert (time,getdate())),getdate(),convert(char(8),convert (time,getdate())),'wsv','wsv')
20250115@180703.6489 ikhbngjgdt0hoghu0dgt7fgqs5 Query : select 1 valor from information_schema.tables where table_type='base table' and table_name='wstablefields'
20250115@180703.6506 ikhbngjgdt0hoghu0dgt7fgqs5 Query : select fieldkey,fieldname,fieldtype,calcformula from wstablefields where tablename = 'fi' and documentnumber = 39
20250115@180703.6535 ikhbngjgdt0hoghu0dgt7fgqs5 Query : insert into wsfidata (fistamp,ousrdata, ousrhora, usrdata,usrhora,ousrinis,usrinis ,qtt ,ftstamp ,epv,pvmoeda ,tabiva,iva,lordem ,ref, design ,lote,armazem,bistamp ) values ('aut6787f273356787f9479d',getdate(),convert(char(8),convert (time,getdate())),getdate(),convert(char(8),convert (time,getdate())),'wsv','wsv',20.000 ,'aut6787f214166787f94465' ,0,0 ,2,23.00,670000,?,?,?,?,?)
20250115@180703.6823 ikhbngjgdt0hoghu0dgt7fgqs5 Query : select 1 valor from information_schema.tables where table_type='base table' and table_name='wstablefields'
20250115@180703.6840 ikhbngjgdt0hoghu0dgt7fgqs5 Query : select fieldkey,fieldname,fieldtype,mandatory from wstablefields where tablename = 'fi' and documentnumber = 39
20250115@180703.6872 ikhbngjgdt0hoghu0dgt7fgqs5 Query : select 1 valor from information_schema.tables where table_type='base table' and table_name='wstablefields'
20250115@180703.6889 ikhbngjgdt0hoghu0dgt7fgqs5 Query : select fieldkey,fieldname,fieldtype,mandatory from wstablefields where tablename = 'fi2' and documentnumber = 39
20250115@180703.6898 ikhbngjgdt0hoghu0dgt7fgqs5 Query : select top 1 convert(numeric(6,2),t.taxa) valor from taxasiva t where t.codigo='2'
20250115@180703.6912 ikhbngjgdt0hoghu0dgt7fgqs5 Query : select 1 valor from information_schema.tables where table_type='base table' and table_name='wstablefields'
20250115@180703.6932 ikhbngjgdt0hoghu0dgt7fgqs5 Query : select fieldkey,fieldname,fieldtype,calcformula from wstablefields where tablename = 'fi2' and documentnumber = 39
20250115@180703.6944 ikhbngjgdt0hoghu0dgt7fgqs5 Query : insert into wsfi2data (fi2stamp,ftstamp ,ousrdata, ousrhora, usrdata,usrhora,ousrinis,usrinis) values ('aut6787f316356787f947a8','aut6787f214166787f94465' ,getdate(),convert(char(8),convert (time,getdate())),getdate(),convert(char(8),convert (time,getdate())),'wsv','wsv')
20250115@180703.6949 ikhbngjgdt0hoghu0dgt7fgqs5 Query : select 1 valor from information_schema.tables where table_type='base table' and table_name='wstablefields'
20250115@180703.6963 ikhbngjgdt0hoghu0dgt7fgqs5 Query : select fieldkey,fieldname,fieldtype,calcformula from wstablefields where tablename = 'fi' and documentnumber = 39
20250115@180703.6993 ikhbngjgdt0hoghu0dgt7fgqs5 Query : insert into wsfidata (fistamp,ousrdata, ousrhora, usrdata,usrhora,ousrinis,usrinis ,qtt ,ftstamp ,epv,pvmoeda ,tabiva,iva,lordem ,ref, design ,armazem) values ('aut6787f316356787f947a8',getdate(),convert(char(8),convert (time,getdate())),getdate(),convert(char(8),convert (time,getdate())),'wsv','wsv',0 ,'aut6787f214166787f94465' ,0,0 ,2,23.00,680000,?,?,?)
20250115@180703.7257 ikhbngjgdt0hoghu0dgt7fgqs5 Query : use flama_phc
20250115@180703.7260 ikhbngjgdt0hoghu0dgt7fgqs5 Query : select st.usalote valor from st where st.ref = '324.1824.00.1'
20250115@180703.7603 ikhbngjgdt0hoghu0dgt7fgqs5 Query : select top 1 st.tabiva ,st.ivaincl ,st.stns ,st.uni2 ,st.familia ,isnull(tx.taxa, 0) txiva ,unidade ,usalote ,epcpond ,noserie ,conversao ,st.texteis from st left join taxasiva tx on st.tabiva = tx.codigo where st.ref = '324.1824.00.1'
20250115@180703.7621 ikhbngjgdt0hoghu0dgt7fgqs5 Query : select 1 valor from information_schema.tables where table_type='base table' and table_name='wstablefields'
20250115@180703.7637 ikhbngjgdt0hoghu0dgt7fgqs5 Query : select fieldkey,fieldname,fieldtype,mandatory from wstablefields where tablename = 'fi' and documentnumber = 39
20250115@180703.7743 ikhbngjgdt0hoghu0dgt7fgqs5 Query : select 1 valor from information_schema.tables where table_type='base table' and table_name='wstablefields'
20250115@180703.7760 ikhbngjgdt0hoghu0dgt7fgqs5 Query : select fieldkey,fieldname,fieldtype,mandatory from wstablefields where tablename = 'fi2' and documentnumber = 39
20250115@180703.7769 ikhbngjgdt0hoghu0dgt7fgqs5 Query : select top 1 convert(numeric(6,2),t.taxa) valor from taxasiva t where t.codigo='2'
20250115@180703.7785 ikhbngjgdt0hoghu0dgt7fgqs5 Query : select sestamp valor from se where ref ='324.1824.00.1' and lote = 'r2400217200a'
20250115@180703.7799 ikhbngjgdt0hoghu0dgt7fgqs5 Query : select 1 valor from information_schema.tables where table_type='base table' and table_name='wstablefields'
20250115@180703.7815 ikhbngjgdt0hoghu0dgt7fgqs5 Query : select fieldkey,fieldname,fieldtype,calcformula from wstablefields where tablename = 'fi2' and documentnumber = 39
20250115@180703.7828 ikhbngjgdt0hoghu0dgt7fgqs5 Query : insert into wsfi2data (fi2stamp,ftstamp ,ousrdata, ousrhora, usrdata,usrhora,ousrinis,usrinis) values ('aut6787f601006787f947be','aut6787f214166787f94465' ,getdate(),convert(char(8),convert (time,getdate())),getdate(),convert(char(8),convert (time,getdate())),'wsv','wsv')
20250115@180703.7833 ikhbngjgdt0hoghu0dgt7fgqs5 Query : select 1 valor from information_schema.tables where table_type='base table' and table_name='wstablefields'
20250115@180703.7849 ikhbngjgdt0hoghu0dgt7fgqs5 Query : select fieldkey,fieldname,fieldtype,calcformula from wstablefields where tablename = 'fi' and documentnumber = 39
20250115@180703.9182 ikhbngjgdt0hoghu0dgt7fgqs5 Query : insert into wsfidata (fistamp,ousrdata, ousrhora, usrdata,usrhora,ousrinis,usrinis ,qtt ,ftstamp ,epv,pvmoeda ,tabiva,iva,lordem ,ref, design ,lote,armazem,bistamp ) values ('aut6787f601006787f947be',getdate(),convert(char(8),convert (time,getdate())),getdate(),convert(char(8),convert (time,getdate())),'wsv','wsv',20.000 ,'aut6787f214166787f94465' ,0,0 ,2,23.00,700000,?,?,?,?,?)
20250115@180703.9494 ikhbngjgdt0hoghu0dgt7fgqs5 Query : select 1 valor from information_schema.tables where table_type='base table' and table_name='wstablefields'
20250115@180703.9518 ikhbngjgdt0hoghu0dgt7fgqs5 Query : select fieldkey,fieldname,fieldtype,mandatory from wstablefields where tablename = 'fi' and documentnumber = 39
20250115@180703.9546 ikhbngjgdt0hoghu0dgt7fgqs5 Query : select 1 valor from information_schema.tables where table_type='base table' and table_name='wstablefields'
20250115@180703.9563 ikhbngjgdt0hoghu0dgt7fgqs5 Query : select fieldkey,fieldname,fieldtype,mandatory from wstablefields where tablename = 'fi2' and documentnumber = 39
20250115@180703.9574 ikhbngjgdt0hoghu0dgt7fgqs5 Query : select top 1 convert(numeric(6,2),t.taxa) valor from taxasiva t where t.codigo='2'
20250115@180703.9589 ikhbngjgdt0hoghu0dgt7fgqs5 Query : select 1 valor from information_schema.tables where table_type='base table' and table_name='wstablefields'
20250115@180703.9604 ikhbngjgdt0hoghu0dgt7fgqs5 Query : select fieldkey,fieldname,fieldtype,calcformula from wstablefields where tablename = 'fi2' and documentnumber = 39
20250115@180703.9617 ikhbngjgdt0hoghu0dgt7fgqs5 Query : insert into wsfi2data (fi2stamp,ftstamp ,ousrdata, ousrhora, usrdata,usrhora,ousrinis,usrinis) values ('aut6787f055806787f947ea','aut6787f214166787f94465' ,getdate(),convert(char(8),convert (time,getdate())),getdate(),convert(char(8),convert (time,getdate())),'wsv','wsv')
20250115@180703.9621 ikhbngjgdt0hoghu0dgt7fgqs5 Query : select 1 valor from information_schema.tables where table_type='base table' and table_name='wstablefields'
20250115@180703.9636 ikhbngjgdt0hoghu0dgt7fgqs5 Query : select fieldkey,fieldname,fieldtype,calcformula from wstablefields where tablename = 'fi' and documentnumber = 39
20250115@180703.9677 ikhbngjgdt0hoghu0dgt7fgqs5 Query : insert into wsfidata (fistamp,ousrdata, ousrhora, usrdata,usrhora,ousrinis,usrinis ,qtt ,ftstamp ,epv,pvmoeda ,tabiva,iva,lordem ,ref, design ,armazem) values ('aut6787f055806787f947ea',getdate(),convert(char(8),convert (time,getdate())),getdate(),convert(char(8),convert (time,getdate())),'wsv','wsv',0 ,'aut6787f214166787f94465' ,0,0 ,2,23.00,710000,?,?,?)
20250115@180703.9973 ikhbngjgdt0hoghu0dgt7fgqs5 Query : use flama_phc
20250115@180703.9976 ikhbngjgdt0hoghu0dgt7fgqs5 Query : select st.usalote valor from st where st.ref = '324.1824.00.1'
20250115@180703.9999 ikhbngjgdt0hoghu0dgt7fgqs5 Query : select top 1 st.tabiva ,st.ivaincl ,st.stns ,st.uni2 ,st.familia ,isnull(tx.taxa, 0) txiva ,unidade ,usalote ,epcpond ,noserie ,conversao ,st.texteis from st left join taxasiva tx on st.tabiva = tx.codigo where st.ref = '324.1824.00.1'
20250115@180704.1400 ikhbngjgdt0hoghu0dgt7fgqs5 Query : select 1 valor from information_schema.tables where table_type='base table' and table_name='wstablefields'
20250115@180704.3700 ikhbngjgdt0hoghu0dgt7fgqs5 Query : select fieldkey,fieldname,fieldtype,mandatory from wstablefields where tablename = 'fi' and documentnumber = 39
20250115@180704.6400 ikhbngjgdt0hoghu0dgt7fgqs5 Query : select 1 valor from information_schema.tables where table_type='base table' and table_name='wstablefields'
20250115@180704.7900 ikhbngjgdt0hoghu0dgt7fgqs5 Query : select fieldkey,fieldname,fieldtype,mandatory from wstablefields where tablename = 'fi2' and documentnumber = 39
20250115@180704.8800 ikhbngjgdt0hoghu0dgt7fgqs5 Query : select top 1 convert(numeric(6,2),t.taxa) valor from taxasiva t where t.codigo='2'
20250115@180704.1000 ikhbngjgdt0hoghu0dgt7fgqs5 Query : select sestamp valor from se where ref ='324.1824.00.1' and lote = 'r2400217200a'
20250115@180704.1130 ikhbngjgdt0hoghu0dgt7fgqs5 Query : select 1 valor from information_schema.tables where table_type='base table' and table_name='wstablefields'
20250115@180704.1300 ikhbngjgdt0hoghu0dgt7fgqs5 Query : select fieldkey,fieldname,fieldtype,calcformula from wstablefields where tablename = 'fi2' and documentnumber = 39
20250115@180704.1420 ikhbngjgdt0hoghu0dgt7fgqs5 Query : insert into wsfi2data (fi2stamp,ftstamp ,ousrdata, ousrhora, usrdata,usrhora,ousrinis,usrinis) values ('aut6787f401776787f94802','aut6787f214166787f94465' ,getdate(),convert(char(8),convert (time,getdate())),getdate(),convert(char(8),convert (time,getdate())),'wsv','wsv')
20250115@180704.1470 ikhbngjgdt0hoghu0dgt7fgqs5 Query : select 1 valor from information_schema.tables where table_type='base table' and table_name='wstablefields'
20250115@180704.1620 ikhbngjgdt0hoghu0dgt7fgqs5 Query : select fieldkey,fieldname,fieldtype,calcformula from wstablefields where tablename = 'fi' and documentnumber = 39
20250115@180704.1910 ikhbngjgdt0hoghu0dgt7fgqs5 Query : insert into wsfidata (fistamp,ousrdata, ousrhora, usrdata,usrhora,ousrinis,usrinis ,qtt ,ftstamp ,epv,pvmoeda ,tabiva,iva,lordem ,ref, design ,lote,armazem,bistamp ) values ('aut6787f401776787f94802',getdate(),convert(char(8),convert (time,getdate())),getdate(),convert(char(8),convert (time,getdate())),'wsv','wsv',20.000 ,'aut6787f214166787f94465' ,0,0 ,2,23.00,730000,?,?,?,?,?)
20250115@180704.4640 ikhbngjgdt0hoghu0dgt7fgqs5 Query : select 1 valor from information_schema.tables where table_type='base table' and table_name='wstablefields'
20250115@180704.4810 ikhbngjgdt0hoghu0dgt7fgqs5 Query : select fieldkey,fieldname,fieldtype,mandatory from wstablefields where tablename = 'fi' and documentnumber = 39
20250115@180704.5080 ikhbngjgdt0hoghu0dgt7fgqs5 Query : select 1 valor from information_schema.tables where table_type='base table' and table_name='wstablefields'
20250115@180704.5230 ikhbngjgdt0hoghu0dgt7fgqs5 Query : select fieldkey,fieldname,fieldtype,mandatory from wstablefields where tablename = 'fi2' and documentnumber = 39
20250115@180704.5340 ikhbngjgdt0hoghu0dgt7fgqs5 Query : select top 1 convert(numeric(6,2),t.taxa) valor from taxasiva t where t.codigo='2'
20250115@180704.5460 ikhbngjgdt0hoghu0dgt7fgqs5 Query : select 1 valor from information_schema.tables where table_type='base table' and table_name='wstablefields'
20250115@180704.5620 ikhbngjgdt0hoghu0dgt7fgqs5 Query : select fieldkey,fieldname,fieldtype,calcformula from wstablefields where tablename = 'fi2' and documentnumber = 39
20250115@180704.5740 ikhbngjgdt0hoghu0dgt7fgqs5 Query : insert into wsfi2data (fi2stamp,ftstamp ,ousrdata, ousrhora, usrdata,usrhora,ousrinis,usrinis) values ('aut6787f794146787f9480d','aut6787f214166787f94465' ,getdate(),convert(char(8),convert (time,getdate())),getdate(),convert(char(8),convert (time,getdate())),'wsv','wsv')
20250115@180704.5780 ikhbngjgdt0hoghu0dgt7fgqs5 Query : select 1 valor from information_schema.tables where table_type='base table' and table_name='wstablefields'
20250115@180704.5960 ikhbngjgdt0hoghu0dgt7fgqs5 Query : select fieldkey,fieldname,fieldtype,calcformula from wstablefields where tablename = 'fi' and documentnumber = 39
20250115@180704.6270 ikhbngjgdt0hoghu0dgt7fgqs5 Query : insert into wsfidata (fistamp,ousrdata, ousrhora, usrdata,usrhora,ousrinis,usrinis ,qtt ,ftstamp ,epv,pvmoeda ,tabiva,iva,lordem ,ref, design ,armazem) values ('aut6787f794146787f9480d',getdate(),convert(char(8),convert (time,getdate())),getdate(),convert(char(8),convert (time,getdate())),'wsv','wsv',0 ,'aut6787f214166787f94465' ,0,0 ,2,23.00,740000,?,?,?)
20250115@180704.9010 ikhbngjgdt0hoghu0dgt7fgqs5 Query : use flama_phc
20250115@180704.9050 ikhbngjgdt0hoghu0dgt7fgqs5 Query : select st.usalote valor from st where st.ref = '324.1824.00.1'
20250115@180704.9250 ikhbngjgdt0hoghu0dgt7fgqs5 Query : select top 1 st.tabiva ,st.ivaincl ,st.stns ,st.uni2 ,st.familia ,isnull(tx.taxa, 0) txiva ,unidade ,usalote ,epcpond ,noserie ,conversao ,st.texteis from st left join taxasiva tx on st.tabiva = tx.codigo where st.ref = '324.1824.00.1'
20250115@180704.9390 ikhbngjgdt0hoghu0dgt7fgqs5 Query : select 1 valor from information_schema.tables where table_type='base table' and table_name='wstablefields'
20250115@180704.9580 ikhbngjgdt0hoghu0dgt7fgqs5 Query : select fieldkey,fieldname,fieldtype,mandatory from wstablefields where tablename = 'fi' and documentnumber = 39
20250115@180704.9840 ikhbngjgdt0hoghu0dgt7fgqs5 Query : select 1 valor from information_schema.tables where table_type='base table' and table_name='wstablefields'
20250115@180704.9990 ikhbngjgdt0hoghu0dgt7fgqs5 Query : select fieldkey,fieldname,fieldtype,mandatory from wstablefields where tablename = 'fi2' and documentnumber = 39
20250115@180704.1007 ikhbngjgdt0hoghu0dgt7fgqs5 Query : select top 1 convert(numeric(6,2),t.taxa) valor from taxasiva t where t.codigo='2'
20250115@180704.1021 ikhbngjgdt0hoghu0dgt7fgqs5 Query : select sestamp valor from se where ref ='324.1824.00.1' and lote = 'r2400217200a'
20250115@180704.1034 ikhbngjgdt0hoghu0dgt7fgqs5 Query : select 1 valor from information_schema.tables where table_type='base table' and table_name='wstablefields'
20250115@180704.1050 ikhbngjgdt0hoghu0dgt7fgqs5 Query : select fieldkey,fieldname,fieldtype,calcformula from wstablefields where tablename = 'fi2' and documentnumber = 39
20250115@180704.1063 ikhbngjgdt0hoghu0dgt7fgqs5 Query : insert into wsfi2data (fi2stamp,ftstamp ,ousrdata, ousrhora, usrdata,usrhora,ousrinis,usrinis) values ('aut6787f014786787f94819','aut6787f214166787f94465' ,getdate(),convert(char(8),convert (time,getdate())),getdate(),convert(char(8),convert (time,getdate())),'wsv','wsv')
20250115@180704.1068 ikhbngjgdt0hoghu0dgt7fgqs5 Query : select 1 valor from information_schema.tables where table_type='base table' and table_name='wstablefields'
20250115@180704.1082 ikhbngjgdt0hoghu0dgt7fgqs5 Query : select fieldkey,fieldname,fieldtype,calcformula from wstablefields where tablename = 'fi' and documentnumber = 39
20250115@180704.1112 ikhbngjgdt0hoghu0dgt7fgqs5 Query : insert into wsfidata (fistamp,ousrdata, ousrhora, usrdata,usrhora,ousrinis,usrinis ,qtt ,ftstamp ,epv,pvmoeda ,tabiva,iva,lordem ,ref, design ,lote,armazem,bistamp ) values ('aut6787f014786787f94819',getdate(),convert(char(8),convert (time,getdate())),getdate(),convert(char(8),convert (time,getdate())),'wsv','wsv',20.000 ,'aut6787f214166787f94465' ,0,0 ,2,23.00,760000,?,?,?,?,?)
20250115@180704.1420 ikhbngjgdt0hoghu0dgt7fgqs5 Query : select 1 valor from information_schema.tables where table_type='base table' and table_name='wstablefields'
20250115@180704.1436 ikhbngjgdt0hoghu0dgt7fgqs5 Query : select fieldkey,fieldname,fieldtype,mandatory from wstablefields where tablename = 'fi' and documentnumber = 39
20250115@180704.1463 ikhbngjgdt0hoghu0dgt7fgqs5 Query : select 1 valor from information_schema.tables where table_type='base table' and table_name='wstablefields'
20250115@180704.1478 ikhbngjgdt0hoghu0dgt7fgqs5 Query : select fieldkey,fieldname,fieldtype,mandatory from wstablefields where tablename = 'fi2' and documentnumber = 39
20250115@180704.1487 ikhbngjgdt0hoghu0dgt7fgqs5 Query : select top 1 convert(numeric(6,2),t.taxa) valor from taxasiva t where t.codigo='2'
20250115@180704.1499 ikhbngjgdt0hoghu0dgt7fgqs5 Query : select 1 valor from information_schema.tables where table_type='base table' and table_name='wstablefields'
20250115@180704.1515 ikhbngjgdt0hoghu0dgt7fgqs5 Query : select fieldkey,fieldname,fieldtype,calcformula from wstablefields where tablename = 'fi2' and documentnumber = 39
20250115@180704.1528 ikhbngjgdt0hoghu0dgt7fgqs5 Query : insert into wsfi2data (fi2stamp,ftstamp ,ousrdata, ousrhora, usrdata,usrhora,ousrinis,usrinis) values ('aut6787f546846787f94824','aut6787f214166787f94465' ,getdate(),convert(char(8),convert (time,getdate())),getdate(),convert(char(8),convert (time,getdate())),'wsv','wsv')
20250115@180704.1533 ikhbngjgdt0hoghu0dgt7fgqs5 Query : select 1 valor from information_schema.tables where table_type='base table' and table_name='wstablefields'
20250115@180704.1548 ikhbngjgdt0hoghu0dgt7fgqs5 Query : select fieldkey,fieldname,fieldtype,calcformula from wstablefields where tablename = 'fi' and documentnumber = 39
20250115@180704.1578 ikhbngjgdt0hoghu0dgt7fgqs5 Query : insert into wsfidata (fistamp,ousrdata, ousrhora, usrdata,usrhora,ousrinis,usrinis ,qtt ,ftstamp ,epv,pvmoeda ,tabiva,iva,lordem ,ref, design ,armazem) values ('aut6787f546846787f94824',getdate(),convert(char(8),convert (time,getdate())),getdate(),convert(char(8),convert (time,getdate())),'wsv','wsv',0 ,'aut6787f214166787f94465' ,0,0 ,2,23.00,770000,?,?,?)
20250115@180704.1880 ikhbngjgdt0hoghu0dgt7fgqs5 Query : use flama_phc
20250115@180704.1883 ikhbngjgdt0hoghu0dgt7fgqs5 Query : select st.usalote valor from st where st.ref = '324.1824.00.1'
20250115@180704.1909 ikhbngjgdt0hoghu0dgt7fgqs5 Query : select top 1 st.tabiva ,st.ivaincl ,st.stns ,st.uni2 ,st.familia ,isnull(tx.taxa, 0) txiva ,unidade ,usalote ,epcpond ,noserie ,conversao ,st.texteis from st left join taxasiva tx on st.tabiva = tx.codigo where st.ref = '324.1824.00.1'
20250115@180704.1929 ikhbngjgdt0hoghu0dgt7fgqs5 Query : select 1 valor from information_schema.tables where table_type='base table' and table_name='wstablefields'
20250115@180704.1945 ikhbngjgdt0hoghu0dgt7fgqs5 Query : select fieldkey,fieldname,fieldtype,mandatory from wstablefields where tablename = 'fi' and documentnumber = 39
20250115@180704.1973 ikhbngjgdt0hoghu0dgt7fgqs5 Query : select 1 valor from information_schema.tables where table_type='base table' and table_name='wstablefields'
20250115@180704.1988 ikhbngjgdt0hoghu0dgt7fgqs5 Query : select fieldkey,fieldname,fieldtype,mandatory from wstablefields where tablename = 'fi2' and documentnumber = 39
20250115@180704.1997 ikhbngjgdt0hoghu0dgt7fgqs5 Query : select top 1 convert(numeric(6,2),t.taxa) valor from taxasiva t where t.codigo='2'
20250115@180704.2010 ikhbngjgdt0hoghu0dgt7fgqs5 Query : select sestamp valor from se where ref ='324.1824.00.1' and lote = 'r2400217200a'
20250115@180704.2023 ikhbngjgdt0hoghu0dgt7fgqs5 Query : select 1 valor from information_schema.tables where table_type='base table' and table_name='wstablefields'
20250115@180704.2038 ikhbngjgdt0hoghu0dgt7fgqs5 Query : select fieldkey,fieldname,fieldtype,calcformula from wstablefields where tablename = 'fi2' and documentnumber = 39
20250115@180704.2050 ikhbngjgdt0hoghu0dgt7fgqs5 Query : insert into wsfi2data (fi2stamp,ftstamp ,ousrdata, ousrhora, usrdata,usrhora,ousrinis,usrinis) values ('aut6787f759026787f94831','aut6787f214166787f94465' ,getdate(),convert(char(8),convert (time,getdate())),getdate(),convert(char(8),convert (time,getdate())),'wsv','wsv')
20250115@180704.2055 ikhbngjgdt0hoghu0dgt7fgqs5 Query : select 1 valor from information_schema.tables where table_type='base table' and table_name='wstablefields'
20250115@180704.2070 ikhbngjgdt0hoghu0dgt7fgqs5 Query : select fieldkey,fieldname,fieldtype,calcformula from wstablefields where tablename = 'fi' and documentnumber = 39
20250115@180704.2103 ikhbngjgdt0hoghu0dgt7fgqs5 Query : insert into wsfidata (fistamp,ousrdata, ousrhora, usrdata,usrhora,ousrinis,usrinis ,qtt ,ftstamp ,epv,pvmoeda ,tabiva,iva,lordem ,ref, design ,lote,armazem,bistamp ) values ('aut6787f759026787f94831',getdate(),convert(char(8),convert (time,getdate())),getdate(),convert(char(8),convert (time,getdate())),'wsv','wsv',20.000 ,'aut6787f214166787f94465' ,0,0 ,2,23.00,790000,?,?,?,?,?)
20250115@180704.2387 ikhbngjgdt0hoghu0dgt7fgqs5 Query : select 1 valor from information_schema.tables where table_type='base table' and table_name='wstablefields'
20250115@180704.2405 ikhbngjgdt0hoghu0dgt7fgqs5 Query : select fieldkey,fieldname,fieldtype,mandatory from wstablefields where tablename = 'fi' and documentnumber = 39
20250115@180704.2433 ikhbngjgdt0hoghu0dgt7fgqs5 Query : select 1 valor from information_schema.tables where table_type='base table' and table_name='wstablefields'
20250115@180704.2449 ikhbngjgdt0hoghu0dgt7fgqs5 Query : select fieldkey,fieldname,fieldtype,mandatory from wstablefields where tablename = 'fi2' and documentnumber = 39
20250115@180704.2460 ikhbngjgdt0hoghu0dgt7fgqs5 Query : select top 1 convert(numeric(6,2),t.taxa) valor from taxasiva t where t.codigo='2'
20250115@180704.2473 ikhbngjgdt0hoghu0dgt7fgqs5 Query : select 1 valor from information_schema.tables where table_type='base table' and table_name='wstablefields'
20250115@180704.2488 ikhbngjgdt0hoghu0dgt7fgqs5 Query : select fieldkey,fieldname,fieldtype,calcformula from wstablefields where tablename = 'fi2' and documentnumber = 39
20250115@180704.2501 ikhbngjgdt0hoghu0dgt7fgqs5 Query : insert into wsfi2data (fi2stamp,ftstamp ,ousrdata, ousrhora, usrdata,usrhora,ousrinis,usrinis) values ('aut6787f236186787f9483c','aut6787f214166787f94465' ,getdate(),convert(char(8),convert (time,getdate())),getdate(),convert(char(8),convert (time,getdate())),'wsv','wsv')
20250115@180704.2505 ikhbngjgdt0hoghu0dgt7fgqs5 Query : select 1 valor from information_schema.tables where table_type='base table' and table_name='wstablefields'
20250115@180704.2520 ikhbngjgdt0hoghu0dgt7fgqs5 Query : select fieldkey,fieldname,fieldtype,calcformula from wstablefields where tablename = 'fi' and documentnumber = 39
20250115@180704.2552 ikhbngjgdt0hoghu0dgt7fgqs5 Query : insert into wsfidata (fistamp,ousrdata, ousrhora, usrdata,usrhora,ousrinis,usrinis ,qtt ,ftstamp ,epv,pvmoeda ,tabiva,iva,lordem ,ref, design ,armazem) values ('aut6787f236186787f9483c',getdate(),convert(char(8),convert (time,getdate())),getdate(),convert(char(8),convert (time,getdate())),'wsv','wsv',0 ,'aut6787f214166787f94465' ,0,0 ,2,23.00,800000,?,?,?)
20250115@180704.2832 ikhbngjgdt0hoghu0dgt7fgqs5 Query : use flama_phc
20250115@180704.2836 ikhbngjgdt0hoghu0dgt7fgqs5 Query : select st.usalote valor from st where st.ref = '324.1824.00.1'
20250115@180704.2856 ikhbngjgdt0hoghu0dgt7fgqs5 Query : select top 1 st.tabiva ,st.ivaincl ,st.stns ,st.uni2 ,st.familia ,isnull(tx.taxa, 0) txiva ,unidade ,usalote ,epcpond ,noserie ,conversao ,st.texteis from st left join taxasiva tx on st.tabiva = tx.codigo where st.ref = '324.1824.00.1'
20250115@180704.2871 ikhbngjgdt0hoghu0dgt7fgqs5 Query : select 1 valor from information_schema.tables where table_type='base table' and table_name='wstablefields'
20250115@180704.2888 ikhbngjgdt0hoghu0dgt7fgqs5 Query : select fieldkey,fieldname,fieldtype,mandatory from wstablefields where tablename = 'fi' and documentnumber = 39
20250115@180704.2915 ikhbngjgdt0hoghu0dgt7fgqs5 Query : select 1 valor from information_schema.tables where table_type='base table' and table_name='wstablefields'
20250115@180704.2930 ikhbngjgdt0hoghu0dgt7fgqs5 Query : select fieldkey,fieldname,fieldtype,mandatory from wstablefields where tablename = 'fi2' and documentnumber = 39
20250115@180704.2938 ikhbngjgdt0hoghu0dgt7fgqs5 Query : select top 1 convert(numeric(6,2),t.taxa) valor from taxasiva t where t.codigo='2'
20250115@180704.2950 ikhbngjgdt0hoghu0dgt7fgqs5 Query : select sestamp valor from se where ref ='324.1824.00.1' and lote = 'r2400217200a'
20250115@180704.2963 ikhbngjgdt0hoghu0dgt7fgqs5 Query : select 1 valor from information_schema.tables where table_type='base table' and table_name='wstablefields'
20250115@180704.2978 ikhbngjgdt0hoghu0dgt7fgqs5 Query : select fieldkey,fieldname,fieldtype,calcformula from wstablefields where tablename = 'fi2' and documentnumber = 39
20250115@180704.2989 ikhbngjgdt0hoghu0dgt7fgqs5 Query : insert into wsfi2data (fi2stamp,ftstamp ,ousrdata, ousrhora, usrdata,usrhora,ousrinis,usrinis) values ('aut6787f906106787f94848','aut6787f214166787f94465' ,getdate(),convert(char(8),convert (time,getdate())),getdate(),convert(char(8),convert (time,getdate())),'wsv','wsv')
20250115@180704.2994 ikhbngjgdt0hoghu0dgt7fgqs5 Query : select 1 valor from information_schema.tables where table_type='base table' and table_name='wstablefields'
20250115@180704.3012 ikhbngjgdt0hoghu0dgt7fgqs5 Query : select fieldkey,fieldname,fieldtype,calcformula from wstablefields where tablename = 'fi' and documentnumber = 39
20250115@180704.3043 ikhbngjgdt0hoghu0dgt7fgqs5 Query : insert into wsfidata (fistamp,ousrdata, ousrhora, usrdata,usrhora,ousrinis,usrinis ,qtt ,ftstamp ,epv,pvmoeda ,tabiva,iva,lordem ,ref, design ,lote,armazem,bistamp ) values ('aut6787f906106787f94848',getdate(),convert(char(8),convert (time,getdate())),getdate(),convert(char(8),convert (time,getdate())),'wsv','wsv',20.000 ,'aut6787f214166787f94465' ,0,0 ,2,23.00,820000,?,?,?,?,?)
20250115@180704.3496 ikhbngjgdt0hoghu0dgt7fgqs5 Query : select 1 valor from information_schema.tables where table_type='base table' and table_name='wstablefields'
20250115@180704.3540 ikhbngjgdt0hoghu0dgt7fgqs5 Query : select fieldkey,fieldname,fieldtype,mandatory from wstablefields where tablename = 'fi' and documentnumber = 39
20250115@180704.3567 ikhbngjgdt0hoghu0dgt7fgqs5 Query : select 1 valor from information_schema.tables where table_type='base table' and table_name='wstablefields'
20250115@180704.3583 ikhbngjgdt0hoghu0dgt7fgqs5 Query : select fieldkey,fieldname,fieldtype,mandatory from wstablefields where tablename = 'fi2' and documentnumber = 39
20250115@180704.3591 ikhbngjgdt0hoghu0dgt7fgqs5 Query : select top 1 convert(numeric(6,2),t.taxa) valor from taxasiva t where t.codigo='2'
20250115@180704.3604 ikhbngjgdt0hoghu0dgt7fgqs5 Query : select 1 valor from information_schema.tables where table_type='base table' and table_name='wstablefields'
20250115@180704.3619 ikhbngjgdt0hoghu0dgt7fgqs5 Query : select fieldkey,fieldname,fieldtype,calcformula from wstablefields where tablename = 'fi2' and documentnumber = 39
20250115@180704.3630 ikhbngjgdt0hoghu0dgt7fgqs5 Query : insert into wsfi2data (fi2stamp,ftstamp ,ousrdata, ousrhora, usrdata,usrhora,ousrinis,usrinis) values ('aut6787f544916787f94857','aut6787f214166787f94465' ,getdate(),convert(char(8),convert (time,getdate())),getdate(),convert(char(8),convert (time,getdate())),'wsv','wsv')
20250115@180704.3635 ikhbngjgdt0hoghu0dgt7fgqs5 Query : select 1 valor from information_schema.tables where table_type='base table' and table_name='wstablefields'
20250115@180704.3650 ikhbngjgdt0hoghu0dgt7fgqs5 Query : select fieldkey,fieldname,fieldtype,calcformula from wstablefields where tablename = 'fi' and documentnumber = 39
20250115@180704.3677 ikhbngjgdt0hoghu0dgt7fgqs5 Query : insert into wsfidata (fistamp,ousrdata, ousrhora, usrdata,usrhora,ousrinis,usrinis ,qtt ,ftstamp ,epv,pvmoeda ,tabiva,iva,lordem ,ref, design ,armazem) values ('aut6787f544916787f94857',getdate(),convert(char(8),convert (time,getdate())),getdate(),convert(char(8),convert (time,getdate())),'wsv','wsv',0 ,'aut6787f214166787f94465' ,0,0 ,2,23.00,830000,?,?,?)
20250115@180704.3962 ikhbngjgdt0hoghu0dgt7fgqs5 Query : use flama_phc
20250115@180704.3966 ikhbngjgdt0hoghu0dgt7fgqs5 Query : select st.usalote valor from st where st.ref = '324.1824.00.1'
20250115@180704.3986 ikhbngjgdt0hoghu0dgt7fgqs5 Query : select top 1 st.tabiva ,st.ivaincl ,st.stns ,st.uni2 ,st.familia ,isnull(tx.taxa, 0) txiva ,unidade ,usalote ,epcpond ,noserie ,conversao ,st.texteis from st left join taxasiva tx on st.tabiva = tx.codigo where st.ref = '324.1824.00.1'
20250115@180704.4000 ikhbngjgdt0hoghu0dgt7fgqs5 Query : select 1 valor from information_schema.tables where table_type='base table' and table_name='wstablefields'
20250115@180704.4016 ikhbngjgdt0hoghu0dgt7fgqs5 Query : select fieldkey,fieldname,fieldtype,mandatory from wstablefields where tablename = 'fi' and documentnumber = 39
20250115@180704.4042 ikhbngjgdt0hoghu0dgt7fgqs5 Query : select 1 valor from information_schema.tables where table_type='base table' and table_name='wstablefields'
20250115@180704.4057 ikhbngjgdt0hoghu0dgt7fgqs5 Query : select fieldkey,fieldname,fieldtype,mandatory from wstablefields where tablename = 'fi2' and documentnumber = 39
20250115@180704.4066 ikhbngjgdt0hoghu0dgt7fgqs5 Query : select top 1 convert(numeric(6,2),t.taxa) valor from taxasiva t where t.codigo='2'
20250115@180704.4085 ikhbngjgdt0hoghu0dgt7fgqs5 Query : select sestamp valor from se where ref ='324.1824.00.1' and lote = 'r2400217200a'
20250115@180704.4097 ikhbngjgdt0hoghu0dgt7fgqs5 Query : select 1 valor from information_schema.tables where table_type='base table' and table_name='wstablefields'
20250115@180704.4112 ikhbngjgdt0hoghu0dgt7fgqs5 Query : select fieldkey,fieldname,fieldtype,calcformula from wstablefields where tablename = 'fi2' and documentnumber = 39
20250115@180704.4124 ikhbngjgdt0hoghu0dgt7fgqs5 Query : insert into wsfi2data (fi2stamp,ftstamp ,ousrdata, ousrhora, usrdata,usrhora,ousrinis,usrinis) values ('aut6787f208446787f94864','aut6787f214166787f94465' ,getdate(),convert(char(8),convert (time,getdate())),getdate(),convert(char(8),convert (time,getdate())),'wsv','wsv')
20250115@180704.4129 ikhbngjgdt0hoghu0dgt7fgqs5 Query : select 1 valor from information_schema.tables where table_type='base table' and table_name='wstablefields'
20250115@180704.4143 ikhbngjgdt0hoghu0dgt7fgqs5 Query : select fieldkey,fieldname,fieldtype,calcformula from wstablefields where tablename = 'fi' and documentnumber = 39
20250115@180704.4179 ikhbngjgdt0hoghu0dgt7fgqs5 Query : insert into wsfidata (fistamp,ousrdata, ousrhora, usrdata,usrhora,ousrinis,usrinis ,qtt ,ftstamp ,epv,pvmoeda ,tabiva,iva,lordem ,ref, design ,lote,armazem,bistamp ) values ('aut6787f208446787f94864',getdate(),convert(char(8),convert (time,getdate())),getdate(),convert(char(8),convert (time,getdate())),'wsv','wsv',20.000 ,'aut6787f214166787f94465' ,0,0 ,2,23.00,850000,?,?,?,?,?)
20250115@180704.4467 ikhbngjgdt0hoghu0dgt7fgqs5 Query : select 1 valor from information_schema.tables where table_type='base table' and table_name='wstablefields'
20250115@180704.4486 ikhbngjgdt0hoghu0dgt7fgqs5 Query : select fieldkey,fieldname,fieldtype,mandatory from wstablefields where tablename = 'fi' and documentnumber = 39
20250115@180704.4513 ikhbngjgdt0hoghu0dgt7fgqs5 Query : select 1 valor from information_schema.tables where table_type='base table' and table_name='wstablefields'
20250115@180704.4528 ikhbngjgdt0hoghu0dgt7fgqs5 Query : select fieldkey,fieldname,fieldtype,mandatory from wstablefields where tablename = 'fi2' and documentnumber = 39
20250115@180704.4537 ikhbngjgdt0hoghu0dgt7fgqs5 Query : select top 1 convert(numeric(6,2),t.taxa) valor from taxasiva t where t.codigo='2'
20250115@180704.4549 ikhbngjgdt0hoghu0dgt7fgqs5 Query : select 1 valor from information_schema.tables where table_type='base table' and table_name='wstablefields'
20250115@180704.4563 ikhbngjgdt0hoghu0dgt7fgqs5 Query : select fieldkey,fieldname,fieldtype,calcformula from wstablefields where tablename = 'fi2' and documentnumber = 39
20250115@180704.4576 ikhbngjgdt0hoghu0dgt7fgqs5 Query : insert into wsfi2data (fi2stamp,ftstamp ,ousrdata, ousrhora, usrdata,usrhora,ousrinis,usrinis) values ('aut6787f380546787f9486f','aut6787f214166787f94465' ,getdate(),convert(char(8),convert (time,getdate())),getdate(),convert(char(8),convert (time,getdate())),'wsv','wsv')
20250115@180704.4580 ikhbngjgdt0hoghu0dgt7fgqs5 Query : select 1 valor from information_schema.tables where table_type='base table' and table_name='wstablefields'
20250115@180704.4596 ikhbngjgdt0hoghu0dgt7fgqs5 Query : select fieldkey,fieldname,fieldtype,calcformula from wstablefields where tablename = 'fi' and documentnumber = 39
20250115@180704.4625 ikhbngjgdt0hoghu0dgt7fgqs5 Query : insert into wsfidata (fistamp,ousrdata, ousrhora, usrdata,usrhora,ousrinis,usrinis ,qtt ,ftstamp ,epv,pvmoeda ,tabiva,iva,lordem ,ref, design ,armazem) values ('aut6787f380546787f9486f',getdate(),convert(char(8),convert (time,getdate())),getdate(),convert(char(8),convert (time,getdate())),'wsv','wsv',0 ,'aut6787f214166787f94465' ,0,0 ,2,23.00,860000,?,?,?)
20250115@180704.4911 ikhbngjgdt0hoghu0dgt7fgqs5 Query : use flama_phc
20250115@180704.4915 ikhbngjgdt0hoghu0dgt7fgqs5 Query : select st.usalote valor from st where st.ref = '324.1824.00.1'
20250115@180704.4933 ikhbngjgdt0hoghu0dgt7fgqs5 Query : select top 1 st.tabiva ,st.ivaincl ,st.stns ,st.uni2 ,st.familia ,isnull(tx.taxa, 0) txiva ,unidade ,usalote ,epcpond ,noserie ,conversao ,st.texteis from st left join taxasiva tx on st.tabiva = tx.codigo where st.ref = '324.1824.00.1'
20250115@180704.4947 ikhbngjgdt0hoghu0dgt7fgqs5 Query : select 1 valor from information_schema.tables where table_type='base table' and table_name='wstablefields'
20250115@180704.4961 ikhbngjgdt0hoghu0dgt7fgqs5 Query : select fieldkey,fieldname,fieldtype,mandatory from wstablefields where tablename = 'fi' and documentnumber = 39
20250115@180704.4990 ikhbngjgdt0hoghu0dgt7fgqs5 Query : select 1 valor from information_schema.tables where table_type='base table' and table_name='wstablefields'
20250115@180704.5004 ikhbngjgdt0hoghu0dgt7fgqs5 Query : select fieldkey,fieldname,fieldtype,mandatory from wstablefields where tablename = 'fi2' and documentnumber = 39
20250115@180704.5013 ikhbngjgdt0hoghu0dgt7fgqs5 Query : select top 1 convert(numeric(6,2),t.taxa) valor from taxasiva t where t.codigo='2'
20250115@180704.5025 ikhbngjgdt0hoghu0dgt7fgqs5 Query : select sestamp valor from se where ref ='324.1824.00.1' and lote = 'r2400217200a'
20250115@180704.5036 ikhbngjgdt0hoghu0dgt7fgqs5 Query : select 1 valor from information_schema.tables where table_type='base table' and table_name='wstablefields'
20250115@180704.5050 ikhbngjgdt0hoghu0dgt7fgqs5 Query : select fieldkey,fieldname,fieldtype,calcformula from wstablefields where tablename = 'fi2' and documentnumber = 39
20250115@180704.5062 ikhbngjgdt0hoghu0dgt7fgqs5 Query : insert into wsfi2data (fi2stamp,ftstamp ,ousrdata, ousrhora, usrdata,usrhora,ousrinis,usrinis) values ('aut6787f376606787f9487a','aut6787f214166787f94465' ,getdate(),convert(char(8),convert (time,getdate())),getdate(),convert(char(8),convert (time,getdate())),'wsv','wsv')
20250115@180704.5066 ikhbngjgdt0hoghu0dgt7fgqs5 Query : select 1 valor from information_schema.tables where table_type='base table' and table_name='wstablefields'
20250115@180704.5082 ikhbngjgdt0hoghu0dgt7fgqs5 Query : select fieldkey,fieldname,fieldtype,calcformula from wstablefields where tablename = 'fi' and documentnumber = 39
20250115@180704.5112 ikhbngjgdt0hoghu0dgt7fgqs5 Query : insert into wsfidata (fistamp,ousrdata, ousrhora, usrdata,usrhora,ousrinis,usrinis ,qtt ,ftstamp ,epv,pvmoeda ,tabiva,iva,lordem ,ref, design ,lote,armazem,bistamp ) values ('aut6787f376606787f9487a',getdate(),convert(char(8),convert (time,getdate())),getdate(),convert(char(8),convert (time,getdate())),'wsv','wsv',20.000 ,'aut6787f214166787f94465' ,0,0 ,2,23.00,880000,?,?,?,?,?)
20250115@180704.5420 ikhbngjgdt0hoghu0dgt7fgqs5 Query : select 1 valor from information_schema.tables where table_type='base table' and table_name='wstablefields'
20250115@180704.5437 ikhbngjgdt0hoghu0dgt7fgqs5 Query : select fieldkey,fieldname,fieldtype,mandatory from wstablefields where tablename = 'fi' and documentnumber = 39
20250115@180704.5469 ikhbngjgdt0hoghu0dgt7fgqs5 Query : select 1 valor from information_schema.tables where table_type='base table' and table_name='wstablefields'
20250115@180704.5484 ikhbngjgdt0hoghu0dgt7fgqs5 Query : select fieldkey,fieldname,fieldtype,mandatory from wstablefields where tablename = 'fi2' and documentnumber = 39
20250115@180704.5493 ikhbngjgdt0hoghu0dgt7fgqs5 Query : select top 1 convert(numeric(6,2),t.taxa) valor from taxasiva t where t.codigo='2'
20250115@180704.5505 ikhbngjgdt0hoghu0dgt7fgqs5 Query : select 1 valor from information_schema.tables where table_type='base table' and table_name='wstablefields'
20250115@180704.5520 ikhbngjgdt0hoghu0dgt7fgqs5 Query : select fieldkey,fieldname,fieldtype,calcformula from wstablefields where tablename = 'fi2' and documentnumber = 39
20250115@180704.5532 ikhbngjgdt0hoghu0dgt7fgqs5 Query : insert into wsfi2data (fi2stamp,ftstamp ,ousrdata, ousrhora, usrdata,usrhora,ousrinis,usrinis) values ('aut6787f865826787f94886','aut6787f214166787f94465' ,getdate(),convert(char(8),convert (time,getdate())),getdate(),convert(char(8),convert (time,getdate())),'wsv','wsv')
20250115@180704.5537 ikhbngjgdt0hoghu0dgt7fgqs5 Query : select 1 valor from information_schema.tables where table_type='base table' and table_name='wstablefields'
20250115@180704.5552 ikhbngjgdt0hoghu0dgt7fgqs5 Query : select fieldkey,fieldname,fieldtype,calcformula from wstablefields where tablename = 'fi' and documentnumber = 39
20250115@180704.5582 ikhbngjgdt0hoghu0dgt7fgqs5 Query : insert into wsfidata (fistamp,ousrdata, ousrhora, usrdata,usrhora,ousrinis,usrinis ,qtt ,ftstamp ,epv,pvmoeda ,tabiva,iva,lordem ,ref, design ,armazem) values ('aut6787f865826787f94886',getdate(),convert(char(8),convert (time,getdate())),getdate(),convert(char(8),convert (time,getdate())),'wsv','wsv',0 ,'aut6787f214166787f94465' ,0,0 ,2,23.00,890000,?,?,?)
20250115@180704.5868 ikhbngjgdt0hoghu0dgt7fgqs5 Query : use flama_phc
20250115@180704.5872 ikhbngjgdt0hoghu0dgt7fgqs5 Query : select st.usalote valor from st where st.ref = '324.1832.00.2'
20250115@180704.5905 ikhbngjgdt0hoghu0dgt7fgqs5 Query : select top 1 st.tabiva ,st.ivaincl ,st.stns ,st.uni2 ,st.familia ,isnull(tx.taxa, 0) txiva ,unidade ,usalote ,epcpond ,noserie ,conversao ,st.texteis from st left join taxasiva tx on st.tabiva = tx.codigo where st.ref = '324.1832.00.2'
20250115@180704.6064 ikhbngjgdt0hoghu0dgt7fgqs5 Query : select 1 valor from information_schema.tables where table_type='base table' and table_name='wstablefields'
20250115@180704.6080 ikhbngjgdt0hoghu0dgt7fgqs5 Query : select fieldkey,fieldname,fieldtype,mandatory from wstablefields where tablename = 'fi' and documentnumber = 39
20250115@180704.6108 ikhbngjgdt0hoghu0dgt7fgqs5 Query : select 1 valor from information_schema.tables where table_type='base table' and table_name='wstablefields'
20250115@180704.6122 ikhbngjgdt0hoghu0dgt7fgqs5 Query : select fieldkey,fieldname,fieldtype,mandatory from wstablefields where tablename = 'fi2' and documentnumber = 39
20250115@180704.6132 ikhbngjgdt0hoghu0dgt7fgqs5 Query : select top 1 convert(numeric(6,2),t.taxa) valor from taxasiva t where t.codigo='2'
20250115@180704.6151 ikhbngjgdt0hoghu0dgt7fgqs5 Query : select sestamp valor from se where ref ='324.1832.00.2' and lote = 'r2400401150a'
20250115@180704.6176 ikhbngjgdt0hoghu0dgt7fgqs5 Query : select 1 valor from information_schema.tables where table_type='base table' and table_name='wstablefields'
20250115@180704.6190 ikhbngjgdt0hoghu0dgt7fgqs5 Query : select fieldkey,fieldname,fieldtype,calcformula from wstablefields where tablename = 'fi2' and documentnumber = 39
20250115@180704.6203 ikhbngjgdt0hoghu0dgt7fgqs5 Query : insert into wsfi2data (fi2stamp,ftstamp ,ousrdata, ousrhora, usrdata,usrhora,ousrinis,usrinis) values ('aut6787f198056787f94896','aut6787f214166787f94465' ,getdate(),convert(char(8),convert (time,getdate())),getdate(),convert(char(8),convert (time,getdate())),'wsv','wsv')
20250115@180704.6207 ikhbngjgdt0hoghu0dgt7fgqs5 Query : select 1 valor from information_schema.tables where table_type='base table' and table_name='wstablefields'
20250115@180704.6222 ikhbngjgdt0hoghu0dgt7fgqs5 Query : select fieldkey,fieldname,fieldtype,calcformula from wstablefields where tablename = 'fi' and documentnumber = 39
20250115@180704.6255 ikhbngjgdt0hoghu0dgt7fgqs5 Query : insert into wsfidata (fistamp,ousrdata, ousrhora, usrdata,usrhora,ousrinis,usrinis ,qtt ,ftstamp ,epv,pvmoeda ,tabiva,iva,lordem ,ref, design ,lote,armazem,bistamp ) values ('aut6787f198056787f94896',getdate(),convert(char(8),convert (time,getdate())),getdate(),convert(char(8),convert (time,getdate())),'wsv','wsv',20.000 ,'aut6787f214166787f94465' ,0,0 ,2,23.00,910000,?,?,?,?,?)
20250115@180704.7048 ikhbngjgdt0hoghu0dgt7fgqs5 Query : select 1 valor from information_schema.tables where table_type='base table' and table_name='wstablefields'
20250115@180704.7591 ikhbngjgdt0hoghu0dgt7fgqs5 Query : select fieldkey,fieldname,fieldtype,mandatory from wstablefields where tablename = 'fi' and documentnumber = 39
20250115@180704.7620 ikhbngjgdt0hoghu0dgt7fgqs5 Query : select 1 valor from information_schema.tables where table_type='base table' and table_name='wstablefields'
20250115@180704.7636 ikhbngjgdt0hoghu0dgt7fgqs5 Query : select fieldkey,fieldname,fieldtype,mandatory from wstablefields where tablename = 'fi2' and documentnumber = 39
20250115@180704.7644 ikhbngjgdt0hoghu0dgt7fgqs5 Query : select top 1 convert(numeric(6,2),t.taxa) valor from taxasiva t where t.codigo='2'
20250115@180704.7665 ikhbngjgdt0hoghu0dgt7fgqs5 Query : select 1 valor from information_schema.tables where table_type='base table' and table_name='wstablefields'
20250115@180704.7681 ikhbngjgdt0hoghu0dgt7fgqs5 Query : select fieldkey,fieldname,fieldtype,calcformula from wstablefields where tablename = 'fi2' and documentnumber = 39
20250115@180704.7693 ikhbngjgdt0hoghu0dgt7fgqs5 Query : insert into wsfi2data (fi2stamp,ftstamp ,ousrdata, ousrhora, usrdata,usrhora,ousrinis,usrinis) values ('aut6787f559836787f948bb','aut6787f214166787f94465' ,getdate(),convert(char(8),convert (time,getdate())),getdate(),convert(char(8),convert (time,getdate())),'wsv','wsv')
20250115@180704.7698 ikhbngjgdt0hoghu0dgt7fgqs5 Query : select 1 valor from information_schema.tables where table_type='base table' and table_name='wstablefields'
20250115@180704.7713 ikhbngjgdt0hoghu0dgt7fgqs5 Query : select fieldkey,fieldname,fieldtype,calcformula from wstablefields where tablename = 'fi' and documentnumber = 39
20250115@180704.7745 ikhbngjgdt0hoghu0dgt7fgqs5 Query : insert into wsfidata (fistamp,ousrdata, ousrhora, usrdata,usrhora,ousrinis,usrinis ,qtt ,ftstamp ,epv,pvmoeda ,tabiva,iva,lordem ,ref, design ,armazem) values ('aut6787f559836787f948bb',getdate(),convert(char(8),convert (time,getdate())),getdate(),convert(char(8),convert (time,getdate())),'wsv','wsv',0 ,'aut6787f214166787f94465' ,0,0 ,2,23.00,920000,?,?,?)
20250115@180704.8033 ikhbngjgdt0hoghu0dgt7fgqs5 Query : use flama_phc
20250115@180704.8036 ikhbngjgdt0hoghu0dgt7fgqs5 Query : select st.usalote valor from st where st.ref = '324.1832.00.2'
20250115@180704.8057 ikhbngjgdt0hoghu0dgt7fgqs5 Query : select top 1 st.tabiva ,st.ivaincl ,st.stns ,st.uni2 ,st.familia ,isnull(tx.taxa, 0) txiva ,unidade ,usalote ,epcpond ,noserie ,conversao ,st.texteis from st left join taxasiva tx on st.tabiva = tx.codigo where st.ref = '324.1832.00.2'
20250115@180704.8072 ikhbngjgdt0hoghu0dgt7fgqs5 Query : select 1 valor from information_schema.tables where table_type='base table' and table_name='wstablefields'
20250115@180704.8097 ikhbngjgdt0hoghu0dgt7fgqs5 Query : select fieldkey,fieldname,fieldtype,mandatory from wstablefields where tablename = 'fi' and documentnumber = 39
20250115@180704.8128 ikhbngjgdt0hoghu0dgt7fgqs5 Query : select 1 valor from information_schema.tables where table_type='base table' and table_name='wstablefields'
20250115@180704.8142 ikhbngjgdt0hoghu0dgt7fgqs5 Query : select fieldkey,fieldname,fieldtype,mandatory from wstablefields where tablename = 'fi2' and documentnumber = 39
20250115@180704.8152 ikhbngjgdt0hoghu0dgt7fgqs5 Query : select top 1 convert(numeric(6,2),t.taxa) valor from taxasiva t where t.codigo='2'
20250115@180704.8165 ikhbngjgdt0hoghu0dgt7fgqs5 Query : select sestamp valor from se where ref ='324.1832.00.2' and lote = 'r2400401150a'
20250115@180704.8178 ikhbngjgdt0hoghu0dgt7fgqs5 Query : select 1 valor from information_schema.tables where table_type='base table' and table_name='wstablefields'
20250115@180704.8196 ikhbngjgdt0hoghu0dgt7fgqs5 Query : select fieldkey,fieldname,fieldtype,calcformula from wstablefields where tablename = 'fi2' and documentnumber = 39
20250115@180704.8209 ikhbngjgdt0hoghu0dgt7fgqs5 Query : insert into wsfi2data (fi2stamp,ftstamp ,ousrdata, ousrhora, usrdata,usrhora,ousrinis,usrinis) values ('aut6787f290246787f948c7','aut6787f214166787f94465' ,getdate(),convert(char(8),convert (time,getdate())),getdate(),convert(char(8),convert (time,getdate())),'wsv','wsv')
20250115@180704.8214 ikhbngjgdt0hoghu0dgt7fgqs5 Query : select 1 valor from information_schema.tables where table_type='base table' and table_name='wstablefields'
20250115@180704.8230 ikhbngjgdt0hoghu0dgt7fgqs5 Query : select fieldkey,fieldname,fieldtype,calcformula from wstablefields where tablename = 'fi' and documentnumber = 39
20250115@180704.8261 ikhbngjgdt0hoghu0dgt7fgqs5 Query : insert into wsfidata (fistamp,ousrdata, ousrhora, usrdata,usrhora,ousrinis,usrinis ,qtt ,ftstamp ,epv,pvmoeda ,tabiva,iva,lordem ,ref, design ,lote,armazem,bistamp ) values ('aut6787f290246787f948c7',getdate(),convert(char(8),convert (time,getdate())),getdate(),convert(char(8),convert (time,getdate())),'wsv','wsv',10.000 ,'aut6787f214166787f94465' ,0,0 ,2,23.00,940000,?,?,?,?,?)
20250115@180704.8551 ikhbngjgdt0hoghu0dgt7fgqs5 Query : select 1 valor from information_schema.tables where table_type='base table' and table_name='wstablefields'
20250115@180704.8568 ikhbngjgdt0hoghu0dgt7fgqs5 Query : select fieldkey,fieldname,fieldtype,mandatory from wstablefields where tablename = 'fi' and documentnumber = 39
20250115@180704.8593 ikhbngjgdt0hoghu0dgt7fgqs5 Query : select 1 valor from information_schema.tables where table_type='base table' and table_name='wstablefields'
20250115@180704.8610 ikhbngjgdt0hoghu0dgt7fgqs5 Query : select fieldkey,fieldname,fieldtype,mandatory from wstablefields where tablename = 'fi2' and documentnumber = 39
20250115@180704.8618 ikhbngjgdt0hoghu0dgt7fgqs5 Query : select top 1 convert(numeric(6,2),t.taxa) valor from taxasiva t where t.codigo='2'
20250115@180704.8630 ikhbngjgdt0hoghu0dgt7fgqs5 Query : select 1 valor from information_schema.tables where table_type='base table' and table_name='wstablefields'
20250115@180704.8646 ikhbngjgdt0hoghu0dgt7fgqs5 Query : select fieldkey,fieldname,fieldtype,calcformula from wstablefields where tablename = 'fi2' and documentnumber = 39
20250115@180704.8657 ikhbngjgdt0hoghu0dgt7fgqs5 Query : insert into wsfi2data (fi2stamp,ftstamp ,ousrdata, ousrhora, usrdata,usrhora,ousrinis,usrinis) values ('aut6787f278746787f948d2','aut6787f214166787f94465' ,getdate(),convert(char(8),convert (time,getdate())),getdate(),convert(char(8),convert (time,getdate())),'wsv','wsv')
20250115@180704.8661 ikhbngjgdt0hoghu0dgt7fgqs5 Query : select 1 valor from information_schema.tables where table_type='base table' and table_name='wstablefields'
20250115@180704.8677 ikhbngjgdt0hoghu0dgt7fgqs5 Query : select fieldkey,fieldname,fieldtype,calcformula from wstablefields where tablename = 'fi' and documentnumber = 39
20250115@180704.8711 ikhbngjgdt0hoghu0dgt7fgqs5 Query : insert into wsfidata (fistamp,ousrdata, ousrhora, usrdata,usrhora,ousrinis,usrinis ,qtt ,ftstamp ,epv,pvmoeda ,tabiva,iva,lordem ,ref, design ,armazem) values ('aut6787f278746787f948d2',getdate(),convert(char(8),convert (time,getdate())),getdate(),convert(char(8),convert (time,getdate())),'wsv','wsv',0 ,'aut6787f214166787f94465' ,0,0 ,2,23.00,950000,?,?,?)
20250115@180704.8996 ikhbngjgdt0hoghu0dgt7fgqs5 Query : use flama_phc
20250115@180704.9000 ikhbngjgdt0hoghu0dgt7fgqs5 Query : select st.usalote valor from st where st.ref = '324.1833.00.2'
20250115@180704.9028 ikhbngjgdt0hoghu0dgt7fgqs5 Query : select top 1 st.tabiva ,st.ivaincl ,st.stns ,st.uni2 ,st.familia ,isnull(tx.taxa, 0) txiva ,unidade ,usalote ,epcpond ,noserie ,conversao ,st.texteis from st left join taxasiva tx on st.tabiva = tx.codigo where st.ref = '324.1833.00.2'
20250115@180704.9323 ikhbngjgdt0hoghu0dgt7fgqs5 Query : select 1 valor from information_schema.tables where table_type='base table' and table_name='wstablefields'
20250115@180704.9354 ikhbngjgdt0hoghu0dgt7fgqs5 Query : select fieldkey,fieldname,fieldtype,mandatory from wstablefields where tablename = 'fi' and documentnumber = 39
20250115@180704.9394 ikhbngjgdt0hoghu0dgt7fgqs5 Query : select 1 valor from information_schema.tables where table_type='base table' and table_name='wstablefields'
20250115@180704.9410 ikhbngjgdt0hoghu0dgt7fgqs5 Query : select fieldkey,fieldname,fieldtype,mandatory from wstablefields where tablename = 'fi2' and documentnumber = 39
20250115@180704.9419 ikhbngjgdt0hoghu0dgt7fgqs5 Query : select top 1 convert(numeric(6,2),t.taxa) valor from taxasiva t where t.codigo='2'
20250115@180704.9431 ikhbngjgdt0hoghu0dgt7fgqs5 Query : select sestamp valor from se where ref ='324.1833.00.2' and lote = 'r2400401200a'
20250115@180704.9445 ikhbngjgdt0hoghu0dgt7fgqs5 Query : select 1 valor from information_schema.tables where table_type='base table' and table_name='wstablefields'
20250115@180704.9462 ikhbngjgdt0hoghu0dgt7fgqs5 Query : select fieldkey,fieldname,fieldtype,calcformula from wstablefields where tablename = 'fi2' and documentnumber = 39
20250115@180704.9478 ikhbngjgdt0hoghu0dgt7fgqs5 Query : insert into wsfi2data (fi2stamp,ftstamp ,ousrdata, ousrhora, usrdata,usrhora,ousrinis,usrinis) values ('aut6787f871366787f948e6','aut6787f214166787f94465' ,getdate(),convert(char(8),convert (time,getdate())),getdate(),convert(char(8),convert (time,getdate())),'wsv','wsv')
20250115@180704.9482 ikhbngjgdt0hoghu0dgt7fgqs5 Query : select 1 valor from information_schema.tables where table_type='base table' and table_name='wstablefields'
20250115@180704.9499 ikhbngjgdt0hoghu0dgt7fgqs5 Query : select fieldkey,fieldname,fieldtype,calcformula from wstablefields where tablename = 'fi' and documentnumber = 39
20250115@180704.9529 ikhbngjgdt0hoghu0dgt7fgqs5 Query : insert into wsfidata (fistamp,ousrdata, ousrhora, usrdata,usrhora,ousrinis,usrinis ,qtt ,ftstamp ,epv,pvmoeda ,tabiva,iva,lordem ,ref, design ,lote,armazem,bistamp ) values ('aut6787f871366787f948e6',getdate(),convert(char(8),convert (time,getdate())),getdate(),convert(char(8),convert (time,getdate())),'wsv','wsv',10.000 ,'aut6787f214166787f94465' ,0,0 ,2,23.00,970000,?,?,?,?,?)
20250115@180704.9813 ikhbngjgdt0hoghu0dgt7fgqs5 Query : use flama_phc
20250115@180704.9816 ikhbngjgdt0hoghu0dgt7fgqs5 Query : select st.usalote valor from st where st.ref = '324.1833.00.2'
20250115@180704.9837 ikhbngjgdt0hoghu0dgt7fgqs5 Query : select top 1 st.tabiva ,st.ivaincl ,st.stns ,st.uni2 ,st.familia ,isnull(tx.taxa, 0) txiva ,unidade ,usalote ,epcpond ,noserie ,conversao ,st.texteis from st left join taxasiva tx on st.tabiva = tx.codigo where st.ref = '324.1833.00.2'
20250115@180704.9852 ikhbngjgdt0hoghu0dgt7fgqs5 Query : select 1 valor from information_schema.tables where table_type='base table' and table_name='wstablefields'
20250115@180704.9869 ikhbngjgdt0hoghu0dgt7fgqs5 Query : select fieldkey,fieldname,fieldtype,mandatory from wstablefields where tablename = 'fi' and documentnumber = 39
20250115@180704.9895 ikhbngjgdt0hoghu0dgt7fgqs5 Query : select 1 valor from information_schema.tables where table_type='base table' and table_name='wstablefields'
20250115@180704.9914 ikhbngjgdt0hoghu0dgt7fgqs5 Query : select fieldkey,fieldname,fieldtype,mandatory from wstablefields where tablename = 'fi2' and documentnumber = 39
20250115@180704.9923 ikhbngjgdt0hoghu0dgt7fgqs5 Query : select top 1 convert(numeric(6,2),t.taxa) valor from taxasiva t where t.codigo='2'
20250115@180704.9936 ikhbngjgdt0hoghu0dgt7fgqs5 Query : select sestamp valor from se where ref ='324.1833.00.2' and lote = 'r2400401200a'
20250115@180704.9952 ikhbngjgdt0hoghu0dgt7fgqs5 Query : select 1 valor from information_schema.tables where table_type='base table' and table_name='wstablefields'
20250115@180704.9969 ikhbngjgdt0hoghu0dgt7fgqs5 Query : select fieldkey,fieldname,fieldtype,calcformula from wstablefields where tablename = 'fi2' and documentnumber = 39
20250115@180705.6100 ikhbngjgdt0hoghu0dgt7fgqs5 Query : insert into wsfi2data (fi2stamp,ftstamp ,ousrdata, ousrhora, usrdata,usrhora,ousrinis,usrinis) values ('aut6787f026636787f948f2','aut6787f214166787f94465' ,getdate(),convert(char(8),convert (time,getdate())),getdate(),convert(char(8),convert (time,getdate())),'wsv','wsv')
20250115@180705.2250 ikhbngjgdt0hoghu0dgt7fgqs5 Query : select 1 valor from information_schema.tables where table_type='base table' and table_name='wstablefields'
20250115@180705.2740 ikhbngjgdt0hoghu0dgt7fgqs5 Query : select fieldkey,fieldname,fieldtype,calcformula from wstablefields where tablename = 'fi' and documentnumber = 39
20250115@180705.3330 ikhbngjgdt0hoghu0dgt7fgqs5 Query : insert into wsfidata (fistamp,ousrdata, ousrhora, usrdata,usrhora,ousrinis,usrinis ,qtt ,ftstamp ,epv,pvmoeda ,tabiva,iva,lordem ,ref, design ,lote,armazem,bistamp ) values ('aut6787f026636787f948f2',getdate(),convert(char(8),convert (time,getdate())),getdate(),convert(char(8),convert (time,getdate())),'wsv','wsv',20.000 ,'aut6787f214166787f94465' ,0,0 ,2,23.00,980000,?,?,?,?,?)
20250115@180705.6630 ikhbngjgdt0hoghu0dgt7fgqs5 Query : insert into wsftcreationlog (initialftstamp,externalid,creationstatus,documenttypeid,idustamp) values ('aut6787f214166787f94465','2500342','wait',39,'adm09112754980.682000002')
20250115@180705.7710 ikhbngjgdt0hoghu0dgt7fgqs5 Query : use flama_phc
20250115@180705.7780 ikhbngjgdt0hoghu0dgt7fgqs5 Query : update u_wsusers set rqsttoken =? where userid ='userls001'
20250115@180705.8080 ikhbngjgdt0hoghu0dgt7fgqs5 Query : select concat(rtrim(relative_path),ltrim(name_new)) as valor from uploadfiles where uploadfile_id='4638';
20250115@180705.8900 ikhbngjgdt0hoghu0dgt7fgqs5 Query : update uploadfiles set whenupdated=current_timestamp where uploadfile_id='4638';
20250115@180705.9480 ikhbngjgdt0hoghu0dgt7fgqs5 Query : select concat(rtrim(relative_path),ltrim(name_new)) as valor from uploadfiles where uploadfile_id='4638';
20250115@180705.9840 ikhbngjgdt0hoghu0dgt7fgqs5 Query : update uploadfiles set whenupdated=current_timestamp where uploadfile_id='4638';
20250115@180705.1541 ugj5j3hcub649rp2hpd0ic3ivn Query : insert into uploadfiles ( name_original, name_new, option_type, relative_path, whencreated ) values ( ?, ?, ?, ?, getdate() )
20250115@180705.1565 ugj5j3hcub649rp2hpd0ic3ivn Query : select uploadfile_id valor from uploadfiles where name_new = ? and option_type = ? 
20250115@180705.1663 ugj5j3hcub649rp2hpd0ic3ivn Query : select concat(rtrim(relative_path),ltrim(name_new)) as valor from uploadfiles where uploadfile_id='4639';
20250115@180705.1721 ugj5j3hcub649rp2hpd0ic3ivn Query : update uploadfiles set whenupdated=current_timestamp where uploadfile_id='4639';
20250115@180705.1788 ugj5j3hcub649rp2hpd0ic3ivn Query : select concat(rtrim(relative_path),ltrim(name_new)) as valor from uploadfiles where uploadfile_id='4639';
20250115@180705.1828 ugj5j3hcub649rp2hpd0ic3ivn Query : update uploadfiles set whenupdated=current_timestamp where uploadfile_id='4639';
20250115@180705.1912 ugj5j3hcub649rp2hpd0ic3ivn Query : use flama_phc
20250115@180705.1915 ugj5j3hcub649rp2hpd0ic3ivn Query : select top 1 secretkey valor from u_wsusers u where u.userid = ? and u.inactivo=0
20250115@180705.2020 ugj5j3hcub649rp2hpd0ic3ivn Query : use flama_phc
20250115@180705.2023 ugj5j3hcub649rp2hpd0ic3ivn Query : select no, estab,szadrsdesc from szadrs where u_coddest=1152
20250115@180705.2110 ugj5j3hcub649rp2hpd0ic3ivn Query : select top 1 isnull(design,'') valor from st (nolock) left join stobs (nolock) on st.ref = stobs.ref where st.ref = '324.938.00.01'
20250115@180705.2277 ugj5j3hcub649rp2hpd0ic3ivn Query : select top 1 bistamp valor from bi inner join bo on bo.bostamp=bi.bostamp where bo.ndos =250 and bo.boano =2004 and bo.obrano = 2500404 and bi.ref ='324.938.00.01' and bi.lordem =1
20250115@180705.2620 ugj5j3hcub649rp2hpd0ic3ivn Query : select top 1 isnull(design,'') valor from st (nolock) left join stobs (nolock) on st.ref = stobs.ref where st.ref = '324.711.00.01'
20250115@180705.2778 ugj5j3hcub649rp2hpd0ic3ivn Query : select top 1 bistamp valor from bi inner join bo on bo.bostamp=bi.bostamp where bo.ndos =250 and bo.boano =2004 and bo.obrano = 2500404 and bi.ref ='324.711.00.01' and bi.lordem =2
20250115@180705.3114 ugj5j3hcub649rp2hpd0ic3ivn Query : select top 1 isnull(design,'') valor from st (nolock) left join stobs (nolock) on st.ref = stobs.ref where st.ref = '324.734.00.02'
20250115@180705.3276 ugj5j3hcub649rp2hpd0ic3ivn Query : select top 1 bistamp valor from bi inner join bo on bo.bostamp=bi.bostamp where bo.ndos =250 and bo.boano =2004 and bo.obrano = 2500404 and bi.ref ='324.734.00.02' and bi.lordem =3
20250115@180705.3587 ugj5j3hcub649rp2hpd0ic3ivn Query : select top 1 isnull(design,'') valor from st (nolock) left join stobs (nolock) on st.ref = stobs.ref where st.ref = '324.1824.00.1'
20250115@180705.4914 ugj5j3hcub649rp2hpd0ic3ivn Query : select top 1 bistamp valor from bi inner join bo on bo.bostamp=bi.bostamp where bo.ndos =250 and bo.boano =2004 and bo.obrano = 2500404 and bi.ref ='324.1824.00.1' and bi.lordem =4
20250115@180705.5318 ugj5j3hcub649rp2hpd0ic3ivn Query : select top 1 isnull(design,'') valor from st (nolock) left join stobs (nolock) on st.ref = stobs.ref where st.ref = '324.1824.00.1'
20250115@180705.5339 ugj5j3hcub649rp2hpd0ic3ivn Query : select top 1 bistamp valor from bi inner join bo on bo.bostamp=bi.bostamp where bo.ndos =250 and bo.boano =2004 and bo.obrano = 2500404 and bi.ref ='324.1824.00.1' and bi.lordem =5
20250115@180705.5673 ugj5j3hcub649rp2hpd0ic3ivn Query : select top 1 isnull(design,'') valor from st (nolock) left join stobs (nolock) on st.ref = stobs.ref where st.ref = '324.1879.00.1'
20250115@180705.5841 ugj5j3hcub649rp2hpd0ic3ivn Query : select top 1 bistamp valor from bi inner join bo on bo.bostamp=bi.bostamp where bo.ndos =250 and bo.boano =2004 and bo.obrano = 2500404 and bi.ref ='324.1879.00.1' and bi.lordem =6
20250115@180705.6199 ugj5j3hcub649rp2hpd0ic3ivn Query : select top 1 isnull(design,'') valor from st (nolock) left join stobs (nolock) on st.ref = stobs.ref where st.ref = '324.1879.00.1'
20250115@180705.6223 ugj5j3hcub649rp2hpd0ic3ivn Query : select top 1 bistamp valor from bi inner join bo on bo.bostamp=bi.bostamp where bo.ndos =250 and bo.boano =2004 and bo.obrano = 2500404 and bi.ref ='324.1879.00.1' and bi.lordem =7
20250115@180705.6567 ugj5j3hcub649rp2hpd0ic3ivn Query : select top 1 isnull(design,'') valor from st (nolock) left join stobs (nolock) on st.ref = stobs.ref where st.ref = '324.5396.00.1'
20250115@180705.6735 ugj5j3hcub649rp2hpd0ic3ivn Query : select top 1 bistamp valor from bi inner join bo on bo.bostamp=bi.bostamp where bo.ndos =250 and bo.boano =2004 and bo.obrano = 2500404 and bi.ref ='324.5396.00.1' and bi.lordem =8
20250115@180705.7074 ugj5j3hcub649rp2hpd0ic3ivn Query : select top 1 isnull(design,'') valor from st (nolock) left join stobs (nolock) on st.ref = stobs.ref where st.ref = '324.5365.00.1'
20250115@180705.7247 ugj5j3hcub649rp2hpd0ic3ivn Query : select top 1 bistamp valor from bi inner join bo on bo.bostamp=bi.bostamp where bo.ndos =250 and bo.boano =2004 and bo.obrano = 2500404 and bi.ref ='324.5365.00.1' and bi.lordem =9
20250115@180705.7589 ugj5j3hcub649rp2hpd0ic3ivn Query : use flama_phc
20250115@180705.7592 ugj5j3hcub649rp2hpd0ic3ivn Query : select top 1 convert(date,fdata) valor from ft where ndoc = 39 and anulado= 0 and fno>0 order by fdata desc
20250115@180705.8063 ugj5j3hcub649rp2hpd0ic3ivn Query : use flama_phc
20250115@180705.8068 ugj5j3hcub649rp2hpd0ic3ivn Query : select top 1 1 valor from td where td.ndoc = 39
20250115@180705.8566 ugj5j3hcub649rp2hpd0ic3ivn Query : use flama_phc
20250115@180705.8570 ugj5j3hcub649rp2hpd0ic3ivn Query : select lower(descricao) descricao ,case when valor='s' then 1 else 0 end valor from para1 where descricao in ('st_lote','st_usalogifunc', 'st_grelha')
20250115@180705.8640 ugj5j3hcub649rp2hpd0ic3ivn Query : select top 1 manternumero ,assinadoc issigned ,tiposaft ,assinaimp ,nmdos ,td.assinadoc ,'cl' origin ,lancasl stocks ,case when cmsl<50 and td.lancasl=1 then 1 else 0 end entrada ,case when cmsl>50 and td.lancasl=1 then 1 else 0 end saida ,temserie assets ,~semgre usegridfields from td inner join td2 on td.tdstamp=td2.td2stamp where td.ndoc = 1
20250115@180705.8792 ugj5j3hcub649rp2hpd0ic3ivn Query : use flama_phc
20250115@180705.8796 ugj5j3hcub649rp2hpd0ic3ivn Query : select top 1 ~inactivo valor from cl where no = '101393' and estab = 0 order by inactivo desc
20250115@180705.8928 ugj5j3hcub649rp2hpd0ic3ivn Query : use flama_phc
20250115@180705.8931 ugj5j3hcub649rp2hpd0ic3ivn Query : select top 1 tipodoc,regrd from td where ndoc = 39
20250115@180705.9030 ugj5j3hcub649rp2hpd0ic3ivn Query : use flama_phc
20250115@180705.9033 ugj5j3hcub649rp2hpd0ic3ivn Query : select szadrsstamp valor from szadrs where szadrsdesc='espaÇotrans,lda'
20250115@180705.9080 ugj5j3hcub649rp2hpd0ic3ivn Query : use flama_phc
20250115@180705.9083 ugj5j3hcub649rp2hpd0ic3ivn Query : select szadrsstamp valor from szadrs where szadrsdesc='antonio solha & irmÃo, lda.'
20250115@180705.9134 ugj5j3hcub649rp2hpd0ic3ivn Query : use flama_phc
20250115@180705.9137 ugj5j3hcub649rp2hpd0ic3ivn Query : select 1 valor from td where ndoc = 39
20250115@180705.9234 ugj5j3hcub649rp2hpd0ic3ivn Query : select top 1 manternumero, tiposaft, nmdos,td.assinadoc from td where td.ndoc = 39
20250115@180705.9307 ugj5j3hcub649rp2hpd0ic3ivn Query : select 1 valor from information_schema.tables where table_type='base table' and table_name='wstablefields'
20250115@180705.9464 ugj5j3hcub649rp2hpd0ic3ivn Query : select fieldkey,fieldname,fieldtype,mandatory from wstablefields where tablename = 'ft' and documentnumber = 39
20250115@180705.9486 ugj5j3hcub649rp2hpd0ic3ivn Query : select 1 valor from information_schema.tables where table_type='base table' and table_name='wstablefields'
20250115@180705.9503 ugj5j3hcub649rp2hpd0ic3ivn Query : select fieldkey,fieldname,fieldtype,mandatory from wstablefields where tablename = 'ft2' and documentnumber = 39
20250115@180705.9531 ugj5j3hcub649rp2hpd0ic3ivn Query : select 1 valor from information_schema.tables where table_type='base table' and table_name='wstablefields'
20250115@180705.9547 ugj5j3hcub649rp2hpd0ic3ivn Query : select fieldkey,fieldname,fieldtype,mandatory from wstablefields where tablename = 'ft3' and documentnumber = 39
20250115@180705.9566 ugj5j3hcub649rp2hpd0ic3ivn Query : select top 1 ft.fno valor from ft ft where ft.ndoc = 39 and ftano=2025 order by fno desc
20250115@180705.9811 ugj5j3hcub649rp2hpd0ic3ivn Query : select top 1 ft.fno valor from wsftdata ft where ft.ndoc = 39 and ftano=2025 order by fno desc
20250115@180705.9924 ugj5j3hcub649rp2hpd0ic3ivn Query : select 1 valor from information_schema.tables where table_type='base table' and table_name='wstablefields'
20250115@180705.9941 ugj5j3hcub649rp2hpd0ic3ivn Query : select fieldkey,fieldname,fieldtype,calcformula from wstablefields where tablename = 'ft3' and documentnumber = 39
20250115@180705.9960 ugj5j3hcub649rp2hpd0ic3ivn Query : insert into wsft3data (ft3stamp, ousrdata, ousrhora, usrdata,usrhora,ousrinis,usrinis,taxpointdt ) values ('aut6787f349786787f949e9' ,getdate(),convert(char(8),convert (time,getdate())),getdate(),convert(char(8),convert (time,getdate())),'wsv','wsv',?)
20250115@180706.1660 ugj5j3hcub649rp2hpd0ic3ivn Query : select 1 valor from information_schema.tables where table_type='base table' and table_name='wstablefields'
20250115@180706.1850 ugj5j3hcub649rp2hpd0ic3ivn Query : select fieldkey,fieldname,fieldtype,calcformula from wstablefields where tablename = 'ft2' and documentnumber = 39
20250115@180706.2200 ugj5j3hcub649rp2hpd0ic3ivn Query : select top 1 bo.u_nomeenv valor from bo where bo.bostamp=''
20250115@180706.3270 ugj5j3hcub649rp2hpd0ic3ivn Query : select top 1 bo.u_moradaen valor from bo where bo.bostamp=''
20250115@180706.4100 ugj5j3hcub649rp2hpd0ic3ivn Query : select top 1 bo.u_codposen valor from bo where bo.bostamp=''
20250115@180706.4940 ugj5j3hcub649rp2hpd0ic3ivn Query : select top 1 bo.u_localenv valor from bo where bo.bostamp=''
20250115@180706.5720 ugj5j3hcub649rp2hpd0ic3ivn Query : select top 1 bo.trab5 valor from bo where bo.bostamp=''
20250115@180706.6610 ugj5j3hcub649rp2hpd0ic3ivn Query : select top 1 bo.serie valor from bo where bo.bostamp=''
20250115@180706.7600 ugj5j3hcub649rp2hpd0ic3ivn Query : insert into wsft2data (ft2stamp, ousrdata,ousrhora, usrdata,usrhora,ousrinis,usrinis,u_nomeenv ,u_moradaen ,u_codposen ,u_localenv ,u_coddest ,u_codby ) values ('aut6787f349786787f949e9',getdate(),convert(char(8),convert (time,getdate())),getdate(),convert(char(8),convert (time,getdate())),'wsv','wsv',?,?,?,?,?,?)
20250115@180706.1026 ugj5j3hcub649rp2hpd0ic3ivn Query : select top 1 fno valor from wsftdata order by fno desc
20250115@180706.1122 ugj5j3hcub649rp2hpd0ic3ivn Query : select 1 valor from information_schema.tables where table_type='base table' and table_name='wstablefields'
20250115@180706.1138 ugj5j3hcub649rp2hpd0ic3ivn Query : select fieldkey,fieldname,fieldtype,calcformula from wstablefields where tablename = 'ft' and documentnumber = 39
20250115@180706.1161 ugj5j3hcub649rp2hpd0ic3ivn Query : select 'normal' from dummy
20250115@180706.1196 ugj5j3hcub649rp2hpd0ic3ivn Query : insert into wsftdata (ftstamp, ousrdata,ousrhora, usrdata,usrhora,ousrinis,usrinis,fno,no,estab,fdata,ndoc,moeda,cambio,cambiofixo,ftano,site ,classe ) values ('aut6787f349786787f949e9',getdate(),convert(char(8),convert (time,getdate())),getdate(),convert(char(8),convert (time,getdate())),'wsv','wsv',3014,101393,0,'2025-01-15',39,'euro',0,0,2025 ,?,?)
20250115@180706.1561 ugj5j3hcub649rp2hpd0ic3ivn Query : use flama_phc
20250115@180706.1564 ugj5j3hcub649rp2hpd0ic3ivn Query : select st.usalote valor from st where st.ref = '324.938.00.01'
20250115@180706.1597 ugj5j3hcub649rp2hpd0ic3ivn Query : select top 1 st.tabiva ,st.ivaincl ,st.stns ,st.uni2 ,st.familia ,isnull(tx.taxa, 0) txiva ,unidade ,usalote ,epcpond ,noserie ,conversao ,st.texteis from st left join taxasiva tx on st.tabiva = tx.codigo where st.ref = '324.938.00.01'
20250115@180706.2234 ugj5j3hcub649rp2hpd0ic3ivn Query : select 1 valor from information_schema.tables where table_type='base table' and table_name='wstablefields'
20250115@180706.2252 ugj5j3hcub649rp2hpd0ic3ivn Query : select fieldkey,fieldname,fieldtype,mandatory from wstablefields where tablename = 'fi' and documentnumber = 39
20250115@180706.2278 ugj5j3hcub649rp2hpd0ic3ivn Query : select 1 valor from information_schema.tables where table_type='base table' and table_name='wstablefields'
20250115@180706.2294 ugj5j3hcub649rp2hpd0ic3ivn Query : select fieldkey,fieldname,fieldtype,mandatory from wstablefields where tablename = 'fi2' and documentnumber = 39
20250115@180706.2303 ugj5j3hcub649rp2hpd0ic3ivn Query : select top 1 convert(numeric(6,2),t.taxa) valor from taxasiva t where t.codigo='2'
20250115@180706.2317 ugj5j3hcub649rp2hpd0ic3ivn Query : select sestamp valor from se where ref ='324.938.00.01' and lote = 'r2400003200a'
20250115@180706.2343 ugj5j3hcub649rp2hpd0ic3ivn Query : select 1 valor from information_schema.tables where table_type='base table' and table_name='wstablefields'
20250115@180706.2359 ugj5j3hcub649rp2hpd0ic3ivn Query : select fieldkey,fieldname,fieldtype,calcformula from wstablefields where tablename = 'fi2' and documentnumber = 39
20250115@180706.2371 ugj5j3hcub649rp2hpd0ic3ivn Query : insert into wsfi2data (fi2stamp,ftstamp ,ousrdata, ousrhora, usrdata,usrhora,ousrinis,usrinis) values ('aut6787f290716787f94a39','aut6787f349786787f949e9' ,getdate(),convert(char(8),convert (time,getdate())),getdate(),convert(char(8),convert (time,getdate())),'wsv','wsv')
20250115@180706.2375 ugj5j3hcub649rp2hpd0ic3ivn Query : select 1 valor from information_schema.tables where table_type='base table' and table_name='wstablefields'
20250115@180706.2390 ugj5j3hcub649rp2hpd0ic3ivn Query : select fieldkey,fieldname,fieldtype,calcformula from wstablefields where tablename = 'fi' and documentnumber = 39
20250115@180706.2419 ugj5j3hcub649rp2hpd0ic3ivn Query : insert into wsfidata (fistamp,ousrdata, ousrhora, usrdata,usrhora,ousrinis,usrinis ,qtt ,ftstamp ,epv,pvmoeda ,tabiva,iva,lordem ,ref, design ,lote,armazem,bistamp ) values ('aut6787f290716787f94a39',getdate(),convert(char(8),convert (time,getdate())),getdate(),convert(char(8),convert (time,getdate())),'wsv','wsv',4.000 ,'aut6787f349786787f949e9' ,0,0 ,2,23.00,10000,?,?,?,?,?)
20250115@180706.2688 ugj5j3hcub649rp2hpd0ic3ivn Query : use flama_phc
20250115@180706.2692 ugj5j3hcub649rp2hpd0ic3ivn Query : select st.usalote valor from st where st.ref = '324.711.00.01'
20250115@180706.2714 ugj5j3hcub649rp2hpd0ic3ivn Query : select top 1 st.tabiva ,st.ivaincl ,st.stns ,st.uni2 ,st.familia ,isnull(tx.taxa, 0) txiva ,unidade ,usalote ,epcpond ,noserie ,conversao ,st.texteis from st left join taxasiva tx on st.tabiva = tx.codigo where st.ref = '324.711.00.01'
20250115@180706.2867 ugj5j3hcub649rp2hpd0ic3ivn Query : select 1 valor from information_schema.tables where table_type='base table' and table_name='wstablefields'
20250115@180706.2885 ugj5j3hcub649rp2hpd0ic3ivn Query : select fieldkey,fieldname,fieldtype,mandatory from wstablefields where tablename = 'fi' and documentnumber = 39
20250115@180706.2928 ugj5j3hcub649rp2hpd0ic3ivn Query : select 1 valor from information_schema.tables where table_type='base table' and table_name='wstablefields'
20250115@180706.2943 ugj5j3hcub649rp2hpd0ic3ivn Query : select fieldkey,fieldname,fieldtype,mandatory from wstablefields where tablename = 'fi2' and documentnumber = 39
20250115@180706.2952 ugj5j3hcub649rp2hpd0ic3ivn Query : select top 1 convert(numeric(6,2),t.taxa) valor from taxasiva t where t.codigo='2'
20250115@180706.2963 ugj5j3hcub649rp2hpd0ic3ivn Query : select sestamp valor from se where ref ='324.711.00.01' and lote = 'r2401063200a'
20250115@180706.2984 ugj5j3hcub649rp2hpd0ic3ivn Query : select 1 valor from information_schema.tables where table_type='base table' and table_name='wstablefields'
20250115@180706.3001 ugj5j3hcub649rp2hpd0ic3ivn Query : select fieldkey,fieldname,fieldtype,calcformula from wstablefields where tablename = 'fi2' and documentnumber = 39
20250115@180706.3013 ugj5j3hcub649rp2hpd0ic3ivn Query : insert into wsfi2data (fi2stamp,ftstamp ,ousrdata, ousrhora, usrdata,usrhora,ousrinis,usrinis) values ('aut6787f961926787f94a48','aut6787f349786787f949e9' ,getdate(),convert(char(8),convert (time,getdate())),getdate(),convert(char(8),convert (time,getdate())),'wsv','wsv')
20250115@180706.3018 ugj5j3hcub649rp2hpd0ic3ivn Query : select 1 valor from information_schema.tables where table_type='base table' and table_name='wstablefields'
20250115@180706.3034 ugj5j3hcub649rp2hpd0ic3ivn Query : select fieldkey,fieldname,fieldtype,calcformula from wstablefields where tablename = 'fi' and documentnumber = 39
20250115@180706.3068 ugj5j3hcub649rp2hpd0ic3ivn Query : insert into wsfidata (fistamp,ousrdata, ousrhora, usrdata,usrhora,ousrinis,usrinis ,qtt ,ftstamp ,epv,pvmoeda ,tabiva,iva,lordem ,ref, design ,lote,armazem,bistamp ) values ('aut6787f961926787f94a48',getdate(),convert(char(8),convert (time,getdate())),getdate(),convert(char(8),convert (time,getdate())),'wsv','wsv',8.000 ,'aut6787f349786787f949e9' ,0,0 ,2,23.00,20000,?,?,?,?,?)
20250115@180706.3354 ugj5j3hcub649rp2hpd0ic3ivn Query : select 1 valor from information_schema.tables where table_type='base table' and table_name='wstablefields'
20250115@180706.3373 ugj5j3hcub649rp2hpd0ic3ivn Query : select fieldkey,fieldname,fieldtype,mandatory from wstablefields where tablename = 'fi' and documentnumber = 39
20250115@180706.3402 ugj5j3hcub649rp2hpd0ic3ivn Query : select 1 valor from information_schema.tables where table_type='base table' and table_name='wstablefields'
20250115@180706.3417 ugj5j3hcub649rp2hpd0ic3ivn Query : select fieldkey,fieldname,fieldtype,mandatory from wstablefields where tablename = 'fi2' and documentnumber = 39
20250115@180706.3426 ugj5j3hcub649rp2hpd0ic3ivn Query : select top 1 convert(numeric(6,2),t.taxa) valor from taxasiva t where t.codigo='2'
20250115@180706.3446 ugj5j3hcub649rp2hpd0ic3ivn Query : select 1 valor from information_schema.tables where table_type='base table' and table_name='wstablefields'
20250115@180706.3461 ugj5j3hcub649rp2hpd0ic3ivn Query : select fieldkey,fieldname,fieldtype,calcformula from wstablefields where tablename = 'fi2' and documentnumber = 39
20250115@180706.3474 ugj5j3hcub649rp2hpd0ic3ivn Query : insert into wsfi2data (fi2stamp,ftstamp ,ousrdata, ousrhora, usrdata,usrhora,ousrinis,usrinis) values ('aut6787f317716787f94a54','aut6787f349786787f949e9' ,getdate(),convert(char(8),convert (time,getdate())),getdate(),convert(char(8),convert (time,getdate())),'wsv','wsv')
20250115@180706.3478 ugj5j3hcub649rp2hpd0ic3ivn Query : select 1 valor from information_schema.tables where table_type='base table' and table_name='wstablefields'
20250115@180706.3492 ugj5j3hcub649rp2hpd0ic3ivn Query : select fieldkey,fieldname,fieldtype,calcformula from wstablefields where tablename = 'fi' and documentnumber = 39
20250115@180706.3522 ugj5j3hcub649rp2hpd0ic3ivn Query : insert into wsfidata (fistamp,ousrdata, ousrhora, usrdata,usrhora,ousrinis,usrinis ,qtt ,ftstamp ,epv,pvmoeda ,tabiva,iva,lordem ,ref, design ,armazem) values ('aut6787f317716787f94a54',getdate(),convert(char(8),convert (time,getdate())),getdate(),convert(char(8),convert (time,getdate())),'wsv','wsv',0 ,'aut6787f349786787f949e9' ,0,0 ,2,23.00,30000,?,?,?)
20250115@180706.3794 ugj5j3hcub649rp2hpd0ic3ivn Query : use flama_phc
20250115@180706.3798 ugj5j3hcub649rp2hpd0ic3ivn Query : select st.usalote valor from st where st.ref = '324.734.00.02'
20250115@180706.3820 ugj5j3hcub649rp2hpd0ic3ivn Query : select top 1 st.tabiva ,st.ivaincl ,st.stns ,st.uni2 ,st.familia ,isnull(tx.taxa, 0) txiva ,unidade ,usalote ,epcpond ,noserie ,conversao ,st.texteis from st left join taxasiva tx on st.tabiva = tx.codigo where st.ref = '324.734.00.02'
20250115@180706.5334 ugj5j3hcub649rp2hpd0ic3ivn Query : select 1 valor from information_schema.tables where table_type='base table' and table_name='wstablefields'
20250115@180706.5397 ugj5j3hcub649rp2hpd0ic3ivn Query : select fieldkey,fieldname,fieldtype,mandatory from wstablefields where tablename = 'fi' and documentnumber = 39
20250115@180706.5424 ugj5j3hcub649rp2hpd0ic3ivn Query : select 1 valor from information_schema.tables where table_type='base table' and table_name='wstablefields'
20250115@180706.5439 ugj5j3hcub649rp2hpd0ic3ivn Query : select fieldkey,fieldname,fieldtype,mandatory from wstablefields where tablename = 'fi2' and documentnumber = 39
20250115@180706.5447 ugj5j3hcub649rp2hpd0ic3ivn Query : select top 1 convert(numeric(6,2),t.taxa) valor from taxasiva t where t.codigo='2'
20250115@180706.5459 ugj5j3hcub649rp2hpd0ic3ivn Query : select sestamp valor from se where ref ='324.734.00.02' and lote = 'r2400471100a'
20250115@180706.5480 ugj5j3hcub649rp2hpd0ic3ivn Query : select 1 valor from information_schema.tables where table_type='base table' and table_name='wstablefields'
20250115@180706.5496 ugj5j3hcub649rp2hpd0ic3ivn Query : select fieldkey,fieldname,fieldtype,calcformula from wstablefields where tablename = 'fi2' and documentnumber = 39
20250115@180706.5507 ugj5j3hcub649rp2hpd0ic3ivn Query : insert into wsfi2data (fi2stamp,ftstamp ,ousrdata, ousrhora, usrdata,usrhora,ousrinis,usrinis) values ('aut6787f524546787f94a85','aut6787f349786787f949e9' ,getdate(),convert(char(8),convert (time,getdate())),getdate(),convert(char(8),convert (time,getdate())),'wsv','wsv')
20250115@180706.5512 ugj5j3hcub649rp2hpd0ic3ivn Query : select 1 valor from information_schema.tables where table_type='base table' and table_name='wstablefields'
20250115@180706.5601 ugj5j3hcub649rp2hpd0ic3ivn Query : select fieldkey,fieldname,fieldtype,calcformula from wstablefields where tablename = 'fi' and documentnumber = 39
20250115@180706.5634 ugj5j3hcub649rp2hpd0ic3ivn Query : insert into wsfidata (fistamp,ousrdata, ousrhora, usrdata,usrhora,ousrinis,usrinis ,qtt ,ftstamp ,epv,pvmoeda ,tabiva,iva,lordem ,ref, design ,lote,armazem,bistamp ) values ('aut6787f524546787f94a85',getdate(),convert(char(8),convert (time,getdate())),getdate(),convert(char(8),convert (time,getdate())),'wsv','wsv',4.000 ,'aut6787f349786787f949e9' ,0,0 ,2,23.00,50000,?,?,?,?,?)
20250115@180706.5999 ugj5j3hcub649rp2hpd0ic3ivn Query : use flama_phc
20250115@180706.6023 ugj5j3hcub649rp2hpd0ic3ivn Query : select st.usalote valor from st where st.ref = '324.1824.00.1'
20250115@180706.6104 ugj5j3hcub649rp2hpd0ic3ivn Query : select top 1 st.tabiva ,st.ivaincl ,st.stns ,st.uni2 ,st.familia ,isnull(tx.taxa, 0) txiva ,unidade ,usalote ,epcpond ,noserie ,conversao ,st.texteis from st left join taxasiva tx on st.tabiva = tx.codigo where st.ref = '324.1824.00.1'
20250115@180706.6167 ugj5j3hcub649rp2hpd0ic3ivn Query : select 1 valor from information_schema.tables where table_type='base table' and table_name='wstablefields'
20250115@180706.6237 ugj5j3hcub649rp2hpd0ic3ivn Query : select fieldkey,fieldname,fieldtype,mandatory from wstablefields where tablename = 'fi' and documentnumber = 39
20250115@180706.6336 ugj5j3hcub649rp2hpd0ic3ivn Query : select 1 valor from information_schema.tables where table_type='base table' and table_name='wstablefields'
20250115@180706.6445 ugj5j3hcub649rp2hpd0ic3ivn Query : select fieldkey,fieldname,fieldtype,mandatory from wstablefields where tablename = 'fi2' and documentnumber = 39
20250115@180706.6545 ugj5j3hcub649rp2hpd0ic3ivn Query : select top 1 convert(numeric(6,2),t.taxa) valor from taxasiva t where t.codigo='2'
20250115@180706.6575 ugj5j3hcub649rp2hpd0ic3ivn Query : select sestamp valor from se where ref ='324.1824.00.1' and lote = 'r2400217200a'
20250115@180706.6625 ugj5j3hcub649rp2hpd0ic3ivn Query : select 1 valor from information_schema.tables where table_type='base table' and table_name='wstablefields'
20250115@180706.6711 ugj5j3hcub649rp2hpd0ic3ivn Query : select fieldkey,fieldname,fieldtype,calcformula from wstablefields where tablename = 'fi2' and documentnumber = 39
20250115@180706.6724 ugj5j3hcub649rp2hpd0ic3ivn Query : insert into wsfi2data (fi2stamp,ftstamp ,ousrdata, ousrhora, usrdata,usrhora,ousrinis,usrinis) values ('aut6787f038386787f94aa1','aut6787f349786787f949e9' ,getdate(),convert(char(8),convert (time,getdate())),getdate(),convert(char(8),convert (time,getdate())),'wsv','wsv')
20250115@180706.6729 ugj5j3hcub649rp2hpd0ic3ivn Query : select 1 valor from information_schema.tables where table_type='base table' and table_name='wstablefields'
20250115@180706.6752 ugj5j3hcub649rp2hpd0ic3ivn Query : select fieldkey,fieldname,fieldtype,calcformula from wstablefields where tablename = 'fi' and documentnumber = 39
20250115@180706.6786 ugj5j3hcub649rp2hpd0ic3ivn Query : insert into wsfidata (fistamp,ousrdata, ousrhora, usrdata,usrhora,ousrinis,usrinis ,qtt ,ftstamp ,epv,pvmoeda ,tabiva,iva,lordem ,ref, design ,lote,armazem,bistamp ) values ('aut6787f038386787f94aa1',getdate(),convert(char(8),convert (time,getdate())),getdate(),convert(char(8),convert (time,getdate())),'wsv','wsv',4.000 ,'aut6787f349786787f949e9' ,0,0 ,2,23.00,60000,?,?,?,?,?)
20250115@180706.7062 ugj5j3hcub649rp2hpd0ic3ivn Query : select 1 valor from information_schema.tables where table_type='base table' and table_name='wstablefields'
20250115@180706.7080 ugj5j3hcub649rp2hpd0ic3ivn Query : select fieldkey,fieldname,fieldtype,mandatory from wstablefields where tablename = 'fi' and documentnumber = 39
20250115@180706.7107 ugj5j3hcub649rp2hpd0ic3ivn Query : select 1 valor from information_schema.tables where table_type='base table' and table_name='wstablefields'
20250115@180706.7121 ugj5j3hcub649rp2hpd0ic3ivn Query : select fieldkey,fieldname,fieldtype,mandatory from wstablefields where tablename = 'fi2' and documentnumber = 39
20250115@180706.7130 ugj5j3hcub649rp2hpd0ic3ivn Query : select top 1 convert(numeric(6,2),t.taxa) valor from taxasiva t where t.codigo='2'
20250115@180706.7142 ugj5j3hcub649rp2hpd0ic3ivn Query : select 1 valor from information_schema.tables where table_type='base table' and table_name='wstablefields'
20250115@180706.7390 ugj5j3hcub649rp2hpd0ic3ivn Query : select fieldkey,fieldname,fieldtype,calcformula from wstablefields where tablename = 'fi2' and documentnumber = 39
20250115@180706.7404 ugj5j3hcub649rp2hpd0ic3ivn Query : insert into wsfi2data (fi2stamp,ftstamp ,ousrdata, ousrhora, usrdata,usrhora,ousrinis,usrinis) values ('aut6787f049156787f94aae','aut6787f349786787f949e9' ,getdate(),convert(char(8),convert (time,getdate())),getdate(),convert(char(8),convert (time,getdate())),'wsv','wsv')
20250115@180706.7409 ugj5j3hcub649rp2hpd0ic3ivn Query : select 1 valor from information_schema.tables where table_type='base table' and table_name='wstablefields'
20250115@180706.7426 ugj5j3hcub649rp2hpd0ic3ivn Query : select fieldkey,fieldname,fieldtype,calcformula from wstablefields where tablename = 'fi' and documentnumber = 39
20250115@180706.7463 ugj5j3hcub649rp2hpd0ic3ivn Query : insert into wsfidata (fistamp,ousrdata, ousrhora, usrdata,usrhora,ousrinis,usrinis ,qtt ,ftstamp ,epv,pvmoeda ,tabiva,iva,lordem ,ref, design ,armazem) values ('aut6787f049156787f94aae',getdate(),convert(char(8),convert (time,getdate())),getdate(),convert(char(8),convert (time,getdate())),'wsv','wsv',0 ,'aut6787f349786787f949e9' ,0,0 ,2,23.00,70000,?,?,?)
20250115@180706.7731 ugj5j3hcub649rp2hpd0ic3ivn Query : use flama_phc
20250115@180706.7735 ugj5j3hcub649rp2hpd0ic3ivn Query : select st.usalote valor from st where st.ref = '324.1824.00.1'
20250115@180706.7754 ugj5j3hcub649rp2hpd0ic3ivn Query : select top 1 st.tabiva ,st.ivaincl ,st.stns ,st.uni2 ,st.familia ,isnull(tx.taxa, 0) txiva ,unidade ,usalote ,epcpond ,noserie ,conversao ,st.texteis from st left join taxasiva tx on st.tabiva = tx.codigo where st.ref = '324.1824.00.1'
20250115@180706.7771 ugj5j3hcub649rp2hpd0ic3ivn Query : select 1 valor from information_schema.tables where table_type='base table' and table_name='wstablefields'
20250115@180706.7798 ugj5j3hcub649rp2hpd0ic3ivn Query : select fieldkey,fieldname,fieldtype,mandatory from wstablefields where tablename = 'fi' and documentnumber = 39
20250115@180706.7833 ugj5j3hcub649rp2hpd0ic3ivn Query : select 1 valor from information_schema.tables where table_type='base table' and table_name='wstablefields'
20250115@180706.7849 ugj5j3hcub649rp2hpd0ic3ivn Query : select fieldkey,fieldname,fieldtype,mandatory from wstablefields where tablename = 'fi2' and documentnumber = 39
20250115@180706.7860 ugj5j3hcub649rp2hpd0ic3ivn Query : select top 1 convert(numeric(6,2),t.taxa) valor from taxasiva t where t.codigo='2'
20250115@180706.7874 ugj5j3hcub649rp2hpd0ic3ivn Query : select sestamp valor from se where ref ='324.1824.00.1' and lote = 'r2400217200a'
20250115@180706.7886 ugj5j3hcub649rp2hpd0ic3ivn Query : select 1 valor from information_schema.tables where table_type='base table' and table_name='wstablefields'
20250115@180706.7904 ugj5j3hcub649rp2hpd0ic3ivn Query : select fieldkey,fieldname,fieldtype,calcformula from wstablefields where tablename = 'fi2' and documentnumber = 39
20250115@180706.7916 ugj5j3hcub649rp2hpd0ic3ivn Query : insert into wsfi2data (fi2stamp,ftstamp ,ousrdata, ousrhora, usrdata,usrhora,ousrinis,usrinis) values ('aut6787f306566787f94ac0','aut6787f349786787f949e9' ,getdate(),convert(char(8),convert (time,getdate())),getdate(),convert(char(8),convert (time,getdate())),'wsv','wsv')
20250115@180706.7921 ugj5j3hcub649rp2hpd0ic3ivn Query : select 1 valor from information_schema.tables where table_type='base table' and table_name='wstablefields'
20250115@180706.7937 ugj5j3hcub649rp2hpd0ic3ivn Query : select fieldkey,fieldname,fieldtype,calcformula from wstablefields where tablename = 'fi' and documentnumber = 39
20250115@180706.7973 ugj5j3hcub649rp2hpd0ic3ivn Query : insert into wsfidata (fistamp,ousrdata, ousrhora, usrdata,usrhora,ousrinis,usrinis ,qtt ,ftstamp ,epv,pvmoeda ,tabiva,iva,lordem ,ref, design ,lote,armazem,bistamp ) values ('aut6787f306566787f94ac0',getdate(),convert(char(8),convert (time,getdate())),getdate(),convert(char(8),convert (time,getdate())),'wsv','wsv',1.000 ,'aut6787f349786787f949e9' ,0,0 ,2,23.00,90000,?,?,?,?,?)
20250115@180706.8260 ugj5j3hcub649rp2hpd0ic3ivn Query : select 1 valor from information_schema.tables where table_type='base table' and table_name='wstablefields'
20250115@180706.8277 ugj5j3hcub649rp2hpd0ic3ivn Query : select fieldkey,fieldname,fieldtype,mandatory from wstablefields where tablename = 'fi' and documentnumber = 39
20250115@180706.8303 ugj5j3hcub649rp2hpd0ic3ivn Query : select 1 valor from information_schema.tables where table_type='base table' and table_name='wstablefields'
20250115@180706.8325 ugj5j3hcub649rp2hpd0ic3ivn Query : select fieldkey,fieldname,fieldtype,mandatory from wstablefields where tablename = 'fi2' and documentnumber = 39
20250115@180706.8333 ugj5j3hcub649rp2hpd0ic3ivn Query : select top 1 convert(numeric(6,2),t.taxa) valor from taxasiva t where t.codigo='2'
20250115@180706.8345 ugj5j3hcub649rp2hpd0ic3ivn Query : select 1 valor from information_schema.tables where table_type='base table' and table_name='wstablefields'
20250115@180706.8360 ugj5j3hcub649rp2hpd0ic3ivn Query : select fieldkey,fieldname,fieldtype,calcformula from wstablefields where tablename = 'fi2' and documentnumber = 39
20250115@180706.8372 ugj5j3hcub649rp2hpd0ic3ivn Query : insert into wsfi2data (fi2stamp,ftstamp ,ousrdata, ousrhora, usrdata,usrhora,ousrinis,usrinis) values ('aut6787f559256787f94acb','aut6787f349786787f949e9' ,getdate(),convert(char(8),convert (time,getdate())),getdate(),convert(char(8),convert (time,getdate())),'wsv','wsv')
20250115@180706.8377 ugj5j3hcub649rp2hpd0ic3ivn Query : select 1 valor from information_schema.tables where table_type='base table' and table_name='wstablefields'
20250115@180706.8393 ugj5j3hcub649rp2hpd0ic3ivn Query : select fieldkey,fieldname,fieldtype,calcformula from wstablefields where tablename = 'fi' and documentnumber = 39
20250115@180706.8425 ugj5j3hcub649rp2hpd0ic3ivn Query : insert into wsfidata (fistamp,ousrdata, ousrhora, usrdata,usrhora,ousrinis,usrinis ,qtt ,ftstamp ,epv,pvmoeda ,tabiva,iva,lordem ,ref, design ,armazem) values ('aut6787f559256787f94acb',getdate(),convert(char(8),convert (time,getdate())),getdate(),convert(char(8),convert (time,getdate())),'wsv','wsv',0 ,'aut6787f349786787f949e9' ,0,0 ,2,23.00,100000,?,?,?)
20250115@180706.8711 ugj5j3hcub649rp2hpd0ic3ivn Query : use flama_phc
20250115@180706.8714 ugj5j3hcub649rp2hpd0ic3ivn Query : select st.usalote valor from st where st.ref = '324.1879.00.1'
20250115@180706.8735 ugj5j3hcub649rp2hpd0ic3ivn Query : select top 1 st.tabiva ,st.ivaincl ,st.stns ,st.uni2 ,st.familia ,isnull(tx.taxa, 0) txiva ,unidade ,usalote ,epcpond ,noserie ,conversao ,st.texteis from st left join taxasiva tx on st.tabiva = tx.codigo where st.ref = '324.1879.00.1'
20250115@180706.8901 ugj5j3hcub649rp2hpd0ic3ivn Query : select 1 valor from information_schema.tables where table_type='base table' and table_name='wstablefields'
20250115@180706.8918 ugj5j3hcub649rp2hpd0ic3ivn Query : select fieldkey,fieldname,fieldtype,mandatory from wstablefields where tablename = 'fi' and documentnumber = 39
20250115@180706.8942 ugj5j3hcub649rp2hpd0ic3ivn Query : select 1 valor from information_schema.tables where table_type='base table' and table_name='wstablefields'
20250115@180706.8965 ugj5j3hcub649rp2hpd0ic3ivn Query : select fieldkey,fieldname,fieldtype,mandatory from wstablefields where tablename = 'fi2' and documentnumber = 39
20250115@180706.8974 ugj5j3hcub649rp2hpd0ic3ivn Query : select top 1 convert(numeric(6,2),t.taxa) valor from taxasiva t where t.codigo='2'
20250115@180706.8986 ugj5j3hcub649rp2hpd0ic3ivn Query : select sestamp valor from se where ref ='324.1879.00.1' and lote = 'r2400283200a'
20250115@180706.8999 ugj5j3hcub649rp2hpd0ic3ivn Query : select 1 valor from information_schema.tables where table_type='base table' and table_name='wstablefields'
20250115@180706.9013 ugj5j3hcub649rp2hpd0ic3ivn Query : select fieldkey,fieldname,fieldtype,calcformula from wstablefields where tablename = 'fi2' and documentnumber = 39
20250115@180706.9025 ugj5j3hcub649rp2hpd0ic3ivn Query : insert into wsfi2data (fi2stamp,ftstamp ,ousrdata, ousrhora, usrdata,usrhora,ousrinis,usrinis) values ('aut6787f801076787f94adb','aut6787f349786787f949e9' ,getdate(),convert(char(8),convert (time,getdate())),getdate(),convert(char(8),convert (time,getdate())),'wsv','wsv')
20250115@180706.9029 ugj5j3hcub649rp2hpd0ic3ivn Query : select 1 valor from information_schema.tables where table_type='base table' and table_name='wstablefields'
20250115@180706.9043 ugj5j3hcub649rp2hpd0ic3ivn Query : select fieldkey,fieldname,fieldtype,calcformula from wstablefields where tablename = 'fi' and documentnumber = 39
20250115@180706.9073 ugj5j3hcub649rp2hpd0ic3ivn Query : insert into wsfidata (fistamp,ousrdata, ousrhora, usrdata,usrhora,ousrinis,usrinis ,qtt ,ftstamp ,epv,pvmoeda ,tabiva,iva,lordem ,ref, design ,lote,armazem,bistamp ) values ('aut6787f801076787f94adb',getdate(),convert(char(8),convert (time,getdate())),getdate(),convert(char(8),convert (time,getdate())),'wsv','wsv',4.000 ,'aut6787f349786787f949e9' ,0,0 ,2,23.00,120000,?,?,?,?,?)
20250115@180706.9348 ugj5j3hcub649rp2hpd0ic3ivn Query : select 1 valor from information_schema.tables where table_type='base table' and table_name='wstablefields'
20250115@180706.9371 ugj5j3hcub649rp2hpd0ic3ivn Query : select fieldkey,fieldname,fieldtype,mandatory from wstablefields where tablename = 'fi' and documentnumber = 39
20250115@180706.9397 ugj5j3hcub649rp2hpd0ic3ivn Query : select 1 valor from information_schema.tables where table_type='base table' and table_name='wstablefields'
20250115@180706.9411 ugj5j3hcub649rp2hpd0ic3ivn Query : select fieldkey,fieldname,fieldtype,mandatory from wstablefields where tablename = 'fi2' and documentnumber = 39
20250115@180706.9420 ugj5j3hcub649rp2hpd0ic3ivn Query : select top 1 convert(numeric(6,2),t.taxa) valor from taxasiva t where t.codigo='2'
20250115@180706.9431 ugj5j3hcub649rp2hpd0ic3ivn Query : select 1 valor from information_schema.tables where table_type='base table' and table_name='wstablefields'
20250115@180706.9447 ugj5j3hcub649rp2hpd0ic3ivn Query : select fieldkey,fieldname,fieldtype,calcformula from wstablefields where tablename = 'fi2' and documentnumber = 39
20250115@180706.9500 ugj5j3hcub649rp2hpd0ic3ivn Query : insert into wsfi2data (fi2stamp,ftstamp ,ousrdata, ousrhora, usrdata,usrhora,ousrinis,usrinis) values ('aut6787f189336787f94ae6','aut6787f349786787f949e9' ,getdate(),convert(char(8),convert (time,getdate())),getdate(),convert(char(8),convert (time,getdate())),'wsv','wsv')
20250115@180706.9545 ugj5j3hcub649rp2hpd0ic3ivn Query : select 1 valor from information_schema.tables where table_type='base table' and table_name='wstablefields'
20250115@180706.9621 ugj5j3hcub649rp2hpd0ic3ivn Query : select fieldkey,fieldname,fieldtype,calcformula from wstablefields where tablename = 'fi' and documentnumber = 39
20250115@180706.9658 ugj5j3hcub649rp2hpd0ic3ivn Query : insert into wsfidata (fistamp,ousrdata, ousrhora, usrdata,usrhora,ousrinis,usrinis ,qtt ,ftstamp ,epv,pvmoeda ,tabiva,iva,lordem ,ref, design ,armazem) values ('aut6787f189336787f94ae6',getdate(),convert(char(8),convert (time,getdate())),getdate(),convert(char(8),convert (time,getdate())),'wsv','wsv',0 ,'aut6787f349786787f949e9' ,0,0 ,2,23.00,130000,?,?,?)
20250115@180707.1240 ugj5j3hcub649rp2hpd0ic3ivn Query : use flama_phc
20250115@180707.1280 ugj5j3hcub649rp2hpd0ic3ivn Query : select st.usalote valor from st where st.ref = '324.1879.00.1'
20250115@180707.1600 ugj5j3hcub649rp2hpd0ic3ivn Query : select top 1 st.tabiva ,st.ivaincl ,st.stns ,st.uni2 ,st.familia ,isnull(tx.taxa, 0) txiva ,unidade ,usalote ,epcpond ,noserie ,conversao ,st.texteis from st left join taxasiva tx on st.tabiva = tx.codigo where st.ref = '324.1879.00.1'
20250115@180707.1770 ugj5j3hcub649rp2hpd0ic3ivn Query : select 1 valor from information_schema.tables where table_type='base table' and table_name='wstablefields'
20250115@180707.1960 ugj5j3hcub649rp2hpd0ic3ivn Query : select fieldkey,fieldname,fieldtype,mandatory from wstablefields where tablename = 'fi' and documentnumber = 39
20250115@180707.2270 ugj5j3hcub649rp2hpd0ic3ivn Query : select 1 valor from information_schema.tables where table_type='base table' and table_name='wstablefields'
20250115@180707.2500 ugj5j3hcub649rp2hpd0ic3ivn Query : select fieldkey,fieldname,fieldtype,mandatory from wstablefields where tablename = 'fi2' and documentnumber = 39
20250115@180707.2610 ugj5j3hcub649rp2hpd0ic3ivn Query : select top 1 convert(numeric(6,2),t.taxa) valor from taxasiva t where t.codigo='2'
20250115@180707.2770 ugj5j3hcub649rp2hpd0ic3ivn Query : select sestamp valor from se where ref ='324.1879.00.1' and lote = 'r2400283200a'
20250115@180707.3230 ugj5j3hcub649rp2hpd0ic3ivn Query : select 1 valor from information_schema.tables where table_type='base table' and table_name='wstablefields'
20250115@180707.3420 ugj5j3hcub649rp2hpd0ic3ivn Query : select fieldkey,fieldname,fieldtype,calcformula from wstablefields where tablename = 'fi2' and documentnumber = 39
20250115@180707.3570 ugj5j3hcub649rp2hpd0ic3ivn Query : insert into wsfi2data (fi2stamp,ftstamp ,ousrdata, ousrhora, usrdata,usrhora,ousrinis,usrinis) values ('aut6787f800836787f94b07','aut6787f349786787f949e9' ,getdate(),convert(char(8),convert (time,getdate())),getdate(),convert(char(8),convert (time,getdate())),'wsv','wsv')
20250115@180707.3630 ugj5j3hcub649rp2hpd0ic3ivn Query : select 1 valor from information_schema.tables where table_type='base table' and table_name='wstablefields'
20250115@180707.8480 ugj5j3hcub649rp2hpd0ic3ivn Query : select fieldkey,fieldname,fieldtype,calcformula from wstablefields where tablename = 'fi' and documentnumber = 39
20250115@180707.2224 ugj5j3hcub649rp2hpd0ic3ivn Query : insert into wsfidata (fistamp,ousrdata, ousrhora, usrdata,usrhora,ousrinis,usrinis ,qtt ,ftstamp ,epv,pvmoeda ,tabiva,iva,lordem ,ref, design ,lote,armazem,bistamp ) values ('aut6787f800836787f94b07',getdate(),convert(char(8),convert (time,getdate())),getdate(),convert(char(8),convert (time,getdate())),'wsv','wsv',1.000 ,'aut6787f349786787f949e9' ,0,0 ,2,23.00,150000,?,?,?,?,?)
20250115@180707.2635 ugj5j3hcub649rp2hpd0ic3ivn Query : select 1 valor from information_schema.tables where table_type='base table' and table_name='wstablefields'
20250115@180707.2652 ugj5j3hcub649rp2hpd0ic3ivn Query : select fieldkey,fieldname,fieldtype,mandatory from wstablefields where tablename = 'fi' and documentnumber = 39
20250115@180707.2677 ugj5j3hcub649rp2hpd0ic3ivn Query : select 1 valor from information_schema.tables where table_type='base table' and table_name='wstablefields'
20250115@180707.2692 ugj5j3hcub649rp2hpd0ic3ivn Query : select fieldkey,fieldname,fieldtype,mandatory from wstablefields where tablename = 'fi2' and documentnumber = 39
20250115@180707.2700 ugj5j3hcub649rp2hpd0ic3ivn Query : select top 1 convert(numeric(6,2),t.taxa) valor from taxasiva t where t.codigo='2'
20250115@180707.2712 ugj5j3hcub649rp2hpd0ic3ivn Query : select 1 valor from information_schema.tables where table_type='base table' and table_name='wstablefields'
20250115@180707.2726 ugj5j3hcub649rp2hpd0ic3ivn Query : select fieldkey,fieldname,fieldtype,calcformula from wstablefields where tablename = 'fi2' and documentnumber = 39
20250115@180707.2738 ugj5j3hcub649rp2hpd0ic3ivn Query : insert into wsfi2data (fi2stamp,ftstamp ,ousrdata, ousrhora, usrdata,usrhora,ousrinis,usrinis) values ('aut6787f734676787f94b42','aut6787f349786787f949e9' ,getdate(),convert(char(8),convert (time,getdate())),getdate(),convert(char(8),convert (time,getdate())),'wsv','wsv')
20250115@180707.2743 ugj5j3hcub649rp2hpd0ic3ivn Query : select 1 valor from information_schema.tables where table_type='base table' and table_name='wstablefields'
20250115@180707.2757 ugj5j3hcub649rp2hpd0ic3ivn Query : select fieldkey,fieldname,fieldtype,calcformula from wstablefields where tablename = 'fi' and documentnumber = 39
20250115@180707.2785 ugj5j3hcub649rp2hpd0ic3ivn Query : insert into wsfidata (fistamp,ousrdata, ousrhora, usrdata,usrhora,ousrinis,usrinis ,qtt ,ftstamp ,epv,pvmoeda ,tabiva,iva,lordem ,ref, design ,armazem) values ('aut6787f734676787f94b42',getdate(),convert(char(8),convert (time,getdate())),getdate(),convert(char(8),convert (time,getdate())),'wsv','wsv',0 ,'aut6787f349786787f949e9' ,0,0 ,2,23.00,160000,?,?,?)
20250115@180707.3287 ugj5j3hcub649rp2hpd0ic3ivn Query : use flama_phc
20250115@180707.3329 ugj5j3hcub649rp2hpd0ic3ivn Query : select st.usalote valor from st where st.ref = '324.5396.00.1'
20250115@180707.3415 ugj5j3hcub649rp2hpd0ic3ivn Query : select top 1 st.tabiva ,st.ivaincl ,st.stns ,st.uni2 ,st.familia ,isnull(tx.taxa, 0) txiva ,unidade ,usalote ,epcpond ,noserie ,conversao ,st.texteis from st left join taxasiva tx on st.tabiva = tx.codigo where st.ref = '324.5396.00.1'
20250115@180707.3629 ugj5j3hcub649rp2hpd0ic3ivn Query : select 1 valor from information_schema.tables where table_type='base table' and table_name='wstablefields'
20250115@180707.3778 ugj5j3hcub649rp2hpd0ic3ivn Query : select fieldkey,fieldname,fieldtype,mandatory from wstablefields where tablename = 'fi' and documentnumber = 39
20250115@180707.3893 ugj5j3hcub649rp2hpd0ic3ivn Query : select 1 valor from information_schema.tables where table_type='base table' and table_name='wstablefields'
20250115@180707.4038 ugj5j3hcub649rp2hpd0ic3ivn Query : select fieldkey,fieldname,fieldtype,mandatory from wstablefields where tablename = 'fi2' and documentnumber = 39
20250115@180707.4206 ugj5j3hcub649rp2hpd0ic3ivn Query : select top 1 convert(numeric(6,2),t.taxa) valor from taxasiva t where t.codigo='2'
20250115@180707.4221 ugj5j3hcub649rp2hpd0ic3ivn Query : select sestamp valor from se where ref ='324.5396.00.1' and lote = 'r2401041300a'
20250115@180707.4236 ugj5j3hcub649rp2hpd0ic3ivn Query : select 1 valor from information_schema.tables where table_type='base table' and table_name='wstablefields'
20250115@180707.4252 ugj5j3hcub649rp2hpd0ic3ivn Query : select fieldkey,fieldname,fieldtype,calcformula from wstablefields where tablename = 'fi2' and documentnumber = 39
20250115@180707.4264 ugj5j3hcub649rp2hpd0ic3ivn Query : insert into wsfi2data (fi2stamp,ftstamp ,ousrdata, ousrhora, usrdata,usrhora,ousrinis,usrinis) values ('aut6787f654246787f94b67','aut6787f349786787f949e9' ,getdate(),convert(char(8),convert (time,getdate())),getdate(),convert(char(8),convert (time,getdate())),'wsv','wsv')
20250115@180707.4268 ugj5j3hcub649rp2hpd0ic3ivn Query : select 1 valor from information_schema.tables where table_type='base table' and table_name='wstablefields'
20250115@180707.4283 ugj5j3hcub649rp2hpd0ic3ivn Query : select fieldkey,fieldname,fieldtype,calcformula from wstablefields where tablename = 'fi' and documentnumber = 39
20250115@180707.4315 ugj5j3hcub649rp2hpd0ic3ivn Query : insert into wsfidata (fistamp,ousrdata, ousrhora, usrdata,usrhora,ousrinis,usrinis ,qtt ,ftstamp ,epv,pvmoeda ,tabiva,iva,lordem ,ref, design ,lote,armazem,bistamp ) values ('aut6787f654246787f94b67',getdate(),convert(char(8),convert (time,getdate())),getdate(),convert(char(8),convert (time,getdate())),'wsv','wsv',6.000 ,'aut6787f349786787f949e9' ,0,0 ,2,23.00,180000,?,?,?,?,?)
20250115@180707.4604 ugj5j3hcub649rp2hpd0ic3ivn Query : select 1 valor from information_schema.tables where table_type='base table' and table_name='wstablefields'
20250115@180707.4622 ugj5j3hcub649rp2hpd0ic3ivn Query : select fieldkey,fieldname,fieldtype,mandatory from wstablefields where tablename = 'fi' and documentnumber = 39
20250115@180707.4648 ugj5j3hcub649rp2hpd0ic3ivn Query : select 1 valor from information_schema.tables where table_type='base table' and table_name='wstablefields'
20250115@180707.4663 ugj5j3hcub649rp2hpd0ic3ivn Query : select fieldkey,fieldname,fieldtype,mandatory from wstablefields where tablename = 'fi2' and documentnumber = 39
20250115@180707.4671 ugj5j3hcub649rp2hpd0ic3ivn Query : select top 1 convert(numeric(6,2),t.taxa) valor from taxasiva t where t.codigo='2'
20250115@180707.4684 ugj5j3hcub649rp2hpd0ic3ivn Query : select 1 valor from information_schema.tables where table_type='base table' and table_name='wstablefields'
20250115@180707.4698 ugj5j3hcub649rp2hpd0ic3ivn Query : select fieldkey,fieldname,fieldtype,calcformula from wstablefields where tablename = 'fi2' and documentnumber = 39
20250115@180707.4709 ugj5j3hcub649rp2hpd0ic3ivn Query : insert into wsfi2data (fi2stamp,ftstamp ,ousrdata, ousrhora, usrdata,usrhora,ousrinis,usrinis) values ('aut6787f841636787f94b72','aut6787f349786787f949e9' ,getdate(),convert(char(8),convert (time,getdate())),getdate(),convert(char(8),convert (time,getdate())),'wsv','wsv')
20250115@180707.4713 ugj5j3hcub649rp2hpd0ic3ivn Query : select 1 valor from information_schema.tables where table_type='base table' and table_name='wstablefields'
20250115@180707.4728 ugj5j3hcub649rp2hpd0ic3ivn Query : select fieldkey,fieldname,fieldtype,calcformula from wstablefields where tablename = 'fi' and documentnumber = 39
20250115@180707.4764 ugj5j3hcub649rp2hpd0ic3ivn Query : insert into wsfidata (fistamp,ousrdata, ousrhora, usrdata,usrhora,ousrinis,usrinis ,qtt ,ftstamp ,epv,pvmoeda ,tabiva,iva,lordem ,ref, design ,armazem) values ('aut6787f841636787f94b72',getdate(),convert(char(8),convert (time,getdate())),getdate(),convert(char(8),convert (time,getdate())),'wsv','wsv',0 ,'aut6787f349786787f949e9' ,0,0 ,2,23.00,190000,?,?,?)
20250115@180707.5017 ugj5j3hcub649rp2hpd0ic3ivn Query : use flama_phc
20250115@180707.5020 ugj5j3hcub649rp2hpd0ic3ivn Query : select st.usalote valor from st where st.ref = '324.5365.00.1'
20250115@180707.5047 ugj5j3hcub649rp2hpd0ic3ivn Query : select top 1 st.tabiva ,st.ivaincl ,st.stns ,st.uni2 ,st.familia ,isnull(tx.taxa, 0) txiva ,unidade ,usalote ,epcpond ,noserie ,conversao ,st.texteis from st left join taxasiva tx on st.tabiva = tx.codigo where st.ref = '324.5365.00.1'
20250115@180707.5432 ugj5j3hcub649rp2hpd0ic3ivn Query : select 1 valor from information_schema.tables where table_type='base table' and table_name='wstablefields'
20250115@180707.5453 ugj5j3hcub649rp2hpd0ic3ivn Query : select fieldkey,fieldname,fieldtype,mandatory from wstablefields where tablename = 'fi' and documentnumber = 39
20250115@180707.5494 ugj5j3hcub649rp2hpd0ic3ivn Query : select 1 valor from information_schema.tables where table_type='base table' and table_name='wstablefields'
20250115@180707.5511 ugj5j3hcub649rp2hpd0ic3ivn Query : select fieldkey,fieldname,fieldtype,mandatory from wstablefields where tablename = 'fi2' and documentnumber = 39
20250115@180707.5522 ugj5j3hcub649rp2hpd0ic3ivn Query : select top 1 convert(numeric(6,2),t.taxa) valor from taxasiva t where t.codigo='2'
20250115@180707.5537 ugj5j3hcub649rp2hpd0ic3ivn Query : select sestamp valor from se where ref ='324.5365.00.1' and lote = 'r2300840100a'
20250115@180707.5566 ugj5j3hcub649rp2hpd0ic3ivn Query : select 1 valor from information_schema.tables where table_type='base table' and table_name='wstablefields'
20250115@180707.5585 ugj5j3hcub649rp2hpd0ic3ivn Query : select fieldkey,fieldname,fieldtype,calcformula from wstablefields where tablename = 'fi2' and documentnumber = 39
20250115@180707.5602 ugj5j3hcub649rp2hpd0ic3ivn Query : insert into wsfi2data (fi2stamp,ftstamp ,ousrdata, ousrhora, usrdata,usrhora,ousrinis,usrinis) values ('aut6787f815156787f94b87','aut6787f349786787f949e9' ,getdate(),convert(char(8),convert (time,getdate())),getdate(),convert(char(8),convert (time,getdate())),'wsv','wsv')
20250115@180707.5608 ugj5j3hcub649rp2hpd0ic3ivn Query : select 1 valor from information_schema.tables where table_type='base table' and table_name='wstablefields'
20250115@180707.5625 ugj5j3hcub649rp2hpd0ic3ivn Query : select fieldkey,fieldname,fieldtype,calcformula from wstablefields where tablename = 'fi' and documentnumber = 39
20250115@180707.5666 ugj5j3hcub649rp2hpd0ic3ivn Query : insert into wsfidata (fistamp,ousrdata, ousrhora, usrdata,usrhora,ousrinis,usrinis ,qtt ,ftstamp ,epv,pvmoeda ,tabiva,iva,lordem ,ref, design ,lote,armazem,bistamp ) values ('aut6787f815156787f94b87',getdate(),convert(char(8),convert (time,getdate())),getdate(),convert(char(8),convert (time,getdate())),'wsv','wsv',6.000 ,'aut6787f349786787f949e9' ,0,0 ,2,23.00,210000,?,?,?,?,?)
20250115@180707.5951 ugj5j3hcub649rp2hpd0ic3ivn Query : select 1 valor from information_schema.tables where table_type='base table' and table_name='wstablefields'
20250115@180707.5968 ugj5j3hcub649rp2hpd0ic3ivn Query : select fieldkey,fieldname,fieldtype,mandatory from wstablefields where tablename = 'fi' and documentnumber = 39
20250115@180707.5995 ugj5j3hcub649rp2hpd0ic3ivn Query : select 1 valor from information_schema.tables where table_type='base table' and table_name='wstablefields'
20250115@180707.6021 ugj5j3hcub649rp2hpd0ic3ivn Query : select fieldkey,fieldname,fieldtype,mandatory from wstablefields where tablename = 'fi2' and documentnumber = 39
20250115@180707.6030 ugj5j3hcub649rp2hpd0ic3ivn Query : select top 1 convert(numeric(6,2),t.taxa) valor from taxasiva t where t.codigo='2'
20250115@180707.6042 ugj5j3hcub649rp2hpd0ic3ivn Query : select 1 valor from information_schema.tables where table_type='base table' and table_name='wstablefields'
20250115@180707.6058 ugj5j3hcub649rp2hpd0ic3ivn Query : select fieldkey,fieldname,fieldtype,calcformula from wstablefields where tablename = 'fi2' and documentnumber = 39
20250115@180707.6070 ugj5j3hcub649rp2hpd0ic3ivn Query : insert into wsfi2data (fi2stamp,ftstamp ,ousrdata, ousrhora, usrdata,usrhora,ousrinis,usrinis) values ('aut6787f205406787f94b93','aut6787f349786787f949e9' ,getdate(),convert(char(8),convert (time,getdate())),getdate(),convert(char(8),convert (time,getdate())),'wsv','wsv')
20250115@180707.6074 ugj5j3hcub649rp2hpd0ic3ivn Query : select 1 valor from information_schema.tables where table_type='base table' and table_name='wstablefields'
20250115@180707.6090 ugj5j3hcub649rp2hpd0ic3ivn Query : select fieldkey,fieldname,fieldtype,calcformula from wstablefields where tablename = 'fi' and documentnumber = 39
20250115@180707.6120 ugj5j3hcub649rp2hpd0ic3ivn Query : insert into wsfidata (fistamp,ousrdata, ousrhora, usrdata,usrhora,ousrinis,usrinis ,qtt ,ftstamp ,epv,pvmoeda ,tabiva,iva,lordem ,ref, design ,armazem) values ('aut6787f205406787f94b93',getdate(),convert(char(8),convert (time,getdate())),getdate(),convert(char(8),convert (time,getdate())),'wsv','wsv',0 ,'aut6787f349786787f949e9' ,0,0 ,2,23.00,220000,?,?,?)
20250115@180707.6395 ugj5j3hcub649rp2hpd0ic3ivn Query : insert into wsftcreationlog (initialftstamp,externalid,creationstatus,documenttypeid,idustamp) values ('aut6787f349786787f949e9','2500404','wait',39,'adm09112754980.682000002')
20250115@180707.6479 ugj5j3hcub649rp2hpd0ic3ivn Query : use flama_phc
20250115@180707.6482 ugj5j3hcub649rp2hpd0ic3ivn Query : update u_wsusers set rqsttoken =? where userid ='userls001'
20250115@180707.6514 ugj5j3hcub649rp2hpd0ic3ivn Query : select concat(rtrim(relative_path),ltrim(name_new)) as valor from uploadfiles where uploadfile_id='4639';
20250115@180707.6558 ugj5j3hcub649rp2hpd0ic3ivn Query : update uploadfiles set whenupdated=current_timestamp where uploadfile_id='4639';
20250115@180707.6623 ugj5j3hcub649rp2hpd0ic3ivn Query : select concat(rtrim(relative_path),ltrim(name_new)) as valor from uploadfiles where uploadfile_id='4639';
20250115@180707.6658 ugj5j3hcub649rp2hpd0ic3ivn Query : update uploadfiles set whenupdated=current_timestamp where uploadfile_id='4639';
20250115@180707.7196 u3ekg4hhe6pcr2mf0o52pfsvte Query : insert into uploadfiles ( name_original, name_new, option_type, relative_path, whencreated ) values ( ?, ?, ?, ?, getdate() )
20250115@180707.7207 u3ekg4hhe6pcr2mf0o52pfsvte Query : select uploadfile_id valor from uploadfiles where name_new = ? and option_type = ? 
20250115@180707.7277 u3ekg4hhe6pcr2mf0o52pfsvte Query : select concat(rtrim(relative_path),ltrim(name_new)) as valor from uploadfiles where uploadfile_id='4640';
20250115@180707.7341 u3ekg4hhe6pcr2mf0o52pfsvte Query : update uploadfiles set whenupdated=current_timestamp where uploadfile_id='4640';
20250115@180707.7407 u3ekg4hhe6pcr2mf0o52pfsvte Query : select concat(rtrim(relative_path),ltrim(name_new)) as valor from uploadfiles where uploadfile_id='4640';
20250115@180707.7447 u3ekg4hhe6pcr2mf0o52pfsvte Query : update uploadfiles set whenupdated=current_timestamp where uploadfile_id='4640';
20250115@180707.9585 r3i25lpcu0iutrlr6tt4t5sjoh Query : insert into uploadfiles ( name_original, name_new, option_type, relative_path, whencreated ) values ( ?, ?, ?, ?, getdate() )
20250115@180707.9597 r3i25lpcu0iutrlr6tt4t5sjoh Query : select uploadfile_id valor from uploadfiles where name_new = ? and option_type = ? 
20250115@180707.9869 r3i25lpcu0iutrlr6tt4t5sjoh Query : select concat(rtrim(relative_path),ltrim(name_new)) as valor from uploadfiles where uploadfile_id='4641';
20250115@180707.9956 r3i25lpcu0iutrlr6tt4t5sjoh Query : update uploadfiles set whenupdated=current_timestamp where uploadfile_id='4641';
20250115@180708.2500 r3i25lpcu0iutrlr6tt4t5sjoh Query : select concat(rtrim(relative_path),ltrim(name_new)) as valor from uploadfiles where uploadfile_id='4641';
20250115@180708.5700 r3i25lpcu0iutrlr6tt4t5sjoh Query : update uploadfiles set whenupdated=current_timestamp where uploadfile_id='4641';
20250115@180708.1230 r3i25lpcu0iutrlr6tt4t5sjoh Query : use flama_phc
20250115@180708.1270 r3i25lpcu0iutrlr6tt4t5sjoh Query : select top 1 secretkey valor from u_wsusers u where u.userid = ? and u.inactivo=0
20250115@180708.4540 r3i25lpcu0iutrlr6tt4t5sjoh Query : select no, estab,szadrsdesc from szadrs where u_coddest=23
20250115@180708.5640 r3i25lpcu0iutrlr6tt4t5sjoh Query : select top 1 isnull(design,'') valor from st (nolock) where st.ref = '324.958.00.01'
20250115@180708.6940 r3i25lpcu0iutrlr6tt4t5sjoh Query : select top 1 bistamp valor from bi inner join bo on bo.bostamp=bi.bostamp where bo.ndos =054 and bo.boano =2025 and bo.obrano = 0000003 and bi.ref ='324.958.00.01' and bi.lordem =10000
20250115@180708.1157 r3i25lpcu0iutrlr6tt4t5sjoh Query : select bi.edebito ,bi.desconto ,bi.desc2 ,bi.desc3 ,bi.desc4 ,bi.obranome ,bi.bostamp ,bo.moeda ,bi.vumoeda ,isnull(bi.vumoeda/nullif(bi.edebito,0),1) cambio ,bi.tabiva from bi inner join bo on bi.bostamp = bo.bostamp where bi.bistamp = 'pll25011439304,311000001 ' 
20250115@180708.1482 r3i25lpcu0iutrlr6tt4t5sjoh Query : select top 1 isnull(design,'') valor from st (nolock) where st.ref = '324.1407.00.1'
20250115@180708.1631 r3i25lpcu0iutrlr6tt4t5sjoh Query : select top 1 bistamp valor from bi inner join bo on bo.bostamp=bi.bostamp where bo.ndos =054 and bo.boano =2025 and bo.obrano = 0000003 and bi.ref ='324.1407.00.1' and bi.lordem =20000
20250115@180708.1968 r3i25lpcu0iutrlr6tt4t5sjoh Query : select bi.edebito ,bi.desconto ,bi.desc2 ,bi.desc3 ,bi.desc4 ,bi.obranome ,bi.bostamp ,bo.moeda ,bi.vumoeda ,isnull(bi.vumoeda/nullif(bi.edebito,0),1) cambio ,bi.tabiva from bi inner join bo on bi.bostamp = bo.bostamp where bi.bistamp = 'pll25011439391,131000002 ' 
20250115@180708.2527 r3i25lpcu0iutrlr6tt4t5sjoh Query : select top 1 isnull(design,'') valor from st (nolock) where st.ref = '324.5361.00.1'
20250115@180708.2813 r3i25lpcu0iutrlr6tt4t5sjoh Query : select top 1 bistamp valor from bi inner join bo on bo.bostamp=bi.bostamp where bo.ndos =054 and bo.boano =2025 and bo.obrano = 0000003 and bi.ref ='324.5361.00.1' and bi.lordem =30000
20250115@180708.3164 r3i25lpcu0iutrlr6tt4t5sjoh Query : select bi.edebito ,bi.desconto ,bi.desc2 ,bi.desc3 ,bi.desc4 ,bi.obranome ,bi.bostamp ,bo.moeda ,bi.vumoeda ,isnull(bi.vumoeda/nullif(bi.edebito,0),1) cambio ,bi.tabiva from bi inner join bo on bi.bostamp = bo.bostamp where bi.bistamp = 'pll25011439407,826000003 ' 
20250115@180708.3730 r3i25lpcu0iutrlr6tt4t5sjoh Query : select top 1 isnull(design,'') valor from st (nolock) where st.ref = '324.1416.00.1'
20250115@180708.3867 r3i25lpcu0iutrlr6tt4t5sjoh Query : select top 1 bistamp valor from bi inner join bo on bo.bostamp=bi.bostamp where bo.ndos =054 and bo.boano =2025 and bo.obrano = 0000003 and bi.ref ='324.1416.00.1' and bi.lordem =40000
20250115@180708.4197 r3i25lpcu0iutrlr6tt4t5sjoh Query : select bi.edebito ,bi.desconto ,bi.desc2 ,bi.desc3 ,bi.desc4 ,bi.obranome ,bi.bostamp ,bo.moeda ,bi.vumoeda ,isnull(bi.vumoeda/nullif(bi.edebito,0),1) cambio ,bi.tabiva from bi inner join bo on bi.bostamp = bo.bostamp where bi.bistamp = 'pll25011439420,266000004 ' 
20250115@180708.4541 r3i25lpcu0iutrlr6tt4t5sjoh Query : select top 1 isnull(design,'') valor from st (nolock) where st.ref = '324.1706.00.1'
20250115@180708.4675 r3i25lpcu0iutrlr6tt4t5sjoh Query : select top 1 bistamp valor from bi inner join bo on bo.bostamp=bi.bostamp where bo.ndos =054 and bo.boano =2025 and bo.obrano = 0000003 and bi.ref ='324.1706.00.1' and bi.lordem =50000
20250115@180708.5005 r3i25lpcu0iutrlr6tt4t5sjoh Query : select bi.edebito ,bi.desconto ,bi.desc2 ,bi.desc3 ,bi.desc4 ,bi.obranome ,bi.bostamp ,bo.moeda ,bi.vumoeda ,isnull(bi.vumoeda/nullif(bi.edebito,0),1) cambio ,bi.tabiva from bi inner join bo on bi.bostamp = bo.bostamp where bi.bistamp = 'pll25011439440,996000005 ' 
20250115@180708.5294 r3i25lpcu0iutrlr6tt4t5sjoh Query : select top 1 isnull(design,'') valor from st (nolock) where st.ref = '324.675.00.01'
20250115@180708.5409 r3i25lpcu0iutrlr6tt4t5sjoh Query : select top 1 bistamp valor from bi inner join bo on bo.bostamp=bi.bostamp where bo.ndos =054 and bo.boano =2025 and bo.obrano = 0000003 and bi.ref ='324.675.00.01' and bi.lordem =60000
20250115@180708.5757 r3i25lpcu0iutrlr6tt4t5sjoh Query : select bi.edebito ,bi.desconto ,bi.desc2 ,bi.desc3 ,bi.desc4 ,bi.obranome ,bi.bostamp ,bo.moeda ,bi.vumoeda ,isnull(bi.vumoeda/nullif(bi.edebito,0),1) cambio ,bi.tabiva from bi inner join bo on bi.bostamp = bo.bostamp where bi.bistamp = 'pll25011439471,006000006 ' 
20250115@180708.6180 r3i25lpcu0iutrlr6tt4t5sjoh Query : select top 1 isnull(design,'') valor from st (nolock) where st.ref = '324.686.00.01'
20250115@180708.6300 r3i25lpcu0iutrlr6tt4t5sjoh Query : select top 1 bistamp valor from bi inner join bo on bo.bostamp=bi.bostamp where bo.ndos =054 and bo.boano =2025 and bo.obrano = 0000003 and bi.ref ='324.686.00.01' and bi.lordem =70000
20250115@180708.6658 r3i25lpcu0iutrlr6tt4t5sjoh Query : select bi.edebito ,bi.desconto ,bi.desc2 ,bi.desc3 ,bi.desc4 ,bi.obranome ,bi.bostamp ,bo.moeda ,bi.vumoeda ,isnull(bi.vumoeda/nullif(bi.edebito,0),1) cambio ,bi.tabiva from bi inner join bo on bi.bostamp = bo.bostamp where bi.bistamp = 'pll25011439479,471000007 ' 
20250115@180708.7016 r3i25lpcu0iutrlr6tt4t5sjoh Query : select top 1 isnull(design,'') valor from st (nolock) where st.ref = '324.679.00.01'
20250115@180708.7150 r3i25lpcu0iutrlr6tt4t5sjoh Query : select top 1 bistamp valor from bi inner join bo on bo.bostamp=bi.bostamp where bo.ndos =054 and bo.boano =2025 and bo.obrano = 0000003 and bi.ref ='324.679.00.01' and bi.lordem =80000
20250115@180708.7476 r3i25lpcu0iutrlr6tt4t5sjoh Query : select bi.edebito ,bi.desconto ,bi.desc2 ,bi.desc3 ,bi.desc4 ,bi.obranome ,bi.bostamp ,bo.moeda ,bi.vumoeda ,isnull(bi.vumoeda/nullif(bi.edebito,0),1) cambio ,bi.tabiva from bi inner join bo on bi.bostamp = bo.bostamp where bi.bistamp = 'pll25011439537,581000008 ' 
20250115@180708.7977 r3i25lpcu0iutrlr6tt4t5sjoh Query : select top 1 isnull(design,'') valor from st (nolock) where st.ref = '324.692.00.01'
20250115@180708.8130 r3i25lpcu0iutrlr6tt4t5sjoh Query : select top 1 bistamp valor from bi inner join bo on bo.bostamp=bi.bostamp where bo.ndos =054 and bo.boano =2025 and bo.obrano = 0000003 and bi.ref ='324.692.00.01' and bi.lordem =90000
20250115@180708.8526 r3i25lpcu0iutrlr6tt4t5sjoh Query : select bi.edebito ,bi.desconto ,bi.desc2 ,bi.desc3 ,bi.desc4 ,bi.obranome ,bi.bostamp ,bo.moeda ,bi.vumoeda ,isnull(bi.vumoeda/nullif(bi.edebito,0),1) cambio ,bi.tabiva from bi inner join bo on bi.bostamp = bo.bostamp where bi.bistamp = 'pll25011439547,471000009 ' 
20250115@180708.9035 r3i25lpcu0iutrlr6tt4t5sjoh Query : select top 1 isnull(design,'') valor from st (nolock) where st.ref = '324.692.00.01'
20250115@180708.9057 r3i25lpcu0iutrlr6tt4t5sjoh Query : select top 1 bistamp valor from bi inner join bo on bo.bostamp=bi.bostamp where bo.ndos =054 and bo.boano =2025 and bo.obrano = 0000003 and bi.ref ='324.692.00.01' and bi.lordem =90000
20250115@180708.9080 r3i25lpcu0iutrlr6tt4t5sjoh Query : select bi.edebito ,bi.desconto ,bi.desc2 ,bi.desc3 ,bi.desc4 ,bi.obranome ,bi.bostamp ,bo.moeda ,bi.vumoeda ,isnull(bi.vumoeda/nullif(bi.edebito,0),1) cambio ,bi.tabiva from bi inner join bo on bi.bostamp = bo.bostamp where bi.bistamp = 'pll25011439547,471000009 ' 
20250115@180708.9104 r3i25lpcu0iutrlr6tt4t5sjoh Query : select top 1 isnull(design,'') valor from st (nolock) where st.ref = '323.367.09.00'
20250115@180708.9496 r3i25lpcu0iutrlr6tt4t5sjoh Query : select top 1 bistamp valor from bi inner join bo on bo.bostamp=bi.bostamp where bo.ndos =054 and bo.boano =2025 and bo.obrano = 0000003 and bi.ref ='323.367.09.00' and bi.lordem =100000
20250115@180709.2960 r3i25lpcu0iutrlr6tt4t5sjoh Query : select bi.edebito ,bi.desconto ,bi.desc2 ,bi.desc3 ,bi.desc4 ,bi.obranome ,bi.bostamp ,bo.moeda ,bi.vumoeda ,isnull(bi.vumoeda/nullif(bi.edebito,0),1) cambio ,bi.tabiva from bi inner join bo on bi.bostamp = bo.bostamp where bi.bistamp = 'pll25011439583,081000010 ' 
20250115@180709.6450 r3i25lpcu0iutrlr6tt4t5sjoh Query : select top 1 isnull(design,'') valor from st (nolock) where st.ref = '323.367.09.00'
20250115@180709.6690 r3i25lpcu0iutrlr6tt4t5sjoh Query : select top 1 bistamp valor from bi inner join bo on bo.bostamp=bi.bostamp where bo.ndos =054 and bo.boano =2025 and bo.obrano = 0000003 and bi.ref ='323.367.09.00' and bi.lordem =100000
20250115@180709.6950 r3i25lpcu0iutrlr6tt4t5sjoh Query : select bi.edebito ,bi.desconto ,bi.desc2 ,bi.desc3 ,bi.desc4 ,bi.obranome ,bi.bostamp ,bo.moeda ,bi.vumoeda ,isnull(bi.vumoeda/nullif(bi.edebito,0),1) cambio ,bi.tabiva from bi inner join bo on bi.bostamp = bo.bostamp where bi.bistamp = 'pll25011439583,081000010 ' 
20250115@180709.7200 r3i25lpcu0iutrlr6tt4t5sjoh Query : select top 1 isnull(design,'') valor from st (nolock) where st.ref = '324.1317.00.1'
20250115@180709.1151 r3i25lpcu0iutrlr6tt4t5sjoh Query : select top 1 bistamp valor from bi inner join bo on bo.bostamp=bi.bostamp where bo.ndos =054 and bo.boano =2025 and bo.obrano = 0000003 and bi.ref ='324.1317.00.1' and bi.lordem =110000
20250115@180709.1586 r3i25lpcu0iutrlr6tt4t5sjoh Query : select bi.edebito ,bi.desconto ,bi.desc2 ,bi.desc3 ,bi.desc4 ,bi.obranome ,bi.bostamp ,bo.moeda ,bi.vumoeda ,isnull(bi.vumoeda/nullif(bi.edebito,0),1) cambio ,bi.tabiva from bi inner join bo on bi.bostamp = bo.bostamp where bi.bistamp = 'pll25011439608,181000011 ' 
20250115@180709.1892 r3i25lpcu0iutrlr6tt4t5sjoh Query : select top 1 isnull(design,'') valor from st (nolock) where st.ref = '324.2366.00.1'
20250115@180709.2027 r3i25lpcu0iutrlr6tt4t5sjoh Query : select top 1 bistamp valor from bi inner join bo on bo.bostamp=bi.bostamp where bo.ndos =054 and bo.boano =2025 and bo.obrano = 0000003 and bi.ref ='324.2366.00.1' and bi.lordem =120000
20250115@180709.2376 r3i25lpcu0iutrlr6tt4t5sjoh Query : select bi.edebito ,bi.desconto ,bi.desc2 ,bi.desc3 ,bi.desc4 ,bi.obranome ,bi.bostamp ,bo.moeda ,bi.vumoeda ,isnull(bi.vumoeda/nullif(bi.edebito,0),1) cambio ,bi.tabiva from bi inner join bo on bi.bostamp = bo.bostamp where bi.bistamp = 'pll25011439650,326000012 ' 
20250115@180709.2940 r3i25lpcu0iutrlr6tt4t5sjoh Query : use flama_phc
20250115@180709.2943 r3i25lpcu0iutrlr6tt4t5sjoh Query : select top 1 1 valor from ts where ts.ndos = 5
20250115@180709.3045 r3i25lpcu0iutrlr6tt4t5sjoh Query : use flama_phc
20250115@180709.3049 r3i25lpcu0iutrlr6tt4t5sjoh Query : select lower(descricao) descricao ,case when valor='s' then 1 else 0 end valor from para1 where descricao in ('st_lote','st_usalogifunc', 'st_grelha')
20250115@180709.3079 r3i25lpcu0iutrlr6tt4t5sjoh Query : select top 1 assinadoc issigned ,ts.stocks ,ts.bdempresas origin ,case when (cmstocks between 1 and 50 or cm2stocks between 1 and 50 ) then 1 else 0 end entrada ,case when cmstocks>50 or (cm2stocks>50 and trfa =1) then 1 else 0 end saida ,stneg validatestock ,tiposaft ,veserie useserialnumber ,foserie assetin ,ftserie assetout ,veserie assets ,trfarm assetstransfer ,grelha usegridfields from ts inner join ts2 on ts.tsstamp=ts2.ts2stamp where ts.ndos =5
20250115@180709.3247 r3i25lpcu0iutrlr6tt4t5sjoh Query : use flama_phc
20250115@180709.3250 r3i25lpcu0iutrlr6tt4t5sjoh Query : select top 1 ~inactivo valor from fl where no = '100999' and estab = 0 order by inactivo desc
20250115@180709.3376 r3i25lpcu0iutrlr6tt4t5sjoh Query : use flama_phc
20250115@180709.3379 r3i25lpcu0iutrlr6tt4t5sjoh Query : select szadrsstamp valor from szadrs where szadrsdesc='espaÇotrans,lda'
20250115@180709.3427 r3i25lpcu0iutrlr6tt4t5sjoh Query : use flama_phc
20250115@180709.3430 r3i25lpcu0iutrlr6tt4t5sjoh Query : select szadrsstamp valor from szadrs where szadrsdesc='flama-fab.louÇas e electrodomesticos,sa'
20250115@180709.3489 r3i25lpcu0iutrlr6tt4t5sjoh Query : use flama_phc
20250115@180709.3492 r3i25lpcu0iutrlr6tt4t5sjoh Query : select 1 valor from ts where ndos = 5
20250115@180709.3571 r3i25lpcu0iutrlr6tt4t5sjoh Query : select 1 valor from information_schema.tables where table_type='base table' and table_name='wstablefields'
20250115@180709.3588 r3i25lpcu0iutrlr6tt4t5sjoh Query : select fieldkey,fieldname,fieldtype,mandatory from wstablefields where tablename = 'bo' and documentnumber = 5
20250115@180709.3603 r3i25lpcu0iutrlr6tt4t5sjoh Query : select 1 valor from information_schema.tables where table_type='base table' and table_name='wstablefields'
20250115@180709.3619 r3i25lpcu0iutrlr6tt4t5sjoh Query : select fieldkey,fieldname,fieldtype,mandatory from wstablefields where tablename = 'bo2' and documentnumber = 5
20250115@180709.3630 r3i25lpcu0iutrlr6tt4t5sjoh Query : select 1 valor from information_schema.tables where table_type='base table' and table_name='wstablefields'
20250115@180709.3649 r3i25lpcu0iutrlr6tt4t5sjoh Query : select fieldkey,fieldname,fieldtype,mandatory from wstablefields where tablename = 'bo3' and documentnumber = 5
20250115@180709.3659 r3i25lpcu0iutrlr6tt4t5sjoh Query : select top 1 ts2.manternumero, ts.tiposaft, ts.idserie,ts.nmdos,ts.bdempresas from ts inner join ts2 on ts.tsstamp=ts2.ts2stamp where ts.ndos = 5
20250115@180709.3787 r3i25lpcu0iutrlr6tt4t5sjoh Query : select top 1 bo.obrano valor from bo bo where bo.ndos = 5 and boano=2025 order by obrano desc
20250115@180709.3949 r3i25lpcu0iutrlr6tt4t5sjoh Query : select top 1 bo.obrano valor from wsbodata bo where bo.ndos = 5 and boano=2025 order by obrano desc
20250115@180709.4148 r3i25lpcu0iutrlr6tt4t5sjoh Query : use flama_phc
20250115@180709.4154 r3i25lpcu0iutrlr6tt4t5sjoh Query : select top 1 no,estab,nome, morada, local,codpost,ncont,pncont,pais,inactivo,motiseimp,codmotiseimp from fl where no='100999' and estab=0
20250115@180709.4249 r3i25lpcu0iutrlr6tt4t5sjoh Query : select 1 valor from information_schema.tables where table_type='base table' and table_name='wstablefields'
20250115@180709.4272 r3i25lpcu0iutrlr6tt4t5sjoh Query : select fieldkey,fieldname,fieldtype,calcformula from wstablefields where tablename = 'bo3' and documentnumber = 5
20250115@180709.4285 r3i25lpcu0iutrlr6tt4t5sjoh Query : insert into wsbo3data (bo3stamp, ousrdata, ousrhora, usrdata,usrhora,ousrinis,usrinis) values ('aut6787f020326787f94d65',getdate(),convert(char(8),convert (time,getdate())),getdate(),convert(char(8),convert (time,getdate())),'aut','aut')
20250115@180709.4437 r3i25lpcu0iutrlr6tt4t5sjoh Query : select 1 valor from information_schema.tables where table_type='base table' and table_name='wstablefields'
20250115@180709.4453 r3i25lpcu0iutrlr6tt4t5sjoh Query : select fieldkey,fieldname,fieldtype,calcformula from wstablefields where tablename = 'bo2' and documentnumber = 5
20250115@180709.4465 r3i25lpcu0iutrlr6tt4t5sjoh Query : insert into wsbo2data (bo2stamp, tiposaft, idserie,cambio,cambiofixo,ousrdata, ousrhora, usrdata,usrhora,ousrinis,usrinis,xpddata,xpdhora,carga,descar) values ('aut6787f020326787f94d65','ga','bo',0 ,0,getdate(),convert(char(8),convert (time,getdate())),getdate(),convert(char(8),convert (time,getdate())),'aut','aut','20250115','18:37',?,?)
20250115@180709.4870 r3i25lpcu0iutrlr6tt4t5sjoh Query : select 1 valor from information_schema.tables where table_type='base table' and table_name='wstablefields'
20250115@180709.4888 r3i25lpcu0iutrlr6tt4t5sjoh Query : select fieldkey,fieldname,fieldtype,calcformula from wstablefields where tablename = 'bo' and documentnumber = 5
20250115@180709.4905 r3i25lpcu0iutrlr6tt4t5sjoh Query : insert into wsbodata (bostamp, nmdos, dataobra, ndos, obrano, no, estab, nome, ncont, morada, local, codpost, moeda, boano, memissao,ousrdata, ousrhora, usrdata,usrhora,ousrinis,usrinis,maquina ) values ('aut6787f020326787f94d65','trf entre armazéns a','2025-01-15',5,18,?,?,?,?,?,?,?,?,2025, (select valor from para1 where descricao = 'ge_euro') ,getdate(),convert(char(8),convert (time,getdate())),getdate(),convert(char(8),convert (time,getdate())),'aut','aut',?)
20250115@180709.5556 r3i25lpcu0iutrlr6tt4t5sjoh Query : use flama_phc
20250115@180709.5560 r3i25lpcu0iutrlr6tt4t5sjoh Query : select st.usalote valor from st where st.ref = '324.958.00.01'
20250115@180709.5578 r3i25lpcu0iutrlr6tt4t5sjoh Query : use flama_phc
20250115@180709.5581 r3i25lpcu0iutrlr6tt4t5sjoh Query : select st.stns valor from st where st.ref = '324.958.00.01'
20250115@180709.5721 r3i25lpcu0iutrlr6tt4t5sjoh Query : use flama_phc
20250115@180709.5724 r3i25lpcu0iutrlr6tt4t5sjoh Query : select isnull(sum(stock) ,0)stock ,isnull(sum(qttrec),0) qttrec ,0 qttcat ,isnull(sum(rescli),0) rescli ,isnull(sum(resfor),0) resfor from sa where sa.ref = '324.958.00.01' and sa.armazem = 133 
20250115@180709.5804 r3i25lpcu0iutrlr6tt4t5sjoh Query : use flama_phc
20250115@180709.5807 r3i25lpcu0iutrlr6tt4t5sjoh Query : select st.stns valor from st where st.ref = '324.958.00.01'
20250115@180709.5833 r3i25lpcu0iutrlr6tt4t5sjoh Query : select top 1 st.tabiva ,st.ivaincl ,st.stns ,st.uni2 ,st.familia ,isnull(tx.taxa, 0) txiva ,unidade ,usalote ,epcpond ,noserie ,conversao ,st.texteis from st left join taxasiva tx on st.tabiva = tx.codigo where st.ref = '324.958.00.01'
20250115@180709.5993 r3i25lpcu0iutrlr6tt4t5sjoh Query : select 1 valor from information_schema.tables where table_type='base table' and table_name='wstablefields'
20250115@180709.6010 r3i25lpcu0iutrlr6tt4t5sjoh Query : select fieldkey,fieldname,fieldtype,mandatory from wstablefields where tablename = 'bi' and documentnumber = 5
20250115@180709.6026 r3i25lpcu0iutrlr6tt4t5sjoh Query : select 1 valor from information_schema.tables where table_type='base table' and table_name='wstablefields'
20250115@180709.6041 r3i25lpcu0iutrlr6tt4t5sjoh Query : select fieldkey,fieldname,fieldtype,mandatory from wstablefields where tablename = 'bi2' and documentnumber = 5
20250115@180709.6055 r3i25lpcu0iutrlr6tt4t5sjoh Query : select sestamp valor from se where ref ='324.958.00.01' and lote = 'r2400704200a'
20250115@180709.6083 r3i25lpcu0iutrlr6tt4t5sjoh Query : select top 1 convert(numeric(6,2),t.taxa) valor from taxasiva t where t.codigo='2'
20250115@180709.6110 r3i25lpcu0iutrlr6tt4t5sjoh Query : select 1 valor from information_schema.tables where table_type='base table' and table_name='wstablefields'
20250115@180709.6128 r3i25lpcu0iutrlr6tt4t5sjoh Query : select fieldkey,fieldname,fieldtype,calcformula from wstablefields where tablename = 'bi2' and documentnumber = 5
20250115@180709.6141 r3i25lpcu0iutrlr6tt4t5sjoh Query : insert into wsbi2data (bi2stamp,bostamp,morada, local,codpost ,ousrdata, ousrhora, usrdata,usrhora,ousrinis,usrinis) select 'aut6787f528056787f94d95','aut6787f020326787f94d65',bo.morada, bo.local,bo.codpost ,getdate(),convert(char(8),convert (time,getdate())),getdate(),convert(char(8),convert (time,getdate())),'aut','aut' from wsbodata bo where bo.bostamp = 'aut6787f020326787f94d65'
20250115@180709.6552 r3i25lpcu0iutrlr6tt4t5sjoh Query : select 1 valor from information_schema.tables where table_type='base table' and table_name='wstablefields'
20250115@180709.6573 r3i25lpcu0iutrlr6tt4t5sjoh Query : select fieldkey,fieldname,fieldtype,calcformula from wstablefields where tablename = 'bi' and documentnumber = 5
20250115@180709.6590 r3i25lpcu0iutrlr6tt4t5sjoh Query : insert into wsbidata (bistamp,ousrdata, ousrhora, usrdata,usrhora,ousrinis,usrinis ,obrano, qtt,uni2qtt ,no, estab,nmdos ,ndos, obranome,fechada, dataobra ,rdata ,dataopen, datafecho,local, morada ,codpost, nome,bostamp,lordem ,edebito,debito, epu,pu ,ivaincl,stns,unidade, unidad2 ,marcada,usalote ,ettdeb,ttdeb,epcusto, pcusto ,ecustoind,custoind ,vendedor,vendnm, ccusto,ncusto ,noserie,tabiva,iva ,ref,design,familia,desconto,desc2,desc3,desc4,eslvu,slvu,esltt,sltt,oobistamp,vumoeda,ttmoeda,slvumoeda,slttmoeda,lote,armazem,ar2mazem,obistamp ,stipo) select 'aut6787f528056787f94d95',getdate(),convert(char(8),convert (time,getdate())),getdate(),convert(char(8),convert (time,getdate())),'aut','aut',bo.obrano, 12.000, 12.000*.0000000 ,bo.no, bo.estab,bo.nmdos ,bo.ndos, bo.obranome,bo.fechada, bo.dataobra ,bo.dataobra ,bo.dataopen,bo.datafecho,bo.local, bo.morada ,bo.codpost, bo.nome,bo.bostamp,10000 ,29.99,29.99*200.48,29.99,29.99*200.48 ,0,0,'un',' ' ,bo.marcada,1 ,29.99*12.000,29.99*12.000*200.48 ,8.220000,8.220000*200.48 ,8.220000,8.220000*200.48 ,bo.vendedor,bo.vendnm,bo.ccusto,bo.ncusto ,0,2,23.00,?,?,?,0,0,0,0,29.99,29.99*200.48,29.99*12.000,29.99*12.000*200.48,'pll25011439304,311000001 ',29.99,29.99*12.000,29.99,29.99*12.000,?,?,?,?,4 from wsbodata bo where bo.bostamp = 'aut6787f020326787f94d65'
20250115@180709.7325 r3i25lpcu0iutrlr6tt4t5sjoh Query : use flama_phc
20250115@180709.7329 r3i25lpcu0iutrlr6tt4t5sjoh Query : select st.usalote valor from st where st.ref = '324.1407.00.1'
20250115@180709.7344 r3i25lpcu0iutrlr6tt4t5sjoh Query : use flama_phc
20250115@180709.7347 r3i25lpcu0iutrlr6tt4t5sjoh Query : select st.stns valor from st where st.ref = '324.1407.00.1'
20250115@180709.7602 r3i25lpcu0iutrlr6tt4t5sjoh Query : use flama_phc
20250115@180709.7668 r3i25lpcu0iutrlr6tt4t5sjoh Query : select isnull(sum(stock) ,0)stock ,isnull(sum(qttrec),0) qttrec ,0 qttcat ,isnull(sum(rescli),0) rescli ,isnull(sum(resfor),0) resfor from sa where sa.ref = '324.1407.00.1' and sa.armazem = 133 
20250115@180709.8559 r3i25lpcu0iutrlr6tt4t5sjoh Query : use flama_phc
20250115@180709.8563 r3i25lpcu0iutrlr6tt4t5sjoh Query : select st.stns valor from st where st.ref = '324.1407.00.1'
20250115@180709.8584 r3i25lpcu0iutrlr6tt4t5sjoh Query : select top 1 st.tabiva ,st.ivaincl ,st.stns ,st.uni2 ,st.familia ,isnull(tx.taxa, 0) txiva ,unidade ,usalote ,epcpond ,noserie ,conversao ,st.texteis from st left join taxasiva tx on st.tabiva = tx.codigo where st.ref = '324.1407.00.1'
20250115@180709.8891 r3i25lpcu0iutrlr6tt4t5sjoh Query : select 1 valor from information_schema.tables where table_type='base table' and table_name='wstablefields'
20250115@180709.8916 r3i25lpcu0iutrlr6tt4t5sjoh Query : select fieldkey,fieldname,fieldtype,mandatory from wstablefields where tablename = 'bi' and documentnumber = 5
20250115@180709.8929 r3i25lpcu0iutrlr6tt4t5sjoh Query : select 1 valor from information_schema.tables where table_type='base table' and table_name='wstablefields'
20250115@180709.8947 r3i25lpcu0iutrlr6tt4t5sjoh Query : select fieldkey,fieldname,fieldtype,mandatory from wstablefields where tablename = 'bi2' and documentnumber = 5
20250115@180709.8956 r3i25lpcu0iutrlr6tt4t5sjoh Query : select sestamp valor from se where ref ='324.1407.00.1' and lote = 'r2100703100a'
20250115@180709.8994 r3i25lpcu0iutrlr6tt4t5sjoh Query : select top 1 convert(numeric(6,2),t.taxa) valor from taxasiva t where t.codigo='2'
20250115@180709.9021 r3i25lpcu0iutrlr6tt4t5sjoh Query : select 1 valor from information_schema.tables where table_type='base table' and table_name='wstablefields'
20250115@180709.9037 r3i25lpcu0iutrlr6tt4t5sjoh Query : select fieldkey,fieldname,fieldtype,calcformula from wstablefields where tablename = 'bi2' and documentnumber = 5
20250115@180709.9049 r3i25lpcu0iutrlr6tt4t5sjoh Query : insert into wsbi2data (bi2stamp,bostamp,morada, local,codpost ,ousrdata, ousrhora, usrdata,usrhora,ousrinis,usrinis) select 'aut6787f973096787f94ddc','aut6787f020326787f94d65',bo.morada, bo.local,bo.codpost ,getdate(),convert(char(8),convert (time,getdate())),getdate(),convert(char(8),convert (time,getdate())),'aut','aut' from wsbodata bo where bo.bostamp = 'aut6787f020326787f94d65'
20250115@180709.9207 r3i25lpcu0iutrlr6tt4t5sjoh Query : select 1 valor from information_schema.tables where table_type='base table' and table_name='wstablefields'
20250115@180709.9224 r3i25lpcu0iutrlr6tt4t5sjoh Query : select fieldkey,fieldname,fieldtype,calcformula from wstablefields where tablename = 'bi' and documentnumber = 5
20250115@180709.9240 r3i25lpcu0iutrlr6tt4t5sjoh Query : insert into wsbidata (bistamp,ousrdata, ousrhora, usrdata,usrhora,ousrinis,usrinis ,obrano, qtt,uni2qtt ,no, estab,nmdos ,ndos, obranome,fechada, dataobra ,rdata ,dataopen, datafecho,local, morada ,codpost, nome,bostamp,lordem ,edebito,debito, epu,pu ,ivaincl,stns,unidade, unidad2 ,marcada,usalote ,ettdeb,ttdeb,epcusto, pcusto ,ecustoind,custoind ,vendedor,vendnm, ccusto,ncusto ,noserie,tabiva,iva ,ref,design,familia,desconto,desc2,desc3,desc4,eslvu,slvu,esltt,sltt,oobistamp,vumoeda,ttmoeda,slvumoeda,slttmoeda,lote,armazem,ar2mazem,obistamp ,stipo) select 'aut6787f973096787f94ddc',getdate(),convert(char(8),convert (time,getdate())),getdate(),convert(char(8),convert (time,getdate())),'aut','aut',bo.obrano, 6.000, 6.000*.0000000 ,bo.no, bo.estab,bo.nmdos ,bo.ndos, bo.obranome,bo.fechada, bo.dataobra ,bo.dataobra ,bo.dataopen,bo.datafecho,bo.local, bo.morada ,bo.codpost, bo.nome,bo.bostamp,20000 ,29.99,29.99*200.48,29.99,29.99*200.48 ,0,0,'un ',' ' ,bo.marcada,1 ,29.99*6.000,29.99*6.000*200.48 ,7.864000,7.864000*200.48 ,7.864000,7.864000*200.48 ,bo.vendedor,bo.vendnm,bo.ccusto,bo.ncusto ,0,2,23.00,?,?,?,0,0,0,0,29.99,29.99*200.48,29.99*6.000,29.99*6.000*200.48,'pll25011439391,131000002 ',29.99,29.99*6.000,29.99,29.99*6.000,?,?,?,?,4 from wsbodata bo where bo.bostamp = 'aut6787f020326787f94d65'
20250115@180709.9554 r3i25lpcu0iutrlr6tt4t5sjoh Query : use flama_phc
20250115@180709.9558 r3i25lpcu0iutrlr6tt4t5sjoh Query : select st.usalote valor from st where st.ref = '324.5361.00.1'
20250115@180709.9575 r3i25lpcu0iutrlr6tt4t5sjoh Query : use flama_phc
20250115@180709.9578 r3i25lpcu0iutrlr6tt4t5sjoh Query : select st.stns valor from st where st.ref = '324.5361.00.1'
20250115@180709.9594 r3i25lpcu0iutrlr6tt4t5sjoh Query : use flama_phc
20250115@180709.9597 r3i25lpcu0iutrlr6tt4t5sjoh Query : select isnull(sum(stock) ,0)stock ,isnull(sum(qttrec),0) qttrec ,0 qttcat ,isnull(sum(rescli),0) rescli ,isnull(sum(resfor),0) resfor from sa where sa.ref = '324.5361.00.1' and sa.armazem = 133 
20250115@180709.9678 r3i25lpcu0iutrlr6tt4t5sjoh Query : use flama_phc
20250115@180709.9681 r3i25lpcu0iutrlr6tt4t5sjoh Query : select st.stns valor from st where st.ref = '324.5361.00.1'
20250115@180709.9700 r3i25lpcu0iutrlr6tt4t5sjoh Query : select top 1 st.tabiva ,st.ivaincl ,st.stns ,st.uni2 ,st.familia ,isnull(tx.taxa, 0) txiva ,unidade ,usalote ,epcpond ,noserie ,conversao ,st.texteis from st left join taxasiva tx on st.tabiva = tx.codigo where st.ref = '324.5361.00.1'
20250115@180709.9879 r3i25lpcu0iutrlr6tt4t5sjoh Query : select 1 valor from information_schema.tables where table_type='base table' and table_name='wstablefields'
20250115@180709.9896 r3i25lpcu0iutrlr6tt4t5sjoh Query : select fieldkey,fieldname,fieldtype,mandatory from wstablefields where tablename = 'bi' and documentnumber = 5
20250115@180709.9909 r3i25lpcu0iutrlr6tt4t5sjoh Query : select 1 valor from information_schema.tables where table_type='base table' and table_name='wstablefields'
20250115@180709.9925 r3i25lpcu0iutrlr6tt4t5sjoh Query : select fieldkey,fieldname,fieldtype,mandatory from wstablefields where tablename = 'bi2' and documentnumber = 5
20250115@180709.9933 r3i25lpcu0iutrlr6tt4t5sjoh Query : select sestamp valor from se where ref ='324.5361.00.1' and lote = 'r2300840200a'
20250115@180709.9947 r3i25lpcu0iutrlr6tt4t5sjoh Query : select top 1 convert(numeric(6,2),t.taxa) valor from taxasiva t where t.codigo='2'
20250115@180709.9961 r3i25lpcu0iutrlr6tt4t5sjoh Query : select 1 valor from information_schema.tables where table_type='base table' and table_name='wstablefields'
20250115@180709.9978 r3i25lpcu0iutrlr6tt4t5sjoh Query : select fieldkey,fieldname,fieldtype,calcformula from wstablefields where tablename = 'bi2' and documentnumber = 5
20250115@180709.9990 r3i25lpcu0iutrlr6tt4t5sjoh Query : insert into wsbi2data (bi2stamp,bostamp,morada, local,codpost ,ousrdata, ousrhora, usrdata,usrhora,ousrinis,usrinis) select 'aut6787f033076787f94df3','aut6787f020326787f94d65',bo.morada, bo.local,bo.codpost ,getdate(),convert(char(8),convert (time,getdate())),getdate(),convert(char(8),convert (time,getdate())),'aut','aut' from wsbodata bo where bo.bostamp = 'aut6787f020326787f94d65'
20250115@180710.1560 r3i25lpcu0iutrlr6tt4t5sjoh Query : select 1 valor from information_schema.tables where table_type='base table' and table_name='wstablefields'
20250115@180710.1740 r3i25lpcu0iutrlr6tt4t5sjoh Query : select fieldkey,fieldname,fieldtype,calcformula from wstablefields where tablename = 'bi' and documentnumber = 5
20250115@180710.1900 r3i25lpcu0iutrlr6tt4t5sjoh Query : insert into wsbidata (bistamp,ousrdata, ousrhora, usrdata,usrhora,ousrinis,usrinis ,obrano, qtt,uni2qtt ,no, estab,nmdos ,ndos, obranome,fechada, dataobra ,rdata ,dataopen, datafecho,local, morada ,codpost, nome,bostamp,lordem ,edebito,debito, epu,pu ,ivaincl,stns,unidade, unidad2 ,marcada,usalote ,ettdeb,ttdeb,epcusto, pcusto ,ecustoind,custoind ,vendedor,vendnm, ccusto,ncusto ,noserie,tabiva,iva ,ref,design,familia,desconto,desc2,desc3,desc4,eslvu,slvu,esltt,sltt,oobistamp,vumoeda,ttmoeda,slvumoeda,slttmoeda,lote,armazem,ar2mazem,obistamp ,stipo) select 'aut6787f033076787f94df3',getdate(),convert(char(8),convert (time,getdate())),getdate(),convert(char(8),convert (time,getdate())),'aut','aut',bo.obrano, 12.000, 12.000*.0000000 ,bo.no, bo.estab,bo.nmdos ,bo.ndos, bo.obranome,bo.fechada, bo.dataobra ,bo.dataobra ,bo.dataopen,bo.datafecho,bo.local, bo.morada ,bo.codpost, bo.nome,bo.bostamp,30000 ,26.99,26.99*200.48,26.99,26.99*200.48 ,0,0,'un ','' ,bo.marcada,1 ,26.99*12.000,26.99*12.000*200.48 ,6.908000,6.908000*200.48 ,6.908000,6.908000*200.48 ,bo.vendedor,bo.vendnm,bo.ccusto,bo.ncusto ,0,2,23.00,?,?,?,0,0,0,0,26.99,26.99*200.48,26.99*12.000,26.99*12.000*200.48,'pll25011439407,826000003 ',26.99,26.99*12.000,26.99,26.99*12.000,?,?,?,?,4 from wsbodata bo where bo.bostamp = 'aut6787f020326787f94d65'
20250115@180710.6510 r3i25lpcu0iutrlr6tt4t5sjoh Query : use flama_phc
20250115@180710.6560 r3i25lpcu0iutrlr6tt4t5sjoh Query : select st.usalote valor from st where st.ref = '324.1416.00.1'
20250115@180710.6720 r3i25lpcu0iutrlr6tt4t5sjoh Query : use flama_phc
20250115@180710.6740 r3i25lpcu0iutrlr6tt4t5sjoh Query : select st.stns valor from st where st.ref = '324.1416.00.1'
20250115@180710.6940 r3i25lpcu0iutrlr6tt4t5sjoh Query : use flama_phc
20250115@180710.6970 r3i25lpcu0iutrlr6tt4t5sjoh Query : select isnull(sum(stock) ,0)stock ,isnull(sum(qttrec),0) qttrec ,0 qttcat ,isnull(sum(rescli),0) rescli ,isnull(sum(resfor),0) resfor from sa where sa.ref = '324.1416.00.1' and sa.armazem = 133 
20250115@180710.9790 r3i25lpcu0iutrlr6tt4t5sjoh Query : use flama_phc
20250115@180710.9830 r3i25lpcu0iutrlr6tt4t5sjoh Query : select st.stns valor from st where st.ref = '324.1416.00.1'
20250115@180710.1003 r3i25lpcu0iutrlr6tt4t5sjoh Query : select top 1 st.tabiva ,st.ivaincl ,st.stns ,st.uni2 ,st.familia ,isnull(tx.taxa, 0) txiva ,unidade ,usalote ,epcpond ,noserie ,conversao ,st.texteis from st left join taxasiva tx on st.tabiva = tx.codigo where st.ref = '324.1416.00.1'
20250115@180710.1159 r3i25lpcu0iutrlr6tt4t5sjoh Query : select 1 valor from information_schema.tables where table_type='base table' and table_name='wstablefields'
20250115@180710.1176 r3i25lpcu0iutrlr6tt4t5sjoh Query : select fieldkey,fieldname,fieldtype,mandatory from wstablefields where tablename = 'bi' and documentnumber = 5
20250115@180710.1188 r3i25lpcu0iutrlr6tt4t5sjoh Query : select 1 valor from information_schema.tables where table_type='base table' and table_name='wstablefields'
20250115@180710.1205 r3i25lpcu0iutrlr6tt4t5sjoh Query : select fieldkey,fieldname,fieldtype,mandatory from wstablefields where tablename = 'bi2' and documentnumber = 5
20250115@180710.1214 r3i25lpcu0iutrlr6tt4t5sjoh Query : select sestamp valor from se where ref ='324.1416.00.1' and lote = 'r2400079200a'
20250115@180710.1254 r3i25lpcu0iutrlr6tt4t5sjoh Query : select top 1 convert(numeric(6,2),t.taxa) valor from taxasiva t where t.codigo='2'
20250115@180710.1267 r3i25lpcu0iutrlr6tt4t5sjoh Query : select 1 valor from information_schema.tables where table_type='base table' and table_name='wstablefields'
20250115@180710.1284 r3i25lpcu0iutrlr6tt4t5sjoh Query : select fieldkey,fieldname,fieldtype,calcformula from wstablefields where tablename = 'bi2' and documentnumber = 5
20250115@180710.1297 r3i25lpcu0iutrlr6tt4t5sjoh Query : insert into wsbi2data (bi2stamp,bostamp,morada, local,codpost ,ousrdata, ousrhora, usrdata,usrhora,ousrinis,usrinis) select 'aut6787f827266787f94e1e','aut6787f020326787f94d65',bo.morada, bo.local,bo.codpost ,getdate(),convert(char(8),convert (time,getdate())),getdate(),convert(char(8),convert (time,getdate())),'aut','aut' from wsbodata bo where bo.bostamp = 'aut6787f020326787f94d65'
20250115@180710.1458 r3i25lpcu0iutrlr6tt4t5sjoh Query : select 1 valor from information_schema.tables where table_type='base table' and table_name='wstablefields'
20250115@180710.1478 r3i25lpcu0iutrlr6tt4t5sjoh Query : select fieldkey,fieldname,fieldtype,calcformula from wstablefields where tablename = 'bi' and documentnumber = 5
20250115@180710.1495 r3i25lpcu0iutrlr6tt4t5sjoh Query : insert into wsbidata (bistamp,ousrdata, ousrhora, usrdata,usrhora,ousrinis,usrinis ,obrano, qtt,uni2qtt ,no, estab,nmdos ,ndos, obranome,fechada, dataobra ,rdata ,dataopen, datafecho,local, morada ,codpost, nome,bostamp,lordem ,edebito,debito, epu,pu ,ivaincl,stns,unidade, unidad2 ,marcada,usalote ,ettdeb,ttdeb,epcusto, pcusto ,ecustoind,custoind ,vendedor,vendnm, ccusto,ncusto ,noserie,tabiva,iva ,ref,design,familia,desconto,desc2,desc3,desc4,eslvu,slvu,esltt,sltt,oobistamp,vumoeda,ttmoeda,slvumoeda,slttmoeda,lote,armazem,ar2mazem,obistamp ,stipo) select 'aut6787f827266787f94e1e',getdate(),convert(char(8),convert (time,getdate())),getdate(),convert(char(8),convert (time,getdate())),'aut','aut',bo.obrano, 12.000, 12.000*.0000000 ,bo.no, bo.estab,bo.nmdos ,bo.ndos, bo.obranome,bo.fechada, bo.dataobra ,bo.dataobra ,bo.dataopen,bo.datafecho,bo.local, bo.morada ,bo.codpost, bo.nome,bo.bostamp,40000 ,59.99,59.99*200.48,59.99,59.99*200.48 ,0,0,'un ',' ' ,bo.marcada,1 ,59.99*12.000,59.99*12.000*200.48 ,16.035000,16.035000*200.48 ,16.035000,16.035000*200.48 ,bo.vendedor,bo.vendnm,bo.ccusto,bo.ncusto ,0,2,23.00,?,?,?,0,0,0,0,59.99,59.99*200.48,59.99*12.000,59.99*12.000*200.48,'pll25011439420,266000004 ',59.99,59.99*12.000,59.99,59.99*12.000,?,?,?,?,4 from wsbodata bo where bo.bostamp = 'aut6787f020326787f94d65'
20250115@180710.1800 r3i25lpcu0iutrlr6tt4t5sjoh Query : use flama_phc
20250115@180710.1813 r3i25lpcu0iutrlr6tt4t5sjoh Query : select st.usalote valor from st where st.ref = '324.1706.00.1'
20250115@180710.1828 r3i25lpcu0iutrlr6tt4t5sjoh Query : use flama_phc
20250115@180710.1831 r3i25lpcu0iutrlr6tt4t5sjoh Query : select st.stns valor from st where st.ref = '324.1706.00.1'
20250115@180710.1852 r3i25lpcu0iutrlr6tt4t5sjoh Query : use flama_phc
20250115@180710.1855 r3i25lpcu0iutrlr6tt4t5sjoh Query : select isnull(sum(stock) ,0)stock ,isnull(sum(qttrec),0) qttrec ,0 qttcat ,isnull(sum(rescli),0) rescli ,isnull(sum(resfor),0) resfor from sa where sa.ref = '324.1706.00.1' and sa.armazem = 133 
20250115@180710.1925 r3i25lpcu0iutrlr6tt4t5sjoh Query : use flama_phc
20250115@180710.1928 r3i25lpcu0iutrlr6tt4t5sjoh Query : select st.stns valor from st where st.ref = '324.1706.00.1'
20250115@180710.1957 r3i25lpcu0iutrlr6tt4t5sjoh Query : select top 1 st.tabiva ,st.ivaincl ,st.stns ,st.uni2 ,st.familia ,isnull(tx.taxa, 0) txiva ,unidade ,usalote ,epcpond ,noserie ,conversao ,st.texteis from st left join taxasiva tx on st.tabiva = tx.codigo where st.ref = '324.1706.00.1'
20250115@180710.2119 r3i25lpcu0iutrlr6tt4t5sjoh Query : select 1 valor from information_schema.tables where table_type='base table' and table_name='wstablefields'
20250115@180710.2135 r3i25lpcu0iutrlr6tt4t5sjoh Query : select fieldkey,fieldname,fieldtype,mandatory from wstablefields where tablename = 'bi' and documentnumber = 5
20250115@180710.2147 r3i25lpcu0iutrlr6tt4t5sjoh Query : select 1 valor from information_schema.tables where table_type='base table' and table_name='wstablefields'
20250115@180710.2162 r3i25lpcu0iutrlr6tt4t5sjoh Query : select fieldkey,fieldname,fieldtype,mandatory from wstablefields where tablename = 'bi2' and documentnumber = 5
20250115@180710.2171 r3i25lpcu0iutrlr6tt4t5sjoh Query : select sestamp valor from se where ref ='324.1706.00.1' and lote = 'r2400926300a'
20250115@180710.2189 r3i25lpcu0iutrlr6tt4t5sjoh Query : select top 1 convert(numeric(6,2),t.taxa) valor from taxasiva t where t.codigo='2'
20250115@180710.2204 r3i25lpcu0iutrlr6tt4t5sjoh Query : select 1 valor from information_schema.tables where table_type='base table' and table_name='wstablefields'
20250115@180710.2220 r3i25lpcu0iutrlr6tt4t5sjoh Query : select fieldkey,fieldname,fieldtype,calcformula from wstablefields where tablename = 'bi2' and documentnumber = 5
20250115@180710.2242 r3i25lpcu0iutrlr6tt4t5sjoh Query : insert into wsbi2data (bi2stamp,bostamp,morada, local,codpost ,ousrdata, ousrhora, usrdata,usrhora,ousrinis,usrinis) select 'aut6787f386696787f94e35','aut6787f020326787f94d65',bo.morada, bo.local,bo.codpost ,getdate(),convert(char(8),convert (time,getdate())),getdate(),convert(char(8),convert (time,getdate())),'aut','aut' from wsbodata bo where bo.bostamp = 'aut6787f020326787f94d65'
20250115@180710.2399 r3i25lpcu0iutrlr6tt4t5sjoh Query : select 1 valor from information_schema.tables where table_type='base table' and table_name='wstablefields'
20250115@180710.2416 r3i25lpcu0iutrlr6tt4t5sjoh Query : select fieldkey,fieldname,fieldtype,calcformula from wstablefields where tablename = 'bi' and documentnumber = 5
20250115@180710.2431 r3i25lpcu0iutrlr6tt4t5sjoh Query : insert into wsbidata (bistamp,ousrdata, ousrhora, usrdata,usrhora,ousrinis,usrinis ,obrano, qtt,uni2qtt ,no, estab,nmdos ,ndos, obranome,fechada, dataobra ,rdata ,dataopen, datafecho,local, morada ,codpost, nome,bostamp,lordem ,edebito,debito, epu,pu ,ivaincl,stns,unidade, unidad2 ,marcada,usalote ,ettdeb,ttdeb,epcusto, pcusto ,ecustoind,custoind ,vendedor,vendnm, ccusto,ncusto ,noserie,tabiva,iva ,ref,design,familia,desconto,desc2,desc3,desc4,eslvu,slvu,esltt,sltt,oobistamp,vumoeda,ttmoeda,slvumoeda,slttmoeda,lote,armazem,ar2mazem,obistamp ,stipo) select 'aut6787f386696787f94e35',getdate(),convert(char(8),convert (time,getdate())),getdate(),convert(char(8),convert (time,getdate())),'aut','aut',bo.obrano, 10.000, 10.000*.0000000 ,bo.no, bo.estab,bo.nmdos ,bo.ndos, bo.obranome,bo.fechada, bo.dataobra ,bo.dataobra ,bo.dataopen,bo.datafecho,bo.local, bo.morada ,bo.codpost, bo.nome,bo.bostamp,50000 ,59.99,59.99*200.48,59.99,59.99*200.48 ,0,0,'un',' ' ,bo.marcada,1 ,59.99*10.000,59.99*10.000*200.48 ,13.115000,13.115000*200.48 ,13.115000,13.115000*200.48 ,bo.vendedor,bo.vendnm,bo.ccusto,bo.ncusto ,0,2,23.00,?,?,?,0,0,0,0,59.99,59.99*200.48,59.99*10.000,59.99*10.000*200.48,'pll25011439440,996000005 ',59.99,59.99*10.000,59.99,59.99*10.000,?,?,?,?,4 from wsbodata bo where bo.bostamp = 'aut6787f020326787f94d65'
20250115@180710.2739 r3i25lpcu0iutrlr6tt4t5sjoh Query : use flama_phc
20250115@180710.2742 r3i25lpcu0iutrlr6tt4t5sjoh Query : select st.usalote valor from st where st.ref = '324.675.00.01'
20250115@180710.2759 r3i25lpcu0iutrlr6tt4t5sjoh Query : use flama_phc
20250115@180710.2761 r3i25lpcu0iutrlr6tt4t5sjoh Query : select st.stns valor from st where st.ref = '324.675.00.01'
20250115@180710.2778 r3i25lpcu0iutrlr6tt4t5sjoh Query : use flama_phc
20250115@180710.2781 r3i25lpcu0iutrlr6tt4t5sjoh Query : select isnull(sum(stock) ,0)stock ,isnull(sum(qttrec),0) qttrec ,0 qttcat ,isnull(sum(rescli),0) rescli ,isnull(sum(resfor),0) resfor from sa where sa.ref = '324.675.00.01' and sa.armazem = 133 
20250115@180710.2848 r3i25lpcu0iutrlr6tt4t5sjoh Query : use flama_phc
20250115@180710.2851 r3i25lpcu0iutrlr6tt4t5sjoh Query : select st.stns valor from st where st.ref = '324.675.00.01'
20250115@180710.2869 r3i25lpcu0iutrlr6tt4t5sjoh Query : select top 1 st.tabiva ,st.ivaincl ,st.stns ,st.uni2 ,st.familia ,isnull(tx.taxa, 0) txiva ,unidade ,usalote ,epcpond ,noserie ,conversao ,st.texteis from st left join taxasiva tx on st.tabiva = tx.codigo where st.ref = '324.675.00.01'
20250115@180710.3020 r3i25lpcu0iutrlr6tt4t5sjoh Query : select 1 valor from information_schema.tables where table_type='base table' and table_name='wstablefields'
20250115@180710.3049 r3i25lpcu0iutrlr6tt4t5sjoh Query : select fieldkey,fieldname,fieldtype,mandatory from wstablefields where tablename = 'bi' and documentnumber = 5
20250115@180710.3062 r3i25lpcu0iutrlr6tt4t5sjoh Query : select 1 valor from information_schema.tables where table_type='base table' and table_name='wstablefields'
20250115@180710.3077 r3i25lpcu0iutrlr6tt4t5sjoh Query : select fieldkey,fieldname,fieldtype,mandatory from wstablefields where tablename = 'bi2' and documentnumber = 5
20250115@180710.3085 r3i25lpcu0iutrlr6tt4t5sjoh Query : select sestamp valor from se where ref ='324.675.00.01' and lote = 'r2400684200a'
20250115@180710.3105 r3i25lpcu0iutrlr6tt4t5sjoh Query : select top 1 convert(numeric(6,2),t.taxa) valor from taxasiva t where t.codigo='2'
20250115@180710.3118 r3i25lpcu0iutrlr6tt4t5sjoh Query : select 1 valor from information_schema.tables where table_type='base table' and table_name='wstablefields'
20250115@180710.3132 r3i25lpcu0iutrlr6tt4t5sjoh Query : select fieldkey,fieldname,fieldtype,calcformula from wstablefields where tablename = 'bi2' and documentnumber = 5
20250115@180710.3144 r3i25lpcu0iutrlr6tt4t5sjoh Query : insert into wsbi2data (bi2stamp,bostamp,morada, local,codpost ,ousrdata, ousrhora, usrdata,usrhora,ousrinis,usrinis) select 'aut6787f890736787f94e4c','aut6787f020326787f94d65',bo.morada, bo.local,bo.codpost ,getdate(),convert(char(8),convert (time,getdate())),getdate(),convert(char(8),convert (time,getdate())),'aut','aut' from wsbodata bo where bo.bostamp = 'aut6787f020326787f94d65'
20250115@180710.3299 r3i25lpcu0iutrlr6tt4t5sjoh Query : select 1 valor from information_schema.tables where table_type='base table' and table_name='wstablefields'
20250115@180710.3316 r3i25lpcu0iutrlr6tt4t5sjoh Query : select fieldkey,fieldname,fieldtype,calcformula from wstablefields where tablename = 'bi' and documentnumber = 5
20250115@180710.3333 r3i25lpcu0iutrlr6tt4t5sjoh Query : insert into wsbidata (bistamp,ousrdata, ousrhora, usrdata,usrhora,ousrinis,usrinis ,obrano, qtt,uni2qtt ,no, estab,nmdos ,ndos, obranome,fechada, dataobra ,rdata ,dataopen, datafecho,local, morada ,codpost, nome,bostamp,lordem ,edebito,debito, epu,pu ,ivaincl,stns,unidade, unidad2 ,marcada,usalote ,ettdeb,ttdeb,epcusto, pcusto ,ecustoind,custoind ,vendedor,vendnm, ccusto,ncusto ,noserie,tabiva,iva ,ref,design,familia,desconto,desc2,desc3,desc4,eslvu,slvu,esltt,sltt,oobistamp,vumoeda,ttmoeda,slvumoeda,slttmoeda,lote,armazem,ar2mazem,obistamp ,stipo) select 'aut6787f890736787f94e4c',getdate(),convert(char(8),convert (time,getdate())),getdate(),convert(char(8),convert (time,getdate())),'aut','aut',bo.obrano, 4.000, 4.000*.0000000 ,bo.no, bo.estab,bo.nmdos ,bo.ndos, bo.obranome,bo.fechada, bo.dataobra ,bo.dataobra ,bo.dataopen,bo.datafecho,bo.local, bo.morada ,bo.codpost, bo.nome,bo.bostamp,60000 ,189.99,189.99*200.48,189.99,189.99*200.48 ,0,0,'un ',' ' ,bo.marcada,1 ,189.99*4.000,189.99*4.000*200.48 ,51.883000,51.883000*200.48 ,51.883000,51.883000*200.48 ,bo.vendedor,bo.vendnm,bo.ccusto,bo.ncusto ,0,2,23.00,?,?,?,0,0,0,0,189.99,189.99*200.48,189.99*4.000,189.99*4.000*200.48,'pll25011439471,006000006 ',189.99,189.99*4.000,189.99,189.99*4.000,?,?,?,?,4 from wsbodata bo where bo.bostamp = 'aut6787f020326787f94d65'
20250115@180710.3683 r3i25lpcu0iutrlr6tt4t5sjoh Query : use flama_phc
20250115@180710.3806 r3i25lpcu0iutrlr6tt4t5sjoh Query : select st.usalote valor from st where st.ref = '324.686.00.01'
20250115@180710.3958 r3i25lpcu0iutrlr6tt4t5sjoh Query : use flama_phc
20250115@180710.3961 r3i25lpcu0iutrlr6tt4t5sjoh Query : select st.stns valor from st where st.ref = '324.686.00.01'
20250115@180710.3978 r3i25lpcu0iutrlr6tt4t5sjoh Query : use flama_phc
20250115@180710.3981 r3i25lpcu0iutrlr6tt4t5sjoh Query : select isnull(sum(stock) ,0)stock ,isnull(sum(qttrec),0) qttrec ,0 qttcat ,isnull(sum(rescli),0) rescli ,isnull(sum(resfor),0) resfor from sa where sa.ref = '324.686.00.01' and sa.armazem = 133 
20250115@180710.4056 r3i25lpcu0iutrlr6tt4t5sjoh Query : use flama_phc
20250115@180710.4059 r3i25lpcu0iutrlr6tt4t5sjoh Query : select st.stns valor from st where st.ref = '324.686.00.01'
20250115@180710.4092 r3i25lpcu0iutrlr6tt4t5sjoh Query : select top 1 st.tabiva ,st.ivaincl ,st.stns ,st.uni2 ,st.familia ,isnull(tx.taxa, 0) txiva ,unidade ,usalote ,epcpond ,noserie ,conversao ,st.texteis from st left join taxasiva tx on st.tabiva = tx.codigo where st.ref = '324.686.00.01'
20250115@180710.4249 r3i25lpcu0iutrlr6tt4t5sjoh Query : select 1 valor from information_schema.tables where table_type='base table' and table_name='wstablefields'
20250115@180710.4268 r3i25lpcu0iutrlr6tt4t5sjoh Query : select fieldkey,fieldname,fieldtype,mandatory from wstablefields where tablename = 'bi' and documentnumber = 5
20250115@180710.4281 r3i25lpcu0iutrlr6tt4t5sjoh Query : select 1 valor from information_schema.tables where table_type='base table' and table_name='wstablefields'
20250115@180710.4327 r3i25lpcu0iutrlr6tt4t5sjoh Query : select fieldkey,fieldname,fieldtype,mandatory from wstablefields where tablename = 'bi2' and documentnumber = 5
20250115@180710.4336 r3i25lpcu0iutrlr6tt4t5sjoh Query : select sestamp valor from se where ref ='324.686.00.01' and lote = 'r2400405200a'
20250115@180710.4361 r3i25lpcu0iutrlr6tt4t5sjoh Query : select top 1 convert(numeric(6,2),t.taxa) valor from taxasiva t where t.codigo='2'
20250115@180710.4373 r3i25lpcu0iutrlr6tt4t5sjoh Query : select 1 valor from information_schema.tables where table_type='base table' and table_name='wstablefields'
20250115@180710.4389 r3i25lpcu0iutrlr6tt4t5sjoh Query : select fieldkey,fieldname,fieldtype,calcformula from wstablefields where tablename = 'bi2' and documentnumber = 5
20250115@180710.4407 r3i25lpcu0iutrlr6tt4t5sjoh Query : insert into wsbi2data (bi2stamp,bostamp,morada, local,codpost ,ousrdata, ousrhora, usrdata,usrhora,ousrinis,usrinis) select 'aut6787f596626787f94e6a','aut6787f020326787f94d65',bo.morada, bo.local,bo.codpost ,getdate(),convert(char(8),convert (time,getdate())),getdate(),convert(char(8),convert (time,getdate())),'aut','aut' from wsbodata bo where bo.bostamp = 'aut6787f020326787f94d65'
20250115@180710.4658 r3i25lpcu0iutrlr6tt4t5sjoh Query : select 1 valor from information_schema.tables where table_type='base table' and table_name='wstablefields'
20250115@180710.4811 r3i25lpcu0iutrlr6tt4t5sjoh Query : select fieldkey,fieldname,fieldtype,calcformula from wstablefields where tablename = 'bi' and documentnumber = 5
20250115@180710.4954 r3i25lpcu0iutrlr6tt4t5sjoh Query : insert into wsbidata (bistamp,ousrdata, ousrhora, usrdata,usrhora,ousrinis,usrinis ,obrano, qtt,uni2qtt ,no, estab,nmdos ,ndos, obranome,fechada, dataobra ,rdata ,dataopen, datafecho,local, morada ,codpost, nome,bostamp,lordem ,edebito,debito, epu,pu ,ivaincl,stns,unidade, unidad2 ,marcada,usalote ,ettdeb,ttdeb,epcusto, pcusto ,ecustoind,custoind ,vendedor,vendnm, ccusto,ncusto ,noserie,tabiva,iva ,ref,design,familia,desconto,desc2,desc3,desc4,eslvu,slvu,esltt,sltt,oobistamp,vumoeda,ttmoeda,slvumoeda,slttmoeda,lote,armazem,ar2mazem,obistamp ,stipo) select 'aut6787f596626787f94e6a',getdate(),convert(char(8),convert (time,getdate())),getdate(),convert(char(8),convert (time,getdate())),'aut','aut',bo.obrano, 2.000, 2.000*.0000000 ,bo.no, bo.estab,bo.nmdos ,bo.ndos, bo.obranome,bo.fechada, bo.dataobra ,bo.dataobra ,bo.dataopen,bo.datafecho,bo.local, bo.morada ,bo.codpost, bo.nome,bo.bostamp,70000 ,179.99,179.99*200.48,179.99,179.99*200.48 ,0,0,'un ',' ' ,bo.marcada,1 ,179.99*2.000,179.99*2.000*200.48 ,44.319000,44.319000*200.48 ,44.319000,44.319000*200.48 ,bo.vendedor,bo.vendnm,bo.ccusto,bo.ncusto ,0,2,23.00,?,?,?,0,0,0,0,179.99,179.99*200.48,179.99*2.000,179.99*2.000*200.48,'pll25011439479,471000007 ',179.99,179.99*2.000,179.99,179.99*2.000,?,?,?,?,4 from wsbodata bo where bo.bostamp = 'aut6787f020326787f94d65'
20250115@180710.5287 r3i25lpcu0iutrlr6tt4t5sjoh Query : use flama_phc
20250115@180710.5291 r3i25lpcu0iutrlr6tt4t5sjoh Query : select st.usalote valor from st where st.ref = '324.679.00.01'
20250115@180710.5307 r3i25lpcu0iutrlr6tt4t5sjoh Query : use flama_phc
20250115@180710.5309 r3i25lpcu0iutrlr6tt4t5sjoh Query : select st.stns valor from st where st.ref = '324.679.00.01'
20250115@180710.5327 r3i25lpcu0iutrlr6tt4t5sjoh Query : use flama_phc
20250115@180710.5329 r3i25lpcu0iutrlr6tt4t5sjoh Query : select isnull(sum(stock) ,0)stock ,isnull(sum(qttrec),0) qttrec ,0 qttcat ,isnull(sum(rescli),0) rescli ,isnull(sum(resfor),0) resfor from sa where sa.ref = '324.679.00.01' and sa.armazem = 133 
20250115@180710.5427 r3i25lpcu0iutrlr6tt4t5sjoh Query : use flama_phc
20250115@180710.5430 r3i25lpcu0iutrlr6tt4t5sjoh Query : select st.stns valor from st where st.ref = '324.679.00.01'
20250115@180710.5447 r3i25lpcu0iutrlr6tt4t5sjoh Query : select top 1 st.tabiva ,st.ivaincl ,st.stns ,st.uni2 ,st.familia ,isnull(tx.taxa, 0) txiva ,unidade ,usalote ,epcpond ,noserie ,conversao ,st.texteis from st left join taxasiva tx on st.tabiva = tx.codigo where st.ref = '324.679.00.01'
20250115@180710.5601 r3i25lpcu0iutrlr6tt4t5sjoh Query : select 1 valor from information_schema.tables where table_type='base table' and table_name='wstablefields'
20250115@180710.5620 r3i25lpcu0iutrlr6tt4t5sjoh Query : select fieldkey,fieldname,fieldtype,mandatory from wstablefields where tablename = 'bi' and documentnumber = 5
20250115@180710.5633 r3i25lpcu0iutrlr6tt4t5sjoh Query : select 1 valor from information_schema.tables where table_type='base table' and table_name='wstablefields'
20250115@180710.5659 r3i25lpcu0iutrlr6tt4t5sjoh Query : select fieldkey,fieldname,fieldtype,mandatory from wstablefields where tablename = 'bi2' and documentnumber = 5
20250115@180710.5669 r3i25lpcu0iutrlr6tt4t5sjoh Query : select sestamp valor from se where ref ='324.679.00.01' and lote = 'r2400685200a'
20250115@180710.5685 r3i25lpcu0iutrlr6tt4t5sjoh Query : select top 1 convert(numeric(6,2),t.taxa) valor from taxasiva t where t.codigo='2'
20250115@180710.5698 r3i25lpcu0iutrlr6tt4t5sjoh Query : select 1 valor from information_schema.tables where table_type='base table' and table_name='wstablefields'
20250115@180710.5712 r3i25lpcu0iutrlr6tt4t5sjoh Query : select fieldkey,fieldname,fieldtype,calcformula from wstablefields where tablename = 'bi2' and documentnumber = 5
20250115@180710.5725 r3i25lpcu0iutrlr6tt4t5sjoh Query : insert into wsbi2data (bi2stamp,bostamp,morada, local,codpost ,ousrdata, ousrhora, usrdata,usrhora,ousrinis,usrinis) select 'aut6787f203336787f94e8b','aut6787f020326787f94d65',bo.morada, bo.local,bo.codpost ,getdate(),convert(char(8),convert (time,getdate())),getdate(),convert(char(8),convert (time,getdate())),'aut','aut' from wsbodata bo where bo.bostamp = 'aut6787f020326787f94d65'
20250115@180710.5886 r3i25lpcu0iutrlr6tt4t5sjoh Query : select 1 valor from information_schema.tables where table_type='base table' and table_name='wstablefields'
20250115@180710.5912 r3i25lpcu0iutrlr6tt4t5sjoh Query : select fieldkey,fieldname,fieldtype,calcformula from wstablefields where tablename = 'bi' and documentnumber = 5
20250115@180710.5932 r3i25lpcu0iutrlr6tt4t5sjoh Query : insert into wsbidata (bistamp,ousrdata, ousrhora, usrdata,usrhora,ousrinis,usrinis ,obrano, qtt,uni2qtt ,no, estab,nmdos ,ndos, obranome,fechada, dataobra ,rdata ,dataopen, datafecho,local, morada ,codpost, nome,bostamp,lordem ,edebito,debito, epu,pu ,ivaincl,stns,unidade, unidad2 ,marcada,usalote ,ettdeb,ttdeb,epcusto, pcusto ,ecustoind,custoind ,vendedor,vendnm, ccusto,ncusto ,noserie,tabiva,iva ,ref,design,familia,desconto,desc2,desc3,desc4,eslvu,slvu,esltt,sltt,oobistamp,vumoeda,ttmoeda,slvumoeda,slttmoeda,lote,armazem,ar2mazem,obistamp ,stipo) select 'aut6787f203336787f94e8b',getdate(),convert(char(8),convert (time,getdate())),getdate(),convert(char(8),convert (time,getdate())),'aut','aut',bo.obrano, 2.000, 2.000*.0000000 ,bo.no, bo.estab,bo.nmdos ,bo.ndos, bo.obranome,bo.fechada, bo.dataobra ,bo.dataobra ,bo.dataopen,bo.datafecho,bo.local, bo.morada ,bo.codpost, bo.nome,bo.bostamp,80000 ,199.99,199.99*200.48,199.99,199.99*200.48 ,0,0,'un ',' ' ,bo.marcada,1 ,199.99*2.000,199.99*2.000*200.48 ,57.294000,57.294000*200.48 ,57.294000,57.294000*200.48 ,bo.vendedor,bo.vendnm,bo.ccusto,bo.ncusto ,0,2,23.00,?,?,?,0,0,0,0,199.99,199.99*200.48,199.99*2.000,199.99*2.000*200.48,'pll25011439537,581000008 ',199.99,199.99*2.000,199.99,199.99*2.000,?,?,?,?,4 from wsbodata bo where bo.bostamp = 'aut6787f020326787f94d65'
20250115@180710.6315 r3i25lpcu0iutrlr6tt4t5sjoh Query : use flama_phc
20250115@180710.6320 r3i25lpcu0iutrlr6tt4t5sjoh Query : select st.usalote valor from st where st.ref = '324.692.00.01'
20250115@180710.6337 r3i25lpcu0iutrlr6tt4t5sjoh Query : use flama_phc
20250115@180710.6340 r3i25lpcu0iutrlr6tt4t5sjoh Query : select st.stns valor from st where st.ref = '324.692.00.01'
20250115@180710.6359 r3i25lpcu0iutrlr6tt4t5sjoh Query : use flama_phc
20250115@180710.6362 r3i25lpcu0iutrlr6tt4t5sjoh Query : select isnull(sum(stock) ,0)stock ,isnull(sum(qttrec),0) qttrec ,0 qttcat ,isnull(sum(rescli),0) rescli ,isnull(sum(resfor),0) resfor from sa where sa.ref = '324.692.00.01' and sa.armazem = 133 
20250115@180710.6449 r3i25lpcu0iutrlr6tt4t5sjoh Query : use flama_phc
20250115@180710.6452 r3i25lpcu0iutrlr6tt4t5sjoh Query : select st.stns valor from st where st.ref = '324.692.00.01'
20250115@180710.6473 r3i25lpcu0iutrlr6tt4t5sjoh Query : select top 1 st.tabiva ,st.ivaincl ,st.stns ,st.uni2 ,st.familia ,isnull(tx.taxa, 0) txiva ,unidade ,usalote ,epcpond ,noserie ,conversao ,st.texteis from st left join taxasiva tx on st.tabiva = tx.codigo where st.ref = '324.692.00.01'
20250115@180710.6894 r3i25lpcu0iutrlr6tt4t5sjoh Query : select 1 valor from information_schema.tables where table_type='base table' and table_name='wstablefields'
20250115@180710.6912 r3i25lpcu0iutrlr6tt4t5sjoh Query : select fieldkey,fieldname,fieldtype,mandatory from wstablefields where tablename = 'bi' and documentnumber = 5
20250115@180710.6927 r3i25lpcu0iutrlr6tt4t5sjoh Query : select 1 valor from information_schema.tables where table_type='base table' and table_name='wstablefields'
20250115@180710.6959 r3i25lpcu0iutrlr6tt4t5sjoh Query : select fieldkey,fieldname,fieldtype,mandatory from wstablefields where tablename = 'bi2' and documentnumber = 5
20250115@180710.6969 r3i25lpcu0iutrlr6tt4t5sjoh Query : select sestamp valor from se where ref ='324.692.00.01' and lote = 'r2400837300a'
20250115@180710.6993 r3i25lpcu0iutrlr6tt4t5sjoh Query : select top 1 convert(numeric(6,2),t.taxa) valor from taxasiva t where t.codigo='2'
20250115@180710.7009 r3i25lpcu0iutrlr6tt4t5sjoh Query : select 1 valor from information_schema.tables where table_type='base table' and table_name='wstablefields'
20250115@180710.7028 r3i25lpcu0iutrlr6tt4t5sjoh Query : select fieldkey,fieldname,fieldtype,calcformula from wstablefields where tablename = 'bi2' and documentnumber = 5
20250115@180710.7044 r3i25lpcu0iutrlr6tt4t5sjoh Query : insert into wsbi2data (bi2stamp,bostamp,morada, local,codpost ,ousrdata, ousrhora, usrdata,usrhora,ousrinis,usrinis) select 'aut6787f225076787f94eab','aut6787f020326787f94d65',bo.morada, bo.local,bo.codpost ,getdate(),convert(char(8),convert (time,getdate())),getdate(),convert(char(8),convert (time,getdate())),'aut','aut' from wsbodata bo where bo.bostamp = 'aut6787f020326787f94d65'
20250115@180710.7221 r3i25lpcu0iutrlr6tt4t5sjoh Query : select 1 valor from information_schema.tables where table_type='base table' and table_name='wstablefields'
20250115@180710.7242 r3i25lpcu0iutrlr6tt4t5sjoh Query : select fieldkey,fieldname,fieldtype,calcformula from wstablefields where tablename = 'bi' and documentnumber = 5
20250115@180710.7265 r3i25lpcu0iutrlr6tt4t5sjoh Query : insert into wsbidata (bistamp,ousrdata, ousrhora, usrdata,usrhora,ousrinis,usrinis ,obrano, qtt,uni2qtt ,no, estab,nmdos ,ndos, obranome,fechada, dataobra ,rdata ,dataopen, datafecho,local, morada ,codpost, nome,bostamp,lordem ,edebito,debito, epu,pu ,ivaincl,stns,unidade, unidad2 ,marcada,usalote ,ettdeb,ttdeb,epcusto, pcusto ,ecustoind,custoind ,vendedor,vendnm, ccusto,ncusto ,noserie,tabiva,iva ,ref,design,familia,desconto,desc2,desc3,desc4,eslvu,slvu,esltt,sltt,oobistamp,vumoeda,ttmoeda,slvumoeda,slttmoeda,lote,armazem,ar2mazem,obistamp ,stipo) select 'aut6787f225076787f94eab',getdate(),convert(char(8),convert (time,getdate())),getdate(),convert(char(8),convert (time,getdate())),'aut','aut',bo.obrano, 9.000, 9.000*.0000000 ,bo.no, bo.estab,bo.nmdos ,bo.ndos, bo.obranome,bo.fechada, bo.dataobra ,bo.dataobra ,bo.dataopen,bo.datafecho,bo.local, bo.morada ,bo.codpost, bo.nome,bo.bostamp,90000 ,129.99,129.99*200.48,129.99,129.99*200.48 ,0,0,'un ',' ' ,bo.marcada,1 ,129.99*9.000,129.99*9.000*200.48 ,31.488000,31.488000*200.48 ,31.488000,31.488000*200.48 ,bo.vendedor,bo.vendnm,bo.ccusto,bo.ncusto ,0,2,23.00,?,?,?,0,0,0,0,129.99,129.99*200.48,129.99*9.000,129.99*9.000*200.48,'pll25011439547,471000009 ',129.99,129.99*9.000,129.99,129.99*9.000,?,?,?,?,4 from wsbodata bo where bo.bostamp = 'aut6787f020326787f94d65'
20250115@180710.7597 r3i25lpcu0iutrlr6tt4t5sjoh Query : use flama_phc
20250115@180710.7601 r3i25lpcu0iutrlr6tt4t5sjoh Query : select st.usalote valor from st where st.ref = '324.692.00.01'
20250115@180710.7616 r3i25lpcu0iutrlr6tt4t5sjoh Query : use flama_phc
20250115@180710.7620 r3i25lpcu0iutrlr6tt4t5sjoh Query : select st.stns valor from st where st.ref = '324.692.00.01'
20250115@180710.7637 r3i25lpcu0iutrlr6tt4t5sjoh Query : use flama_phc
20250115@180710.7641 r3i25lpcu0iutrlr6tt4t5sjoh Query : select isnull(sum(stock) ,0)stock ,isnull(sum(qttrec),0) qttrec ,0 qttcat ,isnull(sum(rescli),0) rescli ,isnull(sum(resfor),0) resfor from sa where sa.ref = '324.692.00.01' and sa.armazem = 133 
20250115@180710.7667 r3i25lpcu0iutrlr6tt4t5sjoh Query : use flama_phc
20250115@180710.7670 r3i25lpcu0iutrlr6tt4t5sjoh Query : select st.stns valor from st where st.ref = '324.692.00.01'
20250115@180710.7696 r3i25lpcu0iutrlr6tt4t5sjoh Query : select top 1 st.tabiva ,st.ivaincl ,st.stns ,st.uni2 ,st.familia ,isnull(tx.taxa, 0) txiva ,unidade ,usalote ,epcpond ,noserie ,conversao ,st.texteis from st left join taxasiva tx on st.tabiva = tx.codigo where st.ref = '324.692.00.01'
20250115@180710.7715 r3i25lpcu0iutrlr6tt4t5sjoh Query : select 1 valor from information_schema.tables where table_type='base table' and table_name='wstablefields'
20250115@180710.7732 r3i25lpcu0iutrlr6tt4t5sjoh Query : select fieldkey,fieldname,fieldtype,mandatory from wstablefields where tablename = 'bi' and documentnumber = 5
20250115@180710.7745 r3i25lpcu0iutrlr6tt4t5sjoh Query : select 1 valor from information_schema.tables where table_type='base table' and table_name='wstablefields'
20250115@180710.7759 r3i25lpcu0iutrlr6tt4t5sjoh Query : select fieldkey,fieldname,fieldtype,mandatory from wstablefields where tablename = 'bi2' and documentnumber = 5
20250115@180710.7769 r3i25lpcu0iutrlr6tt4t5sjoh Query : select sestamp valor from se where ref ='324.692.00.01' and lote = 'r2400837300a'
20250115@180710.7781 r3i25lpcu0iutrlr6tt4t5sjoh Query : select top 1 convert(numeric(6,2),t.taxa) valor from taxasiva t where t.codigo='2'
20250115@180710.7793 r3i25lpcu0iutrlr6tt4t5sjoh Query : select 1 valor from information_schema.tables where table_type='base table' and table_name='wstablefields'
20250115@180710.7809 r3i25lpcu0iutrlr6tt4t5sjoh Query : select fieldkey,fieldname,fieldtype,calcformula from wstablefields where tablename = 'bi2' and documentnumber = 5
20250115@180710.7821 r3i25lpcu0iutrlr6tt4t5sjoh Query : insert into wsbi2data (bi2stamp,bostamp,morada, local,codpost ,ousrdata, ousrhora, usrdata,usrhora,ousrinis,usrinis) select 'aut6787f337056787f94ebe','aut6787f020326787f94d65',bo.morada, bo.local,bo.codpost ,getdate(),convert(char(8),convert (time,getdate())),getdate(),convert(char(8),convert (time,getdate())),'aut','aut' from wsbodata bo where bo.bostamp = 'aut6787f020326787f94d65'
20250115@180710.7990 r3i25lpcu0iutrlr6tt4t5sjoh Query : select 1 valor from information_schema.tables where table_type='base table' and table_name='wstablefields'
20250115@180710.8008 r3i25lpcu0iutrlr6tt4t5sjoh Query : select fieldkey,fieldname,fieldtype,calcformula from wstablefields where tablename = 'bi' and documentnumber = 5
20250115@180710.8025 r3i25lpcu0iutrlr6tt4t5sjoh Query : insert into wsbidata (bistamp,ousrdata, ousrhora, usrdata,usrhora,ousrinis,usrinis ,obrano, qtt,uni2qtt ,no, estab,nmdos ,ndos, obranome,fechada, dataobra ,rdata ,dataopen, datafecho,local, morada ,codpost, nome,bostamp,lordem ,edebito,debito, epu,pu ,ivaincl,stns,unidade, unidad2 ,marcada,usalote ,ettdeb,ttdeb,epcusto, pcusto ,ecustoind,custoind ,vendedor,vendnm, ccusto,ncusto ,noserie,tabiva,iva ,ref,design,familia,desconto,desc2,desc3,desc4,eslvu,slvu,esltt,sltt,oobistamp,vumoeda,ttmoeda,slvumoeda,slttmoeda,lote,armazem,ar2mazem,obistamp ,stipo) select 'aut6787f337056787f94ebe',getdate(),convert(char(8),convert (time,getdate())),getdate(),convert(char(8),convert (time,getdate())),'aut','aut',bo.obrano, 1.000, 1.000*.0000000 ,bo.no, bo.estab,bo.nmdos ,bo.ndos, bo.obranome,bo.fechada, bo.dataobra ,bo.dataobra ,bo.dataopen,bo.datafecho,bo.local, bo.morada ,bo.codpost, bo.nome,bo.bostamp,100000 ,129.99,129.99*200.48,129.99,129.99*200.48 ,0,0,'un ',' ' ,bo.marcada,1 ,129.99*1.000,129.99*1.000*200.48 ,31.488000,31.488000*200.48 ,31.488000,31.488000*200.48 ,bo.vendedor,bo.vendnm,bo.ccusto,bo.ncusto ,0,2,23.00,?,?,?,0,0,0,0,129.99,129.99*200.48,129.99*1.000,129.99*1.000*200.48,'pll25011439547,471000009 ',129.99,129.99*1.000,129.99,129.99*1.000,?,?,?,?,4 from wsbodata bo where bo.bostamp = 'aut6787f020326787f94d65'
20250115@180710.8349 r3i25lpcu0iutrlr6tt4t5sjoh Query : use flama_phc
20250115@180710.8353 r3i25lpcu0iutrlr6tt4t5sjoh Query : select st.usalote valor from st where st.ref = '323.367.09.00'
20250115@180710.8369 r3i25lpcu0iutrlr6tt4t5sjoh Query : use flama_phc
20250115@180710.8374 r3i25lpcu0iutrlr6tt4t5sjoh Query : select st.stns valor from st where st.ref = '323.367.09.00'
20250115@180710.8391 r3i25lpcu0iutrlr6tt4t5sjoh Query : use flama_phc
20250115@180710.8393 r3i25lpcu0iutrlr6tt4t5sjoh Query : select isnull(sum(stock) ,0)stock ,isnull(sum(qttrec),0) qttrec ,0 qttcat ,isnull(sum(rescli),0) rescli ,isnull(sum(resfor),0) resfor from sa where sa.ref = '323.367.09.00' and sa.armazem = 133 
20250115@180710.8464 r3i25lpcu0iutrlr6tt4t5sjoh Query : use flama_phc
20250115@180710.8467 r3i25lpcu0iutrlr6tt4t5sjoh Query : select st.stns valor from st where st.ref = '323.367.09.00'
20250115@180710.8487 r3i25lpcu0iutrlr6tt4t5sjoh Query : select top 1 st.tabiva ,st.ivaincl ,st.stns ,st.uni2 ,st.familia ,isnull(tx.taxa, 0) txiva ,unidade ,usalote ,epcpond ,noserie ,conversao ,st.texteis from st left join taxasiva tx on st.tabiva = tx.codigo where st.ref = '323.367.09.00'
20250115@180710.8635 r3i25lpcu0iutrlr6tt4t5sjoh Query : select 1 valor from information_schema.tables where table_type='base table' and table_name='wstablefields'
20250115@180710.8663 r3i25lpcu0iutrlr6tt4t5sjoh Query : select fieldkey,fieldname,fieldtype,mandatory from wstablefields where tablename = 'bi' and documentnumber = 5
20250115@180710.8677 r3i25lpcu0iutrlr6tt4t5sjoh Query : select 1 valor from information_schema.tables where table_type='base table' and table_name='wstablefields'
20250115@180710.8693 r3i25lpcu0iutrlr6tt4t5sjoh Query : select fieldkey,fieldname,fieldtype,mandatory from wstablefields where tablename = 'bi2' and documentnumber = 5
20250115@180710.8702 r3i25lpcu0iutrlr6tt4t5sjoh Query : select sestamp valor from se where ref ='323.367.09.00' and lote = 'r2400053200a'
20250115@180710.8731 r3i25lpcu0iutrlr6tt4t5sjoh Query : select top 1 convert(numeric(6,2),t.taxa) valor from taxasiva t where t.codigo='2'
20250115@180710.8744 r3i25lpcu0iutrlr6tt4t5sjoh Query : select 1 valor from information_schema.tables where table_type='base table' and table_name='wstablefields'
20250115@180710.8761 r3i25lpcu0iutrlr6tt4t5sjoh Query : select fieldkey,fieldname,fieldtype,calcformula from wstablefields where tablename = 'bi2' and documentnumber = 5
20250115@180710.8774 r3i25lpcu0iutrlr6tt4t5sjoh Query : insert into wsbi2data (bi2stamp,bostamp,morada, local,codpost ,ousrdata, ousrhora, usrdata,usrhora,ousrinis,usrinis) select 'aut6787f524226787f94ed5','aut6787f020326787f94d65',bo.morada, bo.local,bo.codpost ,getdate(),convert(char(8),convert (time,getdate())),getdate(),convert(char(8),convert (time,getdate())),'aut','aut' from wsbodata bo where bo.bostamp = 'aut6787f020326787f94d65'
20250115@180710.8945 r3i25lpcu0iutrlr6tt4t5sjoh Query : select 1 valor from information_schema.tables where table_type='base table' and table_name='wstablefields'
20250115@180710.8968 r3i25lpcu0iutrlr6tt4t5sjoh Query : select fieldkey,fieldname,fieldtype,calcformula from wstablefields where tablename = 'bi' and documentnumber = 5
20250115@180710.8985 r3i25lpcu0iutrlr6tt4t5sjoh Query : insert into wsbidata (bistamp,ousrdata, ousrhora, usrdata,usrhora,ousrinis,usrinis ,obrano, qtt,uni2qtt ,no, estab,nmdos ,ndos, obranome,fechada, dataobra ,rdata ,dataopen, datafecho,local, morada ,codpost, nome,bostamp,lordem ,edebito,debito, epu,pu ,ivaincl,stns,unidade, unidad2 ,marcada,usalote ,ettdeb,ttdeb,epcusto, pcusto ,ecustoind,custoind ,vendedor,vendnm, ccusto,ncusto ,noserie,tabiva,iva ,ref,design,familia,desconto,desc2,desc3,desc4,eslvu,slvu,esltt,sltt,oobistamp,vumoeda,ttmoeda,slvumoeda,slttmoeda,lote,armazem,ar2mazem,obistamp ,stipo) select 'aut6787f524226787f94ed5',getdate(),convert(char(8),convert (time,getdate())),getdate(),convert(char(8),convert (time,getdate())),'aut','aut',bo.obrano, 2.000, 2.000*.0000000 ,bo.no, bo.estab,bo.nmdos ,bo.ndos, bo.obranome,bo.fechada, bo.dataobra ,bo.dataobra ,bo.dataopen,bo.datafecho,bo.local, bo.morada ,bo.codpost, bo.nome,bo.bostamp,110000 ,219.99,219.99*200.48,219.99,219.99*200.48 ,0,0,'un ','' ,bo.marcada,1 ,219.99*2.000,219.99*2.000*200.48 ,67.460000,67.460000*200.48 ,67.460000,67.460000*200.48 ,bo.vendedor,bo.vendnm,bo.ccusto,bo.ncusto ,0,2,23.00,?,?,?,0,0,0,0,219.99,219.99*200.48,219.99*2.000,219.99*2.000*200.48,'pll25011439583,081000010 ',219.99,219.99*2.000,219.99,219.99*2.000,?,?,?,?,4 from wsbodata bo where bo.bostamp = 'aut6787f020326787f94d65'
20250115@180710.9304 r3i25lpcu0iutrlr6tt4t5sjoh Query : use flama_phc
20250115@180710.9318 r3i25lpcu0iutrlr6tt4t5sjoh Query : select st.usalote valor from st where st.ref = '323.367.09.00'
20250115@180710.9332 r3i25lpcu0iutrlr6tt4t5sjoh Query : use flama_phc
20250115@180710.9335 r3i25lpcu0iutrlr6tt4t5sjoh Query : select st.stns valor from st where st.ref = '323.367.09.00'
20250115@180710.9353 r3i25lpcu0iutrlr6tt4t5sjoh Query : use flama_phc
20250115@180710.9355 r3i25lpcu0iutrlr6tt4t5sjoh Query : select isnull(sum(stock) ,0)stock ,isnull(sum(qttrec),0) qttrec ,0 qttcat ,isnull(sum(rescli),0) rescli ,isnull(sum(resfor),0) resfor from sa where sa.ref = '323.367.09.00' and sa.armazem = 133 
20250115@180710.9378 r3i25lpcu0iutrlr6tt4t5sjoh Query : use flama_phc
20250115@180710.9381 r3i25lpcu0iutrlr6tt4t5sjoh Query : select st.stns valor from st where st.ref = '323.367.09.00'
20250115@180710.9400 r3i25lpcu0iutrlr6tt4t5sjoh Query : select top 1 st.tabiva ,st.ivaincl ,st.stns ,st.uni2 ,st.familia ,isnull(tx.taxa, 0) txiva ,unidade ,usalote ,epcpond ,noserie ,conversao ,st.texteis from st left join taxasiva tx on st.tabiva = tx.codigo where st.ref = '323.367.09.00'
20250115@180710.9416 r3i25lpcu0iutrlr6tt4t5sjoh Query : select 1 valor from information_schema.tables where table_type='base table' and table_name='wstablefields'
20250115@180710.9435 r3i25lpcu0iutrlr6tt4t5sjoh Query : select fieldkey,fieldname,fieldtype,mandatory from wstablefields where tablename = 'bi' and documentnumber = 5
20250115@180710.9448 r3i25lpcu0iutrlr6tt4t5sjoh Query : select 1 valor from information_schema.tables where table_type='base table' and table_name='wstablefields'
20250115@180710.9463 r3i25lpcu0iutrlr6tt4t5sjoh Query : select fieldkey,fieldname,fieldtype,mandatory from wstablefields where tablename = 'bi2' and documentnumber = 5
20250115@180710.9472 r3i25lpcu0iutrlr6tt4t5sjoh Query : select sestamp valor from se where ref ='323.367.09.00' and lote = 'r2400053200a'
20250115@180710.9485 r3i25lpcu0iutrlr6tt4t5sjoh Query : select top 1 convert(numeric(6,2),t.taxa) valor from taxasiva t where t.codigo='2'
20250115@180710.9497 r3i25lpcu0iutrlr6tt4t5sjoh Query : select 1 valor from information_schema.tables where table_type='base table' and table_name='wstablefields'
20250115@180710.9512 r3i25lpcu0iutrlr6tt4t5sjoh Query : select fieldkey,fieldname,fieldtype,calcformula from wstablefields where tablename = 'bi2' and documentnumber = 5
20250115@180710.9525 r3i25lpcu0iutrlr6tt4t5sjoh Query : insert into wsbi2data (bi2stamp,bostamp,morada, local,codpost ,ousrdata, ousrhora, usrdata,usrhora,ousrinis,usrinis) select 'aut6787f839726787f94ee7','aut6787f020326787f94d65',bo.morada, bo.local,bo.codpost ,getdate(),convert(char(8),convert (time,getdate())),getdate(),convert(char(8),convert (time,getdate())),'aut','aut' from wsbodata bo where bo.bostamp = 'aut6787f020326787f94d65'
20250115@180710.9690 r3i25lpcu0iutrlr6tt4t5sjoh Query : select 1 valor from information_schema.tables where table_type='base table' and table_name='wstablefields'
20250115@180710.9710 r3i25lpcu0iutrlr6tt4t5sjoh Query : select fieldkey,fieldname,fieldtype,calcformula from wstablefields where tablename = 'bi' and documentnumber = 5
20250115@180710.9726 r3i25lpcu0iutrlr6tt4t5sjoh Query : insert into wsbidata (bistamp,ousrdata, ousrhora, usrdata,usrhora,ousrinis,usrinis ,obrano, qtt,uni2qtt ,no, estab,nmdos ,ndos, obranome,fechada, dataobra ,rdata ,dataopen, datafecho,local, morada ,codpost, nome,bostamp,lordem ,edebito,debito, epu,pu ,ivaincl,stns,unidade, unidad2 ,marcada,usalote ,ettdeb,ttdeb,epcusto, pcusto ,ecustoind,custoind ,vendedor,vendnm, ccusto,ncusto ,noserie,tabiva,iva ,ref,design,familia,desconto,desc2,desc3,desc4,eslvu,slvu,esltt,sltt,oobistamp,vumoeda,ttmoeda,slvumoeda,slttmoeda,lote,armazem,ar2mazem,obistamp ,stipo) select 'aut6787f839726787f94ee7',getdate(),convert(char(8),convert (time,getdate())),getdate(),convert(char(8),convert (time,getdate())),'aut','aut',bo.obrano, 8.000, 8.000*.0000000 ,bo.no, bo.estab,bo.nmdos ,bo.ndos, bo.obranome,bo.fechada, bo.dataobra ,bo.dataobra ,bo.dataopen,bo.datafecho,bo.local, bo.morada ,bo.codpost, bo.nome,bo.bostamp,120000 ,219.99,219.99*200.48,219.99,219.99*200.48 ,0,0,'un ','' ,bo.marcada,1 ,219.99*8.000,219.99*8.000*200.48 ,67.460000,67.460000*200.48 ,67.460000,67.460000*200.48 ,bo.vendedor,bo.vendnm,bo.ccusto,bo.ncusto ,0,2,23.00,?,?,?,0,0,0,0,219.99,219.99*200.48,219.99*8.000,219.99*8.000*200.48,'pll25011439583,081000010 ',219.99,219.99*8.000,219.99,219.99*8.000,?,?,?,?,4 from wsbodata bo where bo.bostamp = 'aut6787f020326787f94d65'
20250115@180711.5500 r3i25lpcu0iutrlr6tt4t5sjoh Query : use flama_phc
20250115@180711.6200 r3i25lpcu0iutrlr6tt4t5sjoh Query : select st.usalote valor from st where st.ref = '324.1317.00.1'
20250115@180711.7900 r3i25lpcu0iutrlr6tt4t5sjoh Query : use flama_phc
20250115@180711.8200 r3i25lpcu0iutrlr6tt4t5sjoh Query : select st.stns valor from st where st.ref = '324.1317.00.1'
20250115@180711.9900 r3i25lpcu0iutrlr6tt4t5sjoh Query : use flama_phc
20250115@180711.1010 r3i25lpcu0iutrlr6tt4t5sjoh Query : select isnull(sum(stock) ,0)stock ,isnull(sum(qttrec),0) qttrec ,0 qttcat ,isnull(sum(rescli),0) rescli ,isnull(sum(resfor),0) resfor from sa where sa.ref = '324.1317.00.1' and sa.armazem = 133 
20250115@180711.1830 r3i25lpcu0iutrlr6tt4t5sjoh Query : use flama_phc
20250115@180711.1860 r3i25lpcu0iutrlr6tt4t5sjoh Query : select st.stns valor from st where st.ref = '324.1317.00.1'
20250115@180711.2180 r3i25lpcu0iutrlr6tt4t5sjoh Query : select top 1 st.tabiva ,st.ivaincl ,st.stns ,st.uni2 ,st.familia ,isnull(tx.taxa, 0) txiva ,unidade ,usalote ,epcpond ,noserie ,conversao ,st.texteis from st left join taxasiva tx on st.tabiva = tx.codigo where st.ref = '324.1317.00.1'
20250115@180711.3780 r3i25lpcu0iutrlr6tt4t5sjoh Query : select 1 valor from information_schema.tables where table_type='base table' and table_name='wstablefields'
20250115@180711.4010 r3i25lpcu0iutrlr6tt4t5sjoh Query : select fieldkey,fieldname,fieldtype,mandatory from wstablefields where tablename = 'bi' and documentnumber = 5
20250115@180711.4130 r3i25lpcu0iutrlr6tt4t5sjoh Query : select 1 valor from information_schema.tables where table_type='base table' and table_name='wstablefields'
20250115@180711.4300 r3i25lpcu0iutrlr6tt4t5sjoh Query : select fieldkey,fieldname,fieldtype,mandatory from wstablefields where tablename = 'bi2' and documentnumber = 5
20250115@180711.4390 r3i25lpcu0iutrlr6tt4t5sjoh Query : select sestamp valor from se where ref ='324.1317.00.1' and lote = 'r2400459200a'
20250115@180711.4530 r3i25lpcu0iutrlr6tt4t5sjoh Query : select top 1 convert(numeric(6,2),t.taxa) valor from taxasiva t where t.codigo='2'
20250115@180711.4660 r3i25lpcu0iutrlr6tt4t5sjoh Query : select 1 valor from information_schema.tables where table_type='base table' and table_name='wstablefields'
20250115@180711.4800 r3i25lpcu0iutrlr6tt4t5sjoh Query : select fieldkey,fieldname,fieldtype,calcformula from wstablefields where tablename = 'bi2' and documentnumber = 5
20250115@180711.4920 r3i25lpcu0iutrlr6tt4t5sjoh Query : insert into wsbi2data (bi2stamp,bostamp,morada, local,codpost ,ousrdata, ousrhora, usrdata,usrhora,ousrinis,usrinis) select 'aut6787f547706787f94f0b','aut6787f020326787f94d65',bo.morada, bo.local,bo.codpost ,getdate(),convert(char(8),convert (time,getdate())),getdate(),convert(char(8),convert (time,getdate())),'aut','aut' from wsbodata bo where bo.bostamp = 'aut6787f020326787f94d65'
20250115@180711.6800 r3i25lpcu0iutrlr6tt4t5sjoh Query : select 1 valor from information_schema.tables where table_type='base table' and table_name='wstablefields'
20250115@180711.8490 r3i25lpcu0iutrlr6tt4t5sjoh Query : select fieldkey,fieldname,fieldtype,calcformula from wstablefields where tablename = 'bi' and documentnumber = 5
20250115@180711.8680 r3i25lpcu0iutrlr6tt4t5sjoh Query : insert into wsbidata (bistamp,ousrdata, ousrhora, usrdata,usrhora,ousrinis,usrinis ,obrano, qtt,uni2qtt ,no, estab,nmdos ,ndos, obranome,fechada, dataobra ,rdata ,dataopen, datafecho,local, morada ,codpost, nome,bostamp,lordem ,edebito,debito, epu,pu ,ivaincl,stns,unidade, unidad2 ,marcada,usalote ,ettdeb,ttdeb,epcusto, pcusto ,ecustoind,custoind ,vendedor,vendnm, ccusto,ncusto ,noserie,tabiva,iva ,ref,design,familia,desconto,desc2,desc3,desc4,eslvu,slvu,esltt,sltt,oobistamp,vumoeda,ttmoeda,slvumoeda,slttmoeda,lote,armazem,ar2mazem,obistamp ,stipo) select 'aut6787f547706787f94f0b',getdate(),convert(char(8),convert (time,getdate())),getdate(),convert(char(8),convert (time,getdate())),'aut','aut',bo.obrano, 8.000, 8.000*.0000000 ,bo.no, bo.estab,bo.nmdos ,bo.ndos, bo.obranome,bo.fechada, bo.dataobra ,bo.dataobra ,bo.dataopen,bo.datafecho,bo.local, bo.morada ,bo.codpost, bo.nome,bo.bostamp,130000 ,179.99,179.99*200.48,179.99,179.99*200.48 ,0,0,'un ','' ,bo.marcada,1 ,179.99*8.000,179.99*8.000*200.48 ,50.590000,50.590000*200.48 ,50.590000,50.590000*200.48 ,bo.vendedor,bo.vendnm,bo.ccusto,bo.ncusto ,0,2,23.00,?,?,?,0,0,0,0,179.99,179.99*200.48,179.99*8.000,179.99*8.000*200.48,'pll25011439608,181000011 ',179.99,179.99*8.000,179.99,179.99*8.000,?,?,?,?,4 from wsbodata bo where bo.bostamp = 'aut6787f020326787f94d65'
20250115@180711.1187 r3i25lpcu0iutrlr6tt4t5sjoh Query : use flama_phc
20250115@180711.1193 r3i25lpcu0iutrlr6tt4t5sjoh Query : select st.usalote valor from st where st.ref = '324.2366.00.1'
20250115@180711.1208 r3i25lpcu0iutrlr6tt4t5sjoh Query : use flama_phc
20250115@180711.1211 r3i25lpcu0iutrlr6tt4t5sjoh Query : select st.stns valor from st where st.ref = '324.2366.00.1'
20250115@180711.1297 r3i25lpcu0iutrlr6tt4t5sjoh Query : use flama_phc
20250115@180711.1300 r3i25lpcu0iutrlr6tt4t5sjoh Query : select isnull(sum(stock) ,0)stock ,isnull(sum(qttrec),0) qttrec ,0 qttcat ,isnull(sum(rescli),0) rescli ,isnull(sum(resfor),0) resfor from sa where sa.ref = '324.2366.00.1' and sa.armazem = 133 
20250115@180711.1450 r3i25lpcu0iutrlr6tt4t5sjoh Query : use flama_phc
20250115@180711.1453 r3i25lpcu0iutrlr6tt4t5sjoh Query : select st.stns valor from st where st.ref = '324.2366.00.1'
20250115@180711.1477 r3i25lpcu0iutrlr6tt4t5sjoh Query : select top 1 st.tabiva ,st.ivaincl ,st.stns ,st.uni2 ,st.familia ,isnull(tx.taxa, 0) txiva ,unidade ,usalote ,epcpond ,noserie ,conversao ,st.texteis from st left join taxasiva tx on st.tabiva = tx.codigo where st.ref = '324.2366.00.1'
20250115@180711.1634 r3i25lpcu0iutrlr6tt4t5sjoh Query : select 1 valor from information_schema.tables where table_type='base table' and table_name='wstablefields'
20250115@180711.1651 r3i25lpcu0iutrlr6tt4t5sjoh Query : select fieldkey,fieldname,fieldtype,mandatory from wstablefields where tablename = 'bi' and documentnumber = 5
20250115@180711.1664 r3i25lpcu0iutrlr6tt4t5sjoh Query : select 1 valor from information_schema.tables where table_type='base table' and table_name='wstablefields'
20250115@180711.1679 r3i25lpcu0iutrlr6tt4t5sjoh Query : select fieldkey,fieldname,fieldtype,mandatory from wstablefields where tablename = 'bi2' and documentnumber = 5
20250115@180711.1688 r3i25lpcu0iutrlr6tt4t5sjoh Query : select sestamp valor from se where ref ='324.2366.00.1' and lote = 'r2400498100a'
20250115@180711.1709 r3i25lpcu0iutrlr6tt4t5sjoh Query : select top 1 convert(numeric(6,2),t.taxa) valor from taxasiva t where t.codigo='2'
20250115@180711.1722 r3i25lpcu0iutrlr6tt4t5sjoh Query : select 1 valor from information_schema.tables where table_type='base table' and table_name='wstablefields'
20250115@180711.1737 r3i25lpcu0iutrlr6tt4t5sjoh Query : select fieldkey,fieldname,fieldtype,calcformula from wstablefields where tablename = 'bi2' and documentnumber = 5
20250115@180711.1749 r3i25lpcu0iutrlr6tt4t5sjoh Query : insert into wsbi2data (bi2stamp,bostamp,morada, local,codpost ,ousrdata, ousrhora, usrdata,usrhora,ousrinis,usrinis) select 'aut6787f854416787f94f2a','aut6787f020326787f94d65',bo.morada, bo.local,bo.codpost ,getdate(),convert(char(8),convert (time,getdate())),getdate(),convert(char(8),convert (time,getdate())),'aut','aut' from wsbodata bo where bo.bostamp = 'aut6787f020326787f94d65'
20250115@180711.1907 r3i25lpcu0iutrlr6tt4t5sjoh Query : select 1 valor from information_schema.tables where table_type='base table' and table_name='wstablefields'
20250115@180711.1942 r3i25lpcu0iutrlr6tt4t5sjoh Query : select fieldkey,fieldname,fieldtype,calcformula from wstablefields where tablename = 'bi' and documentnumber = 5
20250115@180711.1960 r3i25lpcu0iutrlr6tt4t5sjoh Query : insert into wsbidata (bistamp,ousrdata, ousrhora, usrdata,usrhora,ousrinis,usrinis ,obrano, qtt,uni2qtt ,no, estab,nmdos ,ndos, obranome,fechada, dataobra ,rdata ,dataopen, datafecho,local, morada ,codpost, nome,bostamp,lordem ,edebito,debito, epu,pu ,ivaincl,stns,unidade, unidad2 ,marcada,usalote ,ettdeb,ttdeb,epcusto, pcusto ,ecustoind,custoind ,vendedor,vendnm, ccusto,ncusto ,noserie,tabiva,iva ,ref,design,familia,desconto,desc2,desc3,desc4,eslvu,slvu,esltt,sltt,oobistamp,vumoeda,ttmoeda,slvumoeda,slttmoeda,lote,armazem,ar2mazem,obistamp ,stipo) select 'aut6787f854416787f94f2a',getdate(),convert(char(8),convert (time,getdate())),getdate(),convert(char(8),convert (time,getdate())),'aut','aut',bo.obrano, 4.000, 4.000*.0000000 ,bo.no, bo.estab,bo.nmdos ,bo.ndos, bo.obranome,bo.fechada, bo.dataobra ,bo.dataobra ,bo.dataopen,bo.datafecho,bo.local, bo.morada ,bo.codpost, bo.nome,bo.bostamp,140000 ,109.99,109.99*200.48,109.99,109.99*200.48 ,0,0,'un',' ' ,bo.marcada,1 ,109.99*4.000,109.99*4.000*200.48 ,29.441000,29.441000*200.48 ,29.441000,29.441000*200.48 ,bo.vendedor,bo.vendnm,bo.ccusto,bo.ncusto ,0,2,23.00,?,?,?,0,0,0,0,109.99,109.99*200.48,109.99*4.000,109.99*4.000*200.48,'pll25011439650,326000012 ',109.99,109.99*4.000,109.99,109.99*4.000,?,?,?,?,4 from wsbodata bo where bo.bostamp = 'aut6787f020326787f94d65'
20250115@180711.2293 r3i25lpcu0iutrlr6tt4t5sjoh Query : insert into wsbocreationlog (initialstamp,externalid,creationstatus,documenttypeid,idustamp,transactionid) values ('aut6787f020326787f94d65','','wait',5,'adm12071144683,938000003','')
20250115@180711.2588 r3i25lpcu0iutrlr6tt4t5sjoh Query : use flama_phc
20250115@180711.2592 r3i25lpcu0iutrlr6tt4t5sjoh Query : update u_wsusers set rqsttoken =? where userid ='userls001'
20250115@180711.2656 r3i25lpcu0iutrlr6tt4t5sjoh Query : select concat(rtrim(relative_path),ltrim(name_new)) as valor from uploadfiles where uploadfile_id='4641';
20250115@180711.2698 r3i25lpcu0iutrlr6tt4t5sjoh Query : update uploadfiles set whenupdated=current_timestamp where uploadfile_id='4641';
20250115@181909.2031 jmk1unn92lbo5qidjg54ij8l9v Query : use flama_phc
20250115@181909.2035 jmk1unn92lbo5qidjg54ij8l9v Query : select secretkey valor from u_wsusers u where u.userid = ? and u.username=? and u.password=? and u.inactivo=0
20250115@181909.2123 jmk1unn92lbo5qidjg54ij8l9v Query : use flama_phc
20250115@181909.2126 jmk1unn92lbo5qidjg54ij8l9v Query : update u_wsusers set rqsttoken =? where userid ='userls001'
20250115@183609.3404 kepbml3peheqba4mjb5b3d01el Query : use flama_phc
20250115@183609.3410 kepbml3peheqba4mjb5b3d01el Query : select secretkey valor from u_wsusers u where u.userid = ? and u.username=? and u.password=? and u.inactivo=0
20250115@183609.3510 kepbml3peheqba4mjb5b3d01el Query : use flama_phc
20250115@183609.3514 kepbml3peheqba4mjb5b3d01el Query : update u_wsusers set rqsttoken =? where userid ='userls001'
20250115@191910.3833 rn1ia4tktg1dc5pcu6uii81jq4 Query : use flama_phc
20250115@191910.3838 rn1ia4tktg1dc5pcu6uii81jq4 Query : select secretkey valor from u_wsusers u where u.userid = ? and u.username=? and u.password=? and u.inactivo=0
20250115@191910.3936 rn1ia4tktg1dc5pcu6uii81jq4 Query : use flama_phc
20250115@191910.3939 rn1ia4tktg1dc5pcu6uii81jq4 Query : update u_wsusers set rqsttoken =? where userid ='userls001'
20250115@193610.5289 3q01ncr8ek826o219hdg2opc4t Query : use flama_phc
20250115@193610.5294 3q01ncr8ek826o219hdg2opc4t Query : select secretkey valor from u_wsusers u where u.userid = ? and u.username=? and u.password=? and u.inactivo=0
20250115@193610.5383 3q01ncr8ek826o219hdg2opc4t Query : use flama_phc
20250115@193610.5386 3q01ncr8ek826o219hdg2opc4t Query : update u_wsusers set rqsttoken =? where userid ='userls001'
20250115@201909.3512 0iu5e8iiat8mllvcoeo72k0iev Query : use flama_phc
20250115@201909.3516 0iu5e8iiat8mllvcoeo72k0iev Query : select secretkey valor from u_wsusers u where u.userid = ? and u.username=? and u.password=? and u.inactivo=0
20250115@201909.3621 0iu5e8iiat8mllvcoeo72k0iev Query : use flama_phc
20250115@201909.3625 0iu5e8iiat8mllvcoeo72k0iev Query : update u_wsusers set rqsttoken =? where userid ='userls001'
20250115@203609.5018 vul0qatlcjovuu6h1lkiilfq2v Query : use flama_phc
20250115@203609.5023 vul0qatlcjovuu6h1lkiilfq2v Query : select secretkey valor from u_wsusers u where u.userid = ? and u.username=? and u.password=? and u.inactivo=0
20250115@203609.5212 vul0qatlcjovuu6h1lkiilfq2v Query : use flama_phc
20250115@203609.5215 vul0qatlcjovuu6h1lkiilfq2v Query : update u_wsusers set rqsttoken =? where userid ='userls001'
20250115@211908.9697 hnp8j0ofqou200hh3qgln89pjt Query : use flama_phc
20250115@211908.9701 hnp8j0ofqou200hh3qgln89pjt Query : select secretkey valor from u_wsusers u where u.userid = ? and u.username=? and u.password=? and u.inactivo=0
20250115@211908.9799 hnp8j0ofqou200hh3qgln89pjt Query : use flama_phc
20250115@211908.9802 hnp8j0ofqou200hh3qgln89pjt Query : update u_wsusers set rqsttoken =? where userid ='userls001'
20250115@213608.7194 9mkvdv4vi4k1knoinfmuu8h4sm Query : use flama_phc
20250115@213608.7198 9mkvdv4vi4k1knoinfmuu8h4sm Query : select secretkey valor from u_wsusers u where u.userid = ? and u.username=? and u.password=? and u.inactivo=0
20250115@213608.7289 9mkvdv4vi4k1knoinfmuu8h4sm Query : use flama_phc
20250115@213608.7330 9mkvdv4vi4k1knoinfmuu8h4sm Query : update u_wsusers set rqsttoken =? where userid ='userls001'
20250115@221910.9595 o94ik2hafsovl8c126253bsrop Query : use flama_phc
20250115@221910.9638 o94ik2hafsovl8c126253bsrop Query : select secretkey valor from u_wsusers u where u.userid = ? and u.username=? and u.password=? and u.inactivo=0
20250115@221910.9743 o94ik2hafsovl8c126253bsrop Query : use flama_phc
20250115@221910.9746 o94ik2hafsovl8c126253bsrop Query : update u_wsusers set rqsttoken =? where userid ='userls001'
20250115@223611.2110 kslsskc2b7uubbg12ca3ed6uj5 Query : use flama_phc
20250115@223611.2114 kslsskc2b7uubbg12ca3ed6uj5 Query : select secretkey valor from u_wsusers u where u.userid = ? and u.username=? and u.password=? and u.inactivo=0
20250115@223611.2211 kslsskc2b7uubbg12ca3ed6uj5 Query : use flama_phc
20250115@223611.2215 kslsskc2b7uubbg12ca3ed6uj5 Query : update u_wsusers set rqsttoken =? where userid ='userls001'
20250115@231910.6112 0mmap6l648abdtbd6pbm507jnn Query : use flama_phc
20250115@231910.6116 0mmap6l648abdtbd6pbm507jnn Query : select secretkey valor from u_wsusers u where u.userid = ? and u.username=? and u.password=? and u.inactivo=0
20250115@231910.6211 0mmap6l648abdtbd6pbm507jnn Query : use flama_phc
20250115@231910.6214 0mmap6l648abdtbd6pbm507jnn Query : update u_wsusers set rqsttoken =? where userid ='userls001'
20250115@233610.5733 4mlik4gni4fdpmriif2te95r51 Query : use flama_phc
20250115@233610.5774 4mlik4gni4fdpmriif2te95r51 Query : select secretkey valor from u_wsusers u where u.userid = ? and u.username=? and u.password=? and u.inactivo=0
20250115@233610.5903 4mlik4gni4fdpmriif2te95r51 Query : use flama_phc
20250115@233610.5907 4mlik4gni4fdpmriif2te95r51 Query : update u_wsusers set rqsttoken =? where userid ='userls001'
20250116@071908.5666 oeqakr5snjtm1aoajrut2t29di Query : use flama_phc
20250116@071908.5670 oeqakr5snjtm1aoajrut2t29di Query : select secretkey valor from u_wsusers u where u.userid = ? and u.username=? and u.password=? and u.inactivo=0
20250116@071908.5819 oeqakr5snjtm1aoajrut2t29di Query : use flama_phc
20250116@071908.5822 oeqakr5snjtm1aoajrut2t29di Query : update u_wsusers set rqsttoken =? where userid ='userls001'
20250116@073602.7958 gle3f5n5rep44h97ulvbflkot9 Query : use flama_phc
20250116@073602.7963 gle3f5n5rep44h97ulvbflkot9 Query : select secretkey valor from u_wsusers u where u.userid = ? and u.username=? and u.password=? and u.inactivo=0
20250116@073602.8054 gle3f5n5rep44h97ulvbflkot9 Query : use flama_phc
20250116@073602.8057 gle3f5n5rep44h97ulvbflkot9 Query : update u_wsusers set rqsttoken =? where userid ='userls001'
20250116@081908.4900 30jevb1054vfdjpj0ol9k64295 Query : use flama_phc
20250116@081908.4904 30jevb1054vfdjpj0ol9k64295 Query : select secretkey valor from u_wsusers u where u.userid = ? and u.username=? and u.password=? and u.inactivo=0
20250116@081908.4991 30jevb1054vfdjpj0ol9k64295 Query : use flama_phc
20250116@081908.4994 30jevb1054vfdjpj0ol9k64295 Query : update u_wsusers set rqsttoken =? where userid ='userls001'
20250116@083608.2942 32aq0ftdgubsljg44f9ne8sams Query : use flama_phc
20250116@083608.2947 32aq0ftdgubsljg44f9ne8sams Query : select secretkey valor from u_wsusers u where u.userid = ? and u.username=? and u.password=? and u.inactivo=0
20250116@083608.3044 32aq0ftdgubsljg44f9ne8sams Query : use flama_phc
20250116@083608.3048 32aq0ftdgubsljg44f9ne8sams Query : update u_wsusers set rqsttoken =? where userid ='userls001'
20250116@091908.4527 922n52r6ks5hvc4ks81mc1dpo4 Query : use flama_phc
20250116@091908.4531 922n52r6ks5hvc4ks81mc1dpo4 Query : select secretkey valor from u_wsusers u where u.userid = ? and u.username=? and u.password=? and u.inactivo=0
20250116@091908.4618 922n52r6ks5hvc4ks81mc1dpo4 Query : use flama_phc
20250116@091908.4621 922n52r6ks5hvc4ks81mc1dpo4 Query : update u_wsusers set rqsttoken =? where userid ='userls001'
20250116@093608.8080 7vj36lpgi1slros8upicevt4kt Query : use flama_phc
20250116@093608.8130 7vj36lpgi1slros8upicevt4kt Query : select secretkey valor from u_wsusers u where u.userid = ? and u.username=? and u.password=? and u.inactivo=0
20250116@093608.9620 7vj36lpgi1slros8upicevt4kt Query : use flama_phc
20250116@093608.9670 7vj36lpgi1slros8upicevt4kt Query : update u_wsusers set rqsttoken =? where userid ='userls001'
20250116@101908.7924 slfkd8l0vt6crpt0mnko1u1biv Query : use flama_phc
20250116@101908.7928 slfkd8l0vt6crpt0mnko1u1biv Query : select secretkey valor from u_wsusers u where u.userid = ? and u.username=? and u.password=? and u.inactivo=0
20250116@101908.8068 slfkd8l0vt6crpt0mnko1u1biv Query : use flama_phc
20250116@101908.8072 slfkd8l0vt6crpt0mnko1u1biv Query : update u_wsusers set rqsttoken =? where userid ='userls001'
20250116@103608.9545 17n70n9jus0iaulm49lr16g8he Query : use flama_phc
20250116@103608.9580 17n70n9jus0iaulm49lr16g8he Query : select secretkey valor from u_wsusers u where u.userid = ? and u.username=? and u.password=? and u.inactivo=0
20250116@103608.9729 17n70n9jus0iaulm49lr16g8he Query : use flama_phc
20250116@103608.9733 17n70n9jus0iaulm49lr16g8he Query : update u_wsusers set rqsttoken =? where userid ='userls001'
20250116@111909.3838 rqo3j5s31ucs49hbg1r99to9bh Query : use flama_phc
20250116@111909.3842 rqo3j5s31ucs49hbg1r99to9bh Query : select secretkey valor from u_wsusers u where u.userid = ? and u.username=? and u.password=? and u.inactivo=0
20250116@111909.3956 rqo3j5s31ucs49hbg1r99to9bh Query : use flama_phc
20250116@111909.3960 rqo3j5s31ucs49hbg1r99to9bh Query : update u_wsusers set rqsttoken =? where userid ='userls001'
20250116@113609.1610 i112op343gfqulh6pm77vsrdrt Query : use flama_phc
20250116@113609.1615 i112op343gfqulh6pm77vsrdrt Query : select secretkey valor from u_wsusers u where u.userid = ? and u.username=? and u.password=? and u.inactivo=0
20250116@113609.1703 i112op343gfqulh6pm77vsrdrt Query : use flama_phc
20250116@113609.1707 i112op343gfqulh6pm77vsrdrt Query : update u_wsusers set rqsttoken =? where userid ='userls001'
20250116@121909.4592 blmt72g2ivohnjo9t9dl44vhgs Query : use flama_phc
20250116@121909.4596 blmt72g2ivohnjo9t9dl44vhgs Query : select secretkey valor from u_wsusers u where u.userid = ? and u.username=? and u.password=? and u.inactivo=0
20250116@121909.4745 blmt72g2ivohnjo9t9dl44vhgs Query : use flama_phc
20250116@121909.4750 blmt72g2ivohnjo9t9dl44vhgs Query : update u_wsusers set rqsttoken =? where userid ='userls001'
20250116@123609.4806 bge965p8e8arqnur28ok870fb0 Query : use flama_phc
20250116@123609.4812 bge965p8e8arqnur28ok870fb0 Query : select secretkey valor from u_wsusers u where u.userid = ? and u.username=? and u.password=? and u.inactivo=0
20250116@123609.4910 bge965p8e8arqnur28ok870fb0 Query : use flama_phc
20250116@123609.4914 bge965p8e8arqnur28ok870fb0 Query : update u_wsusers set rqsttoken =? where userid ='userls001'
20250116@131910.7700 uudn9l92pn4rtfomm6k6nqj72b Query : use flama_phc
20250116@131910.8200 uudn9l92pn4rtfomm6k6nqj72b Query : select secretkey valor from u_wsusers u where u.userid = ? and u.username=? and u.password=? and u.inactivo=0
20250116@131910.3460 uudn9l92pn4rtfomm6k6nqj72b Query : use flama_phc
20250116@131910.3890 uudn9l92pn4rtfomm6k6nqj72b Query : update u_wsusers set rqsttoken =? where userid ='userls001'
20250116@133609.5527 r6ldkvdvq6q24sj8e40kjqip7r Query : use flama_phc
20250116@133609.5573 r6ldkvdvq6q24sj8e40kjqip7r Query : select secretkey valor from u_wsusers u where u.userid = ? and u.username=? and u.password=? and u.inactivo=0
20250116@133609.5677 r6ldkvdvq6q24sj8e40kjqip7r Query : use flama_phc
20250116@133609.5682 r6ldkvdvq6q24sj8e40kjqip7r Query : update u_wsusers set rqsttoken =? where userid ='userls001'
20250116@141909.4760 p4esjk57f0uera0c0tk8vl1b2k Query : use flama_phc
20250116@141909.4764 p4esjk57f0uera0c0tk8vl1b2k Query : select secretkey valor from u_wsusers u where u.userid = ? and u.username=? and u.password=? and u.inactivo=0
20250116@141909.4866 p4esjk57f0uera0c0tk8vl1b2k Query : use flama_phc
20250116@141909.4869 p4esjk57f0uera0c0tk8vl1b2k Query : update u_wsusers set rqsttoken =? where userid ='userls001'
20250116@143609.8820 huastl991dpqk62k3lgrghh1e0 Query : use flama_phc
20250116@143609.8870 huastl991dpqk62k3lgrghh1e0 Query : select secretkey valor from u_wsusers u where u.userid = ? and u.username=? and u.password=? and u.inactivo=0
20250116@143609.9860 huastl991dpqk62k3lgrghh1e0 Query : use flama_phc
20250116@143609.9910 huastl991dpqk62k3lgrghh1e0 Query : update u_wsusers set rqsttoken =? where userid ='userls001'
20250116@151908.5211 sd066q2s1rfj7gbkk0ik1a27h1 Query : use flama_phc
20250116@151908.5216 sd066q2s1rfj7gbkk0ik1a27h1 Query : select secretkey valor from u_wsusers u where u.userid = ? and u.username=? and u.password=? and u.inactivo=0
20250116@151908.5568 sd066q2s1rfj7gbkk0ik1a27h1 Query : use flama_phc
20250116@151908.5573 sd066q2s1rfj7gbkk0ik1a27h1 Query : update u_wsusers set rqsttoken =? where userid ='userls001'
20250116@153608.8082 qsd8mhi0fa9rq4ju418bo24pgu Query : use flama_phc
20250116@153608.8087 qsd8mhi0fa9rq4ju418bo24pgu Query : select secretkey valor from u_wsusers u where u.userid = ? and u.username=? and u.password=? and u.inactivo=0
20250116@153608.8224 qsd8mhi0fa9rq4ju418bo24pgu Query : use flama_phc
20250116@153608.8228 qsd8mhi0fa9rq4ju418bo24pgu Query : update u_wsusers set rqsttoken =? where userid ='userls001'
20250116@161909.1043 j03seg4j6moto6c6l4if76gj0a Query : use flama_phc
20250116@161909.1048 j03seg4j6moto6c6l4if76gj0a Query : select secretkey valor from u_wsusers u where u.userid = ? and u.username=? and u.password=? and u.inactivo=0
20250116@161909.1148 j03seg4j6moto6c6l4if76gj0a Query : use flama_phc
20250116@161909.1152 j03seg4j6moto6c6l4if76gj0a Query : update u_wsusers set rqsttoken =? where userid ='userls001'
20250116@161948.6042 vcubr78b0m3ilfo53julli50sg Query : insert into uploadfiles ( name_original, name_new, option_type, relative_path, whencreated ) values ( ?, ?, ?, ?, getdate() )
20250116@161948.6072 vcubr78b0m3ilfo53julli50sg Query : select uploadfile_id valor from uploadfiles where name_new = ? and option_type = ? 
20250116@161948.6456 vcubr78b0m3ilfo53julli50sg Query : select concat(rtrim(relative_path),ltrim(name_new)) as valor from uploadfiles where uploadfile_id='4642';
20250116@161948.6531 vcubr78b0m3ilfo53julli50sg Query : update uploadfiles set whenupdated=current_timestamp where uploadfile_id='4642';
20250116@161948.6680 vcubr78b0m3ilfo53julli50sg Query : select concat(rtrim(relative_path),ltrim(name_new)) as valor from uploadfiles where uploadfile_id='4642';
20250116@161948.6724 vcubr78b0m3ilfo53julli50sg Query : update uploadfiles set whenupdated=current_timestamp where uploadfile_id='4642';
20250116@161948.6824 vcubr78b0m3ilfo53julli50sg Query : use flama_phc
20250116@161948.6827 vcubr78b0m3ilfo53julli50sg Query : select top 1 secretkey valor from u_wsusers u where u.userid = ? and u.inactivo=0
20250116@161948.6944 vcubr78b0m3ilfo53julli50sg Query : use flama_phc
20250116@161948.6947 vcubr78b0m3ilfo53julli50sg Query : select no, estab,szadrsdesc from szadrs where u_coddest=2459
20250116@161948.7076 vcubr78b0m3ilfo53julli50sg Query : select top 1 isnull(design,'') valor from st (nolock) left join stobs (nolock) on st.ref = stobs.ref where st.ref = '324.1608.00.1'
20250116@161948.7236 vcubr78b0m3ilfo53julli50sg Query : select top 1 bistamp valor from bi inner join bo on bo.bostamp=bi.bostamp where bo.ndos =250 and bo.boano =2003 and bo.obrano = 2500343 and bi.ref ='324.1608.00.1' and bi.lordem =1
20250116@161948.7593 vcubr78b0m3ilfo53julli50sg Query : select top 1 isnull(design,'') valor from st (nolock) left join stobs (nolock) on st.ref = stobs.ref where st.ref = '324.1293.00.1'
20250116@161948.7801 vcubr78b0m3ilfo53julli50sg Query : select top 1 bistamp valor from bi inner join bo on bo.bostamp=bi.bostamp where bo.ndos =250 and bo.boano =2003 and bo.obrano = 2500343 and bi.ref ='324.1293.00.1' and bi.lordem =2
20250116@161948.8142 vcubr78b0m3ilfo53julli50sg Query : select top 1 isnull(design,'') valor from st (nolock) left join stobs (nolock) on st.ref = stobs.ref where st.ref = '324.4421.00.1'
20250116@161948.8303 vcubr78b0m3ilfo53julli50sg Query : select top 1 bistamp valor from bi inner join bo on bo.bostamp=bi.bostamp where bo.ndos =250 and bo.boano =2003 and bo.obrano = 2500343 and bi.ref ='324.4421.00.1' and bi.lordem =3
20250116@161948.8661 vcubr78b0m3ilfo53julli50sg Query : select top 1 isnull(design,'') valor from st (nolock) left join stobs (nolock) on st.ref = stobs.ref where st.ref = '324.4421.00.1'
20250116@161948.8683 vcubr78b0m3ilfo53julli50sg Query : select top 1 bistamp valor from bi inner join bo on bo.bostamp=bi.bostamp where bo.ndos =250 and bo.boano =2003 and bo.obrano = 2500343 and bi.ref ='324.4421.00.1' and bi.lordem =3
20250116@161948.8703 vcubr78b0m3ilfo53julli50sg Query : select top 1 isnull(design,'') valor from st (nolock) left join stobs (nolock) on st.ref = stobs.ref where st.ref = '324.1461.00.1'
20250116@161948.8856 vcubr78b0m3ilfo53julli50sg Query : select top 1 bistamp valor from bi inner join bo on bo.bostamp=bi.bostamp where bo.ndos =250 and bo.boano =2003 and bo.obrano = 2500343 and bi.ref ='324.1461.00.1' and bi.lordem =4
20250116@161948.9241 vcubr78b0m3ilfo53julli50sg Query : select top 1 isnull(design,'') valor from st (nolock) left join stobs (nolock) on st.ref = stobs.ref where st.ref = '324.1461.00.1'
20250116@161948.9264 vcubr78b0m3ilfo53julli50sg Query : select top 1 bistamp valor from bi inner join bo on bo.bostamp=bi.bostamp where bo.ndos =250 and bo.boano =2003 and bo.obrano = 2500343 and bi.ref ='324.1461.00.1' and bi.lordem =4
20250116@161948.9284 vcubr78b0m3ilfo53julli50sg Query : select top 1 isnull(design,'') valor from st (nolock) left join stobs (nolock) on st.ref = stobs.ref where st.ref = '324.948.00.01'
20250116@161948.9449 vcubr78b0m3ilfo53julli50sg Query : select top 1 bistamp valor from bi inner join bo on bo.bostamp=bi.bostamp where bo.ndos =250 and bo.boano =2003 and bo.obrano = 2500343 and bi.ref ='324.948.00.01' and bi.lordem =5
20250116@161948.9760 vcubr78b0m3ilfo53julli50sg Query : select top 1 isnull(design,'') valor from st (nolock) left join stobs (nolock) on st.ref = stobs.ref where st.ref = '324.958.00.01'
20250116@161948.9955 vcubr78b0m3ilfo53julli50sg Query : select top 1 bistamp valor from bi inner join bo on bo.bostamp=bi.bostamp where bo.ndos =250 and bo.boano =2003 and bo.obrano = 2500343 and bi.ref ='324.958.00.01' and bi.lordem =6
20250116@161949.2650 vcubr78b0m3ilfo53julli50sg Query : select top 1 isnull(design,'') valor from st (nolock) left join stobs (nolock) on st.ref = stobs.ref where st.ref = '324.958.00.01'
20250116@161949.2880 vcubr78b0m3ilfo53julli50sg Query : select top 1 bistamp valor from bi inner join bo on bo.bostamp=bi.bostamp where bo.ndos =250 and bo.boano =2003 and bo.obrano = 2500343 and bi.ref ='324.958.00.01' and bi.lordem =6
20250116@161949.3090 vcubr78b0m3ilfo53julli50sg Query : select top 1 isnull(design,'') valor from st (nolock) left join stobs (nolock) on st.ref = stobs.ref where st.ref = '324.969.00.01'
20250116@161949.6400 vcubr78b0m3ilfo53julli50sg Query : select top 1 bistamp valor from bi inner join bo on bo.bostamp=bi.bostamp where bo.ndos =250 and bo.boano =2003 and bo.obrano = 2500343 and bi.ref ='324.969.00.01' and bi.lordem =7
20250116@161949.1000 vcubr78b0m3ilfo53julli50sg Query : select top 1 isnull(design,'') valor from st (nolock) left join stobs (nolock) on st.ref = stobs.ref where st.ref = '324.2300.00.1'
20250116@161949.1157 vcubr78b0m3ilfo53julli50sg Query : select top 1 bistamp valor from bi inner join bo on bo.bostamp=bi.bostamp where bo.ndos =250 and bo.boano =2003 and bo.obrano = 2500343 and bi.ref ='324.2300.00.1' and bi.lordem =8
20250116@161949.1521 vcubr78b0m3ilfo53julli50sg Query : select top 1 isnull(design,'') valor from st (nolock) left join stobs (nolock) on st.ref = stobs.ref where st.ref = '324.1317.00.1'
20250116@161949.1831 vcubr78b0m3ilfo53julli50sg Query : select top 1 bistamp valor from bi inner join bo on bo.bostamp=bi.bostamp where bo.ndos =250 and bo.boano =2003 and bo.obrano = 2500343 and bi.ref ='324.1317.00.1' and bi.lordem =9
20250116@161949.2166 vcubr78b0m3ilfo53julli50sg Query : select top 1 isnull(design,'') valor from st (nolock) left join stobs (nolock) on st.ref = stobs.ref where st.ref = '324.1317.00.1'
20250116@161949.2189 vcubr78b0m3ilfo53julli50sg Query : select top 1 bistamp valor from bi inner join bo on bo.bostamp=bi.bostamp where bo.ndos =250 and bo.boano =2003 and bo.obrano = 2500343 and bi.ref ='324.1317.00.1' and bi.lordem =9
20250116@161949.2245 vcubr78b0m3ilfo53julli50sg Query : select top 1 isnull(design,'') valor from st (nolock) left join stobs (nolock) on st.ref = stobs.ref where st.ref = '324.1321.00.1'
20250116@161949.2405 vcubr78b0m3ilfo53julli50sg Query : select top 1 bistamp valor from bi inner join bo on bo.bostamp=bi.bostamp where bo.ndos =250 and bo.boano =2003 and bo.obrano = 2500343 and bi.ref ='324.1321.00.1' and bi.lordem =10
20250116@161949.2793 vcubr78b0m3ilfo53julli50sg Query : select top 1 isnull(design,'') valor from st (nolock) left join stobs (nolock) on st.ref = stobs.ref where st.ref = '324.1321.00.1'
20250116@161949.2819 vcubr78b0m3ilfo53julli50sg Query : select top 1 bistamp valor from bi inner join bo on bo.bostamp=bi.bostamp where bo.ndos =250 and bo.boano =2003 and bo.obrano = 2500343 and bi.ref ='324.1321.00.1' and bi.lordem =10
20250116@161949.2839 vcubr78b0m3ilfo53julli50sg Query : select top 1 isnull(design,'') valor from st (nolock) left join stobs (nolock) on st.ref = stobs.ref where st.ref = '324.1329.00.1'
20250116@161949.3003 vcubr78b0m3ilfo53julli50sg Query : select top 1 bistamp valor from bi inner join bo on bo.bostamp=bi.bostamp where bo.ndos =250 and bo.boano =2003 and bo.obrano = 2500343 and bi.ref ='324.1329.00.1' and bi.lordem =11
20250116@161949.3345 vcubr78b0m3ilfo53julli50sg Query : select top 1 isnull(design,'') valor from st (nolock) left join stobs (nolock) on st.ref = stobs.ref where st.ref = '324.1329.00.1'
20250116@161949.3371 vcubr78b0m3ilfo53julli50sg Query : select top 1 bistamp valor from bi inner join bo on bo.bostamp=bi.bostamp where bo.ndos =250 and bo.boano =2003 and bo.obrano = 2500343 and bi.ref ='324.1329.00.1' and bi.lordem =11
20250116@161949.3391 vcubr78b0m3ilfo53julli50sg Query : select top 1 isnull(design,'') valor from st (nolock) left join stobs (nolock) on st.ref = stobs.ref where st.ref = '324.1332.00.1'
20250116@161949.3626 vcubr78b0m3ilfo53julli50sg Query : select top 1 bistamp valor from bi inner join bo on bo.bostamp=bi.bostamp where bo.ndos =250 and bo.boano =2003 and bo.obrano = 2500343 and bi.ref ='324.1332.00.1' and bi.lordem =12
20250116@161949.3966 vcubr78b0m3ilfo53julli50sg Query : select top 1 isnull(design,'') valor from st (nolock) left join stobs (nolock) on st.ref = stobs.ref where st.ref = '324.1332.00.1'
20250116@161949.3992 vcubr78b0m3ilfo53julli50sg Query : select top 1 bistamp valor from bi inner join bo on bo.bostamp=bi.bostamp where bo.ndos =250 and bo.boano =2003 and bo.obrano = 2500343 and bi.ref ='324.1332.00.1' and bi.lordem =12
20250116@161949.4013 vcubr78b0m3ilfo53julli50sg Query : select top 1 isnull(design,'') valor from st (nolock) left join stobs (nolock) on st.ref = stobs.ref where st.ref = '324.1803.00.1'
20250116@161949.4180 vcubr78b0m3ilfo53julli50sg Query : select top 1 bistamp valor from bi inner join bo on bo.bostamp=bi.bostamp where bo.ndos =250 and bo.boano =2003 and bo.obrano = 2500343 and bi.ref ='324.1803.00.1' and bi.lordem =13
20250116@161949.4572 vcubr78b0m3ilfo53julli50sg Query : select top 1 isnull(design,'') valor from st (nolock) left join stobs (nolock) on st.ref = stobs.ref where st.ref = '324.1803.00.1'
20250116@161949.4596 vcubr78b0m3ilfo53julli50sg Query : select top 1 bistamp valor from bi inner join bo on bo.bostamp=bi.bostamp where bo.ndos =250 and bo.boano =2003 and bo.obrano = 2500343 and bi.ref ='324.1803.00.1' and bi.lordem =13
20250116@161949.4619 vcubr78b0m3ilfo53julli50sg Query : select top 1 isnull(design,'') valor from st (nolock) left join stobs (nolock) on st.ref = stobs.ref where st.ref = '324.1803.00.1'
20250116@161949.4641 vcubr78b0m3ilfo53julli50sg Query : select top 1 bistamp valor from bi inner join bo on bo.bostamp=bi.bostamp where bo.ndos =250 and bo.boano =2003 and bo.obrano = 2500343 and bi.ref ='324.1803.00.1' and bi.lordem =13
20250116@161949.4661 vcubr78b0m3ilfo53julli50sg Query : select top 1 isnull(design,'') valor from st (nolock) left join stobs (nolock) on st.ref = stobs.ref where st.ref = '324.1805.00.1'
20250116@161949.4816 vcubr78b0m3ilfo53julli50sg Query : select top 1 bistamp valor from bi inner join bo on bo.bostamp=bi.bostamp where bo.ndos =250 and bo.boano =2003 and bo.obrano = 2500343 and bi.ref ='324.1805.00.1' and bi.lordem =14
20250116@161949.6149 vcubr78b0m3ilfo53julli50sg Query : select top 1 isnull(design,'') valor from st (nolock) left join stobs (nolock) on st.ref = stobs.ref where st.ref = '324.1805.00.1'
20250116@161949.6181 vcubr78b0m3ilfo53julli50sg Query : select top 1 bistamp valor from bi inner join bo on bo.bostamp=bi.bostamp where bo.ndos =250 and bo.boano =2003 and bo.obrano = 2500343 and bi.ref ='324.1805.00.1' and bi.lordem =14
20250116@161949.6202 vcubr78b0m3ilfo53julli50sg Query : select top 1 isnull(design,'') valor from st (nolock) left join stobs (nolock) on st.ref = stobs.ref where st.ref = '324.1805.00.1'
20250116@161949.6261 vcubr78b0m3ilfo53julli50sg Query : select top 1 bistamp valor from bi inner join bo on bo.bostamp=bi.bostamp where bo.ndos =250 and bo.boano =2003 and bo.obrano = 2500343 and bi.ref ='324.1805.00.1' and bi.lordem =14
20250116@161949.6281 vcubr78b0m3ilfo53julli50sg Query : select top 1 isnull(design,'') valor from st (nolock) left join stobs (nolock) on st.ref = stobs.ref where st.ref = '324.1805.00.1'
20250116@161949.6302 vcubr78b0m3ilfo53julli50sg Query : select top 1 bistamp valor from bi inner join bo on bo.bostamp=bi.bostamp where bo.ndos =250 and bo.boano =2003 and bo.obrano = 2500343 and bi.ref ='324.1805.00.1' and bi.lordem =14
20250116@161949.6328 vcubr78b0m3ilfo53julli50sg Query : select top 1 isnull(design,'') valor from st (nolock) left join stobs (nolock) on st.ref = stobs.ref where st.ref = '324.1805.00.1'
20250116@161949.6361 vcubr78b0m3ilfo53julli50sg Query : select top 1 bistamp valor from bi inner join bo on bo.bostamp=bi.bostamp where bo.ndos =250 and bo.boano =2003 and bo.obrano = 2500343 and bi.ref ='324.1805.00.1' and bi.lordem =14
20250116@161949.6387 vcubr78b0m3ilfo53julli50sg Query : select top 1 isnull(design,'') valor from st (nolock) left join stobs (nolock) on st.ref = stobs.ref where st.ref = '324.1831.00.2'
20250116@161949.6573 vcubr78b0m3ilfo53julli50sg Query : select top 1 bistamp valor from bi inner join bo on bo.bostamp=bi.bostamp where bo.ndos =250 and bo.boano =2003 and bo.obrano = 2500343 and bi.ref ='324.1831.00.2' and bi.lordem =15
20250116@161949.7576 vcubr78b0m3ilfo53julli50sg Query : select top 1 isnull(design,'') valor from st (nolock) left join stobs (nolock) on st.ref = stobs.ref where st.ref = '324.1831.00.2'
20250116@161949.7672 vcubr78b0m3ilfo53julli50sg Query : select top 1 bistamp valor from bi inner join bo on bo.bostamp=bi.bostamp where bo.ndos =250 and bo.boano =2003 and bo.obrano = 2500343 and bi.ref ='324.1831.00.2' and bi.lordem =15
20250116@161949.7710 vcubr78b0m3ilfo53julli50sg Query : select top 1 isnull(design,'') valor from st (nolock) left join stobs (nolock) on st.ref = stobs.ref where st.ref = '324.1831.00.2'
20250116@161949.7742 vcubr78b0m3ilfo53julli50sg Query : select top 1 bistamp valor from bi inner join bo on bo.bostamp=bi.bostamp where bo.ndos =250 and bo.boano =2003 and bo.obrano = 2500343 and bi.ref ='324.1831.00.2' and bi.lordem =15
20250116@161949.7768 vcubr78b0m3ilfo53julli50sg Query : select top 1 isnull(design,'') valor from st (nolock) left join stobs (nolock) on st.ref = stobs.ref where st.ref = '324.1831.00.2'
20250116@161949.7805 vcubr78b0m3ilfo53julli50sg Query : select top 1 bistamp valor from bi inner join bo on bo.bostamp=bi.bostamp where bo.ndos =250 and bo.boano =2003 and bo.obrano = 2500343 and bi.ref ='324.1831.00.2' and bi.lordem =15
20250116@161949.7830 vcubr78b0m3ilfo53julli50sg Query : select top 1 isnull(design,'') valor from st (nolock) left join stobs (nolock) on st.ref = stobs.ref where st.ref = '324.1884.00.1'
20250116@161949.7998 vcubr78b0m3ilfo53julli50sg Query : select top 1 bistamp valor from bi inner join bo on bo.bostamp=bi.bostamp where bo.ndos =250 and bo.boano =2003 and bo.obrano = 2500343 and bi.ref ='324.1884.00.1' and bi.lordem =16
20250116@161949.8354 vcubr78b0m3ilfo53julli50sg Query : select top 1 isnull(design,'') valor from st (nolock) left join stobs (nolock) on st.ref = stobs.ref where st.ref = '324.1884.00.1'
20250116@161949.8378 vcubr78b0m3ilfo53julli50sg Query : select top 1 bistamp valor from bi inner join bo on bo.bostamp=bi.bostamp where bo.ndos =250 and bo.boano =2003 and bo.obrano = 2500343 and bi.ref ='324.1884.00.1' and bi.lordem =16
20250116@161949.8396 vcubr78b0m3ilfo53julli50sg Query : select top 1 isnull(design,'') valor from st (nolock) left join stobs (nolock) on st.ref = stobs.ref where st.ref = '324.1884.00.1'
20250116@161949.8418 vcubr78b0m3ilfo53julli50sg Query : select top 1 bistamp valor from bi inner join bo on bo.bostamp=bi.bostamp where bo.ndos =250 and bo.boano =2003 and bo.obrano = 2500343 and bi.ref ='324.1884.00.1' and bi.lordem =16
20250116@161949.8437 vcubr78b0m3ilfo53julli50sg Query : select top 1 isnull(design,'') valor from st (nolock) left join stobs (nolock) on st.ref = stobs.ref where st.ref = '324.1889.00.1'
20250116@161949.8617 vcubr78b0m3ilfo53julli50sg Query : select top 1 bistamp valor from bi inner join bo on bo.bostamp=bi.bostamp where bo.ndos =250 and bo.boano =2003 and bo.obrano = 2500343 and bi.ref ='324.1889.00.1' and bi.lordem =17
20250116@161949.8926 vcubr78b0m3ilfo53julli50sg Query : select top 1 isnull(design,'') valor from st (nolock) left join stobs (nolock) on st.ref = stobs.ref where st.ref = '324.1889.00.1'
20250116@161949.8983 vcubr78b0m3ilfo53julli50sg Query : select top 1 bistamp valor from bi inner join bo on bo.bostamp=bi.bostamp where bo.ndos =250 and bo.boano =2003 and bo.obrano = 2500343 and bi.ref ='324.1889.00.1' and bi.lordem =17
20250116@161949.9007 vcubr78b0m3ilfo53julli50sg Query : select top 1 isnull(design,'') valor from st (nolock) left join stobs (nolock) on st.ref = stobs.ref where st.ref = '324.1889.00.1'
20250116@161949.9033 vcubr78b0m3ilfo53julli50sg Query : select top 1 bistamp valor from bi inner join bo on bo.bostamp=bi.bostamp where bo.ndos =250 and bo.boano =2003 and bo.obrano = 2500343 and bi.ref ='324.1889.00.1' and bi.lordem =17
20250116@161949.9055 vcubr78b0m3ilfo53julli50sg Query : select top 1 isnull(design,'') valor from st (nolock) left join stobs (nolock) on st.ref = stobs.ref where st.ref = '324.1889.00.1'
20250116@161949.9082 vcubr78b0m3ilfo53julli50sg Query : select top 1 bistamp valor from bi inner join bo on bo.bostamp=bi.bostamp where bo.ndos =250 and bo.boano =2003 and bo.obrano = 2500343 and bi.ref ='324.1889.00.1' and bi.lordem =17
20250116@161949.9101 vcubr78b0m3ilfo53julli50sg Query : use flama_phc
20250116@161949.9105 vcubr78b0m3ilfo53julli50sg Query : select top 1 convert(date,fdata) valor from ft where ndoc = 39 and anulado= 0 and fno>0 order by fdata desc
20250116@161949.9349 vcubr78b0m3ilfo53julli50sg Query : use flama_phc
20250116@161949.9354 vcubr78b0m3ilfo53julli50sg Query : select top 1 1 valor from td where td.ndoc = 39
20250116@161949.9472 vcubr78b0m3ilfo53julli50sg Query : use flama_phc
20250116@161949.9477 vcubr78b0m3ilfo53julli50sg Query : select lower(descricao) descricao ,case when valor='s' then 1 else 0 end valor from para1 where descricao in ('st_lote','st_usalogifunc', 'st_grelha')
20250116@161949.9583 vcubr78b0m3ilfo53julli50sg Query : select top 1 manternumero ,assinadoc issigned ,tiposaft ,assinaimp ,nmdos ,td.assinadoc ,'cl' origin ,lancasl stocks ,case when cmsl<50 and td.lancasl=1 then 1 else 0 end entrada ,case when cmsl>50 and td.lancasl=1 then 1 else 0 end saida ,temserie assets ,~semgre usegridfields from td inner join td2 on td.tdstamp=td2.td2stamp where td.ndoc = 1
20250116@161949.9788 vcubr78b0m3ilfo53julli50sg Query : use flama_phc
20250116@161949.9792 vcubr78b0m3ilfo53julli50sg Query : select top 1 ~inactivo valor from cl where no = '200500' and estab = 0 order by inactivo desc
20250116@161949.9934 vcubr78b0m3ilfo53julli50sg Query : use flama_phc
20250116@161949.9938 vcubr78b0m3ilfo53julli50sg Query : select top 1 tipodoc,regrd from td where ndoc = 39
20250116@161950.7900 vcubr78b0m3ilfo53julli50sg Query : use flama_phc
20250116@161950.8300 vcubr78b0m3ilfo53julli50sg Query : select szadrsstamp valor from szadrs where szadrsdesc='espaÇotrans,lda'
20250116@161950.1820 vcubr78b0m3ilfo53julli50sg Query : use flama_phc
20250116@161950.1850 vcubr78b0m3ilfo53julli50sg Query : select szadrsstamp valor from szadrs where szadrsdesc='eldisser, s.a.'
20250116@161950.2370 vcubr78b0m3ilfo53julli50sg Query : use flama_phc
20250116@161950.2390 vcubr78b0m3ilfo53julli50sg Query : select 1 valor from td where ndoc = 39
20250116@161950.3630 vcubr78b0m3ilfo53julli50sg Query : select top 1 manternumero, tiposaft, nmdos,td.assinadoc from td where td.ndoc = 39
20250116@161950.4420 vcubr78b0m3ilfo53julli50sg Query : select 1 valor from information_schema.tables where table_type='base table' and table_name='wstablefields'
20250116@161950.9830 vcubr78b0m3ilfo53julli50sg Query : select fieldkey,fieldname,fieldtype,mandatory from wstablefields where tablename = 'ft' and documentnumber = 39
20250116@161950.1061 vcubr78b0m3ilfo53julli50sg Query : select 1 valor from information_schema.tables where table_type='base table' and table_name='wstablefields'
20250116@161950.1077 vcubr78b0m3ilfo53julli50sg Query : select fieldkey,fieldname,fieldtype,mandatory from wstablefields where tablename = 'ft2' and documentnumber = 39
20250116@161950.1108 vcubr78b0m3ilfo53julli50sg Query : select 1 valor from information_schema.tables where table_type='base table' and table_name='wstablefields'
20250116@161950.1123 vcubr78b0m3ilfo53julli50sg Query : select fieldkey,fieldname,fieldtype,mandatory from wstablefields where tablename = 'ft3' and documentnumber = 39
20250116@161950.1137 vcubr78b0m3ilfo53julli50sg Query : select top 1 ft.fno valor from ft ft where ft.ndoc = 39 and ftano=2025 order by fno desc
20250116@161950.1417 vcubr78b0m3ilfo53julli50sg Query : select top 1 ft.fno valor from wsftdata ft where ft.ndoc = 39 and ftano=2025 order by fno desc
20250116@161950.1533 vcubr78b0m3ilfo53julli50sg Query : select 1 valor from information_schema.tables where table_type='base table' and table_name='wstablefields'
20250116@161950.1551 vcubr78b0m3ilfo53julli50sg Query : select fieldkey,fieldname,fieldtype,calcformula from wstablefields where tablename = 'ft3' and documentnumber = 39
20250116@161950.1595 vcubr78b0m3ilfo53julli50sg Query : insert into wsft3data (ft3stamp, ousrdata, ousrhora, usrdata,usrhora,ousrinis,usrinis,taxpointdt ) values ('aut6789360313678931a61b' ,getdate(),convert(char(8),convert (time,getdate())),getdate(),convert(char(8),convert (time,getdate())),'wsv','wsv',?)
20250116@161950.1961 vcubr78b0m3ilfo53julli50sg Query : select 1 valor from information_schema.tables where table_type='base table' and table_name='wstablefields'
20250116@161950.1980 vcubr78b0m3ilfo53julli50sg Query : select fieldkey,fieldname,fieldtype,calcformula from wstablefields where tablename = 'ft2' and documentnumber = 39
20250116@161950.2018 vcubr78b0m3ilfo53julli50sg Query : select top 1 bo.u_nomeenv valor from bo where bo.bostamp=''
20250116@161950.2117 vcubr78b0m3ilfo53julli50sg Query : select top 1 bo.u_moradaen valor from bo where bo.bostamp=''
20250116@161950.2208 vcubr78b0m3ilfo53julli50sg Query : select top 1 bo.u_codposen valor from bo where bo.bostamp=''
20250116@161950.2295 vcubr78b0m3ilfo53julli50sg Query : select top 1 bo.u_localenv valor from bo where bo.bostamp=''
20250116@161950.2373 vcubr78b0m3ilfo53julli50sg Query : select top 1 bo.trab5 valor from bo where bo.bostamp=''
20250116@161950.2483 vcubr78b0m3ilfo53julli50sg Query : select top 1 bo.serie valor from bo where bo.bostamp=''
20250116@161950.2561 vcubr78b0m3ilfo53julli50sg Query : insert into wsft2data (ft2stamp, ousrdata,ousrhora, usrdata,usrhora,ousrinis,usrinis,u_nomeenv ,u_moradaen ,u_codposen ,u_localenv ,u_coddest ,u_codby ) values ('aut6789360313678931a61b',getdate(),convert(char(8),convert (time,getdate())),getdate(),convert(char(8),convert (time,getdate())),'wsv','wsv',?,?,?,?,?,?)
20250116@161950.3315 vcubr78b0m3ilfo53julli50sg Query : select top 1 fno valor from wsftdata order by fno desc
20250116@161950.3422 vcubr78b0m3ilfo53julli50sg Query : select 1 valor from information_schema.tables where table_type='base table' and table_name='wstablefields'
20250116@161950.3438 vcubr78b0m3ilfo53julli50sg Query : select fieldkey,fieldname,fieldtype,calcformula from wstablefields where tablename = 'ft' and documentnumber = 39
20250116@161950.3463 vcubr78b0m3ilfo53julli50sg Query : select 'normal' from dummy
20250116@161950.3508 vcubr78b0m3ilfo53julli50sg Query : insert into wsftdata (ftstamp, ousrdata,ousrhora, usrdata,usrhora,ousrinis,usrinis,fno,no,estab,fdata,ndoc,moeda,cambio,cambiofixo,ftano,site ,classe ) values ('aut6789360313678931a61b',getdate(),convert(char(8),convert (time,getdate())),getdate(),convert(char(8),convert (time,getdate())),'wsv','wsv',3015,200500,0,'2025-01-16',39,'euro',0,0,2025 ,?,?)
20250116@161950.4101 vcubr78b0m3ilfo53julli50sg Query : use flama_phc
20250116@161950.4104 vcubr78b0m3ilfo53julli50sg Query : select st.usalote valor from st where st.ref = '324.1608.00.1'
20250116@161950.4274 vcubr78b0m3ilfo53julli50sg Query : select top 1 st.tabiva ,st.ivaincl ,st.stns ,st.uni2 ,st.familia ,isnull(tx.taxa, 0) txiva ,unidade ,usalote ,epcpond ,noserie ,conversao ,st.texteis from st left join taxasiva tx on st.tabiva = tx.codigo where st.ref = '324.1608.00.1'
20250116@161950.4435 vcubr78b0m3ilfo53julli50sg Query : select 1 valor from information_schema.tables where table_type='base table' and table_name='wstablefields'
20250116@161950.4456 vcubr78b0m3ilfo53julli50sg Query : select fieldkey,fieldname,fieldtype,mandatory from wstablefields where tablename = 'fi' and documentnumber = 39
20250116@161950.4486 vcubr78b0m3ilfo53julli50sg Query : select 1 valor from information_schema.tables where table_type='base table' and table_name='wstablefields'
20250116@161950.4506 vcubr78b0m3ilfo53julli50sg Query : select fieldkey,fieldname,fieldtype,mandatory from wstablefields where tablename = 'fi2' and documentnumber = 39
20250116@161950.4516 vcubr78b0m3ilfo53julli50sg Query : select top 1 convert(numeric(6,2),t.taxa) valor from taxasiva t where t.codigo='2'
20250116@161950.4556 vcubr78b0m3ilfo53julli50sg Query : select sestamp valor from se where ref ='324.1608.00.1' and lote = 'r2400237100a'
20250116@161950.4613 vcubr78b0m3ilfo53julli50sg Query : select 1 valor from information_schema.tables where table_type='base table' and table_name='wstablefields'
20250116@161950.4628 vcubr78b0m3ilfo53julli50sg Query : select fieldkey,fieldname,fieldtype,calcformula from wstablefields where tablename = 'fi2' and documentnumber = 39
20250116@161950.4641 vcubr78b0m3ilfo53julli50sg Query : insert into wsfi2data (fi2stamp,ftstamp ,ousrdata, ousrhora, usrdata,usrhora,ousrinis,usrinis) values ('aut6789344043678931a670','aut6789360313678931a61b' ,getdate(),convert(char(8),convert (time,getdate())),getdate(),convert(char(8),convert (time,getdate())),'wsv','wsv')
20250116@161950.4707 vcubr78b0m3ilfo53julli50sg Query : select 1 valor from information_schema.tables where table_type='base table' and table_name='wstablefields'
20250116@161950.4722 vcubr78b0m3ilfo53julli50sg Query : select fieldkey,fieldname,fieldtype,calcformula from wstablefields where tablename = 'fi' and documentnumber = 39
20250116@161950.4753 vcubr78b0m3ilfo53julli50sg Query : insert into wsfidata (fistamp,ousrdata, ousrhora, usrdata,usrhora,ousrinis,usrinis ,qtt ,ftstamp ,epv,pvmoeda ,tabiva,iva,lordem ,ref, design ,lote,armazem,bistamp ) values ('aut6789344043678931a670',getdate(),convert(char(8),convert (time,getdate())),getdate(),convert(char(8),convert (time,getdate())),'wsv','wsv',30.000 ,'aut6789360313678931a61b' ,0,0 ,2,23.00,10000,?,?,?,?,?)
20250116@161950.5443 vcubr78b0m3ilfo53julli50sg Query : use flama_phc
20250116@161950.5446 vcubr78b0m3ilfo53julli50sg Query : select st.usalote valor from st where st.ref = '324.1293.00.1'
20250116@161950.5472 vcubr78b0m3ilfo53julli50sg Query : select top 1 st.tabiva ,st.ivaincl ,st.stns ,st.uni2 ,st.familia ,isnull(tx.taxa, 0) txiva ,unidade ,usalote ,epcpond ,noserie ,conversao ,st.texteis from st left join taxasiva tx on st.tabiva = tx.codigo where st.ref = '324.1293.00.1'
20250116@161950.5634 vcubr78b0m3ilfo53julli50sg Query : select 1 valor from information_schema.tables where table_type='base table' and table_name='wstablefields'
20250116@161950.5651 vcubr78b0m3ilfo53julli50sg Query : select fieldkey,fieldname,fieldtype,mandatory from wstablefields where tablename = 'fi' and documentnumber = 39
20250116@161950.5678 vcubr78b0m3ilfo53julli50sg Query : select 1 valor from information_schema.tables where table_type='base table' and table_name='wstablefields'
20250116@161950.5727 vcubr78b0m3ilfo53julli50sg Query : select fieldkey,fieldname,fieldtype,mandatory from wstablefields where tablename = 'fi2' and documentnumber = 39
20250116@161950.5736 vcubr78b0m3ilfo53julli50sg Query : select top 1 convert(numeric(6,2),t.taxa) valor from taxasiva t where t.codigo='2'
20250116@161950.5750 vcubr78b0m3ilfo53julli50sg Query : select sestamp valor from se where ref ='324.1293.00.1' and lote = 'r2101042200a'
20250116@161950.5780 vcubr78b0m3ilfo53julli50sg Query : select 1 valor from information_schema.tables where table_type='base table' and table_name='wstablefields'
20250116@161950.5795 vcubr78b0m3ilfo53julli50sg Query : select fieldkey,fieldname,fieldtype,calcformula from wstablefields where tablename = 'fi2' and documentnumber = 39
20250116@161950.5807 vcubr78b0m3ilfo53julli50sg Query : insert into wsfi2data (fi2stamp,ftstamp ,ousrdata, ousrhora, usrdata,usrhora,ousrinis,usrinis) values ('aut6789332350678931a68d','aut6789360313678931a61b' ,getdate(),convert(char(8),convert (time,getdate())),getdate(),convert(char(8),convert (time,getdate())),'wsv','wsv')
20250116@161950.5811 vcubr78b0m3ilfo53julli50sg Query : select 1 valor from information_schema.tables where table_type='base table' and table_name='wstablefields'
20250116@161950.5826 vcubr78b0m3ilfo53julli50sg Query : select fieldkey,fieldname,fieldtype,calcformula from wstablefields where tablename = 'fi' and documentnumber = 39
20250116@161950.5861 vcubr78b0m3ilfo53julli50sg Query : insert into wsfidata (fistamp,ousrdata, ousrhora, usrdata,usrhora,ousrinis,usrinis ,qtt ,ftstamp ,epv,pvmoeda ,tabiva,iva,lordem ,ref, design ,lote,armazem,bistamp ) values ('aut6789332350678931a68d',getdate(),convert(char(8),convert (time,getdate())),getdate(),convert(char(8),convert (time,getdate())),'wsv','wsv',4.000 ,'aut6789360313678931a61b' ,0,0 ,2,23.00,20000,?,?,?,?,?)
20250116@161950.6175 vcubr78b0m3ilfo53julli50sg Query : select 1 valor from information_schema.tables where table_type='base table' and table_name='wstablefields'
20250116@161950.6191 vcubr78b0m3ilfo53julli50sg Query : select fieldkey,fieldname,fieldtype,mandatory from wstablefields where tablename = 'fi' and documentnumber = 39
20250116@161950.6219 vcubr78b0m3ilfo53julli50sg Query : select 1 valor from information_schema.tables where table_type='base table' and table_name='wstablefields'
20250116@161950.6235 vcubr78b0m3ilfo53julli50sg Query : select fieldkey,fieldname,fieldtype,mandatory from wstablefields where tablename = 'fi2' and documentnumber = 39
20250116@161950.6246 vcubr78b0m3ilfo53julli50sg Query : select top 1 convert(numeric(6,2),t.taxa) valor from taxasiva t where t.codigo='2'
20250116@161950.6261 vcubr78b0m3ilfo53julli50sg Query : select 1 valor from information_schema.tables where table_type='base table' and table_name='wstablefields'
20250116@161950.6279 vcubr78b0m3ilfo53julli50sg Query : select fieldkey,fieldname,fieldtype,calcformula from wstablefields where tablename = 'fi2' and documentnumber = 39
20250116@161950.6290 vcubr78b0m3ilfo53julli50sg Query : insert into wsfi2data (fi2stamp,ftstamp ,ousrdata, ousrhora, usrdata,usrhora,ousrinis,usrinis) values ('aut6789307277678931a698','aut6789360313678931a61b' ,getdate(),convert(char(8),convert (time,getdate())),getdate(),convert(char(8),convert (time,getdate())),'wsv','wsv')
20250116@161950.6298 vcubr78b0m3ilfo53julli50sg Query : select 1 valor from information_schema.tables where table_type='base table' and table_name='wstablefields'
20250116@161950.6317 vcubr78b0m3ilfo53julli50sg Query : select fieldkey,fieldname,fieldtype,calcformula from wstablefields where tablename = 'fi' and documentnumber = 39
20250116@161950.6350 vcubr78b0m3ilfo53julli50sg Query : insert into wsfidata (fistamp,ousrdata, ousrhora, usrdata,usrhora,ousrinis,usrinis ,qtt ,ftstamp ,epv,pvmoeda ,tabiva,iva,lordem ,ref, design ,armazem) values ('aut6789307277678931a698',getdate(),convert(char(8),convert (time,getdate())),getdate(),convert(char(8),convert (time,getdate())),'wsv','wsv',0 ,'aut6789360313678931a61b' ,0,0 ,2,23.00,30000,?,?,?)
20250116@161950.6665 vcubr78b0m3ilfo53julli50sg Query : use flama_phc
20250116@161950.6683 vcubr78b0m3ilfo53julli50sg Query : select st.usalote valor from st where st.ref = '324.4421.00.1'
20250116@161950.6921 vcubr78b0m3ilfo53julli50sg Query : select top 1 st.tabiva ,st.ivaincl ,st.stns ,st.uni2 ,st.familia ,isnull(tx.taxa, 0) txiva ,unidade ,usalote ,epcpond ,noserie ,conversao ,st.texteis from st left join taxasiva tx on st.tabiva = tx.codigo where st.ref = '324.4421.00.1'
20250116@161950.7114 vcubr78b0m3ilfo53julli50sg Query : select 1 valor from information_schema.tables where table_type='base table' and table_name='wstablefields'
20250116@161950.7130 vcubr78b0m3ilfo53julli50sg Query : select fieldkey,fieldname,fieldtype,mandatory from wstablefields where tablename = 'fi' and documentnumber = 39
20250116@161950.7156 vcubr78b0m3ilfo53julli50sg Query : select 1 valor from information_schema.tables where table_type='base table' and table_name='wstablefields'
20250116@161950.7170 vcubr78b0m3ilfo53julli50sg Query : select fieldkey,fieldname,fieldtype,mandatory from wstablefields where tablename = 'fi2' and documentnumber = 39
20250116@161950.7179 vcubr78b0m3ilfo53julli50sg Query : select top 1 convert(numeric(6,2),t.taxa) valor from taxasiva t where t.codigo='2'
20250116@161950.7191 vcubr78b0m3ilfo53julli50sg Query : select sestamp valor from se where ref ='324.4421.00.1' and lote = 'r2400920200a'
20250116@161950.7213 vcubr78b0m3ilfo53julli50sg Query : select 1 valor from information_schema.tables where table_type='base table' and table_name='wstablefields'
20250116@161950.7230 vcubr78b0m3ilfo53julli50sg Query : select fieldkey,fieldname,fieldtype,calcformula from wstablefields where tablename = 'fi2' and documentnumber = 39
20250116@161950.7242 vcubr78b0m3ilfo53julli50sg Query : insert into wsfi2data (fi2stamp,ftstamp ,ousrdata, ousrhora, usrdata,usrhora,ousrinis,usrinis) values ('aut6789366613678931a6b0','aut6789360313678931a61b' ,getdate(),convert(char(8),convert (time,getdate())),getdate(),convert(char(8),convert (time,getdate())),'wsv','wsv')
20250116@161950.7246 vcubr78b0m3ilfo53julli50sg Query : select 1 valor from information_schema.tables where table_type='base table' and table_name='wstablefields'
20250116@161950.7263 vcubr78b0m3ilfo53julli50sg Query : select fieldkey,fieldname,fieldtype,calcformula from wstablefields where tablename = 'fi' and documentnumber = 39
20250116@161950.7291 vcubr78b0m3ilfo53julli50sg Query : insert into wsfidata (fistamp,ousrdata, ousrhora, usrdata,usrhora,ousrinis,usrinis ,qtt ,ftstamp ,epv,pvmoeda ,tabiva,iva,lordem ,ref, design ,lote,armazem,bistamp ) values ('aut6789366613678931a6b0',getdate(),convert(char(8),convert (time,getdate())),getdate(),convert(char(8),convert (time,getdate())),'wsv','wsv',60.000 ,'aut6789360313678931a61b' ,0,0 ,2,23.00,50000,?,?,?,?,?)
20250116@161950.7575 vcubr78b0m3ilfo53julli50sg Query : use flama_phc
20250116@161950.7578 vcubr78b0m3ilfo53julli50sg Query : select st.usalote valor from st where st.ref = '324.4421.00.1'
20250116@161950.7608 vcubr78b0m3ilfo53julli50sg Query : select top 1 st.tabiva ,st.ivaincl ,st.stns ,st.uni2 ,st.familia ,isnull(tx.taxa, 0) txiva ,unidade ,usalote ,epcpond ,noserie ,conversao ,st.texteis from st left join taxasiva tx on st.tabiva = tx.codigo where st.ref = '324.4421.00.1'
20250116@161950.7622 vcubr78b0m3ilfo53julli50sg Query : select 1 valor from information_schema.tables where table_type='base table' and table_name='wstablefields'
20250116@161950.7639 vcubr78b0m3ilfo53julli50sg Query : select fieldkey,fieldname,fieldtype,mandatory from wstablefields where tablename = 'fi' and documentnumber = 39
20250116@161950.7699 vcubr78b0m3ilfo53julli50sg Query : select 1 valor from information_schema.tables where table_type='base table' and table_name='wstablefields'
20250116@161950.7715 vcubr78b0m3ilfo53julli50sg Query : select fieldkey,fieldname,fieldtype,mandatory from wstablefields where tablename = 'fi2' and documentnumber = 39
20250116@161950.7723 vcubr78b0m3ilfo53julli50sg Query : select top 1 convert(numeric(6,2),t.taxa) valor from taxasiva t where t.codigo='2'
20250116@161950.7735 vcubr78b0m3ilfo53julli50sg Query : select sestamp valor from se where ref ='324.4421.00.1' and lote = 'r2400920200a'
20250116@161950.7750 vcubr78b0m3ilfo53julli50sg Query : select 1 valor from information_schema.tables where table_type='base table' and table_name='wstablefields'
20250116@161950.7765 vcubr78b0m3ilfo53julli50sg Query : select fieldkey,fieldname,fieldtype,calcformula from wstablefields where tablename = 'fi2' and documentnumber = 39
20250116@161950.7777 vcubr78b0m3ilfo53julli50sg Query : insert into wsfi2data (fi2stamp,ftstamp ,ousrdata, ousrhora, usrdata,usrhora,ousrinis,usrinis) values ('aut6789360222678931a6bd','aut6789360313678931a61b' ,getdate(),convert(char(8),convert (time,getdate())),getdate(),convert(char(8),convert (time,getdate())),'wsv','wsv')
20250116@161950.7781 vcubr78b0m3ilfo53julli50sg Query : select 1 valor from information_schema.tables where table_type='base table' and table_name='wstablefields'
20250116@161950.7796 vcubr78b0m3ilfo53julli50sg Query : select fieldkey,fieldname,fieldtype,calcformula from wstablefields where tablename = 'fi' and documentnumber = 39
20250116@161950.7829 vcubr78b0m3ilfo53julli50sg Query : insert into wsfidata (fistamp,ousrdata, ousrhora, usrdata,usrhora,ousrinis,usrinis ,qtt ,ftstamp ,epv,pvmoeda ,tabiva,iva,lordem ,ref, design ,lote,armazem,bistamp ) values ('aut6789360222678931a6bd',getdate(),convert(char(8),convert (time,getdate())),getdate(),convert(char(8),convert (time,getdate())),'wsv','wsv',60.000 ,'aut6789360313678931a61b' ,0,0 ,2,23.00,60000,?,?,?,?,?)
20250116@161950.8144 vcubr78b0m3ilfo53julli50sg Query : use flama_phc
20250116@161950.8147 vcubr78b0m3ilfo53julli50sg Query : select st.usalote valor from st where st.ref = '324.1461.00.1'
20250116@161950.8171 vcubr78b0m3ilfo53julli50sg Query : select top 1 st.tabiva ,st.ivaincl ,st.stns ,st.uni2 ,st.familia ,isnull(tx.taxa, 0) txiva ,unidade ,usalote ,epcpond ,noserie ,conversao ,st.texteis from st left join taxasiva tx on st.tabiva = tx.codigo where st.ref = '324.1461.00.1'
20250116@161950.8329 vcubr78b0m3ilfo53julli50sg Query : select 1 valor from information_schema.tables where table_type='base table' and table_name='wstablefields'
20250116@161950.8346 vcubr78b0m3ilfo53julli50sg Query : select fieldkey,fieldname,fieldtype,mandatory from wstablefields where tablename = 'fi' and documentnumber = 39
20250116@161950.8412 vcubr78b0m3ilfo53julli50sg Query : select 1 valor from information_schema.tables where table_type='base table' and table_name='wstablefields'
20250116@161950.8429 vcubr78b0m3ilfo53julli50sg Query : select fieldkey,fieldname,fieldtype,mandatory from wstablefields where tablename = 'fi2' and documentnumber = 39
20250116@161950.8438 vcubr78b0m3ilfo53julli50sg Query : select top 1 convert(numeric(6,2),t.taxa) valor from taxasiva t where t.codigo='2'
20250116@161950.8450 vcubr78b0m3ilfo53julli50sg Query : select sestamp valor from se where ref ='324.1461.00.1' and lote = 'r2100463200a'
20250116@161950.8464 vcubr78b0m3ilfo53julli50sg Query : select 1 valor from information_schema.tables where table_type='base table' and table_name='wstablefields'
20250116@161950.8479 vcubr78b0m3ilfo53julli50sg Query : select fieldkey,fieldname,fieldtype,calcformula from wstablefields where tablename = 'fi2' and documentnumber = 39
20250116@161950.8491 vcubr78b0m3ilfo53julli50sg Query : insert into wsfi2data (fi2stamp,ftstamp ,ousrdata, ousrhora, usrdata,usrhora,ousrinis,usrinis) values ('aut6789304724678931a6ce','aut6789360313678931a61b' ,getdate(),convert(char(8),convert (time,getdate())),getdate(),convert(char(8),convert (time,getdate())),'wsv','wsv')
20250116@161950.8495 vcubr78b0m3ilfo53julli50sg Query : select 1 valor from information_schema.tables where table_type='base table' and table_name='wstablefields'
20250116@161950.8511 vcubr78b0m3ilfo53julli50sg Query : select fieldkey,fieldname,fieldtype,calcformula from wstablefields where tablename = 'fi' and documentnumber = 39
20250116@161950.8539 vcubr78b0m3ilfo53julli50sg Query : insert into wsfidata (fistamp,ousrdata, ousrhora, usrdata,usrhora,ousrinis,usrinis ,qtt ,ftstamp ,epv,pvmoeda ,tabiva,iva,lordem ,ref, design ,lote,armazem,bistamp ) values ('aut6789304724678931a6ce',getdate(),convert(char(8),convert (time,getdate())),getdate(),convert(char(8),convert (time,getdate())),'wsv','wsv',4.000 ,'aut6789360313678931a61b' ,0,0 ,2,23.00,70000,?,?,?,?,?)
20250116@161950.8841 vcubr78b0m3ilfo53julli50sg Query : use flama_phc
20250116@161950.8850 vcubr78b0m3ilfo53julli50sg Query : select st.usalote valor from st where st.ref = '324.1461.00.1'
20250116@161950.8870 vcubr78b0m3ilfo53julli50sg Query : select top 1 st.tabiva ,st.ivaincl ,st.stns ,st.uni2 ,st.familia ,isnull(tx.taxa, 0) txiva ,unidade ,usalote ,epcpond ,noserie ,conversao ,st.texteis from st left join taxasiva tx on st.tabiva = tx.codigo where st.ref = '324.1461.00.1'
20250116@161950.8885 vcubr78b0m3ilfo53julli50sg Query : select 1 valor from information_schema.tables where table_type='base table' and table_name='wstablefields'
20250116@161950.8901 vcubr78b0m3ilfo53julli50sg Query : select fieldkey,fieldname,fieldtype,mandatory from wstablefields where tablename = 'fi' and documentnumber = 39
20250116@161950.8926 vcubr78b0m3ilfo53julli50sg Query : select 1 valor from information_schema.tables where table_type='base table' and table_name='wstablefields'
20250116@161950.8942 vcubr78b0m3ilfo53julli50sg Query : select fieldkey,fieldname,fieldtype,mandatory from wstablefields where tablename = 'fi2' and documentnumber = 39
20250116@161950.8950 vcubr78b0m3ilfo53julli50sg Query : select top 1 convert(numeric(6,2),t.taxa) valor from taxasiva t where t.codigo='2'
20250116@161950.8963 vcubr78b0m3ilfo53julli50sg Query : select sestamp valor from se where ref ='324.1461.00.1' and lote = 'r2100463200a'
20250116@161950.8976 vcubr78b0m3ilfo53julli50sg Query : select 1 valor from information_schema.tables where table_type='base table' and table_name='wstablefields'
20250116@161950.8992 vcubr78b0m3ilfo53julli50sg Query : select fieldkey,fieldname,fieldtype,calcformula from wstablefields where tablename = 'fi2' and documentnumber = 39
20250116@161950.9004 vcubr78b0m3ilfo53julli50sg Query : insert into wsfi2data (fi2stamp,ftstamp ,ousrdata, ousrhora, usrdata,usrhora,ousrinis,usrinis) values ('aut6789328239678931a6db','aut6789360313678931a61b' ,getdate(),convert(char(8),convert (time,getdate())),getdate(),convert(char(8),convert (time,getdate())),'wsv','wsv')
20250116@161950.9009 vcubr78b0m3ilfo53julli50sg Query : select 1 valor from information_schema.tables where table_type='base table' and table_name='wstablefields'
20250116@161950.9023 vcubr78b0m3ilfo53julli50sg Query : select fieldkey,fieldname,fieldtype,calcformula from wstablefields where tablename = 'fi' and documentnumber = 39
20250116@161950.9051 vcubr78b0m3ilfo53julli50sg Query : insert into wsfidata (fistamp,ousrdata, ousrhora, usrdata,usrhora,ousrinis,usrinis ,qtt ,ftstamp ,epv,pvmoeda ,tabiva,iva,lordem ,ref, design ,lote,armazem,bistamp ) values ('aut6789328239678931a6db',getdate(),convert(char(8),convert (time,getdate())),getdate(),convert(char(8),convert (time,getdate())),'wsv','wsv',32.000 ,'aut6789360313678931a61b' ,0,0 ,2,23.00,80000,?,?,?,?,?)
20250116@161950.9382 vcubr78b0m3ilfo53julli50sg Query : use flama_phc
20250116@161950.9385 vcubr78b0m3ilfo53julli50sg Query : select st.usalote valor from st where st.ref = '324.948.00.01'
20250116@161950.9407 vcubr78b0m3ilfo53julli50sg Query : select top 1 st.tabiva ,st.ivaincl ,st.stns ,st.uni2 ,st.familia ,isnull(tx.taxa, 0) txiva ,unidade ,usalote ,epcpond ,noserie ,conversao ,st.texteis from st left join taxasiva tx on st.tabiva = tx.codigo where st.ref = '324.948.00.01'
20250116@161950.9561 vcubr78b0m3ilfo53julli50sg Query : select 1 valor from information_schema.tables where table_type='base table' and table_name='wstablefields'
20250116@161950.9579 vcubr78b0m3ilfo53julli50sg Query : select fieldkey,fieldname,fieldtype,mandatory from wstablefields where tablename = 'fi' and documentnumber = 39
20250116@161950.9611 vcubr78b0m3ilfo53julli50sg Query : select 1 valor from information_schema.tables where table_type='base table' and table_name='wstablefields'
20250116@161950.9627 vcubr78b0m3ilfo53julli50sg Query : select fieldkey,fieldname,fieldtype,mandatory from wstablefields where tablename = 'fi2' and documentnumber = 39
20250116@161950.9636 vcubr78b0m3ilfo53julli50sg Query : select top 1 convert(numeric(6,2),t.taxa) valor from taxasiva t where t.codigo='2'
20250116@161950.9648 vcubr78b0m3ilfo53julli50sg Query : select sestamp valor from se where ref ='324.948.00.01' and lote = 'r2400703100a'
20250116@161950.9663 vcubr78b0m3ilfo53julli50sg Query : select 1 valor from information_schema.tables where table_type='base table' and table_name='wstablefields'
20250116@161950.9678 vcubr78b0m3ilfo53julli50sg Query : select fieldkey,fieldname,fieldtype,calcformula from wstablefields where tablename = 'fi2' and documentnumber = 39
20250116@161950.9691 vcubr78b0m3ilfo53julli50sg Query : insert into wsfi2data (fi2stamp,ftstamp ,ousrdata, ousrhora, usrdata,usrhora,ousrinis,usrinis) values ('aut6789386755678931a6eb','aut6789360313678931a61b' ,getdate(),convert(char(8),convert (time,getdate())),getdate(),convert(char(8),convert (time,getdate())),'wsv','wsv')
